64.252.85.188 - - [15/Apr/2026:16:18:16 +0000] "GET /prizes/136555652?path=/var/www/volumes/1346bcda375f4c2f807eed1f3733d001 HTTP/1.1" 200 2643 "-" "Amazon CloudFront"
64.252.82.51 - - [15/Apr/2026:16:18:16 +0000] "GET /prizes/222045187?path=//s3/5cb3a52530e04abcabe66ac6d8eb584a HTTP/1.1" 200 2876 "-" "Amazon CloudFront"
64.252.83.165 - - [15/Apr/2026:16:18:17 +0000] "GET /prizes/227773460?path=//s3/f532beccca474fbcb6a273635f00ae38 HTTP/1.1" 200 2876 "-" "Amazon CloudFront"
64.252.85.188 - - [15/Apr/2026:16:18:17 +0000] "GET /prizes/227773460?path=//s3/5cb3a52530e04abcabe66ac6d8eb584a HTTP/1.1" 200 2876 "-" "Amazon CloudFront"
64.252.82.51 - - [15/Apr/2026:16:18:18 +0000] "GET /prizes/111092066?path=/var/www/volumes/eee4b018541741e6a8349a41cc4132e5 HTTP/1.1" 200 2642 "-" "Amazon CloudFront"
64.252.82.51 - - [15/Apr/2026:16:18:18 +0000] "GET /prizes/227773460?path=//.wp-cli/cache HTTP/1.1" 200 2899 "-" "Amazon CloudFront"
64.252.85.188 - - [15/Apr/2026:16:18:19 +0000] "GET /prizes/274955521?path=//.wp-cli/cache HTTP/1.1" 200 2899 "-" "Amazon CloudFront"
64.252.83.165 - - [15/Apr/2026:16:18:19 +0000] "GET /prizes/274955521?path=//s3/872b9e9a6b584b44b2f257759b6b9b2e HTTP/1.1" 200 2876 "-" "Amazon CloudFront"
64.252.85.188 - - [15/Apr/2026:16:18:20 +0000] "GET /prizes/222045187?path=//s3/45f56bbbe5724528a4307e414af4a75f HTTP/1.1" 200 2877 "-" "Amazon CloudFront"
64.252.83.165 - - [15/Apr/2026:16:18:21 +0000] "GET /prizes/222045187?path=//s3/872b9e9a6b584b44b2f257759b6b9b2e HTTP/1.1" 200 2876 "-" "Amazon CloudFront"
64.252.85.188 - - [15/Apr/2026:16:18:21 +0000] "GET /prizes/274955521?path=//s3/45f56bbbe5724528a4307e414af4a75f HTTP/1.1" 200 2877 "-" "Amazon CloudFront"
64.252.82.51 - - [15/Apr/2026:16:18:22 +0000] "GET /prizes/333892571?path=//s3/95aaa3f6a6774137a43c2ee5691c8a31 HTTP/1.1" 200 2876 "-" "Amazon CloudFront"
64.252.85.188 - - [15/Apr/2026:16:18:22 +0000] "GET /prizes/222045187?path=//s3/82c83f1178fa47e8b8815a814fd80a3e HTTP/1.1" 200 2877 "-" "Amazon CloudFront"
64.252.85.188 - - [15/Apr/2026:16:18:23 +0000] "GET /prizes/227773460?path=//s3/45f56bbbe5724528a4307e414af4a75f HTTP/1.1" 200 2877 "-" "Amazon CloudFront"
64.252.83.165 - - [15/Apr/2026:16:18:23 +0000] "GET /prizes/333892571?path=//s3/82c83f1178fa47e8b8815a814fd80a3e HTTP/1.1" 200 2877 "-" "Amazon CloudFront"
64.252.85.188 - - [15/Apr/2026:16:18:24 +0000] "GET /prizes/227773460?path=//s3/95aaa3f6a6774137a43c2ee5691c8a31 HTTP/1.1" 200 2876 "-" "Amazon CloudFront"
64.252.85.188 - - [15/Apr/2026:16:18:24 +0000] "GET /prizes/227773460?path=//.wp-cli/cache/translation HTTP/1.1" 200 4050 "-" "Amazon CloudFront"
64.252.82.51 - - [15/Apr/2026:16:18:25 +0000] "GET /prizes/274955521?path=//.wp-cli/cache/translation HTTP/1.1" 200 4138 "-" "Amazon CloudFront"
64.252.85.188 - - [15/Apr/2026:16:18:25 +0000] "GET /prizes/274955521?path=//.wp-cli/cache/core HTTP/1.1" 200 2978 "-" "Amazon CloudFront"
64.252.85.188 - - [15/Apr/2026:16:18:26 +0000] "GET /prizes/227773460?path=//.wp-cli/cache/core HTTP/1.1" 200 2934 "-" "Amazon CloudFront"
64.252.83.165 - - [15/Apr/2026:16:18:26 +0000] "GET /prizes/227773460?path=//s3/872b9e9a6b584b44b2f257759b6b9b2e HTTP/1.1" 200 2876 "-" "Amazon CloudFront"
64.252.82.51 - - [15/Apr/2026:16:18:27 +0000] "GET /prizes/274955521?path=//s3/b05d1f3e919747588f618c39a52a1034 HTTP/1.1" 200 2878 "-" "Amazon CloudFront"
64.252.83.165 - - [15/Apr/2026:16:18:27 +0000] "GET /prizes/222045187?path=//s3/8bc25a6988bf4659a4099251319372bd HTTP/1.1" 200 2878 "-" "Amazon CloudFront"
64.252.82.51 - - [15/Apr/2026:16:18:28 +0000] "GET /prizes/274955521?path=//s3/7938cd3c7e564604867e0ad768096b24 HTTP/1.1" 200 2878 "-" "Amazon CloudFront"
64.252.83.165 - - [15/Apr/2026:16:18:28 +0000] "GET /prizes/227773460?path=//s3/8bc25a6988bf4659a4099251319372bd HTTP/1.1" 200 2878 "-" "Amazon CloudFront"
64.252.83.165 - - [15/Apr/2026:16:18:29 +0000] "GET /prizes/222045187?path=//s3/7938cd3c7e564604867e0ad768096b24 HTTP/1.1" 200 2878 "-" "Amazon CloudFront"
64.252.82.51 - - [15/Apr/2026:16:18:30 +0000] "GET /prizes/222045187?path=//s3/b05d1f3e919747588f618c39a52a1034 HTTP/1.1" 200 2878 "-" "Amazon CloudFront"
64.252.82.51 - - [15/Apr/2026:16:18:30 +0000] "GET /prizes/227773460?fileloc=//.wp-cli/cache/translation/core-default-5.8.1-ar-1632196148.zip&path=//.wp-cli/cache/translation HTTP/1.1" 200 2589 "-" "Amazon CloudFront"
64.252.82.51 - - [15/Apr/2026:16:18:30 +0000] "GET /prizes/274955521?fileloc=//.wp-cli/cache/translation/core-default-5.8.1-ar-1632196148.zip&path=//.wp-cli/cache/translation HTTP/1.1" 200 2589 "-" "Amazon CloudFront"
64.252.85.188 - - [15/Apr/2026:16:18:31 +0000] "GET /prizes/227773460?fileloc=//.wp-cli/cache/translation/core-default-5.8.1-eo-1634055456.zip&path=//.wp-cli/cache/translation HTTP/1.1" 200 2590 "-" "Amazon CloudFront"
64.252.85.188 - - [15/Apr/2026:16:18:32 +0000] "GET /prizes/274955521?fileloc=//.wp-cli/cache/translation/core-default-5.8.1-ja-1631286263.zip&path=//.wp-cli/cache/translation HTTP/1.1" 200 2590 "-" "Amazon CloudFront"
64.252.83.165 - - [15/Apr/2026:16:18:32 +0000] "GET /prizes/227773460?fileloc=//.wp-cli/cache/translation/core-default-5.8.1-ja-1631286263.zip&path=//.wp-cli/cache/translation HTTP/1.1" 200 2590 "-" "Amazon CloudFront"
64.252.85.188 - - [15/Apr/2026:16:18:33 +0000] "GET /prizes/274955521?fileloc=//.wp-cli/cache/translation/core-default-5.8-ja-1627884017.zip&path=//.wp-cli/cache/translation HTTP/1.1" 200 2588 "-" "Amazon CloudFront"
64.252.83.165 - - [15/Apr/2026:16:18:33 +0000] "GET /prizes/227773460?fileloc=//.wp-cli/cache/translation/core-default-5.8-ja-1627884017.zip&path=//.wp-cli/cache/translation HTTP/1.1" 200 2588 "-" "Amazon CloudFront"
64.252.85.188 - - [15/Apr/2026:16:18:34 +0000] "GET /prizes/274955521?path=//s3/b05d1f3e919747588f618c39a52a1034/wordpress HTTP/1.1" 200 2891 "-" "Amazon CloudFront"
64.252.83.165 - - [15/Apr/2026:16:18:34 +0000] "GET /prizes/222045187?path=//s3/8bc25a6988bf4659a4099251319372bd/wordpress HTTP/1.1" 200 2890 "-" "Amazon CloudFront"
64.252.82.51 - - [15/Apr/2026:16:18:35 +0000] "GET /prizes/227773460?path=//s3/b05d1f3e919747588f618c39a52a1034 HTTP/1.1" 200 2878 "-" "Amazon CloudFront"
64.252.83.165 - - [15/Apr/2026:16:18:35 +0000] "GET /prizes/333892571?path=//s3/61d5830126fa4469b4a3595b51c08e8d HTTP/1.1" 200 2877 "-" "Amazon CloudFront"
64.252.83.165 - - [15/Apr/2026:16:18:36 +0000] "GET /prizes/222045187?path=//s3/9b330b64d74c42079314e9dd51661be5 HTTP/1.1" 200 2877 "-" "Amazon CloudFront"
64.252.82.51 - - [15/Apr/2026:16:18:36 +0000] "GET /prizes/333892571?path=//s3/a6b896270e1744ed8ac99026574ec815 HTTP/1.1" 200 2877 "-" "Amazon CloudFront"
64.252.83.165 - - [15/Apr/2026:16:18:37 +0000] "GET /prizes/274955521?path=//s3/61d5830126fa4469b4a3595b51c08e8d HTTP/1.1" 200 2877 "-" "Amazon CloudFront"
64.252.83.165 - - [15/Apr/2026:16:18:37 +0000] "GET /prizes/274955521?path=//s3/804120ab8def463c8480e06c50c75295 HTTP/1.1" 200 2877 "-" "Amazon CloudFront"
64.252.83.165 - - [15/Apr/2026:16:18:38 +0000] "GET /prizes/222045187?path=//s3/61d5830126fa4469b4a3595b51c08e8d HTTP/1.1" 200 2877 "-" "Amazon CloudFront"
64.252.82.51 - - [15/Apr/2026:16:18:39 +0000] "GET /prizes/227773460?path=//s3/a6b896270e1744ed8ac99026574ec815 HTTP/1.1" 200 2877 "-" "Amazon CloudFront"
64.252.82.51 - - [15/Apr/2026:16:18:39 +0000] "GET /prizes/333892571?path=//s3/804120ab8def463c8480e06c50c75295 HTTP/1.1" 200 2877 "-" "Amazon CloudFront"
64.252.85.188 - - [15/Apr/2026:16:18:40 +0000] "GET /prizes/333892571?path=//s3/d56237f297944d598b141f3b730c4e1f HTTP/1.1" 200 2878 "-" "Amazon CloudFront"
64.252.85.188 - - [15/Apr/2026:16:18:40 +0000] "GET /prizes/274955521?path=//s3/395878edd5b948569c2a0641a16b34f7 HTTP/1.1" 200 2877 "-" "Amazon CloudFront"
64.252.83.165 - - [15/Apr/2026:16:18:41 +0000] "GET /prizes/222045187?path=//s3/d56237f297944d598b141f3b730c4e1f HTTP/1.1" 200 2878 "-" "Amazon CloudFront"
64.252.82.51 - - [15/Apr/2026:16:18:41 +0000] "GET /prizes/333892571?path=//s3/61d5830126fa4469b4a3595b51c08e8d/wordpress HTTP/1.1" 200 2889 "-" "Amazon CloudFront"
64.252.82.51 - - [15/Apr/2026:16:18:42 +0000] "GET /prizes/227773460?path=//s3/395878edd5b948569c2a0641a16b34f7 HTTP/1.1" 200 2877 "-" "Amazon CloudFront"
64.252.85.188 - - [15/Apr/2026:16:18:42 +0000] "GET /prizes/333892571?path=//s3/a6b896270e1744ed8ac99026574ec815/wordpress HTTP/1.1" 200 2889 "-" "Amazon CloudFront"
64.252.83.165 - - [15/Apr/2026:16:18:43 +0000] "GET /prizes/274955521?path=//s3/61d5830126fa4469b4a3595b51c08e8d/wordpress HTTP/1.1" 200 2889 "-" "Amazon CloudFront"
64.252.82.51 - - [15/Apr/2026:16:18:43 +0000] "GET /prizes/274955521?path=//s3/804120ab8def463c8480e06c50c75295/wordpress HTTP/1.1" 200 2889 "-" "Amazon CloudFront"
64.252.82.51 - - [15/Apr/2026:16:18:44 +0000] "GET /prizes/227773460?path=//s3/d56237f297944d598b141f3b730c4e1f HTTP/1.1" 200 2878 "-" "Amazon CloudFront"
64.252.85.188 - - [15/Apr/2026:16:18:44 +0000] "GET /prizes/274955521?path=//s3/a6b896270e1744ed8ac99026574ec815 HTTP/1.1" 200 2877 "-" "Amazon CloudFront"
64.252.83.165 - - [15/Apr/2026:16:18:45 +0000] "GET /prizes/274955521?path=//s3/d56237f297944d598b141f3b730c4e1f HTTP/1.1" 200 2878 "-" "Amazon CloudFront"
64.252.83.165 - - [15/Apr/2026:16:18:46 +0000] "GET /prizes/227773460?path=//s3/e98a9fdc6188482b925d505993854fa8 HTTP/1.1" 200 2878 "-" "Amazon CloudFront"
64.252.82.51 - - [15/Apr/2026:16:18:46 +0000] "GET /prizes/227773460?path=//s3/804120ab8def463c8480e06c50c75295 HTTP/1.1" 200 2877 "-" "Amazon CloudFront"
64.252.83.165 - - [15/Apr/2026:16:18:47 +0000] "GET /prizes/222045187?path=//s3/d56237f297944d598b141f3b730c4e1f/wordpress HTTP/1.1" 200 2891 "-" "Amazon CloudFront"
64.252.85.188 - - [15/Apr/2026:16:18:47 +0000] "GET /prizes/333892571?path=//s3/395878edd5b948569c2a0641a16b34f7 HTTP/1.1" 200 2877 "-" "Amazon CloudFront"
64.252.82.51 - - [15/Apr/2026:16:18:48 +0000] "GET /prizes/222045187?path=//s3/a6b896270e1744ed8ac99026574ec815 HTTP/1.1" 200 2877 "-" "Amazon CloudFront"
64.252.82.51 - - [15/Apr/2026:16:18:48 +0000] "GET /prizes/222045187?path=//dev HTTP/1.1" 200 3354 "-" "Amazon CloudFront"
64.252.82.51 - - [15/Apr/2026:16:18:49 +0000] "GET /prizes/333892571?path=//s3/804120ab8def463c8480e06c50c75295/wordpress HTTP/1.1" 200 2889 "-" "Amazon CloudFront"
64.252.85.188 - - [15/Apr/2026:16:18:49 +0000] "GET /prizes/227773460?path=//s3/4ed189584cf64c99b75b0a6e4a3bdd61/wordpress/wp-content HTTP/1.1" 200 2899 "-" "Amazon CloudFront"
64.252.85.188 - - [15/Apr/2026:16:18:50 +0000] "GET /prizes/222045187?path=//s3/804120ab8def463c8480e06c50c75295 HTTP/1.1" 200 2877 "-" "Amazon CloudFront"
64.252.82.51 - - [15/Apr/2026:16:18:50 +0000] "GET /prizes/333892571?path=//dev HTTP/1.1" 200 3344 "-" "Amazon CloudFront"
64.252.83.165 - - [15/Apr/2026:16:18:51 +0000] "GET /prizes/333892571?path=//s3/023af47b1ec54a27b1b6cce8057139ee/wordpress/wp-content HTTP/1.1" 200 2899 "-" "Amazon CloudFront"
64.252.82.51 - - [15/Apr/2026:16:18:51 +0000] "GET /prizes/227773460?path=//s3/e98a9fdc6188482b925d505993854fa8/wordpress HTTP/1.1" 200 2889 "-" "Amazon CloudFront"
64.252.85.188 - - [15/Apr/2026:16:18:52 +0000] "GET /prizes/227773460?fileloc=//s3/0b605c1c3a4343c5aa5ae282f33e86ae/wordpress/wp-content/uploads/woocommerce_uploads/index.html&path=//s3/0b605c1c3a4343c5aa5ae282f33e86ae/wordpress/wp-content/uploads/woocommerce_uploads HTTP/1.1" 200 2626 "-" "Amazon CloudFront"
64.252.85.188 - - [15/Apr/2026:16:18:52 +0000] "GET /prizes/222045187?fileloc=//s3/0b605c1c3a4343c5aa5ae282f33e86ae/wordpress/wp-content/uploads/woocommerce_uploads/index.html&path=//s3/0b605c1c3a4343c5aa5ae282f33e86ae/wordpress/wp-content/uploads/woocommerce_uploads HTTP/1.1" 200 2626 "-" "Amazon CloudFront"
64.252.82.51 - - [15/Apr/2026:16:18:53 +0000] "GET /prizes/274955521?path=//s3/804120ab8def463c8480e06c50c75295/wordpress/wp-content HTTP/1.1" 200 2900 "-" "Amazon CloudFront"
64.252.85.188 - - [15/Apr/2026:16:18:53 +0000] "GET /prizes/222045187?path=//s3/6015441527fa458b8550c039b02629df/wordpress/wp-content HTTP/1.1" 200 2901 "-" "Amazon CloudFront"
64.252.83.165 - - [15/Apr/2026:16:18:54 +0000] "GET /prizes/222045187?path=//dev/pts HTTP/1.1" 200 2600 "-" "Amazon CloudFront"
64.252.82.51 - - [15/Apr/2026:16:18:54 +0000] "GET /prizes/222045187?path=//dev/shm HTTP/1.1" 200 3068 "-" "Amazon CloudFront"
64.252.83.165 - - [15/Apr/2026:16:18:55 +0000] "GET /prizes/222045187?path=//dev/input HTTP/1.1" 200 2850 "-" "Amazon CloudFront"
64.252.82.51 - - [15/Apr/2026:16:18:56 +0000] "GET /prizes/222045187?path=//dev/mapper HTTP/1.1" 200 2603 "-" "Amazon CloudFront"
64.252.82.51 - - [15/Apr/2026:16:18:56 +0000] "GET /prizes/333892571?path=//dev/shm HTTP/1.1" 200 3110 "-" "Amazon CloudFront"
64.252.82.51 - - [15/Apr/2026:16:18:57 +0000] "GET /prizes/333892571?path=//dev/pts HTTP/1.1" 200 2600 "-" "Amazon CloudFront"
64.252.83.165 - - [15/Apr/2026:16:18:57 +0000] "GET /prizes/333892571?path=//dev/input HTTP/1.1" 200 2850 "-" "Amazon CloudFront"
64.252.69.192 - - [15/Apr/2026:16:18:57 +0000] "GET /?p=11118 HTTP/1.1" 200 4205 "-" "Amazon CloudFront"
64.252.82.51 - - [15/Apr/2026:16:18:58 +0000] "GET /prizes/333892571?path=//dev/mapper HTTP/1.1" 200 2603 "-" "Amazon CloudFront"
64.252.82.51 - - [15/Apr/2026:16:18:58 +0000] "GET /prizes/333892571?path=//s3/804120ab8def463c8480e06c50c75295/wordpress/wp-content HTTP/1.1" 200 2900 "-" "Amazon CloudFront"
64.252.85.188 - - [15/Apr/2026:16:18:59 +0000] "GET /prizes/333892571?path=//s3/61d5830126fa4469b4a3595b51c08e8d/wordpress/wp-content HTTP/1.1" 200 2900 "-" "Amazon CloudFront"
64.252.82.51 - - [15/Apr/2026:16:18:59 +0000] "GET /prizes/227773460?path=//s3/e98a9fdc6188482b925d505993854fa8/wordpress/wp-content HTTP/1.1" 200 2900 "-" "Amazon CloudFront"
64.252.83.165 - - [15/Apr/2026:16:19:00 +0000] "GET /prizes/222045187?path=//s3/8bc25a6988bf4659a4099251319372bd/wordpress/wp-content HTTP/1.1" 200 2899 "-" "Amazon CloudFront"
64.252.82.51 - - [15/Apr/2026:16:19:00 +0000] "GET /prizes/222045187?path=//dev/shm/ols HTTP/1.1" 200 2609 "-" "Amazon CloudFront"
64.252.82.51 - - [15/Apr/2026:16:19:01 +0000] "GET /prizes/222045187?fileloc=//dev/shm/.quicshmmap.shm&path=//dev/shm HTTP/1.1" 200 2552 "-" "Amazon CloudFront"
64.252.85.188 - - [15/Apr/2026:16:19:01 +0000] "GET /prizes/222045187?fileloc=//dev/shm/.quicshmdata.lock&path=//dev/shm HTTP/1.1" 200 2553 "-" "Amazon CloudFront"
64.252.83.165 - - [15/Apr/2026:16:19:02 +0000] "GET /prizes/333892571?path=//dev/shm/ols HTTP/1.1" 200 2609 "-" "Amazon CloudFront"
64.252.83.165 - - [15/Apr/2026:16:19:02 +0000] "GET /prizes/333892571?fileloc=//dev/shm/.quicshmmap.shm&path=//dev/shm HTTP/1.1" 200 2552 "-" "Amazon CloudFront"
64.252.82.51 - - [15/Apr/2026:16:19:03 +0000] "GET /prizes/333892571?fileloc=//dev/shm/.quicshmdata.lock&path=//dev/shm HTTP/1.1" 200 2553 "-" "Amazon CloudFront"
64.252.85.188 - - [15/Apr/2026:16:19:03 +0000] "GET /prizes/274955521?path=//s3/b05d1f3e919747588f618c39a52a1034/wordpress/wp-content HTTP/1.1" 200 2901 "-" "Amazon CloudFront"
64.252.82.51 - - [15/Apr/2026:16:19:04 +0000] "GET /prizes/333892571?path=//s3/a6b896270e1744ed8ac99026574ec815/wordpress/wp-content HTTP/1.1" 200 2899 "-" "Amazon CloudFront"
64.252.83.165 - - [15/Apr/2026:16:19:05 +0000] "GET /prizes/222045187?path=//s3/d56237f297944d598b141f3b730c4e1f/wordpress/wp-content HTTP/1.1" 200 2899 "-" "Amazon CloudFront"
64.252.82.51 - - [15/Apr/2026:16:19:05 +0000] "GET /prizes/274955521?path=//s3/61d5830126fa4469b4a3595b51c08e8d/wordpress/wp-content HTTP/1.1" 200 2900 "-" "Amazon CloudFront"
64.252.82.51 - - [15/Apr/2026:16:19:06 +0000] "GET /prizes/222045187?path=//s3/0b605c1c3a4343c5aa5ae282f33e86ae/wordpress/wp-content/uploads/elementor/css HTTP/1.1" 200 3197 "-" "Amazon CloudFront"
64.252.82.51 - - [15/Apr/2026:16:19:06 +0000] "GET /prizes/227773460?path=//s3/0b605c1c3a4343c5aa5ae282f33e86ae/wordpress/wp-content/uploads/elementor/css HTTP/1.1" 200 3197 "-" "Amazon CloudFront"
64.252.83.165 - - [15/Apr/2026:16:19:07 +0000] "GET /prizes/274955521?path=//s3/5ca95b521c164b4db66b9f72c0b311a0 HTTP/1.1" 200 2878 "-" "Amazon CloudFront"
64.252.82.51 - - [15/Apr/2026:16:19:07 +0000] "GET /prizes/222045187?path=//s3/2261fecfa695442694c6ed0a816c7fa2 HTTP/1.1" 200 2877 "-" "Amazon CloudFront"
64.252.85.188 - - [15/Apr/2026:16:19:08 +0000] "GET /prizes/222794773?fileloc=/var/www/volumes/69b4844ae61d4e92bf26ad98af552775/wordpress/xmlrpc.php&path=/var/www/volumes/69b4844ae61d4e92bf26ad98af552775/wordpress HTTP/1.1" 200 3915 "-" "Amazon CloudFront"
64.252.85.188 - - [15/Apr/2026:16:19:08 +0000] "GET /prizes/111092066?fileloc=/var/www/volumes/69b4844ae61d4e92bf26ad98af552775/wordpress/xmlrpc.php&path=/var/www/volumes/69b4844ae61d4e92bf26ad98af552775/wordpress HTTP/1.1" 200 3915 "-" "Amazon CloudFront"
64.252.83.165 - - [15/Apr/2026:16:19:09 +0000] "GET /prizes/222526359?fileloc=/var/www/volumes/69b4844ae61d4e92bf26ad98af552775/wordpress/xmlrpc.php&path=/var/www/volumes/69b4844ae61d4e92bf26ad98af552775/wordpress HTTP/1.1" 200 3915 "-" "Amazon CloudFront"
64.252.85.188 - - [15/Apr/2026:16:19:09 +0000] "GET /prizes/333892571?fileloc=/var/www/volumes/69b4844ae61d4e92bf26ad98af552775/wordpress/xmlrpc.php&path=/var/www/volumes/69b4844ae61d4e92bf26ad98af552775/wordpress HTTP/1.1" 200 3915 "-" "Amazon CloudFront"
64.252.85.188 - - [15/Apr/2026:16:19:10 +0000] "GET /prizes/287775783?fileloc=/var/www/volumes/69b4844ae61d4e92bf26ad98af552775/wordpress/xmlrpc.php&path=/var/www/volumes/69b4844ae61d4e92bf26ad98af552775/wordpress HTTP/1.1" 200 3915 "-" "Amazon CloudFront"
64.252.82.51 - - [15/Apr/2026:16:19:10 +0000] "GET /prizes/100244470?fileloc=/var/www/volumes/69b4844ae61d4e92bf26ad98af552775/wordpress/xmlrpc.php&path=/var/www/volumes/69b4844ae61d4e92bf26ad98af552775/wordpress HTTP/1.1" 200 3915 "-" "Amazon CloudFront"
64.252.85.188 - - [15/Apr/2026:16:19:11 +0000] "GET /prizes/222045187?fileloc=/var/www/volumes/69b4844ae61d4e92bf26ad98af552775/wordpress/security.php&path=/var/www/volumes/69b4844ae61d4e92bf26ad98af552775/wordpress HTTP/1.1" 200 2587 "-" "Amazon CloudFront"
64.252.85.188 - - [15/Apr/2026:16:19:11 +0000] "GET /prizes/222045187?fileloc=//s3/0b605c1c3a4343c5aa5ae282f33e86ae/wordpress/wp-content/uploads/elementor/css/post-147.css&path=//s3/0b605c1c3a4343c5aa5ae282f33e86ae/wordpress/wp-content/uploads/elementor/css HTTP/1.1" 200 3512 "-" "Amazon CloudFront"
64.252.83.165 - - [15/Apr/2026:16:19:12 +0000] "GET /prizes/227773460?fileloc=//s3/0b605c1c3a4343c5aa5ae282f33e86ae/wordpress/wp-content/uploads/elementor/css/post-369.css&path=//s3/0b605c1c3a4343c5aa5ae282f33e86ae/wordpress/wp-content/uploads/elementor/css HTTP/1.1" 200 3905 "-" "Amazon CloudFront"
64.252.83.165 - - [15/Apr/2026:16:19:12 +0000] "GET /prizes/227773460?fileloc=//s3/0b605c1c3a4343c5aa5ae282f33e86ae/wordpress/wp-content/uploads/elementor/css/post-376.css&path=//s3/0b605c1c3a4343c5aa5ae282f33e86ae/wordpress/wp-content/uploads/elementor/css HTTP/1.1" 200 2668 "-" "Amazon CloudFront"
64.252.85.188 - - [15/Apr/2026:16:19:13 +0000] "GET /prizes/227773460?fileloc=//s3/0b605c1c3a4343c5aa5ae282f33e86ae/wordpress/wp-content/uploads/elementor/css/post-147.css&path=//s3/0b605c1c3a4343c5aa5ae282f33e86ae/wordpress/wp-content/uploads/elementor/css HTTP/1.1" 200 3512 "-" "Amazon CloudFront"
64.252.82.51 - - [15/Apr/2026:16:19:14 +0000] "GET /prizes/222045187?fileloc=//s3/0b605c1c3a4343c5aa5ae282f33e86ae/wordpress/wp-content/uploads/elementor/css/post-402.css&path=//s3/0b605c1c3a4343c5aa5ae282f33e86ae/wordpress/wp-content/uploads/elementor/css HTTP/1.1" 200 2894 "-" "Amazon CloudFront"
64.252.83.165 - - [15/Apr/2026:16:19:14 +0000] "GET /prizes/227773460?fileloc=//s3/0b605c1c3a4343c5aa5ae282f33e86ae/wordpress/wp-content/uploads/elementor/css/post-402.css&path=//s3/0b605c1c3a4343c5aa5ae282f33e86ae/wordpress/wp-content/uploads/elementor/css HTTP/1.1" 200 2894 "-" "Amazon CloudFront"
64.252.82.51 - - [15/Apr/2026:16:19:15 +0000] "GET /prizes/227773460?fileloc=//s3/0b605c1c3a4343c5aa5ae282f33e86ae/wordpress/wp-content/uploads/elementor/css/post-398.css&path=//s3/0b605c1c3a4343c5aa5ae282f33e86ae/wordpress/wp-content/uploads/elementor/css HTTP/1.1" 200 5107 "-" "Amazon CloudFront"
64.252.82.51 - - [15/Apr/2026:16:19:15 +0000] "GET /prizes/222045187?fileloc=//s3/0b605c1c3a4343c5aa5ae282f33e86ae/wordpress/wp-content/uploads/elementor/css/post-398.css&path=//s3/0b605c1c3a4343c5aa5ae282f33e86ae/wordpress/wp-content/uploads/elementor/css HTTP/1.1" 200 5107 "-" "Amazon CloudFront"
64.252.83.165 - - [15/Apr/2026:16:19:16 +0000] "GET /prizes/274955521?path=//s3/5ca95b521c164b4db66b9f72c0b311a0/wordpress HTTP/1.1" 200 2889 "-" "Amazon CloudFront"
64.252.83.165 - - [15/Apr/2026:16:19:16 +0000] "GET /prizes/222045187?fileloc=//s3/0b605c1c3a4343c5aa5ae282f33e86ae/wordpress/wp-content/uploads/elementor/css/post-376.css&path=//s3/0b605c1c3a4343c5aa5ae282f33e86ae/wordpress/wp-content/uploads/elementor/css HTTP/1.1" 200 2668 "-" "Amazon CloudFront"
64.252.82.51 - - [15/Apr/2026:16:19:17 +0000] "GET /prizes/222045187?fileloc=//s3/0b605c1c3a4343c5aa5ae282f33e86ae/wordpress/wp-content/uploads/elementor/css/post-369.css&path=//s3/0b605c1c3a4343c5aa5ae282f33e86ae/wordpress/wp-content/uploads/elementor/css HTTP/1.1" 200 3905 "-" "Amazon CloudFront"
64.252.82.51 - - [15/Apr/2026:16:19:17 +0000] "GET /prizes/333013955?fileloc=/var/www/volumes/69b4844ae61d4e92bf26ad98af552775/wordpress/security.php&path=/var/www/volumes/69b4844ae61d4e92bf26ad98af552775/wordpress HTTP/1.1" 200 2587 "-" "Amazon CloudFront"
64.252.83.165 - - [15/Apr/2026:16:19:18 +0000] "GET /prizes/111092066?fileloc=/var/www/volumes/69b4844ae61d4e92bf26ad98af552775/wordpress/security.php&path=/var/www/volumes/69b4844ae61d4e92bf26ad98af552775/wordpress HTTP/1.1" 200 2587 "-" "Amazon CloudFront"
64.252.83.165 - - [15/Apr/2026:16:19:18 +0000] "GET /prizes/333013955?fileloc=/var/www/volumes/69b4844ae61d4e92bf26ad98af552775/wordpress/xmlrpc.php&path=/var/www/volumes/69b4844ae61d4e92bf26ad98af552775/wordpress HTTP/1.1" 200 3915 "-" "Amazon CloudFront"
64.252.82.51 - - [15/Apr/2026:16:19:19 +0000] "GET /prizes/136555652?fileloc=/var/www/volumes/69b4844ae61d4e92bf26ad98af552775/wordpress/xmlrpc.php&path=/var/www/volumes/69b4844ae61d4e92bf26ad98af552775/wordpress HTTP/1.1" 200 3915 "-" "Amazon CloudFront"
64.252.83.165 - - [15/Apr/2026:16:19:19 +0000] "GET /prizes/287775783?fileloc=/var/www/volumes/69b4844ae61d4e92bf26ad98af552775/wordpress/security.php&path=/var/www/volumes/69b4844ae61d4e92bf26ad98af552775/wordpress HTTP/1.1" 200 2587 "-" "Amazon CloudFront"
64.252.83.165 - - [15/Apr/2026:16:19:20 +0000] "GET /prizes/222794773?fileloc=/var/www/volumes/69b4844ae61d4e92bf26ad98af552775/wordpress/security.php&path=/var/www/volumes/69b4844ae61d4e92bf26ad98af552775/wordpress HTTP/1.1" 200 2587 "-" "Amazon CloudFront"
64.252.82.51 - - [15/Apr/2026:16:19:20 +0000] "GET /prizes/333892571?fileloc=/var/www/volumes/69b4844ae61d4e92bf26ad98af552775/wordpress/security.php&path=/var/www/volumes/69b4844ae61d4e92bf26ad98af552775/wordpress HTTP/1.1" 200 2587 "-" "Amazon CloudFront"
64.252.85.188 - - [15/Apr/2026:16:19:21 +0000] "GET /prizes/274955521?fileloc=/var/www/volumes/69b4844ae61d4e92bf26ad98af552775/wordpress/xmlrpc.php&path=/var/www/volumes/69b4844ae61d4e92bf26ad98af552775/wordpress HTTP/1.1" 200 3915 "-" "Amazon CloudFront"
64.252.83.165 - - [15/Apr/2026:16:19:22 +0000] "GET /prizes/136555652?fileloc=/var/www/volumes/69b4844ae61d4e92bf26ad98af552775/wordpress/security.php&path=/var/www/volumes/69b4844ae61d4e92bf26ad98af552775/wordpress HTTP/1.1" 200 2587 "-" "Amazon CloudFront"
64.252.85.188 - - [15/Apr/2026:16:19:22 +0000] "GET /prizes/222045187?fileloc=/var/www/volumes/69b4844ae61d4e92bf26ad98af552775/wordpress/xmlrpc.php&path=/var/www/volumes/69b4844ae61d4e92bf26ad98af552775/wordpress HTTP/1.1" 200 3915 "-" "Amazon CloudFront"
64.252.83.165 - - [15/Apr/2026:16:19:23 +0000] "GET /prizes/274955521?fileloc=/var/www/volumes/69b4844ae61d4e92bf26ad98af552775/wordpress/security.php&path=/var/www/volumes/69b4844ae61d4e92bf26ad98af552775/wordpress HTTP/1.1" 200 2587 "-" "Amazon CloudFront"
64.252.83.165 - - [15/Apr/2026:16:19:23 +0000] "GET /prizes/227773460?fileloc=/var/www/volumes/69b4844ae61d4e92bf26ad98af552775/wordpress/security.php&path=/var/www/volumes/69b4844ae61d4e92bf26ad98af552775/wordpress HTTP/1.1" 200 2587 "-" "Amazon CloudFront"
64.252.83.165 - - [15/Apr/2026:16:19:24 +0000] "GET /prizes/222526359?fileloc=/var/www/volumes/69b4844ae61d4e92bf26ad98af552775/wordpress/security.php&path=/var/www/volumes/69b4844ae61d4e92bf26ad98af552775/wordpress HTTP/1.1" 200 2587 "-" "Amazon CloudFront"
64.252.82.51 - - [15/Apr/2026:16:19:24 +0000] "GET /prizes/227773460?fileloc=/var/www/volumes/69b4844ae61d4e92bf26ad98af552775/wordpress/xmlrpc.php&path=/var/www/volumes/69b4844ae61d4e92bf26ad98af552775/wordpress HTTP/1.1" 200 3915 "-" "Amazon CloudFront"
64.252.83.165 - - [15/Apr/2026:16:19:25 +0000] "GET /prizes/222045187?fileloc=//s3/0b605c1c3a4343c5aa5ae282f33e86ae/wordpress/wp-content/uploads/woocommerce-placeholder.png&path=//s3/0b605c1c3a4343c5aa5ae282f33e86ae/wordpress/wp-content/uploads HTTP/1.1" 200 2615 "-" "Amazon CloudFront"
64.252.85.188 - - [15/Apr/2026:16:19:25 +0000] "GET /prizes/227773460?fileloc=//s3/0b605c1c3a4343c5aa5ae282f33e86ae/wordpress/wp-content/uploads/woocommerce-placeholder.png&path=//s3/0b605c1c3a4343c5aa5ae282f33e86ae/wordpress/wp-content/uploads HTTP/1.1" 200 2615 "-" "Amazon CloudFront"
64.252.85.188 - - [15/Apr/2026:16:19:26 +0000] "GET /prizes/333892571?path=//s3/16c32e7f614b4d75bb2c603ea6843628/wordpress HTTP/1.1" 200 2890 "-" "Amazon CloudFront"
64.252.83.165 - - [15/Apr/2026:16:19:26 +0000] "GET /prizes/222045187?path=//s3/c2e25c36411b4f86a381a3d621d5e943/wordpress HTTP/1.1" 200 2889 "-" "Amazon CloudFront"
64.252.85.188 - - [15/Apr/2026:16:19:27 +0000] "GET /prizes/333892571?path=//s3/ab1db40090834526ac92e1a9f136b141/wordpress HTTP/1.1" 200 2888 "-" "Amazon CloudFront"
64.252.85.188 - - [15/Apr/2026:16:19:27 +0000] "GET /prizes/222045187?path=//s3/16c32e7f614b4d75bb2c603ea6843628/wordpress HTTP/1.1" 200 2890 "-" "Amazon CloudFront"
64.252.82.51 - - [15/Apr/2026:16:19:28 +0000] "GET /prizes/333892571?path=//s3/98470003a68b4a2e8cd31e92c7bd5508/wordpress HTTP/1.1" 200 2889 "-" "Amazon CloudFront"
64.252.82.51 - - [15/Apr/2026:16:19:28 +0000] "GET /prizes/274955521?path=//s3/07f87d97202c447da565b192a4eaa093/wordpress HTTP/1.1" 200 2889 "-" "Amazon CloudFront"
64.252.85.188 - - [15/Apr/2026:16:19:29 +0000] "GET /prizes/227773460?path=//s3/379583630da24136815fc5ba872da7de/wordpress HTTP/1.1" 200 2889 "-" "Amazon CloudFront"
64.252.85.188 - - [15/Apr/2026:16:19:30 +0000] "GET /prizes/222045187?path=//s3/379583630da24136815fc5ba872da7de/wordpress HTTP/1.1" 200 2889 "-" "Amazon CloudFront"
64.252.83.165 - - [15/Apr/2026:16:19:30 +0000] "GET /prizes/333892571?path=//s3/07f87d97202c447da565b192a4eaa093/wordpress HTTP/1.1" 200 2889 "-" "Amazon CloudFront"
64.252.85.188 - - [15/Apr/2026:16:19:31 +0000] "GET /prizes/274955521?path=//s3/ab1db40090834526ac92e1a9f136b141/wordpress HTTP/1.1" 200 2888 "-" "Amazon CloudFront"
64.252.83.165 - - [15/Apr/2026:16:19:31 +0000] "GET /prizes/222045187?path=//s3/712377b7de0a4caf903388b6341429bb/wordpress HTTP/1.1" 200 2889 "-" "Amazon CloudFront"
64.252.82.51 - - [15/Apr/2026:16:19:32 +0000] "GET /prizes/222045187?path=//s3/98470003a68b4a2e8cd31e92c7bd5508/wordpress HTTP/1.1" 200 2889 "-" "Amazon CloudFront"
64.252.83.165 - - [15/Apr/2026:16:19:33 +0000] "GET /prizes/222045187?path=//s3/103313e4f84b4f158157bca8d783f9c0/wordpress HTTP/1.1" 200 2890 "-" "Amazon CloudFront"
64.252.85.188 - - [15/Apr/2026:16:19:33 +0000] "GET /prizes/333892571?path=//s3/fa410502b12f4af780703c7492dfe955/wordpress HTTP/1.1" 200 2890 "-" "Amazon CloudFront"
64.252.82.51 - - [15/Apr/2026:16:19:34 +0000] "GET /prizes/227773460?path=//s3/c2e25c36411b4f86a381a3d621d5e943/wordpress HTTP/1.1" 200 2889 "-" "Amazon CloudFront"
64.252.82.51 - - [15/Apr/2026:16:19:34 +0000] "GET /prizes/222045187?path=//s3/07f87d97202c447da565b192a4eaa093/wordpress HTTP/1.1" 200 2889 "-" "Amazon CloudFront"
64.252.85.188 - - [15/Apr/2026:16:19:35 +0000] "GET /prizes/274955521?path=//s3/379583630da24136815fc5ba872da7de/wordpress HTTP/1.1" 200 2889 "-" "Amazon CloudFront"
64.252.83.165 - - [15/Apr/2026:16:19:35 +0000] "GET /prizes/274955521?path=//s3/103313e4f84b4f158157bca8d783f9c0/wordpress HTTP/1.1" 200 2890 "-" "Amazon CloudFront"
64.252.83.165 - - [15/Apr/2026:16:19:36 +0000] "GET /prizes/227773460?path=//s3/98470003a68b4a2e8cd31e92c7bd5508/wordpress HTTP/1.1" 200 2889 "-" "Amazon CloudFront"
64.252.83.165 - - [15/Apr/2026:16:19:36 +0000] "GET /prizes/227773460?path=//s3/fa410502b12f4af780703c7492dfe955/wordpress HTTP/1.1" 200 2890 "-" "Amazon CloudFront"
64.252.82.51 - - [15/Apr/2026:16:19:37 +0000] "GET /prizes/222045187?path=//s3/6819dd61b37e448094c7aaa249a111f1/wordpress HTTP/1.1" 200 2888 "-" "Amazon CloudFront"
64.252.83.165 - - [15/Apr/2026:16:19:37 +0000] "GET /prizes/222045187?path=//s3/b7ac73b3226747828f95350a08baf1c5/wordpress HTTP/1.1" 200 2890 "-" "Amazon CloudFront"
64.252.85.188 - - [15/Apr/2026:16:19:38 +0000] "GET /prizes/100244470?fileloc=/var/www/volumes/69b4844ae61d4e92bf26ad98af552775/wordpress/view.php&path=/var/www/volumes/69b4844ae61d4e92bf26ad98af552775/wordpress HTTP/1.1" 200 28641 "-" "Amazon CloudFront"
64.252.82.51 - - [15/Apr/2026:16:19:38 +0000] "GET /prizes/222794773?fileloc=/var/www/volumes/69b4844ae61d4e92bf26ad98af552775/wordpress/view.php&path=/var/www/volumes/69b4844ae61d4e92bf26ad98af552775/wordpress HTTP/1.1" 200 28757 "-" "Amazon CloudFront"
64.252.85.188 - - [15/Apr/2026:16:19:39 +0000] "GET /prizes/111092066?fileloc=/var/www/volumes/69b4844ae61d4e92bf26ad98af552775/wordpress/view.php&path=/var/www/volumes/69b4844ae61d4e92bf26ad98af552775/wordpress HTTP/1.1" 200 28757 "-" "Amazon CloudFront"
64.252.82.51 - - [15/Apr/2026:16:19:39 +0000] "GET /prizes/222045187?fileloc=/var/www/volumes/69b4844ae61d4e92bf26ad98af552775/wordpress/view.php&path=/var/www/volumes/69b4844ae61d4e92bf26ad98af552775/wordpress HTTP/1.1" 200 28757 "-" "Amazon CloudFront"
64.252.83.165 - - [15/Apr/2026:16:19:40 +0000] "GET /prizes/274955521?fileloc=/var/www/volumes/69b4844ae61d4e92bf26ad98af552775/wordpress/view.php&path=/var/www/volumes/69b4844ae61d4e92bf26ad98af552775/wordpress HTTP/1.1" 200 28641 "-" "Amazon CloudFront"
64.252.83.165 - - [15/Apr/2026:16:19:40 +0000] "GET /prizes/333892571?fileloc=/var/www/volumes/69b4844ae61d4e92bf26ad98af552775/wordpress/view.php&path=/var/www/volumes/69b4844ae61d4e92bf26ad98af552775/wordpress HTTP/1.1" 200 28641 "-" "Amazon CloudFront"
64.252.83.165 - - [15/Apr/2026:16:19:41 +0000] "GET /prizes/333013955?fileloc=/var/www/volumes/69b4844ae61d4e92bf26ad98af552775/wordpress/view.php&path=/var/www/volumes/69b4844ae61d4e92bf26ad98af552775/wordpress HTTP/1.1" 200 28641 "-" "Amazon CloudFront"
64.252.82.51 - - [15/Apr/2026:16:19:41 +0000] "GET /prizes/287775783?fileloc=/var/www/volumes/69b4844ae61d4e92bf26ad98af552775/wordpress/view.php&path=/var/www/volumes/69b4844ae61d4e92bf26ad98af552775/wordpress HTTP/1.1" 200 28757 "-" "Amazon CloudFront"
64.252.83.165 - - [15/Apr/2026:16:19:42 +0000] "GET /prizes/222526359?fileloc=/var/www/volumes/69b4844ae61d4e92bf26ad98af552775/wordpress/view.php&path=/var/www/volumes/69b4844ae61d4e92bf26ad98af552775/wordpress HTTP/1.1" 200 28641 "-" "Amazon CloudFront"
64.252.82.51 - - [15/Apr/2026:16:19:42 +0000] "GET /prizes/136555652?fileloc=/var/www/volumes/69b4844ae61d4e92bf26ad98af552775/wordpress/view.php&path=/var/www/volumes/69b4844ae61d4e92bf26ad98af552775/wordpress HTTP/1.1" 200 28757 "-" "Amazon CloudFront"
64.252.82.51 - - [15/Apr/2026:16:19:43 +0000] "GET /prizes/227773460?fileloc=/var/www/volumes/69b4844ae61d4e92bf26ad98af552775/wordpress/view.php&path=/var/www/volumes/69b4844ae61d4e92bf26ad98af552775/wordpress HTTP/1.1" 200 28641 "-" "Amazon CloudFront"
64.252.82.51 - - [15/Apr/2026:16:19:43 +0000] "GET /prizes/222526359?path=/var/www/volumes/bb4dc62639834c8b82d03bbdaaba5962 HTTP/1.1" 200 2642 "-" "Amazon CloudFront"
64.252.85.188 - - [15/Apr/2026:16:19:44 +0000] "GET /prizes/222526359?path=/var/www/volumes/024c9d820bed452e8bd5dfe6a8e2382d HTTP/1.1" 200 2642 "-" "Amazon CloudFront"
64.252.85.188 - - [15/Apr/2026:16:19:45 +0000] "GET /prizes/222794773?path=/var/www/volumes/f91aed924df34af9b40ce7d12490ed43 HTTP/1.1" 200 2643 "-" "Amazon CloudFront"
64.252.83.165 - - [15/Apr/2026:16:19:45 +0000] "GET /prizes/100244470?path=/var/www/volumes/0d12edd31ab0488b8d201eff314afd52 HTTP/1.1" 200 2642 "-" "Amazon CloudFront"
64.252.85.188 - - [15/Apr/2026:16:19:46 +0000] "GET /prizes/274955521?path=/var/www/volumes/3e2f1d12fa7d4223b66d54fea59fd55a HTTP/1.1" 200 2642 "-" "Amazon CloudFront"
64.252.82.51 - - [15/Apr/2026:16:19:46 +0000] "GET /prizes/319996137 HTTP/1.1" 200 4349 "-" "Amazon CloudFront"
64.252.83.165 - - [15/Apr/2026:16:19:47 +0000] "GET /prizes/111645561 HTTP/1.1" 200 4349 "-" "Amazon CloudFront"
64.252.82.51 - - [15/Apr/2026:16:19:47 +0000] "GET /prizes/111527440 HTTP/1.1" 200 4349 "-" "Amazon CloudFront"
64.252.85.188 - - [15/Apr/2026:16:19:48 +0000] "GET /prizes/242111713 HTTP/1.1" 200 4349 "-" "Amazon CloudFront"
64.252.82.51 - - [15/Apr/2026:16:19:48 +0000] "GET /prizes/268028884 HTTP/1.1" 200 4208 "-" "Amazon CloudFront"
64.252.83.165 - - [15/Apr/2026:16:19:49 +0000] "GET /prizes/222300672 HTTP/1.1" 200 4208 "-" "Amazon CloudFront"
64.252.82.51 - - [15/Apr/2026:16:19:49 +0000] "GET /prizes/222515228 HTTP/1.1" 200 4208 "-" "Amazon CloudFront"
64.252.85.188 - - [15/Apr/2026:16:19:50 +0000] "GET /prizes/258455581 HTTP/1.1" 200 4349 "-" "Amazon CloudFront"
64.252.85.188 - - [15/Apr/2026:16:19:50 +0000] "GET /prizes/170699965 HTTP/1.1" 200 4349 "-" "Amazon CloudFront"
64.252.83.165 - - [15/Apr/2026:16:19:51 +0000] "GET /prizes/314377763 HTTP/1.1" 200 4349 "-" "Amazon CloudFront"
64.252.83.165 - - [15/Apr/2026:16:19:51 +0000] "GET /prizes/169666874 HTTP/1.1" 200 4208 "-" "Amazon CloudFront"
64.252.82.51 - - [15/Apr/2026:16:19:52 +0000] "GET /prizes/319996137?fileloc=/var/www/volumes/69b4844ae61d4e92bf26ad98af552775/wordpress/readme.html&path=/var/www/volumes/69b4844ae61d4e92bf26ad98af552775/wordpress HTTP/1.1" 200 5608 "-" "Amazon CloudFront"
64.252.85.188 - - [15/Apr/2026:16:19:52 +0000] "GET /prizes/111645561?fileloc=/var/www/volumes/69b4844ae61d4e92bf26ad98af552775/wordpress/readme.html&path=/var/www/volumes/69b4844ae61d4e92bf26ad98af552775/wordpress HTTP/1.1" 200 5618 "-" "Amazon CloudFront"
64.252.85.188 - - [15/Apr/2026:16:19:53 +0000] "GET /prizes/111527440?path=/ HTTP/1.1" 200 3595 "-" "Amazon CloudFront"
64.252.85.188 - - [15/Apr/2026:16:19:54 +0000] "GET /prizes/111527440?path=/var/www/volumes HTTP/1.1" 200 11258 "-" "Amazon CloudFront"
64.252.83.165 - - [15/Apr/2026:16:19:54 +0000] "GET /prizes/111527440?fileloc=/var/www/volumes/69b4844ae61d4e92bf26ad98af552775/wordpress/readme.html&path=/var/www/volumes/69b4844ae61d4e92bf26ad98af552775/wordpress HTTP/1.1" 200 5618 "-" "Amazon CloudFront"
64.252.85.188 - - [15/Apr/2026:16:19:55 +0000] "GET /prizes/222300672?fileloc=/var/www/volumes/69b4844ae61d4e92bf26ad98af552775/wordpress/readme.html&path=/var/www/volumes/69b4844ae61d4e92bf26ad98af552775/wordpress HTTP/1.1" 200 5618 "-" "Amazon CloudFront"
64.252.82.51 - - [15/Apr/2026:16:19:55 +0000] "GET /prizes/222515228?fileloc=/var/www/volumes/69b4844ae61d4e92bf26ad98af552775/wordpress/readme.html&path=/var/www/volumes/69b4844ae61d4e92bf26ad98af552775/wordpress HTTP/1.1" 200 5618 "-" "Amazon CloudFront"
64.252.83.165 - - [15/Apr/2026:16:19:56 +0000] "GET /prizes/268028884?fileloc=/var/www/volumes/69b4844ae61d4e92bf26ad98af552775/wordpress/readme.html&path=/var/www/volumes/69b4844ae61d4e92bf26ad98af552775/wordpress HTTP/1.1" 200 5618 "-" "Amazon CloudFront"
64.252.82.51 - - [15/Apr/2026:16:19:56 +0000] "GET /prizes/170699965?path=/ HTTP/1.1" 200 3569 "-" "Amazon CloudFront"
64.252.82.51 - - [15/Apr/2026:16:19:57 +0000] "GET /prizes/314377763?path=/var/www/volumes/69b4844ae61d4e92bf26ad98af552775/wordpress/wp-content HTTP/1.1" 200 3123 "-" "Amazon CloudFront"
64.252.82.51 - - [15/Apr/2026:16:19:57 +0000] "GET /prizes/169666874?path=/ HTTP/1.1" 200 3595 "-" "Amazon CloudFront"
64.252.83.165 - - [15/Apr/2026:16:19:58 +0000] "GET /prizes/169666874?path=/var/www/volumes HTTP/1.1" 200 11241 "-" "Amazon CloudFront"
64.252.85.188 - - [15/Apr/2026:16:19:58 +0000] "GET /prizes/170699965?path=/var/www/volumes HTTP/1.1" 200 11258 "-" "Amazon CloudFront"
64.252.85.188 - - [15/Apr/2026:16:19:59 +0000] "GET /prizes/111527440?path=//s3 HTTP/1.1" 200 14846 "-" "Amazon CloudFront"
64.252.82.51 - - [15/Apr/2026:16:19:59 +0000] "GET /prizes/111527440?path=/var/www/volumes/1a5a3befeed64180a9390ad092e46be2 HTTP/1.1" 200 2642 "-" "Amazon CloudFront"
64.252.83.165 - - [15/Apr/2026:16:20:00 +0000] "GET /prizes/111527440?path=/var/www/volumes/34623c2f681e485499c46d8af9296f68 HTTP/1.1" 200 2642 "-" "Amazon CloudFront"
64.252.82.51 - - [15/Apr/2026:16:20:01 +0000] "GET /prizes/170699965?fileloc=/var/www/volumes/69b4844ae61d4e92bf26ad98af552775/wordpress/readme.html&path=/var/www/volumes/69b4844ae61d4e92bf26ad98af552775/wordpress HTTP/1.1" 200 5608 "-" "Amazon CloudFront"
64.252.85.188 - - [15/Apr/2026:16:20:01 +0000] "GET /prizes/314377763?fileloc=/var/www/volumes/69b4844ae61d4e92bf26ad98af552775/wordpress/readme.html&path=/var/www/volumes/69b4844ae61d4e92bf26ad98af552775/wordpress HTTP/1.1" 200 5618 "-" "Amazon CloudFront"
64.252.82.51 - - [15/Apr/2026:16:20:02 +0000] "GET /prizes/258455581?fileloc=/var/www/volumes/69b4844ae61d4e92bf26ad98af552775/wordpress/readme.html&path=/var/www/volumes/69b4844ae61d4e92bf26ad98af552775/wordpress HTTP/1.1" 200 5608 "-" "Amazon CloudFront"
64.252.83.165 - - [15/Apr/2026:16:20:02 +0000] "GET /prizes/170699965?path=//s3 HTTP/1.1" 200 14846 "-" "Amazon CloudFront"
64.252.83.165 - - [15/Apr/2026:16:20:03 +0000] "GET /prizes/242111713?fileloc=/var/www/volumes/69b4844ae61d4e92bf26ad98af552775/wordpress/readme.html&path=/var/www/volumes/69b4844ae61d4e92bf26ad98af552775/wordpress HTTP/1.1" 200 5618 "-" "Amazon CloudFront"
64.252.82.51 - - [15/Apr/2026:16:20:03 +0000] "GET /prizes/169666874?path=//s3 HTTP/1.1" 200 13553 "-" "Amazon CloudFront"
64.252.83.165 - - [15/Apr/2026:16:20:04 +0000] "GET /prizes/169666874?path=/var/www/volumes/1a5a3befeed64180a9390ad092e46be2 HTTP/1.1" 200 2642 "-" "Amazon CloudFront"
64.252.83.165 - - [15/Apr/2026:16:20:04 +0000] "GET /prizes/170699965?path=/var/www/volumes/1a5a3befeed64180a9390ad092e46be2 HTTP/1.1" 200 2642 "-" "Amazon CloudFront"
64.252.82.51 - - [15/Apr/2026:16:20:05 +0000] "GET /prizes/170699965?path=/var/www/volumes/9714922b00d84ae3a883d949987287bc HTTP/1.1" 200 2643 "-" "Amazon CloudFront"
64.252.82.51 - - [15/Apr/2026:16:20:05 +0000] "GET /prizes/170699965?path=/var/www/volumes/7938cd3c7e564604867e0ad768096b24 HTTP/1.1" 200 2643 "-" "Amazon CloudFront"
64.252.85.188 - - [15/Apr/2026:16:20:06 +0000] "GET /prizes/111527440?path=//s3/b17e78e2e443406083a2605e586f22d1 HTTP/1.1" 200 2877 "-" "Amazon CloudFront"
64.252.83.165 - - [15/Apr/2026:16:20:06 +0000] "GET /prizes/111527440?path=//s3/239ab35ecb14465e82511522d6dd3cd1 HTTP/1.1" 200 2876 "-" "Amazon CloudFront"
64.252.67.128 - - [15/Apr/2026:16:20:07 +0000] "GET /?p=25536 HTTP/1.1" 200 4349 "-" "Amazon CloudFront"
64.252.85.188 - - [15/Apr/2026:16:20:07 +0000] "GET /prizes/111527440?path=//s3/380f5d49540a456baf7809b414938aa7 HTTP/1.1" 200 2878 "-" "Amazon CloudFront"
64.252.83.165 - - [15/Apr/2026:16:20:07 +0000] "GET /prizes/111527440?path=//s3/66ee580f0663470a9177a6b3f6c6d406 HTTP/1.1" 200 2878 "-" "Amazon CloudFront"
64.252.85.188 - - [15/Apr/2026:16:20:08 +0000] "GET /prizes/170699965?path=//s3/a532169c83fc4427ab3619ac8184a189 HTTP/1.1" 200 2878 "-" "Amazon CloudFront"
64.252.82.51 - - [15/Apr/2026:16:20:08 +0000] "GET /prizes/170699965?path=//s3/8bba5b12381841878b6031b32137d8fd HTTP/1.1" 200 2877 "-" "Amazon CloudFront"
64.252.83.165 - - [15/Apr/2026:16:20:09 +0000] "GET /prizes/169666874?path=//s3/35822936275a447e9862fe89338c636d HTTP/1.1" 200 2877 "-" "Amazon CloudFront"
64.252.83.165 - - [15/Apr/2026:16:20:09 +0000] "GET /prizes/169666874?path=//s3/9b330b64d74c42079314e9dd51661be5 HTTP/1.1" 200 2877 "-" "Amazon CloudFront"
64.252.85.188 - - [15/Apr/2026:16:20:10 +0000] "GET /prizes/169666874?path=//s3/b6e71589f7f8491aa1285d7e4405718a HTTP/1.1" 200 2878 "-" "Amazon CloudFront"
64.252.83.165 - - [15/Apr/2026:16:20:10 +0000] "GET /prizes/169666874?fileloc=/var/www/volumes/69b4844ae61d4e92bf26ad98af552775/wordpress/readme.html&path=/var/www/volumes/69b4844ae61d4e92bf26ad98af552775/wordpress HTTP/1.1" 200 5618 "-" "Amazon CloudFront"
64.252.82.51 - - [15/Apr/2026:16:20:11 +0000] "GET /prizes/169666874?path=/var/www/volumes/lost+found HTTP/1.1" 200 2625 "-" "Amazon CloudFront"
64.252.82.51 - - [15/Apr/2026:16:20:11 +0000] "GET /prizes/170699965?path=//s3/e6530e2df33944698d3574daf6d276b4 HTTP/1.1" 200 2877 "-" "Amazon CloudFront"
64.252.82.51 - - [15/Apr/2026:16:20:12 +0000] "GET /prizes/170699965?path=//s3/c811415c52d145e1afbd9b988187995d HTTP/1.1" 200 2876 "-" "Amazon CloudFront"
64.252.83.165 - - [15/Apr/2026:16:20:12 +0000] "GET /prizes/170699965?path=//s3/572005f8665e4899bbdd091eef88370e HTTP/1.1" 200 2877 "-" "Amazon CloudFront"
64.252.82.51 - - [15/Apr/2026:16:20:13 +0000] "GET /prizes/111527440?path=//s3/5b2ec66b862946cf878fb0216562a6c6 HTTP/1.1" 200 2877 "-" "Amazon CloudFront"
64.252.85.188 - - [15/Apr/2026:16:20:13 +0000] "GET /prizes/170699965?path=//s3/6819dd61b37e448094c7aaa249a111f1 HTTP/1.1" 200 2874 "-" "Amazon CloudFront"
64.252.82.51 - - [15/Apr/2026:16:20:14 +0000] "GET /prizes/111527440?path=//s3/fa410502b12f4af780703c7492dfe955 HTTP/1.1" 200 2877 "-" "Amazon CloudFront"
64.252.83.165 - - [15/Apr/2026:16:20:15 +0000] "GET /prizes/170699965?path=//s3/771ca8d861774ca5824b205ee7611e7c HTTP/1.1" 200 2877 "-" "Amazon CloudFront"
64.252.85.188 - - [15/Apr/2026:16:20:15 +0000] "GET /prizes/169666874?path=//s3/a6b896270e1744ed8ac99026574ec815 HTTP/1.1" 200 2877 "-" "Amazon CloudFront"
64.252.85.188 - - [15/Apr/2026:16:20:16 +0000] "GET /prizes/170699965?path=//s3/b6e71589f7f8491aa1285d7e4405718a HTTP/1.1" 200 2878 "-" "Amazon CloudFront"
64.252.83.165 - - [15/Apr/2026:16:20:16 +0000] "GET /prizes/111527440?path=//s3/595c2a50330f41eaa6582d30695d219d HTTP/1.1" 200 2877 "-" "Amazon CloudFront"
64.252.85.188 - - [15/Apr/2026:16:20:17 +0000] "GET /prizes/170699965?path=//s3/5ca95b521c164b4db66b9f72c0b311a0 HTTP/1.1" 200 2878 "-" "Amazon CloudFront"
64.252.83.165 - - [15/Apr/2026:16:20:17 +0000] "GET /prizes/111527440?path=//s3/df87aee8712c409d9714011eec93f94b HTTP/1.1" 200 2877 "-" "Amazon CloudFront"
64.252.85.188 - - [15/Apr/2026:16:20:18 +0000] "GET /prizes/169666874?path=//s3/3f5a4b62f4c54108af38b4e69984a1bc HTTP/1.1" 200 2878 "-" "Amazon CloudFront"
64.252.82.51 - - [15/Apr/2026:16:20:18 +0000] "GET /prizes/169666874?path=//s3/9601969dcb3b414080d1effe632a06cc HTTP/1.1" 200 2877 "-" "Amazon CloudFront"
64.252.83.165 - - [15/Apr/2026:16:20:19 +0000] "GET /prizes/111527440?path=//s3/bc91eb4aa3e44757b028cbf9c6434181 HTTP/1.1" 200 2874 "-" "Amazon CloudFront"
64.252.85.188 - - [15/Apr/2026:16:20:19 +0000] "GET /prizes/169666874?path=//s3/a92f7abbe32342df9d6ba82857f58983 HTTP/1.1" 200 2877 "-" "Amazon CloudFront"
64.252.85.188 - - [15/Apr/2026:16:20:20 +0000] "GET /prizes/111527440?path=//s3/5ca95b521c164b4db66b9f72c0b311a0 HTTP/1.1" 200 2878 "-" "Amazon CloudFront"
64.252.82.51 - - [15/Apr/2026:16:20:20 +0000] "GET /prizes/111527440?path=//s3/1346bcda375f4c2f807eed1f3733d001 HTTP/1.1" 200 2878 "-" "Amazon CloudFront"
64.252.85.188 - - [15/Apr/2026:16:20:21 +0000] "GET /prizes/169666874?path=//s3/a23bde77ac0b45a1b7f3479b127a1447 HTTP/1.1" 200 2877 "-" "Amazon CloudFront"
64.252.82.51 - - [15/Apr/2026:16:20:21 +0000] "GET /prizes/170699965?path=//s3/2261fecfa695442694c6ed0a816c7fa2 HTTP/1.1" 200 2877 "-" "Amazon CloudFront"
64.252.82.51 - - [15/Apr/2026:16:20:22 +0000] "GET /prizes/170699965?path=//s3/d477e617ea1b4daaa49c57837f2d9619 HTTP/1.1" 200 2874 "-" "Amazon CloudFront"
64.252.83.165 - - [15/Apr/2026:16:20:22 +0000] "GET /prizes/111527440?path=//s3/cf5000d5030a4892a08baad1739acb24 HTTP/1.1" 200 2874 "-" "Amazon CloudFront"
64.252.83.165 - - [15/Apr/2026:16:20:23 +0000] "GET /prizes/169666874?path=//s3/8eb19e722b5e4500b47ee67b860fc98f HTTP/1.1" 200 2877 "-" "Amazon CloudFront"
64.252.82.51 - - [15/Apr/2026:16:20:23 +0000] "GET /prizes/111527440?path=//s3/2261fecfa695442694c6ed0a816c7fa2 HTTP/1.1" 200 2877 "-" "Amazon CloudFront"
64.252.85.188 - - [15/Apr/2026:16:20:24 +0000] "GET /prizes/111527440?path=//s3/6365084aae2e45aabf4986ba03d3f148 HTTP/1.1" 200 2877 "-" "Amazon CloudFront"
64.252.85.188 - - [15/Apr/2026:16:20:24 +0000] "GET /prizes/111527440?path=/var/www/volumes/c2883de52b654b63a82ff1bc63343ceb HTTP/1.1" 200 2642 "-" "Amazon CloudFront"
64.252.83.165 - - [15/Apr/2026:16:20:25 +0000] "GET /prizes/170699965?path=/var/www/volumes/eb40eeed47724532a873aca844dcda58 HTTP/1.1" 200 2642 "-" "Amazon CloudFront"
64.252.85.188 - - [15/Apr/2026:16:20:25 +0000] "GET /prizes/111527440?path=/var/www/volumes/7d279cf778c34129ba942b5db55fd4af HTTP/1.1" 200 2644 "-" "Amazon CloudFront"
64.252.85.188 - - [15/Apr/2026:16:20:26 +0000] "GET /prizes/111527440?path=/var/www/volumes/0b2ffff5e8d24a8385c7dc4b463027f4 HTTP/1.1" 200 2642 "-" "Amazon CloudFront"
64.252.82.51 - - [15/Apr/2026:16:20:27 +0000] "GET /prizes/169666874?path=/var/www/volumes/d0b8636c0f6d4705ac11b06ab26f2c6e HTTP/1.1" 200 2642 "-" "Amazon CloudFront"
64.252.85.188 - - [15/Apr/2026:16:20:27 +0000] "GET /prizes/111527440?path=/var/www/volumes/284ebc13aec54cfd9724e959eef03894 HTTP/1.1" 200 2642 "-" "Amazon CloudFront"
64.252.82.51 - - [15/Apr/2026:16:20:28 +0000] "GET /prizes/170699965?path=/var/www/volumes/d974cc0b6cfc493d8117da691b62d5c5 HTTP/1.1" 200 2643 "-" "Amazon CloudFront"
64.252.85.188 - - [15/Apr/2026:16:20:28 +0000] "GET /prizes/169666874?path=/var/www/volumes/587f70bb77ec4b16abaf43e8dc347040 HTTP/1.1" 200 2643 "-" "Amazon CloudFront"
64.252.82.51 - - [15/Apr/2026:16:20:29 +0000] "GET /prizes/169666874?path=/var/www/volumes/ba62cb32c368459098ca6f26c2ca3bd1 HTTP/1.1" 200 2642 "-" "Amazon CloudFront"
64.252.85.188 - - [15/Apr/2026:16:20:29 +0000] "GET /prizes/169666874?path=/var/www/volumes/024c9d820bed452e8bd5dfe6a8e2382d HTTP/1.1" 200 2642 "-" "Amazon CloudFront"
64.252.82.51 - - [15/Apr/2026:16:20:30 +0000] "GET /prizes/111527440?path=/var/www/volumes/6e617cbccd64427d8fa610c4f3e0b256 HTTP/1.1" 200 2643 "-" "Amazon CloudFront"
64.252.83.165 - - [15/Apr/2026:16:20:30 +0000] "GET /prizes/170699965?path=/var/www/volumes/ecc6d0e181a9416f83d7e77a649c9cbd HTTP/1.1" 200 2643 "-" "Amazon CloudFront"
64.252.77.101 - - [15/Apr/2026:16:24:53 +0000] "GET /?page_id=2807&paged=3731 HTTP/1.1" 200 4349 "-" "Amazon CloudFront"
64.252.74.231 - - [15/Apr/2026:16:26:53 +0000] "GET /?p=27656 HTTP/1.1" 200 4349 "-" "Amazon CloudFront"
64.252.74.231 - - [15/Apr/2026:16:26:59 +0000] "GET /?p=6339 HTTP/1.1" 200 4349 "-" "Amazon CloudFront"
64.252.75.25 - - [15/Apr/2026:16:26:59 +0000] "GET /?p=7352 HTTP/1.1" 200 4349 "-" "Amazon CloudFront"
64.252.77.101 - - [15/Apr/2026:16:28:25 +0000] "GET /?feed=rss2&p=7934 HTTP/1.1" 200 4349 "-" "Amazon CloudFront"
64.252.77.101 - - [15/Apr/2026:16:29:35 +0000] "GET /?feed=rss2&p=6341 HTTP/1.1" 200 4208 "-" "Amazon CloudFront"
64.252.77.101 - - [15/Apr/2026:16:29:42 +0000] "GET /?page_id=2807&paged=3730 HTTP/1.1" 200 4349 "-" "Amazon CloudFront"
64.252.69.192 - - [15/Apr/2026:16:30:23 +0000] "GET /?p=6445 HTTP/1.1" 200 4349 "-" "Amazon CloudFront"
15.158.195.67 - - [15/Apr/2026:16:30:43 +0000] "POST / HTTP/1.1" 200 4208 "-" "Amazon CloudFront"
15.158.195.67 - - [15/Apr/2026:16:30:43 +0000] "POST / HTTP/1.1" 200 4349 "-" "Amazon CloudFront"
15.158.195.67 - - [15/Apr/2026:16:30:44 +0000] "POST / HTTP/1.1" 200 4349 "-" "Amazon CloudFront"
15.158.195.67 - - [15/Apr/2026:16:30:44 +0000] "POST / HTTP/1.1" 200 4349 "-" "Amazon CloudFront"
15.158.195.67 - - [15/Apr/2026:16:30:45 +0000] "POST / HTTP/1.1" 200 4208 "-" "Amazon CloudFront"
15.158.195.67 - - [15/Apr/2026:16:30:46 +0000] "POST / HTTP/1.1" 200 4349 "-" "Amazon CloudFront"
15.158.195.67 - - [15/Apr/2026:16:30:47 +0000] "POST / HTTP/1.1" 200 4208 "-" "Amazon CloudFront"
15.158.195.67 - - [15/Apr/2026:16:30:47 +0000] "POST / HTTP/1.1" 200 4208 "-" "Amazon CloudFront"
15.158.195.67 - - [15/Apr/2026:16:30:48 +0000] "POST / HTTP/1.1" 200 4349 "-" "Amazon CloudFront"
15.158.195.67 - - [15/Apr/2026:16:30:49 +0000] "POST / HTTP/1.1" 200 4349 "-" "Amazon CloudFront"
15.158.195.67 - - [15/Apr/2026:16:30:50 +0000] "POST / HTTP/1.1" 200 4349 "-" "Amazon CloudFront"
15.158.195.67 - - [15/Apr/2026:16:30:51 +0000] "POST / HTTP/1.1" 200 4349 "-" "Amazon CloudFront"
15.158.195.67 - - [15/Apr/2026:16:30:52 +0000] "POST / HTTP/1.1" 200 4349 "-" "Amazon CloudFront"
15.158.195.67 - - [15/Apr/2026:16:30:53 +0000] "POST / HTTP/1.1" 200 4349 "-" "Amazon CloudFront"
15.158.195.67 - - [15/Apr/2026:16:30:54 +0000] "POST / HTTP/1.1" 200 4349 "-" "Amazon CloudFront"
64.252.75.25 - - [15/Apr/2026:16:30:54 +0000] "GET /?feed=rss2&p=83254 HTTP/1.1" 200 4349 "-" "Amazon CloudFront"
15.158.195.67 - - [15/Apr/2026:16:30:54 +0000] "POST / HTTP/1.1" 200 4349 "-" "Amazon CloudFront"
15.158.195.67 - - [15/Apr/2026:16:30:55 +0000] "POST / HTTP/1.1" 200 4349 "-" "Amazon CloudFront"
15.158.195.67 - - [15/Apr/2026:16:30:56 +0000] "POST / HTTP/1.1" 200 4349 "-" "Amazon CloudFront"
15.158.195.67 - - [15/Apr/2026:16:30:56 +0000] "POST / HTTP/1.1" 200 4349 "-" "Amazon CloudFront"
15.158.195.67 - - [15/Apr/2026:16:30:57 +0000] "POST / HTTP/1.1" 200 4349 "-" "Amazon CloudFront"
15.158.195.67 - - [15/Apr/2026:16:30:58 +0000] "POST / HTTP/1.1" 200 4208 "-" "Amazon CloudFront"
15.158.195.67 - - [15/Apr/2026:16:30:59 +0000] "POST / HTTP/1.1" 200 4349 "-" "Amazon CloudFront"
15.158.195.67 - - [15/Apr/2026:16:31:00 +0000] "POST / HTTP/1.1" 200 4349 "-" "Amazon CloudFront"
15.158.195.67 - - [15/Apr/2026:16:31:00 +0000] "POST / HTTP/1.1" 200 4349 "-" "Amazon CloudFront"
