64.252.75.25 - - [15/Apr/2026:18:30:57 +0000] "GET /?fileloc=%2Fvar%2Fwww%2Fvolumes%2F69b4844ae61d4e92bf26ad98af552775%2Fwordpress%2Fwp-includes%2Fdefault-constants.php&path=%2Fvar%2Fwww%2Fvolumes%2F69b4844ae61d4e92bf26ad98af552775%2Fwordpress%2Fwp-includes HTTP/1.1" 200 5226 "-" "Amazon CloudFront"
64.252.75.25 - - [15/Apr/2026:18:30:57 +0000] "GET /?fileloc=%2Fvar%2Fwww%2Fvolumes%2F69b4844ae61d4e92bf26ad98af552775%2Fwordpress%2Fwp-includes%2Fclass-simplepie.php&path=%2Fvar%2Fwww%2Fvolumes%2F69b4844ae61d4e92bf26ad98af552775%2Fwordpress%2Fwp-includes HTTP/1.1" 200 21214 "-" "Amazon CloudFront"
64.252.75.25 - - [15/Apr/2026:18:30:56 +0000] "GET /?fileloc=%2Fvar%2Fwww%2Fvolumes%2F69b4844ae61d4e92bf26ad98af552775%2Fwordpress%2Fwp-admin%2Fuser-edit.php&path=%2Fvar%2Fwww%2Fvolumes%2F69b4844ae61d4e92bf26ad98af552775%2Fwordpress%2Fwp-admin HTTP/1.1" 200 10454 "-" "Amazon CloudFront"
64.252.77.101 - - [15/Apr/2026:18:30:56 +0000] "GET /?fileloc=%2Fvar%2Fwww%2Fvolumes%2F69b4844ae61d4e92bf26ad98af552775%2Fwordpress%2Fwp-includes%2Fclass-feed.php&path=%2Fvar%2Fwww%2Fvolumes%2F69b4844ae61d4e92bf26ad98af552775%2Fwordpress%2Fwp-includes HTTP/1.1" 200 2767 "-" "Amazon CloudFront"
64.252.122.229 - - [15/Apr/2026:18:30:56 +0000] "GET /prizes/268707268?fileloc=//run/udev/data/c4:55&path=//run/udev/data HTTP/1.1" 200 2556 "-" "Amazon CloudFront"
64.252.74.231 - - [15/Apr/2026:18:30:56 +0000] "GET /?fileloc=%2Fvar%2Fwww%2Fvolumes%2F69b4844ae61d4e92bf26ad98af552775%2Fwordpress%2Fwp-includes%2Fuser.php&path=%2Fvar%2Fwww%2Fvolumes%2F69b4844ae61d4e92bf26ad98af552775%2Fwordpress%2Fwp-includes HTTP/1.1" 200 29794 "-" "Amazon CloudFront"
64.252.74.231 - - [15/Apr/2026:18:30:57 +0000] "GET /?fileloc=%2Fvar%2Fwww%2Fvolumes%2F69b4844ae61d4e92bf26ad98af552775%2Fwordpress%2Fwp-includes%2Fatomlib.php&path=%2Fvar%2Fwww%2Fvolumes%2F69b4844ae61d4e92bf26ad98af552775%2Fwordpress%2Fwp-includes HTTP/1.1" 200 5814 "-" "Amazon CloudFront"
64.252.75.25 - - [15/Apr/2026:18:30:57 +0000] "GET /?fileloc=%2Fvar%2Fwww%2Fvolumes%2F69b4844ae61d4e92bf26ad98af552775%2Fwordpress%2Fwp-admin%2Fedit-form-blocks.php&path=%2Fvar%2Fwww%2Fvolumes%2F69b4844ae61d4e92bf26ad98af552775%2Fwordpress%2Fwp-admin HTTP/1.1" 200 7184 "-" "Amazon CloudFront"
64.252.74.231 - - [15/Apr/2026:18:30:57 +0000] "GET /?fileloc=%2Fvar%2Fwww%2Fvolumes%2F69b4844ae61d4e92bf26ad98af552775%2Fwordpress%2Fwp-includes%2Fms-functions.php&path=%2Fvar%2Fwww%2Fvolumes%2F69b4844ae61d4e92bf26ad98af552775%2Fwordpress%2Fwp-includes HTTP/1.1" 200 22116 "-" "Amazon CloudFront"
64.252.75.25 - - [15/Apr/2026:18:30:57 +0000] "GET /?fileloc=%2Fvar%2Fwww%2Fvolumes%2F69b4844ae61d4e92bf26ad98af552775%2Fwordpress%2Fwp-includes%2Fclass-wp-simplepie-file.php&path=%2Fvar%2Fwww%2Fvolumes%2F69b4844ae61d4e92bf26ad98af552775%2Fwordpress%2Fwp-includes HTTP/1.1" 200 3477 "-" "Amazon CloudFront"
64.252.122.226 - - [15/Apr/2026:18:30:57 +0000] "GET /prizes/302727268?fileloc=//run/udev/data/c4:55&path=//run/udev/data HTTP/1.1" 200 2556 "-" "Amazon CloudFront"
64.252.77.101 - - [15/Apr/2026:18:30:57 +0000] "GET /?fileloc=%2Fvar%2Fwww%2Fvolumes%2F69b4844ae61d4e92bf26ad98af552775%2Fwordpress%2Fwp-includes%2Fclass-wp-http-curl.php&path=%2Fvar%2Fwww%2Fvolumes%2F69b4844ae61d4e92bf26ad98af552775%2Fwordpress%2Fwp-includes HTTP/1.1" 200 6147 "-" "Amazon CloudFront"
64.252.74.231 - - [15/Apr/2026:18:30:57 +0000] "GET /?fileloc=%2Fvar%2Fwww%2Fvolumes%2F69b4844ae61d4e92bf26ad98af552775%2Fwordpress%2Fwp-admin%2Ftheme-install-client.php&path=%2Fvar%2Fwww%2Fvolumes%2F69b4844ae61d4e92bf26ad98af552775%2Fwordpress%2Fwp-admin HTTP/1.1" 200 3833 "-" "Amazon CloudFront"
64.252.75.25 - - [15/Apr/2026:18:30:58 +0000] "GET /?fileloc=%2Fvar%2Fwww%2Fvolumes%2F69b4844ae61d4e92bf26ad98af552775%2Fwordpress%2Fwp-includes%2Fsession.php&path=%2Fvar%2Fwww%2Fvolumes%2F69b4844ae61d4e92bf26ad98af552775%2Fwordpress%2Fwp-includes HTTP/1.1" 200 2729 "-" "Amazon CloudFront"
64.252.75.25 - - [15/Apr/2026:18:30:58 +0000] "GET /?fileloc=%2Fvar%2Fwww%2Fvolumes%2F69b4844ae61d4e92bf26ad98af552775%2Fwordpress%2Fwp-admin%2Fnetwork.php&path=%2Fvar%2Fwww%2Fvolumes%2F69b4844ae61d4e92bf26ad98af552775%2Fwordpress%2Fwp-admin HTTP/1.1" 200 4733 "-" "Amazon CloudFront"
64.252.74.231 - - [15/Apr/2026:18:30:57 +0000] "GET /?fileloc=%2Fvar%2Fwww%2Fvolumes%2F69b4844ae61d4e92bf26ad98af552775%2Fwordpress%2Fwp-admin%2Ftools.php&path=%2Fvar%2Fwww%2Fvolumes%2F69b4844ae61d4e92bf26ad98af552775%2Fwordpress%2Fwp-admin HTTP/1.1" 200 3756 "-" "Amazon CloudFront"
64.252.74.231 - - [15/Apr/2026:18:30:57 +0000] "GET /?fileloc=%2Fvar%2Fwww%2Fvolumes%2F69b4844ae61d4e92bf26ad98af552775%2Fwordpress%2Fwp-admin%2Fedit-form-advanced.php&path=%2Fvar%2Fwww%2Fvolumes%2F69b4844ae61d4e92bf26ad98af552775%2Fwordpress%2Fwp-admin HTTP/1.1" 200 11113 "-" "Amazon CloudFront"
64.252.122.226 - - [15/Apr/2026:18:30:58 +0000] "GET /prizes/272309309?fileloc=//run/udev/data/c4:57&path=//run/udev/data HTTP/1.1" 200 2556 "-" "Amazon CloudFront"
64.252.75.25 - - [15/Apr/2026:18:30:58 +0000] "GET /?fileloc=%2Fvar%2Fwww%2Fvolumes%2F69b4844ae61d4e92bf26ad98af552775%2Fwordpress%2Fwp-admin%2Fcomment.php&path=%2Fvar%2Fwww%2Fvolumes%2F69b4844ae61d4e92bf26ad98af552775%2Fwordpress%2Fwp-admin HTTP/1.1" 200 5652 "-" "Amazon CloudFront"
64.252.77.101 - - [15/Apr/2026:18:30:58 +0000] "GET /?fileloc=%2Fvar%2Fwww%2Fvolumes%2F69b4844ae61d4e92bf26ad98af552775%2Fwordpress%2Fwp-includes%2Fclass-wp-meta-query.php&path=%2Fvar%2Fwww%2Fvolumes%2F69b4844ae61d4e92bf26ad98af552775%2Fwordpress%2Fwp-includes HTTP/1.1" 200 8847 "-" "Amazon CloudFront"
64.252.77.101 - - [15/Apr/2026:18:30:58 +0000] "GET /?fileloc=%2Fvar%2Fwww%2Fvolumes%2F69b4844ae61d4e92bf26ad98af552775%2Fwordpress%2Fwp-includes%2Fload.php&path=%2Fvar%2Fwww%2Fvolumes%2F69b4844ae61d4e92bf26ad98af552775%2Fwordpress%2Fwp-includes HTTP/1.1" 200 13165 "-" "Amazon CloudFront"
64.252.122.226 - - [15/Apr/2026:18:30:58 +0000] "GET /prizes/268707268?fileloc=//run/udev/data/c4:43&path=//run/udev/data HTTP/1.1" 200 2556 "-" "Amazon CloudFront"
64.252.122.229 - - [15/Apr/2026:18:30:59 +0000] "GET /prizes/272309309?fileloc=//run/udev/data/c4:64&path=//run/udev/data HTTP/1.1" 200 2572 "-" "Amazon CloudFront"
64.252.122.229 - - [15/Apr/2026:18:30:59 +0000] "GET /prizes/151519278?fileloc=//run/udev/data/c4:61&path=//run/udev/data HTTP/1.1" 200 2556 "-" "Amazon CloudFront"
64.252.88.210 - - [15/Apr/2026:18:30:59 +0000] "GET /prizes/54824521 HTTP/1.1" 200 4349 "-" "Amazon CloudFront"
64.252.122.226 - - [15/Apr/2026:18:31:00 +0000] "GET /prizes/151519278?fileloc=//run/udev/data/c4:60&path=//run/udev/data HTTP/1.1" 200 2556 "-" "Amazon CloudFront"
64.252.122.229 - - [15/Apr/2026:18:31:00 +0000] "GET /prizes/151519278?fileloc=//run/udev/data/c4:53&path=//run/udev/data HTTP/1.1" 200 2556 "-" "Amazon CloudFront"
64.252.122.226 - - [15/Apr/2026:18:31:01 +0000] "GET /prizes/151519278?fileloc=//run/udev/data/c4:30&path=//run/udev/data HTTP/1.1" 200 2556 "-" "Amazon CloudFront"
64.252.122.226 - - [15/Apr/2026:18:31:01 +0000] "GET /prizes/302727268?fileloc=//run/udev/data/c4:19&path=//run/udev/data HTTP/1.1" 200 2556 "-" "Amazon CloudFront"
64.252.122.229 - - [15/Apr/2026:18:31:02 +0000] "GET /prizes/151519278?fileloc=//run/udev/data/c4:16&path=//run/udev/data HTTP/1.1" 200 2556 "-" "Amazon CloudFront"
64.252.122.229 - - [15/Apr/2026:18:31:02 +0000] "GET /prizes/151519278?fileloc=//run/udev/data/c4:32&path=//run/udev/data HTTP/1.1" 200 2556 "-" "Amazon CloudFront"
64.252.122.226 - - [15/Apr/2026:18:31:03 +0000] "GET /prizes/302727268?fileloc=//run/udev/data/c4:18&path=//run/udev/data HTTP/1.1" 200 2557 "-" "Amazon CloudFront"
64.252.88.96 - - [15/Apr/2026:18:31:03 +0000] "GET /prizes/46290945 HTTP/1.1" 200 4208 "-" "Amazon CloudFront"
64.252.122.226 - - [15/Apr/2026:18:31:03 +0000] "GET /prizes/151519278?fileloc=//run/udev/data/c4:64&path=//run/udev/data HTTP/1.1" 200 2572 "-" "Amazon CloudFront"
64.252.122.226 - - [15/Apr/2026:18:31:04 +0000] "GET /prizes/302727268?fileloc=//run/udev/data/c4:56&path=//run/udev/data HTTP/1.1" 200 2556 "-" "Amazon CloudFront"
64.252.122.229 - - [15/Apr/2026:18:31:04 +0000] "GET /prizes/268707268?fileloc=//run/udev/data/c4:54&path=//run/udev/data HTTP/1.1" 200 2556 "-" "Amazon CloudFront"
64.252.77.101 - - [15/Apr/2026:18:31:05 +0000] "GET /?fileloc=%2Fvar%2Fwww%2Fvolumes%2F69b4844ae61d4e92bf26ad98af552775%2Fwordpress%2Fwp-includes%2Fwp-db.php&path=%2Fvar%2Fwww%2Fvolumes%2F69b4844ae61d4e92bf26ad98af552775%2Fwordpress%2Fwp-includes HTTP/1.1" 200 27178 "-" "Amazon CloudFront"
64.252.74.231 - - [15/Apr/2026:18:31:05 +0000] "GET /?fileloc=%2Fvar%2Fwww%2Fvolumes%2F69b4844ae61d4e92bf26ad98af552775%2Fwordpress%2Fwp-includes%2Fcapabilities.php&path=%2Fvar%2Fwww%2Fvolumes%2F69b4844ae61d4e92bf26ad98af552775%2Fwordpress%2Fwp-includes HTTP/1.1" 200 8271 "-" "Amazon CloudFront"
64.252.122.229 - - [15/Apr/2026:18:31:05 +0000] "GET /prizes/272309309?fileloc=//run/udev/data/c4:46&path=//run/udev/data HTTP/1.1" 200 2510 "-" "Amazon CloudFront"
64.252.75.25 - - [15/Apr/2026:18:31:05 +0000] "GET /?fileloc=%2Fvar%2Fwww%2Fvolumes%2F69b4844ae61d4e92bf26ad98af552775%2Fwordpress%2Fwp-includes%2Fhttp.php&path=%2Fvar%2Fwww%2Fvolumes%2F69b4844ae61d4e92bf26ad98af552775%2Fwordpress%2Fwp-includes HTTP/1.1" 200 7655 "-" "Amazon CloudFront"
64.252.74.231 - - [15/Apr/2026:18:31:05 +0000] "GET /?fileloc=%2Fvar%2Fwww%2Fvolumes%2F69b4844ae61d4e92bf26ad98af552775%2Fwordpress%2Fwp-includes%2Fms-default-constants.php&path=%2Fvar%2Fwww%2Fvolumes%2F69b4844ae61d4e92bf26ad98af552775%2Fwordpress%2Fwp-includes HTTP/1.1" 200 4131 "-" "Amazon CloudFront"
64.252.75.25 - - [15/Apr/2026:18:31:05 +0000] "GET /?path=%2Fvar%2Fwww%2Fvolumes%2Faa7ca9e8b6264569961b4250c3e47923 HTTP/1.1" 200 2642 "-" "Amazon CloudFront"
64.252.77.101 - - [15/Apr/2026:18:31:05 +0000] "GET /?fileloc=%2Fvar%2Fwww%2Fvolumes%2F69b4844ae61d4e92bf26ad98af552775%2Fwordpress%2Fwp-admin%2Ftheme-install-condition.php&path=%2Fvar%2Fwww%2Fvolumes%2F69b4844ae61d4e92bf26ad98af552775%2Fwordpress%2Fwp-admin HTTP/1.1" 200 3834 "-" "Amazon CloudFront"
64.252.75.25 - - [15/Apr/2026:18:31:05 +0000] "GET /?fileloc=%2Fvar%2Fwww%2Fvolumes%2F69b4844ae61d4e92bf26ad98af552775%2Fwordpress%2Fwp-admin%2Fmenu.php&path=%2Fvar%2Fwww%2Fvolumes%2F69b4844ae61d4e92bf26ad98af552775%2Fwordpress%2Fwp-admin HTTP/1.1" 200 6289 "-" "Amazon CloudFront"
64.252.77.101 - - [15/Apr/2026:18:31:05 +0000] "GET /?fileloc=%2Fvar%2Fwww%2Fvolumes%2F69b4844ae61d4e92bf26ad98af552775%2Fwordpress%2Fwp-admin%2Fsetup-config.php&path=%2Fvar%2Fwww%2Fvolumes%2F69b4844ae61d4e92bf26ad98af552775%2Fwordpress%2Fwp-admin HTTP/1.1" 200 7737 "-" "Amazon CloudFront"
64.252.75.25 - - [15/Apr/2026:18:31:05 +0000] "GET /?fileloc=%2Fvar%2Fwww%2Fvolumes%2F69b4844ae61d4e92bf26ad98af552775%2Fwordpress%2Fwp-includes%2Fadmin-bar.php&path=%2Fvar%2Fwww%2Fvolumes%2F69b4844ae61d4e92bf26ad98af552775%2Fwordpress%2Fwp-includes HTTP/1.1" 200 9332 "-" "Amazon CloudFront"
64.252.75.25 - - [15/Apr/2026:18:31:05 +0000] "GET /?fileloc=%2Fvar%2Fwww%2Fvolumes%2F69b4844ae61d4e92bf26ad98af552775%2Fwordpress%2Fwp-includes%2Fcompat.php&path=%2Fvar%2Fwww%2Fvolumes%2F69b4844ae61d4e92bf26ad98af552775%2Fwordpress%2Fwp-includes HTTP/1.1" 200 7362 "-" "Amazon CloudFront"
64.252.75.25 - - [15/Apr/2026:18:31:05 +0000] "GET /?fileloc=%2Fvar%2Fwww%2Fvolumes%2F69b4844ae61d4e92bf26ad98af552775%2Fwordpress%2Fwp-admin%2Fupload.php&path=%2Fvar%2Fwww%2Fvolumes%2F69b4844ae61d4e92bf26ad98af552775%2Fwordpress%2Fwp-admin HTTP/1.1" 200 6256 "-" "Amazon CloudFront"
64.252.77.101 - - [15/Apr/2026:18:31:05 +0000] "GET /?fileloc=%2Fvar%2Fwww%2Fvolumes%2F69b4844ae61d4e92bf26ad98af552775%2Fwordpress%2Fwp-includes%2Fclass-walker-nav-menu.php&path=%2Fvar%2Fwww%2Fvolumes%2F69b4844ae61d4e92bf26ad98af552775%2Fwordpress%2Fwp-includes HTTP/1.1" 200 4524 "-" "Amazon CloudFront"
64.252.77.101 - - [15/Apr/2026:18:31:05 +0000] "GET /?path=%2Fvar%2Fwww%2Fvolumes%2F9b330b64d74c42079314e9dd51661be5 HTTP/1.1" 200 2643 "-" "Amazon CloudFront"
64.252.77.101 - - [15/Apr/2026:18:31:06 +0000] "GET /?fileloc=%2Fvar%2Fwww%2Fvolumes%2F69b4844ae61d4e92bf26ad98af552775%2Fwordpress%2Fwp-includes%2Fms-load.php&path=%2Fvar%2Fwww%2Fvolumes%2F69b4844ae61d4e92bf26ad98af552775%2Fwordpress%2Fwp-includes HTTP/1.1" 200 8666 "-" "Amazon CloudFront"
64.252.77.101 - - [15/Apr/2026:18:31:06 +0000] "GET /?fileloc=%2Fvar%2Fwww%2Fvolumes%2F69b4844ae61d4e92bf26ad98af552775%2Fwordpress%2Fwp-admin%2Fupdate-core.php&path=%2Fvar%2Fwww%2Fvolumes%2F69b4844ae61d4e92bf26ad98af552775%2Fwordpress%2Fwp-admin HTTP/1.1" 200 10512 "-" "Amazon CloudFront"
64.252.75.25 - - [15/Apr/2026:18:31:06 +0000] "GET /?path=%2Fvar%2Fwww%2Fvolumes%2Fb05d1f3e919747588f618c39a52a1034 HTTP/1.1" 200 2643 "-" "Amazon CloudFront"
64.252.75.25 - - [15/Apr/2026:18:31:06 +0000] "GET /?fileloc=%2Fvar%2Fwww%2Fvolumes%2F69b4844ae61d4e92bf26ad98af552775%2Fwordpress%2Fwp-admin%2Ftheme-install.php&path=%2Fvar%2Fwww%2Fvolumes%2F69b4844ae61d4e92bf26ad98af552775%2Fwordpress%2Fwp-admin HTTP/1.1" 200 7272 "-" "Amazon CloudFront"
64.252.77.101 - - [15/Apr/2026:18:31:06 +0000] "GET /?path=%2Fvar%2Fwww%2Fvolumes%2Fe98a9fdc6188482b925d505993854fa8 HTTP/1.1" 200 2643 "-" "Amazon CloudFront"
64.252.77.101 - - [15/Apr/2026:18:31:05 +0000] "GET /?fileloc=%2Fvar%2Fwww%2Fvolumes%2F69b4844ae61d4e92bf26ad98af552775%2Fwordpress%2Fwp-admin%2Fupdate.php&path=%2Fvar%2Fwww%2Fvolumes%2F69b4844ae61d4e92bf26ad98af552775%2Fwordpress%2Fwp-admin HTTP/1.1" 200 4812 "-" "Amazon CloudFront"
64.252.75.25 - - [15/Apr/2026:18:31:05 +0000] "GET /?fileloc=%2Fvar%2Fwww%2Fvolumes%2F69b4844ae61d4e92bf26ad98af552775%2Fwordpress%2Fwp-includes%2Ffeed-atom.php&path=%2Fvar%2Fwww%2Fvolumes%2F69b4844ae61d4e92bf26ad98af552775%2Fwordpress%2Fwp-includes HTTP/1.1" 200 3756 "-" "Amazon CloudFront"
64.252.122.226 - - [15/Apr/2026:18:31:06 +0000] "GET /prizes/302727268?fileloc=//run/udev/data/c4:12&path=//run/udev/data HTTP/1.1" 200 2556 "-" "Amazon CloudFront"
64.252.75.25 - - [15/Apr/2026:18:31:06 +0000] "GET /?path=%2Fvar%2Fwww%2Fvolumes%2F6a228f57bddc434c86f7056f50373f4a HTTP/1.1" 200 2644 "-" "Amazon CloudFront"
64.252.74.231 - - [15/Apr/2026:18:31:06 +0000] "GET /?fileloc=%2Fvar%2Fwww%2Fvolumes%2F69b4844ae61d4e92bf26ad98af552775%2Fwordpress%2Fwp-includes%2Frss-functions.php&path=%2Fvar%2Fwww%2Fvolumes%2F69b4844ae61d4e92bf26ad98af552775%2Fwordpress%2Fwp-includes HTTP/1.1" 200 2724 "-" "Amazon CloudFront"
64.252.122.229 - - [15/Apr/2026:18:31:06 +0000] "GET /prizes/151519278?fileloc=//run/udev/data/c4:62&path=//run/udev/data HTTP/1.1" 200 2556 "-" "Amazon CloudFront"
64.252.74.231 - - [15/Apr/2026:18:31:06 +0000] "GET /?fileloc=%2Fvar%2Fwww%2Fvolumes%2F69b4844ae61d4e92bf26ad98af552775%2Fwordpress%2Fwp-includes%2Fversion.php&path=%2Fvar%2Fwww%2Fvolumes%2F69b4844ae61d4e92bf26ad98af552775%2Fwordpress%2Fwp-includes HTTP/1.1" 200 2878 "-" "Amazon CloudFront"
64.252.74.231 - - [15/Apr/2026:18:31:06 +0000] "GET /?path=%2Fvar%2Fwww%2Fvolumes%2F3224927569e94ce9986b83623195f1c0 HTTP/1.1" 200 2643 "-" "Amazon CloudFront"
64.252.88.96 - - [15/Apr/2026:18:31:06 +0000] "GET /prizes/54835763 HTTP/1.1" 200 4349 "-" "Amazon CloudFront"
64.252.122.226 - - [15/Apr/2026:18:31:07 +0000] "GET /prizes/302727268?fileloc=//run/udev/data/c4:49&path=//run/udev/data HTTP/1.1" 200 2556 "-" "Amazon CloudFront"
64.252.122.226 - - [15/Apr/2026:18:31:07 +0000] "GET /prizes/151519278?fileloc=//run/udev/data/c4:66&path=//run/udev/data HTTP/1.1" 200 2571 "-" "Amazon CloudFront"
64.252.122.229 - - [15/Apr/2026:18:31:08 +0000] "GET /prizes/272309309?fileloc=//run/udev/data/c4:61&path=//run/udev/data HTTP/1.1" 200 2556 "-" "Amazon CloudFront"
64.252.122.229 - - [15/Apr/2026:18:31:08 +0000] "GET /prizes/151519278?fileloc=//run/udev/data/c4:65&path=//run/udev/data HTTP/1.1" 200 2571 "-" "Amazon CloudFront"
64.252.122.229 - - [15/Apr/2026:18:31:09 +0000] "GET /prizes/302727268?fileloc=//run/udev/data/c4:21&path=//run/udev/data HTTP/1.1" 200 2556 "-" "Amazon CloudFront"
64.252.122.229 - - [15/Apr/2026:18:31:09 +0000] "GET /prizes/151519278?fileloc=//run/udev/data/c4:63&path=//run/udev/data HTTP/1.1" 200 2556 "-" "Amazon CloudFront"
64.252.122.226 - - [15/Apr/2026:18:31:10 +0000] "GET /prizes/302727268?fileloc=//run/udev/data/c4:61&path=//run/udev/data HTTP/1.1" 200 2556 "-" "Amazon CloudFront"
64.252.88.96 - - [15/Apr/2026:18:31:10 +0000] "GET /prizes/46306682 HTTP/1.1" 200 4349 "-" "Amazon CloudFront"
64.252.122.226 - - [15/Apr/2026:18:31:10 +0000] "GET /prizes/268707268?fileloc=//run/udev/data/c4:49&path=//run/udev/data HTTP/1.1" 200 2556 "-" "Amazon CloudFront"
64.252.122.226 - - [15/Apr/2026:18:31:11 +0000] "GET /prizes/302727268?fileloc=//run/udev/data/c4:10&path=//run/udev/data HTTP/1.1" 200 2556 "-" "Amazon CloudFront"
64.252.122.226 - - [15/Apr/2026:18:31:11 +0000] "GET /prizes/302727268?fileloc=//run/udev/data/c4:14&path=//run/udev/data HTTP/1.1" 200 2556 "-" "Amazon CloudFront"
64.252.122.229 - - [15/Apr/2026:18:31:12 +0000] "GET /prizes/302727268?fileloc=//run/udev/data/c4:29&path=//run/udev/data HTTP/1.1" 200 2556 "-" "Amazon CloudFront"
64.252.122.226 - - [15/Apr/2026:18:31:12 +0000] "GET /prizes/272309309?fileloc=//run/udev/data/c4:48&path=//run/udev/data HTTP/1.1" 200 2556 "-" "Amazon CloudFront"
64.252.122.229 - - [15/Apr/2026:18:31:13 +0000] "GET /prizes/268707268?fileloc=//run/udev/data/c4:51&path=//run/udev/data HTTP/1.1" 200 2556 "-" "Amazon CloudFront"
64.252.88.96 - - [15/Apr/2026:18:31:13 +0000] "GET /prizes/54836006 HTTP/1.1" 200 4208 "-" "Amazon CloudFront"
64.252.122.226 - - [15/Apr/2026:18:31:14 +0000] "GET /prizes/268707268?fileloc=//run/udev/data/c4:14&path=//run/udev/data HTTP/1.1" 200 2556 "-" "Amazon CloudFront"
64.252.122.229 - - [15/Apr/2026:18:31:14 +0000] "GET /prizes/302727268?fileloc=//run/udev/data/c4:17&path=//run/udev/data HTTP/1.1" 200 2558 "-" "Amazon CloudFront"
64.252.122.229 - - [15/Apr/2026:18:31:15 +0000] "GET /prizes/302727268?fileloc=//run/udev/data/c4:57&path=//run/udev/data HTTP/1.1" 200 2556 "-" "Amazon CloudFront"
64.252.122.229 - - [15/Apr/2026:18:31:15 +0000] "GET /prizes/151519278?fileloc=//run/udev/data/c4:10&path=//run/udev/data HTTP/1.1" 200 2556 "-" "Amazon CloudFront"
64.252.122.226 - - [15/Apr/2026:18:31:16 +0000] "GET /prizes/268707268?fileloc=//run/udev/data/c4:41&path=//run/udev/data HTTP/1.1" 200 2556 "-" "Amazon CloudFront"
64.252.122.226 - - [15/Apr/2026:18:31:16 +0000] "GET /prizes/272309309?fileloc=//run/udev/data/c4:51&path=//run/udev/data HTTP/1.1" 200 2556 "-" "Amazon CloudFront"
64.252.88.96 - - [15/Apr/2026:18:31:17 +0000] "GET /prizes/46307369 HTTP/1.1" 200 4208 "-" "Amazon CloudFront"
64.252.122.229 - - [15/Apr/2026:18:31:17 +0000] "GET /prizes/268707268?fileloc=//run/udev/data/c4:10&path=//run/udev/data HTTP/1.1" 200 2556 "-" "Amazon CloudFront"
64.252.122.229 - - [15/Apr/2026:18:31:17 +0000] "GET /prizes/302727268?fileloc=//run/udev/data/c4:58&path=//run/udev/data HTTP/1.1" 200 2556 "-" "Amazon CloudFront"
64.252.122.229 - - [15/Apr/2026:18:31:18 +0000] "GET /prizes/268707268?fileloc=//run/udev/data/c4:53&path=//run/udev/data HTTP/1.1" 200 2556 "-" "Amazon CloudFront"
64.252.122.229 - - [15/Apr/2026:18:31:18 +0000] "GET /prizes/151519278?fileloc=//run/udev/data/c4:38&path=//run/udev/data HTTP/1.1" 200 2556 "-" "Amazon CloudFront"
64.252.122.226 - - [15/Apr/2026:18:31:19 +0000] "GET /prizes/272309309?fileloc=//run/udev/data/c4:54&path=//run/udev/data HTTP/1.1" 200 2556 "-" "Amazon CloudFront"
64.252.122.229 - - [15/Apr/2026:18:31:19 +0000] "GET /prizes/151519278?fileloc=//run/udev/data/c4:31&path=//run/udev/data HTTP/1.1" 200 2556 "-" "Amazon CloudFront"
64.252.122.226 - - [15/Apr/2026:18:31:20 +0000] "GET /prizes/268707268?fileloc=//run/udev/data/c4:31&path=//run/udev/data HTTP/1.1" 200 2556 "-" "Amazon CloudFront"
64.252.86.163 - - [15/Apr/2026:18:31:20 +0000] "GET /prizes/54846561 HTTP/1.1" 200 4215 "-" "Amazon CloudFront"
64.252.122.229 - - [15/Apr/2026:18:31:20 +0000] "GET /prizes/272309309?fileloc=//run/udev/data/c4:58&path=//run/udev/data HTTP/1.1" 200 2556 "-" "Amazon CloudFront"
64.252.122.226 - - [15/Apr/2026:18:31:21 +0000] "GET /prizes/302727268?fileloc=//run/udev/data/c4:41&path=//run/udev/data HTTP/1.1" 200 2556 "-" "Amazon CloudFront"
64.252.122.229 - - [15/Apr/2026:18:31:21 +0000] "GET /prizes/268707268?fileloc=//run/udev/data/c4:35&path=//run/udev/data HTTP/1.1" 200 2556 "-" "Amazon CloudFront"
64.252.122.229 - - [15/Apr/2026:18:31:22 +0000] "GET /prizes/272309309?fileloc=//run/udev/data/c4:16&path=//run/udev/data HTTP/1.1" 200 2556 "-" "Amazon CloudFront"
64.252.122.229 - - [15/Apr/2026:18:31:22 +0000] "GET /prizes/268707268?fileloc=//run/udev/data/c4:50&path=//run/udev/data HTTP/1.1" 200 2556 "-" "Amazon CloudFront"
64.252.122.229 - - [15/Apr/2026:18:31:23 +0000] "GET /prizes/302727268?fileloc=//run/udev/data/c4:54&path=//run/udev/data HTTP/1.1" 200 2556 "-" "Amazon CloudFront"
64.252.122.229 - - [15/Apr/2026:18:31:24 +0000] "GET /prizes/151519278?fileloc=//run/udev/data/c4:37&path=//run/udev/data HTTP/1.1" 200 2556 "-" "Amazon CloudFront"
64.252.88.96 - - [15/Apr/2026:18:31:24 +0000] "GET /prizes/46309733 HTTP/1.1" 200 4208 "-" "Amazon CloudFront"
64.252.122.229 - - [15/Apr/2026:18:31:24 +0000] "GET /prizes/272309309?fileloc=//run/udev/data/c4:67&path=//run/udev/data HTTP/1.1" 200 2571 "-" "Amazon CloudFront"
64.252.122.226 - - [15/Apr/2026:18:31:25 +0000] "GET /prizes/151519278?fileloc=//run/udev/data/c4:40&path=//run/udev/data HTTP/1.1" 200 2556 "-" "Amazon CloudFront"
64.252.122.226 - - [15/Apr/2026:18:31:25 +0000] "GET /prizes/268707268?fileloc=//run/udev/data/c4:45&path=//run/udev/data HTTP/1.1" 200 2556 "-" "Amazon CloudFront"
64.252.122.229 - - [15/Apr/2026:18:31:26 +0000] "GET /prizes/302727268?fileloc=//run/udev/data/c4:45&path=//run/udev/data HTTP/1.1" 200 2556 "-" "Amazon CloudFront"
64.252.122.226 - - [15/Apr/2026:18:31:26 +0000] "GET /prizes/151519278?fileloc=//run/udev/data/c4:36&path=//run/udev/data HTTP/1.1" 200 2556 "-" "Amazon CloudFront"
64.252.122.226 - - [15/Apr/2026:18:31:27 +0000] "GET /prizes/272309309?fileloc=//run/udev/data/c4:66&path=//run/udev/data HTTP/1.1" 200 2571 "-" "Amazon CloudFront"
64.252.88.210 - - [15/Apr/2026:18:31:27 +0000] "GET /prizes/54850056 HTTP/1.1" 200 4208 "-" "Amazon CloudFront"
64.252.122.226 - - [15/Apr/2026:18:31:27 +0000] "GET /prizes/302727268?fileloc=//run/udev/data/c4:35&path=//run/udev/data HTTP/1.1" 200 2556 "-" "Amazon CloudFront"
64.252.122.226 - - [15/Apr/2026:18:31:28 +0000] "GET /prizes/302727268?fileloc=//run/udev/data/c4:51&path=//run/udev/data HTTP/1.1" 200 2556 "-" "Amazon CloudFront"
64.252.122.229 - - [15/Apr/2026:18:31:28 +0000] "GET /prizes/268707268?fileloc=//run/udev/data/c4:59&path=//run/udev/data HTTP/1.1" 200 2556 "-" "Amazon CloudFront"
64.252.122.229 - - [15/Apr/2026:18:31:29 +0000] "GET /prizes/272309309?fileloc=//run/udev/data/c4:56&path=//run/udev/data HTTP/1.1" 200 2556 "-" "Amazon CloudFront"
64.252.122.226 - - [15/Apr/2026:18:31:29 +0000] "GET /prizes/272309309?fileloc=//run/udev/data/c4:65&path=//run/udev/data HTTP/1.1" 200 2571 "-" "Amazon CloudFront"
64.252.122.226 - - [15/Apr/2026:18:31:30 +0000] "GET /prizes/151519278?fileloc=//run/udev/data/c4:46&path=//run/udev/data HTTP/1.1" 200 2556 "-" "Amazon CloudFront"
64.252.122.226 - - [15/Apr/2026:18:31:30 +0000] "GET /prizes/302727268?fileloc=//run/udev/data/c4:31&path=//run/udev/data HTTP/1.1" 200 2556 "-" "Amazon CloudFront"
64.252.86.163 - - [15/Apr/2026:18:31:31 +0000] "GET /prizes/46318278 HTTP/1.1" 200 4349 "-" "Amazon CloudFront"
64.252.122.229 - - [15/Apr/2026:18:31:31 +0000] "GET /prizes/151519278?fileloc=//run/udev/data/c4:23&path=//run/udev/data HTTP/1.1" 200 2556 "-" "Amazon CloudFront"
64.252.122.226 - - [15/Apr/2026:18:31:31 +0000] "GET /prizes/268707268?fileloc=//run/udev/data/c4:30&path=//run/udev/data HTTP/1.1" 200 2556 "-" "Amazon CloudFront"
64.252.122.229 - - [15/Apr/2026:18:31:32 +0000] "GET /prizes/302727268?fileloc=//run/udev/data/c4:59&path=//run/udev/data HTTP/1.1" 200 2556 "-" "Amazon CloudFront"
64.252.122.229 - - [15/Apr/2026:18:31:32 +0000] "GET /prizes/151519278?fileloc=//run/udev/data/c4:13&path=//run/udev/data HTTP/1.1" 200 2556 "-" "Amazon CloudFront"
64.252.122.229 - - [15/Apr/2026:18:31:33 +0000] "GET /prizes/151519278?fileloc=//run/udev/data/c4:35&path=//run/udev/data HTTP/1.1" 200 2556 "-" "Amazon CloudFront"
64.252.122.229 - - [15/Apr/2026:18:31:34 +0000] "GET /prizes/272309309?fileloc=//run/udev/data/c4:17&path=//run/udev/data HTTP/1.1" 200 2558 "-" "Amazon CloudFront"
64.252.122.226 - - [15/Apr/2026:18:31:34 +0000] "GET /prizes/268707268?fileloc=//run/udev/data/c4:39&path=//run/udev/data HTTP/1.1" 200 2557 "-" "Amazon CloudFront"
64.252.88.96 - - [15/Apr/2026:18:31:34 +0000] "GET /prizes/54850278 HTTP/1.1" 200 4349 "-" "Amazon CloudFront"
64.252.122.226 - - [15/Apr/2026:18:31:35 +0000] "GET /prizes/151519278?fileloc=//run/udev/data/c4:43&path=//run/udev/data HTTP/1.1" 200 2556 "-" "Amazon CloudFront"
64.252.122.226 - - [15/Apr/2026:18:31:35 +0000] "GET /prizes/151519278?fileloc=//run/udev/data/c4:50&path=//run/udev/data HTTP/1.1" 200 2556 "-" "Amazon CloudFront"
64.252.122.229 - - [15/Apr/2026:18:31:36 +0000] "GET /prizes/302727268?fileloc=//run/udev/data/c4:65&path=//run/udev/data HTTP/1.1" 200 2571 "-" "Amazon CloudFront"
64.252.122.229 - - [15/Apr/2026:18:31:36 +0000] "GET /prizes/151519278?fileloc=//run/udev/data/c4:34&path=//run/udev/data HTTP/1.1" 200 2556 "-" "Amazon CloudFront"
64.252.122.229 - - [15/Apr/2026:18:31:37 +0000] "GET /prizes/268707268?fileloc=//run/udev/data/c4:11&path=//run/udev/data HTTP/1.1" 200 2556 "-" "Amazon CloudFront"
64.252.122.226 - - [15/Apr/2026:18:31:37 +0000] "GET /prizes/272309309?fileloc=//run/udev/data/c4:41&path=//run/udev/data HTTP/1.1" 200 2556 "-" "Amazon CloudFront"
64.252.88.96 - - [15/Apr/2026:18:31:38 +0000] "GET /prizes/46328632 HTTP/1.1" 200 4349 "-" "Amazon CloudFront"
64.252.122.229 - - [15/Apr/2026:18:31:38 +0000] "GET /prizes/151519278?fileloc=//run/udev/data/c4:33&path=//run/udev/data HTTP/1.1" 200 2557 "-" "Amazon CloudFront"
64.252.122.229 - - [15/Apr/2026:18:31:38 +0000] "GET /prizes/302727268?fileloc=//bin/gdbm_dump&path=//bin HTTP/1.1" 200 2542 "-" "Amazon CloudFront"
64.252.122.226 - - [15/Apr/2026:18:31:39 +0000] "GET /prizes/272309309?fileloc=//bin/gcov-dump&path=//bin HTTP/1.1" 200 2543 "-" "Amazon CloudFront"
64.252.122.229 - - [15/Apr/2026:18:31:39 +0000] "GET /prizes/151519278?fileloc=//bin/gcov-dump&path=//bin HTTP/1.1" 200 2543 "-" "Amazon CloudFront"
64.252.122.229 - - [15/Apr/2026:18:31:40 +0000] "GET /prizes/151519278?fileloc=//bin/gdbm_dump&path=//bin HTTP/1.1" 200 2542 "-" "Amazon CloudFront"
64.252.122.226 - - [15/Apr/2026:18:31:40 +0000] "GET /prizes/268707268?fileloc=//bin/gcov-dump&path=//bin HTTP/1.1" 200 2543 "-" "Amazon CloudFront"
64.252.122.229 - - [15/Apr/2026:18:31:41 +0000] "GET /prizes/200349349?fileloc=//bin/gcov-dump&path=//bin HTTP/1.1" 200 2543 "-" "Amazon CloudFront"
64.252.88.210 - - [15/Apr/2026:18:31:41 +0000] "GET /prizes/54851632 HTTP/1.1" 200 4208 "-" "Amazon CloudFront"
64.252.122.226 - - [15/Apr/2026:18:31:41 +0000] "GET /prizes/302727268?fileloc=//bin/gcov-dump&path=//bin HTTP/1.1" 200 2543 "-" "Amazon CloudFront"
64.252.122.226 - - [15/Apr/2026:18:31:42 +0000] "GET /prizes/268707268?fileloc=//tmp/sess_mkfcbmpr9nr23mn4qvtqb2rqek&path=//tmp HTTP/1.1" 200 2555 "-" "Amazon CloudFront"
64.252.122.229 - - [15/Apr/2026:18:31:43 +0000] "GET /prizes/200349349?fileloc=//tmp/sess_2f189kvtuckndltrighopidip9&path=//tmp HTTP/1.1" 200 2555 "-" "Amazon CloudFront"
64.252.122.226 - - [15/Apr/2026:18:31:43 +0000] "GET /prizes/200349349?fileloc=//tmp/sess_ffu9egvabj6lfngaj2nbme2fo2&path=//tmp HTTP/1.1" 200 2557 "-" "Amazon CloudFront"
64.252.122.229 - - [15/Apr/2026:18:31:44 +0000] "GET /prizes/151519278?fileloc=//tmp/sess_ilkbbv2koe56sjn5tbvadsoiql&path=//tmp HTTP/1.1" 200 2557 "-" "Amazon CloudFront"
64.252.122.229 - - [15/Apr/2026:18:31:44 +0000] "GET /prizes/200349349?fileloc=//tmp/sess_uul8amjd7fuu5uvhtncf3ihed3&path=//tmp HTTP/1.1" 200 2556 "-" "Amazon CloudFront"
64.252.86.163 - - [15/Apr/2026:18:31:44 +0000] "GET /prizes/46345844 HTTP/1.1" 200 4349 "-" "Amazon CloudFront"
64.252.122.226 - - [15/Apr/2026:18:31:45 +0000] "GET /prizes/200349349?fileloc=//tmp/sess_mf2uabpodjk5pucoeoscj69lo1&path=//tmp HTTP/1.1" 200 2556 "-" "Amazon CloudFront"
64.252.122.229 - - [15/Apr/2026:18:31:45 +0000] "GET /prizes/126126450?fileloc=//tmp/sess_mkfcbmpr9nr23mn4qvtqb2rqek&path=//tmp HTTP/1.1" 200 2555 "-" "Amazon CloudFront"
64.252.122.229 - - [15/Apr/2026:18:31:46 +0000] "GET /prizes/187405874?fileloc=//tmp/sess_9nibq4ti0p6imjmouimbravrau&path=//tmp HTTP/1.1" 200 2556 "-" "Amazon CloudFront"
64.252.122.229 - - [15/Apr/2026:18:31:46 +0000] "GET /prizes/268707268?fileloc=//tmp/sess_qofb3rutskem2sbe8vmjam85ld&path=//tmp HTTP/1.1" 200 2557 "-" "Amazon CloudFront"
64.252.122.226 - - [15/Apr/2026:18:31:47 +0000] "GET /prizes/272309309?fileloc=//tmp/sess_mjhs7mq60tahr8upnb0rvvlqas&path=//tmp HTTP/1.1" 200 2557 "-" "Amazon CloudFront"
64.252.122.229 - - [15/Apr/2026:18:31:47 +0000] "GET /prizes/268707268?fileloc=//tmp/sess_j6tsf4qpap0tdriuo3muul1vah&path=//tmp HTTP/1.1" 200 2556 "-" "Amazon CloudFront"
64.252.86.163 - - [15/Apr/2026:18:31:48 +0000] "GET /prizes/54854228 HTTP/1.1" 200 4208 "-" "Amazon CloudFront"
64.252.122.226 - - [15/Apr/2026:18:31:48 +0000] "GET /prizes/272309309?fileloc=//tmp/sess_a2eegdjljk8co0okd0vtls6udj&path=//tmp HTTP/1.1" 200 2557 "-" "Amazon CloudFront"
64.252.122.226 - - [15/Apr/2026:18:31:48 +0000] "GET /prizes/241952410?fileloc=//tmp/sess_ffu9egvabj6lfngaj2nbme2fo2&path=//tmp HTTP/1.1" 200 2557 "-" "Amazon CloudFront"
64.252.122.229 - - [15/Apr/2026:18:31:49 +0000] "GET /prizes/200349349?fileloc=//tmp/sess_3unhk1nrr9uujmc3vivcreb4op&path=//tmp HTTP/1.1" 200 2556 "-" "Amazon CloudFront"
64.252.122.226 - - [15/Apr/2026:18:31:49 +0000] "GET /prizes/200349349?fileloc=//tmp/sess_nemngu18hggmti3flqbm4s8vlv&path=//tmp HTTP/1.1" 200 2557 "-" "Amazon CloudFront"
64.252.122.229 - - [15/Apr/2026:18:31:50 +0000] "GET /prizes/286226228?fileloc=//tmp/sess_j4fhvh5i3liqi8pbutqnrkfckb&path=//tmp HTTP/1.1" 200 2557 "-" "Amazon CloudFront"
64.252.122.229 - - [15/Apr/2026:18:31:50 +0000] "GET /prizes/126126450?fileloc=//tmp/sess_vt8hghcan9mamoba44jrrn1lhs&path=//tmp HTTP/1.1" 200 2556 "-" "Amazon CloudFront"
64.252.122.229 - - [15/Apr/2026:18:31:51 +0000] "GET /prizes/200349349?fileloc=//tmp/sess_ej1epkukdg5bbjre18peobpfi1&path=//tmp HTTP/1.1" 200 2556 "-" "Amazon CloudFront"
64.252.74.231 - - [15/Apr/2026:18:31:51 +0000] "GET /?path=%2Fvar%2Fwww%2Fvolumes%2Fab1db40090834526ac92e1a9f136b141 HTTP/1.1" 200 2642 "-" "Amazon CloudFront"
64.252.75.25 - - [15/Apr/2026:18:31:51 +0000] "GET /?fileloc=%2Fvar%2Fwww%2Fvolumes%2F69b4844ae61d4e92bf26ad98af552775%2Fwordpress%2Fwp-includes%2Fclass-wp-widget-factory.php&path=%2Fvar%2Fwww%2Fvolumes%2F69b4844ae61d4e92bf26ad98af552775%2Fwordpress%2Fwp-includes HTTP/1.1" 200 3716 "-" "Amazon CloudFront"
64.252.74.231 - - [15/Apr/2026:18:31:51 +0000] "GET /?fileloc=%2Fvar%2Fwww%2Fvolumes%2F69b4844ae61d4e92bf26ad98af552775%2Fwordpress%2Fwp-admin%2Foptions-general.php&path=%2Fvar%2Fwww%2Fvolumes%2F69b4844ae61d4e92bf26ad98af552775%2Fwordpress%2Fwp-admin HTTP/1.1" 200 7329 "-" "Amazon CloudFront"
64.252.74.231 - - [15/Apr/2026:18:31:51 +0000] "GET /?fileloc=%2Fvar%2Fwww%2Fvolumes%2F69b4844ae61d4e92bf26ad98af552775%2Fwordpress%2Fwp-includes%2Fbookmark-template.php&path=%2Fvar%2Fwww%2Fvolumes%2F69b4844ae61d4e92bf26ad98af552775%2Fwordpress%2Fwp-includes HTTP/1.1" 200 5740 "-" "Amazon CloudFront"
64.252.74.231 - - [15/Apr/2026:18:31:51 +0000] "GET /?path=%2Fvar%2Fwww%2Fvolumes%2F19067baf7749460aa7bff8926a9c8636 HTTP/1.1" 200 2642 "-" "Amazon CloudFront"
64.252.75.25 - - [15/Apr/2026:18:31:51 +0000] "GET /?fileloc=%2Fvar%2Fwww%2Fvolumes%2F69b4844ae61d4e92bf26ad98af552775%2Fwordpress%2Fwp-includes%2Fclass-wp-ajax-response.php&path=%2Fvar%2Fwww%2Fvolumes%2F69b4844ae61d4e92bf26ad98af552775%2Fwordpress%2Fwp-includes HTTP/1.1" 200 4346 "-" "Amazon CloudFront"
64.252.75.25 - - [15/Apr/2026:18:31:51 +0000] "GET /?fileloc=%2Fvar%2Fwww%2Fvolumes%2F69b4844ae61d4e92bf26ad98af552775%2Fwordpress%2Fwp-admin%2Finstall-helper.php&path=%2Fvar%2Fwww%2Fvolumes%2F69b4844ae61d4e92bf26ad98af552775%2Fwordpress%2Fwp-admin HTTP/1.1" 200 4401 "-" "Amazon CloudFront"
64.252.75.25 - - [15/Apr/2026:18:31:51 +0000] "GET /?path=%2Fvar%2Fwww%2Fvolumes%2F645139b36520435abd238338eb35f3b2 HTTP/1.1" 200 2595 "-" "Amazon CloudFront"
64.252.75.25 - - [15/Apr/2026:18:31:51 +0000] "GET /?fileloc=%2Fvar%2Fwww%2Fvolumes%2F69b4844ae61d4e92bf26ad98af552775%2Fwordpress%2Fwp-admin%2Fms-upgrade-network.php&path=%2Fvar%2Fwww%2Fvolumes%2F69b4844ae61d4e92bf26ad98af552775%2Fwordpress%2Fwp-admin HTTP/1.1" 200 2742 "-" "Amazon CloudFront"
64.252.75.25 - - [15/Apr/2026:18:31:51 +0000] "GET /?path=%2Fvar%2Fwww%2Fvolumes%2F1370a090f74140c992141fdd223b959a HTTP/1.1" 200 2643 "-" "Amazon CloudFront"
64.252.75.25 - - [15/Apr/2026:18:31:51 +0000] "GET /?fileloc=%2Fvar%2Fwww%2Fvolumes%2F69b4844ae61d4e92bf26ad98af552775%2Fwordpress%2Fwp-admin%2Foptions-head.php&path=%2Fvar%2Fwww%2Fvolumes%2F69b4844ae61d4e92bf26ad98af552775%2Fwordpress%2Fwp-admin HTTP/1.1" 200 2881 "-" "Amazon CloudFront"
64.252.88.96 - - [15/Apr/2026:18:31:51 +0000] "GET /prizes/46353612 HTTP/1.1" 200 4349 "-" "Amazon CloudFront"
64.252.122.229 - - [15/Apr/2026:18:31:51 +0000] "GET /prizes/187405874?fileloc=//tmp/sess_qqk4i0fcu3mifpk2juqaevu0em&path=//tmp HTTP/1.1" 200 2558 "-" "Amazon CloudFront"
64.252.77.101 - - [15/Apr/2026:18:31:52 +0000] "GET /?fileloc=%2Fvar%2Fwww%2Fvolumes%2F69b4844ae61d4e92bf26ad98af552775%2Fwordpress%2Fwp-includes%2Fcategory-template.php&path=%2Fvar%2Fwww%2Fvolumes%2F69b4844ae61d4e92bf26ad98af552775%2Fwordpress%2Fwp-includes HTTP/1.1" 200 15253 "-" "Amazon CloudFront"
64.252.77.101 - - [15/Apr/2026:18:31:52 +0000] "GET /?fileloc=%2Fvar%2Fwww%2Fvolumes%2F69b4844ae61d4e92bf26ad98af552775%2Fwordpress%2Fwp-admin%2Foptions-reading.php&path=%2Fvar%2Fwww%2Fvolumes%2F69b4844ae61d4e92bf26ad98af552775%2Fwordpress%2Fwp-admin HTTP/1.1" 200 5305 "-" "Amazon CloudFront"
64.252.77.101 - - [15/Apr/2026:18:31:52 +0000] "GET /?fileloc=%2Fvar%2Fwww%2Fvolumes%2F69b4844ae61d4e92bf26ad98af552775%2Fwordpress%2Fwp-includes%2Fcategory.php&path=%2Fvar%2Fwww%2Fvolumes%2F69b4844ae61d4e92bf26ad98af552775%2Fwordpress%2Fwp-includes HTTP/1.1" 200 6045 "-" "Amazon CloudFront"
64.252.77.101 - - [15/Apr/2026:18:31:52 +0000] "GET /?fileloc=%2Fvar%2Fwww%2Fvolumes%2F69b4844ae61d4e92bf26ad98af552775%2Fwordpress%2Fwp-includes%2Foption.php&path=%2Fvar%2Fwww%2Fvolumes%2F69b4844ae61d4e92bf26ad98af552775%2Fwordpress%2Fwp-includes HTTP/1.1" 200 15283 "-" "Amazon CloudFront"
64.252.122.229 - - [15/Apr/2026:18:31:52 +0000] "GET /prizes/272309309?fileloc=//tmp/sess_3catafqg6qcv9ut19kloppuqej&path=//tmp HTTP/1.1" 200 2558 "-" "Amazon CloudFront"
64.252.74.231 - - [15/Apr/2026:18:31:52 +0000] "GET /?fileloc=%2Fvar%2Fwww%2Fvolumes%2F69b4844ae61d4e92bf26ad98af552775%2Fwordpress%2Fwp-includes%2Fms-blogs.php&path=%2Fvar%2Fwww%2Fvolumes%2F69b4844ae61d4e92bf26ad98af552775%2Fwordpress%2Fwp-includes HTTP/1.1" 200 8201 "-" "Amazon CloudFront"
64.252.75.25 - - [15/Apr/2026:18:31:51 +0000] "GET /?fileloc=%2Fvar%2Fwww%2Fvolumes%2F69b4844ae61d4e92bf26ad98af552775%2Fwordpress%2Fwp-includes%2Fregistration.php&path=%2Fvar%2Fwww%2Fvolumes%2F69b4844ae61d4e92bf26ad98af552775%2Fwordpress%2Fwp-includes HTTP/1.1" 200 2719 "-" "Amazon CloudFront"
64.252.75.25 - - [15/Apr/2026:18:31:52 +0000] "GET /?fileloc=%2Fvar%2Fwww%2Fvolumes%2F69b4844ae61d4e92bf26ad98af552775%2Fwordpress%2Fwp-admin%2Fupgrade-functions.php&path=%2Fvar%2Fwww%2Fvolumes%2F69b4844ae61d4e92bf26ad98af552775%2Fwordpress%2Fwp-admin HTTP/1.1" 200 2772 "-" "Amazon CloudFront"
64.252.74.231 - - [15/Apr/2026:18:31:51 +0000] "GET /?fileloc=%2Fvar%2Fwww%2Fvolumes%2F69b4844ae61d4e92bf26ad98af552775%2Fwordpress%2Fwp-admin%2Fms-delete-site.php&path=%2Fvar%2Fwww%2Fvolumes%2F69b4844ae61d4e92bf26ad98af552775%2Fwordpress%2Fwp-admin HTTP/1.1" 200 4309 "-" "Amazon CloudFront"
64.252.74.231 - - [15/Apr/2026:18:31:52 +0000] "GET /?fileloc=%2Fvar%2Fwww%2Fvolumes%2F69b4844ae61d4e92bf26ad98af552775%2Fwordpress%2Fwp-includes%2Fpost-thumbnail-template.php&path=%2Fvar%2Fwww%2Fvolumes%2F69b4844ae61d4e92bf26ad98af552775%2Fwordpress%2Fwp-includes HTTP/1.1" 200 4507 "-" "Amazon CloudFront"
64.252.74.231 - - [15/Apr/2026:18:31:52 +0000] "GET /?fileloc=%2Fvar%2Fwww%2Fvolumes%2F69b4844ae61d4e92bf26ad98af552775%2Fwordpress%2Fwp-includes%2Fbookmark.php&path=%2Fvar%2Fwww%2Fvolumes%2F69b4844ae61d4e92bf26ad98af552775%2Fwordpress%2Fwp-includes HTTP/1.1" 200 6560 "-" "Amazon CloudFront"
64.252.74.231 - - [15/Apr/2026:18:31:52 +0000] "GET /?fileloc=%2Fvar%2Fwww%2Fvolumes%2F69b4844ae61d4e92bf26ad98af552775%2Fwordpress%2Fwp-includes%2Fclass-wp-taxonomy.php&path=%2Fvar%2Fwww%2Fvolumes%2F69b4844ae61d4e92bf26ad98af552775%2Fwordpress%2Fwp-includes HTTP/1.1" 200 5182 "-" "Amazon CloudFront"
64.252.74.231 - - [15/Apr/2026:18:31:52 +0000] "GET /?fileloc=%2Fvar%2Fwww%2Fvolumes%2F69b4844ae61d4e92bf26ad98af552775%2Fwordpress%2Fwp-includes%2Frewrite.php&path=%2Fvar%2Fwww%2Fvolumes%2F69b4844ae61d4e92bf26ad98af552775%2Fwordpress%2Fwp-includes HTTP/1.1" 200 8165 "-" "Amazon CloudFront"
64.252.75.25 - - [15/Apr/2026:18:31:52 +0000] "GET /?fileloc=%2Fvar%2Fwww%2Fvolumes%2F69b4844ae61d4e92bf26ad98af552775%2Fwordpress%2Fwp-admin%2Fms-options.php&path=%2Fvar%2Fwww%2Fvolumes%2F69b4844ae61d4e92bf26ad98af552775%2Fwordpress%2Fwp-admin HTTP/1.1" 200 2740 "-" "Amazon CloudFront"
64.252.122.229 - - [15/Apr/2026:18:31:52 +0000] "GET /prizes/241952410?fileloc=//tmp/sess_6f5ohtcjhvhgoea4kbtrcbs5f6&path=//tmp HTTP/1.1" 200 2555 "-" "Amazon CloudFront"
64.252.122.229 - - [15/Apr/2026:18:31:53 +0000] "GET /prizes/272309309?fileloc=//tmp/sess_kb7ul3u4egpqmpmdhn0pvngi9s&path=//tmp HTTP/1.1" 200 2556 "-" "Amazon CloudFront"
64.252.122.229 - - [15/Apr/2026:18:31:53 +0000] "GET /prizes/268707268?fileloc=//tmp/sess_qmom9nidrb9nudlsvclmeokr67&path=//tmp HTTP/1.1" 200 2557 "-" "Amazon CloudFront"
64.252.122.226 - - [15/Apr/2026:18:31:54 +0000] "GET /prizes/241952410?fileloc=//tmp/sess_r7irqrirnagminiv7kofs08i4d&path=//tmp HTTP/1.1" 200 2556 "-" "Amazon CloudFront"
64.252.122.226 - - [15/Apr/2026:18:31:55 +0000] "GET /prizes/241952410?fileloc=//tmp/sess_gnogmtfecpf7k1ki7sbjno4n8s&path=//tmp HTTP/1.1" 200 2557 "-" "Amazon CloudFront"
64.252.88.210 - - [15/Apr/2026:18:31:55 +0000] "GET /prizes/54854662 HTTP/1.1" 200 4349 "-" "Amazon CloudFront"
64.252.122.229 - - [15/Apr/2026:18:31:55 +0000] "GET /prizes/272309309?fileloc=//tmp/sess_hkbscimqjinav93ruqh4smo3sj&path=//tmp HTTP/1.1" 200 2558 "-" "Amazon CloudFront"
64.252.122.229 - - [15/Apr/2026:18:31:56 +0000] "GET /prizes/272309309?fileloc=//tmp/sess_jctosr1e6fhorih8umunptk3q1&path=//tmp HTTP/1.1" 200 2556 "-" "Amazon CloudFront"
64.252.122.229 - - [15/Apr/2026:18:31:56 +0000] "GET /prizes/241952410?fileloc=//tmp/sess_d5p8vabrb4fhnvelstkorl8ds0&path=//tmp HTTP/1.1" 200 2555 "-" "Amazon CloudFront"
64.252.122.226 - - [15/Apr/2026:18:31:57 +0000] "GET /prizes/268707268?fileloc=//tmp/sess_mdjfobm4r3hln2mrn8tcveqtim&path=//tmp HTTP/1.1" 200 2555 "-" "Amazon CloudFront"
64.252.122.229 - - [15/Apr/2026:18:31:57 +0000] "GET /prizes/200349349?fileloc=//tmp/sess_vbpdet54vjg1addfopemg2mghq&path=//tmp HTTP/1.1" 200 2558 "-" "Amazon CloudFront"
64.252.122.226 - - [15/Apr/2026:18:31:58 +0000] "GET /prizes/187405874?fileloc=//tmp/sess_e6edsi54hhtvhttcgd3ou2bgvp&path=//tmp HTTP/1.1" 200 2556 "-" "Amazon CloudFront"
64.252.88.210 - - [15/Apr/2026:18:31:58 +0000] "GET /prizes/46356187 HTTP/1.1" 200 4208 "-" "Amazon CloudFront"
64.252.122.229 - - [15/Apr/2026:18:31:58 +0000] "GET /prizes/187405874?fileloc=//tmp/sess_pkhgmdb6vndv1gffrtdbhdm8p1&path=//tmp HTTP/1.1" 200 2557 "-" "Amazon CloudFront"
64.252.122.229 - - [15/Apr/2026:18:31:59 +0000] "GET /prizes/272309309?fileloc=//tmp/sess_pgob3mamik6qbnbv2r82kiseig&path=//tmp HTTP/1.1" 200 2555 "-" "Amazon CloudFront"
64.252.122.229 - - [15/Apr/2026:18:31:59 +0000] "GET /prizes/126126450?fileloc=//tmp/sess_ttnguvneotj1v7u8npsv6m2tbd&path=//tmp HTTP/1.1" 200 2557 "-" "Amazon CloudFront"
64.252.74.231 - - [15/Apr/2026:18:32:00 +0000] "GET /?fileloc=%2Fvar%2Fwww%2Fvolumes%2F69b4844ae61d4e92bf26ad98af552775%2Fwordpress%2Fwp-admin%2Fmy-sites.php&path=%2Fvar%2Fwww%2Fvolumes%2F69b4844ae61d4e92bf26ad98af552775%2Fwordpress%2Fwp-admin HTTP/1.1" 200 4534 "-" "Amazon CloudFront"
64.252.74.231 - - [15/Apr/2026:18:32:00 +0000] "GET /?path=%2Fvar%2Fwww%2Fvolumes%2F66ee580f0663470a9177a6b3f6c6d406 HTTP/1.1" 200 2644 "-" "Amazon CloudFront"
64.252.74.231 - - [15/Apr/2026:18:32:00 +0000] "GET /?fileloc=%2Fvar%2Fwww%2Fvolumes%2F69b4844ae61d4e92bf26ad98af552775%2Fwordpress%2Fwp-admin%2Fmedia-upload.php&path=%2Fvar%2Fwww%2Fvolumes%2F69b4844ae61d4e92bf26ad98af552775%2Fwordpress%2Fwp-admin HTTP/1.1" 200 3875 "-" "Amazon CloudFront"
64.252.74.231 - - [15/Apr/2026:18:32:00 +0000] "GET /?fileloc=%2Fvar%2Fwww%2Fvolumes%2F69b4844ae61d4e92bf26ad98af552775%2Fwordpress%2Fwp-admin%2Fmedia.php&path=%2Fvar%2Fwww%2Fvolumes%2F69b4844ae61d4e92bf26ad98af552775%2Fwordpress%2Fwp-admin HTTP/1.1" 200 4667 "-" "Amazon CloudFront"
64.252.77.101 - - [15/Apr/2026:18:32:00 +0000] "GET /?fileloc=%2Fvar%2Fwww%2Fvolumes%2F69b4844ae61d4e92bf26ad98af552775%2Fwordpress%2Fwp-admin%2Ffreedoms.php&path=%2Fvar%2Fwww%2Fvolumes%2F69b4844ae61d4e92bf26ad98af552775%2Fwordpress%2Fwp-admin HTTP/1.1" 200 4505 "-" "Amazon CloudFront"
64.252.77.101 - - [15/Apr/2026:18:32:00 +0000] "GET /?fileloc=%2Fvar%2Fwww%2Fvolumes%2F69b4844ae61d4e92bf26ad98af552775%2Fwordpress%2Fwp-includes%2Fmedia-template.php&path=%2Fvar%2Fwww%2Fvolumes%2F69b4844ae61d4e92bf26ad98af552775%2Fwordpress%2Fwp-includes HTTP/1.1" 200 12041 "-" "Amazon CloudFront"
64.252.74.231 - - [15/Apr/2026:18:32:00 +0000] "GET /?fileloc=%2Fvar%2Fwww%2Fvolumes%2F69b4844ae61d4e92bf26ad98af552775%2Fwordpress%2Fwp-includes%2Ffeed-rdf.php&path=%2Fvar%2Fwww%2Fvolumes%2F69b4844ae61d4e92bf26ad98af552775%2Fwordpress%2Fwp-includes HTTP/1.1" 200 3620 "-" "Amazon CloudFront"
64.252.77.101 - - [15/Apr/2026:18:32:00 +0000] "GET /?path=%2Fvar%2Fwww%2Fvolumes%2Fa96dc966665345c6b55a1891859a9f75 HTTP/1.1" 200 2641 "-" "Amazon CloudFront"
64.252.75.25 - - [15/Apr/2026:18:32:00 +0000] "GET /?fileloc=%2Fvar%2Fwww%2Fvolumes%2F69b4844ae61d4e92bf26ad98af552775%2Fwordpress%2Fwp-admin%2Fmedia-new.php&path=%2Fvar%2Fwww%2Fvolumes%2F69b4844ae61d4e92bf26ad98af552775%2Fwordpress%2Fwp-admin HTTP/1.1" 200 4033 "-" "Amazon CloudFront"
64.252.74.231 - - [15/Apr/2026:18:32:00 +0000] "GET /?fileloc=%2Fvar%2Fwww%2Fvolumes%2F69b4844ae61d4e92bf26ad98af552775%2Fwordpress%2Fwp-admin%2Flink-add.php&path=%2Fvar%2Fwww%2Fvolumes%2F69b4844ae61d4e92bf26ad98af552775%2Fwordpress%2Fwp-admin HTTP/1.1" 200 2975 "-" "Amazon CloudFront"
64.252.74.231 - - [15/Apr/2026:18:32:00 +0000] "GET /?fileloc=%2Fvar%2Fwww%2Fvolumes%2F69b4844ae61d4e92bf26ad98af552775%2Fwordpress%2Fwp-admin%2Flink-call.php&path=%2Fvar%2Fwww%2Fvolumes%2F69b4844ae61d4e92bf26ad98af552775%2Fwordpress%2Fwp-admin HTTP/1.1" 200 2944 "-" "Amazon CloudFront"
64.252.122.229 - - [15/Apr/2026:18:32:00 +0000] "GET /prizes/286226228?fileloc=//tmp/sess_db7aglrhdh3dm99a8jgikvtkbl&path=//tmp HTTP/1.1" 200 2557 "-" "Amazon CloudFront"
64.252.77.101 - - [15/Apr/2026:18:32:00 +0000] "GET /?fileloc=%2Fvar%2Fwww%2Fvolumes%2F69b4844ae61d4e92bf26ad98af552775%2Fwordpress%2Fwp-admin%2Fcredits.php&path=%2Fvar%2Fwww%2Fvolumes%2F69b4844ae61d4e92bf26ad98af552775%2Fwordpress%2Fwp-admin HTTP/1.1" 200 4426 "-" "Amazon CloudFront"
64.252.74.231 - - [15/Apr/2026:18:32:00 +0000] "GET /?fileloc=%2Fvar%2Fwww%2Fvolumes%2F69b4844ae61d4e92bf26ad98af552775%2Fwordpress%2Fwp-admin%2Fpost-new.php&path=%2Fvar%2Fwww%2Fvolumes%2F69b4844ae61d4e92bf26ad98af552775%2Fwordpress%2Fwp-admin HTTP/1.1" 200 3553 "-" "Amazon CloudFront"
64.252.122.229 - - [15/Apr/2026:18:32:00 +0000] "GET /prizes/241952410?fileloc=//tmp/sess_bffo6kgkrtkdunnm4nsbkk5bl2&path=//tmp HTTP/1.1" 200 2555 "-" "Amazon CloudFront"
64.252.75.25 - - [15/Apr/2026:18:32:00 +0000] "GET /?fileloc=%2Fvar%2Fwww%2Fvolumes%2F69b4844ae61d4e92bf26ad98af552775%2Fwordpress%2Fwp-content%2Findex.php&path=%2Fvar%2Fwww%2Fvolumes%2F69b4844ae61d4e92bf26ad98af552775%2Fwordpress%2Fwp-content HTTP/1.1" 200 2618 "-" "Amazon CloudFront"
64.252.75.25 - - [15/Apr/2026:18:32:00 +0000] "GET /?fileloc=%2Fvar%2Fwww%2Fvolumes%2F69b4844ae61d4e92bf26ad98af552775%2Fwordpress%2Fwp-includes%2Fcanonical.php&path=%2Fvar%2Fwww%2Fvolumes%2F69b4844ae61d4e92bf26ad98af552775%2Fwordpress%2Fwp-includes HTTP/1.1" 200 9793 "-" "Amazon CloudFront"
64.252.75.25 - - [15/Apr/2026:18:32:00 +0000] "GET /?fileloc=%2Fvar%2Fwww%2Fvolumes%2F69b4844ae61d4e92bf26ad98af552775%2Fwordpress%2Fwp-admin%2Foptions-media.php&path=%2Fvar%2Fwww%2Fvolumes%2F69b4844ae61d4e92bf26ad98af552775%2Fwordpress%2Fwp-admin HTTP/1.1" 200 4480 "-" "Amazon CloudFront"
64.252.77.101 - - [15/Apr/2026:18:32:01 +0000] "GET /?fileloc=%2Fvar%2Fwww%2Fvolumes%2F69b4844ae61d4e92bf26ad98af552775%2Fwordpress%2Fwp-includes%2Fl10n.php&path=%2Fvar%2Fwww%2Fvolumes%2F69b4844ae61d4e92bf26ad98af552775%2Fwordpress%2Fwp-includes HTTP/1.1" 200 12670 "-" "Amazon CloudFront"
64.252.74.231 - - [15/Apr/2026:18:32:00 +0000] "GET /?fileloc=%2Fvar%2Fwww%2Fvolumes%2F69b4844ae61d4e92bf26ad98af552775%2Fwordpress%2Fwp-admin%2Fnav-menus.php&path=%2Fvar%2Fwww%2Fvolumes%2F69b4844ae61d4e92bf26ad98af552775%2Fwordpress%2Fwp-admin HTTP/1.1" 200 12650 "-" "Amazon CloudFront"
64.252.74.231 - - [15/Apr/2026:18:32:01 +0000] "GET /?fileloc=%2Fvar%2Fwww%2Fvolumes%2F69b4844ae61d4e92bf26ad98af552775%2Fwordpress%2Fwp-admin%2Fms-sites.php&path=%2Fvar%2Fwww%2Fvolumes%2F69b4844ae61d4e92bf26ad98af552775%2Fwordpress%2Fwp-admin HTTP/1.1" 200 2736 "-" "Amazon CloudFront"
64.252.74.231 - - [15/Apr/2026:18:32:01 +0000] "GET /?fileloc=%2Fvar%2Fwww%2Fvolumes%2F69b4844ae61d4e92bf26ad98af552775%2Fwordpress%2Fwp-admin%2Fthemes.php&path=%2Fvar%2Fwww%2Fvolumes%2F69b4844ae61d4e92bf26ad98af552775%2Fwordpress%2Fwp-admin HTTP/1.1" 200 8416 "-" "Amazon CloudFront"
64.252.74.231 - - [15/Apr/2026:18:32:00 +0000] "GET /?fileloc=%2Fvar%2Fwww%2Fvolumes%2F69b4844ae61d4e92bf26ad98af552775%2Fwordpress%2Fwp-admin%2Flink-manager.php&path=%2Fvar%2Fwww%2Fvolumes%2F69b4844ae61d4e92bf26ad98af552775%2Fwordpress%2Fwp-admin HTTP/1.1" 200 4241 "-" "Amazon CloudFront"
64.252.122.226 - - [15/Apr/2026:18:32:01 +0000] "GET /prizes/187405874?fileloc=//tmp/sess_2iollc7naqm7hngmgh3jo4spqu&path=//tmp HTTP/1.1" 200 2557 "-" "Amazon CloudFront"
64.252.75.25 - - [15/Apr/2026:18:32:01 +0000] "GET /?path=%2Fvar%2Fwww%2Fvolumes%2F87193775eda341179194f49640158708 HTTP/1.1" 200 2642 "-" "Amazon CloudFront"
64.252.75.25 - - [15/Apr/2026:18:32:01 +0000] "GET /?fileloc=%2Fvar%2Fwww%2Fvolumes%2F69b4844ae61d4e92bf26ad98af552775%2Fwordpress%2Fwp-admin%2Foptions-discussion.php&path=%2Fvar%2Fwww%2Fvolumes%2F69b4844ae61d4e92bf26ad98af552775%2Fwordpress%2Fwp-admin HTTP/1.1" 200 6793 "-" "Amazon CloudFront"
64.252.75.25 - - [15/Apr/2026:18:32:01 +0000] "GET /?fileloc=%2Fvar%2Fwww%2Fvolumes%2F69b4844ae61d4e92bf26ad98af552775%2Fwordpress%2Fwp-admin%2Fms-themes.php&path=%2Fvar%2Fwww%2Fvolumes%2F69b4844ae61d4e92bf26ad98af552775%2Fwordpress%2Fwp-admin HTTP/1.1" 200 2738 "-" "Amazon CloudFront"
64.252.122.226 - - [15/Apr/2026:18:32:01 +0000] "GET /prizes/126126450?fileloc=//tmp/sess_ffu9egvabj6lfngaj2nbme2fo2&path=//tmp HTTP/1.1" 200 2557 "-" "Amazon CloudFront"
64.252.88.210 - - [15/Apr/2026:18:32:02 +0000] "GET /prizes/54854884 HTTP/1.1" 200 4349 "-" "Amazon CloudFront"
64.252.122.229 - - [15/Apr/2026:18:32:02 +0000] "GET /prizes/272309309?fileloc=//tmp/sess_peasfjdqsmoh86c3ptlgjq4jvr&path=//tmp HTTP/1.1" 200 2558 "-" "Amazon CloudFront"
64.252.122.226 - - [15/Apr/2026:18:32:02 +0000] "GET /prizes/200349349?fileloc=//tmp/sess_kb7ul3u4egpqmpmdhn0pvngi9s&path=//tmp HTTP/1.1" 200 2556 "-" "Amazon CloudFront"
64.252.122.229 - - [15/Apr/2026:18:32:03 +0000] "GET /prizes/268707268?fileloc=//tmp/sess_kln2vdhcefjudkshel2h6k5g9e&path=//tmp HTTP/1.1" 200 2556 "-" "Amazon CloudFront"
64.252.122.229 - - [15/Apr/2026:18:32:03 +0000] "GET /prizes/241952410?fileloc=//tmp/sess_vsaiq0g7l7f0prldov7jslhuct&path=//tmp HTTP/1.1" 200 2557 "-" "Amazon CloudFront"
64.252.122.226 - - [15/Apr/2026:18:32:04 +0000] "GET /prizes/151519278?fileloc=//tmp/sess_ccsso0car90ue6vqkgllttfnkl&path=//tmp HTTP/1.1" 200 2556 "-" "Amazon CloudFront"
64.252.122.229 - - [15/Apr/2026:18:32:05 +0000] "GET /prizes/268707268?fileloc=//tmp/sess_psddjm24ipjvgl02qdnr2dvuqu&path=//tmp HTTP/1.1" 200 2558 "-" "Amazon CloudFront"
64.252.88.210 - - [15/Apr/2026:18:32:05 +0000] "GET /prizes/46360460 HTTP/1.1" 200 4208 "-" "Amazon CloudFront"
64.252.122.226 - - [15/Apr/2026:18:32:05 +0000] "GET /prizes/241952410?fileloc=//tmp/sess_uhiv8rblvttfcmeqq7nqlrmr82&path=//tmp HTTP/1.1" 200 2557 "-" "Amazon CloudFront"
64.252.122.229 - - [15/Apr/2026:18:32:06 +0000] "GET /prizes/268707268?fileloc=//tmp/sess_gqcf4oiofir8veuhcgso22nhjd&path=//tmp HTTP/1.1" 200 2556 "-" "Amazon CloudFront"
64.252.122.229 - - [15/Apr/2026:18:32:06 +0000] "GET /prizes/187405874?fileloc=//tmp/sess_j6tsf4qpap0tdriuo3muul1vah&path=//tmp HTTP/1.1" 200 2556 "-" "Amazon CloudFront"
64.252.122.226 - - [15/Apr/2026:18:32:07 +0000] "GET /prizes/187405874?fileloc=//tmp/sess_uul8amjd7fuu5uvhtncf3ihed3&path=//tmp HTTP/1.1" 200 2556 "-" "Amazon CloudFront"
64.252.122.226 - - [15/Apr/2026:18:32:07 +0000] "GET /prizes/268707268?fileloc=//tmp/sess_2f189kvtuckndltrighopidip9&path=//tmp HTTP/1.1" 200 2555 "-" "Amazon CloudFront"
64.252.122.226 - - [15/Apr/2026:18:32:08 +0000] "GET /prizes/302727268?fileloc=//tmp/sess_mdvsbstbg54ruvim9tst6cd7bg&path=//tmp HTTP/1.1" 200 2556 "-" "Amazon CloudFront"
64.252.122.229 - - [15/Apr/2026:18:32:08 +0000] "GET /prizes/272309309?fileloc=//tmp/sess_qmom9nidrb9nudlsvclmeokr67&path=//tmp HTTP/1.1" 200 2557 "-" "Amazon CloudFront"
64.252.86.163 - - [15/Apr/2026:18:32:09 +0000] "GET /prizes/54857369 HTTP/1.1" 200 4211 "-" "Amazon CloudFront"
64.252.122.226 - - [15/Apr/2026:18:32:09 +0000] "GET /prizes/187405874?fileloc=//tmp/sess_9i1mchdqr5gkeimu1auqdlciqt&path=//tmp HTTP/1.1" 200 2556 "-" "Amazon CloudFront"
