64.252.82.51 - - [15/Apr/2026:16:13:13 +0000] "GET /prizes/227773460?path=//s3/c811415c52d145e1afbd9b988187995d HTTP/1.1" 200 2876 "-" "Amazon CloudFront"
64.252.85.188 - - [15/Apr/2026:16:13:14 +0000] "GET /prizes/222045187?path=//s3/6a228f57bddc434c86f7056f50373f4a/wordpress HTTP/1.1" 200 2891 "-" "Amazon CloudFront"
64.252.82.51 - - [15/Apr/2026:16:13:14 +0000] "GET /prizes/227773460?path=//s3/c2e25c36411b4f86a381a3d621d5e943 HTTP/1.1" 200 2877 "-" "Amazon CloudFront"
64.252.85.188 - - [15/Apr/2026:16:13:15 +0000] "GET /prizes/227773460?path=//s3/ab1db40090834526ac92e1a9f136b141 HTTP/1.1" 200 2877 "-" "Amazon CloudFront"
64.252.82.51 - - [15/Apr/2026:16:13:16 +0000] "GET /prizes/222045187?path=//s3/61c671ed1435463580b2250dfbcff492 HTTP/1.1" 200 2879 "-" "Amazon CloudFront"
64.252.83.165 - - [15/Apr/2026:16:13:16 +0000] "GET /prizes/333892571?path=//s3/61c671ed1435463580b2250dfbcff492 HTTP/1.1" 200 2879 "-" "Amazon CloudFront"
64.252.83.165 - - [15/Apr/2026:16:13:17 +0000] "GET /prizes/333892571?path=//s3/98470003a68b4a2e8cd31e92c7bd5508 HTTP/1.1" 200 2877 "-" "Amazon CloudFront"
64.252.75.25 - - [15/Apr/2026:16:13:17 +0000] "GET /?p=36990 HTTP/1.1" 200 4349 "-" "Amazon CloudFront"
64.252.85.188 - - [15/Apr/2026:16:13:17 +0000] "GET /prizes/222045187?path=//s3/98470003a68b4a2e8cd31e92c7bd5508 HTTP/1.1" 200 2877 "-" "Amazon CloudFront"
64.252.83.165 - - [15/Apr/2026:16:13:18 +0000] "GET /prizes/227773460?path=//s3/61c671ed1435463580b2250dfbcff492 HTTP/1.1" 200 2879 "-" "Amazon CloudFront"
64.252.83.165 - - [15/Apr/2026:16:13:18 +0000] "GET /prizes/333892571?path=//s3/16c32e7f614b4d75bb2c603ea6843628 HTTP/1.1" 200 2877 "-" "Amazon CloudFront"
64.252.85.188 - - [15/Apr/2026:16:13:19 +0000] "GET /prizes/274955521?path=//s3/103313e4f84b4f158157bca8d783f9c0 HTTP/1.1" 200 2878 "-" "Amazon CloudFront"
64.252.83.165 - - [15/Apr/2026:16:13:19 +0000] "GET /prizes/227773460?path=//s3/379583630da24136815fc5ba872da7de HTTP/1.1" 200 2876 "-" "Amazon CloudFront"
64.252.83.165 - - [15/Apr/2026:16:13:20 +0000] "GET /prizes/227773460?path=//s3/98470003a68b4a2e8cd31e92c7bd5508 HTTP/1.1" 200 2877 "-" "Amazon CloudFront"
64.252.85.188 - - [15/Apr/2026:16:13:20 +0000] "GET /prizes/222045187?path=//s3/572005f8665e4899bbdd091eef88370e HTTP/1.1" 200 2877 "-" "Amazon CloudFront"
64.252.85.188 - - [15/Apr/2026:16:13:21 +0000] "GET /prizes/222045187?path=//s3/07f87d97202c447da565b192a4eaa093 HTTP/1.1" 200 2876 "-" "Amazon CloudFront"
64.252.74.231 - - [15/Apr/2026:16:13:16 +0000] "GET /?p=30389 HTTP/1.1" 200 4208 "-" "Amazon CloudFront"
64.252.82.51 - - [15/Apr/2026:16:13:21 +0000] "GET /prizes/274955521?path=//s3/16c32e7f614b4d75bb2c603ea6843628 HTTP/1.1" 200 2877 "-" "Amazon CloudFront"
64.252.82.51 - - [15/Apr/2026:16:13:22 +0000] "GET /prizes/274955521?path=//s3/712377b7de0a4caf903388b6341429bb HTTP/1.1" 200 2877 "-" "Amazon CloudFront"
64.252.83.165 - - [15/Apr/2026:16:13:22 +0000] "GET /prizes/274955521?path=//s3/98470003a68b4a2e8cd31e92c7bd5508 HTTP/1.1" 200 2877 "-" "Amazon CloudFront"
64.252.85.188 - - [15/Apr/2026:16:13:23 +0000] "GET /prizes/222045187?path=//s3/712377b7de0a4caf903388b6341429bb HTTP/1.1" 200 2877 "-" "Amazon CloudFront"
64.252.83.165 - - [15/Apr/2026:16:13:23 +0000] "GET /prizes/222045187?path=//s3/c2e25c36411b4f86a381a3d621d5e943 HTTP/1.1" 200 2877 "-" "Amazon CloudFront"
64.252.82.51 - - [15/Apr/2026:16:13:24 +0000] "GET /prizes/333892571?path=//s3/ab1db40090834526ac92e1a9f136b141 HTTP/1.1" 200 2877 "-" "Amazon CloudFront"
64.252.85.188 - - [15/Apr/2026:16:13:24 +0000] "GET /prizes/222045187?path=//s3/ab1db40090834526ac92e1a9f136b141 HTTP/1.1" 200 2877 "-" "Amazon CloudFront"
64.252.82.51 - - [15/Apr/2026:16:13:25 +0000] "GET /prizes/333892571?path=//s3/fa410502b12f4af780703c7492dfe955 HTTP/1.1" 200 2877 "-" "Amazon CloudFront"
64.252.83.165 - - [15/Apr/2026:16:13:26 +0000] "GET /prizes/274955521?path=//s3/379583630da24136815fc5ba872da7de HTTP/1.1" 200 2876 "-" "Amazon CloudFront"
64.252.82.51 - - [15/Apr/2026:16:13:26 +0000] "GET /prizes/333892571?path=//s3/07f87d97202c447da565b192a4eaa093 HTTP/1.1" 200 2876 "-" "Amazon CloudFront"
64.252.83.165 - - [15/Apr/2026:16:13:27 +0000] "GET /prizes/274955521?path=//s3/572005f8665e4899bbdd091eef88370e HTTP/1.1" 200 2877 "-" "Amazon CloudFront"
64.252.83.165 - - [15/Apr/2026:16:13:27 +0000] "GET /prizes/227773460?path=//s3/103313e4f84b4f158157bca8d783f9c0 HTTP/1.1" 200 2878 "-" "Amazon CloudFront"
64.252.83.165 - - [15/Apr/2026:16:13:28 +0000] "GET /prizes/136555652?path=/var/www/volumes/df0cd42625f9422aad097e62a1637ec3 HTTP/1.1" 200 2643 "-" "Amazon CloudFront"
64.252.82.51 - - [15/Apr/2026:16:13:28 +0000] "GET /prizes/111092066?path=/var/www/volumes/a23bde77ac0b45a1b7f3479b127a1447 HTTP/1.1" 200 2642 "-" "Amazon CloudFront"
64.252.83.165 - - [15/Apr/2026:16:13:29 +0000] "GET /prizes/100244470?path=/var/www/volumes/2261fecfa695442694c6ed0a816c7fa2 HTTP/1.1" 200 2642 "-" "Amazon CloudFront"
64.252.82.51 - - [15/Apr/2026:16:13:29 +0000] "GET /prizes/222526359?path=/var/www/volumes/a23bde77ac0b45a1b7f3479b127a1447 HTTP/1.1" 200 2642 "-" "Amazon CloudFront"
64.252.82.51 - - [15/Apr/2026:16:13:30 +0000] "GET /prizes/222526359?path=/var/www/volumes/8d63e7ddaf86492598a39f7e7f5e521a HTTP/1.1" 200 2642 "-" "Amazon CloudFront"
64.252.85.188 - - [15/Apr/2026:16:13:30 +0000] "GET /prizes/222794773?path=/var/www/volumes/8d63e7ddaf86492598a39f7e7f5e521a HTTP/1.1" 200 2642 "-" "Amazon CloudFront"
64.252.83.165 - - [15/Apr/2026:16:13:31 +0000] "GET /prizes/274955521?path=/var/www/volumes/8d63e7ddaf86492598a39f7e7f5e521a HTTP/1.1" 200 2642 "-" "Amazon CloudFront"
64.252.82.51 - - [15/Apr/2026:16:13:31 +0000] "GET /prizes/111092066?path=/var/www/volumes/b40c922220cb4253a33f9ee1ad8e35a2 HTTP/1.1" 200 2642 "-" "Amazon CloudFront"
64.252.82.51 - - [15/Apr/2026:16:13:32 +0000] "GET /prizes/136555652?path=/var/www/volumes/a8e455b4626f413787506ec0fec6ef6f HTTP/1.1" 200 2643 "-" "Amazon CloudFront"
64.252.85.188 - - [15/Apr/2026:16:13:32 +0000] "GET /prizes/287775783?path=/var/www/volumes/f34a45b8f5bd495a9188c4c86e5e542a HTTP/1.1" 200 2642 "-" "Amazon CloudFront"
64.252.83.165 - - [15/Apr/2026:16:13:33 +0000] "GET /prizes/333013955?path=/var/www/volumes/11f987c6107d42e3aff30dd8a6130e1a HTTP/1.1" 200 2642 "-" "Amazon CloudFront"
64.252.82.51 - - [15/Apr/2026:16:13:33 +0000] "GET /prizes/287775783?path=/var/www/volumes/8eb19e722b5e4500b47ee67b860fc98f HTTP/1.1" 200 2642 "-" "Amazon CloudFront"
64.252.83.165 - - [15/Apr/2026:16:13:34 +0000] "GET /prizes/287775783?path=/var/www/volumes/a8e455b4626f413787506ec0fec6ef6f HTTP/1.1" 200 2643 "-" "Amazon CloudFront"
64.252.83.165 - - [15/Apr/2026:16:13:35 +0000] "GET /prizes/100244470?path=/var/www/volumes/b40c922220cb4253a33f9ee1ad8e35a2 HTTP/1.1" 200 2642 "-" "Amazon CloudFront"
64.252.82.51 - - [15/Apr/2026:16:13:35 +0000] "GET /prizes/222526359?path=/var/www/volumes/a8e455b4626f413787506ec0fec6ef6f HTTP/1.1" 200 2643 "-" "Amazon CloudFront"
64.252.82.51 - - [15/Apr/2026:16:13:36 +0000] "GET /prizes/227773460?path=/var/www/volumes/a92f7abbe32342df9d6ba82857f58983 HTTP/1.1" 200 2642 "-" "Amazon CloudFront"
64.252.85.188 - - [15/Apr/2026:16:13:36 +0000] "GET /prizes/222526359?path=/var/www/volumes/df0cd42625f9422aad097e62a1637ec3 HTTP/1.1" 200 2643 "-" "Amazon CloudFront"
64.252.83.165 - - [15/Apr/2026:16:13:37 +0000] "GET /prizes/274955521?path=/var/www/volumes/a23bde77ac0b45a1b7f3479b127a1447 HTTP/1.1" 200 2642 "-" "Amazon CloudFront"
64.252.82.51 - - [15/Apr/2026:16:13:37 +0000] "GET /prizes/287775783?path=/var/www/volumes/8f4274d3d21e4c5cbb48942a37b35a8e HTTP/1.1" 200 2642 "-" "Amazon CloudFront"
64.252.82.51 - - [15/Apr/2026:16:13:38 +0000] "GET /prizes/222794773?path=/var/www/volumes/b40c922220cb4253a33f9ee1ad8e35a2 HTTP/1.1" 200 2642 "-" "Amazon CloudFront"
64.252.83.165 - - [15/Apr/2026:16:13:38 +0000] "GET /prizes/111092066?path=/var/www/volumes/2261fecfa695442694c6ed0a816c7fa2 HTTP/1.1" 200 2642 "-" "Amazon CloudFront"
64.252.85.188 - - [15/Apr/2026:16:13:39 +0000] "GET /prizes/227773460?path=/var/www/volumes/a8e455b4626f413787506ec0fec6ef6f HTTP/1.1" 200 2643 "-" "Amazon CloudFront"
64.252.83.165 - - [15/Apr/2026:16:13:39 +0000] "GET /prizes/100244470?path=/var/www/volumes/df0cd42625f9422aad097e62a1637ec3 HTTP/1.1" 200 2643 "-" "Amazon CloudFront"
64.252.85.188 - - [15/Apr/2026:16:13:40 +0000] "GET /prizes/222794773?path=/var/www/volumes/8eb19e722b5e4500b47ee67b860fc98f HTTP/1.1" 200 2642 "-" "Amazon CloudFront"
64.252.82.51 - - [15/Apr/2026:16:13:40 +0000] "GET /prizes/274955521?path=/var/www/volumes/f34a45b8f5bd495a9188c4c86e5e542a HTTP/1.1" 200 2642 "-" "Amazon CloudFront"
64.252.82.51 - - [15/Apr/2026:16:13:41 +0000] "GET /prizes/227773460?path=/var/www/volumes/11f987c6107d42e3aff30dd8a6130e1a HTTP/1.1" 200 2642 "-" "Amazon CloudFront"
64.252.85.188 - - [15/Apr/2026:16:13:41 +0000] "GET /prizes/136555652?path=/var/www/volumes/2261fecfa695442694c6ed0a816c7fa2 HTTP/1.1" 200 2642 "-" "Amazon CloudFront"
64.252.82.51 - - [15/Apr/2026:16:13:42 +0000] "GET /prizes/333013955?path=/var/www/volumes/a23bde77ac0b45a1b7f3479b127a1447 HTTP/1.1" 200 2642 "-" "Amazon CloudFront"
64.252.83.165 - - [15/Apr/2026:16:13:42 +0000] "GET /prizes/222794773?path=/var/www/volumes/8f4274d3d21e4c5cbb48942a37b35a8e HTTP/1.1" 200 2642 "-" "Amazon CloudFront"
64.252.82.51 - - [15/Apr/2026:16:13:43 +0000] "GET /prizes/136555652?path=/var/www/volumes/b40c922220cb4253a33f9ee1ad8e35a2 HTTP/1.1" 200 2642 "-" "Amazon CloudFront"
64.252.82.51 - - [15/Apr/2026:16:13:44 +0000] "GET /prizes/100244470?path=/var/www/volumes/df87aee8712c409d9714011eec93f94b HTTP/1.1" 200 2642 "-" "Amazon CloudFront"
64.252.82.51 - - [15/Apr/2026:16:13:44 +0000] "GET /prizes/136555652?path=/var/www/volumes/a23bde77ac0b45a1b7f3479b127a1447 HTTP/1.1" 200 2642 "-" "Amazon CloudFront"
64.252.85.188 - - [15/Apr/2026:16:13:44 +0000] "GET /prizes/136555652?path=/var/www/volumes/5ca95b521c164b4db66b9f72c0b311a0 HTTP/1.1" 200 2642 "-" "Amazon CloudFront"
64.252.83.165 - - [15/Apr/2026:16:13:45 +0000] "GET /prizes/274955521?path=/var/www/volumes/d477e617ea1b4daaa49c57837f2d9619 HTTP/1.1" 200 2642 "-" "Amazon CloudFront"
64.252.83.165 - - [15/Apr/2026:16:13:45 +0000] "GET /prizes/136555652?path=/var/www/volumes/f34a45b8f5bd495a9188c4c86e5e542a HTTP/1.1" 200 2642 "-" "Amazon CloudFront"
64.252.82.51 - - [15/Apr/2026:16:13:46 +0000] "GET /prizes/136555652?path=/var/www/volumes/b7f1eb7659e94b779361b6817b53acea HTTP/1.1" 200 2643 "-" "Amazon CloudFront"
64.252.82.51 - - [15/Apr/2026:16:13:47 +0000] "GET /prizes/111092066?path=/var/www/volumes/8eb19e722b5e4500b47ee67b860fc98f HTTP/1.1" 200 2642 "-" "Amazon CloudFront"
64.252.82.51 - - [15/Apr/2026:16:13:47 +0000] "GET /prizes/222794773?path=/var/www/volumes/df0cd42625f9422aad097e62a1637ec3 HTTP/1.1" 200 2643 "-" "Amazon CloudFront"
64.252.83.165 - - [15/Apr/2026:16:13:48 +0000] "GET /prizes/274955521?path=/var/www/volumes/b40c922220cb4253a33f9ee1ad8e35a2 HTTP/1.1" 200 2642 "-" "Amazon CloudFront"
64.252.83.165 - - [15/Apr/2026:16:13:48 +0000] "GET /prizes/222794773?path=/var/www/volumes/d477e617ea1b4daaa49c57837f2d9619 HTTP/1.1" 200 2642 "-" "Amazon CloudFront"
64.252.83.165 - - [15/Apr/2026:16:13:49 +0000] "GET /prizes/100244470?path=/var/www/volumes/a8e455b4626f413787506ec0fec6ef6f HTTP/1.1" 200 2643 "-" "Amazon CloudFront"
64.252.83.165 - - [15/Apr/2026:16:13:49 +0000] "GET /prizes/136555652?path=/var/www/volumes/a92f7abbe32342df9d6ba82857f58983 HTTP/1.1" 200 2642 "-" "Amazon CloudFront"
64.252.83.165 - - [15/Apr/2026:16:13:50 +0000] "GET /prizes/222526359?path=/var/www/volumes/b7f1eb7659e94b779361b6817b53acea HTTP/1.1" 200 2643 "-" "Amazon CloudFront"
64.252.83.165 - - [15/Apr/2026:16:13:50 +0000] "GET /prizes/333013955?path=/var/www/volumes/8d63e7ddaf86492598a39f7e7f5e521a HTTP/1.1" 200 2642 "-" "Amazon CloudFront"
64.252.83.165 - - [15/Apr/2026:16:13:51 +0000] "GET /prizes/333013955?path=/var/www/volumes/f34a45b8f5bd495a9188c4c86e5e542a HTTP/1.1" 200 2642 "-" "Amazon CloudFront"
64.252.82.51 - - [15/Apr/2026:16:13:51 +0000] "GET /prizes/274955521?path=/var/www/volumes/b7f1eb7659e94b779361b6817b53acea HTTP/1.1" 200 2643 "-" "Amazon CloudFront"
64.252.83.165 - - [15/Apr/2026:16:13:52 +0000] "GET /prizes/111092066?path=/var/www/volumes/df0cd42625f9422aad097e62a1637ec3 HTTP/1.1" 200 2643 "-" "Amazon CloudFront"
64.252.83.165 - - [15/Apr/2026:16:13:52 +0000] "GET /prizes/100244470?path=/var/www/volumes/8eb19e722b5e4500b47ee67b860fc98f HTTP/1.1" 200 2642 "-" "Amazon CloudFront"
64.252.82.51 - - [15/Apr/2026:16:13:53 +0000] "GET /prizes/222526359?path=/var/www/volumes/f34a45b8f5bd495a9188c4c86e5e542a HTTP/1.1" 200 2642 "-" "Amazon CloudFront"
64.252.83.165 - - [15/Apr/2026:16:13:53 +0000] "GET /prizes/287775783?path=/var/www/volumes/b40c922220cb4253a33f9ee1ad8e35a2 HTTP/1.1" 200 2642 "-" "Amazon CloudFront"
64.252.85.188 - - [15/Apr/2026:16:13:54 +0000] "GET /prizes/136555652?path=/var/www/volumes/8d63e7ddaf86492598a39f7e7f5e521a HTTP/1.1" 200 2642 "-" "Amazon CloudFront"
64.252.83.165 - - [15/Apr/2026:16:13:54 +0000] "GET /prizes/222794773?path=/var/www/volumes/df87aee8712c409d9714011eec93f94b HTTP/1.1" 200 2642 "-" "Amazon CloudFront"
64.252.83.165 - - [15/Apr/2026:16:13:55 +0000] "GET /prizes/111092066?path=/var/www/volumes/2d8a8efa9bea475088a223a805e82a40 HTTP/1.1" 200 2642 "-" "Amazon CloudFront"
64.252.83.165 - - [15/Apr/2026:16:13:56 +0000] "GET /prizes/111092066?path=/var/www/volumes/5ca95b521c164b4db66b9f72c0b311a0 HTTP/1.1" 200 2642 "-" "Amazon CloudFront"
64.252.83.165 - - [15/Apr/2026:16:13:56 +0000] "GET /prizes/100244470?path=/var/www/volumes/2f5dda90d37742a0b1cd0809a1c98d89 HTTP/1.1" 200 2643 "-" "Amazon CloudFront"
64.252.83.165 - - [15/Apr/2026:16:13:57 +0000] "GET /prizes/222794773?path=/var/www/volumes/b7f1eb7659e94b779361b6817b53acea HTTP/1.1" 200 2643 "-" "Amazon CloudFront"
64.252.82.51 - - [15/Apr/2026:16:13:57 +0000] "GET /prizes/227773460?path=/var/www/volumes/b7f1eb7659e94b779361b6817b53acea HTTP/1.1" 200 2643 "-" "Amazon CloudFront"
64.252.83.165 - - [15/Apr/2026:16:13:58 +0000] "GET /prizes/274955521?path=/var/www/volumes/8eb19e722b5e4500b47ee67b860fc98f HTTP/1.1" 200 2642 "-" "Amazon CloudFront"
64.252.85.188 - - [15/Apr/2026:16:13:58 +0000] "GET /prizes/274955521?path=/var/www/volumes/a92f7abbe32342df9d6ba82857f58983 HTTP/1.1" 200 2642 "-" "Amazon CloudFront"
64.252.85.188 - - [15/Apr/2026:16:13:59 +0000] "GET /prizes/333013955?path=/var/www/volumes/b7f1eb7659e94b779361b6817b53acea HTTP/1.1" 200 2643 "-" "Amazon CloudFront"
64.252.85.188 - - [15/Apr/2026:16:13:59 +0000] "GET /prizes/111092066?path=/var/www/volumes/9601969dcb3b414080d1effe632a06cc HTTP/1.1" 200 2643 "-" "Amazon CloudFront"
64.252.85.188 - - [15/Apr/2026:16:14:00 +0000] "GET /prizes/111092066?path=/var/www/volumes/b7f1eb7659e94b779361b6817b53acea HTTP/1.1" 200 2643 "-" "Amazon CloudFront"
64.252.82.51 - - [15/Apr/2026:16:14:00 +0000] "GET /prizes/222794773?path=/var/www/volumes/a92f7abbe32342df9d6ba82857f58983 HTTP/1.1" 200 2642 "-" "Amazon CloudFront"
64.252.83.165 - - [15/Apr/2026:16:14:01 +0000] "GET /prizes/136555652?fileloc=/var/www/volumes/69b4844ae61d4e92bf26ad98af552775/.e01f6dc75668e674dcf4f708e9d863fe33b99775a&path=/var/www/volumes/69b4844ae61d4e92bf26ad98af552775 HTTP/1.1" 200 105647 "-" "Amazon CloudFront"
64.252.82.51 - - [15/Apr/2026:16:14:01 +0000] "GET /prizes/222794773?fileloc=/var/www/volumes/69b4844ae61d4e92bf26ad98af552775/.e01f6dc75668e674dcf4f708e9d863fe33b99775a&path=/var/www/volumes/69b4844ae61d4e92bf26ad98af552775 HTTP/1.1" 200 105697 "-" "Amazon CloudFront"
64.252.85.188 - - [15/Apr/2026:16:14:02 +0000] "GET /prizes/222526359?fileloc=/var/www/volumes/69b4844ae61d4e92bf26ad98af552775/.e01f6dc75668e674dcf4f708e9d863fe33b99775a&path=/var/www/volumes/69b4844ae61d4e92bf26ad98af552775 HTTP/1.1" 200 105697 "-" "Amazon CloudFront"
64.252.85.188 - - [15/Apr/2026:16:14:03 +0000] "GET /prizes/274955521?fileloc=/var/www/volumes/69b4844ae61d4e92bf26ad98af552775/.e01f6dc75668e674dcf4f708e9d863fe33b99775a&path=/var/www/volumes/69b4844ae61d4e92bf26ad98af552775 HTTP/1.1" 200 105647 "-" "Amazon CloudFront"
64.252.85.188 - - [15/Apr/2026:16:14:03 +0000] "GET /prizes/222045187?fileloc=/var/www/volumes/69b4844ae61d4e92bf26ad98af552775/wordpress/wp-settings.php&path=/var/www/volumes/69b4844ae61d4e92bf26ad98af552775/wordpress HTTP/1.1" 200 6935 "-" "Amazon CloudFront"
64.252.83.165 - - [15/Apr/2026:16:14:04 +0000] "GET /prizes/111092066?fileloc=/var/www/volumes/69b4844ae61d4e92bf26ad98af552775/wordpress/wp-settings.php&path=/var/www/volumes/69b4844ae61d4e92bf26ad98af552775/wordpress HTTP/1.1" 200 6943 "-" "Amazon CloudFront"
64.252.83.165 - - [15/Apr/2026:16:14:04 +0000] "GET /prizes/333013955?fileloc=/var/www/volumes/69b4844ae61d4e92bf26ad98af552775/wordpress/wp-settings.php&path=/var/www/volumes/69b4844ae61d4e92bf26ad98af552775/wordpress HTTP/1.1" 200 6935 "-" "Amazon CloudFront"
64.252.83.165 - - [15/Apr/2026:16:14:05 +0000] "GET /prizes/333892571?fileloc=/var/www/volumes/69b4844ae61d4e92bf26ad98af552775/wordpress/wp-activate.php&path=/var/www/volumes/69b4844ae61d4e92bf26ad98af552775/wordpress HTTP/1.1" 200 4964 "-" "Amazon CloudFront"
64.252.82.51 - - [15/Apr/2026:16:14:05 +0000] "GET /prizes/333892571?fileloc=/var/www/volumes/69b4844ae61d4e92bf26ad98af552775/wordpress/wp-trackback.php&path=/var/www/volumes/69b4844ae61d4e92bf26ad98af552775/wordpress HTTP/1.1" 200 4371 "-" "Amazon CloudFront"
64.252.85.188 - - [15/Apr/2026:16:14:06 +0000] "GET /prizes/100244470?fileloc=/var/www/volumes/69b4844ae61d4e92bf26ad98af552775/wordpress/wp-settings.php&path=/var/www/volumes/69b4844ae61d4e92bf26ad98af552775/wordpress HTTP/1.1" 200 6943 "-" "Amazon CloudFront"
64.252.85.188 - - [15/Apr/2026:16:14:06 +0000] "GET /prizes/222794773?fileloc=/var/www/volumes/69b4844ae61d4e92bf26ad98af552775/wordpress/wp-trackback.php&path=/var/www/volumes/69b4844ae61d4e92bf26ad98af552775/wordpress HTTP/1.1" 200 4371 "-" "Amazon CloudFront"
64.252.85.188 - - [15/Apr/2026:16:14:07 +0000] "GET /prizes/136555652?fileloc=/var/www/volumes/69b4844ae61d4e92bf26ad98af552775/wordpress/wp-activate.php&path=/var/www/volumes/69b4844ae61d4e92bf26ad98af552775/wordpress HTTP/1.1" 200 4955 "-" "Amazon CloudFront"
64.252.83.165 - - [15/Apr/2026:16:14:07 +0000] "GET /prizes/222526359?fileloc=/var/www/volumes/69b4844ae61d4e92bf26ad98af552775/wordpress/wp-activate.php&path=/var/www/volumes/69b4844ae61d4e92bf26ad98af552775/wordpress HTTP/1.1" 200 4964 "-" "Amazon CloudFront"
64.252.82.51 - - [15/Apr/2026:16:14:08 +0000] "GET /prizes/227773460?fileloc=/var/www/volumes/69b4844ae61d4e92bf26ad98af552775/wordpress/wp-settings.php&path=/var/www/volumes/69b4844ae61d4e92bf26ad98af552775/wordpress HTTP/1.1" 200 6943 "-" "Amazon CloudFront"
64.252.83.165 - - [15/Apr/2026:16:14:09 +0000] "GET /prizes/222794773?fileloc=/var/www/volumes/69b4844ae61d4e92bf26ad98af552775/wordpress/wp-activate.php&path=/var/www/volumes/69b4844ae61d4e92bf26ad98af552775/wordpress HTTP/1.1" 200 4964 "-" "Amazon CloudFront"
64.252.82.51 - - [15/Apr/2026:16:14:09 +0000] "GET /prizes/111092066?fileloc=/var/www/volumes/69b4844ae61d4e92bf26ad98af552775/wordpress/wp-activate.php&path=/var/www/volumes/69b4844ae61d4e92bf26ad98af552775/wordpress HTTP/1.1" 200 4955 "-" "Amazon CloudFront"
64.252.82.51 - - [15/Apr/2026:16:14:10 +0000] "GET /prizes/100244470?fileloc=/var/www/volumes/69b4844ae61d4e92bf26ad98af552775/wordpress/wp-activate.php&path=/var/www/volumes/69b4844ae61d4e92bf26ad98af552775/wordpress HTTP/1.1" 200 4964 "-" "Amazon CloudFront"
64.252.83.165 - - [15/Apr/2026:16:14:10 +0000] "GET /prizes/222526359?fileloc=/var/www/volumes/69b4844ae61d4e92bf26ad98af552775/wordpress/wp-trackback.php&path=/var/www/volumes/69b4844ae61d4e92bf26ad98af552775/wordpress HTTP/1.1" 200 4371 "-" "Amazon CloudFront"
64.252.83.165 - - [15/Apr/2026:16:14:11 +0000] "GET /prizes/333013955?fileloc=/var/www/volumes/69b4844ae61d4e92bf26ad98af552775/wordpress/wp-activate.php&path=/var/www/volumes/69b4844ae61d4e92bf26ad98af552775/wordpress HTTP/1.1" 200 4955 "-" "Amazon CloudFront"
64.252.82.51 - - [15/Apr/2026:16:14:11 +0000] "GET /prizes/222045187?fileloc=/var/www/volumes/69b4844ae61d4e92bf26ad98af552775/wordpress/wp-activate.php&path=/var/www/volumes/69b4844ae61d4e92bf26ad98af552775/wordpress HTTP/1.1" 200 4955 "-" "Amazon CloudFront"
64.252.85.188 - - [15/Apr/2026:16:14:12 +0000] "GET /prizes/333892571?fileloc=/var/www/volumes/69b4844ae61d4e92bf26ad98af552775/wordpress/wp-settings.php&path=/var/www/volumes/69b4844ae61d4e92bf26ad98af552775/wordpress HTTP/1.1" 200 6943 "-" "Amazon CloudFront"
64.252.83.165 - - [15/Apr/2026:16:14:12 +0000] "GET /prizes/227773460?fileloc=/var/www/volumes/69b4844ae61d4e92bf26ad98af552775/wordpress/wp-activate.php&path=/var/www/volumes/69b4844ae61d4e92bf26ad98af552775/wordpress HTTP/1.1" 200 4955 "-" "Amazon CloudFront"
64.252.83.165 - - [15/Apr/2026:16:14:13 +0000] "GET /prizes/222526359?fileloc=/var/www/volumes/69b4844ae61d4e92bf26ad98af552775/wordpress/wp-settings.php&path=/var/www/volumes/69b4844ae61d4e92bf26ad98af552775/wordpress HTTP/1.1" 200 6935 "-" "Amazon CloudFront"
64.252.83.165 - - [15/Apr/2026:16:14:13 +0000] "GET /prizes/287775783?fileloc=/var/www/volumes/69b4844ae61d4e92bf26ad98af552775/wordpress/wp-settings.php&path=/var/www/volumes/69b4844ae61d4e92bf26ad98af552775/wordpress HTTP/1.1" 200 6935 "-" "Amazon CloudFront"
64.252.85.188 - - [15/Apr/2026:16:14:14 +0000] "GET /prizes/136555652?fileloc=/var/www/volumes/69b4844ae61d4e92bf26ad98af552775/wordpress/wp-settings.php&path=/var/www/volumes/69b4844ae61d4e92bf26ad98af552775/wordpress HTTP/1.1" 200 6935 "-" "Amazon CloudFront"
64.252.85.188 - - [15/Apr/2026:16:14:14 +0000] "GET /prizes/222794773?fileloc=/var/www/volumes/69b4844ae61d4e92bf26ad98af552775/wordpress/wp-settings.php&path=/var/www/volumes/69b4844ae61d4e92bf26ad98af552775/wordpress HTTP/1.1" 200 6943 "-" "Amazon CloudFront"
64.252.83.165 - - [15/Apr/2026:16:14:15 +0000] "GET /prizes/222045187?fileloc=/var/www/volumes/69b4844ae61d4e92bf26ad98af552775/wordpress/wp-trackback.php&path=/var/www/volumes/69b4844ae61d4e92bf26ad98af552775/wordpress HTTP/1.1" 200 4371 "-" "Amazon CloudFront"
64.252.83.165 - - [15/Apr/2026:16:14:15 +0000] "GET /prizes/111092066?fileloc=/var/www/volumes/69b4844ae61d4e92bf26ad98af552775/wordpress/wp-trackback.php&path=/var/www/volumes/69b4844ae61d4e92bf26ad98af552775/wordpress HTTP/1.1" 200 4371 "-" "Amazon CloudFront"
64.252.85.188 - - [15/Apr/2026:16:14:16 +0000] "GET /prizes/287775783?fileloc=/var/www/volumes/69b4844ae61d4e92bf26ad98af552775/wordpress/wp-activate.php&path=/var/www/volumes/69b4844ae61d4e92bf26ad98af552775/wordpress HTTP/1.1" 200 4964 "-" "Amazon CloudFront"
64.252.82.51 - - [15/Apr/2026:16:14:16 +0000] "GET /prizes/287775783?fileloc=/var/www/volumes/69b4844ae61d4e92bf26ad98af552775/wordpress/wp-trackback.php&path=/var/www/volumes/69b4844ae61d4e92bf26ad98af552775/wordpress HTTP/1.1" 200 4348 "-" "Amazon CloudFront"
64.252.85.188 - - [15/Apr/2026:16:14:17 +0000] "GET /prizes/333013955?fileloc=/var/www/volumes/69b4844ae61d4e92bf26ad98af552775/wordpress/wp-trackback.php&path=/var/www/volumes/69b4844ae61d4e92bf26ad98af552775/wordpress HTTP/1.1" 200 4371 "-" "Amazon CloudFront"
64.252.83.165 - - [15/Apr/2026:16:14:17 +0000] "GET /prizes/274955521?fileloc=/var/www/volumes/69b4844ae61d4e92bf26ad98af552775/wordpress/wp-trackback.php&path=/var/www/volumes/69b4844ae61d4e92bf26ad98af552775/wordpress HTTP/1.1" 200 4371 "-" "Amazon CloudFront"
64.252.82.51 - - [15/Apr/2026:16:14:18 +0000] "GET /prizes/136555652?fileloc=/var/www/volumes/69b4844ae61d4e92bf26ad98af552775/wordpress/wp-trackback.php&path=/var/www/volumes/69b4844ae61d4e92bf26ad98af552775/wordpress HTTP/1.1" 200 4371 "-" "Amazon CloudFront"
64.252.82.51 - - [15/Apr/2026:16:14:19 +0000] "GET /prizes/227773460?fileloc=/var/www/volumes/69b4844ae61d4e92bf26ad98af552775/wordpress/wp-trackback.php&path=/var/www/volumes/69b4844ae61d4e92bf26ad98af552775/wordpress HTTP/1.1" 200 4371 "-" "Amazon CloudFront"
64.252.82.51 - - [15/Apr/2026:16:14:19 +0000] "GET /prizes/100244470?fileloc=/var/www/volumes/69b4844ae61d4e92bf26ad98af552775/wordpress/wp-trackback.php&path=/var/www/volumes/69b4844ae61d4e92bf26ad98af552775/wordpress HTTP/1.1" 200 4371 "-" "Amazon CloudFront"
64.252.82.51 - - [15/Apr/2026:16:14:20 +0000] "GET /prizes/274955521?fileloc=/var/www/volumes/69b4844ae61d4e92bf26ad98af552775/wordpress/wp-activate.php&path=/var/www/volumes/69b4844ae61d4e92bf26ad98af552775/wordpress HTTP/1.1" 200 4955 "-" "Amazon CloudFront"
64.252.83.165 - - [15/Apr/2026:16:14:20 +0000] "GET /prizes/274955521?fileloc=/var/www/volumes/69b4844ae61d4e92bf26ad98af552775/wordpress/wp-settings.php&path=/var/www/volumes/69b4844ae61d4e92bf26ad98af552775/wordpress HTTP/1.1" 200 6935 "-" "Amazon CloudFront"
64.252.82.51 - - [15/Apr/2026:16:14:21 +0000] "GET /prizes/227773460?path=//s3/4ed189584cf64c99b75b0a6e4a3bdd61/wordpress HTTP/1.1" 200 2889 "-" "Amazon CloudFront"
64.252.83.165 - - [15/Apr/2026:16:14:21 +0000] "GET /prizes/222045187?fileloc=//s3/healthcheck.txt&path=//s3 HTTP/1.1" 200 2542 "-" "Amazon CloudFront"
64.252.82.51 - - [15/Apr/2026:16:14:22 +0000] "GET /prizes/274955521?path=//s3/eee4b018541741e6a8349a41cc4132e5 HTTP/1.1" 200 2876 "-" "Amazon CloudFront"
64.252.82.51 - - [15/Apr/2026:16:14:22 +0000] "GET /prizes/227773460?path=//s3/d1444229b4284acc83179d2e27ae873e HTTP/1.1" 200 2876 "-" "Amazon CloudFront"
64.252.85.188 - - [15/Apr/2026:16:14:23 +0000] "GET /prizes/333892571?path=//s3/eee4b018541741e6a8349a41cc4132e5 HTTP/1.1" 200 2876 "-" "Amazon CloudFront"
64.252.83.165 - - [15/Apr/2026:16:14:23 +0000] "GET /prizes/222045187?path=//s3/d1444229b4284acc83179d2e27ae873e HTTP/1.1" 200 2876 "-" "Amazon CloudFront"
64.252.82.51 - - [15/Apr/2026:16:14:24 +0000] "GET /prizes/274955521?path=//s3/d1444229b4284acc83179d2e27ae873e HTTP/1.1" 200 2876 "-" "Amazon CloudFront"
64.252.83.165 - - [15/Apr/2026:16:14:24 +0000] "GET /prizes/333892571?path=//s3/d1444229b4284acc83179d2e27ae873e HTTP/1.1" 200 2876 "-" "Amazon CloudFront"
64.252.83.165 - - [15/Apr/2026:16:14:25 +0000] "GET /prizes/222045187?path=//s3/eee4b018541741e6a8349a41cc4132e5 HTTP/1.1" 200 2876 "-" "Amazon CloudFront"
64.252.82.51 - - [15/Apr/2026:16:14:25 +0000] "GET /prizes/274955521?fileloc=//s3/sow-cta-default-6acdc2a0cb19.css&path=//s3 HTTP/1.1" 200 2659 "-" "Amazon CloudFront"
64.252.83.165 - - [15/Apr/2026:16:14:26 +0000] "GET /prizes/222045187?fileloc=//s3/sow-cta-default-6acdc2a0cb19.css&path=//s3 HTTP/1.1" 200 2659 "-" "Amazon CloudFront"
64.252.85.188 - - [15/Apr/2026:16:14:26 +0000] "GET /prizes/333892571?path=//s3/6015441527fa458b8550c039b02629df HTTP/1.1" 200 2878 "-" "Amazon CloudFront"
64.252.85.188 - - [15/Apr/2026:16:14:27 +0000] "GET /prizes/222045187?path=//s3/6015441527fa458b8550c039b02629df HTTP/1.1" 200 2878 "-" "Amazon CloudFront"
64.252.83.165 - - [15/Apr/2026:16:14:27 +0000] "GET /prizes/227773460?path=//s3/6015441527fa458b8550c039b02629df HTTP/1.1" 200 2878 "-" "Amazon CloudFront"
64.252.82.51 - - [15/Apr/2026:16:14:28 +0000] "GET /prizes/333892571?path=//local HTTP/1.1" 200 2592 "-" "Amazon CloudFront"
64.252.85.188 - - [15/Apr/2026:16:14:29 +0000] "GET /prizes/222045187?path=//local HTTP/1.1" 200 2592 "-" "Amazon CloudFront"
64.252.83.165 - - [15/Apr/2026:16:14:29 +0000] "GET /prizes/333013955?fileloc=/var/www/volumes/69b4844ae61d4e92bf26ad98af552775/wordpress/wp-config.php&path=/var/www/volumes/69b4844ae61d4e92bf26ad98af552775/wordpress HTTP/1.1" 200 4248 "-" "Amazon CloudFront"
64.252.83.165 - - [15/Apr/2026:16:14:30 +0000] "GET /prizes/227773460?fileloc=/var/www/volumes/69b4844ae61d4e92bf26ad98af552775/wordpress/wp-mail.php&path=/var/www/volumes/69b4844ae61d4e92bf26ad98af552775/wordpress HTTP/1.1" 200 5467 "-" "Amazon CloudFront"
64.252.83.165 - - [15/Apr/2026:16:14:30 +0000] "GET /prizes/136555652?fileloc=/var/www/volumes/69b4844ae61d4e92bf26ad98af552775/wordpress/wp-mail.php&path=/var/www/volumes/69b4844ae61d4e92bf26ad98af552775/wordpress HTTP/1.1" 200 5477 "-" "Amazon CloudFront"
64.252.82.51 - - [15/Apr/2026:16:14:31 +0000] "GET /prizes/274955521?fileloc=/var/www/volumes/69b4844ae61d4e92bf26ad98af552775/wordpress/wp-cron.php&path=/var/www/volumes/69b4844ae61d4e92bf26ad98af552775/wordpress HTTP/1.1" 200 4221 "-" "Amazon CloudFront"
64.252.83.165 - - [15/Apr/2026:16:14:31 +0000] "GET /prizes/136555652?fileloc=/var/www/volumes/69b4844ae61d4e92bf26ad98af552775/wordpress/wp-load.php&path=/var/www/volumes/69b4844ae61d4e92bf26ad98af552775/wordpress HTTP/1.1" 200 4014 "-" "Amazon CloudFront"
64.252.82.51 - - [15/Apr/2026:16:14:32 +0000] "GET /prizes/333013955?fileloc=/var/www/volumes/69b4844ae61d4e92bf26ad98af552775/wordpress/wp-load.php&path=/var/www/volumes/69b4844ae61d4e92bf26ad98af552775/wordpress HTTP/1.1" 200 4014 "-" "Amazon CloudFront"
64.252.85.188 - - [15/Apr/2026:16:14:32 +0000] "GET /prizes/100244470?fileloc=/var/www/volumes/69b4844ae61d4e92bf26ad98af552775/wordpress/wp-cron.php&path=/var/www/volumes/69b4844ae61d4e92bf26ad98af552775/wordpress HTTP/1.1" 200 4221 "-" "Amazon CloudFront"
64.252.83.165 - - [15/Apr/2026:16:14:33 +0000] "GET /prizes/222045187?path=//s3/6015441527fa458b8550c039b02629df/wordpress HTTP/1.1" 200 2891 "-" "Amazon CloudFront"
64.252.85.188 - - [15/Apr/2026:16:14:33 +0000] "GET /prizes/274955521?fileloc=/var/www/volumes/69b4844ae61d4e92bf26ad98af552775/wordpress/wp-load.php&path=/var/www/volumes/69b4844ae61d4e92bf26ad98af552775/wordpress HTTP/1.1" 200 4014 "-" "Amazon CloudFront"
64.252.85.188 - - [15/Apr/2026:16:14:34 +0000] "GET /prizes/222045187?fileloc=/var/www/volumes/69b4844ae61d4e92bf26ad98af552775/wordpress/wp-mail.php&path=/var/www/volumes/69b4844ae61d4e92bf26ad98af552775/wordpress HTTP/1.1" 200 5477 "-" "Amazon CloudFront"
64.252.82.51 - - [15/Apr/2026:16:14:34 +0000] "GET /prizes/287775783?fileloc=/var/www/volumes/69b4844ae61d4e92bf26ad98af552775/wordpress/wp-cron.php&path=/var/www/volumes/69b4844ae61d4e92bf26ad98af552775/wordpress HTTP/1.1" 200 4221 "-" "Amazon CloudFront"
64.252.85.188 - - [15/Apr/2026:16:14:35 +0000] "GET /prizes/287775783?fileloc=/var/www/volumes/69b4844ae61d4e92bf26ad98af552775/wordpress/wp-load.php&path=/var/www/volumes/69b4844ae61d4e92bf26ad98af552775/wordpress HTTP/1.1" 200 4014 "-" "Amazon CloudFront"
64.252.83.165 - - [15/Apr/2026:16:14:35 +0000] "GET /prizes/333013955?fileloc=/var/www/volumes/69b4844ae61d4e92bf26ad98af552775/wordpress/wp-cron.php&path=/var/www/volumes/69b4844ae61d4e92bf26ad98af552775/wordpress HTTP/1.1" 200 4221 "-" "Amazon CloudFront"
64.252.82.51 - - [15/Apr/2026:16:14:36 +0000] "GET /prizes/222526359?fileloc=/var/www/volumes/69b4844ae61d4e92bf26ad98af552775/wordpress/wp-config.php&path=/var/www/volumes/69b4844ae61d4e92bf26ad98af552775/wordpress HTTP/1.1" 200 4248 "-" "Amazon CloudFront"
64.252.85.188 - - [15/Apr/2026:16:14:36 +0000] "GET /prizes/287775783?fileloc=/var/www/volumes/69b4844ae61d4e92bf26ad98af552775/wordpress/wp-mail.php&path=/var/www/volumes/69b4844ae61d4e92bf26ad98af552775/wordpress HTTP/1.1" 200 5477 "-" "Amazon CloudFront"
64.252.83.165 - - [15/Apr/2026:16:14:37 +0000] "GET /prizes/222045187?fileloc=/var/www/volumes/69b4844ae61d4e92bf26ad98af552775/wordpress/wp-load.php&path=/var/www/volumes/69b4844ae61d4e92bf26ad98af552775/wordpress HTTP/1.1" 200 4014 "-" "Amazon CloudFront"
64.252.85.188 - - [15/Apr/2026:16:14:37 +0000] "GET /prizes/100244470?fileloc=/var/www/volumes/69b4844ae61d4e92bf26ad98af552775/wordpress/wp-load.php&path=/var/www/volumes/69b4844ae61d4e92bf26ad98af552775/wordpress HTTP/1.1" 200 4014 "-" "Amazon CloudFront"
64.252.82.51 - - [15/Apr/2026:16:14:38 +0000] "GET /prizes/111092066?fileloc=/var/www/volumes/69b4844ae61d4e92bf26ad98af552775/wordpress/wp-mail.php&path=/var/www/volumes/69b4844ae61d4e92bf26ad98af552775/wordpress HTTP/1.1" 200 5477 "-" "Amazon CloudFront"
64.252.83.165 - - [15/Apr/2026:16:14:38 +0000] "GET /prizes/100244470?fileloc=/var/www/volumes/69b4844ae61d4e92bf26ad98af552775/wordpress/wp-config.php&path=/var/www/volumes/69b4844ae61d4e92bf26ad98af552775/wordpress HTTP/1.1" 200 4248 "-" "Amazon CloudFront"
64.252.82.51 - - [15/Apr/2026:16:14:39 +0000] "GET /prizes/333892571?fileloc=/var/www/volumes/69b4844ae61d4e92bf26ad98af552775/wordpress/wp-mail.php&path=/var/www/volumes/69b4844ae61d4e92bf26ad98af552775/wordpress HTTP/1.1" 200 5467 "-" "Amazon CloudFront"
64.252.82.51 - - [15/Apr/2026:16:14:40 +0000] "GET /prizes/227773460?fileloc=/var/www/volumes/69b4844ae61d4e92bf26ad98af552775/wordpress/wp-cron.php&path=/var/www/volumes/69b4844ae61d4e92bf26ad98af552775/wordpress HTTP/1.1" 200 4221 "-" "Amazon CloudFront"
64.252.85.188 - - [15/Apr/2026:16:14:51 +0000] "GET /prizes/274955521?fileloc=/var/www/volumes/69b4844ae61d4e92bf26ad98af552775/wordpress/wp-mail.php&path=/var/www/volumes/69b4844ae61d4e92bf26ad98af552775/wordpress HTTP/1.1" 200 5467 "-" "Amazon CloudFront"
64.252.82.51 - - [15/Apr/2026:16:14:51 +0000] "GET /prizes/227773460?fileloc=/var/www/volumes/69b4844ae61d4e92bf26ad98af552775/wordpress/wp-load.php&path=/var/www/volumes/69b4844ae61d4e92bf26ad98af552775/wordpress HTTP/1.1" 200 4014 "-" "Amazon CloudFront"
64.252.83.165 - - [15/Apr/2026:16:14:52 +0000] "GET /prizes/111092066?fileloc=/var/www/volumes/69b4844ae61d4e92bf26ad98af552775/wordpress/wp-cron.php&path=/var/www/volumes/69b4844ae61d4e92bf26ad98af552775/wordpress HTTP/1.1" 200 4221 "-" "Amazon CloudFront"
64.252.82.51 - - [15/Apr/2026:16:14:52 +0000] "GET /prizes/227773460?fileloc=/var/www/volumes/69b4844ae61d4e92bf26ad98af552775/wordpress/wp-config.php&path=/var/www/volumes/69b4844ae61d4e92bf26ad98af552775/wordpress HTTP/1.1" 200 4248 "-" "Amazon CloudFront"
64.252.83.165 - - [15/Apr/2026:16:14:53 +0000] "GET /prizes/274955521?fileloc=/var/www/volumes/69b4844ae61d4e92bf26ad98af552775/wordpress/wp-config.php&path=/var/www/volumes/69b4844ae61d4e92bf26ad98af552775/wordpress HTTP/1.1" 200 4248 "-" "Amazon CloudFront"
64.252.85.188 - - [15/Apr/2026:16:14:53 +0000] "GET /prizes/333892571?fileloc=/var/www/volumes/69b4844ae61d4e92bf26ad98af552775/wordpress/wp-load.php&path=/var/www/volumes/69b4844ae61d4e92bf26ad98af552775/wordpress HTTP/1.1" 200 4014 "-" "Amazon CloudFront"
64.252.85.188 - - [15/Apr/2026:16:14:54 +0000] "GET /prizes/222794773?fileloc=/var/www/volumes/69b4844ae61d4e92bf26ad98af552775/wordpress/wp-config.php&path=/var/www/volumes/69b4844ae61d4e92bf26ad98af552775/wordpress HTTP/1.1" 200 4248 "-" "Amazon CloudFront"
64.252.85.188 - - [15/Apr/2026:16:14:54 +0000] "GET /prizes/287775783?fileloc=/var/www/volumes/69b4844ae61d4e92bf26ad98af552775/wordpress/wp-config.php&path=/var/www/volumes/69b4844ae61d4e92bf26ad98af552775/wordpress HTTP/1.1" 200 4248 "-" "Amazon CloudFront"
64.252.85.188 - - [15/Apr/2026:16:14:55 +0000] "GET /prizes/111092066?fileloc=/var/www/volumes/69b4844ae61d4e92bf26ad98af552775/wordpress/wp-config.php&path=/var/www/volumes/69b4844ae61d4e92bf26ad98af552775/wordpress HTTP/1.1" 200 4248 "-" "Amazon CloudFront"
64.252.83.165 - - [15/Apr/2026:16:14:56 +0000] "GET /prizes/111092066?fileloc=/var/www/volumes/69b4844ae61d4e92bf26ad98af552775/wordpress/wp-load.php&path=/var/www/volumes/69b4844ae61d4e92bf26ad98af552775/wordpress HTTP/1.1" 200 4014 "-" "Amazon CloudFront"
64.252.85.188 - - [15/Apr/2026:16:14:56 +0000] "GET /prizes/333892571?fileloc=/var/www/volumes/69b4844ae61d4e92bf26ad98af552775/wordpress/wp-config.php&path=/var/www/volumes/69b4844ae61d4e92bf26ad98af552775/wordpress HTTP/1.1" 200 4248 "-" "Amazon CloudFront"
64.252.85.188 - - [15/Apr/2026:16:14:56 +0000] "GET /prizes/222526359?fileloc=/var/www/volumes/69b4844ae61d4e92bf26ad98af552775/wordpress/wp-load.php&path=/var/www/volumes/69b4844ae61d4e92bf26ad98af552775/wordpress HTTP/1.1" 200 4014 "-" "Amazon CloudFront"
64.252.82.51 - - [15/Apr/2026:16:14:57 +0000] "GET /prizes/136555652?fileloc=/var/www/volumes/69b4844ae61d4e92bf26ad98af552775/wordpress/wp-config.php&path=/var/www/volumes/69b4844ae61d4e92bf26ad98af552775/wordpress HTTP/1.1" 200 4248 "-" "Amazon CloudFront"
64.252.82.51 - - [15/Apr/2026:16:14:58 +0000] "GET /prizes/333892571?fileloc=/var/www/volumes/69b4844ae61d4e92bf26ad98af552775/wordpress/wp-cron.php&path=/var/www/volumes/69b4844ae61d4e92bf26ad98af552775/wordpress HTTP/1.1" 200 4221 "-" "Amazon CloudFront"
64.252.82.51 - - [15/Apr/2026:16:14:58 +0000] "GET /prizes/222045187?fileloc=/var/www/volumes/69b4844ae61d4e92bf26ad98af552775/wordpress/wp-cron.php&path=/var/www/volumes/69b4844ae61d4e92bf26ad98af552775/wordpress HTTP/1.1" 200 4221 "-" "Amazon CloudFront"
64.252.82.51 - - [15/Apr/2026:16:14:59 +0000] "GET /prizes/222794773?fileloc=/var/www/volumes/69b4844ae61d4e92bf26ad98af552775/wordpress/wp-cron.php&path=/var/www/volumes/69b4844ae61d4e92bf26ad98af552775/wordpress HTTP/1.1" 200 4221 "-" "Amazon CloudFront"
64.252.83.165 - - [15/Apr/2026:16:14:59 +0000] "GET /prizes/222794773?fileloc=/var/www/volumes/69b4844ae61d4e92bf26ad98af552775/wordpress/wp-mail.php&path=/var/www/volumes/69b4844ae61d4e92bf26ad98af552775/wordpress HTTP/1.1" 200 5477 "-" "Amazon CloudFront"
64.252.83.165 - - [15/Apr/2026:16:15:00 +0000] "GET /prizes/333013955?fileloc=/var/www/volumes/69b4844ae61d4e92bf26ad98af552775/wordpress/wp-mail.php&path=/var/www/volumes/69b4844ae61d4e92bf26ad98af552775/wordpress HTTP/1.1" 200 5477 "-" "Amazon CloudFront"
64.252.85.188 - - [15/Apr/2026:16:15:00 +0000] "GET /prizes/100244470?fileloc=/var/www/volumes/69b4844ae61d4e92bf26ad98af552775/wordpress/wp-mail.php&path=/var/www/volumes/69b4844ae61d4e92bf26ad98af552775/wordpress HTTP/1.1" 200 5477 "-" "Amazon CloudFront"
64.252.82.51 - - [15/Apr/2026:16:15:01 +0000] "GET /prizes/136555652?fileloc=/var/www/volumes/69b4844ae61d4e92bf26ad98af552775/wordpress/wp-cron.php&path=/var/www/volumes/69b4844ae61d4e92bf26ad98af552775/wordpress HTTP/1.1" 200 4197 "-" "Amazon CloudFront"
64.252.83.165 - - [15/Apr/2026:16:15:01 +0000] "GET /prizes/222526359?fileloc=/var/www/volumes/69b4844ae61d4e92bf26ad98af552775/wordpress/wp-mail.php&path=/var/www/volumes/69b4844ae61d4e92bf26ad98af552775/wordpress HTTP/1.1" 200 5467 "-" "Amazon CloudFront"
64.252.82.51 - - [15/Apr/2026:16:15:02 +0000] "GET /prizes/222526359?fileloc=/var/www/volumes/69b4844ae61d4e92bf26ad98af552775/wordpress/wp-cron.php&path=/var/www/volumes/69b4844ae61d4e92bf26ad98af552775/wordpress HTTP/1.1" 200 4221 "-" "Amazon CloudFront"
64.252.85.188 - - [15/Apr/2026:16:15:02 +0000] "GET /prizes/222045187?fileloc=/var/www/volumes/69b4844ae61d4e92bf26ad98af552775/wordpress/wp-config.php&path=/var/www/volumes/69b4844ae61d4e92bf26ad98af552775/wordpress HTTP/1.1" 200 4248 "-" "Amazon CloudFront"
64.252.85.188 - - [15/Apr/2026:16:15:03 +0000] "GET /prizes/222794773?fileloc=/var/www/volumes/69b4844ae61d4e92bf26ad98af552775/wordpress/wp-load.php&path=/var/www/volumes/69b4844ae61d4e92bf26ad98af552775/wordpress HTTP/1.1" 200 4014 "-" "Amazon CloudFront"
64.252.83.165 - - [15/Apr/2026:16:15:03 +0000] "GET /prizes/274955521?path=//s3/b96555b76f6649f9a8a89aedce059be3 HTTP/1.1" 200 2876 "-" "Amazon CloudFront"
64.252.82.51 - - [15/Apr/2026:16:15:04 +0000] "GET /prizes/274955521?path=//s3/3b1bb0cdf63a4f5db01023e1b0c3a216 HTTP/1.1" 200 2877 "-" "Amazon CloudFront"
64.252.82.51 - - [15/Apr/2026:16:15:04 +0000] "GET /prizes/227773460?path=//s3/cfd899a3cbd84f34a754d849d46e28f6 HTTP/1.1" 200 2878 "-" "Amazon CloudFront"
64.252.83.165 - - [15/Apr/2026:16:15:05 +0000] "GET /prizes/333892571?path=//s3/cfd899a3cbd84f34a754d849d46e28f6 HTTP/1.1" 200 2878 "-" "Amazon CloudFront"
64.252.82.51 - - [15/Apr/2026:16:15:05 +0000] "GET /prizes/274955521?path=//s3/ab1fd8285db24c999ec24485dd43eba0 HTTP/1.1" 200 2873 "-" "Amazon CloudFront"
64.252.83.165 - - [15/Apr/2026:16:15:06 +0000] "GET /prizes/333892571?path=//s3/023af47b1ec54a27b1b6cce8057139ee HTTP/1.1" 200 2877 "-" "Amazon CloudFront"
64.252.85.188 - - [15/Apr/2026:16:15:07 +0000] "GET /prizes/222045187?path=//s3/ab1fd8285db24c999ec24485dd43eba0 HTTP/1.1" 200 2873 "-" "Amazon CloudFront"
64.252.83.165 - - [15/Apr/2026:16:15:07 +0000] "GET /prizes/222045187?path=//s3/bab4ba1655354d518fbf1feabf778c50 HTTP/1.1" 200 2878 "-" "Amazon CloudFront"
64.252.82.51 - - [15/Apr/2026:16:15:08 +0000] "GET /prizes/227773460?path=//s3/023af47b1ec54a27b1b6cce8057139ee HTTP/1.1" 200 2877 "-" "Amazon CloudFront"
64.252.85.188 - - [15/Apr/2026:16:15:08 +0000] "GET /prizes/287775783?path=/var/www/volumes/c0cadd54d91e4c4fa5e103ffda8506bf HTTP/1.1" 200 2643 "-" "Amazon CloudFront"
64.252.85.188 - - [15/Apr/2026:16:15:09 +0000] "GET /prizes/227773460?path=/var/www/volumes/c0cadd54d91e4c4fa5e103ffda8506bf HTTP/1.1" 200 2643 "-" "Amazon CloudFront"
64.252.82.51 - - [15/Apr/2026:16:15:09 +0000] "GET /prizes/222526359?path=/var/www/volumes/c0cadd54d91e4c4fa5e103ffda8506bf HTTP/1.1" 200 2643 "-" "Amazon CloudFront"
64.252.83.165 - - [15/Apr/2026:16:15:10 +0000] "GET /prizes/136555652?path=/var/www/volumes/c0cadd54d91e4c4fa5e103ffda8506bf HTTP/1.1" 200 2643 "-" "Amazon CloudFront"
64.252.82.51 - - [15/Apr/2026:16:15:10 +0000] "GET /prizes/333013955?path=/var/www/volumes/1762066ad2ec4faebfe7cf55da8c57be HTTP/1.1" 200 2642 "-" "Amazon CloudFront"
64.252.82.51 - - [15/Apr/2026:16:15:11 +0000] "GET /prizes/274955521?path=/var/www/volumes/c0cadd54d91e4c4fa5e103ffda8506bf HTTP/1.1" 200 2643 "-" "Amazon CloudFront"
64.252.85.188 - - [15/Apr/2026:16:15:11 +0000] "GET /prizes/274955521?path=//s3/ab1fd8285db24c999ec24485dd43eba0/wordpress HTTP/1.1" 200 2889 "-" "Amazon CloudFront"
64.252.82.51 - - [15/Apr/2026:16:15:12 +0000] "GET /prizes/333892571?path=//s3/023af47b1ec54a27b1b6cce8057139ee/wordpress HTTP/1.1" 200 2889 "-" "Amazon CloudFront"
64.252.85.188 - - [15/Apr/2026:16:15:12 +0000] "GET /prizes/222794773?path=/var/www/volumes/c0cadd54d91e4c4fa5e103ffda8506bf HTTP/1.1" 200 2643 "-" "Amazon CloudFront"
64.252.82.51 - - [15/Apr/2026:16:15:13 +0000] "GET /prizes/111092066?path=/var/www/volumes/2e54353abdae4c6db2194eccb0b67bcc HTTP/1.1" 200 2642 "-" "Amazon CloudFront"
64.252.82.51 - - [15/Apr/2026:16:15:13 +0000] "GET /prizes/222045187?path=//home HTTP/1.1" 200 2966 "-" "Amazon CloudFront"
64.252.85.188 - - [15/Apr/2026:16:15:14 +0000] "GET /prizes/333892571?path=//home HTTP/1.1" 200 2966 "-" "Amazon CloudFront"
64.252.82.51 - - [15/Apr/2026:16:15:14 +0000] "GET /prizes/274955521?path=//s3/e6530e2df33944698d3574daf6d276b4/wordpress HTTP/1.1" 200 2889 "-" "Amazon CloudFront"
64.252.83.165 - - [15/Apr/2026:16:15:15 +0000] "GET /prizes/222045187?path=//s3/fa410502b12f4af780703c7492dfe955/wordpress HTTP/1.1" 200 2890 "-" "Amazon CloudFront"
64.252.85.188 - - [15/Apr/2026:16:15:15 +0000] "GET /prizes/227773460?path=//s3/e84084814a2d41d5a0d21be8fb696124/wordpress HTTP/1.1" 200 2888 "-" "Amazon CloudFront"
64.252.82.51 - - [15/Apr/2026:16:15:16 +0000] "GET /prizes/227773460?path=//s3/9202c93155804fcca7d40217499ed0ed/wordpress HTTP/1.1" 200 2890 "-" "Amazon CloudFront"
64.252.83.165 - - [15/Apr/2026:16:15:16 +0000] "GET /prizes/333892571?path=//s3/e84084814a2d41d5a0d21be8fb696124/wordpress HTTP/1.1" 200 2888 "-" "Amazon CloudFront"
64.252.82.51 - - [15/Apr/2026:16:15:17 +0000] "GET /prizes/274955521?path=//s3/ab1fd8285db24c999ec24485dd43eba0/wordpress/wp-content HTTP/1.1" 200 2898 "-" "Amazon CloudFront"
64.252.69.192 - - [15/Apr/2026:16:15:17 +0000] "GET /?p=44307 HTTP/1.1" 200 4349 "-" "Amazon CloudFront"
64.252.85.188 - - [15/Apr/2026:16:15:17 +0000] "GET /prizes/222045187?path=//s3/e6530e2df33944698d3574daf6d276b4/wordpress HTTP/1.1" 200 2889 "-" "Amazon CloudFront"
64.252.82.51 - - [15/Apr/2026:16:15:18 +0000] "GET /prizes/222045187?path=//s3/eee4b018541741e6a8349a41cc4132e5/wordpress HTTP/1.1" 200 2889 "-" "Amazon CloudFront"
64.252.85.188 - - [15/Apr/2026:16:15:19 +0000] "GET /prizes/227773460?path=//s3/6819dd61b37e448094c7aaa249a111f1/wordpress HTTP/1.1" 200 2888 "-" "Amazon CloudFront"
64.252.82.51 - - [15/Apr/2026:16:15:19 +0000] "GET /prizes/222045187?path=//home/ec2-user HTTP/1.1" 200 2604 "-" "Amazon CloudFront"
64.252.82.51 - - [15/Apr/2026:16:15:19 +0000] "GET /prizes/333892571?path=//home/ec2-user HTTP/1.1" 200 2604 "-" "Amazon CloudFront"
64.252.85.188 - - [15/Apr/2026:16:15:20 +0000] "GET /prizes/333892571?path=//home/openlitespeed HTTP/1.1" 200 2608 "-" "Amazon CloudFront"
64.252.85.188 - - [15/Apr/2026:16:15:21 +0000] "GET /prizes/222045187?path=//home/openlitespeed HTTP/1.1" 200 2608 "-" "Amazon CloudFront"
64.252.82.51 - - [15/Apr/2026:16:15:21 +0000] "GET /prizes/333892571?path=//s3/9202c93155804fcca7d40217499ed0ed/wordpress HTTP/1.1" 200 2890 "-" "Amazon CloudFront"
64.252.82.51 - - [15/Apr/2026:16:15:22 +0000] "GET /prizes/227773460?path=//s3/572005f8665e4899bbdd091eef88370e/wordpress HTTP/1.1" 200 2889 "-" "Amazon CloudFront"
64.252.85.188 - - [15/Apr/2026:16:15:22 +0000] "GET /prizes/333892571?path=//s3/572005f8665e4899bbdd091eef88370e/wordpress HTTP/1.1" 200 2889 "-" "Amazon CloudFront"
64.252.85.188 - - [15/Apr/2026:16:15:23 +0000] "GET /prizes/274955521?path=//s3/ab1fd8285db24c999ec24485dd43eba0/wordpress/wp-content/uploads HTTP/1.1" 200 3271 "-" "Amazon CloudFront"
64.252.82.51 - - [15/Apr/2026:16:15:23 +0000] "GET /prizes/274955521?path=//s3/572005f8665e4899bbdd091eef88370e/wordpress HTTP/1.1" 200 2889 "-" "Amazon CloudFront"
64.252.83.165 - - [15/Apr/2026:16:15:24 +0000] "GET /prizes/222045187?path=//s3/e794902bc2564bb399357dca50594ea0/wordpress HTTP/1.1" 200 2889 "-" "Amazon CloudFront"
64.252.83.165 - - [15/Apr/2026:16:15:24 +0000] "GET /prizes/274955521?path=//s3/e84084814a2d41d5a0d21be8fb696124/wordpress HTTP/1.1" 200 2888 "-" "Amazon CloudFront"
64.252.85.188 - - [15/Apr/2026:16:15:25 +0000] "GET /prizes/222045187?path=//s3/421628f699494a3cb1aaa4b26e643e05/wordpress HTTP/1.1" 200 2890 "-" "Amazon CloudFront"
64.252.83.165 - - [15/Apr/2026:16:15:25 +0000] "GET /prizes/274955521?path=//s3/c2e25c36411b4f86a381a3d621d5e943/wordpress HTTP/1.1" 200 2889 "-" "Amazon CloudFront"
64.252.82.51 - - [15/Apr/2026:16:15:26 +0000] "GET /prizes/222045187?path=//s3/9202c93155804fcca7d40217499ed0ed/wordpress HTTP/1.1" 200 2890 "-" "Amazon CloudFront"
64.252.85.188 - - [15/Apr/2026:16:15:26 +0000] "GET /prizes/227773460?path=//s3/07f87d97202c447da565b192a4eaa093/wordpress HTTP/1.1" 200 2889 "-" "Amazon CloudFront"
64.252.83.165 - - [15/Apr/2026:16:15:27 +0000] "GET /prizes/222045187?path=//s3/572005f8665e4899bbdd091eef88370e/wordpress HTTP/1.1" 200 2889 "-" "Amazon CloudFront"
64.252.83.165 - - [15/Apr/2026:16:15:27 +0000] "GET /prizes/333892571?path=//s3/379583630da24136815fc5ba872da7de/wordpress HTTP/1.1" 200 2889 "-" "Amazon CloudFront"
64.252.82.51 - - [15/Apr/2026:16:15:28 +0000] "GET /prizes/333892571?path=//s3/6819dd61b37e448094c7aaa249a111f1/wordpress HTTP/1.1" 200 2888 "-" "Amazon CloudFront"
64.252.85.188 - - [15/Apr/2026:16:15:28 +0000] "GET /prizes/274955521?path=//s3/ab1fd8285db24c999ec24485dd43eba0/wordpress/wp-content/uploads/elementor HTTP/1.1" 200 2921 "-" "Amazon CloudFront"
64.252.82.51 - - [15/Apr/2026:16:15:29 +0000] "GET /prizes/333013955?path=/var/www/volumes/a96dc966665345c6b55a1891859a9f75 HTTP/1.1" 200 2641 "-" "Amazon CloudFront"
64.252.83.165 - - [15/Apr/2026:16:15:30 +0000] "GET /prizes/274955521?path=/var/www/volumes/a96dc966665345c6b55a1891859a9f75 HTTP/1.1" 200 2641 "-" "Amazon CloudFront"
64.252.83.165 - - [15/Apr/2026:16:15:30 +0000] "GET /prizes/222526359?path=/var/www/volumes/a96dc966665345c6b55a1891859a9f75 HTTP/1.1" 200 2641 "-" "Amazon CloudFront"
64.252.83.165 - - [15/Apr/2026:16:15:31 +0000] "GET /prizes/227773460?path=/var/www/volumes/e7640085594640a69075cee210160b4e HTTP/1.1" 200 2642 "-" "Amazon CloudFront"
64.252.82.51 - - [15/Apr/2026:16:15:31 +0000] "GET /prizes/222526359?path=/var/www/volumes/34623c2f681e485499c46d8af9296f68 HTTP/1.1" 200 2642 "-" "Amazon CloudFront"
64.252.85.188 - - [15/Apr/2026:16:15:32 +0000] "GET /prizes/111092066?path=/var/www/volumes/4bf646eb817d431096d406615168f1e1 HTTP/1.1" 200 2642 "-" "Amazon CloudFront"
64.252.85.188 - - [15/Apr/2026:16:15:32 +0000] "GET /prizes/227773460?path=//s3/4f10bf1047884191b0f3db9e746294b8 HTTP/1.1" 200 2877 "-" "Amazon CloudFront"
64.252.82.51 - - [15/Apr/2026:16:15:33 +0000] "GET /prizes/333892571?path=//s3/08f68344ad4f4069b8296d3899a859fe HTTP/1.1" 200 2877 "-" "Amazon CloudFront"
64.252.83.165 - - [15/Apr/2026:16:15:33 +0000] "GET /prizes/222794773?path=/var/www/volumes/9eb4e4cc30034fda81a50d3e19ed6bcd/backup HTTP/1.1" 200 2654 "-" "Amazon CloudFront"
64.252.85.188 - - [15/Apr/2026:16:15:34 +0000] "GET /prizes/222526359?path=/var/www/volumes/9eb4e4cc30034fda81a50d3e19ed6bcd/backup HTTP/1.1" 200 2654 "-" "Amazon CloudFront"
64.252.85.188 - - [15/Apr/2026:16:15:34 +0000] "GET /prizes/227773460?path=/var/www/volumes/9eb4e4cc30034fda81a50d3e19ed6bcd/backup HTTP/1.1" 200 2654 "-" "Amazon CloudFront"
64.252.83.165 - - [15/Apr/2026:16:15:35 +0000] "GET /prizes/274955521?path=/var/www/volumes/9eb4e4cc30034fda81a50d3e19ed6bcd/backup HTTP/1.1" 200 2654 "-" "Amazon CloudFront"
64.252.83.165 - - [15/Apr/2026:16:15:35 +0000] "GET /prizes/136555652?path=/var/www/volumes/9eb4e4cc30034fda81a50d3e19ed6bcd/backup HTTP/1.1" 200 2654 "-" "Amazon CloudFront"
64.252.82.51 - - [15/Apr/2026:16:15:36 +0000] "GET /prizes/100244470?path=/var/www/volumes/9eb4e4cc30034fda81a50d3e19ed6bcd/backup HTTP/1.1" 200 2654 "-" "Amazon CloudFront"
64.252.85.188 - - [15/Apr/2026:16:15:36 +0000] "GET /prizes/287775783?path=/var/www/volumes/9eb4e4cc30034fda81a50d3e19ed6bcd/backup HTTP/1.1" 200 2654 "-" "Amazon CloudFront"
64.252.82.51 - - [15/Apr/2026:16:15:37 +0000] "GET /prizes/227773460?path=//s3/61d5830126fa4469b4a3595b51c08e8d HTTP/1.1" 200 2877 "-" "Amazon CloudFront"
64.252.85.188 - - [15/Apr/2026:16:15:37 +0000] "GET /prizes/222045187?path=//s3/395878edd5b948569c2a0641a16b34f7 HTTP/1.1" 200 2877 "-" "Amazon CloudFront"
64.252.83.165 - - [15/Apr/2026:16:15:38 +0000] "GET /prizes/274955521?path=/var/www/volumes/0acd553a2bfa4c2eb2832d60e4ae73c1 HTTP/1.1" 200 2642 "-" "Amazon CloudFront"
64.252.83.165 - - [15/Apr/2026:16:15:38 +0000] "GET /prizes/222045187?path=//s3/0d12edd31ab0488b8d201eff314afd52 HTTP/1.1" 200 2877 "-" "Amazon CloudFront"
