64.252.122.229 - - [15/Apr/2026:18:29:31 +0000] "GET /prizes/187405874?path=//usr/share/locale/bg_BG HTTP/1.1" 200 2886 "-" "Amazon CloudFront"
64.252.122.229 - - [15/Apr/2026:18:29:31 +0000] "GET /prizes/187405874?path=//usr/share/locale/fr_CA HTTP/1.1" 200 2886 "-" "Amazon CloudFront"
64.252.122.226 - - [15/Apr/2026:18:29:32 +0000] "GET /prizes/187405874?path=//usr/share/locale/id_ID HTTP/1.1" 200 2884 "-" "Amazon CloudFront"
64.252.122.226 - - [15/Apr/2026:18:29:32 +0000] "GET /prizes/187405874?path=//usr/share/locale/de_CH HTTP/1.1" 200 2885 "-" "Amazon CloudFront"
64.252.88.96 - - [15/Apr/2026:18:29:32 +0000] "GET /prizes/54769733 HTTP/1.1" 200 4208 "-" "Amazon CloudFront"
64.252.122.229 - - [15/Apr/2026:18:29:33 +0000] "GET /prizes/187405874?path=//usr/share/locale/nl_BE HTTP/1.1" 200 2886 "-" "Amazon CloudFront"
64.252.122.226 - - [15/Apr/2026:18:29:33 +0000] "GET /prizes/187405874?path=//usr/share/locale/en_NZ HTTP/1.1" 200 2844 "-" "Amazon CloudFront"
64.252.122.229 - - [15/Apr/2026:18:29:34 +0000] "GET /prizes/187405874?path=//usr/share/locale/bn_IN HTTP/1.1" 200 2886 "-" "Amazon CloudFront"
64.252.74.231 - - [15/Apr/2026:18:29:34 +0000] "GET /?path=%2Fvar%2Fwww%2Fvolumes%2F34623c2f681e485499c46d8af9296f68 HTTP/1.1" 200 2642 "-" "Amazon CloudFront"
64.252.77.101 - - [15/Apr/2026:18:29:34 +0000] "GET /?fileloc=%2Fvar%2Fwww%2Fvolumes%2F69b4844ae61d4e92bf26ad98af552775%2Fwordpress%2Fwp-admin%2Fwidgets.php&path=%2Fvar%2Fwww%2Fvolumes%2F69b4844ae61d4e92bf26ad98af552775%2Fwordpress%2Fwp-admin HTTP/1.1" 200 8468 "-" "Amazon CloudFront"
64.252.74.231 - - [15/Apr/2026:18:29:34 +0000] "GET /?fileloc=%2Fvar%2Fwww%2Fvolumes%2F69b4844ae61d4e92bf26ad98af552775%2Fwordpress%2Fwp-includes%2Ffunctions.wp-styles.php&path=%2Fvar%2Fwww%2Fvolumes%2F69b4844ae61d4e92bf26ad98af552775%2Fwordpress%2Fwp-includes HTTP/1.1" 200 4769 "-" "Amazon CloudFront"
64.252.74.231 - - [15/Apr/2026:18:29:34 +0000] "GET /?path=%2Fvar%2Fwww%2Fvolumes%2F6a619828da354835b3a74b0a9a50dad5 HTTP/1.1" 200 2643 "-" "Amazon CloudFront"
64.252.74.231 - - [15/Apr/2026:18:29:34 +0000] "GET /?fileloc=%2Fvar%2Fwww%2Fvolumes%2F69b4844ae61d4e92bf26ad98af552775%2Fwordpress%2Fwp-admin%2Fedit-link-form.php&path=%2Fvar%2Fwww%2Fvolumes%2F69b4844ae61d4e92bf26ad98af552775%2Fwordpress%2Fwp-admin HTTP/1.1" 200 4660 "-" "Amazon CloudFront"
64.252.74.231 - - [15/Apr/2026:18:29:34 +0000] "GET /?fileloc=%2Fvar%2Fwww%2Fvolumes%2F69b4844ae61d4e92bf26ad98af552775%2Fwordpress%2Fwp-includes%2Ffeed-rss.php&path=%2Fvar%2Fwww%2Fvolumes%2F69b4844ae61d4e92bf26ad98af552775%2Fwordpress%2Fwp-includes HTTP/1.1" 200 3191 "-" "Amazon CloudFront"
64.252.75.25 - - [15/Apr/2026:18:29:34 +0000] "GET /?fileloc=%2Fvar%2Fwww%2Fvolumes%2F69b4844ae61d4e92bf26ad98af552775%2Fwordpress%2Fwp-includes%2Fclass.wp-styles.php&path=%2Fvar%2Fwww%2Fvolumes%2F69b4844ae61d4e92bf26ad98af552775%2Fwordpress%2Fwp-includes HTTP/1.1" 200 5321 "-" "Amazon CloudFront"
64.252.74.231 - - [15/Apr/2026:18:29:34 +0000] "GET /?fileloc=%2Fvar%2Fwww%2Fvolumes%2F69b4844ae61d4e92bf26ad98af552775%2Fwordpress%2Fwp-includes%2Fcomment.php&path=%2Fvar%2Fwww%2Fvolumes%2F69b4844ae61d4e92bf26ad98af552775%2Fwordpress%2Fwp-includes HTTP/1.1" 200 28800 "-" "Amazon CloudFront"
64.252.75.25 - - [15/Apr/2026:18:29:34 +0000] "GET /?fileloc=%2Fvar%2Fwww%2Fvolumes%2F69b4844ae61d4e92bf26ad98af552775%2Fwordpress%2Fwp-includes%2Fclass-phpass.php&path=%2Fvar%2Fwww%2Fvolumes%2F69b4844ae61d4e92bf26ad98af552775%2Fwordpress%2Fwp-includes HTTP/1.1" 200 5133 "-" "Amazon CloudFront"
64.252.75.25 - - [15/Apr/2026:18:29:34 +0000] "GET /?fileloc=%2Fvar%2Fwww%2Fvolumes%2F69b4844ae61d4e92bf26ad98af552775%2Fwordpress%2Fwp-includes%2Fclass-requests.php&path=%2Fvar%2Fwww%2Fvolumes%2F69b4844ae61d4e92bf26ad98af552775%2Fwordpress%2Fwp-includes HTTP/1.1" 200 10713 "-" "Amazon CloudFront"
64.252.77.101 - - [15/Apr/2026:18:29:34 +0000] "GET /?fileloc=%2Fvar%2Fwww%2Fvolumes%2F69b4844ae61d4e92bf26ad98af552775%2Fwordpress%2Fwp-admin%2Fms-users.php&path=%2Fvar%2Fwww%2Fvolumes%2F69b4844ae61d4e92bf26ad98af552775%2Fwordpress%2Fwp-admin HTTP/1.1" 200 2738 "-" "Amazon CloudFront"
64.252.75.25 - - [15/Apr/2026:18:29:34 +0000] "GET /?fileloc=%2Fvar%2Fwww%2Fvolumes%2F69b4844ae61d4e92bf26ad98af552775%2Fwordpress%2Fwp-includes%2Fclass.wp-dependencies.php&path=%2Fvar%2Fwww%2Fvolumes%2F69b4844ae61d4e92bf26ad98af552775%2Fwordpress%2Fwp-includes HTTP/1.1" 200 5355 "-" "Amazon CloudFront"
64.252.77.101 - - [15/Apr/2026:18:29:34 +0000] "GET /?fileloc=%2Fvar%2Fwww%2Fvolumes%2F69b4844ae61d4e92bf26ad98af552775%2Fwordpress%2Fwp-includes%2Ftheme-interpreter.php&path=%2Fvar%2Fwww%2Fvolumes%2F69b4844ae61d4e92bf26ad98af552775%2Fwordpress%2Fwp-includes HTTP/1.1" 200 3829 "-" "Amazon CloudFront"
64.252.75.25 - - [15/Apr/2026:18:29:34 +0000] "GET /?fileloc=%2Fvar%2Fwww%2Fvolumes%2F69b4844ae61d4e92bf26ad98af552775%2Fwordpress%2Fwp-includes%2Fwidgets.php&path=%2Fvar%2Fwww%2Fvolumes%2F69b4844ae61d4e92bf26ad98af552775%2Fwordpress%2Fwp-includes HTTP/1.1" 200 15415 "-" "Amazon CloudFront"
64.252.77.101 - - [15/Apr/2026:18:29:35 +0000] "GET /?path=%2Fvar%2Fwww%2Fvolumes%2F3637600e3fb8495fa4b9b12cd6b1851f HTTP/1.1" 200 2643 "-" "Amazon CloudFront"
64.252.75.25 - - [15/Apr/2026:18:29:35 +0000] "GET /?path=%2Fvar%2Fwww%2Fvolumes%2F798bee7eed1944599e8e29524007134a HTTP/1.1" 200 2642 "-" "Amazon CloudFront"
64.252.77.101 - - [15/Apr/2026:18:29:35 +0000] "GET /?path=%2Fvar%2Fwww%2Fvolumes%2F380f5d49540a456baf7809b414938aa7 HTTP/1.1" 200 2643 "-" "Amazon CloudFront"
64.252.75.25 - - [15/Apr/2026:18:29:34 +0000] "GET /?fileloc=%2Fvar%2Fwww%2Fvolumes%2F69b4844ae61d4e92bf26ad98af552775%2Fwordpress%2Fwp-includes%2Ftheme.php&path=%2Fvar%2Fwww%2Fvolumes%2F69b4844ae61d4e92bf26ad98af552775%2Fwordpress%2Fwp-includes HTTP/1.1" 200 27184 "-" "Amazon CloudFront"
64.252.74.231 - - [15/Apr/2026:18:29:34 +0000] "GET /?path=%2Fvar%2Fwww%2Fvolumes%2F9eadbdce174f4198b4fc2585342753f5 HTTP/1.1" 200 2643 "-" "Amazon CloudFront"
64.252.74.231 - - [15/Apr/2026:18:29:35 +0000] "GET /?fileloc=%2Fvar%2Fwww%2Fvolumes%2F69b4844ae61d4e92bf26ad98af552775%2Fwordpress%2Fwp-admin%2Fcustomize.php&path=%2Fvar%2Fwww%2Fvolumes%2F69b4844ae61d4e92bf26ad98af552775%2Fwordpress%2Fwp-admin HTTP/1.1" 200 5839 "-" "Amazon CloudFront"
64.252.74.231 - - [15/Apr/2026:18:29:35 +0000] "GET /?fileloc=%2Fvar%2Fwww%2Fvolumes%2F69b4844ae61d4e92bf26ad98af552775%2Fwordpress%2Fwp-includes%2Ffeed-atom-comments.php&path=%2Fvar%2Fwww%2Fvolumes%2F69b4844ae61d4e92bf26ad98af552775%2Fwordpress%2Fwp-includes HTTP/1.1" 200 4353 "-" "Amazon CloudFront"
64.252.75.25 - - [15/Apr/2026:18:29:35 +0000] "GET /?path=%2Fvar%2Fwww%2Fvolumes%2Fc65c3bb7dd7f416188b2481c39f07100 HTTP/1.1" 200 2643 "-" "Amazon CloudFront"
64.252.122.226 - - [15/Apr/2026:18:29:34 +0000] "GET /prizes/187405874?path=//usr/share/locale/en_CA HTTP/1.1" 200 2885 "-" "Amazon CloudFront"
64.252.74.231 - - [15/Apr/2026:18:29:35 +0000] "GET /?fileloc=%2Fvar%2Fwww%2Fvolumes%2F69b4844ae61d4e92bf26ad98af552775%2Fwordpress%2Fwp-includes%2Fpluggable-deprecated.php&path=%2Fvar%2Fwww%2Fvolumes%2F69b4844ae61d4e92bf26ad98af552775%2Fwordpress%2Fwp-includes HTTP/1.1" 200 4456 "-" "Amazon CloudFront"
64.252.122.229 - - [15/Apr/2026:18:29:35 +0000] "GET /prizes/187405874?path=//usr/share/locale/en_AU HTTP/1.1" 200 2885 "-" "Amazon CloudFront"
64.252.77.101 - - [15/Apr/2026:18:29:35 +0000] "GET /?path=%2Fvar%2Fwww%2Fvolumes%2F5ca95b521c164b4db66b9f72c0b311a0 HTTP/1.1" 200 2642 "-" "Amazon CloudFront"
64.252.88.210 - - [15/Apr/2026:18:29:35 +0000] "GET /prizes/46168329 HTTP/1.1" 200 4215 "-" "Amazon CloudFront"
64.252.122.226 - - [15/Apr/2026:18:29:35 +0000] "GET /prizes/187405874?path=//usr/share/locale/fi_FI HTTP/1.1" 200 2886 "-" "Amazon CloudFront"
64.252.122.226 - - [15/Apr/2026:18:29:36 +0000] "GET /prizes/187405874?path=//usr/share/locale/nb_NO HTTP/1.1" 200 2882 "-" "Amazon CloudFront"
64.252.122.226 - - [15/Apr/2026:18:29:36 +0000] "GET /prizes/187405874?path=//usr/share/locale/kw_GB HTTP/1.1" 200 2885 "-" "Amazon CloudFront"
64.252.122.226 - - [15/Apr/2026:18:29:37 +0000] "GET /prizes/187405874?path=//usr/share/locale/de_DE HTTP/1.1" 200 2885 "-" "Amazon CloudFront"
64.252.122.229 - - [15/Apr/2026:18:29:38 +0000] "GET /prizes/187405874?path=//usr/share/locale/se HTTP/1.1" 200 2876 "-" "Amazon CloudFront"
64.252.122.229 - - [15/Apr/2026:18:29:38 +0000] "GET /prizes/268707268?fileloc=//bin/perror&path=//bin HTTP/1.1" 200 2537 "-" "Amazon CloudFront"
64.252.88.210 - - [15/Apr/2026:18:29:39 +0000] "GET /prizes/54770521 HTTP/1.1" 200 4349 "-" "Amazon CloudFront"
64.252.122.229 - - [15/Apr/2026:18:29:39 +0000] "GET /prizes/268707268?fileloc=//bin/screen&path=//bin HTTP/1.1" 200 2538 "-" "Amazon CloudFront"
64.252.122.226 - - [15/Apr/2026:18:29:39 +0000] "GET /prizes/268707268?fileloc=//bin/bzless&path=//bin HTTP/1.1" 200 3180 "-" "Amazon CloudFront"
64.252.122.226 - - [15/Apr/2026:18:29:40 +0000] "GET /prizes/268707268?fileloc=//bin/ipcalc&path=//bin HTTP/1.1" 200 2539 "-" "Amazon CloudFront"
64.252.122.229 - - [15/Apr/2026:18:29:40 +0000] "GET /prizes/200349349?fileloc=//etc/bashrc&path=//etc HTTP/1.1" 200 3762 "-" "Amazon CloudFront"
64.252.122.226 - - [15/Apr/2026:18:29:41 +0000] "GET /prizes/268707268?fileloc=//bin/splain&path=//bin HTTP/1.1" 200 9759 "-" "Amazon CloudFront"
64.252.122.229 - - [15/Apr/2026:18:29:41 +0000] "GET /prizes/268707268?fileloc=//bin/phpize&path=//bin HTTP/1.1" 200 4173 "-" "Amazon CloudFront"
64.252.122.229 - - [15/Apr/2026:18:29:42 +0000] "GET /prizes/268707268?fileloc=//bin/iostat&path=//bin HTTP/1.1" 200 2538 "-" "Amazon CloudFront"
64.252.122.229 - - [15/Apr/2026:18:29:42 +0000] "GET /prizes/200349349?fileloc=//etc/nanorc&path=//etc HTTP/1.1" 200 6328 "-" "Amazon CloudFront"
64.252.88.96 - - [15/Apr/2026:18:29:42 +0000] "GET /prizes/46180026 HTTP/1.1" 200 4349 "-" "Amazon CloudFront"
64.252.122.226 - - [15/Apr/2026:18:29:43 +0000] "GET /prizes/268707268?fileloc=//bin/pstree&path=//bin HTTP/1.1" 200 2538 "-" "Amazon CloudFront"
64.252.122.229 - - [15/Apr/2026:18:29:43 +0000] "GET /prizes/268707268?fileloc=//bin/renice&path=//bin HTTP/1.1" 200 2538 "-" "Amazon CloudFront"
64.252.122.226 - - [15/Apr/2026:18:29:44 +0000] "GET /prizes/268707268?fileloc=//bin/ssltap&path=//bin HTTP/1.1" 200 2538 "-" "Amazon CloudFront"
64.252.122.226 - - [15/Apr/2026:18:29:44 +0000] "GET /prizes/268707268?fileloc=//bin/prezip&path=//bin HTTP/1.1" 200 4464 "-" "Amazon CloudFront"
64.252.122.229 - - [15/Apr/2026:18:29:45 +0000] "GET /prizes/268707268?fileloc=//bin/telnet&path=//bin HTTP/1.1" 200 2538 "-" "Amazon CloudFront"
64.252.88.96 - - [15/Apr/2026:18:29:45 +0000] "GET /prizes/54770854 HTTP/1.1" 200 4208 "-" "Amazon CloudFront"
64.252.122.229 - - [15/Apr/2026:18:29:45 +0000] "GET /prizes/268707268?fileloc=//bin/printf&path=//bin HTTP/1.1" 200 2538 "-" "Amazon CloudFront"
64.252.122.229 - - [15/Apr/2026:18:29:46 +0000] "GET /prizes/268707268?fileloc=//bin/csplit&path=//bin HTTP/1.1" 200 2539 "-" "Amazon CloudFront"
64.252.122.229 - - [15/Apr/2026:18:29:46 +0000] "GET /prizes/268707268?fileloc=//bin/ranlib&path=//bin HTTP/1.1" 200 2539 "-" "Amazon CloudFront"
64.252.122.229 - - [15/Apr/2026:18:29:47 +0000] "GET /prizes/268707268?fileloc=//bin/aspell&path=//bin HTTP/1.1" 200 2538 "-" "Amazon CloudFront"
64.252.122.229 - - [15/Apr/2026:18:29:48 +0000] "GET /prizes/200349349?path=//etc/python HTTP/1.1" 200 2885 "-" "Amazon CloudFront"
64.252.122.226 - - [15/Apr/2026:18:29:48 +0000] "GET /prizes/200349349?path=//etc/vsftpd HTTP/1.1" 200 2995 "-" "Amazon CloudFront"
64.252.88.210 - - [15/Apr/2026:18:29:48 +0000] "GET /prizes/46181036 HTTP/1.1" 200 4208 "-" "Amazon CloudFront"
64.252.122.229 - - [15/Apr/2026:18:29:49 +0000] "GET /prizes/151519278?path=//run/screen HTTP/1.1" 200 2603 "-" "Amazon CloudFront"
64.252.122.229 - - [15/Apr/2026:18:29:49 +0000] "GET /prizes/268707268?path=//sys/kernel HTTP/1.1" 200 3648 "-" "Amazon CloudFront"
64.252.122.229 - - [15/Apr/2026:18:29:50 +0000] "GET /prizes/200349349?path=//etc/audisp HTTP/1.1" 200 2602 "-" "Amazon CloudFront"
64.252.122.226 - - [15/Apr/2026:18:29:50 +0000] "GET /prizes/200349349?path=//etc/amazon HTTP/1.1" 200 2850 "-" "Amazon CloudFront"
64.252.122.226 - - [15/Apr/2026:18:29:51 +0000] "GET /prizes/187405874?path=//usr/share/locale/co HTTP/1.1" 200 2878 "-" "Amazon CloudFront"
64.252.122.229 - - [15/Apr/2026:18:29:51 +0000] "GET /prizes/151519278?path=//usr/share/locale/co HTTP/1.1" 200 2878 "-" "Amazon CloudFront"
64.252.88.210 - - [15/Apr/2026:18:29:51 +0000] "GET /prizes/54771642 HTTP/1.1" 200 4349 "-" "Amazon CloudFront"
64.252.122.229 - - [15/Apr/2026:18:29:52 +0000] "GET /prizes/200349349?path=//etc/popt.d HTTP/1.1" 200 2603 "-" "Amazon CloudFront"
64.252.122.226 - - [15/Apr/2026:18:29:52 +0000] "GET /prizes/200349349?path=//etc/init.d HTTP/1.1" 200 3115 "-" "Amazon CloudFront"
64.252.122.229 - - [15/Apr/2026:18:29:53 +0000] "GET /prizes/268707268?fileloc=//bin/mysql_secure_installation&path=//bin HTTP/1.1" 200 6998 "-" "Amazon CloudFront"
64.252.122.226 - - [15/Apr/2026:18:29:53 +0000] "GET /prizes/272309309?path=//run/udev/data HTTP/1.1" 200 7518 "-" "Amazon CloudFront"
64.252.122.226 - - [15/Apr/2026:18:29:54 +0000] "GET /prizes/200349349?fileloc=//etc/vsftpd/user_list&path=//etc/vsftpd HTTP/1.1" 200 6101 "-" "Amazon CloudFront"
64.252.122.226 - - [15/Apr/2026:18:29:54 +0000] "GET /prizes/200349349?path=//etc/exports.d HTTP/1.1" 200 2605 "-" "Amazon CloudFront"
64.252.88.210 - - [15/Apr/2026:18:29:55 +0000] "GET /prizes/46187884 HTTP/1.1" 200 4215 "-" "Amazon CloudFront"
64.252.122.226 - - [15/Apr/2026:18:29:55 +0000] "GET /prizes/268707268?path=//sys/kernel/livepatch HTTP/1.1" 200 2614 "-" "Amazon CloudFront"
64.252.122.226 - - [15/Apr/2026:18:29:55 +0000] "GET /prizes/268707268?path=//sys/kernel/iommu_groups HTTP/1.1" 200 2616 "-" "Amazon CloudFront"
64.252.122.229 - - [15/Apr/2026:18:29:56 +0000] "GET /prizes/268707268?path=//sys/kernel/mm HTTP/1.1" 200 2984 "-" "Amazon CloudFront"
64.252.122.229 - - [15/Apr/2026:18:29:56 +0000] "GET /prizes/151519278?path=//run/udev/data HTTP/1.1" 200 7518 "-" "Amazon CloudFront"
64.252.122.229 - - [15/Apr/2026:18:29:57 +0000] "GET /prizes/200349349?fileloc=//etc/ld.so.cache&path=//etc HTTP/1.1" 200 2542 "-" "Amazon CloudFront"
64.252.122.226 - - [15/Apr/2026:18:29:58 +0000] "GET /prizes/268707268?fileloc=//bin/nl-route-list&path=//bin HTTP/1.1" 200 2543 "-" "Amazon CloudFront"
64.252.122.229 - - [15/Apr/2026:18:29:58 +0000] "GET /prizes/268707268?fileloc=//bin/x86_64&path=//bin HTTP/1.1" 200 2537 "-" "Amazon CloudFront"
64.252.88.210 - - [15/Apr/2026:18:29:58 +0000] "GET /prizes/54781218 HTTP/1.1" 200 4349 "-" "Amazon CloudFront"
64.252.122.226 - - [15/Apr/2026:18:29:59 +0000] "GET /prizes/187405874?fileloc=//usr/sbin/iptables-legacy-save&path=//usr/sbin HTTP/1.1" 200 2561 "-" "Amazon CloudFront"
64.252.122.229 - - [15/Apr/2026:18:29:59 +0000] "GET /prizes/151519278?fileloc=//usr/sbin/iptables-legacy-save&path=//usr/sbin HTTP/1.1" 200 2561 "-" "Amazon CloudFront"
64.252.122.229 - - [15/Apr/2026:18:30:00 +0000] "GET /prizes/151519278?fileloc=//usr/sbin/create-cracklib-dict&path=//usr/sbin HTTP/1.1" 200 3088 "-" "Amazon CloudFront"
64.252.122.229 - - [15/Apr/2026:18:30:00 +0000] "GET /prizes/187405874?fileloc=//usr/sbin/create-cracklib-dict&path=//usr/sbin HTTP/1.1" 200 3088 "-" "Amazon CloudFront"
64.252.122.229 - - [15/Apr/2026:18:30:01 +0000] "GET /prizes/151519278?fileloc=//usr/sbin/pam_timestamp_check&path=//usr/sbin HTTP/1.1" 200 2558 "-" "Amazon CloudFront"
64.252.122.226 - - [15/Apr/2026:18:30:01 +0000] "GET /prizes/268707268?path=//bin/__pycache__ HTTP/1.1" 200 3358 "-" "Amazon CloudFront"
64.252.122.226 - - [15/Apr/2026:18:30:02 +0000] "GET /prizes/268707268?path=//sys/kernel/mm/transparent_hugepage HTTP/1.1" 200 3092 "-" "Amazon CloudFront"
64.252.88.96 - - [15/Apr/2026:18:30:02 +0000] "GET /prizes/46191157 HTTP/1.1" 200 4349 "-" "Amazon CloudFront"
64.252.122.229 - - [15/Apr/2026:18:30:02 +0000] "GET /prizes/151519278?fileloc=//run/udev/data/+pci:0000:00:04.0&path=//run/udev/data HTTP/1.1" 200 2563 "-" "Amazon CloudFront"
64.252.122.229 - - [15/Apr/2026:18:30:03 +0000] "GET /prizes/151519278?fileloc=//run/udev/data/+pci:0000:00:01.3&path=//run/udev/data HTTP/1.1" 200 2563 "-" "Amazon CloudFront"
64.252.122.229 - - [15/Apr/2026:18:30:03 +0000] "GET /prizes/151519278?fileloc=//run/udev/data/+pci:0000:00:05.0&path=//run/udev/data HTTP/1.1" 200 2563 "-" "Amazon CloudFront"
64.252.122.226 - - [15/Apr/2026:18:30:04 +0000] "GET /prizes/151519278?fileloc=//run/udev/data/+pci:0000:00:03.0&path=//run/udev/data HTTP/1.1" 200 2563 "-" "Amazon CloudFront"
64.252.122.229 - - [15/Apr/2026:18:30:04 +0000] "GET /prizes/151519278?fileloc=//run/udev/data/+acpi:PNP0A03:00&path=//run/udev/data HTTP/1.1" 200 2567 "-" "Amazon CloudFront"
64.252.122.226 - - [15/Apr/2026:18:30:05 +0000] "GET /prizes/151519278?fileloc=//run/udev/data/+acpi:PNP0C0F:04&path=//run/udev/data HTTP/1.1" 200 2567 "-" "Amazon CloudFront"
64.252.88.96 - - [15/Apr/2026:18:30:05 +0000] "GET /prizes/54784248 HTTP/1.1" 200 4349 "-" "Amazon CloudFront"
64.252.122.226 - - [15/Apr/2026:18:30:05 +0000] "GET /prizes/151519278?fileloc=//run/udev/data/+acpi:PNP0C0F:00&path=//run/udev/data HTTP/1.1" 200 2567 "-" "Amazon CloudFront"
64.252.122.229 - - [15/Apr/2026:18:30:06 +0000] "GET /prizes/151519278?fileloc=//run/udev/data/+acpi:PNP0C0F:03&path=//run/udev/data HTTP/1.1" 200 2567 "-" "Amazon CloudFront"
64.252.122.226 - - [15/Apr/2026:18:30:06 +0000] "GET /prizes/151519278?fileloc=//run/udev/data/+acpi:PNP0C0F:02&path=//run/udev/data HTTP/1.1" 200 2567 "-" "Amazon CloudFront"
64.252.122.226 - - [15/Apr/2026:18:30:07 +0000] "GET /prizes/151519278?fileloc=//run/udev/data/+acpi:PNP0C0F:01&path=//run/udev/data HTTP/1.1" 200 2568 "-" "Amazon CloudFront"
64.252.122.226 - - [15/Apr/2026:18:30:08 +0000] "GET /prizes/151519278?fileloc=//run/udev/data/+acpi:PNP0F13:00&path=//run/udev/data HTTP/1.1" 200 2567 "-" "Amazon CloudFront"
64.252.122.229 - - [15/Apr/2026:18:30:08 +0000] "GET /prizes/200349349?path=//etc/ppp HTTP/1.1" 200 3141 "-" "Amazon CloudFront"
64.252.88.96 - - [15/Apr/2026:18:30:08 +0000] "GET /prizes/46195763 HTTP/1.1" 200 4349 "-" "Amazon CloudFront"
64.252.122.229 - - [15/Apr/2026:18:30:09 +0000] "GET /prizes/151519278?fileloc=//usr/sbin/nl-link-list&path=//usr/sbin HTTP/1.1" 200 2553 "-" "Amazon CloudFront"
64.252.122.226 - - [15/Apr/2026:18:30:09 +0000] "GET /prizes/151519278?fileloc=//bin/pg_dumpall&path=//bin HTTP/1.1" 200 2543 "-" "Amazon CloudFront"
64.252.122.226 - - [15/Apr/2026:18:30:10 +0000] "GET /prizes/126126450?path=//s3/53ce57f15d644e458733ecaa6b0569f7 HTTP/1.1" 200 2878 "-" "Amazon CloudFront"
64.252.122.226 - - [15/Apr/2026:18:30:10 +0000] "GET /prizes/302727268?path=//s3/fe009787b2f8455ca0414128bdd0d45e HTTP/1.1" 200 2877 "-" "Amazon CloudFront"
64.252.122.226 - - [15/Apr/2026:18:30:11 +0000] "GET /prizes/286226228?fileloc=//lib64/libidn.so.11.6.11&path=//lib64 HTTP/1.1" 200 2548 "-" "Amazon CloudFront"
64.252.122.229 - - [15/Apr/2026:18:30:11 +0000] "GET /prizes/286226228?fileloc=//lib64/libpcre32.so.0.0.0&path=//lib64 HTTP/1.1" 200 2548 "-" "Amazon CloudFront"
64.252.88.210 - - [15/Apr/2026:18:30:11 +0000] "GET /prizes/54795379 HTTP/1.1" 200 4208 "-" "Amazon CloudFront"
64.252.122.229 - - [15/Apr/2026:18:30:12 +0000] "GET /prizes/274955521?path=//s3/4f10bf1047884191b0f3db9e746294b8 HTTP/1.1" 200 2877 "-" "Amazon CloudFront"
64.252.122.229 - - [15/Apr/2026:18:30:12 +0000] "GET /prizes/302727268?fileloc=/var/log/secure-20260412&path=/var/log HTTP/1.1" 200 2556 "-" "Amazon CloudFront"
64.252.122.226 - - [15/Apr/2026:18:30:13 +0000] "GET /prizes/187405874?fileloc=/var/log/maillog-20260405&path=/var/log HTTP/1.1" 200 2557 "-" "Amazon CloudFront"
64.252.122.229 - - [15/Apr/2026:18:30:13 +0000] "GET /prizes/151519278?fileloc=/var/log/maillog-20260329&path=/var/log HTTP/1.1" 200 2556 "-" "Amazon CloudFront"
64.252.122.229 - - [15/Apr/2026:18:30:14 +0000] "GET /prizes/151519278?fileloc=/var/log/maillog-20260405&path=/var/log HTTP/1.1" 200 2557 "-" "Amazon CloudFront"
64.252.122.226 - - [15/Apr/2026:18:30:14 +0000] "GET /prizes/302727268?fileloc=/var/log/messages-20260405&path=/var/log HTTP/1.1" 200 2556 "-" "Amazon CloudFront"
64.252.88.210 - - [15/Apr/2026:18:30:15 +0000] "GET /prizes/46198571 HTTP/1.1" 200 4349 "-" "Amazon CloudFront"
64.252.122.226 - - [15/Apr/2026:18:30:15 +0000] "GET /prizes/173706864?fileloc=/var/log/spooler-20260405&path=/var/log HTTP/1.1" 200 2558 "-" "Amazon CloudFront"
64.252.122.229 - - [15/Apr/2026:18:30:15 +0000] "GET /prizes/187405874?fileloc=/var/log/spooler-20260322&path=/var/log HTTP/1.1" 200 2557 "-" "Amazon CloudFront"
64.252.122.226 - - [15/Apr/2026:18:30:16 +0000] "GET /prizes/173706864?fileloc=/var/log/maillog-20260322&path=/var/log HTTP/1.1" 200 2557 "-" "Amazon CloudFront"
64.252.122.226 - - [15/Apr/2026:18:30:16 +0000] "GET /prizes/241952410?fileloc=/var/log/secure-20260405&path=/var/log HTTP/1.1" 200 2556 "-" "Amazon CloudFront"
64.252.122.226 - - [15/Apr/2026:18:30:17 +0000] "GET /prizes/126126450?fileloc=/var/log/secure-20260329&path=/var/log HTTP/1.1" 200 2556 "-" "Amazon CloudFront"
64.252.122.229 - - [15/Apr/2026:18:30:18 +0000] "GET /prizes/187405874?fileloc=/var/log/messages-20260405&path=/var/log HTTP/1.1" 200 2556 "-" "Amazon CloudFront"
64.252.122.229 - - [15/Apr/2026:18:30:18 +0000] "GET /prizes/173706864?fileloc=/var/log/messages-20260412&path=/var/log HTTP/1.1" 200 2556 "-" "Amazon CloudFront"
64.252.86.163 - - [15/Apr/2026:18:30:18 +0000] "GET /prizes/54800117 HTTP/1.1" 200 4349 "-" "Amazon CloudFront"
64.252.122.226 - - [15/Apr/2026:18:30:19 +0000] "GET /prizes/126126450?fileloc=/var/log/messages-20260329&path=/var/log HTTP/1.1" 200 2556 "-" "Amazon CloudFront"
64.252.122.226 - - [15/Apr/2026:18:30:19 +0000] "GET /prizes/151519278?fileloc=/var/log/maillog-20260322&path=/var/log HTTP/1.1" 200 2557 "-" "Amazon CloudFront"
64.252.122.226 - - [15/Apr/2026:18:30:20 +0000] "GET /prizes/187405874?fileloc=/var/log/messages-20260412&path=/var/log HTTP/1.1" 200 2556 "-" "Amazon CloudFront"
64.252.122.226 - - [15/Apr/2026:18:30:20 +0000] "GET /prizes/173706864?fileloc=/var/log/maillog-20260405&path=/var/log HTTP/1.1" 200 2557 "-" "Amazon CloudFront"
64.252.74.231 - - [15/Apr/2026:18:30:21 +0000] "GET /?fileloc=%2Fvar%2Fwww%2Fvolumes%2F69b4844ae61d4e92bf26ad98af552775%2Fwordpress%2Fwp-admin%2Fadmin-ajax.php&path=%2Fvar%2Fwww%2Fvolumes%2F69b4844ae61d4e92bf26ad98af552775%2Fwordpress%2Fwp-admin HTTP/1.1" 200 4177 "-" "Amazon CloudFront"
64.252.75.25 - - [15/Apr/2026:18:30:21 +0000] "GET /?fileloc=%2Fvar%2Fwww%2Fvolumes%2F69b4844ae61d4e92bf26ad98af552775%2Fwordpress%2Fwp-includes%2Fauthor-template.php&path=%2Fvar%2Fwww%2Fvolumes%2F69b4844ae61d4e92bf26ad98af552775%2Fwordpress%2Fwp-includes HTTP/1.1" 200 7106 "-" "Amazon CloudFront"
64.252.74.231 - - [15/Apr/2026:18:30:21 +0000] "GET /?fileloc=%2Fvar%2Fwww%2Fvolumes%2F69b4844ae61d4e92bf26ad98af552775%2Fwordpress%2Fwp-includes%2Fnav-menu-template.php&path=%2Fvar%2Fwww%2Fvolumes%2F69b4844ae61d4e92bf26ad98af552775%2Fwordpress%2Fwp-includes HTTP/1.1" 200 7852 "-" "Amazon CloudFront"
64.252.74.231 - - [15/Apr/2026:18:30:20 +0000] "GET /?fileloc=%2Fvar%2Fwww%2Fvolumes%2F69b4844ae61d4e92bf26ad98af552775%2Fwordpress%2Fwp-admin%2Fabout.php&path=%2Fvar%2Fwww%2Fvolumes%2F69b4844ae61d4e92bf26ad98af552775%2Fwordpress%2Fwp-admin HTTP/1.1" 200 6788 "-" "Amazon CloudFront"
64.252.75.25 - - [15/Apr/2026:18:30:21 +0000] "GET /?fileloc=%2Fvar%2Fwww%2Fvolumes%2F69b4844ae61d4e92bf26ad98af552775%2Fwordpress%2Fwp-admin%2Fprofile.php&path=%2Fvar%2Fwww%2Fvolumes%2F69b4844ae61d4e92bf26ad98af552775%2Fwordpress%2Fwp-admin HTTP/1.1" 200 2776 "-" "Amazon CloudFront"
64.252.75.25 - - [15/Apr/2026:18:30:21 +0000] "GET /?fileloc=%2Fvar%2Fwww%2Fvolumes%2F69b4844ae61d4e92bf26ad98af552775%2Fwordpress%2Fwp-includes%2Fclass-walker-page.php&path=%2Fvar%2Fwww%2Fvolumes%2F69b4844ae61d4e92bf26ad98af552775%2Fwordpress%2Fwp-includes HTTP/1.1" 200 4431 "-" "Amazon CloudFront"
64.252.77.101 - - [15/Apr/2026:18:30:21 +0000] "GET /?fileloc=%2Fvar%2Fwww%2Fvolumes%2F69b4844ae61d4e92bf26ad98af552775%2Fwordpress%2Fwp-includes%2Fclass-wp-role.php&path=%2Fvar%2Fwww%2Fvolumes%2F69b4844ae61d4e92bf26ad98af552775%2Fwordpress%2Fwp-includes HTTP/1.1" 200 3501 "-" "Amazon CloudFront"
64.252.74.231 - - [15/Apr/2026:18:30:21 +0000] "GET /?fileloc=%2Fvar%2Fwww%2Fvolumes%2F69b4844ae61d4e92bf26ad98af552775%2Fwordpress%2Fwp-admin%2Fmoderation.php&path=%2Fvar%2Fwww%2Fvolumes%2F69b4844ae61d4e92bf26ad98af552775%2Fwordpress%2Fwp-admin HTTP/1.1" 200 2756 "-" "Amazon CloudFront"
64.252.122.226 - - [15/Apr/2026:18:30:21 +0000] "GET /prizes/241952410?fileloc=/var/log/messages-20260329&path=/var/log HTTP/1.1" 200 2556 "-" "Amazon CloudFront"
64.252.74.231 - - [15/Apr/2026:18:30:21 +0000] "GET /?path=%2Fvar%2Fwww%2Fvolumes%2F8bba5b12381841878b6031b32137d8fd HTTP/1.1" 200 2643 "-" "Amazon CloudFront"
64.252.74.231 - - [15/Apr/2026:18:30:21 +0000] "GET /?fileloc=%2Fvar%2Fwww%2Fvolumes%2F69b4844ae61d4e92bf26ad98af552775%2Fwordpress%2Fwp-includes%2Fcron.php&path=%2Fvar%2Fwww%2Fvolumes%2F69b4844ae61d4e92bf26ad98af552775%2Fwordpress%2Fwp-includes HTTP/1.1" 200 9020 "-" "Amazon CloudFront"
64.252.74.231 - - [15/Apr/2026:18:30:21 +0000] "GET /?fileloc=%2Fvar%2Fwww%2Fvolumes%2F69b4844ae61d4e92bf26ad98af552775%2Fwordpress%2Fwp-includes%2Fpost-template.php&path=%2Fvar%2Fwww%2Fvolumes%2F69b4844ae61d4e92bf26ad98af552775%2Fwordpress%2Fwp-includes HTTP/1.1" 200 17427 "-" "Amazon CloudFront"
64.252.75.25 - - [15/Apr/2026:18:30:21 +0000] "GET /?fileloc=%2Fvar%2Fwww%2Fvolumes%2F69b4844ae61d4e92bf26ad98af552775%2Fwordpress%2Fwp-includes%2Fclass-phpmailer.php&path=%2Fvar%2Fwww%2Fvolumes%2F69b4844ae61d4e92bf26ad98af552775%2Fwordpress%2Fwp-includes HTTP/1.1" 200 35865 "-" "Amazon CloudFront"
64.252.122.226 - - [15/Apr/2026:18:30:21 +0000] "GET /prizes/302727268?fileloc=/var/log/secure-20260405&path=/var/log HTTP/1.1" 200 2556 "-" "Amazon CloudFront"
64.252.75.25 - - [15/Apr/2026:18:30:21 +0000] "GET /?fileloc=%2Fvar%2Fwww%2Fvolumes%2F69b4844ae61d4e92bf26ad98af552775%2Fwordpress%2Fwp-includes%2Fclass-smtp.php&path=%2Fvar%2Fwww%2Fvolumes%2F69b4844ae61d4e92bf26ad98af552775%2Fwordpress%2Fwp-includes HTTP/1.1" 200 13269 "-" "Amazon CloudFront"
64.252.77.101 - - [15/Apr/2026:18:30:21 +0000] "GET /?path=%2Fvar%2Fwww%2Fvolumes%2F35822936275a447e9862fe89338c636d HTTP/1.1" 200 2642 "-" "Amazon CloudFront"
64.252.75.25 - - [15/Apr/2026:18:30:20 +0000] "GET /?fileloc=%2Fvar%2Fwww%2Fvolumes%2F69b4844ae61d4e92bf26ad98af552775%2Fwordpress%2Fwp-includes%2Fmeta.php&path=%2Fvar%2Fwww%2Fvolumes%2F69b4844ae61d4e92bf26ad98af552775%2Fwordpress%2Fwp-includes HTTP/1.1" 200 10711 "-" "Amazon CloudFront"
64.252.77.101 - - [15/Apr/2026:18:30:20 +0000] "GET /?fileloc=%2Fvar%2Fwww%2Fvolumes%2F69b4844ae61d4e92bf26ad98af552775%2Fwordpress%2Fwp-admin%2Frevision.php&path=%2Fvar%2Fwww%2Fvolumes%2F69b4844ae61d4e92bf26ad98af552775%2Fwordpress%2Fwp-admin HTTP/1.1" 200 4418 "-" "Amazon CloudFront"
64.252.75.25 - - [15/Apr/2026:18:30:20 +0000] "GET /?path=%2Fvar%2Fwww%2Fvolumes%2F94e6a35d296a49a0b7a0642324432021 HTTP/1.1" 200 2642 "-" "Amazon CloudFront"
64.252.74.231 - - [15/Apr/2026:18:30:21 +0000] "GET /?fileloc=%2Fvar%2Fwww%2Fvolumes%2F69b4844ae61d4e92bf26ad98af552775%2Fwordpress%2Fwp-includes%2Fclass-pop3.php&path=%2Fvar%2Fwww%2Fvolumes%2F69b4844ae61d4e92bf26ad98af552775%2Fwordpress%2Fwp-includes HTTP/1.1" 200 7418 "-" "Amazon CloudFront"
64.252.75.25 - - [15/Apr/2026:18:30:21 +0000] "GET /?fileloc=%2Fvar%2Fwww%2Fvolumes%2F69b4844ae61d4e92bf26ad98af552775%2Fwordpress%2Fwp-includes%2Fclass-walker-category.php&path=%2Fvar%2Fwww%2Fvolumes%2F69b4844ae61d4e92bf26ad98af552775%2Fwordpress%2Fwp-includes HTTP/1.1" 200 4468 "-" "Amazon CloudFront"
64.252.77.101 - - [15/Apr/2026:18:30:21 +0000] "GET /?fileloc=%2Fvar%2Fwww%2Fvolumes%2F69b4844ae61d4e92bf26ad98af552775%2Fwordpress%2Fwp-admin%2Fload-styles.php&path=%2Fvar%2Fwww%2Fvolumes%2F69b4844ae61d4e92bf26ad98af552775%2Fwordpress%2Fwp-admin HTTP/1.1" 200 3556 "-" "Amazon CloudFront"
64.252.75.25 - - [15/Apr/2026:18:30:22 +0000] "GET /?fileloc=%2Fvar%2Fwww%2Fvolumes%2F69b4844ae61d4e92bf26ad98af552775%2Fwordpress%2Fwp-admin%2Foptions.php&path=%2Fvar%2Fwww%2Fvolumes%2F69b4844ae61d4e92bf26ad98af552775%2Fwordpress%2Fwp-admin HTTP/1.1" 200 6478 "-" "Amazon CloudFront"
64.252.77.101 - - [15/Apr/2026:18:30:22 +0000] "GET /?fileloc=%2Fvar%2Fwww%2Fvolumes%2F69b4844ae61d4e92bf26ad98af552775%2Fwordpress%2Fwp-includes%2Fclass-wp-roles.php&path=%2Fvar%2Fwww%2Fvolumes%2F69b4844ae61d4e92bf26ad98af552775%2Fwordpress%2Fwp-includes HTTP/1.1" 200 4791 "-" "Amazon CloudFront"
64.252.74.231 - - [15/Apr/2026:18:30:21 +0000] "GET /?fileloc=%2Fvar%2Fwww%2Fvolumes%2F69b4844ae61d4e92bf26ad98af552775%2Fwordpress%2Fwp-includes%2Fregistration-functions.php&path=%2Fvar%2Fwww%2Fvolumes%2F69b4844ae61d4e92bf26ad98af552775%2Fwordpress%2Fwp-includes HTTP/1.1" 200 2724 "-" "Amazon CloudFront"
64.252.75.25 - - [15/Apr/2026:18:30:22 +0000] "GET /?fileloc=%2Fvar%2Fwww%2Fvolumes%2F69b4844ae61d4e92bf26ad98af552775%2Fwordpress%2Fwp-admin%2Fpost.php&path=%2Fvar%2Fwww%2Fvolumes%2F69b4844ae61d4e92bf26ad98af552775%2Fwordpress%2Fwp-admin HTTP/1.1" 200 5332 "-" "Amazon CloudFront"
64.252.122.229 - - [15/Apr/2026:18:30:22 +0000] "GET /prizes/241952410?fileloc=/var/log/secure-20260329&path=/var/log HTTP/1.1" 200 2556 "-" "Amazon CloudFront"
64.252.86.163 - - [15/Apr/2026:18:30:22 +0000] "GET /prizes/46213430 HTTP/1.1" 200 4349 "-" "Amazon CloudFront"
64.252.122.226 - - [15/Apr/2026:18:30:22 +0000] "GET /prizes/241952410?fileloc=/var/log/secure-20260322&path=/var/log HTTP/1.1" 200 2556 "-" "Amazon CloudFront"
64.252.122.229 - - [15/Apr/2026:18:30:23 +0000] "GET /prizes/151519278?fileloc=/var/log/maillog-20260412&path=/var/log HTTP/1.1" 200 2557 "-" "Amazon CloudFront"
64.252.122.229 - - [15/Apr/2026:18:30:23 +0000] "GET /prizes/151519278?fileloc=/var/log/messages-20260322&path=/var/log HTTP/1.1" 200 2555 "-" "Amazon CloudFront"
64.252.122.229 - - [15/Apr/2026:18:30:24 +0000] "GET /prizes/187405874?fileloc=/var/log/maillog-20260412&path=/var/log HTTP/1.1" 200 2557 "-" "Amazon CloudFront"
64.252.122.229 - - [15/Apr/2026:18:30:24 +0000] "GET /prizes/187405874?fileloc=/var/log/maillog-20260322&path=/var/log HTTP/1.1" 200 2557 "-" "Amazon CloudFront"
64.252.122.229 - - [15/Apr/2026:18:30:25 +0000] "GET /prizes/151519278?fileloc=/var/log/spooler-20260329&path=/var/log HTTP/1.1" 200 2557 "-" "Amazon CloudFront"
64.252.88.210 - - [15/Apr/2026:18:30:25 +0000] "GET /prizes/54805389 HTTP/1.1" 200 4208 "-" "Amazon CloudFront"
64.252.122.229 - - [15/Apr/2026:18:30:25 +0000] "GET /prizes/151519278?fileloc=/var/log/messages-20260412&path=/var/log HTTP/1.1" 200 2556 "-" "Amazon CloudFront"
64.252.122.229 - - [15/Apr/2026:18:30:26 +0000] "GET /prizes/173706864?fileloc=/var/log/maillog-20260329&path=/var/log HTTP/1.1" 200 2556 "-" "Amazon CloudFront"
64.252.75.25 - - [15/Apr/2026:18:30:26 +0000] "GET /?fileloc=%2Fvar%2Fwww%2Fvolumes%2F69b4844ae61d4e92bf26ad98af552775%2Fwordpress%2Fwp-admin%2Fcustom-background.php&path=%2Fvar%2Fwww%2Fvolumes%2F69b4844ae61d4e92bf26ad98af552775%2Fwordpress%2Fwp-admin HTTP/1.1" 200 7622 "-" "Amazon CloudFront"
64.252.75.25 - - [15/Apr/2026:18:30:26 +0000] "GET /?fileloc=%2Fvar%2Fwww%2Fvolumes%2F69b4844ae61d4e92bf26ad98af552775%2Fwordpress%2Fwp-includes%2Frevision.php&path=%2Fvar%2Fwww%2Fvolumes%2F69b4844ae61d4e92bf26ad98af552775%2Fwordpress%2Fwp-includes HTTP/1.1" 200 8421 "-" "Amazon CloudFront"
64.252.74.231 - - [15/Apr/2026:18:30:26 +0000] "GET /?fileloc=%2Fvar%2Fwww%2Fvolumes%2F69b4844ae61d4e92bf26ad98af552775%2Fwordpress%2Fwp-includes%2Fms-deprecated.php&path=%2Fvar%2Fwww%2Fvolumes%2F69b4844ae61d4e92bf26ad98af552775%2Fwordpress%2Fwp-includes HTTP/1.1" 200 8314 "-" "Amazon CloudFront"
64.252.75.25 - - [15/Apr/2026:18:30:26 +0000] "GET /?fileloc=%2Fvar%2Fwww%2Fvolumes%2F69b4844ae61d4e92bf26ad98af552775%2Fwordpress%2Fwp-admin%2Fimport.php&path=%2Fvar%2Fwww%2Fvolumes%2F69b4844ae61d4e92bf26ad98af552775%2Fwordpress%2Fwp-admin HTTP/1.1" 200 5174 "-" "Amazon CloudFront"
64.252.74.231 - - [15/Apr/2026:18:30:26 +0000] "GET /?path=%2Fvar%2Fwww%2Fvolumes%2F69b4844ae61d4e92bf26ad98af552775%2Fwordpress%2F.quarantine%2F771215 HTTP/1.1" 200 2935 "-" "Amazon CloudFront"
64.252.75.25 - - [15/Apr/2026:18:30:26 +0000] "GET /?fileloc=%2Fvar%2Fwww%2Fvolumes%2F69b4844ae61d4e92bf26ad98af552775%2Fwordpress%2Fwp-includes%2Fclass-wp-site.php&path=%2Fvar%2Fwww%2Fvolumes%2F69b4844ae61d4e92bf26ad98af552775%2Fwordpress%2Fwp-includes HTTP/1.1" 200 4611 "-" "Amazon CloudFront"
64.252.75.25 - - [15/Apr/2026:18:30:26 +0000] "GET /?fileloc=%2Fvar%2Fwww%2Fvolumes%2F69b4844ae61d4e92bf26ad98af552775%2Fwordpress%2Fwp-includes%2Fclass-snoopy.php&path=%2Fvar%2Fwww%2Fvolumes%2F69b4844ae61d4e92bf26ad98af552775%2Fwordpress%2Fwp-includes HTTP/1.1" 200 10767 "-" "Amazon CloudFront"
64.252.75.25 - - [15/Apr/2026:18:30:26 +0000] "GET /?path=%2Fvar%2Fwww%2Fvolumes%2F5b9a73a8113c4d0ba87044b523ae6def HTTP/1.1" 200 2643 "-" "Amazon CloudFront"
64.252.75.25 - - [15/Apr/2026:18:30:26 +0000] "GET /?fileloc=%2Fvar%2Fwww%2Fvolumes%2F69b4844ae61d4e92bf26ad98af552775%2Fwordpress%2Fwp-includes%2Fnav-menu.php&path=%2Fvar%2Fwww%2Fvolumes%2F69b4844ae61d4e92bf26ad98af552775%2Fwordpress%2Fwp-includes HTTP/1.1" 200 11589 "-" "Amazon CloudFront"
64.252.77.101 - - [15/Apr/2026:18:30:26 +0000] "GET /?fileloc=%2Fvar%2Fwww%2Fvolumes%2F69b4844ae61d4e92bf26ad98af552775%2Fwordpress%2Fwp-includes%2Fgeneral-template.php&path=%2Fvar%2Fwww%2Fvolumes%2F69b4844ae61d4e92bf26ad98af552775%2Fwordpress%2Fwp-includes HTTP/1.1" 200 34948 "-" "Amazon CloudFront"
64.252.74.231 - - [15/Apr/2026:18:30:26 +0000] "GET /?fileloc=%2Fvar%2Fwww%2Fvolumes%2F69b4844ae61d4e92bf26ad98af552775%2Fwordpress%2Fwp-includes%2Fpost.php&path=%2Fvar%2Fwww%2Fvolumes%2F69b4844ae61d4e92bf26ad98af552775%2Fwordpress%2Fwp-includes HTTP/1.1" 200 54712 "-" "Amazon CloudFront"
64.252.75.25 - - [15/Apr/2026:18:30:26 +0000] "GET /?fileloc=%2Fvar%2Fwww%2Fvolumes%2F69b4844ae61d4e92bf26ad98af552775%2Fwordpress%2Fwp-includes%2Frss.php&path=%2Fvar%2Fwww%2Fvolumes%2F69b4844ae61d4e92bf26ad98af552775%2Fwordpress%2Fwp-includes HTTP/1.1" 200 9308 "-" "Amazon CloudFront"
64.252.75.25 - - [15/Apr/2026:18:30:26 +0000] "GET /?fileloc=%2Fvar%2Fwww%2Fvolumes%2F69b4844ae61d4e92bf26ad98af552775%2Fwordpress%2Fwp-includes%2Fms-settings.php&path=%2Fvar%2Fwww%2Fvolumes%2F69b4844ae61d4e92bf26ad98af552775%2Fwordpress%2Fwp-includes HTTP/1.1" 200 4107 "-" "Amazon CloudFront"
64.252.75.25 - - [15/Apr/2026:18:30:26 +0000] "GET /?fileloc=%2Fvar%2Fwww%2Fvolumes%2F69b4844ae61d4e92bf26ad98af552775%2Fwordpress%2Fwp-admin%2Flink-parse-opml.php&path=%2Fvar%2Fwww%2Fvolumes%2F69b4844ae61d4e92bf26ad98af552775%2Fwordpress%2Fwp-admin HTTP/1.1" 200 3510 "-" "Amazon CloudFront"
64.252.75.25 - - [15/Apr/2026:18:30:27 +0000] "GET /?fileloc=%2Fvar%2Fwww%2Fvolumes%2F69b4844ae61d4e92bf26ad98af552775%2Fwordpress%2Fwp-admin%2Fterm.php&path=%2Fvar%2Fwww%2Fvolumes%2F69b4844ae61d4e92bf26ad98af552775%2Fwordpress%2Fwp-admin HTTP/1.1" 200 3515 "-" "Amazon CloudFront"
64.252.74.231 - - [15/Apr/2026:18:30:27 +0000] "GET /?fileloc=%2Fvar%2Fwww%2Fvolumes%2F69b4844ae61d4e92bf26ad98af552775%2Fwordpress%2Fwp-includes%2Fclass-wp-rewrite.php&path=%2Fvar%2Fwww%2Fvolumes%2F69b4844ae61d4e92bf26ad98af552775%2Fwordpress%2Fwp-includes HTTP/1.1" 200 16916 "-" "Amazon CloudFront"
64.252.77.101 - - [15/Apr/2026:18:30:27 +0000] "GET /?fileloc=%2Fvar%2Fwww%2Fvolumes%2F69b4844ae61d4e92bf26ad98af552775%2Fwordpress%2Fwp-includes%2Ftemplate.php&path=%2Fvar%2Fwww%2Fvolumes%2F69b4844ae61d4e92bf26ad98af552775%2Fwordpress%2Fwp-includes HTTP/1.1" 200 6418 "-" "Amazon CloudFront"
64.252.75.25 - - [15/Apr/2026:18:30:26 +0000] "GET /?fileloc=%2Fvar%2Fwww%2Fvolumes%2F69b4844ae61d4e92bf26ad98af552775%2Fwordpress%2Fwp-includes%2Ffeed.php&path=%2Fvar%2Fwww%2Fvolumes%2F69b4844ae61d4e92bf26ad98af552775%2Fwordpress%2Fwp-includes HTTP/1.1" 200 7579 "-" "Amazon CloudFront"
64.252.122.229 - - [15/Apr/2026:18:30:26 +0000] "GET /prizes/151519278?fileloc=/var/log/spooler-20260405&path=/var/log HTTP/1.1" 200 2558 "-" "Amazon CloudFront"
64.252.74.231 - - [15/Apr/2026:18:30:26 +0000] "GET /?fileloc=%2Fvar%2Fwww%2Fvolumes%2F69b4844ae61d4e92bf26ad98af552775%2Fwordpress%2Fwp-includes%2Fdeprecated.php&path=%2Fvar%2Fwww%2Fvolumes%2F69b4844ae61d4e92bf26ad98af552775%2Fwordpress%2Fwp-includes HTTP/1.1" 200 27419 "-" "Amazon CloudFront"
64.252.75.25 - - [15/Apr/2026:18:30:27 +0000] "GET /?fileloc=%2Fvar%2Fwww%2Fvolumes%2F69b4844ae61d4e92bf26ad98af552775%2Fwordpress%2Fwp-admin%2Finstall.php&path=%2Fvar%2Fwww%2Fvolumes%2F69b4844ae61d4e92bf26ad98af552775%2Fwordpress%2Fwp-admin HTTP/1.1" 200 7643 "-" "Amazon CloudFront"
64.252.77.101 - - [15/Apr/2026:18:30:27 +0000] "GET /?path=%2Fvar%2Fwww%2Fvolumes%2Fa6b896270e1744ed8ac99026574ec815 HTTP/1.1" 200 2642 "-" "Amazon CloudFront"
64.252.74.231 - - [15/Apr/2026:18:30:27 +0000] "GET /?fileloc=%2Fvar%2Fwww%2Fvolumes%2F69b4844ae61d4e92bf26ad98af552775%2Fwordpress%2Fwp-includes%2Fblocks.php&path=%2Fvar%2Fwww%2Fvolumes%2F69b4844ae61d4e92bf26ad98af552775%2Fwordpress%2Fwp-includes HTTP/1.1" 200 6898 "-" "Amazon CloudFront"
64.252.122.229 - - [15/Apr/2026:18:30:27 +0000] "GET /prizes/173706864?fileloc=/var/log/spooler-20260329&path=/var/log HTTP/1.1" 200 2557 "-" "Amazon CloudFront"
64.252.77.101 - - [15/Apr/2026:18:30:27 +0000] "GET /?fileloc=%2Fvar%2Fwww%2Fvolumes%2F69b4844ae61d4e92bf26ad98af552775%2Fwordpress%2Fwp-admin%2Fms-edit.php&path=%2Fvar%2Fwww%2Fvolumes%2F69b4844ae61d4e92bf26ad98af552775%2Fwordpress%2Fwp-admin HTTP/1.1" 200 2740 "-" "Amazon CloudFront"
64.252.77.101 - - [15/Apr/2026:18:30:27 +0000] "GET /?fileloc=%2Fvar%2Fwww%2Fvolumes%2F69b4844ae61d4e92bf26ad98af552775%2Fwordpress%2Fwp-includes%2Fdate.php&path=%2Fvar%2Fwww%2Fvolumes%2F69b4844ae61d4e92bf26ad98af552775%2Fwordpress%2Fwp-includes HTTP/1.1" 200 10921 "-" "Amazon CloudFront"
64.252.122.226 - - [15/Apr/2026:18:30:27 +0000] "GET /prizes/173706864?fileloc=/var/log/maillog-20260412&path=/var/log HTTP/1.1" 200 2557 "-" "Amazon CloudFront"
64.252.122.229 - - [15/Apr/2026:18:30:28 +0000] "GET /prizes/173706864?fileloc=/var/log/messages-20260322&path=/var/log HTTP/1.1" 200 2555 "-" "Amazon CloudFront"
64.252.86.163 - - [15/Apr/2026:18:30:28 +0000] "GET /prizes/46232884 HTTP/1.1" 200 4208 "-" "Amazon CloudFront"
64.252.122.226 - - [15/Apr/2026:18:30:28 +0000] "GET /prizes/173706864?fileloc=/var/log/secure-20260322&path=/var/log HTTP/1.1" 200 2556 "-" "Amazon CloudFront"
64.252.122.229 - - [15/Apr/2026:18:30:29 +0000] "GET /prizes/311828288?path=/var/www/volumes/8e5f738511bd43eda2e30a0aefebd2e4 HTTP/1.1" 200 2642 "-" "Amazon CloudFront"
64.252.122.229 - - [15/Apr/2026:18:30:30 +0000] "GET /prizes/130606086?path=/var/www/volumes/5cb3a52530e04abcabe66ac6d8eb584a HTTP/1.1" 200 2642 "-" "Amazon CloudFront"
64.252.122.229 - - [15/Apr/2026:18:30:30 +0000] "GET /prizes/344087440?path=/var/www/volumes/5cb3a52530e04abcabe66ac6d8eb584a HTTP/1.1" 200 2642 "-" "Amazon CloudFront"
64.252.122.229 - - [15/Apr/2026:18:30:31 +0000] "GET /prizes/286226228?path=/var/www/volumes/e7eb1676fe914ef19681d6bb2d9efd0f HTTP/1.1" 200 2643 "-" "Amazon CloudFront"
64.252.122.229 - - [15/Apr/2026:18:30:31 +0000] "GET /prizes/178901117?path=/var/www/volumes/e7eb1676fe914ef19681d6bb2d9efd0f HTTP/1.1" 200 2643 "-" "Amazon CloudFront"
64.252.122.229 - - [15/Apr/2026:18:30:32 +0000] "GET /prizes/169666874?path=/var/www/volumes/e7eb1676fe914ef19681d6bb2d9efd0f HTTP/1.1" 200 2643 "-" "Amazon CloudFront"
64.252.88.210 - - [15/Apr/2026:18:30:32 +0000] "GET /prizes/54817086 HTTP/1.1" 200 4349 "-" "Amazon CloudFront"
64.252.122.229 - - [15/Apr/2026:18:30:32 +0000] "GET /prizes/111092066?path=/var/www/volumes/e7eb1676fe914ef19681d6bb2d9efd0f HTTP/1.1" 200 2643 "-" "Amazon CloudFront"
64.252.122.229 - - [15/Apr/2026:18:30:33 +0000] "GET /prizes/138333268?path=/var/www/volumes/5cb3a52530e04abcabe66ac6d8eb584a HTTP/1.1" 200 2642 "-" "Amazon CloudFront"
64.252.122.226 - - [15/Apr/2026:18:30:33 +0000] "GET /prizes/257575955?path=/var/www/volumes/5cb3a52530e04abcabe66ac6d8eb584a HTTP/1.1" 200 2642 "-" "Amazon CloudFront"
64.252.122.229 - - [15/Apr/2026:18:30:34 +0000] "GET /prizes/100244470?path=/var/www/volumes/24ba9e405cd74104bdb52d7beebfab57 HTTP/1.1" 200 2642 "-" "Amazon CloudFront"
64.252.122.226 - - [15/Apr/2026:18:30:34 +0000] "GET /prizes/248894884?path=/var/www/volumes/5cb3a52530e04abcabe66ac6d8eb584a HTTP/1.1" 200 2642 "-" "Amazon CloudFront"
64.252.122.229 - - [15/Apr/2026:18:30:35 +0000] "GET /prizes/343436309?path=/var/www/volumes/5cb3a52530e04abcabe66ac6d8eb584a HTTP/1.1" 200 2642 "-" "Amazon CloudFront"
64.252.88.96 - - [15/Apr/2026:18:30:35 +0000] "GET /prizes/46240086 HTTP/1.1" 200 4349 "-" "Amazon CloudFront"
64.252.122.226 - - [15/Apr/2026:18:30:35 +0000] "GET /prizes/196668127?path=/var/www/volumes/e7eb1676fe914ef19681d6bb2d9efd0f HTTP/1.1" 200 2643 "-" "Amazon CloudFront"
64.252.122.229 - - [15/Apr/2026:18:30:36 +0000] "GET /prizes/222526359?path=/var/www/volumes/5cb3a52530e04abcabe66ac6d8eb584a HTTP/1.1" 200 2642 "-" "Amazon CloudFront"
64.252.122.229 - - [15/Apr/2026:18:30:37 +0000] "GET /prizes/151519278?fileloc=//lib64/libgpg-error.so.0&path=//lib64 HTTP/1.1" 200 2547 "-" "Amazon CloudFront"
64.252.122.229 - - [15/Apr/2026:18:30:37 +0000] "GET /prizes/241952410?path=/var/mail HTTP/1.1" 200 3412 "-" "Amazon CloudFront"
64.252.122.229 - - [15/Apr/2026:18:30:38 +0000] "GET /prizes/333133541?fileloc=/var/cache/man/pl/index.db&path=/var/cache/man/pl HTTP/1.1" 200 2566 "-" "Amazon CloudFront"
64.252.122.229 - - [15/Apr/2026:18:30:38 +0000] "GET /prizes/167111551?fileloc=/var/cache/man/it/index.db&path=/var/cache/man/it HTTP/1.1" 200 2569 "-" "Amazon CloudFront"
64.252.122.226 - - [15/Apr/2026:18:30:39 +0000] "GET /prizes/167111551?fileloc=/var/cache/man/pl/index.db&path=/var/cache/man/pl HTTP/1.1" 200 2566 "-" "Amazon CloudFront"
64.252.88.96 - - [15/Apr/2026:18:30:39 +0000] "GET /prizes/54820359 HTTP/1.1" 200 4349 "-" "Amazon CloudFront"
64.252.122.229 - - [15/Apr/2026:18:30:39 +0000] "GET /prizes/333133541?fileloc=/var/cache/man/cs/index.db&path=/var/cache/man/cs HTTP/1.1" 200 2566 "-" "Amazon CloudFront"
64.252.122.229 - - [15/Apr/2026:18:30:40 +0000] "GET /prizes/333133541?fileloc=/var/cache/man/tr/index.db&path=/var/cache/man/tr HTTP/1.1" 200 2567 "-" "Amazon CloudFront"
64.252.122.229 - - [15/Apr/2026:18:30:40 +0000] "GET /prizes/167111551?fileloc=/var/cache/man/tr/index.db&path=/var/cache/man/tr HTTP/1.1" 200 2567 "-" "Amazon CloudFront"
64.252.122.229 - - [15/Apr/2026:18:30:41 +0000] "GET /prizes/167111551?fileloc=/var/cache/man/cs/index.db&path=/var/cache/man/cs HTTP/1.1" 200 2566 "-" "Amazon CloudFront"
64.252.122.229 - - [15/Apr/2026:18:30:41 +0000] "GET /prizes/333133541?fileloc=/var/cache/man/it/index.db&path=/var/cache/man/it HTTP/1.1" 200 2569 "-" "Amazon CloudFront"
64.252.122.226 - - [15/Apr/2026:18:30:42 +0000] "GET /prizes/286226228?fileloc=//lib64/sasl2/libsasldb.so.3.0.0&path=//lib64/sasl2 HTTP/1.1" 200 2560 "-" "Amazon CloudFront"
64.252.88.210 - - [15/Apr/2026:18:30:42 +0000] "GET /prizes/46245501 HTTP/1.1" 200 4349 "-" "Amazon CloudFront"
64.252.122.229 - - [15/Apr/2026:18:30:42 +0000] "GET /prizes/272309309?fileloc=//run/udev/data/c4:15&path=//run/udev/data HTTP/1.1" 200 2556 "-" "Amazon CloudFront"
64.252.122.226 - - [15/Apr/2026:18:30:43 +0000] "GET /prizes/241952410?fileloc=/var/mail/openlitespeed&path=/var/mail HTTP/1.1" 200 2554 "-" "Amazon CloudFront"
64.252.122.226 - - [15/Apr/2026:18:30:43 +0000] "GET /prizes/241952410?fileloc=/var/mail/rpc&path=/var/mail HTTP/1.1" 200 2546 "-" "Amazon CloudFront"
64.252.122.226 - - [15/Apr/2026:18:30:44 +0000] "GET /prizes/268707268?fileloc=//run/udev/data/c4:15&path=//run/udev/data HTTP/1.1" 200 2556 "-" "Amazon CloudFront"
64.252.122.229 - - [15/Apr/2026:18:30:44 +0000] "GET /prizes/272309309?fileloc=//run/udev/data/c4:55&path=//run/udev/data HTTP/1.1" 200 2556 "-" "Amazon CloudFront"
64.252.122.229 - - [15/Apr/2026:18:30:45 +0000] "GET /prizes/268707268?fileloc=//run/udev/data/c4:13&path=//run/udev/data HTTP/1.1" 200 2556 "-" "Amazon CloudFront"
64.252.122.229 - - [15/Apr/2026:18:30:45 +0000] "GET /prizes/302727268?fileloc=//run/udev/data/c4:16&path=//run/udev/data HTTP/1.1" 200 2556 "-" "Amazon CloudFront"
64.252.88.96 - - [15/Apr/2026:18:30:46 +0000] "GET /prizes/54822945 HTTP/1.1" 200 4349 "-" "Amazon CloudFront"
64.252.122.229 - - [15/Apr/2026:18:30:46 +0000] "GET /prizes/151519278?fileloc=//run/udev/data/c4:67&path=//run/udev/data HTTP/1.1" 200 2571 "-" "Amazon CloudFront"
64.252.122.226 - - [15/Apr/2026:18:30:46 +0000] "GET /prizes/151519278?fileloc=//run/udev/data/c4:56&path=//run/udev/data HTTP/1.1" 200 2556 "-" "Amazon CloudFront"
64.252.122.226 - - [15/Apr/2026:18:30:47 +0000] "GET /prizes/151519278?fileloc=//run/udev/data/c4:39&path=//run/udev/data HTTP/1.1" 200 2557 "-" "Amazon CloudFront"
64.252.122.229 - - [15/Apr/2026:18:30:47 +0000] "GET /prizes/302727268?fileloc=//run/udev/data/c4:39&path=//run/udev/data HTTP/1.1" 200 2557 "-" "Amazon CloudFront"
64.252.122.226 - - [15/Apr/2026:18:30:48 +0000] "GET /prizes/272309309?fileloc=//run/udev/data/c4:18&path=//run/udev/data HTTP/1.1" 200 2557 "-" "Amazon CloudFront"
64.252.122.229 - - [15/Apr/2026:18:30:49 +0000] "GET /prizes/151519278?fileloc=//run/udev/data/c4:26&path=//run/udev/data HTTP/1.1" 200 2556 "-" "Amazon CloudFront"
64.252.86.163 - - [15/Apr/2026:18:30:49 +0000] "GET /prizes/46257864 HTTP/1.1" 200 4208 "-" "Amazon CloudFront"
64.252.122.226 - - [15/Apr/2026:18:30:49 +0000] "GET /prizes/302727268?fileloc=//run/udev/data/c4:11&path=//run/udev/data HTTP/1.1" 200 2556 "-" "Amazon CloudFront"
64.252.122.229 - - [15/Apr/2026:18:30:50 +0000] "GET /prizes/268707268?fileloc=//run/udev/data/c4:19&path=//run/udev/data HTTP/1.1" 200 2556 "-" "Amazon CloudFront"
64.252.122.226 - - [15/Apr/2026:18:30:50 +0000] "GET /prizes/302727268?fileloc=//run/udev/data/c4:13&path=//run/udev/data HTTP/1.1" 200 2556 "-" "Amazon CloudFront"
64.252.122.226 - - [15/Apr/2026:18:30:51 +0000] "GET /prizes/302727268?fileloc=//run/udev/data/c4:15&path=//run/udev/data HTTP/1.1" 200 2556 "-" "Amazon CloudFront"
64.252.122.229 - - [15/Apr/2026:18:30:51 +0000] "GET /prizes/302727268?fileloc=//run/udev/data/c4:53&path=//run/udev/data HTTP/1.1" 200 2556 "-" "Amazon CloudFront"
64.252.122.229 - - [15/Apr/2026:18:30:52 +0000] "GET /prizes/272309309?fileloc=//run/udev/data/c4:11&path=//run/udev/data HTTP/1.1" 200 2556 "-" "Amazon CloudFront"
64.252.122.226 - - [15/Apr/2026:18:30:52 +0000] "GET /prizes/302727268?fileloc=//run/udev/data/c4:25&path=//run/udev/data HTTP/1.1" 200 2556 "-" "Amazon CloudFront"
64.252.86.163 - - [15/Apr/2026:18:30:53 +0000] "GET /prizes/54824066 HTTP/1.1" 200 4349 "-" "Amazon CloudFront"
64.252.122.229 - - [15/Apr/2026:18:30:53 +0000] "GET /prizes/302727268?fileloc=//run/udev/data/c4:52&path=//run/udev/data HTTP/1.1" 200 2556 "-" "Amazon CloudFront"
64.252.122.229 - - [15/Apr/2026:18:30:53 +0000] "GET /prizes/268707268?fileloc=//run/udev/data/c4:34&path=//run/udev/data HTTP/1.1" 200 2556 "-" "Amazon CloudFront"
64.252.122.229 - - [15/Apr/2026:18:30:54 +0000] "GET /prizes/272309309?fileloc=//run/udev/data/c4:14&path=//run/udev/data HTTP/1.1" 200 2556 "-" "Amazon CloudFront"
64.252.122.226 - - [15/Apr/2026:18:30:54 +0000] "GET /prizes/151519278?fileloc=//run/udev/data/c4:20&path=//run/udev/data HTTP/1.1" 200 2556 "-" "Amazon CloudFront"
64.252.122.226 - - [15/Apr/2026:18:30:55 +0000] "GET /prizes/272309309?fileloc=//run/udev/data/c4:45&path=//run/udev/data HTTP/1.1" 200 2556 "-" "Amazon CloudFront"
64.252.75.25 - - [15/Apr/2026:18:30:56 +0000] "GET /?fileloc=%2Fvar%2Fwww%2Fvolumes%2F69b4844ae61d4e92bf26ad98af552775%2Fwordpress%2Fwp-includes%2Fcomment-template.php&path=%2Fvar%2Fwww%2Fvolumes%2F69b4844ae61d4e92bf26ad98af552775%2Fwordpress%2Fwp-includes HTTP/1.1" 200 20877 "-" "Amazon CloudFront"
64.252.122.229 - - [15/Apr/2026:18:30:55 +0000] "GET /prizes/268707268?fileloc=//run/udev/data/c4:33&path=//run/udev/data HTTP/1.1" 200 2557 "-" "Amazon CloudFront"
64.252.74.231 - - [15/Apr/2026:18:30:56 +0000] "GET /?fileloc=%2Fvar%2Fwww%2Fvolumes%2F69b4844ae61d4e92bf26ad98af552775%2Fwordpress%2Fwp-includes%2Fclass-wp-site-query.php&path=%2Fvar%2Fwww%2Fvolumes%2F69b4844ae61d4e92bf26ad98af552775%2Fwordpress%2Fwp-includes HTTP/1.1" 200 8466 "-" "Amazon CloudFront"
64.252.74.231 - - [15/Apr/2026:18:30:56 +0000] "GET /?fileloc=%2Fvar%2Fwww%2Fvolumes%2F69b4844ae61d4e92bf26ad98af552775%2Fwordpress%2Fwp-includes%2Fms-network.php&path=%2Fvar%2Fwww%2Fvolumes%2F69b4844ae61d4e92bf26ad98af552775%2Fwordpress%2Fwp-includes HTTP/1.1" 200 3925 "-" "Amazon CloudFront"
64.252.75.25 - - [15/Apr/2026:18:30:56 +0000] "GET /?fileloc=%2Fvar%2Fwww%2Fvolumes%2F69b4844ae61d4e92bf26ad98af552775%2Fwordpress%2Fwp-includes%2Fupdate.php&path=%2Fvar%2Fwww%2Fvolumes%2F69b4844ae61d4e92bf26ad98af552775%2Fwordpress%2Fwp-includes HTTP/1.1" 200 8403 "-" "Amazon CloudFront"
64.252.122.229 - - [15/Apr/2026:18:30:56 +0000] "GET /prizes/302727268?fileloc=//run/udev/data/c4:50&path=//run/udev/data HTTP/1.1" 200 2556 "-" "Amazon CloudFront"
64.252.88.96 - - [15/Apr/2026:18:30:56 +0000] "GET /prizes/46271824 HTTP/1.1" 200 4208 "-" "Amazon CloudFront"
64.252.75.25 - - [15/Apr/2026:18:30:56 +0000] "GET /?fileloc=%2Fvar%2Fwww%2Fvolumes%2F69b4844ae61d4e92bf26ad98af552775%2Fwordpress%2Fwp-includes%2Fformatting.php&path=%2Fvar%2Fwww%2Fvolumes%2F69b4844ae61d4e92bf26ad98af552775%2Fwordpress%2Fwp-includes HTTP/1.1" 200 65282 "-" "Amazon CloudFront"
64.252.77.101 - - [15/Apr/2026:18:30:56 +0000] "GET /?fileloc=%2Fvar%2Fwww%2Fvolumes%2F69b4844ae61d4e92bf26ad98af552775%2Fwordpress%2Fwp-includes%2Fclass-wp-list-util.php&path=%2Fvar%2Fwww%2Fvolumes%2F69b4844ae61d4e92bf26ad98af552775%2Fwordpress%2Fwp-includes HTTP/1.1" 200 4448 "-" "Amazon CloudFront"
