File: /var/www/volumes/69b4844ae61d4e92bf26ad98af552775/logs/openlitespeed/access.log
64.252.88.210 - - [15/Apr/2026:16:02:03 +0000] "GET /prizes/54262703 HTTP/1.1" 200 4202 "-" "Amazon CloudFront"
64.252.122.229 - - [15/Apr/2026:16:02:04 +0000] "GET /prizes/111809935?path=//s3/d56237f297944d598b141f3b730c4e1f HTTP/1.1" 200 2878 "-" "Amazon CloudFront"
64.252.122.229 - - [15/Apr/2026:16:02:04 +0000] "GET /prizes/166625905?path=//s3/804120ab8def463c8480e06c50c75295 HTTP/1.1" 200 2877 "-" "Amazon CloudFront"
64.252.122.226 - - [15/Apr/2026:16:02:05 +0000] "GET /prizes/196668127?path=//s3/d56237f297944d598b141f3b730c4e1f HTTP/1.1" 200 2878 "-" "Amazon CloudFront"
64.252.122.226 - - [15/Apr/2026:16:02:05 +0000] "GET /prizes/169222400?path=//s3/d56237f297944d598b141f3b730c4e1f HTTP/1.1" 200 2878 "-" "Amazon CloudFront"
64.252.122.229 - - [15/Apr/2026:16:02:06 +0000] "GET /prizes/166625905?path=//s3/d56237f297944d598b141f3b730c4e1f HTTP/1.1" 200 2878 "-" "Amazon CloudFront"
64.252.122.229 - - [15/Apr/2026:16:02:06 +0000] "GET /prizes/111809935?path=//s3/a6b896270e1744ed8ac99026574ec815 HTTP/1.1" 200 2877 "-" "Amazon CloudFront"
64.252.86.163 - - [15/Apr/2026:16:02:07 +0000] "GET /prizes/55193521 HTTP/1.1" 200 4343 "-" "Amazon CloudFront"
64.252.122.226 - - [15/Apr/2026:16:02:07 +0000] "GET /prizes/196668127?path=//s3/61d5830126fa4469b4a3595b51c08e8d HTTP/1.1" 200 2877 "-" "Amazon CloudFront"
64.252.122.229 - - [15/Apr/2026:16:02:07 +0000] "GET /prizes/111809935?path=//s3/395878edd5b948569c2a0641a16b34f7/wordpress HTTP/1.1" 200 2889 "-" "Amazon CloudFront"
64.252.122.229 - - [15/Apr/2026:16:02:08 +0000] "GET /prizes/169222400?fileloc=//s3/fde144c4a0624d3caa47b30e7f1249f3/wordpress/wp-content/uploads/woocommerce_uploads/index.html&path=//s3/fde144c4a0624d3caa47b30e7f1249f3/wordpress/wp-content/uploads/woocommerce_uploads HTTP/1.1" 200 2626 "-" "Amazon CloudFront"
64.252.122.229 - - [15/Apr/2026:16:02:08 +0000] "GET /prizes/111809935?fileloc=//s3/ddc84c81f3594a50a11f1410fd20b3ab/wordpress/wp-content/uploads/woocommerce_uploads/index.html&path=//s3/ddc84c81f3594a50a11f1410fd20b3ab/wordpress/wp-content/uploads/woocommerce_uploads HTTP/1.1" 200 2626 "-" "Amazon CloudFront"
64.252.122.226 - - [15/Apr/2026:16:02:09 +0000] "GET /prizes/169222400?fileloc=//s3/0b605c1c3a4343c5aa5ae282f33e86ae/wordpress/wp-content/uploads/woocommerce_uploads/index.html&path=//s3/0b605c1c3a4343c5aa5ae282f33e86ae/wordpress/wp-content/uploads/woocommerce_uploads HTTP/1.1" 200 2626 "-" "Amazon CloudFront"
64.252.122.226 - - [15/Apr/2026:16:02:10 +0000] "GET /prizes/111809935?fileloc=//s3/0b605c1c3a4343c5aa5ae282f33e86ae/wordpress/wp-content/uploads/woocommerce_uploads/index.html&path=//s3/0b605c1c3a4343c5aa5ae282f33e86ae/wordpress/wp-content/uploads/woocommerce_uploads HTTP/1.1" 200 2626 "-" "Amazon CloudFront"
64.252.122.229 - - [15/Apr/2026:16:02:10 +0000] "GET /prizes/196668127?path=//s3/8bc25a6988bf4659a4099251319372bd/wordpress/wp-content HTTP/1.1" 200 2899 "-" "Amazon CloudFront"
64.252.88.96 - - [15/Apr/2026:16:02:10 +0000] "GET /prizes/45663753 HTTP/1.1" 200 4302 "-" "Amazon CloudFront"
64.252.122.229 - - [15/Apr/2026:16:02:11 +0000] "GET /prizes/111809935?path=//s3/804120ab8def463c8480e06c50c75295/wordpress/wp-content HTTP/1.1" 200 2900 "-" "Amazon CloudFront"
64.252.122.229 - - [15/Apr/2026:16:02:11 +0000] "GET /prizes/169222400?path=//s3/d56237f297944d598b141f3b730c4e1f/wordpress HTTP/1.1" 200 2891 "-" "Amazon CloudFront"
64.252.122.226 - - [15/Apr/2026:16:02:12 +0000] "GET /prizes/166625905?path=//s3/328521954acc422b8f08738279be002e/wordpress/wp-content HTTP/1.1" 200 2899 "-" "Amazon CloudFront"
64.252.122.229 - - [15/Apr/2026:16:02:12 +0000] "GET /prizes/111809935?path=//s3/6015441527fa458b8550c039b02629df/wordpress/wp-content HTTP/1.1" 200 2901 "-" "Amazon CloudFront"
64.252.122.229 - - [15/Apr/2026:16:02:13 +0000] "GET /prizes/196668127?path=//s3/61d5830126fa4469b4a3595b51c08e8d/wordpress HTTP/1.1" 200 2889 "-" "Amazon CloudFront"
64.252.122.229 - - [15/Apr/2026:16:02:13 +0000] "GET /prizes/111809935?path=//s3/395878edd5b948569c2a0641a16b34f7/wordpress/wp-content HTTP/1.1" 200 2900 "-" "Amazon CloudFront"
64.252.122.226 - - [15/Apr/2026:16:02:14 +0000] "GET /prizes/196668127?path=//s3/328521954acc422b8f08738279be002e/wordpress/wp-content HTTP/1.1" 200 2899 "-" "Amazon CloudFront"
64.252.86.163 - - [15/Apr/2026:16:02:13 +0000] "GET /prizes/54264379 HTTP/1.1" 200 4343 "-" "Amazon CloudFront"
64.252.122.226 - - [15/Apr/2026:16:02:14 +0000] "GET /prizes/169222400?path=//s3/61d5830126fa4469b4a3595b51c08e8d/wordpress/wp-content HTTP/1.1" 200 2900 "-" "Amazon CloudFront"
64.252.122.226 - - [15/Apr/2026:16:02:15 +0000] "GET /prizes/169222400?path=//s3/8bc25a6988bf4659a4099251319372bd/wordpress/wp-content HTTP/1.1" 200 2899 "-" "Amazon CloudFront"
64.252.122.229 - - [15/Apr/2026:16:02:15 +0000] "GET /prizes/169222400?path=//s3/fde144c4a0624d3caa47b30e7f1249f3/wordpress/wp-content/uploads/elementor/css HTTP/1.1" 200 3053 "-" "Amazon CloudFront"
64.252.122.226 - - [15/Apr/2026:16:02:16 +0000] "GET /prizes/169222400?path=//s3/0b605c1c3a4343c5aa5ae282f33e86ae/wordpress/wp-content/uploads/elementor/css HTTP/1.1" 200 3197 "-" "Amazon CloudFront"
64.252.122.226 - - [15/Apr/2026:16:02:17 +0000] "GET /prizes/333133541?path=/var/cache/yum/x86_64/2/remi-php73-test HTTP/1.1" 200 2937 "-" "Amazon CloudFront"
64.252.122.229 - - [15/Apr/2026:16:02:17 +0000] "GET /prizes/169222400?path=//s3/d56237f297944d598b141f3b730c4e1f/wordpress/wp-content HTTP/1.1" 200 2899 "-" "Amazon CloudFront"
64.252.88.96 - - [15/Apr/2026:16:02:17 +0000] "GET /prizes/45673107 HTTP/1.1" 200 4343 "-" "Amazon CloudFront"
64.252.122.229 - - [15/Apr/2026:16:02:17 +0000] "GET /prizes/167111551?path=/var/cache/yum/x86_64/2/remi-php74-test HTTP/1.1" 200 2937 "-" "Amazon CloudFront"
64.252.122.226 - - [15/Apr/2026:16:02:18 +0000] "GET /prizes/167111551?path=/var/cache/yum/x86_64/2/remi-php72-test HTTP/1.1" 200 2936 "-" "Amazon CloudFront"
64.252.74.231 - - [15/Apr/2026:16:02:18 +0000] "GET /?p=8346 HTTP/1.1" 200 4343 "-" "Amazon CloudFront"
64.252.122.229 - - [15/Apr/2026:16:02:19 +0000] "GET /prizes/196668127?path=//s3/61d5830126fa4469b4a3595b51c08e8d/wordpress/wp-content HTTP/1.1" 200 2900 "-" "Amazon CloudFront"
64.252.122.229 - - [15/Apr/2026:16:02:19 +0000] "GET /prizes/196668127?path=//s3/2f8f8f563d0647048fc1183ad8aa26bd HTTP/1.1" 200 2878 "-" "Amazon CloudFront"
64.252.75.25 - - [15/Apr/2026:16:02:19 +0000] "GET /?p=41002 HTTP/1.1" 200 4343 "-" "Amazon CloudFront"
64.252.122.229 - - [15/Apr/2026:16:02:20 +0000] "GET /prizes/196668127?path=//s3/9601969dcb3b414080d1effe632a06cc HTTP/1.1" 200 2877 "-" "Amazon CloudFront"
64.252.122.226 - - [15/Apr/2026:16:02:20 +0000] "GET /prizes/196668127?path=//s3/1c10a69a9f6d4a51964ec7180fd35a2c HTTP/1.1" 200 2877 "-" "Amazon CloudFront"
64.252.86.163 - - [15/Apr/2026:16:02:21 +0000] "GET /prizes/54275177 HTTP/1.1" 200 4343 "-" "Amazon CloudFront"
64.252.122.229 - - [15/Apr/2026:16:02:21 +0000] "GET /prizes/178901117?fileloc=/var/www/volumes/69b4844ae61d4e92bf26ad98af552775/wordpress/xmlrpc.php&path=/var/www/volumes/69b4844ae61d4e92bf26ad98af552775/wordpress HTTP/1.1" 200 3915 "-" "Amazon CloudFront"
64.252.122.226 - - [15/Apr/2026:16:02:21 +0000] "GET /prizes/169222400?fileloc=//s3/fde144c4a0624d3caa47b30e7f1249f3/wordpress/wp-content/uploads/elementor/css/post-13.css&path=//s3/fde144c4a0624d3caa47b30e7f1249f3/wordpress/wp-content/uploads/elementor/css HTTP/1.1" 200 4205 "-" "Amazon CloudFront"
64.252.122.229 - - [15/Apr/2026:16:02:22 +0000] "GET /prizes/169222400?fileloc=//s3/0b605c1c3a4343c5aa5ae282f33e86ae/wordpress/wp-content/uploads/elementor/css/post-398.css&path=//s3/0b605c1c3a4343c5aa5ae282f33e86ae/wordpress/wp-content/uploads/elementor/css HTTP/1.1" 200 5107 "-" "Amazon CloudFront"
64.252.122.229 - - [15/Apr/2026:16:02:22 +0000] "GET /prizes/169222400?fileloc=//s3/0b605c1c3a4343c5aa5ae282f33e86ae/wordpress/wp-content/uploads/elementor/css/post-402.css&path=//s3/0b605c1c3a4343c5aa5ae282f33e86ae/wordpress/wp-content/uploads/elementor/css HTTP/1.1" 200 2894 "-" "Amazon CloudFront"
64.252.122.226 - - [15/Apr/2026:16:02:23 +0000] "GET /prizes/169222400?fileloc=//s3/0b605c1c3a4343c5aa5ae282f33e86ae/wordpress/wp-content/uploads/elementor/css/post-369.css&path=//s3/0b605c1c3a4343c5aa5ae282f33e86ae/wordpress/wp-content/uploads/elementor/css HTTP/1.1" 200 3905 "-" "Amazon CloudFront"
64.252.122.229 - - [15/Apr/2026:16:02:23 +0000] "GET /prizes/169222400?fileloc=//s3/fde144c4a0624d3caa47b30e7f1249f3/wordpress/wp-content/uploads/elementor/css/post-201.css&path=//s3/fde144c4a0624d3caa47b30e7f1249f3/wordpress/wp-content/uploads/elementor/css HTTP/1.1" 200 2765 "-" "Amazon CloudFront"
64.252.122.226 - - [15/Apr/2026:16:02:24 +0000] "GET /prizes/169222400?fileloc=//s3/0b605c1c3a4343c5aa5ae282f33e86ae/wordpress/wp-content/uploads/elementor/css/post-147.css&path=//s3/0b605c1c3a4343c5aa5ae282f33e86ae/wordpress/wp-content/uploads/elementor/css HTTP/1.1" 200 3512 "-" "Amazon CloudFront"
64.252.86.163 - - [15/Apr/2026:16:02:24 +0000] "GET /prizes/45676925 HTTP/1.1" 200 4343 "-" "Amazon CloudFront"
64.252.122.229 - - [15/Apr/2026:16:02:24 +0000] "GET /prizes/169222400?fileloc=//s3/0b605c1c3a4343c5aa5ae282f33e86ae/wordpress/wp-content/uploads/elementor/css/post-376.css&path=//s3/0b605c1c3a4343c5aa5ae282f33e86ae/wordpress/wp-content/uploads/elementor/css HTTP/1.1" 200 2668 "-" "Amazon CloudFront"
64.252.122.229 - - [15/Apr/2026:16:02:25 +0000] "GET /prizes/169222400?fileloc=//s3/fde144c4a0624d3caa47b30e7f1249f3/wordpress/wp-content/uploads/elementor/css/post-889.css&path=//s3/fde144c4a0624d3caa47b30e7f1249f3/wordpress/wp-content/uploads/elementor/css HTTP/1.1" 200 2942 "-" "Amazon CloudFront"
64.252.122.229 - - [15/Apr/2026:16:02:25 +0000] "GET /prizes/196668127?path=//s3/2f8f8f563d0647048fc1183ad8aa26bd/wordpress HTTP/1.1" 200 2890 "-" "Amazon CloudFront"
64.252.122.226 - - [15/Apr/2026:16:02:26 +0000] "GET /prizes/167111551?path=/var/cache/yum/x86_64/2/remi-php72-test/packages HTTP/1.1" 200 2655 "-" "Amazon CloudFront"
64.252.122.226 - - [15/Apr/2026:16:02:26 +0000] "GET /prizes/333133541?path=/var/cache/yum/x86_64/2/remi-php73-test/packages HTTP/1.1" 200 2655 "-" "Amazon CloudFront"
64.252.122.229 - - [15/Apr/2026:16:02:27 +0000] "GET /prizes/167111551?path=/var/cache/yum/x86_64/2/remi-php74-test/packages HTTP/1.1" 200 2655 "-" "Amazon CloudFront"
64.252.122.226 - - [15/Apr/2026:16:02:27 +0000] "GET /prizes/162444268?fileloc=/var/www/volumes/69b4844ae61d4e92bf26ad98af552775/wordpress/xmlrpc.php&path=/var/www/volumes/69b4844ae61d4e92bf26ad98af552775/wordpress HTTP/1.1" 200 3915 "-" "Amazon CloudFront"
64.252.122.226 - - [15/Apr/2026:16:02:28 +0000] "GET /prizes/111809935?fileloc=/var/www/volumes/69b4844ae61d4e92bf26ad98af552775/wordpress/security.php&path=/var/www/volumes/69b4844ae61d4e92bf26ad98af552775/wordpress HTTP/1.1" 200 2587 "-" "Amazon CloudFront"
64.252.88.96 - - [15/Apr/2026:16:02:28 +0000] "GET /prizes/54286430 HTTP/1.1" 200 4343 "-" "Amazon CloudFront"
64.252.122.226 - - [15/Apr/2026:16:02:28 +0000] "GET /prizes/162444268?fileloc=/var/www/volumes/69b4844ae61d4e92bf26ad98af552775/wordpress/security.php&path=/var/www/volumes/69b4844ae61d4e92bf26ad98af552775/wordpress HTTP/1.1" 200 2587 "-" "Amazon CloudFront"
64.252.122.229 - - [15/Apr/2026:16:02:29 +0000] "GET /prizes/333133541?fileloc=/var/www/volumes/69b4844ae61d4e92bf26ad98af552775/wordpress/security.php&path=/var/www/volumes/69b4844ae61d4e92bf26ad98af552775/wordpress HTTP/1.1" 200 2587 "-" "Amazon CloudFront"
64.252.122.229 - - [15/Apr/2026:16:02:30 +0000] "GET /prizes/196668127?fileloc=/var/www/volumes/69b4844ae61d4e92bf26ad98af552775/wordpress/security.php&path=/var/www/volumes/69b4844ae61d4e92bf26ad98af552775/wordpress HTTP/1.1" 200 2587 "-" "Amazon CloudFront"
64.252.122.229 - - [15/Apr/2026:16:02:30 +0000] "GET /prizes/166625905?fileloc=/var/www/volumes/69b4844ae61d4e92bf26ad98af552775/wordpress/security.php&path=/var/www/volumes/69b4844ae61d4e92bf26ad98af552775/wordpress HTTP/1.1" 200 2587 "-" "Amazon CloudFront"
64.252.122.229 - - [15/Apr/2026:16:02:31 +0000] "GET /prizes/166625905?fileloc=/var/www/volumes/69b4844ae61d4e92bf26ad98af552775/wordpress/xmlrpc.php&path=/var/www/volumes/69b4844ae61d4e92bf26ad98af552775/wordpress HTTP/1.1" 200 3915 "-" "Amazon CloudFront"
64.252.122.226 - - [15/Apr/2026:16:02:31 +0000] "GET /prizes/169222400?fileloc=/var/www/volumes/69b4844ae61d4e92bf26ad98af552775/wordpress/security.php&path=/var/www/volumes/69b4844ae61d4e92bf26ad98af552775/wordpress HTTP/1.1" 200 2587 "-" "Amazon CloudFront"
64.252.86.163 - - [15/Apr/2026:16:02:32 +0000] "GET /prizes/45715278 HTTP/1.1" 200 4343 "-" "Amazon CloudFront"
64.252.122.229 - - [15/Apr/2026:16:02:32 +0000] "GET /prizes/277786703?fileloc=/var/www/volumes/69b4844ae61d4e92bf26ad98af552775/wordpress/xmlrpc.php&path=/var/www/volumes/69b4844ae61d4e92bf26ad98af552775/wordpress HTTP/1.1" 200 3915 "-" "Amazon CloudFront"
64.252.122.226 - - [15/Apr/2026:16:02:32 +0000] "GET /prizes/196668127?fileloc=/var/www/volumes/69b4844ae61d4e92bf26ad98af552775/wordpress/xmlrpc.php&path=/var/www/volumes/69b4844ae61d4e92bf26ad98af552775/wordpress HTTP/1.1" 200 3915 "-" "Amazon CloudFront"
64.252.122.229 - - [15/Apr/2026:16:02:33 +0000] "GET /prizes/277786703?fileloc=/var/www/volumes/69b4844ae61d4e92bf26ad98af552775/wordpress/security.php&path=/var/www/volumes/69b4844ae61d4e92bf26ad98af552775/wordpress HTTP/1.1" 200 2587 "-" "Amazon CloudFront"
64.252.122.229 - - [15/Apr/2026:16:02:33 +0000] "GET /prizes/178901117?fileloc=/var/www/volumes/69b4844ae61d4e92bf26ad98af552775/wordpress/security.php&path=/var/www/volumes/69b4844ae61d4e92bf26ad98af552775/wordpress HTTP/1.1" 200 2587 "-" "Amazon CloudFront"
64.252.122.229 - - [15/Apr/2026:16:02:34 +0000] "GET /prizes/245942228?fileloc=/var/www/volumes/69b4844ae61d4e92bf26ad98af552775/wordpress/security.php&path=/var/www/volumes/69b4844ae61d4e92bf26ad98af552775/wordpress HTTP/1.1" 200 2587 "-" "Amazon CloudFront"
64.252.122.229 - - [15/Apr/2026:16:02:34 +0000] "GET /prizes/138333268?fileloc=/var/www/volumes/69b4844ae61d4e92bf26ad98af552775/wordpress/xmlrpc.php&path=/var/www/volumes/69b4844ae61d4e92bf26ad98af552775/wordpress HTTP/1.1" 200 3915 "-" "Amazon CloudFront"
64.252.122.226 - - [15/Apr/2026:16:02:35 +0000] "GET /prizes/167111551?fileloc=/var/www/volumes/69b4844ae61d4e92bf26ad98af552775/wordpress/security.php&path=/var/www/volumes/69b4844ae61d4e92bf26ad98af552775/wordpress HTTP/1.1" 200 2587 "-" "Amazon CloudFront"
64.252.88.96 - - [15/Apr/2026:16:02:35 +0000] "GET /prizes/54296773 HTTP/1.1" 200 4202 "-" "Amazon CloudFront"
64.252.122.229 - - [15/Apr/2026:16:02:35 +0000] "GET /prizes/169222400?fileloc=/var/www/volumes/69b4844ae61d4e92bf26ad98af552775/wordpress/xmlrpc.php&path=/var/www/volumes/69b4844ae61d4e92bf26ad98af552775/wordpress HTTP/1.1" 200 3915 "-" "Amazon CloudFront"
64.252.122.226 - - [15/Apr/2026:16:02:36 +0000] "GET /prizes/245942228?fileloc=/var/www/volumes/69b4844ae61d4e92bf26ad98af552775/wordpress/xmlrpc.php&path=/var/www/volumes/69b4844ae61d4e92bf26ad98af552775/wordpress HTTP/1.1" 200 3915 "-" "Amazon CloudFront"
64.252.122.226 - - [15/Apr/2026:16:02:36 +0000] "GET /prizes/167111551?fileloc=/var/www/volumes/69b4844ae61d4e92bf26ad98af552775/wordpress/xmlrpc.php&path=/var/www/volumes/69b4844ae61d4e92bf26ad98af552775/wordpress HTTP/1.1" 200 3915 "-" "Amazon CloudFront"
64.252.122.226 - - [15/Apr/2026:16:02:37 +0000] "GET /prizes/111809935?fileloc=/var/www/volumes/69b4844ae61d4e92bf26ad98af552775/wordpress/xmlrpc.php&path=/var/www/volumes/69b4844ae61d4e92bf26ad98af552775/wordpress HTTP/1.1" 200 3915 "-" "Amazon CloudFront"
64.252.122.229 - - [15/Apr/2026:16:02:37 +0000] "GET /prizes/169222400?fileloc=//s3/0b605c1c3a4343c5aa5ae282f33e86ae/wordpress/wp-content/uploads/woocommerce-placeholder.png&path=//s3/0b605c1c3a4343c5aa5ae282f33e86ae/wordpress/wp-content/uploads HTTP/1.1" 200 2615 "-" "Amazon CloudFront"
64.252.122.226 - - [15/Apr/2026:16:02:38 +0000] "GET /prizes/169222400?fileloc=//s3/fde144c4a0624d3caa47b30e7f1249f3/wordpress/wp-content/uploads/woocommerce-placeholder.png&path=//s3/fde144c4a0624d3caa47b30e7f1249f3/wordpress/wp-content/uploads HTTP/1.1" 200 2615 "-" "Amazon CloudFront"
64.252.88.210 - - [15/Apr/2026:16:02:39 +0000] "GET /prizes/45732157 HTTP/1.1" 200 4202 "-" "Amazon CloudFront"
64.252.122.229 - - [15/Apr/2026:16:02:39 +0000] "GET /prizes/111809935?fileloc=//s3/0b605c1c3a4343c5aa5ae282f33e86ae/wordpress/wp-content/uploads/woocommerce-placeholder.png&path=//s3/0b605c1c3a4343c5aa5ae282f33e86ae/wordpress/wp-content/uploads HTTP/1.1" 200 2615 "-" "Amazon CloudFront"
64.252.122.226 - - [15/Apr/2026:16:02:39 +0000] "GET /prizes/166625905?path=/var/www/volumes/45f56bbbe5724528a4307e414af4a75f HTTP/1.1" 200 2642 "-" "Amazon CloudFront"
64.252.122.226 - - [15/Apr/2026:16:02:40 +0000] "GET /prizes/138333268?path=/var/www/volumes/798bee7eed1944599e8e29524007134a HTTP/1.1" 200 2642 "-" "Amazon CloudFront"
64.252.122.226 - - [15/Apr/2026:16:02:40 +0000] "GET /prizes/196668127?path=//s3/712377b7de0a4caf903388b6341429bb/wordpress HTTP/1.1" 200 2889 "-" "Amazon CloudFront"
64.252.122.229 - - [15/Apr/2026:16:02:41 +0000] "GET /prizes/196668127?path=//s3/e794902bc2564bb399357dca50594ea0/wordpress HTTP/1.1" 200 2889 "-" "Amazon CloudFront"
64.252.122.229 - - [15/Apr/2026:16:02:41 +0000] "GET /prizes/196668127?path=//s3/ab1db40090834526ac92e1a9f136b141/wordpress HTTP/1.1" 200 2888 "-" "Amazon CloudFront"
64.252.86.163 - - [15/Apr/2026:16:02:42 +0000] "GET /prizes/54305773 HTTP/1.1" 200 4242 "-" "Amazon CloudFront"
64.252.122.229 - - [15/Apr/2026:16:02:42 +0000] "GET /prizes/169222400?path=//s3/712377b7de0a4caf903388b6341429bb/wordpress HTTP/1.1" 200 2889 "-" "Amazon CloudFront"
64.252.122.229 - - [15/Apr/2026:16:02:42 +0000] "GET /prizes/111809935?path=//s3/fa410502b12f4af780703c7492dfe955/wordpress HTTP/1.1" 200 2890 "-" "Amazon CloudFront"
64.252.122.229 - - [15/Apr/2026:16:02:43 +0000] "GET /prizes/166625905?path=//s3/9202c93155804fcca7d40217499ed0ed/wordpress HTTP/1.1" 200 2890 "-" "Amazon CloudFront"
64.252.122.226 - - [15/Apr/2026:16:02:44 +0000] "GET /prizes/111809935?path=//s3/5b2ec66b862946cf878fb0216562a6c6/wordpress HTTP/1.1" 200 2889 "-" "Amazon CloudFront"
64.252.122.229 - - [15/Apr/2026:16:02:44 +0000] "GET /prizes/166625905?path=//s3/379583630da24136815fc5ba872da7de/wordpress HTTP/1.1" 200 2889 "-" "Amazon CloudFront"
64.252.122.229 - - [15/Apr/2026:16:02:45 +0000] "GET /prizes/169222400?path=//s3/c811415c52d145e1afbd9b988187995d/wordpress HTTP/1.1" 200 2890 "-" "Amazon CloudFront"
64.252.122.229 - - [15/Apr/2026:16:02:45 +0000] "GET /prizes/169222400?path=//s3/fa410502b12f4af780703c7492dfe955/wordpress HTTP/1.1" 200 2890 "-" "Amazon CloudFront"
64.252.88.96 - - [15/Apr/2026:16:02:45 +0000] "GET /prizes/45740147 HTTP/1.1" 200 4236 "-" "Amazon CloudFront"
64.252.83.165 - - [15/Apr/2026:16:02:46 +0000] "GET /prizes/166625905?path=//s3/19067baf7749460aa7bff8926a9c8636/wordpress HTTP/1.1" 200 2890 "-" "Amazon CloudFront"
64.252.83.165 - - [15/Apr/2026:16:02:46 +0000] "GET /prizes/111809935?path=//s3/98470003a68b4a2e8cd31e92c7bd5508/wordpress HTTP/1.1" 200 2889 "-" "Amazon CloudFront"
64.252.85.188 - - [15/Apr/2026:16:02:47 +0000] "GET /prizes/166625905?path=//s3/6819dd61b37e448094c7aaa249a111f1/wordpress HTTP/1.1" 200 2888 "-" "Amazon CloudFront"
64.252.83.165 - - [15/Apr/2026:16:02:47 +0000] "GET /prizes/166625905?path=//s3/d1444229b4284acc83179d2e27ae873e/wordpress HTTP/1.1" 200 2889 "-" "Amazon CloudFront"
64.252.75.25 - - [15/Apr/2026:16:02:48 +0000] "GET /?p=43404 HTTP/1.1" 200 4343 "-" "Amazon CloudFront"
64.252.83.165 - - [15/Apr/2026:16:02:48 +0000] "GET /prizes/196668127?path=//s3/9202c93155804fcca7d40217499ed0ed/wordpress HTTP/1.1" 200 2890 "-" "Amazon CloudFront"
64.252.83.165 - - [15/Apr/2026:16:02:48 +0000] "GET /prizes/169222400?path=//s3/07f87d97202c447da565b192a4eaa093/wordpress HTTP/1.1" 200 2889 "-" "Amazon CloudFront"
64.252.74.231 - - [15/Apr/2026:16:02:48 +0000] "GET /?p=43142 HTTP/1.1" 200 4202 "-" "Amazon CloudFront"
64.252.82.51 - - [15/Apr/2026:16:02:49 +0000] "GET /prizes/111809935?path=//s3/712377b7de0a4caf903388b6341429bb/wordpress HTTP/1.1" 200 2889 "-" "Amazon CloudFront"
64.252.86.163 - - [15/Apr/2026:16:02:49 +0000] "GET /prizes/54308581 HTTP/1.1" 200 4202 "-" "Amazon CloudFront"
64.252.82.51 - - [15/Apr/2026:16:02:49 +0000] "GET /prizes/111809935?path=//s3/e6530e2df33944698d3574daf6d276b4/wordpress HTTP/1.1" 200 2889 "-" "Amazon CloudFront"
64.252.82.51 - - [15/Apr/2026:16:02:50 +0000] "GET /prizes/111809935?path=//s3/379583630da24136815fc5ba872da7de/wordpress HTTP/1.1" 200 2889 "-" "Amazon CloudFront"
64.252.82.51 - - [15/Apr/2026:16:02:50 +0000] "GET /prizes/169222400?path=//s3/98470003a68b4a2e8cd31e92c7bd5508/wordpress HTTP/1.1" 200 2889 "-" "Amazon CloudFront"
64.252.83.165 - - [15/Apr/2026:16:02:51 +0000] "GET /prizes/333133541?fileloc=/var/www/volumes/69b4844ae61d4e92bf26ad98af552775/wordpress/view.php&path=/var/www/volumes/69b4844ae61d4e92bf26ad98af552775/wordpress HTTP/1.1" 200 28757 "-" "Amazon CloudFront"
64.252.83.165 - - [15/Apr/2026:16:02:52 +0000] "GET /prizes/196668127?fileloc=/var/www/volumes/69b4844ae61d4e92bf26ad98af552775/wordpress/view.php&path=/var/www/volumes/69b4844ae61d4e92bf26ad98af552775/wordpress HTTP/1.1" 200 28641 "-" "Amazon CloudFront"
64.252.85.188 - - [15/Apr/2026:16:02:51 +0000] "GET /prizes/245942228?fileloc=/var/www/volumes/69b4844ae61d4e92bf26ad98af552775/wordpress/view.php&path=/var/www/volumes/69b4844ae61d4e92bf26ad98af552775/wordpress HTTP/1.1" 200 28634 "-" "Amazon CloudFront"
64.252.83.165 - - [15/Apr/2026:16:02:52 +0000] "GET /prizes/166625905?fileloc=/var/www/volumes/69b4844ae61d4e92bf26ad98af552775/wordpress/view.php&path=/var/www/volumes/69b4844ae61d4e92bf26ad98af552775/wordpress HTTP/1.1" 200 28757 "-" "Amazon CloudFront"
64.252.82.51 - - [15/Apr/2026:16:02:53 +0000] "GET /prizes/169222400?fileloc=/var/www/volumes/69b4844ae61d4e92bf26ad98af552775/wordpress/view.php&path=/var/www/volumes/69b4844ae61d4e92bf26ad98af552775/wordpress HTTP/1.1" 200 28641 "-" "Amazon CloudFront"
64.252.86.163 - - [15/Apr/2026:16:02:52 +0000] "GET /prizes/45747349 HTTP/1.1" 200 4343 "-" "Amazon CloudFront"
64.252.82.51 - - [15/Apr/2026:16:02:54 +0000] "GET /prizes/111809935?fileloc=/var/www/volumes/69b4844ae61d4e92bf26ad98af552775/wordpress/view.php&path=/var/www/volumes/69b4844ae61d4e92bf26ad98af552775/wordpress HTTP/1.1" 200 28641 "-" "Amazon CloudFront"
64.252.85.188 - - [15/Apr/2026:16:02:54 +0000] "GET /prizes/167111551?fileloc=/var/www/volumes/69b4844ae61d4e92bf26ad98af552775/wordpress/view.php&path=/var/www/volumes/69b4844ae61d4e92bf26ad98af552775/wordpress HTTP/1.1" 200 28641 "-" "Amazon CloudFront"
64.252.82.51 - - [15/Apr/2026:16:02:55 +0000] "GET /prizes/178901117?fileloc=/var/www/volumes/69b4844ae61d4e92bf26ad98af552775/wordpress/view.php&path=/var/www/volumes/69b4844ae61d4e92bf26ad98af552775/wordpress HTTP/1.1" 200 28757 "-" "Amazon CloudFront"
64.252.85.188 - - [15/Apr/2026:16:02:55 +0000] "GET /prizes/277786703?fileloc=/var/www/volumes/69b4844ae61d4e92bf26ad98af552775/wordpress/view.php&path=/var/www/volumes/69b4844ae61d4e92bf26ad98af552775/wordpress HTTP/1.1" 200 28757 "-" "Amazon CloudFront"
64.252.83.165 - - [15/Apr/2026:16:02:56 +0000] "GET /prizes/138333268?path=/var/www/volumes/0d12edd31ab0488b8d201eff314afd52 HTTP/1.1" 200 2642 "-" "Amazon CloudFront"
64.252.85.188 - - [15/Apr/2026:16:02:56 +0000] "GET /prizes/162444268?path=/var/www/volumes/eb40eeed47724532a873aca844dcda58 HTTP/1.1" 200 2642 "-" "Amazon CloudFront"
64.252.88.96 - - [15/Apr/2026:16:02:56 +0000] "GET /prizes/54308713 HTTP/1.1" 200 4343 "-" "Amazon CloudFront"
64.252.85.188 - - [15/Apr/2026:16:02:57 +0000] "GET /prizes/277786703?path=/var/www/volumes/706aecad6e7c4e968739fec68e78a015 HTTP/1.1" 200 2643 "-" "Amazon CloudFront"
64.252.82.51 - - [15/Apr/2026:16:02:57 +0000] "GET /prizes/162444268?path=/var/www/volumes/0b605c1c3a4343c5aa5ae282f33e86ae HTTP/1.1" 200 2642 "-" "Amazon CloudFront"
64.252.85.188 - - [15/Apr/2026:16:02:58 +0000] "GET /prizes/138333268?path=/var/www/volumes/eb40eeed47724532a873aca844dcda58 HTTP/1.1" 200 2642 "-" "Amazon CloudFront"
64.252.82.51 - - [15/Apr/2026:16:02:58 +0000] "GET /prizes/178901117?path=/var/www/volumes/706aecad6e7c4e968739fec68e78a015 HTTP/1.1" 200 2643 "-" "Amazon CloudFront"
64.252.85.188 - - [15/Apr/2026:16:02:59 +0000] "GET /prizes/245942228?path=/var/www/volumes/bb4dc62639834c8b82d03bbdaaba5962 HTTP/1.1" 200 2642 "-" "Amazon CloudFront"
64.252.83.165 - - [15/Apr/2026:16:02:59 +0000] "GET /prizes/333013955 HTTP/1.1" 200 4202 "-" "Amazon CloudFront"
64.252.83.165 - - [15/Apr/2026:16:03:00 +0000] "GET /prizes/111092066 HTTP/1.1" 200 4343 "-" "Amazon CloudFront"
64.252.88.210 - - [15/Apr/2026:16:03:00 +0000] "GET /prizes/45751400 HTTP/1.1" 200 4343 "-" "Amazon CloudFront"
64.252.82.51 - - [15/Apr/2026:16:03:01 +0000] "GET /prizes/136555652 HTTP/1.1" 200 4202 "-" "Amazon CloudFront"
64.252.85.188 - - [15/Apr/2026:16:03:00 +0000] "GET /prizes/333892571 HTTP/1.1" 200 4343 "-" "Amazon CloudFront"
64.252.83.165 - - [15/Apr/2026:16:03:01 +0000] "GET /prizes/227773460 HTTP/1.1" 200 4199 "-" "Amazon CloudFront"
64.252.82.51 - - [15/Apr/2026:16:03:02 +0000] "GET /prizes/222045187 HTTP/1.1" 200 4202 "-" "Amazon CloudFront"
64.252.85.188 - - [15/Apr/2026:16:03:03 +0000] "GET /prizes/100244470 HTTP/1.1" 200 4343 "-" "Amazon CloudFront"
64.252.88.210 - - [15/Apr/2026:16:03:03 +0000] "GET /prizes/54324915 HTTP/1.1" 200 4343 "-" "Amazon CloudFront"
64.252.83.165 - - [15/Apr/2026:16:03:02 +0000] "GET /prizes/222794773 HTTP/1.1" 200 4343 "-" "Amazon CloudFront"
64.252.83.165 - - [15/Apr/2026:16:03:04 +0000] "GET /prizes/222526359 HTTP/1.1" 200 4343 "-" "Amazon CloudFront"
64.252.82.51 - - [15/Apr/2026:16:03:04 +0000] "GET /prizes/274955521 HTTP/1.1" 200 4202 "-" "Amazon CloudFront"
64.252.83.165 - - [15/Apr/2026:16:03:05 +0000] "GET /prizes/333013955?fileloc=/var/www/volumes/69b4844ae61d4e92bf26ad98af552775/wordpress/readme.html&path=/var/www/volumes/69b4844ae61d4e92bf26ad98af552775/wordpress HTTP/1.1" 200 5618 "-" "Amazon CloudFront"
64.252.85.188 - - [15/Apr/2026:16:03:05 +0000] "GET /prizes/287775783 HTTP/1.1" 200 4343 "-" "Amazon CloudFront"
64.252.85.188 - - [15/Apr/2026:16:03:06 +0000] "GET /prizes/333892571?path=/ HTTP/1.1" 200 3595 "-" "Amazon CloudFront"
64.252.82.51 - - [15/Apr/2026:16:03:06 +0000] "GET /prizes/111092066?fileloc=/var/www/volumes/69b4844ae61d4e92bf26ad98af552775/wordpress/readme.html&path=/var/www/volumes/69b4844ae61d4e92bf26ad98af552775/wordpress HTTP/1.1" 200 5618 "-" "Amazon CloudFront"
64.252.88.210 - - [15/Apr/2026:16:03:06 +0000] "GET /prizes/45760278 HTTP/1.1" 200 4343 "-" "Amazon CloudFront"
64.252.85.188 - - [15/Apr/2026:16:03:07 +0000] "GET /prizes/333892571?fileloc=/var/www/volumes/69b4844ae61d4e92bf26ad98af552775/wordpress/readme.html&path=/var/www/volumes/69b4844ae61d4e92bf26ad98af552775/wordpress HTTP/1.1" 200 5608 "-" "Amazon CloudFront"
64.252.85.188 - - [15/Apr/2026:16:03:07 +0000] "GET /prizes/227773460?path=/ HTTP/1.1" 200 3595 "-" "Amazon CloudFront"
64.252.82.51 - - [15/Apr/2026:16:03:08 +0000] "GET /prizes/222045187?path=/ HTTP/1.1" 200 3595 "-" "Amazon CloudFront"
64.252.85.188 - - [15/Apr/2026:16:03:08 +0000] "GET /prizes/227773460?path=/var/www/volumes HTTP/1.1" 200 12224 "-" "Amazon CloudFront"
64.252.85.188 - - [15/Apr/2026:16:03:09 +0000] "GET /prizes/222045187?fileloc=/var/www/volumes/69b4844ae61d4e92bf26ad98af552775/wordpress/readme.html&path=/var/www/volumes/69b4844ae61d4e92bf26ad98af552775/wordpress HTTP/1.1" 200 5618 "-" "Amazon CloudFront"
64.252.85.188 - - [15/Apr/2026:16:03:09 +0000] "GET /prizes/222526359?fileloc=/var/www/volumes/69b4844ae61d4e92bf26ad98af552775/wordpress/readme.html&path=/var/www/volumes/69b4844ae61d4e92bf26ad98af552775/wordpress HTTP/1.1" 200 5618 "-" "Amazon CloudFront"
64.252.88.210 - - [15/Apr/2026:16:03:10 +0000] "GET /prizes/54325460 HTTP/1.1" 200 4343 "-" "Amazon CloudFront"
64.252.83.165 - - [15/Apr/2026:16:03:10 +0000] "GET /prizes/274955521?path=/ HTTP/1.1" 200 3595 "-" "Amazon CloudFront"
64.252.85.188 - - [15/Apr/2026:16:03:10 +0000] "GET /prizes/274955521?path=/var/www/volumes HTTP/1.1" 200 11241 "-" "Amazon CloudFront"
64.252.85.188 - - [15/Apr/2026:16:03:11 +0000] "GET /prizes/274955521?fileloc=/var/www/volumes/69b4844ae61d4e92bf26ad98af552775/wordpress/readme.html&path=/var/www/volumes/69b4844ae61d4e92bf26ad98af552775/wordpress HTTP/1.1" 200 5618 "-" "Amazon CloudFront"
64.252.83.165 - - [15/Apr/2026:16:03:11 +0000] "GET /prizes/287775783?fileloc=/var/www/volumes/69b4844ae61d4e92bf26ad98af552775/wordpress/readme.html&path=/var/www/volumes/69b4844ae61d4e92bf26ad98af552775/wordpress HTTP/1.1" 200 5608 "-" "Amazon CloudFront"
64.252.82.51 - - [15/Apr/2026:16:03:12 +0000] "GET /prizes/333892571?path=//s3 HTTP/1.1" 200 14846 "-" "Amazon CloudFront"
64.252.82.51 - - [15/Apr/2026:16:03:13 +0000] "GET /prizes/227773460?path=//s3 HTTP/1.1" 200 14846 "-" "Amazon CloudFront"
64.252.85.188 - - [15/Apr/2026:16:03:13 +0000] "GET /prizes/222794773?fileloc=/var/www/volumes/69b4844ae61d4e92bf26ad98af552775/wordpress/readme.html&path=/var/www/volumes/69b4844ae61d4e92bf26ad98af552775/wordpress HTTP/1.1" 200 5618 "-" "Amazon CloudFront"
64.252.82.51 - - [15/Apr/2026:16:03:14 +0000] "GET /prizes/222045187?path=//s3 HTTP/1.1" 200 14846 "-" "Amazon CloudFront"
64.252.83.165 - - [15/Apr/2026:16:03:14 +0000] "GET /prizes/227773460?path=/var/www/volumes/3224927569e94ce9986b83623195f1c0 HTTP/1.1" 200 2643 "-" "Amazon CloudFront"
64.252.88.96 - - [15/Apr/2026:16:03:14 +0000] "GET /prizes/45765238 HTTP/1.1" 200 4343 "-" "Amazon CloudFront"
64.252.82.51 - - [15/Apr/2026:16:03:15 +0000] "GET /prizes/227773460?path=/var/www/volumes/1370a090f74140c992141fdd223b959a HTTP/1.1" 200 2643 "-" "Amazon CloudFront"
64.252.85.188 - - [15/Apr/2026:16:03:15 +0000] "GET /prizes/227773460?path=/var/www/volumes/34623c2f681e485499c46d8af9296f68 HTTP/1.1" 200 2642 "-" "Amazon CloudFront"
64.252.85.188 - - [15/Apr/2026:16:03:16 +0000] "GET /prizes/274955521?path=/var/www/volumes/2189d45c2a5b4313ac7dfa184fe5f19f HTTP/1.1" 200 2643 "-" "Amazon CloudFront"
64.252.83.165 - - [15/Apr/2026:16:03:16 +0000] "GET /prizes/227773460?path=/var/www/volumes/4bf646eb817d431096d406615168f1e1 HTTP/1.1" 200 2642 "-" "Amazon CloudFront"
64.252.88.210 - - [15/Apr/2026:16:03:17 +0000] "GET /prizes/54338066 HTTP/1.1" 200 4343 "-" "Amazon CloudFront"
64.252.82.51 - - [15/Apr/2026:16:03:17 +0000] "GET /prizes/274955521?path=/var/www/volumes/284ebc13aec54cfd9724e959eef03894 HTTP/1.1" 200 2642 "-" "Amazon CloudFront"
64.252.83.165 - - [15/Apr/2026:16:03:17 +0000] "GET /prizes/274955521?path=/var/www/volumes/b17e78e2e443406083a2605e586f22d1 HTTP/1.1" 200 2642 "-" "Amazon CloudFront"
64.252.83.165 - - [15/Apr/2026:16:03:18 +0000] "GET /prizes/274955521?path=/var/www/volumes/4bf646eb817d431096d406615168f1e1 HTTP/1.1" 200 2642 "-" "Amazon CloudFront"
64.252.83.165 - - [15/Apr/2026:16:03:19 +0000] "GET /prizes/227773460?path=//s3/35822936275a447e9862fe89338c636d HTTP/1.1" 200 2877 "-" "Amazon CloudFront"
64.252.85.188 - - [15/Apr/2026:16:03:18 +0000] "GET /prizes/333892571?path=//s3/cf5000d5030a4892a08baad1739acb24 HTTP/1.1" 200 2874 "-" "Amazon CloudFront"
64.252.85.188 - - [15/Apr/2026:16:03:19 +0000] "GET /prizes/227773460?path=//s3/1346bcda375f4c2f807eed1f3733d001 HTTP/1.1" 200 2878 "-" "Amazon CloudFront"
64.252.85.188 - - [15/Apr/2026:16:03:20 +0000] "GET /prizes/227773460?path=//s3/2261fecfa695442694c6ed0a816c7fa2 HTTP/1.1" 200 2877 "-" "Amazon CloudFront"
64.252.85.188 - - [15/Apr/2026:16:03:21 +0000] "GET /prizes/274955521?path=//s3 HTTP/1.1" 200 14846 "-" "Amazon CloudFront"
64.252.86.163 - - [15/Apr/2026:16:03:21 +0000] "GET /prizes/45785369 HTTP/1.1" 200 4343 "-" "Amazon CloudFront"
64.252.66.105 - - [15/Apr/2026:16:03:21 +0000] "GET /?p=8368 HTTP/1.1" 200 4343 "-" "Amazon CloudFront"
64.252.83.165 - - [15/Apr/2026:16:03:21 +0000] "GET /prizes/227773460?path=//s3/08f68344ad4f4069b8296d3899a859fe HTTP/1.1" 200 2877 "-" "Amazon CloudFront"
64.252.83.165 - - [15/Apr/2026:16:03:22 +0000] "GET /prizes/333892571?path=//s3/aa7ca9e8b6264569961b4250c3e47923 HTTP/1.1" 200 2876 "-" "Amazon CloudFront"
64.252.83.165 - - [15/Apr/2026:16:03:22 +0000] "GET /prizes/222045187?path=//s3/a532169c83fc4427ab3619ac8184a189 HTTP/1.1" 200 2878 "-" "Amazon CloudFront"
64.252.82.51 - - [15/Apr/2026:16:03:23 +0000] "GET /prizes/333892571?path=//s3/380f5d49540a456baf7809b414938aa7 HTTP/1.1" 200 2878 "-" "Amazon CloudFront"
64.252.83.165 - - [15/Apr/2026:16:03:23 +0000] "GET /prizes/227773460?path=//s3/9b330b64d74c42079314e9dd51661be5 HTTP/1.1" 200 2877 "-" "Amazon CloudFront"
64.252.85.188 - - [15/Apr/2026:16:03:24 +0000] "GET /prizes/227773460?path=//s3/44639e68851b4be8a5a441c90a4183b5 HTTP/1.1" 200 2877 "-" "Amazon CloudFront"
64.252.88.210 - - [15/Apr/2026:16:03:24 +0000] "GET /prizes/54347288 HTTP/1.1" 200 4202 "-" "Amazon CloudFront"
64.252.85.188 - - [15/Apr/2026:16:03:24 +0000] "GET /prizes/227773460?fileloc=/var/www/volumes/69b4844ae61d4e92bf26ad98af552775/wordpress/readme.html&path=/var/www/volumes/69b4844ae61d4e92bf26ad98af552775/wordpress HTTP/1.1" 200 5608 "-" "Amazon CloudFront"
64.252.82.51 - - [15/Apr/2026:16:03:25 +0000] "GET /prizes/100244470?fileloc=/var/www/volumes/69b4844ae61d4e92bf26ad98af552775/wordpress/readme.html&path=/var/www/volumes/69b4844ae61d4e92bf26ad98af552775/wordpress HTTP/1.1" 200 5618 "-" "Amazon CloudFront"
64.252.85.188 - - [15/Apr/2026:16:03:25 +0000] "GET /prizes/136555652?fileloc=/var/www/volumes/69b4844ae61d4e92bf26ad98af552775/wordpress/readme.html&path=/var/www/volumes/69b4844ae61d4e92bf26ad98af552775/wordpress HTTP/1.1" 200 5618 "-" "Amazon CloudFront"
64.252.83.165 - - [15/Apr/2026:16:03:26 +0000] "GET /prizes/222045187?path=//s3/421628f699494a3cb1aaa4b26e643e05 HTTP/1.1" 200 2877 "-" "Amazon CloudFront"
64.252.82.51 - - [15/Apr/2026:16:03:26 +0000] "GET /prizes/274955521?path=//s3/e98a9fdc6188482b925d505993854fa8 HTTP/1.1" 200 2878 "-" "Amazon CloudFront"
64.252.83.165 - - [15/Apr/2026:16:03:27 +0000] "GET /prizes/274955521?path=//s3/e6530e2df33944698d3574daf6d276b4 HTTP/1.1" 200 2877 "-" "Amazon CloudFront"
64.252.83.165 - - [15/Apr/2026:16:03:28 +0000] "GET /prizes/274955521?path=//s3/c2e25c36411b4f86a381a3d621d5e943 HTTP/1.1" 200 2877 "-" "Amazon CloudFront"
64.252.85.188 - - [15/Apr/2026:16:03:27 +0000] "GET /prizes/227773460?path=//s3/6819dd61b37e448094c7aaa249a111f1 HTTP/1.1" 200 2874 "-" "Amazon CloudFront"
64.252.88.96 - - [15/Apr/2026:16:03:28 +0000] "GET /prizes/46628117 HTTP/1.1" 200 4202 "-" "Amazon CloudFront"
64.252.85.188 - - [15/Apr/2026:16:03:29 +0000] "GET /prizes/274955521?path=//s3/e84084814a2d41d5a0d21be8fb696124 HTTP/1.1" 200 2877 "-" "Amazon CloudFront"
64.252.82.51 - - [15/Apr/2026:16:03:28 +0000] "GET /prizes/222045187?path=//s3/9202c93155804fcca7d40217499ed0ed HTTP/1.1" 200 2877 "-" "Amazon CloudFront"
64.252.82.51 - - [15/Apr/2026:16:03:29 +0000] "GET /prizes/333892571?path=//s3/66ee580f0663470a9177a6b3f6c6d406 HTTP/1.1" 200 2878 "-" "Amazon CloudFront"
64.252.82.51 - - [15/Apr/2026:16:03:30 +0000] "GET /prizes/222045187?path=//s3/595c2a50330f41eaa6582d30695d219d HTTP/1.1" 200 2877 "-" "Amazon CloudFront"
64.252.85.188 - - [15/Apr/2026:16:03:30 +0000] "GET /prizes/222045187?path=//s3/b6e71589f7f8491aa1285d7e4405718a HTTP/1.1" 200 2878 "-" "Amazon CloudFront"
64.252.85.188 - - [15/Apr/2026:16:03:31 +0000] "GET /prizes/227773460?path=//s3/380f5d49540a456baf7809b414938aa7 HTTP/1.1" 200 2878 "-" "Amazon CloudFront"
64.252.83.165 - - [15/Apr/2026:16:03:32 +0000] "GET /prizes/227773460?path=//s3/a532169c83fc4427ab3619ac8184a189 HTTP/1.1" 200 2878 "-" "Amazon CloudFront"
64.252.83.165 - - [15/Apr/2026:16:03:32 +0000] "GET /prizes/227773460?path=//s3/0b2ffff5e8d24a8385c7dc4b463027f4 HTTP/1.1" 200 2877 "-" "Amazon CloudFront"
64.252.88.210 - - [15/Apr/2026:16:03:32 +0000] "GET /prizes/45809228 HTTP/1.1" 200 4343 "-" "Amazon CloudFront"
64.252.83.165 - - [15/Apr/2026:16:03:33 +0000] "GET /prizes/222045187?path=//s3/a92f7abbe32342df9d6ba82857f58983 HTTP/1.1" 200 2877 "-" "Amazon CloudFront"
64.252.82.51 - - [15/Apr/2026:16:03:33 +0000] "GET /prizes/227773460?path=//s3/8415bbc06df744ab873e2176fa400e7b HTTP/1.1" 200 2877 "-" "Amazon CloudFront"
64.252.85.188 - - [15/Apr/2026:16:03:34 +0000] "GET /prizes/333892571?path=//s3/2f5dda90d37742a0b1cd0809a1c98d89 HTTP/1.1" 200 2878 "-" "Amazon CloudFront"
64.252.85.188 - - [15/Apr/2026:16:03:34 +0000] "GET /prizes/227773460?path=//s3/8eb19e722b5e4500b47ee67b860fc98f HTTP/1.1" 200 2877 "-" "Amazon CloudFront"
64.252.83.165 - - [15/Apr/2026:16:03:35 +0000] "GET /prizes/333892571?path=//s3/d477e617ea1b4daaa49c57837f2d9619 HTTP/1.1" 200 2874 "-" "Amazon CloudFront"
64.252.85.188 - - [15/Apr/2026:16:03:35 +0000] "GET /prizes/227773460?path=//s3/d477e617ea1b4daaa49c57837f2d9619 HTTP/1.1" 200 2874 "-" "Amazon CloudFront"
64.252.88.210 - - [15/Apr/2026:16:03:35 +0000] "GET /prizes/54349086 HTTP/1.1" 200 4343 "-" "Amazon CloudFront"
64.252.85.188 - - [15/Apr/2026:16:03:36 +0000] "GET /prizes/274955521?path=//s3/2261fecfa695442694c6ed0a816c7fa2 HTTP/1.1" 200 2877 "-" "Amazon CloudFront"
64.252.83.165 - - [15/Apr/2026:16:03:36 +0000] "GET /prizes/274955521?path=//s3/cf5000d5030a4892a08baad1739acb24 HTTP/1.1" 200 2874 "-" "Amazon CloudFront"
64.252.85.188 - - [15/Apr/2026:16:03:37 +0000] "GET /prizes/274955521?path=//s3/df0cd42625f9422aad097e62a1637ec3 HTTP/1.1" 200 2877 "-" "Amazon CloudFront"
64.252.82.51 - - [15/Apr/2026:16:03:37 +0000] "GET /prizes/274955521?path=//s3/d477e617ea1b4daaa49c57837f2d9619 HTTP/1.1" 200 2874 "-" "Amazon CloudFront"
64.252.82.51 - - [15/Apr/2026:16:03:38 +0000] "GET /prizes/222045187?path=//s3/8f4274d3d21e4c5cbb48942a37b35a8e HTTP/1.1" 200 2877 "-" "Amazon CloudFront"
64.252.88.210 - - [15/Apr/2026:16:03:39 +0000] "GET /prizes/45811814 HTTP/1.1" 200 4343 "-" "Amazon CloudFront"
64.252.83.165 - - [15/Apr/2026:16:03:38 +0000] "GET /prizes/222045187?path=//s3/a8e455b4626f413787506ec0fec6ef6f HTTP/1.1" 200 2878 "-" "Amazon CloudFront"
64.252.82.51 - - [15/Apr/2026:16:03:39 +0000] "GET /prizes/333892571?path=//s3/11f987c6107d42e3aff30dd8a6130e1a HTTP/1.1" 200 2878 "-" "Amazon CloudFront"
64.252.83.165 - - [15/Apr/2026:16:03:39 +0000] "GET /prizes/274955521?path=/var/www/volumes/1a5a3befeed64180a9390ad092e46be2 HTTP/1.1" 200 2642 "-" "Amazon CloudFront"
64.252.82.51 - - [15/Apr/2026:16:03:40 +0000] "GET /prizes/274955521?path=/var/www/volumes/be4ccf66d02e4d83961ad12decd56145 HTTP/1.1" 200 2642 "-" "Amazon CloudFront"
64.252.82.51 - - [15/Apr/2026:16:03:40 +0000] "GET /prizes/227773460?path=/var/www/volumes/0d12edd31ab0488b8d201eff314afd52 HTTP/1.1" 200 2642 "-" "Amazon CloudFront"
64.252.83.165 - - [15/Apr/2026:16:03:41 +0000] "GET /prizes/227773460?path=/var/www/volumes/a127e9dfe0124d30b4edfeb39c796b32 HTTP/1.1" 200 2643 "-" "Amazon CloudFront"
64.252.83.165 - - [15/Apr/2026:16:03:42 +0000] "GET /prizes/274955521?path=/var/www/volumes/ba62cb32c368459098ca6f26c2ca3bd1 HTTP/1.1" 200 2642 "-" "Amazon CloudFront"
64.252.83.165 - - [15/Apr/2026:16:03:42 +0000] "GET /prizes/227773460?path=/var/www/volumes/0b2ffff5e8d24a8385c7dc4b463027f4 HTTP/1.1" 200 2642 "-" "Amazon CloudFront"
64.252.88.96 - - [15/Apr/2026:16:03:42 +0000] "GET /prizes/54362602 HTTP/1.1" 200 4202 "-" "Amazon CloudFront"
64.252.82.51 - - [15/Apr/2026:16:03:43 +0000] "GET /prizes/274955521?path=/var/www/volumes/0b2ffff5e8d24a8385c7dc4b463027f4 HTTP/1.1" 200 2642 "-" "Amazon CloudFront"
64.252.83.165 - - [15/Apr/2026:16:03:43 +0000] "GET /prizes/274955521?path=/var/www/volumes/774212c8c81240acbd58d9f10eff4fe2 HTTP/1.1" 200 2643 "-" "Amazon CloudFront"
64.252.83.165 - - [15/Apr/2026:16:03:44 +0000] "GET /prizes/274955521?path=/var/www/volumes/f1de3baa71784a58b8bd5743fc625f4f HTTP/1.1" 200 2643 "-" "Amazon CloudFront"
64.252.83.165 - - [15/Apr/2026:16:03:44 +0000] "GET /prizes/227773460?path=/var/www/volumes/9b7b5b54bc8e422d86bd508ce5f723c5 HTTP/1.1" 200 2642 "-" "Amazon CloudFront"
64.252.85.188 - - [15/Apr/2026:16:03:45 +0000] "GET /prizes/274955521?path=/var/www/volumes/b96555b76f6649f9a8a89aedce059be3 HTTP/1.1" 200 2642 "-" "Amazon CloudFront"
64.252.82.51 - - [15/Apr/2026:16:03:45 +0000] "GET /prizes/227773460?path=/var/www/volumes/ba62cb32c368459098ca6f26c2ca3bd1 HTTP/1.1" 200 2642 "-" "Amazon CloudFront"
64.252.83.165 - - [15/Apr/2026:16:03:46 +0000] "GET /prizes/274955521?path=/var/www/volumes/ddc84c81f3594a50a11f1410fd20b3ab HTTP/1.1" 200 2642 "-" "Amazon CloudFront"
64.252.86.163 - - [15/Apr/2026:16:03:46 +0000] "GET /prizes/45812602 HTTP/1.1" 200 4343 "-" "Amazon CloudFront"
64.252.85.188 - - [15/Apr/2026:16:03:46 +0000] "GET /prizes/227773460?path=/var/www/volumes/c2883de52b654b63a82ff1bc63343ceb HTTP/1.1" 200 2642 "-" "Amazon CloudFront"
64.252.82.51 - - [15/Apr/2026:16:03:47 +0000] "GET /prizes/274955521?path=/var/www/volumes/bb4dc62639834c8b82d03bbdaaba5962 HTTP/1.1" 200 2642 "-" "Amazon CloudFront"
64.252.85.188 - - [15/Apr/2026:16:03:47 +0000] "GET /prizes/227773460?path=/var/www/volumes/d0b8636c0f6d4705ac11b06ab26f2c6e HTTP/1.1" 200 2642 "-" "Amazon CloudFront"
64.252.85.188 - - [15/Apr/2026:16:03:48 +0000] "GET /prizes/274955521?path=/var/www/volumes/4f8507ea73d44f5a9e8111c9dcfe150b HTTP/1.1" 200 2643 "-" "Amazon CloudFront"
64.252.83.165 - - [15/Apr/2026:16:03:48 +0000] "GET /prizes/227773460?path=/var/www/volumes/6e617cbccd64427d8fa610c4f3e0b256 HTTP/1.1" 200 2643 "-" "Amazon CloudFront"
64.252.85.188 - - [15/Apr/2026:16:03:49 +0000] "GET /prizes/274955521?path=/var/www/volumes/706aecad6e7c4e968739fec68e78a015 HTTP/1.1" 200 2643 "-" "Amazon CloudFront"
64.252.88.210 - - [15/Apr/2026:16:03:49 +0000] "GET /prizes/54365309 HTTP/1.1" 200 4343 "-" "Amazon CloudFront"
64.252.83.165 - - [15/Apr/2026:16:03:49 +0000] "GET /prizes/274955521?path=/var/www/volumes/bbd8e4dcf159470a9b7dd5571f45369b HTTP/1.1" 200 2643 "-" "Amazon CloudFront"
64.252.82.51 - - [15/Apr/2026:16:03:50 +0000] "GET /prizes/227773460?path=/var/www/volumes/f1de3baa71784a58b8bd5743fc625f4f HTTP/1.1" 200 2643 "-" "Amazon CloudFront"
64.252.74.231 - - [15/Apr/2026:16:03:49 +0000] "GET /?p=42500 HTTP/1.1" 200 4343 "-" "Amazon CloudFront"
64.252.75.25 - - [15/Apr/2026:16:03:50 +0000] "GET /?p=43750 HTTP/1.1" 200 4343 "-" "Amazon CloudFront"
64.252.75.25 - - [15/Apr/2026:16:03:50 +0000] "GET /?p=41944 HTTP/1.1" 200 4202 "-" "Amazon CloudFront"
64.252.83.165 - - [15/Apr/2026:16:03:50 +0000] "GET /prizes/227773460?path=/var/www/volumes/b96555b76f6649f9a8a89aedce059be3 HTTP/1.1" 200 2642 "-" "Amazon CloudFront"
64.252.82.51 - - [15/Apr/2026:16:03:51 +0000] "GET /prizes/274955521?path=/var/www/volumes/ca119be3498c46a9a5fd5e76124ea3fe HTTP/1.1" 200 2642 "-" "Amazon CloudFront"
64.252.69.192 - - [15/Apr/2026:16:03:52 +0000] "GET /?p=61657 HTTP/1.1" 200 4202 "-" "Amazon CloudFront"
64.252.82.51 - - [15/Apr/2026:16:03:51 +0000] "GET /prizes/274955521?path=/var/www/volumes/5a71689cef7846778a3aa84e9abdebe0 HTTP/1.1" 200 2642 "-" "Amazon CloudFront"
64.252.82.51 - - [15/Apr/2026:16:03:52 +0000] "GET /prizes/227773460?path=/var/www/volumes/1a5a3befeed64180a9390ad092e46be2 HTTP/1.1" 200 2642 "-" "Amazon CloudFront"
64.252.88.210 - - [15/Apr/2026:16:03:53 +0000] "GET /prizes/45817329 HTTP/1.1" 200 4343 "-" "Amazon CloudFront"
64.252.85.188 - - [15/Apr/2026:16:03:52 +0000] "GET /prizes/227773460?path=/var/www/volumes/3b1bb0cdf63a4f5db01023e1b0c3a216 HTTP/1.1" 200 2642 "-" "Amazon CloudFront"
64.252.82.51 - - [15/Apr/2026:16:03:53 +0000] "GET /prizes/333892571?path=//s3/f496f9f4ec5d44b1b6232c95a952153c HTTP/1.1" 200 2877 "-" "Amazon CloudFront"
64.252.82.51 - - [15/Apr/2026:16:03:53 +0000] "GET /prizes/227773460?path=/var/www/volumes/6b33dafc383a4ae9850845f2bfbce7ab HTTP/1.1" 200 2642 "-" "Amazon CloudFront"
64.252.82.51 - - [15/Apr/2026:16:03:54 +0000] "GET /prizes/274955521?path=/var/www/volumes/aa0db8fbbdd1466eb2285337ab5769ff HTTP/1.1" 200 2643 "-" "Amazon CloudFront"
64.252.85.188 - - [15/Apr/2026:16:03:55 +0000] "GET /prizes/227773460?path=/var/www/volumes/9eb4e4cc30034fda81a50d3e19ed6bcd HTTP/1.1" 200 2898 "-" "Amazon CloudFront"
64.252.82.51 - - [15/Apr/2026:16:03:55 +0000] "GET /prizes/274955521?path=/var/www/volumes/89f46155da9f4d96a10cbfd4f2cc02ee HTTP/1.1" 200 2642 "-" "Amazon CloudFront"
64.252.88.96 - - [15/Apr/2026:16:03:56 +0000] "GET /prizes/54367218 HTTP/1.1" 200 4202 "-" "Amazon CloudFront"
64.252.85.188 - - [15/Apr/2026:16:03:56 +0000] "GET /prizes/274955521?path=/var/www/volumes/0192ae4dcbfc4905aefbb8835a8a0f99 HTTP/1.1" 200 2643 "-" "Amazon CloudFront"
64.252.82.51 - - [15/Apr/2026:16:03:56 +0000] "GET /prizes/274955521?path=/var/www/volumes/6b33dafc383a4ae9850845f2bfbce7ab HTTP/1.1" 200 2642 "-" "Amazon CloudFront"
64.252.83.165 - - [15/Apr/2026:16:03:57 +0000] "GET /prizes/274955521?path=/var/www/volumes/bd381fc3fc7e470a8ad9eb8620b8ea40 HTTP/1.1" 200 2643 "-" "Amazon CloudFront"
64.252.85.188 - - [15/Apr/2026:16:03:57 +0000] "GET /prizes/274955521?path=/var/www/volumes/137fa78cd01f45cb99bff7f4610fdb4f HTTP/1.1" 200 2644 "-" "Amazon CloudFront"
64.252.82.51 - - [15/Apr/2026:16:03:58 +0000] "GET /prizes/274955521?path=/var/www/volumes/f532beccca474fbcb6a273635f00ae38 HTTP/1.1" 200 2643 "-" "Amazon CloudFront"
64.252.82.51 - - [15/Apr/2026:16:03:58 +0000] "GET /prizes/274955521?path=/var/www/volumes/7e55ff00e8f94fb8b13b0f4ec923eb6c HTTP/1.1" 200 2644 "-" "Amazon CloudFront"
64.252.83.165 - - [15/Apr/2026:16:03:59 +0000] "GET /prizes/227773460?path=/var/www/volumes/89f46155da9f4d96a10cbfd4f2cc02ee HTTP/1.1" 200 2642 "-" "Amazon CloudFront"
64.252.85.188 - - [15/Apr/2026:16:03:59 +0000] "GET /prizes/227773460?path=/var/www/volumes/fb21f14aea7e43589c862ddf8c4e9f7f HTTP/1.1" 200 2642 "-" "Amazon CloudFront"
64.252.88.96 - - [15/Apr/2026:16:03:59 +0000] "GET /prizes/45823056 HTTP/1.1" 200 4343 "-" "Amazon CloudFront"
64.252.83.165 - - [15/Apr/2026:16:04:00 +0000] "GET /prizes/274955521?path=/var/www/volumes/5c6f8cab1e824b90acd642fb8b203b2c HTTP/1.1" 200 2642 "-" "Amazon CloudFront"
64.252.85.188 - - [15/Apr/2026:16:04:00 +0000] "GET /prizes/227773460?path=/var/www/volumes/03be325c410f40bbb9cfbe8fdeb02d58 HTTP/1.1" 200 2643 "-" "Amazon CloudFront"
64.252.83.165 - - [15/Apr/2026:16:04:01 +0000] "GET /prizes/274955521?path=/var/www/volumes/a49b3e3bb6644af68c8e3fded31ed752 HTTP/1.1" 200 2643 "-" "Amazon CloudFront"
64.252.83.165 - - [15/Apr/2026:16:04:01 +0000] "GET /prizes/227773460?path=/var/www/volumes/bd381fc3fc7e470a8ad9eb8620b8ea40 HTTP/1.1" 200 2643 "-" "Amazon CloudFront"
64.252.85.188 - - [15/Apr/2026:16:04:02 +0000] "GET /prizes/274955521?path=/var/www/volumes/4faa280774ec40cb8d36caeba2d666e6 HTTP/1.1" 200 2642 "-" "Amazon CloudFront"
64.252.88.96 - - [15/Apr/2026:16:04:03 +0000] "GET /prizes/54368117 HTTP/1.1" 200 4202 "-" "Amazon CloudFront"
64.252.85.188 - - [15/Apr/2026:16:04:03 +0000] "GET /prizes/227773460?path=/var/www/volumes/a5fadbd733a14ffdaca24e0a3c901615 HTTP/1.1" 200 2643 "-" "Amazon CloudFront"
64.252.83.165 - - [15/Apr/2026:16:04:02 +0000] "GET /prizes/227773460?path=/var/www/volumes/7e55ff00e8f94fb8b13b0f4ec923eb6c HTTP/1.1" 200 2644 "-" "Amazon CloudFront"
64.252.77.101 - - [15/Apr/2026:16:04:04 +0000] "GET /?p=37728 HTTP/1.1" 200 4202 "-" "Amazon CloudFront"
64.252.77.101 - - [15/Apr/2026:16:04:04 +0000] "GET /?p=38236 HTTP/1.1" 200 4202 "-" "Amazon CloudFront"
64.252.82.51 - - [15/Apr/2026:16:04:03 +0000] "GET /prizes/274955521?path=/var/www/volumes/9eb4e4cc30034fda81a50d3e19ed6bcd HTTP/1.1" 200 2898 "-" "Amazon CloudFront"
64.252.83.165 - - [15/Apr/2026:16:04:04 +0000] "GET /prizes/227773460?path=/var/www/volumes/0192ae4dcbfc4905aefbb8835a8a0f99 HTTP/1.1" 200 2643 "-" "Amazon CloudFront"
64.252.85.188 - - [15/Apr/2026:16:04:05 +0000] "GET /prizes/227773460?path=/var/www/volumes/5c6f8cab1e824b90acd642fb8b203b2c HTTP/1.1" 200 2642 "-" "Amazon CloudFront"
64.252.85.188 - - [15/Apr/2026:16:04:05 +0000] "GET /prizes/227773460?path=/var/www/volumes/f9c9f3d9e2d44fc2a95411ed3c8ee05e HTTP/1.1" 200 2642 "-" "Amazon CloudFront"
64.252.82.51 - - [15/Apr/2026:16:04:06 +0000] "GET /prizes/274955521?path=/var/www/volumes/a5fadbd733a14ffdaca24e0a3c901615 HTTP/1.1" 200 2643 "-" "Amazon CloudFront"
64.252.82.51 - - [15/Apr/2026:16:04:06 +0000] "GET /prizes/227773460?path=/var/www/volumes/a49b3e3bb6644af68c8e3fded31ed752 HTTP/1.1" 200 2643 "-" "Amazon CloudFront"
64.252.86.163 - - [15/Apr/2026:16:04:06 +0000] "GET /prizes/45836006 HTTP/1.1" 200 4202 "-" "Amazon CloudFront"
64.252.85.188 - - [15/Apr/2026:16:04:07 +0000] "GET /prizes/227773460?path=/var/www/volumes/137fa78cd01f45cb99bff7f4610fdb4f HTTP/1.1" 200 2644 "-" "Amazon CloudFront"
64.252.82.51 - - [15/Apr/2026:16:04:07 +0000] "GET /prizes/274955521?path=/var/www/volumes/fb21f14aea7e43589c862ddf8c4e9f7f HTTP/1.1" 200 2642 "-" "Amazon CloudFront"
64.252.83.165 - - [15/Apr/2026:16:04:08 +0000] "GET /prizes/222526359?fileloc=/var/www/volumes/69b4844ae61d4e92bf26ad98af552775/wordpress/qkt.txt&path=/var/www/volumes/69b4844ae61d4e92bf26ad98af552775/wordpress HTTP/1.1" 200 2584 "-" "Amazon CloudFront"
64.252.85.188 - - [15/Apr/2026:16:04:08 +0000] "GET /prizes/227773460?path=//s3/0b2ffff5e8d24a8385c7dc4b463027f4/wordpress HTTP/1.1" 200 2888 "-" "Amazon CloudFront"
64.252.85.188 - - [15/Apr/2026:16:04:09 +0000] "GET /prizes/333892571?fileloc=/var/www/volumes/69b4844ae61d4e92bf26ad98af552775/wordpress/qkt.txt&path=/var/www/volumes/69b4844ae61d4e92bf26ad98af552775/wordpress HTTP/1.1" 200 2584 "-" "Amazon CloudFront"
64.252.82.51 - - [15/Apr/2026:16:04:09 +0000] "GET /prizes/222045187?fileloc=/var/www/volumes/69b4844ae61d4e92bf26ad98af552775/wordpress/.htaccess&path=/var/www/volumes/69b4844ae61d4e92bf26ad98af552775/wordpress HTTP/1.1" 200 2607 "-" "Amazon CloudFront"
64.252.88.96 - - [15/Apr/2026:16:04:10 +0000] "GET /prizes/54374521 HTTP/1.1" 200 4343 "-" "Amazon CloudFront"
