64.252.82.144 - - [12/Mar/2026:21:21:11 +0000] "GET /?feed=rss2&p=13527 HTTP/1.1" 200 529 "-" "Amazon CloudFront"
64.252.85.91 - - [12/Mar/2026:21:21:13 +0000] "GET /?feed=rss2&p=13529 HTTP/1.1" 200 522 "-" "Amazon CloudFront"
64.252.85.91 - - [12/Mar/2026:21:21:15 +0000] "GET /?feed=rss2&p=13531 HTTP/1.1" 200 505 "-" "Amazon CloudFront"
64.252.82.144 - - [12/Mar/2026:21:21:17 +0000] "GET /?feed=rss2&p=13533 HTTP/1.1" 200 514 "-" "Amazon CloudFront"
64.252.83.7 - - [12/Mar/2026:21:21:19 +0000] "GET /?feed=rss2&p=13535 HTTP/1.1" 200 538 "-" "Amazon CloudFront"
64.252.83.7 - - [12/Mar/2026:21:21:21 +0000] "GET /?feed=rss2&p=13537 HTTP/1.1" 200 500 "-" "Amazon CloudFront"
15.158.215.109 - - [12/Mar/2026:21:21:23 +0000] "POST /wp-cron.php?doing_wp_cron=1773350483.8148989677429199218750 HTTP/1.1" 200 - "https://69b4844ae61d4e92bf26ad98af552775-devsite.readyship.co/wp-cron.php?doing_wp_cron=1773350483.8148989677429199218750" "WordPress/5.1.19; https://69b4844ae61d4e92bf26ad98af552775-devsite.readyship.co"
64.252.76.174 - - [12/Mar/2026:21:21:23 +0000] "GET /?feed=rss2&p=95141 HTTP/1.1" 200 502 "-" "Amazon CloudFront"
64.252.83.7 - - [12/Mar/2026:21:21:23 +0000] "GET /?feed=rss2&p=13539 HTTP/1.1" 200 520 "-" "Amazon CloudFront"
64.252.85.91 - - [12/Mar/2026:21:21:26 +0000] "GET /?feed=rss2&p=13541 HTTP/1.1" 200 521 "-" "Amazon CloudFront"
64.252.82.144 - - [12/Mar/2026:21:21:28 +0000] "GET /?feed=rss2&p=13545 HTTP/1.1" 200 507 "-" "Amazon CloudFront"
64.252.83.7 - - [12/Mar/2026:21:21:30 +0000] "GET /?p=34050 HTTP/1.1" 200 17517 "-" "Amazon CloudFront"
64.252.83.7 - - [12/Mar/2026:21:21:34 +0000] "GET /?p=44616 HTTP/1.1" 200 24621 "-" "Amazon CloudFront"
64.252.85.91 - - [12/Mar/2026:21:21:39 +0000] "GET /?p=45567 HTTP/1.1" 200 19102 "-" "Amazon CloudFront"
64.252.85.91 - - [12/Mar/2026:21:21:44 +0000] "GET /?p=46134 HTTP/1.1" 200 18173 "-" "Amazon CloudFront"
64.252.83.7 - - [12/Mar/2026:21:21:48 +0000] "GET /?p=48205 HTTP/1.1" 200 24120 "-" "Amazon CloudFront"
64.252.83.7 - - [12/Mar/2026:21:21:53 +0000] "GET /?p=49030 HTTP/1.1" 200 23047 "-" "Amazon CloudFront"
64.252.75.159 - - [12/Mar/2026:21:21:55 +0000] "GET /?feed=rss2&p=95139 HTTP/1.1" 200 559 "-" "Amazon CloudFront"
64.252.76.174 - - [12/Mar/2026:21:21:56 +0000] "GET /?feed=rss2&p=95153 HTTP/1.1" 200 525 "-" "Amazon CloudFront"
64.252.83.7 - - [12/Mar/2026:21:21:58 +0000] "GET /?p=51416 HTTP/1.1" 200 17402 "-" "Amazon CloudFront"
64.252.82.144 - - [12/Mar/2026:21:22:03 +0000] "GET /?p=64742 HTTP/1.1" 200 15366 "-" "Amazon CloudFront"
64.252.85.91 - - [12/Mar/2026:21:22:07 +0000] "GET /?p=64856 HTTP/1.1" 200 15690 "-" "Amazon CloudFront"
64.252.83.7 - - [12/Mar/2026:21:22:12 +0000] "GET /?p=72359 HTTP/1.1" 200 17686 "-" "Amazon CloudFront"
64.252.82.144 - - [12/Mar/2026:21:22:16 +0000] "GET /?p=72964 HTTP/1.1" 200 16059 "-" "Amazon CloudFront"
64.252.83.7 - - [12/Mar/2026:21:22:21 +0000] "GET /?p=91865 HTTP/1.1" 200 17606 "-" "Amazon CloudFront"
15.158.215.109 - - [12/Mar/2026:21:22:26 +0000] "POST /wp-cron.php?doing_wp_cron=1773350546.8766679763793945312500 HTTP/1.1" 200 - "https://69b4844ae61d4e92bf26ad98af552775-devsite.readyship.co/wp-cron.php?doing_wp_cron=1773350546.8766679763793945312500" "WordPress/5.1.19; https://69b4844ae61d4e92bf26ad98af552775-devsite.readyship.co"
64.252.82.144 - - [12/Mar/2026:21:22:26 +0000] "GET /?p=91869 HTTP/1.1" 200 18650 "-" "Amazon CloudFront"
64.252.83.7 - - [12/Mar/2026:21:22:31 +0000] "GET /?p=91871 HTTP/1.1" 200 15873 "-" "Amazon CloudFront"
64.252.83.7 - - [12/Mar/2026:21:22:36 +0000] "GET /?p=91873 HTTP/1.1" 200 19605 "-" "Amazon CloudFront"
64.252.83.7 - - [12/Mar/2026:21:22:41 +0000] "GET /?p=91875 HTTP/1.1" 200 18552 "-" "Amazon CloudFront"
64.252.85.91 - - [12/Mar/2026:21:22:46 +0000] "GET /?p=91877 HTTP/1.1" 200 17858 "-" "Amazon CloudFront"
64.252.83.7 - - [12/Mar/2026:21:22:51 +0000] "GET /?p=91879 HTTP/1.1" 200 16436 "-" "Amazon CloudFront"
64.252.85.91 - - [12/Mar/2026:21:22:56 +0000] "GET /?paged=4282&page_id=2807 HTTP/1.1" 200 12672 "-" "Amazon CloudFront"
15.158.215.109 - - [12/Mar/2026:21:23:43 +0000] "POST /wp-cron.php?doing_wp_cron=1773350623.0546269416809082031250 HTTP/1.1" 200 - "https://69b4844ae61d4e92bf26ad98af552775-devsite.readyship.co/wp-cron.php?doing_wp_cron=1773350623.0546269416809082031250" "WordPress/5.1.19; https://69b4844ae61d4e92bf26ad98af552775-devsite.readyship.co"
64.252.75.159 - - [12/Mar/2026:21:23:42 +0000] "GET /?feed=rss2&p=95145 HTTP/1.1" 200 513 "-" "Amazon CloudFront"
15.158.215.109 - - [12/Mar/2026:21:24:35 +0000] "POST /wp-cron.php?doing_wp_cron=1773350675.1898429393768310546875 HTTP/1.1" 200 - "https://69b4844ae61d4e92bf26ad98af552775-devsite.readyship.co/wp-cron.php?doing_wp_cron=1773350675.1898429393768310546875" "WordPress/5.1.19; https://69b4844ae61d4e92bf26ad98af552775-devsite.readyship.co"
64.252.68.102 - - [12/Mar/2026:21:24:34 +0000] "GET /?p=42496 HTTP/1.1" 200 16095 "-" "Amazon CloudFront"
15.158.215.109 - - [12/Mar/2026:21:26:02 +0000] "POST /wp-cron.php?doing_wp_cron=1773350762.2110118865966796875000 HTTP/1.1" 200 - "https://69b4844ae61d4e92bf26ad98af552775-devsite.readyship.co/wp-cron.php?doing_wp_cron=1773350762.2110118865966796875000" "WordPress/5.1.19; https://69b4844ae61d4e92bf26ad98af552775-devsite.readyship.co"
64.252.68.102 - - [12/Mar/2026:21:26:01 +0000] "GET /?p=89674 HTTP/1.1" 200 16036 "-" "Amazon CloudFront"
15.158.215.109 - - [12/Mar/2026:21:27:37 +0000] "POST /wp-cron.php?doing_wp_cron=1773350857.4098780155181884765625 HTTP/1.1" 200 - "https://69b4844ae61d4e92bf26ad98af552775-devsite.readyship.co/wp-cron.php?doing_wp_cron=1773350857.4098780155181884765625" "WordPress/5.1.19; https://69b4844ae61d4e92bf26ad98af552775-devsite.readyship.co"
64.252.75.159 - - [12/Mar/2026:21:27:37 +0000] "GET /?feed=rss2&p=25822 HTTP/1.1" 200 518 "-" "Amazon CloudFront"
64.252.68.102 - - [12/Mar/2026:21:27:40 +0000] "GET /?p=43046 HTTP/1.1" 200 15607 "-" "Amazon CloudFront"
15.158.215.109 - - [12/Mar/2026:21:28:23 +0000] "POST /wp-cron.php?doing_wp_cron=1773350903.8645811080932617187500 HTTP/1.1" 200 - "https://69b4844ae61d4e92bf26ad98af552775-devsite.readyship.co/wp-cron.php?doing_wp_cron=1773350903.8645811080932617187500" "WordPress/5.1.19; https://69b4844ae61d4e92bf26ad98af552775-devsite.readyship.co"
64.252.76.174 - - [12/Mar/2026:21:28:23 +0000] "GET /?feed=rss2&p=95147 HTTP/1.1" 200 544 "-" "Amazon CloudFront"
64.252.76.174 - - [12/Mar/2026:21:28:53 +0000] "GET /?feed=rss2&p=95151 HTTP/1.1" 200 512 "-" "Amazon CloudFront"
64.252.75.159 - - [12/Mar/2026:21:28:53 +0000] "GET /?p=25824 HTTP/1.1" 200 15736 "-" "Amazon CloudFront"
15.158.215.109 - - [12/Mar/2026:21:31:22 +0000] "POST /wp-cron.php?doing_wp_cron=1773351082.1871230602264404296875 HTTP/1.1" 200 - "https://69b4844ae61d4e92bf26ad98af552775-devsite.readyship.co/wp-cron.php?doing_wp_cron=1773351082.1871230602264404296875" "WordPress/5.1.19; https://69b4844ae61d4e92bf26ad98af552775-devsite.readyship.co"
64.252.75.159 - - [12/Mar/2026:21:31:21 +0000] "GET /?feed=rss2&p=12917 HTTP/1.1" 200 507 "-" "Amazon CloudFront"
64.252.74.218 - - [12/Mar/2026:21:31:32 +0000] "GET /?p=26941 HTTP/1.1" 200 23110 "-" "Amazon CloudFront"
15.158.215.109 - - [12/Mar/2026:21:32:41 +0000] "POST /wp-cron.php?doing_wp_cron=1773351161.1290938854217529296875 HTTP/1.1" 200 - "https://69b4844ae61d4e92bf26ad98af552775-devsite.readyship.co/wp-cron.php?doing_wp_cron=1773351161.1290938854217529296875" "WordPress/5.1.19; https://69b4844ae61d4e92bf26ad98af552775-devsite.readyship.co"
64.252.74.218 - - [12/Mar/2026:21:32:43 +0000] "GET /?feed=rss2&p=26943 HTTP/1.1" 200 505 "-" "Amazon CloudFront"
64.252.68.102 - - [12/Mar/2026:21:32:40 +0000] "GET /?p=7137 HTTP/1.1" 200 47564 "-" "Amazon CloudFront"
64.252.66.156 - - [12/Mar/2026:21:32:47 +0000] "GET /?p=25490 HTTP/1.1" 200 17487 "-" "Amazon CloudFront"
64.252.76.174 - - [12/Mar/2026:21:33:54 +0000] "GET /?feed=rss2&p=95149 HTTP/1.1" 200 495 "-" "Amazon CloudFront"
15.158.215.109 - - [12/Mar/2026:21:33:54 +0000] "POST /wp-cron.php?doing_wp_cron=1773351234.8495891094207763671875 HTTP/1.1" 200 - "https://69b4844ae61d4e92bf26ad98af552775-devsite.readyship.co/wp-cron.php?doing_wp_cron=1773351234.8495891094207763671875" "WordPress/5.1.19; https://69b4844ae61d4e92bf26ad98af552775-devsite.readyship.co"
64.252.66.156 - - [12/Mar/2026:21:34:10 +0000] "GET /?healthcheck_timestamp=1773351047678 HTTP/1.1" 200 181514 "-" "Amazon CloudFront"
64.252.68.102 - - [12/Mar/2026:21:34:14 +0000] "GET /?p=13629 HTTP/1.1" 200 15924 "-" "Amazon CloudFront"
15.158.215.109 - - [12/Mar/2026:21:34:42 +0000] "POST /wp-cron.php?doing_wp_cron=1773351282.7991240024566650390625 HTTP/1.1" 200 - "https://69b4844ae61d4e92bf26ad98af552775-devsite.readyship.co/wp-cron.php?doing_wp_cron=1773351282.7991240024566650390625" "WordPress/5.1.19; https://69b4844ae61d4e92bf26ad98af552775-devsite.readyship.co"
64.252.68.102 - - [12/Mar/2026:21:34:42 +0000] "GET /?p=81276 HTTP/1.1" 200 24057 "-" "Amazon CloudFront"
64.252.75.159 - - [12/Mar/2026:21:35:01 +0000] "GET /?feed=rss2&p=12913 HTTP/1.1" 200 517 "-" "Amazon CloudFront"
15.158.215.109 - - [12/Mar/2026:21:35:47 +0000] "POST /wp-cron.php?doing_wp_cron=1773351347.8430919647216796875000 HTTP/1.1" 200 - "https://69b4844ae61d4e92bf26ad98af552775-devsite.readyship.co/wp-cron.php?doing_wp_cron=1773351347.8430919647216796875000" "WordPress/5.1.19; https://69b4844ae61d4e92bf26ad98af552775-devsite.readyship.co"
64.252.68.203 - - [12/Mar/2026:21:35:47 +0000] "GET /?p=6593 HTTP/1.1" 200 24668 "-" "Amazon CloudFront"
15.158.215.109 - - [12/Mar/2026:21:38:27 +0000] "POST /wp-cron.php?doing_wp_cron=1773351506.9953920841217041015625 HTTP/1.1" 200 - "https://69b4844ae61d4e92bf26ad98af552775-devsite.readyship.co/wp-cron.php?doing_wp_cron=1773351506.9953920841217041015625" "WordPress/5.1.19; https://69b4844ae61d4e92bf26ad98af552775-devsite.readyship.co"
64.252.74.218 - - [12/Mar/2026:21:38:26 +0000] "GET /?feed=rss2&p=12923 HTTP/1.1" 200 566 "-" "Amazon CloudFront"
64.252.74.218 - - [12/Mar/2026:21:39:19 +0000] "GET /?feed=rss2&p=12911 HTTP/1.1" 200 544 "-" "Amazon CloudFront"
15.158.215.109 - - [12/Mar/2026:21:40:23 +0000] "POST /wp-cron.php?doing_wp_cron=1773351622.9068648815155029296875 HTTP/1.1" 200 - "https://69b4844ae61d4e92bf26ad98af552775-devsite.readyship.co/wp-cron.php?doing_wp_cron=1773351622.9068648815155029296875" "WordPress/5.1.19; https://69b4844ae61d4e92bf26ad98af552775-devsite.readyship.co"
64.252.66.156 - - [12/Mar/2026:21:40:22 +0000] "GET /?cat=1&paged=4149 HTTP/1.1" 200 12534 "-" "Amazon CloudFront"
64.252.76.174 - - [12/Mar/2026:21:40:56 +0000] "GET /?p=12969 HTTP/1.1" 200 15676 "-" "Amazon CloudFront"
64.252.74.218 - - [12/Mar/2026:21:41:05 +0000] "GET /?p=12965 HTTP/1.1" 200 19943 "-" "Amazon CloudFront"
64.252.68.102 - - [12/Mar/2026:21:41:07 +0000] "GET /?p=11112 HTTP/1.1" 200 18156 "-" "Amazon CloudFront"
64.252.68.203 - - [12/Mar/2026:21:41:12 +0000] "GET /?p=10227 HTTP/1.1" 200 15587 "-" "Amazon CloudFront"
15.158.215.109 - - [12/Mar/2026:21:41:36 +0000] "POST /wp-cron.php?doing_wp_cron=1773351696.7205619812011718750000 HTTP/1.1" 200 - "https://69b4844ae61d4e92bf26ad98af552775-devsite.readyship.co/wp-cron.php?doing_wp_cron=1773351696.7205619812011718750000" "WordPress/5.1.19; https://69b4844ae61d4e92bf26ad98af552775-devsite.readyship.co"
64.252.75.159 - - [12/Mar/2026:21:41:36 +0000] "GET /?p=12967 HTTP/1.1" 200 15800 "-" "Amazon CloudFront"
18.68.51.43 - - [12/Mar/2026:21:42:09 +0000] "POST /xmlrpc.php HTTP/1.1" 200 403 "-" "Mozilla/5.0 (Windows NT 10.0; Win64; x64) AppleWebKit/537.36 (KHTML, like Gecko) Chrome/114.0.0.0 Safari/537.36"
18.68.51.43 - - [12/Mar/2026:21:42:10 +0000] "POST /xmlrpc.php HTTP/1.1" 200 403 "-" "Mozilla/5.0 (Windows NT 10.0; Win64; x64) AppleWebKit/537.36 (KHTML, like Gecko) Chrome/114.0.0.0 Safari/537.36"
64.252.76.174 - - [12/Mar/2026:21:42:12 +0000] "GET /?p=12951 HTTP/1.1" 200 15355 "-" "Amazon CloudFront"
64.252.75.159 - - [12/Mar/2026:21:42:19 +0000] "GET /?p=12959 HTTP/1.1" 200 15974 "-" "Amazon CloudFront"
15.158.215.109 - - [12/Mar/2026:21:42:35 +0000] "POST /wp-cron.php?doing_wp_cron=1773351755.6151199340820312500000 HTTP/1.1" 200 - "https://69b4844ae61d4e92bf26ad98af552775-devsite.readyship.co/wp-cron.php?doing_wp_cron=1773351755.6151199340820312500000" "WordPress/5.1.19; https://69b4844ae61d4e92bf26ad98af552775-devsite.readyship.co"
64.252.75.159 - - [12/Mar/2026:21:42:35 +0000] "GET /?p=12963 HTTP/1.1" 200 15565 "-" "Amazon CloudFront"
15.158.215.109 - - [12/Mar/2026:21:43:19 +0000] "POST /wp-cron.php?doing_wp_cron=1773351799.8842470645904541015625 HTTP/1.1" 200 - "https://69b4844ae61d4e92bf26ad98af552775-devsite.readyship.co/wp-cron.php?doing_wp_cron=1773351799.8842470645904541015625" "WordPress/5.1.19; https://69b4844ae61d4e92bf26ad98af552775-devsite.readyship.co"
64.252.75.159 - - [12/Mar/2026:21:43:19 +0000] "GET /?p=12955 HTTP/1.1" 200 16081 "-" "Amazon CloudFront"
15.158.215.109 - - [12/Mar/2026:21:43:23 +0000] "POST /wp-cron.php?doing_wp_cron=1773351803.6449089050292968750000 HTTP/1.1" 200 - "https://69b4844ae61d4e92bf26ad98af552775-devsite.readyship.co/wp-cron.php?doing_wp_cron=1773351803.6449089050292968750000" "WordPress/5.1.19; https://69b4844ae61d4e92bf26ad98af552775-devsite.readyship.co"
64.252.75.159 - - [12/Mar/2026:21:43:23 +0000] "GET /?p=12953 HTTP/1.1" 200 15606 "-" "Amazon CloudFront"
64.252.76.174 - - [12/Mar/2026:21:43:28 +0000] "GET /?p=12961 HTTP/1.1" 200 15778 "-" "Amazon CloudFront"
64.252.68.102 - - [12/Mar/2026:21:44:10 +0000] "GET /?p=90841 HTTP/1.1" 200 25160 "-" "Amazon CloudFront"
64.252.75.159 - - [12/Mar/2026:21:44:19 +0000] "GET /?p=12957 HTTP/1.1" 200 15383 "-" "Amazon CloudFront"
64.252.74.218 - - [12/Mar/2026:21:44:21 +0000] "GET /?cat=1&paged=4139 HTTP/1.1" 200 12601 "-" "Amazon CloudFront"
15.158.215.109 - - [12/Mar/2026:21:44:28 +0000] "POST /wp-cron.php?doing_wp_cron=1773351868.1658389568328857421875 HTTP/1.1" 200 - "https://69b4844ae61d4e92bf26ad98af552775-devsite.readyship.co/wp-cron.php?doing_wp_cron=1773351868.1658389568328857421875" "WordPress/5.1.19; https://69b4844ae61d4e92bf26ad98af552775-devsite.readyship.co"
64.252.68.203 - - [12/Mar/2026:21:44:27 +0000] "GET /?p=42758 HTTP/1.1" 200 18999 "-" "Amazon CloudFront"
15.158.215.109 - - [12/Mar/2026:21:45:56 +0000] "POST /wp-cron.php?doing_wp_cron=1773351956.1150920391082763671875 HTTP/1.1" 200 - "https://69b4844ae61d4e92bf26ad98af552775-devsite.readyship.co/wp-cron.php?doing_wp_cron=1773351956.1150920391082763671875" "WordPress/5.1.19; https://69b4844ae61d4e92bf26ad98af552775-devsite.readyship.co"
64.252.68.139 - - [12/Mar/2026:21:45:55 +0000] "GET /?p=9785 HTTP/1.1" 200 15559 "-" "Amazon CloudFront"
64.252.68.102 - - [12/Mar/2026:21:46:07 +0000] "GET /?p=13651 HTTP/1.1" 200 16027 "-" "Amazon CloudFront"
64.252.68.102 - - [12/Mar/2026:21:46:20 +0000] "GET /?cat=1&paged=4114 HTTP/1.1" 200 12479 "-" "Amazon CloudFront"
64.252.85.91 - - [12/Mar/2026:21:47:12 +0000] "GET /wp-includes/css/dist/block-library/style.min.css?ver=5.1.19 HTTP/1.1" 200 4268 "-" "Amazon CloudFront"
64.252.85.91 - - [12/Mar/2026:21:47:13 +0000] "GET /wp-content/plugins/woocommerce/assets/css/blocks/style.css?ver=3.6.7 HTTP/1.1" 200 933 "-" "Amazon CloudFront"
64.252.82.144 - - [12/Mar/2026:21:47:14 +0000] "GET /wp-content/plugins/contact-form-7/includes/css/styles.css?ver=5.1.1 HTTP/1.1" 200 651 "-" "Amazon CloudFront"
64.252.82.144 - - [12/Mar/2026:21:47:15 +0000] "GET /wp-content/plugins/woocommerce/assets/css/woocommerce-layout.css?ver=3.6.7 HTTP/1.1" 200 2155 "-" "Amazon CloudFront"
64.252.85.91 - - [12/Mar/2026:21:47:16 +0000] "GET /wp-content/plugins/woocommerce/assets/css/woocommerce-smallscreen.css?ver=3.6.7 HTTP/1.1" 200 1055 "-" "Amazon CloudFront"
64.252.82.144 - - [12/Mar/2026:21:47:17 +0000] "GET /wp-content/plugins/woocommerce/assets/css/woocommerce.css?ver=3.6.7 HTTP/1.1" 200 8809 "-" "Amazon CloudFront"
64.252.85.91 - - [12/Mar/2026:21:47:18 +0000] "GET /wp-content/plugins/woocommerce/assets/css/select2.css?ver=3.6.7 HTTP/1.1" 200 1963 "-" "Amazon CloudFront"
64.252.85.91 - - [12/Mar/2026:21:47:19 +0000] "GET /wp-content/plugins/wp-job-manager/assets/css/frontend.css?ver=1.32.2 HTTP/1.1" 200 4284 "-" "Amazon CloudFront"
64.252.83.7 - - [12/Mar/2026:21:47:20 +0000] "GET /wp-content/plugins/elementor/assets/lib/eicons/css/elementor-icons.min.css?ver=4.3.0 HTTP/1.1" 200 2536 "-" "Amazon CloudFront"
64.252.83.7 - - [12/Mar/2026:21:47:21 +0000] "GET /wp-content/plugins/elementor/assets/lib/font-awesome/css/font-awesome.min.css?ver=4.7.0 HTTP/1.1" 200 7050 "-" "Amazon CloudFront"
64.252.85.91 - - [12/Mar/2026:21:47:22 +0000] "GET /wp-content/plugins/elementor/assets/lib/animations/animations.min.css?ver=2.5.14 HTTP/1.1" 200 2592 "-" "Amazon CloudFront"
64.252.82.144 - - [12/Mar/2026:21:47:23 +0000] "GET /wp-content/plugins/elementor/assets/css/frontend.min.css?ver=2.5.14 HTTP/1.1" 200 13179 "-" "Amazon CloudFront"
64.252.82.144 - - [12/Mar/2026:21:47:25 +0000] "GET /wp-content/uploads/elementor/css/global.css?ver=1555758410 HTTP/1.1" 200 683 "-" "Amazon CloudFront"
64.252.82.144 - - [12/Mar/2026:21:47:26 +0000] "GET /wp-content/uploads/elementor/css/post-27.css?ver=1767043303 HTTP/1.1" 200 3319 "-" "Amazon CloudFront"
64.252.85.91 - - [12/Mar/2026:21:47:27 +0000] "GET /wp-content/themes/my-listing/assets/dist/maps/google-maps/google-maps.css?ver=2.0.11 HTTP/1.1" 200 1009 "-" "Amazon CloudFront"
64.252.82.144 - - [12/Mar/2026:21:47:28 +0000] "GET /wp-content/themes/my-listing/assets/dist/icons/icons.css?ver=2.0.11 HTTP/1.1" 200 21979 "-" "Amazon CloudFront"
64.252.85.91 - - [12/Mar/2026:21:47:29 +0000] "GET /wp-content/themes/my-listing/assets/dist/frontend/vendor.css?ver=2.0.11 HTTP/1.1" 200 29625 "-" "Amazon CloudFront"
64.252.82.144 - - [12/Mar/2026:21:47:30 +0000] "GET /wp-content/themes/my-listing/assets/dist/frontend/frontend.css?ver=2.0.11 HTTP/1.1" 200 63010 "-" "Amazon CloudFront"
64.252.83.7 - - [12/Mar/2026:21:47:32 +0000] "GET /wp-content/themes/my-listing/style.css?ver=5.1.19 HTTP/1.1" 200 1040 "-" "Amazon CloudFront"
64.252.83.7 - - [12/Mar/2026:21:47:33 +0000] "GET /wp-content/themes/my-listing-child/style.css?ver=5.1.19 HTTP/1.1" 200 372 "-" "Amazon CloudFront"
64.252.85.91 - - [12/Mar/2026:21:47:34 +0000] "GET /wp-content/uploads/mylisting-dynamic-styles.css?ver=1590799639 HTTP/1.1" 200 5404 "-" "Amazon CloudFront"
15.158.215.109 - - [12/Mar/2026:21:47:35 +0000] "POST /wp-cron.php?doing_wp_cron=1773352055.3571391105651855468750 HTTP/1.1" 200 - "https://69b4844ae61d4e92bf26ad98af552775-devsite.readyship.co/wp-cron.php?doing_wp_cron=1773352055.3571391105651855468750" "WordPress/5.1.19; https://69b4844ae61d4e92bf26ad98af552775-devsite.readyship.co"
15.158.221.205 - - [12/Mar/2026:21:47:35 +0000] "POST /?page_id=2806 HTTP/1.1" 200 10761 "-" "Amazon CloudFront"
64.252.85.91 - - [12/Mar/2026:21:47:40 +0000] "GET / HTTP/1.1" 200 26090 "-" "Amazon CloudFront"
15.158.221.205 - - [12/Mar/2026:21:47:46 +0000] "GET /xmlrpc.php HTTP/1.1" 405 60 "https://69b4844ae61d4e92bf26ad98af552775-devsite.readyship.co/" "Mozilla/5.0 (Windows NT 6.3; Win64; x64) AppleWebKit/537.36 (KHTML, like Gecko) Chrome/103.0.0.0 Safari/537.36"
15.158.221.205 - - [12/Mar/2026:21:47:47 +0000] "POST /xmlrpc.php HTTP/1.1" 200 206 "https://69b4844ae61d4e92bf26ad98af552775-devsite.readyship.co/xmlrpc.php" "Mozilla/5.0 (Windows NT 6.3; Win64; x64) AppleWebKit/537.36 (KHTML, like Gecko) Chrome/103.0.0.0 Safari/537.36"
15.158.221.205 - - [12/Mar/2026:21:47:49 +0000] "POST /xmlrpc.php HTTP/1.1" 200 206 "https://69b4844ae61d4e92bf26ad98af552775-devsite.readyship.co/xmlrpc.php" "Mozilla/5.0 (Windows NT 6.3; Win64; x64) AppleWebKit/537.36 (KHTML, like Gecko) Chrome/103.0.0.0 Safari/537.36"
64.252.82.144 - - [12/Mar/2026:21:47:51 +0000] "GET / HTTP/1.1" 200 26115 "-" "Amazon CloudFront"
64.252.82.144 - - [12/Mar/2026:21:47:57 +0000] "GET /?page_id=2806 HTTP/1.1" 200 10539 "-" "Amazon CloudFront"
15.158.221.205 - - [12/Mar/2026:21:48:01 +0000] "GET /wp-admin/edit-tags.php?taxonomy=category HTTP/1.1" 302 - "https://69b4844ae61d4e92bf26ad98af552775-devsite.readyship.co/?page_id=2806" "Mozilla/5.0 (Windows NT 6.3; Win64; x64) AppleWebKit/537.36 (KHTML, like Gecko) Chrome/103.0.0.0 Safari/537.36"
15.158.221.205 - - [12/Mar/2026:21:48:03 +0000] "GET /wp-login.php?redirect_to=https%3A%2F%2F69b4844ae61d4e92bf26ad98af552775-devsite.readyship.co%2Fwp-admin%2Fedit-tags.php%3Ftaxonomy%3Dcategory&reauth=1 HTTP/1.1" 200 1206 "https://69b4844ae61d4e92bf26ad98af552775-devsite.readyship.co/wp-admin/edit-tags.php?taxonomy=category" "Mozilla/5.0 (Windows NT 6.3; Win64; x64) AppleWebKit/537.36 (KHTML, like Gecko) Chrome/103.0.0.0 Safari/537.36"
15.158.215.109 - - [12/Mar/2026:21:48:26 +0000] "POST /wp-cron.php?doing_wp_cron=1773352106.5950839519500732421875 HTTP/1.1" 200 - "https://69b4844ae61d4e92bf26ad98af552775-devsite.readyship.co/wp-cron.php?doing_wp_cron=1773352106.5950839519500732421875" "WordPress/5.1.19; https://69b4844ae61d4e92bf26ad98af552775-devsite.readyship.co"
64.252.76.174 - - [12/Mar/2026:21:48:26 +0000] "GET /?feed=rss2&p=12929 HTTP/1.1" 200 496 "-" "Amazon CloudFront"
64.252.68.139 - - [12/Mar/2026:21:48:48 +0000] "GET /?p=70746 HTTP/1.1" 200 15621 "-" "Amazon CloudFront"
15.158.215.109 - - [12/Mar/2026:21:49:57 +0000] "POST /wp-cron.php?doing_wp_cron=1773352197.4590439796447753906250 HTTP/1.1" 200 - "https://69b4844ae61d4e92bf26ad98af552775-devsite.readyship.co/wp-cron.php?doing_wp_cron=1773352197.4590439796447753906250" "WordPress/5.1.19; https://69b4844ae61d4e92bf26ad98af552775-devsite.readyship.co"
64.252.68.203 - - [12/Mar/2026:21:49:57 +0000] "GET /?p=41218 HTTP/1.1" 200 17861 "-" "Amazon CloudFront"
64.252.68.102 - - [12/Mar/2026:21:50:11 +0000] "GET /?p=96391 HTTP/1.1" 200 17709 "-" "Amazon CloudFront"
15.158.215.109 - - [12/Mar/2026:21:51:23 +0000] "POST /wp-cron.php?doing_wp_cron=1773352283.5907540321350097656250 HTTP/1.1" 200 - "https://69b4844ae61d4e92bf26ad98af552775-devsite.readyship.co/wp-cron.php?doing_wp_cron=1773352283.5907540321350097656250" "WordPress/5.1.19; https://69b4844ae61d4e92bf26ad98af552775-devsite.readyship.co"
64.252.75.159 - - [12/Mar/2026:21:51:23 +0000] "GET /?feed=rss2&p=33020 HTTP/1.1" 200 533 "-" "Amazon CloudFront"
64.252.76.174 - - [12/Mar/2026:21:51:23 +0000] "GET /?p=33018 HTTP/1.1" 200 19090 "-" "Amazon CloudFront"
15.158.215.109 - - [12/Mar/2026:21:54:10 +0000] "POST /wp-cron.php?doing_wp_cron=1773352450.4947860240936279296875 HTTP/1.1" 200 - "https://69b4844ae61d4e92bf26ad98af552775-devsite.readyship.co/wp-cron.php?doing_wp_cron=1773352450.4947860240936279296875" "WordPress/5.1.19; https://69b4844ae61d4e92bf26ad98af552775-devsite.readyship.co"
64.252.68.139 - - [12/Mar/2026:21:54:10 +0000] "GET /?p=81296 HTTP/1.1" 200 16818 "-" "Amazon CloudFront"
15.158.215.109 - - [12/Mar/2026:21:54:33 +0000] "POST /wp-cron.php?doing_wp_cron=1773352473.4499349594116210937500 HTTP/1.1" 200 - "https://69b4844ae61d4e92bf26ad98af552775-devsite.readyship.co/wp-cron.php?doing_wp_cron=1773352473.4499349594116210937500" "WordPress/5.1.19; https://69b4844ae61d4e92bf26ad98af552775-devsite.readyship.co"
64.252.68.139 - - [12/Mar/2026:21:54:33 +0000] "GET /?p=8213 HTTP/1.1" 200 21779 "-" "Amazon CloudFront"
15.158.215.109 - - [12/Mar/2026:21:55:46 +0000] "POST /wp-cron.php?doing_wp_cron=1773352546.2344439029693603515625 HTTP/1.1" 200 - "https://69b4844ae61d4e92bf26ad98af552775-devsite.readyship.co/wp-cron.php?doing_wp_cron=1773352546.2344439029693603515625" "WordPress/5.1.19; https://69b4844ae61d4e92bf26ad98af552775-devsite.readyship.co"
64.252.76.174 - - [12/Mar/2026:21:55:45 +0000] "GET /?feed=rss2&p=27954 HTTP/1.1" 200 506 "-" "Amazon CloudFront"
15.158.215.109 - - [12/Mar/2026:21:56:23 +0000] "POST /wp-cron.php?doing_wp_cron=1773352583.5065379142761230468750 HTTP/1.1" 200 - "https://69b4844ae61d4e92bf26ad98af552775-devsite.readyship.co/wp-cron.php?doing_wp_cron=1773352583.5065379142761230468750" "WordPress/5.1.19; https://69b4844ae61d4e92bf26ad98af552775-devsite.readyship.co"
64.252.66.156 - - [12/Mar/2026:21:56:23 +0000] "GET /?p=8463 HTTP/1.1" 200 19095 "-" "Amazon CloudFront"
64.252.74.218 - - [12/Mar/2026:21:56:56 +0000] "GET /?p=27956 HTTP/1.1" 200 16227 "-" "Amazon CloudFront"
15.158.215.109 - - [12/Mar/2026:21:58:18 +0000] "POST /wp-cron.php?doing_wp_cron=1773352698.5261409282684326171875 HTTP/1.1" 200 - "https://69b4844ae61d4e92bf26ad98af552775-devsite.readyship.co/wp-cron.php?doing_wp_cron=1773352698.5261409282684326171875" "WordPress/5.1.19; https://69b4844ae61d4e92bf26ad98af552775-devsite.readyship.co"
64.252.68.139 - - [12/Mar/2026:21:58:18 +0000] "GET /?p=41168 HTTP/1.1" 200 19474 "-" "Amazon CloudFront"
15.158.215.109 - - [12/Mar/2026:22:00:04 +0000] "POST /wp-cron.php?doing_wp_cron=1773352804.0033309459686279296875 HTTP/1.1" 200 - "https://69b4844ae61d4e92bf26ad98af552775-devsite.readyship.co/wp-cron.php?doing_wp_cron=1773352804.0033309459686279296875" "WordPress/5.1.19; https://69b4844ae61d4e92bf26ad98af552775-devsite.readyship.co"
64.252.66.156 - - [12/Mar/2026:22:00:03 +0000] "GET /?p=82602 HTTP/1.1" 200 18973 "-" "Amazon CloudFront"
15.158.215.109 - - [12/Mar/2026:22:02:44 +0000] "POST /wp-cron.php?doing_wp_cron=1773352964.9489269256591796875000 HTTP/1.1" 200 - "https://69b4844ae61d4e92bf26ad98af552775-devsite.readyship.co/wp-cron.php?doing_wp_cron=1773352964.9489269256591796875000" "WordPress/5.1.19; https://69b4844ae61d4e92bf26ad98af552775-devsite.readyship.co"
64.252.68.139 - - [12/Mar/2026:22:02:44 +0000] "GET /?p=74393 HTTP/1.1" 200 15478 "-" "Amazon CloudFront"
15.158.215.109 - - [12/Mar/2026:22:03:38 +0000] "POST /wp-cron.php?doing_wp_cron=1773353018.3580610752105712890625 HTTP/1.1" 200 - "https://69b4844ae61d4e92bf26ad98af552775-devsite.readyship.co/wp-cron.php?doing_wp_cron=1773353018.3580610752105712890625" "WordPress/5.1.19; https://69b4844ae61d4e92bf26ad98af552775-devsite.readyship.co"
64.252.68.139 - - [12/Mar/2026:22:03:38 +0000] "GET /?p=43756 HTTP/1.1" 200 22628 "-" "Amazon CloudFront"
15.158.215.109 - - [12/Mar/2026:22:04:43 +0000] "POST /wp-cron.php?doing_wp_cron=1773353083.8123490810394287109375 HTTP/1.1" 200 - "https://69b4844ae61d4e92bf26ad98af552775-devsite.readyship.co/wp-cron.php?doing_wp_cron=1773353083.8123490810394287109375" "WordPress/5.1.19; https://69b4844ae61d4e92bf26ad98af552775-devsite.readyship.co"
64.252.68.139 - - [12/Mar/2026:22:04:43 +0000] "GET /?p=89608 HTTP/1.1" 200 16098 "-" "Amazon CloudFront"
15.158.215.109 - - [12/Mar/2026:22:06:32 +0000] "POST /wp-cron.php?doing_wp_cron=1773353192.3499510288238525390625 HTTP/1.1" 200 - "https://69b4844ae61d4e92bf26ad98af552775-devsite.readyship.co/wp-cron.php?doing_wp_cron=1773353192.3499510288238525390625" "WordPress/5.1.19; https://69b4844ae61d4e92bf26ad98af552775-devsite.readyship.co"
64.252.66.156 - - [12/Mar/2026:22:06:32 +0000] "GET /?p=12867 HTTP/1.1" 200 15032 "-" "Amazon CloudFront"
64.252.68.139 - - [12/Mar/2026:22:06:54 +0000] "GET /?p=62743 HTTP/1.1" 200 15619 "-" "Amazon CloudFront"
64.252.68.139 - - [12/Mar/2026:22:07:20 +0000] "GET /?p=83090 HTTP/1.1" 200 24038 "-" "Amazon CloudFront"
15.158.215.109 - - [12/Mar/2026:22:08:16 +0000] "POST /wp-cron.php?doing_wp_cron=1773353296.3931560516357421875000 HTTP/1.1" 200 - "https://69b4844ae61d4e92bf26ad98af552775-devsite.readyship.co/wp-cron.php?doing_wp_cron=1773353296.3931560516357421875000" "WordPress/5.1.19; https://69b4844ae61d4e92bf26ad98af552775-devsite.readyship.co"
64.252.66.156 - - [12/Mar/2026:22:08:16 +0000] "GET /?p=33602 HTTP/1.1" 200 17005 "-" "Amazon CloudFront"
15.158.215.109 - - [12/Mar/2026:22:08:43 +0000] "POST /wp-cron.php?doing_wp_cron=1773353323.4367671012878417968750 HTTP/1.1" 200 - "https://69b4844ae61d4e92bf26ad98af552775-devsite.readyship.co/wp-cron.php?doing_wp_cron=1773353323.4367671012878417968750" "WordPress/5.1.19; https://69b4844ae61d4e92bf26ad98af552775-devsite.readyship.co"
64.252.66.156 - - [12/Mar/2026:22:08:43 +0000] "GET /?p=10989 HTTP/1.1" 200 18318 "-" "Amazon CloudFront"
64.252.74.218 - - [12/Mar/2026:22:08:53 +0000] "GET /?p=79799 HTTP/1.1" 200 17746 "-" "Amazon CloudFront"
64.252.68.139 - - [12/Mar/2026:22:09:13 +0000] "GET /?p=37732 HTTP/1.1" 200 19325 "-" "Amazon CloudFront"
15.158.215.109 - - [12/Mar/2026:22:09:23 +0000] "POST /wp-cron.php?doing_wp_cron=1773353363.0536680221557617187500 HTTP/1.1" 200 - "https://69b4844ae61d4e92bf26ad98af552775-devsite.readyship.co/wp-cron.php?doing_wp_cron=1773353363.0536680221557617187500" "WordPress/5.1.19; https://69b4844ae61d4e92bf26ad98af552775-devsite.readyship.co"
64.252.75.159 - - [12/Mar/2026:22:09:22 +0000] "GET /?feed=rss2&p=79797 HTTP/1.1" 200 507 "-" "Amazon CloudFront"
15.158.215.109 - - [12/Mar/2026:22:11:35 +0000] "POST /wp-cron.php?doing_wp_cron=1773353495.4369370937347412109375 HTTP/1.1" 200 - "https://69b4844ae61d4e92bf26ad98af552775-devsite.readyship.co/wp-cron.php?doing_wp_cron=1773353495.4369370937347412109375" "WordPress/5.1.19; https://69b4844ae61d4e92bf26ad98af552775-devsite.readyship.co"
64.252.75.159 - - [12/Mar/2026:22:11:35 +0000] "GET /?p=41356 HTTP/1.1" 200 18485 "-" "Amazon CloudFront"
64.252.76.174 - - [12/Mar/2026:22:11:46 +0000] "GET /?page_id=2807&paged=4452 HTTP/1.1" 200 12394 "-" "Amazon CloudFront"
64.252.76.174 - - [12/Mar/2026:22:11:55 +0000] "GET /?feed=rss2&p=41358 HTTP/1.1" 200 497 "-" "Amazon CloudFront"
64.252.68.102 - - [12/Mar/2026:22:12:13 +0000] "GET /?p=8946 HTTP/1.1" 200 18075 "-" "Amazon CloudFront"
15.158.215.109 - - [12/Mar/2026:22:12:28 +0000] "POST /wp-cron.php?doing_wp_cron=1773353548.8507359027862548828125 HTTP/1.1" 200 - "https://69b4844ae61d4e92bf26ad98af552775-devsite.readyship.co/wp-cron.php?doing_wp_cron=1773353548.8507359027862548828125" "WordPress/5.1.19; https://69b4844ae61d4e92bf26ad98af552775-devsite.readyship.co"
64.252.68.102 - - [12/Mar/2026:22:12:28 +0000] "GET /?p=13065 HTTP/1.1" 200 15822 "-" "Amazon CloudFront"
15.158.215.109 - - [12/Mar/2026:22:16:18 +0000] "POST /wp-cron.php?doing_wp_cron=1773353778.7347331047058105468750 HTTP/1.1" 200 - "https://69b4844ae61d4e92bf26ad98af552775-devsite.readyship.co/wp-cron.php?doing_wp_cron=1773353778.7347331047058105468750" "WordPress/5.1.19; https://69b4844ae61d4e92bf26ad98af552775-devsite.readyship.co"
64.252.68.203 - - [12/Mar/2026:22:16:18 +0000] "GET /?p=13619 HTTP/1.1" 200 15236 "-" "Amazon CloudFront"
15.158.215.109 - - [12/Mar/2026:22:19:21 +0000] "POST /wp-cron.php?doing_wp_cron=1773353961.2330119609832763671875 HTTP/1.1" 200 - "https://69b4844ae61d4e92bf26ad98af552775-devsite.readyship.co/wp-cron.php?doing_wp_cron=1773353961.2330119609832763671875" "WordPress/5.1.19; https://69b4844ae61d4e92bf26ad98af552775-devsite.readyship.co"
64.252.68.139 - - [12/Mar/2026:22:19:20 +0000] "GET /?p=8344 HTTP/1.1" 200 22497 "-" "Amazon CloudFront"
15.158.215.109 - - [12/Mar/2026:22:27:03 +0000] "POST /wp-cron.php?doing_wp_cron=1773354423.0889620780944824218750 HTTP/1.1" 200 - "https://69b4844ae61d4e92bf26ad98af552775-devsite.readyship.co/wp-cron.php?doing_wp_cron=1773354423.0889620780944824218750" "WordPress/5.1.19; https://69b4844ae61d4e92bf26ad98af552775-devsite.readyship.co"
64.252.68.102 - - [12/Mar/2026:22:26:56 +0000] "GET /?p=87469 HTTP/1.1" 200 17220 "-" "Amazon CloudFront"
64.252.68.203 - - [12/Mar/2026:22:27:10 +0000] "GET /?p=25613 HTTP/1.1" 200 16730 "-" "Amazon CloudFront"
64.252.68.203 - - [12/Mar/2026:22:27:14 +0000] "GET /?p=42994 HTTP/1.1" 200 22083 "-" "Amazon CloudFront"
15.158.215.109 - - [12/Mar/2026:22:27:51 +0000] "POST /wp-cron.php?doing_wp_cron=1773354471.3590569496154785156250 HTTP/1.1" 200 - "https://69b4844ae61d4e92bf26ad98af552775-devsite.readyship.co/wp-cron.php?doing_wp_cron=1773354471.3590569496154785156250" "WordPress/5.1.19; https://69b4844ae61d4e92bf26ad98af552775-devsite.readyship.co"
64.252.75.159 - - [12/Mar/2026:22:27:51 +0000] "GET /?p=38526 HTTP/1.1" 200 16738 "-" "Amazon CloudFront"
64.252.75.159 - - [12/Mar/2026:22:27:51 +0000] "GET /?p=95075 HTTP/1.1" 200 19049 "-" "Amazon CloudFront"
64.252.76.174 - - [12/Mar/2026:22:27:57 +0000] "GET /?feed=rss2&p=95097 HTTP/1.1" 200 510 "-" "Amazon CloudFront"
64.252.74.218 - - [12/Mar/2026:22:27:57 +0000] "GET /?feed=rss2&p=95089 HTTP/1.1" 200 505 "-" "Amazon CloudFront"
15.158.215.109 - - [12/Mar/2026:22:28:26 +0000] "POST /wp-cron.php?doing_wp_cron=1773354506.8770699501037597656250 HTTP/1.1" 200 - "https://69b4844ae61d4e92bf26ad98af552775-devsite.readyship.co/wp-cron.php?doing_wp_cron=1773354506.8770699501037597656250" "WordPress/5.1.19; https://69b4844ae61d4e92bf26ad98af552775-devsite.readyship.co"
64.252.68.102 - - [12/Mar/2026:22:28:26 +0000] "GET /?p=43916 HTTP/1.1" 200 21463 "-" "Amazon CloudFront"
64.252.66.156 - - [12/Mar/2026:22:28:31 +0000] "GET /?p=8091 HTTP/1.1" 200 17041 "-" "Amazon CloudFront"
64.252.74.218 - - [12/Mar/2026:22:28:42 +0000] "GET /?feed=rss2&p=95077 HTTP/1.1" 200 517 "-" "Amazon CloudFront"
64.252.75.159 - - [12/Mar/2026:22:28:42 +0000] "GET /?feed=rss2&p=95083 HTTP/1.1" 200 512 "-" "Amazon CloudFront"
64.252.74.218 - - [12/Mar/2026:22:28:52 +0000] "GET /?feed=rss2&p=12947 HTTP/1.1" 200 508 "-" "Amazon CloudFront"
64.252.76.174 - - [12/Mar/2026:22:28:53 +0000] "GET /?feed=rss2&p=12935 HTTP/1.1" 200 491 "-" "Amazon CloudFront"
64.252.75.159 - - [12/Mar/2026:22:29:08 +0000] "GET /?feed=rss2&p=95115 HTTP/1.1" 200 522 "-" "Amazon CloudFront"
64.252.76.174 - - [12/Mar/2026:22:29:08 +0000] "GET /?feed=rss2&p=12937 HTTP/1.1" 200 509 "-" "Amazon CloudFront"
64.252.76.174 - - [12/Mar/2026:22:30:04 +0000] "GET /?feed=rss2&p=95095 HTTP/1.1" 200 483 "-" "Amazon CloudFront"
15.158.215.109 - - [12/Mar/2026:22:30:04 +0000] "POST /wp-cron.php?doing_wp_cron=1773354604.6386380195617675781250 HTTP/1.1" 200 - "https://69b4844ae61d4e92bf26ad98af552775-devsite.readyship.co/wp-cron.php?doing_wp_cron=1773354604.6386380195617675781250" "WordPress/5.1.19; https://69b4844ae61d4e92bf26ad98af552775-devsite.readyship.co"
64.252.74.218 - - [12/Mar/2026:22:30:04 +0000] "GET /?feed=rss2&p=95099 HTTP/1.1" 200 523 "-" "Amazon CloudFront"
64.252.76.174 - - [12/Mar/2026:22:30:06 +0000] "GET /?feed=rss2&p=12939 HTTP/1.1" 200 501 "-" "Amazon CloudFront"
64.252.74.218 - - [12/Mar/2026:22:30:07 +0000] "GET /?feed=rss2&p=95113 HTTP/1.1" 200 543 "-" "Amazon CloudFront"
64.252.75.159 - - [12/Mar/2026:22:30:14 +0000] "GET /?feed=rss2&p=95093 HTTP/1.1" 200 505 "-" "Amazon CloudFront"
64.252.76.174 - - [12/Mar/2026:22:30:15 +0000] "GET /?feed=rss2&p=12945 HTTP/1.1" 200 533 "-" "Amazon CloudFront"
64.252.75.159 - - [12/Mar/2026:22:30:58 +0000] "GET /?feed=rss2&p=95087 HTTP/1.1" 200 521 "-" "Amazon CloudFront"
64.252.74.218 - - [12/Mar/2026:22:30:58 +0000] "GET /?feed=rss2&p=95101 HTTP/1.1" 200 526 "-" "Amazon CloudFront"
15.158.215.109 - - [12/Mar/2026:22:30:58 +0000] "POST /wp-cron.php?doing_wp_cron=1773354658.7311809062957763671875 HTTP/1.1" 200 - "https://69b4844ae61d4e92bf26ad98af552775-devsite.readyship.co/wp-cron.php?doing_wp_cron=1773354658.7311809062957763671875" "WordPress/5.1.19; https://69b4844ae61d4e92bf26ad98af552775-devsite.readyship.co"
64.252.76.174 - - [12/Mar/2026:22:31:06 +0000] "GET /?feed=rss2&p=38524 HTTP/1.1" 200 513 "-" "Amazon CloudFront"
64.252.74.218 - - [12/Mar/2026:22:31:06 +0000] "GET /?feed=rss2&p=95081 HTTP/1.1" 200 528 "-" "Amazon CloudFront"
15.158.215.109 - - [12/Mar/2026:22:31:27 +0000] "POST /wp-cron.php?doing_wp_cron=1773354687.1349799633026123046875 HTTP/1.1" 200 - "https://69b4844ae61d4e92bf26ad98af552775-devsite.readyship.co/wp-cron.php?doing_wp_cron=1773354687.1349799633026123046875" "WordPress/5.1.19; https://69b4844ae61d4e92bf26ad98af552775-devsite.readyship.co"
64.252.75.159 - - [12/Mar/2026:22:31:27 +0000] "GET /?p=95073 HTTP/1.1" 200 23929 "-" "Amazon CloudFront"
64.252.74.218 - - [12/Mar/2026:22:31:26 +0000] "GET /?p=95045 HTTP/1.1" 200 16731 "-" "Amazon CloudFront"
64.252.76.174 - - [12/Mar/2026:22:31:31 +0000] "GET /?p=95071 HTTP/1.1" 200 16737 "-" "Amazon CloudFront"
15.158.215.109 - - [12/Mar/2026:22:32:22 +0000] "POST /wp-cron.php?doing_wp_cron=1773354742.3830440044403076171875 HTTP/1.1" 200 - "https://69b4844ae61d4e92bf26ad98af552775-devsite.readyship.co/wp-cron.php?doing_wp_cron=1773354742.3830440044403076171875" "WordPress/5.1.19; https://69b4844ae61d4e92bf26ad98af552775-devsite.readyship.co"
64.252.76.174 - - [12/Mar/2026:22:32:21 +0000] "GET /?p=12971 HTTP/1.1" 200 17220 "-" "Amazon CloudFront"
64.252.76.174 - - [12/Mar/2026:22:32:22 +0000] "GET /?p=95069 HTTP/1.1" 200 15849 "-" "Amazon CloudFront"
64.252.75.159 - - [12/Mar/2026:22:32:25 +0000] "GET /?p=95065 HTTP/1.1" 200 17605 "-" "Amazon CloudFront"
64.252.75.159 - - [12/Mar/2026:22:32:25 +0000] "GET /?p=95041 HTTP/1.1" 200 24472 "-" "Amazon CloudFront"
64.252.75.159 - - [12/Mar/2026:22:32:27 +0000] "GET /?p=95049 HTTP/1.1" 200 18126 "-" "Amazon CloudFront"
64.252.75.159 - - [12/Mar/2026:22:32:28 +0000] "GET /?p=95047 HTTP/1.1" 200 24314 "-" "Amazon CloudFront"
64.252.74.218 - - [12/Mar/2026:22:32:31 +0000] "GET /?p=95067 HTTP/1.1" 200 17026 "-" "Amazon CloudFront"
64.252.75.159 - - [12/Mar/2026:22:32:31 +0000] "GET /?p=95053 HTTP/1.1" 200 17099 "-" "Amazon CloudFront"
64.252.75.159 - - [12/Mar/2026:22:32:39 +0000] "GET /?p=12985 HTTP/1.1" 200 16120 "-" "Amazon CloudFront"
64.252.75.159 - - [12/Mar/2026:22:32:40 +0000] "GET /?p=12979 HTTP/1.1" 200 15609 "-" "Amazon CloudFront"
64.252.74.218 - - [12/Mar/2026:22:32:43 +0000] "GET /?p=95055 HTTP/1.1" 200 18228 "-" "Amazon CloudFront"
64.252.76.174 - - [12/Mar/2026:22:32:43 +0000] "GET /?p=12973 HTTP/1.1" 200 15691 "-" "Amazon CloudFront"
64.252.76.174 - - [12/Mar/2026:22:33:01 +0000] "GET /?p=12977 HTTP/1.1" 200 15822 "-" "Amazon CloudFront"
64.252.74.218 - - [12/Mar/2026:22:33:02 +0000] "GET /?p=95039 HTTP/1.1" 200 16737 "-" "Amazon CloudFront"
64.252.75.159 - - [12/Mar/2026:22:33:05 +0000] "GET /?p=12975 HTTP/1.1" 200 15052 "-" "Amazon CloudFront"
64.252.76.174 - - [12/Mar/2026:22:33:06 +0000] "GET /?p=95059 HTTP/1.1" 200 18748 "-" "Amazon CloudFront"
15.158.215.109 - - [12/Mar/2026:22:33:42 +0000] "POST /wp-cron.php?doing_wp_cron=1773354821.9996140003204345703125 HTTP/1.1" 200 - "https://69b4844ae61d4e92bf26ad98af552775-devsite.readyship.co/wp-cron.php?doing_wp_cron=1773354821.9996140003204345703125" "WordPress/5.1.19; https://69b4844ae61d4e92bf26ad98af552775-devsite.readyship.co"
64.252.74.218 - - [12/Mar/2026:22:33:42 +0000] "GET /?p=95037 HTTP/1.1" 200 17866 "-" "Amazon CloudFront"
64.252.74.218 - - [12/Mar/2026:22:33:41 +0000] "GET /?p=95061 HTTP/1.1" 200 17051 "-" "Amazon CloudFront"
64.252.74.218 - - [12/Mar/2026:22:33:46 +0000] "GET /?p=12981 HTTP/1.1" 200 15650 "-" "Amazon CloudFront"
64.252.75.159 - - [12/Mar/2026:22:33:46 +0000] "GET /?p=12987 HTTP/1.1" 200 15595 "-" "Amazon CloudFront"
64.252.74.218 - - [12/Mar/2026:22:33:50 +0000] "GET /?p=12983 HTTP/1.1" 200 15753 "-" "Amazon CloudFront"
64.252.76.174 - - [12/Mar/2026:22:33:50 +0000] "GET /?p=95051 HTTP/1.1" 200 17712 "-" "Amazon CloudFront"
64.252.75.159 - - [12/Mar/2026:22:33:52 +0000] "GET /?p=95057 HTTP/1.1" 200 15905 "-" "Amazon CloudFront"
64.252.74.218 - - [12/Mar/2026:22:33:52 +0000] "GET /?p=95043 HTTP/1.1" 200 16614 "-" "Amazon CloudFront"
64.252.68.203 - - [12/Mar/2026:22:34:08 +0000] "GET /?healthcheck_timestamp=1773354647252 HTTP/1.1" 200 181512 "-" "Amazon CloudFront"
15.158.215.109 - - [12/Mar/2026:22:34:36 +0000] "POST /wp-cron.php?doing_wp_cron=1773354875.9118869304656982421875 HTTP/1.1" 200 - "https://69b4844ae61d4e92bf26ad98af552775-devsite.readyship.co/wp-cron.php?doing_wp_cron=1773354875.9118869304656982421875" "WordPress/5.1.19; https://69b4844ae61d4e92bf26ad98af552775-devsite.readyship.co"
64.252.74.218 - - [12/Mar/2026:22:34:35 +0000] "GET /?feed=rss2&p=12949 HTTP/1.1" 200 489 "-" "Amazon CloudFront"
64.252.75.159 - - [12/Mar/2026:22:34:35 +0000] "GET /?feed=rss2&p=12933 HTTP/1.1" 200 497 "-" "Amazon CloudFront"
64.252.75.159 - - [12/Mar/2026:22:34:36 +0000] "GET /?p=95063 HTTP/1.1" 200 16660 "-" "Amazon CloudFront"
64.252.76.174 - - [12/Mar/2026:22:34:37 +0000] "GET /?p=12989 HTTP/1.1" 200 17997 "-" "Amazon CloudFront"
64.252.76.174 - - [12/Mar/2026:22:34:40 +0000] "GET /?page_id=2807&paged=4451 HTTP/1.1" 200 12412 "-" "Amazon CloudFront"
64.252.75.159 - - [12/Mar/2026:22:34:41 +0000] "GET /?cat=1&paged=4138 HTTP/1.1" 200 12451 "-" "Amazon CloudFront"
64.252.75.159 - - [12/Mar/2026:22:34:47 +0000] "GET /?feed=rss2&p=95109 HTTP/1.1" 200 516 "-" "Amazon CloudFront"
64.252.74.218 - - [12/Mar/2026:22:34:45 +0000] "GET /?cat=1&paged=92 HTTP/1.1" 200 12664 "-" "Amazon CloudFront"
64.252.74.218 - - [12/Mar/2026:22:34:48 +0000] "GET /?feed=rss2&p=12941 HTTP/1.1" 200 504 "-" "Amazon CloudFront"
64.252.75.159 - - [12/Mar/2026:22:34:47 +0000] "GET /?cat=1&paged=91 HTTP/1.1" 200 12684 "-" "Amazon CloudFront"
64.252.75.159 - - [12/Mar/2026:22:35:16 +0000] "GET /?feed=rss2&p=12915 HTTP/1.1" 200 525 "-" "Amazon CloudFront"
64.252.76.174 - - [12/Mar/2026:22:35:17 +0000] "GET /?feed=rss2&p=95111 HTTP/1.1" 200 508 "-" "Amazon CloudFront"
64.252.74.218 - - [12/Mar/2026:22:35:18 +0000] "GET /?feed=rss2&p=12927 HTTP/1.1" 200 506 "-" "Amazon CloudFront"
64.252.76.174 - - [12/Mar/2026:22:35:17 +0000] "GET /?feed=rss2&p=12931 HTTP/1.1" 200 496 "-" "Amazon CloudFront"
15.158.215.109 - - [12/Mar/2026:22:35:39 +0000] "POST /wp-cron.php?doing_wp_cron=1773354939.8731400966644287109375 HTTP/1.1" 200 - "https://69b4844ae61d4e92bf26ad98af552775-devsite.readyship.co/wp-cron.php?doing_wp_cron=1773354939.8731400966644287109375" "WordPress/5.1.19; https://69b4844ae61d4e92bf26ad98af552775-devsite.readyship.co"
64.252.68.139 - - [12/Mar/2026:22:35:39 +0000] "GET /?p=88076 HTTP/1.1" 200 17639 "-" "Amazon CloudFront"
64.252.76.174 - - [12/Mar/2026:22:36:02 +0000] "GET /?feed=rss2&p=95079 HTTP/1.1" 200 530 "-" "Amazon CloudFront"
64.252.74.218 - - [12/Mar/2026:22:36:02 +0000] "GET /?p=25826 HTTP/1.1" 200 16105 "-" "Amazon CloudFront"
64.252.76.174 - - [12/Mar/2026:22:36:08 +0000] "GET /?feed=rss2&p=95085 HTTP/1.1" 200 515 "-" "Amazon CloudFront"
64.252.75.159 - - [12/Mar/2026:22:36:13 +0000] "GET /?feed=rss2&p=12921 HTTP/1.1" 200 505 "-" "Amazon CloudFront"
15.158.215.109 - - [12/Mar/2026:22:37:19 +0000] "POST /wp-cron.php?doing_wp_cron=1773355039.8816630840301513671875 HTTP/1.1" 200 - "https://69b4844ae61d4e92bf26ad98af552775-devsite.readyship.co/wp-cron.php?doing_wp_cron=1773355039.8816630840301513671875" "WordPress/5.1.19; https://69b4844ae61d4e92bf26ad98af552775-devsite.readyship.co"
64.252.76.174 - - [12/Mar/2026:22:37:19 +0000] "GET /?feed=rss2&p=95105 HTTP/1.1" 200 522 "-" "Amazon CloudFront"
15.158.215.109 - - [12/Mar/2026:22:37:25 +0000] "POST /wp-cron.php?doing_wp_cron=1773355045.6717789173126220703125 HTTP/1.1" 200 - "https://69b4844ae61d4e92bf26ad98af552775-devsite.readyship.co/wp-cron.php?doing_wp_cron=1773355045.6717789173126220703125" "WordPress/5.1.19; https://69b4844ae61d4e92bf26ad98af552775-devsite.readyship.co"
64.252.75.159 - - [12/Mar/2026:22:37:25 +0000] "GET /?p=26939 HTTP/1.1" 200 16680 "-" "Amazon CloudFront"
64.252.75.159 - - [12/Mar/2026:22:37:30 +0000] "GET /?feed=rss2&p=95107 HTTP/1.1" 200 539 "-" "Amazon CloudFront"
64.252.76.174 - - [12/Mar/2026:22:37:30 +0000] "GET /?feed=rss2&p=12943 HTTP/1.1" 200 542 "-" "Amazon CloudFront"
64.252.76.174 - - [12/Mar/2026:22:38:21 +0000] "GET /?feed=rss2&p=25824 HTTP/1.1" 200 520 "-" "Amazon CloudFront"
15.158.215.109 - - [12/Mar/2026:22:38:22 +0000] "POST /wp-cron.php?doing_wp_cron=1773355102.0277910232543945312500 HTTP/1.1" 200 - "https://69b4844ae61d4e92bf26ad98af552775-devsite.readyship.co/wp-cron.php?doing_wp_cron=1773355102.0277910232543945312500" "WordPress/5.1.19; https://69b4844ae61d4e92bf26ad98af552775-devsite.readyship.co"
64.252.75.159 - - [12/Mar/2026:22:38:21 +0000] "GET /?feed=rss2&p=95103 HTTP/1.1" 200 529 "-" "Amazon CloudFront"
64.252.74.218 - - [12/Mar/2026:22:38:42 +0000] "GET /?feed=rss2&p=26941 HTTP/1.1" 200 525 "-" "Amazon CloudFront"
64.252.68.102 - - [12/Mar/2026:22:38:44 +0000] "GET /?p=80882 HTTP/1.1" 200 15840 "-" "Amazon CloudFront"
64.252.76.174 - - [12/Mar/2026:22:39:06 +0000] "GET /?feed=rss2&p=95091 HTTP/1.1" 200 510 "-" "Amazon CloudFront"
15.158.215.109 - - [12/Mar/2026:22:39:34 +0000] "POST /wp-cron.php?doing_wp_cron=1773355174.8154790401458740234375 HTTP/1.1" 200 - "https://69b4844ae61d4e92bf26ad98af552775-devsite.readyship.co/wp-cron.php?doing_wp_cron=1773355174.8154790401458740234375" "WordPress/5.1.19; https://69b4844ae61d4e92bf26ad98af552775-devsite.readyship.co"
64.252.66.156 - - [12/Mar/2026:22:39:34 +0000] "GET /?p=62490 HTTP/1.1" 200 15730 "-" "Amazon CloudFront"
15.158.215.109 - - [12/Mar/2026:22:40:30 +0000] "POST /wp-cron.php?doing_wp_cron=1773355230.1615130901336669921875 HTTP/1.1" 200 - "https://69b4844ae61d4e92bf26ad98af552775-devsite.readyship.co/wp-cron.php?doing_wp_cron=1773355230.1615130901336669921875" "WordPress/5.1.19; https://69b4844ae61d4e92bf26ad98af552775-devsite.readyship.co"
64.252.74.218 - - [12/Mar/2026:22:40:29 +0000] "GET /?feed=rss2&p=12965 HTTP/1.1" 200 504 "-" "Amazon CloudFront"
64.252.68.203 - - [12/Mar/2026:22:40:35 +0000] "GET /?p=96451 HTTP/1.1" 200 15900 "-" "Amazon CloudFront"
15.158.215.109 - - [12/Mar/2026:22:41:57 +0000] "POST /wp-cron.php?doing_wp_cron=1773355317.3046889305114746093750 HTTP/1.1" 200 - "https://69b4844ae61d4e92bf26ad98af552775-devsite.readyship.co/wp-cron.php?doing_wp_cron=1773355317.3046889305114746093750" "WordPress/5.1.19; https://69b4844ae61d4e92bf26ad98af552775-devsite.readyship.co"
18.68.51.43 - - [12/Mar/2026:22:41:56 +0000] "POST /xmlrpc.php HTTP/1.1" 200 403 "-" "Mozilla/5.0 (Windows NT 10.0; Win64; x64) AppleWebKit/537.36 (KHTML, like Gecko) Chrome/114.0.0.0 Safari/537.36"
18.68.51.43 - - [12/Mar/2026:22:41:58 +0000] "POST /xmlrpc.php HTTP/1.1" 200 403 "-" "Mozilla/5.0 (Windows NT 10.0; Win64; x64) AppleWebKit/537.36 (KHTML, like Gecko) Chrome/114.0.0.0 Safari/537.36"
64.252.68.102 - - [12/Mar/2026:22:41:59 +0000] "GET /?p=83846 HTTP/1.1" 200 22473 "-" "Amazon CloudFront"
15.158.215.109 - - [12/Mar/2026:22:43:01 +0000] "POST /wp-cron.php?doing_wp_cron=1773355381.2971301078796386718750 HTTP/1.1" 200 - "https://69b4844ae61d4e92bf26ad98af552775-devsite.readyship.co/wp-cron.php?doing_wp_cron=1773355381.2971301078796386718750" "WordPress/5.1.19; https://69b4844ae61d4e92bf26ad98af552775-devsite.readyship.co"
64.252.74.218 - - [12/Mar/2026:22:43:00 +0000] "GET /?feed=rss2&p=12959 HTTP/1.1" 200 519 "-" "Amazon CloudFront"
64.252.66.156 - - [12/Mar/2026:22:43:01 +0000] "GET /?p=81406 HTTP/1.1" 200 17733 "-" "Amazon CloudFront"
18.68.51.43 - - [12/Mar/2026:22:43:04 +0000] "POST / HTTP/1.1" 200 25685 "-" "Amazon CloudFront"
64.252.76.174 - - [12/Mar/2026:22:44:10 +0000] "GET /?feed=rss2&p=12967 HTTP/1.1" 200 534 "-" "Amazon CloudFront"
15.158.215.109 - - [12/Mar/2026:22:44:11 +0000] "POST /wp-cron.php?doing_wp_cron=1773355450.9605810642242431640625 HTTP/1.1" 200 - "https://69b4844ae61d4e92bf26ad98af552775-devsite.readyship.co/wp-cron.php?doing_wp_cron=1773355450.9605810642242431640625" "WordPress/5.1.19; https://69b4844ae61d4e92bf26ad98af552775-devsite.readyship.co"
64.252.74.218 - - [12/Mar/2026:22:44:10 +0000] "GET /?feed=rss2&p=12963 HTTP/1.1" 200 502 "-" "Amazon CloudFront"
15.158.215.109 - - [12/Mar/2026:22:45:45 +0000] "POST /wp-cron.php?doing_wp_cron=1773355545.5188848972320556640625 HTTP/1.1" 200 - "https://69b4844ae61d4e92bf26ad98af552775-devsite.readyship.co/wp-cron.php?doing_wp_cron=1773355545.5188848972320556640625" "WordPress/5.1.19; https://69b4844ae61d4e92bf26ad98af552775-devsite.readyship.co"
64.252.68.102 - - [12/Mar/2026:22:45:45 +0000] "GET /?p=93625 HTTP/1.1" 200 15907 "-" "Amazon CloudFront"
64.252.74.218 - - [12/Mar/2026:22:46:12 +0000] "GET /?feed=rss2&p=12951 HTTP/1.1" 200 515 "-" "Amazon CloudFront"
64.252.68.102 - - [12/Mar/2026:22:46:20 +0000] "GET /?p=88302 HTTP/1.1" 200 16817 "-" "Amazon CloudFront"
15.158.215.109 - - [12/Mar/2026:22:47:03 +0000] "POST /wp-cron.php?doing_wp_cron=1773355623.3530189990997314453125 HTTP/1.1" 200 - "https://69b4844ae61d4e92bf26ad98af552775-devsite.readyship.co/wp-cron.php?doing_wp_cron=1773355623.3530189990997314453125" "WordPress/5.1.19; https://69b4844ae61d4e92bf26ad98af552775-devsite.readyship.co"
64.252.66.156 - - [12/Mar/2026:22:47:03 +0000] "GET /?p=12859 HTTP/1.1" 200 15527 "-" "Amazon CloudFront"
15.158.215.109 - - [12/Mar/2026:22:47:28 +0000] "POST /wp-cron.php?doing_wp_cron=1773355648.1330668926239013671875 HTTP/1.1" 200 - "https://69b4844ae61d4e92bf26ad98af552775-devsite.readyship.co/wp-cron.php?doing_wp_cron=1773355648.1330668926239013671875" "WordPress/5.1.19; https://69b4844ae61d4e92bf26ad98af552775-devsite.readyship.co"
64.252.75.159 - - [12/Mar/2026:22:47:27 +0000] "GET /?feed=rss2&p=12955 HTTP/1.1" 200 511 "-" "Amazon CloudFront"
15.158.215.109 - - [12/Mar/2026:22:48:24 +0000] "POST /wp-cron.php?doing_wp_cron=1773355704.6503679752349853515625 HTTP/1.1" 200 - "https://69b4844ae61d4e92bf26ad98af552775-devsite.readyship.co/wp-cron.php?doing_wp_cron=1773355704.6503679752349853515625" "WordPress/5.1.19; https://69b4844ae61d4e92bf26ad98af552775-devsite.readyship.co"
64.252.68.203 - - [12/Mar/2026:22:48:24 +0000] "GET /?cat=1&paged=4100 HTTP/1.1" 200 12580 "-" "Amazon CloudFront"
64.252.75.159 - - [12/Mar/2026:22:48:47 +0000] "GET /?feed=rss2&p=12957 HTTP/1.1" 200 497 "-" "Amazon CloudFront"
64.252.75.159 - - [12/Mar/2026:22:48:58 +0000] "GET /?feed=rss2&p=12961 HTTP/1.1" 200 499 "-" "Amazon CloudFront"
64.252.86.96 - - [12/Mar/2026:22:49:43 +0000] "GET /wp-content/plugins/contact-form-7/includes/css/styles.css?ver=5.1.1 HTTP/1.1" 200 651 "-" "Amazon CloudFront"
64.252.88.79 - - [12/Mar/2026:22:49:44 +0000] "GET /wp-content/plugins/woocommerce/assets/css/woocommerce-smallscreen.css?ver=3.6.7 HTTP/1.1" 200 1055 "-" "Amazon CloudFront"
64.252.88.79 - - [12/Mar/2026:22:49:44 +0000] "GET /wp-content/plugins/elementor/assets/lib/font-awesome/css/font-awesome.min.css?ver=4.7.0 HTTP/1.1" 200 7050 "-" "Amazon CloudFront"
