HEX
Server: LiteSpeed
System: Linux ip-172-31-76-142.ec2.internal 4.14.158-129.185.amzn2.x86_64 #1 SMP Tue Dec 24 03:15:32 UTC 2019 x86_64
User: 69b4844ae61d4e92bf26ad98af552775 (1065)
PHP: 7.2.27
Disabled: exec,passthru,shell_exec,system,eval
Upload Files
File: /var/www/volumes/69b4844ae61d4e92bf26ad98af552775/logs/openlitespeed/access.log.2026_03_31
15.158.219.67 - - [18/Mar/2026:05:57:37 +0000] "GET /wp-login.php?redirect_to=https%3A%2F%2F69b4844ae61d4e92bf26ad98af552775-devsite.readyship.co%2Fwp-admin%2Fedit-tags.php%3Ftaxonomy%3Dcategory&reauth=1 HTTP/1.1" 200 1206 "https://69b4844ae61d4e92bf26ad98af552775-devsite.readyship.co/wp-admin/edit-tags.php?taxonomy=category" "Mozilla/5.0 (Windows NT 6.3; Win64; x64) AppleWebKit/537.36 (KHTML, like Gecko) Chrome/103.0.0.0 Safari/537.36"
15.158.215.109 - - [18/Mar/2026:06:02:03 +0000] "POST /wp-cron.php?doing_wp_cron=1773813723.3627059459686279296875 HTTP/1.1" 200 - "https://69b4844ae61d4e92bf26ad98af552775-devsite.readyship.co/wp-cron.php?doing_wp_cron=1773813723.3627059459686279296875" "WordPress/5.1.19; https://69b4844ae61d4e92bf26ad98af552775-devsite.readyship.co"
64.252.74.218 - - [18/Mar/2026:06:02:02 +0000] "GET /?feed=rss2&p=16041 HTTP/1.1" 200 499 "-" "Amazon CloudFront"
15.158.215.109 - - [18/Mar/2026:06:05:11 +0000] "POST /wp-cron.php?doing_wp_cron=1773813911.7945420742034912109375 HTTP/1.1" 200 - "https://69b4844ae61d4e92bf26ad98af552775-devsite.readyship.co/wp-cron.php?doing_wp_cron=1773813911.7945420742034912109375" "WordPress/5.1.19; https://69b4844ae61d4e92bf26ad98af552775-devsite.readyship.co"
64.252.75.159 - - [18/Mar/2026:06:05:11 +0000] "GET /?p=16073 HTTP/1.1" 200 15547 "-" "Amazon CloudFront"
64.252.74.218 - - [18/Mar/2026:06:05:11 +0000] "GET /?p=16077 HTTP/1.1" 200 15517 "-" "Amazon CloudFront"
64.252.66.156 - - [18/Mar/2026:06:05:12 +0000] "GET /?page_id=2807&paged=4292 HTTP/1.1" 200 12687 "-" "Amazon CloudFront"
15.158.215.109 - - [18/Mar/2026:06:05:37 +0000] "POST /wp-cron.php?doing_wp_cron=1773813937.0550220012664794921875 HTTP/1.1" 200 - "https://69b4844ae61d4e92bf26ad98af552775-devsite.readyship.co/wp-cron.php?doing_wp_cron=1773813937.0550220012664794921875" "WordPress/5.1.19; https://69b4844ae61d4e92bf26ad98af552775-devsite.readyship.co"
64.252.76.215 - - [18/Mar/2026:06:05:36 +0000] "GET /?p=16083 HTTP/1.1" 200 15634 "-" "Amazon CloudFront"
64.252.76.215 - - [18/Mar/2026:06:05:36 +0000] "GET /?p=16085 HTTP/1.1" 200 15860 "-" "Amazon CloudFront"
64.252.76.215 - - [18/Mar/2026:06:05:53 +0000] "GET /?p=16079 HTTP/1.1" 200 15689 "-" "Amazon CloudFront"
15.158.215.109 - - [18/Mar/2026:06:06:44 +0000] "POST /wp-cron.php?doing_wp_cron=1773814004.2963809967041015625000 HTTP/1.1" 200 - "https://69b4844ae61d4e92bf26ad98af552775-devsite.readyship.co/wp-cron.php?doing_wp_cron=1773814004.2963809967041015625000" "WordPress/5.1.19; https://69b4844ae61d4e92bf26ad98af552775-devsite.readyship.co"
64.252.74.218 - - [18/Mar/2026:06:06:43 +0000] "GET /?p=16071 HTTP/1.1" 200 15810 "-" "Amazon CloudFront"
64.252.74.218 - - [18/Mar/2026:06:07:10 +0000] "GET /?p=38688 HTTP/1.1" 200 15610 "-" "Amazon CloudFront"
15.158.215.109 - - [18/Mar/2026:06:07:30 +0000] "POST /wp-cron.php?doing_wp_cron=1773814050.8871150016784667968750 HTTP/1.1" 200 - "https://69b4844ae61d4e92bf26ad98af552775-devsite.readyship.co/wp-cron.php?doing_wp_cron=1773814050.8871150016784667968750" "WordPress/5.1.19; https://69b4844ae61d4e92bf26ad98af552775-devsite.readyship.co"
64.252.74.218 - - [18/Mar/2026:06:07:30 +0000] "GET /?p=16087 HTTP/1.1" 200 15648 "-" "Amazon CloudFront"
15.158.27.132 - - [18/Mar/2026:06:07:34 +0000] "GET /wp-login.php HTTP/1.1" 200 3278 "-" "Hello from Palo Alto Networks, find out more about our scans in https://docs-cortex.paloaltonetworks.com/r/1/Cortex-Xpanse/Scanning-activity"
64.252.76.215 - - [18/Mar/2026:06:08:11 +0000] "GET /?p=16089 HTTP/1.1" 200 15307 "-" "Amazon CloudFront"
15.158.215.109 - - [18/Mar/2026:06:08:29 +0000] "POST /wp-cron.php?doing_wp_cron=1773814109.7369570732116699218750 HTTP/1.1" 200 - "https://69b4844ae61d4e92bf26ad98af552775-devsite.readyship.co/wp-cron.php?doing_wp_cron=1773814109.7369570732116699218750" "WordPress/5.1.19; https://69b4844ae61d4e92bf26ad98af552775-devsite.readyship.co"
64.252.74.218 - - [18/Mar/2026:06:08:29 +0000] "GET /?p=16081 HTTP/1.1" 200 15651 "-" "Amazon CloudFront"
64.252.76.215 - - [18/Mar/2026:06:09:02 +0000] "GET /?p=25990 HTTP/1.1" 200 15592 "-" "Amazon CloudFront"
15.158.215.109 - - [18/Mar/2026:06:10:01 +0000] "POST /wp-cron.php?doing_wp_cron=1773814201.8608150482177734375000 HTTP/1.1" 200 - "https://69b4844ae61d4e92bf26ad98af552775-devsite.readyship.co/wp-cron.php?doing_wp_cron=1773814201.8608150482177734375000" "WordPress/5.1.19; https://69b4844ae61d4e92bf26ad98af552775-devsite.readyship.co"
64.252.74.218 - - [18/Mar/2026:06:10:01 +0000] "GET /?feed=rss2&p=38684 HTTP/1.1" 200 532 "-" "Amazon CloudFront"
64.252.76.215 - - [18/Mar/2026:06:10:15 +0000] "GET /?feed=rss2&p=16033 HTTP/1.1" 200 524 "-" "Amazon CloudFront"
15.158.215.109 - - [18/Mar/2026:06:10:27 +0000] "POST /wp-cron.php?doing_wp_cron=1773814227.1901659965515136718750 HTTP/1.1" 200 - "https://69b4844ae61d4e92bf26ad98af552775-devsite.readyship.co/wp-cron.php?doing_wp_cron=1773814227.1901659965515136718750" "WordPress/5.1.19; https://69b4844ae61d4e92bf26ad98af552775-devsite.readyship.co"
64.252.75.159 - - [18/Mar/2026:06:10:26 +0000] "GET /?feed=rss2&p=25988 HTTP/1.1" 200 504 "-" "Amazon CloudFront"
64.252.75.159 - - [18/Mar/2026:06:10:42 +0000] "GET /?feed=rss2&p=16049 HTTP/1.1" 200 510 "-" "Amazon CloudFront"
15.158.215.109 - - [18/Mar/2026:06:11:18 +0000] "POST /wp-cron.php?doing_wp_cron=1773814278.5689959526062011718750 HTTP/1.1" 200 - "https://69b4844ae61d4e92bf26ad98af552775-devsite.readyship.co/wp-cron.php?doing_wp_cron=1773814278.5689959526062011718750" "WordPress/5.1.19; https://69b4844ae61d4e92bf26ad98af552775-devsite.readyship.co"
64.252.74.218 - - [18/Mar/2026:06:11:18 +0000] "GET /?cat=1&paged=3983 HTTP/1.1" 200 12534 "-" "Amazon CloudFront"
15.158.215.109 - - [18/Mar/2026:06:11:48 +0000] "POST /wp-cron.php?doing_wp_cron=1773814308.8887929916381835937500 HTTP/1.1" 200 - "https://69b4844ae61d4e92bf26ad98af552775-devsite.readyship.co/wp-cron.php?doing_wp_cron=1773814308.8887929916381835937500" "WordPress/5.1.19; https://69b4844ae61d4e92bf26ad98af552775-devsite.readyship.co"
64.252.75.159 - - [18/Mar/2026:06:11:48 +0000] "GET /?feed=rss2&p=16047 HTTP/1.1" 200 518 "-" "Amazon CloudFront"
15.158.215.109 - - [18/Mar/2026:06:13:24 +0000] "POST /wp-cron.php?doing_wp_cron=1773814404.5218439102172851562500 HTTP/1.1" 200 - "https://69b4844ae61d4e92bf26ad98af552775-devsite.readyship.co/wp-cron.php?doing_wp_cron=1773814404.5218439102172851562500" "WordPress/5.1.19; https://69b4844ae61d4e92bf26ad98af552775-devsite.readyship.co"
64.252.75.159 - - [18/Mar/2026:06:13:24 +0000] "GET /?p=16075 HTTP/1.1" 200 15857 "-" "Amazon CloudFront"
64.252.74.218 - - [18/Mar/2026:06:13:36 +0000] "GET /?feed=rss2&p=16031 HTTP/1.1" 200 522 "-" "Amazon CloudFront"
64.252.68.203 - - [18/Mar/2026:06:14:03 +0000] "GET /?page_id=2807&paged=10 HTTP/1.1" 200 12836 "-" "Amazon CloudFront"
15.158.215.109 - - [18/Mar/2026:06:21:21 +0000] "POST /wp-cron.php?doing_wp_cron=1773814881.5828139781951904296875 HTTP/1.1" 200 - "https://69b4844ae61d4e92bf26ad98af552775-devsite.readyship.co/wp-cron.php?doing_wp_cron=1773814881.5828139781951904296875" "WordPress/5.1.19; https://69b4844ae61d4e92bf26ad98af552775-devsite.readyship.co"
64.252.68.139 - - [18/Mar/2026:06:21:14 +0000] "GET /?p=80009 HTTP/1.1" 200 19028 "-" "Amazon CloudFront"
15.158.215.109 - - [18/Mar/2026:06:23:44 +0000] "POST /wp-cron.php?doing_wp_cron=1773815024.6983089447021484375000 HTTP/1.1" 200 - "https://69b4844ae61d4e92bf26ad98af552775-devsite.readyship.co/wp-cron.php?doing_wp_cron=1773815024.6983089447021484375000" "WordPress/5.1.19; https://69b4844ae61d4e92bf26ad98af552775-devsite.readyship.co"
64.252.66.156 - - [18/Mar/2026:06:23:44 +0000] "GET /?p=57870 HTTP/1.1" 200 15143 "-" "Amazon CloudFront"
64.252.75.159 - - [18/Mar/2026:06:23:57 +0000] "GET /?feed=rss2&p=91948 HTTP/1.1" 200 506 "-" "Amazon CloudFront"
64.252.74.218 - - [18/Mar/2026:06:24:16 +0000] "GET /?feed=rss2&p=91960 HTTP/1.1" 200 516 "-" "Amazon CloudFront"
64.252.76.215 - - [18/Mar/2026:06:24:16 +0000] "GET /?feed=rss2&p=91950 HTTP/1.1" 200 528 "-" "Amazon CloudFront"
15.158.215.109 - - [18/Mar/2026:06:25:37 +0000] "POST /wp-cron.php?doing_wp_cron=1773815137.0910789966583251953125 HTTP/1.1" 200 - "https://69b4844ae61d4e92bf26ad98af552775-devsite.readyship.co/wp-cron.php?doing_wp_cron=1773815137.0910789966583251953125" "WordPress/5.1.19; https://69b4844ae61d4e92bf26ad98af552775-devsite.readyship.co"
64.252.76.215 - - [18/Mar/2026:06:25:36 +0000] "GET /?feed=rss2&p=91952 HTTP/1.1" 200 501 "-" "Amazon CloudFront"
64.252.75.159 - - [18/Mar/2026:06:26:13 +0000] "GET /?feed=rss2&p=91954 HTTP/1.1" 200 502 "-" "Amazon CloudFront"
15.158.215.109 - - [18/Mar/2026:06:27:10 +0000] "POST /wp-cron.php?doing_wp_cron=1773815229.9864089488983154296875 HTTP/1.1" 200 - "https://69b4844ae61d4e92bf26ad98af552775-devsite.readyship.co/wp-cron.php?doing_wp_cron=1773815229.9864089488983154296875" "WordPress/5.1.19; https://69b4844ae61d4e92bf26ad98af552775-devsite.readyship.co"
64.252.76.215 - - [18/Mar/2026:06:27:10 +0000] "GET /?feed=rss2&p=91958 HTTP/1.1" 200 539 "-" "Amazon CloudFront"
64.252.74.218 - - [18/Mar/2026:06:27:09 +0000] "GET /?feed=rss2&p=26837 HTTP/1.1" 200 520 "-" "Amazon CloudFront"
64.252.74.218 - - [18/Mar/2026:06:27:10 +0000] "GET /?feed=rss2&p=91956 HTTP/1.1" 200 513 "-" "Amazon CloudFront"
64.252.76.215 - - [18/Mar/2026:06:27:10 +0000] "GET /?feed=rss2&p=91946 HTTP/1.1" 200 519 "-" "Amazon CloudFront"
64.252.76.215 - - [18/Mar/2026:06:27:25 +0000] "GET /?feed=rss2&p=79959 HTTP/1.1" 200 520 "-" "Amazon CloudFront"
15.158.215.109 - - [18/Mar/2026:06:27:25 +0000] "POST /wp-cron.php?doing_wp_cron=1773815245.5278410911560058593750 HTTP/1.1" 200 - "https://69b4844ae61d4e92bf26ad98af552775-devsite.readyship.co/wp-cron.php?doing_wp_cron=1773815245.5278410911560058593750" "WordPress/5.1.19; https://69b4844ae61d4e92bf26ad98af552775-devsite.readyship.co"
64.252.76.215 - - [18/Mar/2026:06:27:25 +0000] "GET /?p=79961 HTTP/1.1" 200 24214 "-" "Amazon CloudFront"
15.158.215.109 - - [18/Mar/2026:06:29:53 +0000] "POST /wp-cron.php?doing_wp_cron=1773815393.7498068809509277343750 HTTP/1.1" 200 - "https://69b4844ae61d4e92bf26ad98af552775-devsite.readyship.co/wp-cron.php?doing_wp_cron=1773815393.7498068809509277343750" "WordPress/5.1.19; https://69b4844ae61d4e92bf26ad98af552775-devsite.readyship.co"
64.252.74.218 - - [18/Mar/2026:06:29:53 +0000] "GET /?feed=rss2&p=91942 HTTP/1.1" 200 522 "-" "Amazon CloudFront"
64.252.74.218 - - [18/Mar/2026:06:29:53 +0000] "GET /?p=26835 HTTP/1.1" 200 17671 "-" "Amazon CloudFront"
64.252.75.159 - - [18/Mar/2026:06:30:04 +0000] "GET /?feed=rss2&p=91944 HTTP/1.1" 200 545 "-" "Amazon CloudFront"
15.158.215.109 - - [18/Mar/2026:06:30:45 +0000] "POST /wp-cron.php?doing_wp_cron=1773815445.8163089752197265625000 HTTP/1.1" 200 - "https://69b4844ae61d4e92bf26ad98af552775-devsite.readyship.co/wp-cron.php?doing_wp_cron=1773815445.8163089752197265625000" "WordPress/5.1.19; https://69b4844ae61d4e92bf26ad98af552775-devsite.readyship.co"
64.252.75.159 - - [18/Mar/2026:06:30:45 +0000] "GET /?p=91940 HTTP/1.1" 200 18365 "-" "Amazon CloudFront"
15.158.215.109 - - [18/Mar/2026:06:31:30 +0000] "POST /wp-cron.php?doing_wp_cron=1773815490.2594859600067138671875 HTTP/1.1" 200 - "https://69b4844ae61d4e92bf26ad98af552775-devsite.readyship.co/wp-cron.php?doing_wp_cron=1773815490.2594859600067138671875" "WordPress/5.1.19; https://69b4844ae61d4e92bf26ad98af552775-devsite.readyship.co"
15.158.211.104 - - [18/Mar/2026:06:31:29 +0000] "POST /xmlrpc.php HTTP/1.1" 200 403 "-" "Mozilla/5.0 (Windows NT 10.0; Win64; x64) AppleWebKit/537.36 (KHTML, like Gecko) Chrome/114.0.0.0 Safari/537.36"
15.158.211.104 - - [18/Mar/2026:06:31:32 +0000] "POST /xmlrpc.php HTTP/1.1" 200 403 "-" "Mozilla/5.0 (Windows NT 10.0; Win64; x64) AppleWebKit/537.36 (KHTML, like Gecko) Chrome/114.0.0.0 Safari/537.36"
15.158.215.109 - - [18/Mar/2026:06:32:27 +0000] "POST /wp-cron.php?doing_wp_cron=1773815547.6710228919982910156250 HTTP/1.1" 200 - "https://69b4844ae61d4e92bf26ad98af552775-devsite.readyship.co/wp-cron.php?doing_wp_cron=1773815547.6710228919982910156250" "WordPress/5.1.19; https://69b4844ae61d4e92bf26ad98af552775-devsite.readyship.co"
64.252.76.215 - - [18/Mar/2026:06:32:27 +0000] "GET /?p=91918 HTTP/1.1" 200 24481 "-" "Amazon CloudFront"
64.252.75.159 - - [18/Mar/2026:06:32:49 +0000] "GET /?p=91905 HTTP/1.1" 200 18189 "-" "Amazon CloudFront"
64.252.76.215 - - [18/Mar/2026:06:32:50 +0000] "GET /?p=91899 HTTP/1.1" 200 17445 "-" "Amazon CloudFront"
64.252.76.215 - - [18/Mar/2026:06:32:51 +0000] "GET /?p=91920 HTTP/1.1" 200 18194 "-" "Amazon CloudFront"
64.252.74.218 - - [18/Mar/2026:06:33:00 +0000] "GET /?p=91916 HTTP/1.1" 200 16918 "-" "Amazon CloudFront"
15.158.215.109 - - [18/Mar/2026:06:34:10 +0000] "POST /wp-cron.php?doing_wp_cron=1773815650.0170218944549560546875 HTTP/1.1" 200 - "https://69b4844ae61d4e92bf26ad98af552775-devsite.readyship.co/wp-cron.php?doing_wp_cron=1773815650.0170218944549560546875" "WordPress/5.1.19; https://69b4844ae61d4e92bf26ad98af552775-devsite.readyship.co"
64.252.68.102 - - [18/Mar/2026:06:34:09 +0000] "GET /?healthcheck_timestamp=1773815446841 HTTP/1.1" 200 181514 "-" "Amazon CloudFront"
64.252.76.215 - - [18/Mar/2026:06:34:15 +0000] "GET /?p=91907 HTTP/1.1" 200 16526 "-" "Amazon CloudFront"
15.158.215.109 - - [18/Mar/2026:06:34:32 +0000] "POST /wp-cron.php?doing_wp_cron=1773815672.3622961044311523437500 HTTP/1.1" 200 - "https://69b4844ae61d4e92bf26ad98af552775-devsite.readyship.co/wp-cron.php?doing_wp_cron=1773815672.3622961044311523437500" "WordPress/5.1.19; https://69b4844ae61d4e92bf26ad98af552775-devsite.readyship.co"
64.252.75.159 - - [18/Mar/2026:06:34:32 +0000] "GET /?p=91901 HTTP/1.1" 200 18975 "-" "Amazon CloudFront"
15.158.215.109 - - [18/Mar/2026:06:36:14 +0000] "POST /wp-cron.php?doing_wp_cron=1773815774.8837130069732666015625 HTTP/1.1" 200 - "https://69b4844ae61d4e92bf26ad98af552775-devsite.readyship.co/wp-cron.php?doing_wp_cron=1773815774.8837130069732666015625" "WordPress/5.1.19; https://69b4844ae61d4e92bf26ad98af552775-devsite.readyship.co"
64.252.74.218 - - [18/Mar/2026:06:36:14 +0000] "GET /?cat=1&paged=247 HTTP/1.1" 200 12616 "-" "Amazon CloudFront"
15.158.215.109 - - [18/Mar/2026:06:36:48 +0000] "POST /wp-cron.php?doing_wp_cron=1773815807.9576408863067626953125 HTTP/1.1" 200 - "https://69b4844ae61d4e92bf26ad98af552775-devsite.readyship.co/wp-cron.php?doing_wp_cron=1773815807.9576408863067626953125" "WordPress/5.1.19; https://69b4844ae61d4e92bf26ad98af552775-devsite.readyship.co"
64.252.68.139 - - [18/Mar/2026:06:36:47 +0000] "GET /?p=48645 HTTP/1.1" 200 23060 "-" "Amazon CloudFront"
64.252.68.102 - - [18/Mar/2026:06:37:05 +0000] "GET /?p=13055 HTTP/1.1" 200 15679 "-" "Amazon CloudFront"
64.252.76.215 - - [18/Mar/2026:06:37:10 +0000] "GET /?p=91914 HTTP/1.1" 200 18785 "-" "Amazon CloudFront"
15.158.215.109 - - [18/Mar/2026:06:37:46 +0000] "POST /wp-cron.php?doing_wp_cron=1773815866.9666199684143066406250 HTTP/1.1" 200 - "https://69b4844ae61d4e92bf26ad98af552775-devsite.readyship.co/wp-cron.php?doing_wp_cron=1773815866.9666199684143066406250" "WordPress/5.1.19; https://69b4844ae61d4e92bf26ad98af552775-devsite.readyship.co"
64.252.75.159 - - [18/Mar/2026:06:37:46 +0000] "GET /?p=91912 HTTP/1.1" 200 23599 "-" "Amazon CloudFront"
15.158.215.109 - - [18/Mar/2026:06:38:22 +0000] "POST /wp-cron.php?doing_wp_cron=1773815902.8881850242614746093750 HTTP/1.1" 200 - "https://69b4844ae61d4e92bf26ad98af552775-devsite.readyship.co/wp-cron.php?doing_wp_cron=1773815902.8881850242614746093750" "WordPress/5.1.19; https://69b4844ae61d4e92bf26ad98af552775-devsite.readyship.co"
64.252.76.215 - - [18/Mar/2026:06:38:22 +0000] "GET /?p=91910 HTTP/1.1" 200 15755 "-" "Amazon CloudFront"
64.252.66.156 - - [18/Mar/2026:06:38:40 +0000] "GET /?p=43616 HTTP/1.1" 200 24996 "-" "Amazon CloudFront"
15.158.215.109 - - [18/Mar/2026:06:40:11 +0000] "POST /wp-cron.php?doing_wp_cron=1773816011.7084200382232666015625 HTTP/1.1" 200 - "https://69b4844ae61d4e92bf26ad98af552775-devsite.readyship.co/wp-cron.php?doing_wp_cron=1773816011.7084200382232666015625" "WordPress/5.1.19; https://69b4844ae61d4e92bf26ad98af552775-devsite.readyship.co"
15.158.211.104 - - [18/Mar/2026:06:40:11 +0000] "POST /xmlrpc.php HTTP/1.1" 200 403 "-" "Mozilla/5.0 (Windows NT 10.0; Win64; x64) AppleWebKit/537.36 (KHTML, like Gecko) Chrome/114.0.0.0 Safari/537.36"
15.158.211.104 - - [18/Mar/2026:06:40:14 +0000] "POST /xmlrpc.php HTTP/1.1" 200 403 "-" "Mozilla/5.0 (Windows NT 10.0; Win64; x64) AppleWebKit/537.36 (KHTML, like Gecko) Chrome/114.0.0.0 Safari/537.36"
15.158.215.109 - - [18/Mar/2026:06:45:23 +0000] "POST /wp-cron.php?doing_wp_cron=1773816323.1020159721374511718750 HTTP/1.1" 200 - "https://69b4844ae61d4e92bf26ad98af552775-devsite.readyship.co/wp-cron.php?doing_wp_cron=1773816323.1020159721374511718750" "WordPress/5.1.19; https://69b4844ae61d4e92bf26ad98af552775-devsite.readyship.co"
64.252.68.139 - - [18/Mar/2026:06:45:22 +0000] "GET /?p=40938 HTTP/1.1" 200 18816 "-" "Amazon CloudFront"
15.158.215.109 - - [18/Mar/2026:06:55:47 +0000] "POST /wp-cron.php?doing_wp_cron=1773816947.4329009056091308593750 HTTP/1.1" 200 - "https://69b4844ae61d4e92bf26ad98af552775-devsite.readyship.co/wp-cron.php?doing_wp_cron=1773816947.4329009056091308593750" "WordPress/5.1.19; https://69b4844ae61d4e92bf26ad98af552775-devsite.readyship.co"
64.252.68.139 - - [18/Mar/2026:06:55:40 +0000] "GET /?p=89666 HTTP/1.1" 200 18744 "-" "Amazon CloudFront"
64.252.89.111 - - [18/Mar/2026:06:57:30 +0000] "GET /wp-content/plugins/woocommerce/assets/css/woocommerce.css?ver=3.6.7 HTTP/1.1" 200 8809 "-" "Amazon CloudFront"
15.158.215.109 - - [18/Mar/2026:07:00:38 +0000] "POST /wp-cron.php?doing_wp_cron=1773817238.2510700225830078125000 HTTP/1.1" 200 - "https://69b4844ae61d4e92bf26ad98af552775-devsite.readyship.co/wp-cron.php?doing_wp_cron=1773817238.2510700225830078125000" "WordPress/5.1.19; https://69b4844ae61d4e92bf26ad98af552775-devsite.readyship.co"
15.158.219.67 - - [18/Mar/2026:07:00:37 +0000] "POST /?page_id=2806 HTTP/1.1" 200 10759 "-" "Amazon CloudFront"
15.158.219.67 - - [18/Mar/2026:07:00:40 +0000] "GET /xmlrpc.php HTTP/1.1" 405 60 "https://69b4844ae61d4e92bf26ad98af552775-devsite.readyship.co" "Mozilla/5.0 (Windows NT 6.3; Win64; x64) AppleWebKit/537.36 (KHTML, like Gecko) Chrome/103.0.0.0 Safari/537.36"
15.158.219.67 - - [18/Mar/2026:07:00:41 +0000] "POST /xmlrpc.php HTTP/1.1" 200 206 "https://69b4844ae61d4e92bf26ad98af552775-devsite.readyship.co/xmlrpc.php" "Mozilla/5.0 (Windows NT 6.3; Win64; x64) AppleWebKit/537.36 (KHTML, like Gecko) Chrome/103.0.0.0 Safari/537.36"
15.158.219.67 - - [18/Mar/2026:07:00:42 +0000] "POST /xmlrpc.php HTTP/1.1" 200 206 "https://69b4844ae61d4e92bf26ad98af552775-devsite.readyship.co/xmlrpc.php" "Mozilla/5.0 (Windows NT 6.3; Win64; x64) AppleWebKit/537.36 (KHTML, like Gecko) Chrome/103.0.0.0 Safari/537.36"
64.252.86.96 - - [18/Mar/2026:07:00:43 +0000] "GET / HTTP/1.1" 200 26109 "-" "Amazon CloudFront"
64.252.88.79 - - [18/Mar/2026:07:00:47 +0000] "GET /?page_id=2806 HTTP/1.1" 200 10539 "-" "Amazon CloudFront"
15.158.219.67 - - [18/Mar/2026:07:00:49 +0000] "GET /wp-admin/edit-tags.php?taxonomy=category HTTP/1.1" 302 - "https://69b4844ae61d4e92bf26ad98af552775-devsite.readyship.co/?page_id=2806" "Mozilla/5.0 (Windows NT 6.3; Win64; x64) AppleWebKit/537.36 (KHTML, like Gecko) Chrome/103.0.0.0 Safari/537.36"
15.158.219.67 - - [18/Mar/2026:07:00:51 +0000] "GET /wp-login.php?redirect_to=https%3A%2F%2F69b4844ae61d4e92bf26ad98af552775-devsite.readyship.co%2Fwp-admin%2Fedit-tags.php%3Ftaxonomy%3Dcategory&reauth=1 HTTP/1.1" 200 1206 "https://69b4844ae61d4e92bf26ad98af552775-devsite.readyship.co/wp-admin/edit-tags.php?taxonomy=category" "Mozilla/5.0 (Windows NT 6.3; Win64; x64) AppleWebKit/537.36 (KHTML, like Gecko) Chrome/103.0.0.0 Safari/537.36"
15.158.215.109 - - [18/Mar/2026:07:01:45 +0000] "POST /wp-cron.php?doing_wp_cron=1773817305.1070559024810791015625 HTTP/1.1" 200 - "https://69b4844ae61d4e92bf26ad98af552775-devsite.readyship.co/wp-cron.php?doing_wp_cron=1773817305.1070559024810791015625" "WordPress/5.1.19; https://69b4844ae61d4e92bf26ad98af552775-devsite.readyship.co"
64.252.74.218 - - [18/Mar/2026:07:01:44 +0000] "GET /?feed=rss2&p=91930 HTTP/1.1" 200 521 "-" "Amazon CloudFront"
15.158.215.109 - - [18/Mar/2026:07:03:19 +0000] "POST /wp-cron.php?doing_wp_cron=1773817399.0397489070892333984375 HTTP/1.1" 200 - "https://69b4844ae61d4e92bf26ad98af552775-devsite.readyship.co/wp-cron.php?doing_wp_cron=1773817399.0397489070892333984375" "WordPress/5.1.19; https://69b4844ae61d4e92bf26ad98af552775-devsite.readyship.co"
15.158.211.104 - - [18/Mar/2026:07:03:18 +0000] "POST /xmlrpc.php HTTP/1.1" 200 403 "-" "Mozilla/5.0 (Windows NT 10.0; Win64; x64) AppleWebKit/537.36 (KHTML, like Gecko) Chrome/114.0.0.0 Safari/537.36"
15.158.211.104 - - [18/Mar/2026:07:03:20 +0000] "POST /xmlrpc.php HTTP/1.1" 200 403 "-" "Mozilla/5.0 (Windows NT 10.0; Win64; x64) AppleWebKit/537.36 (KHTML, like Gecko) Chrome/114.0.0.0 Safari/537.36"
15.158.215.109 - - [18/Mar/2026:07:04:39 +0000] "POST /wp-cron.php?doing_wp_cron=1773817479.0950639247894287109375 HTTP/1.1" 200 - "https://69b4844ae61d4e92bf26ad98af552775-devsite.readyship.co/wp-cron.php?doing_wp_cron=1773817479.0950639247894287109375" "WordPress/5.1.19; https://69b4844ae61d4e92bf26ad98af552775-devsite.readyship.co"
64.252.76.215 - - [18/Mar/2026:07:04:38 +0000] "GET /?feed=rss2&p=91922 HTTP/1.1" 200 537 "-" "Amazon CloudFront"
64.252.74.218 - - [18/Mar/2026:07:04:56 +0000] "GET /?feed=rss2&p=91938 HTTP/1.1" 200 526 "-" "Amazon CloudFront"
64.252.75.159 - - [18/Mar/2026:07:04:56 +0000] "GET /?feed=rss2&p=91940 HTTP/1.1" 200 506 "-" "Amazon CloudFront"
15.158.215.109 - - [18/Mar/2026:07:06:04 +0000] "POST /wp-cron.php?doing_wp_cron=1773817564.0245730876922607421875 HTTP/1.1" 200 - "https://69b4844ae61d4e92bf26ad98af552775-devsite.readyship.co/wp-cron.php?doing_wp_cron=1773817564.0245730876922607421875" "WordPress/5.1.19; https://69b4844ae61d4e92bf26ad98af552775-devsite.readyship.co"
64.252.76.215 - - [18/Mar/2026:07:06:04 +0000] "GET /?feed=rss2&p=91928 HTTP/1.1" 200 514 "-" "Amazon CloudFront"
64.252.74.218 - - [18/Mar/2026:07:06:03 +0000] "GET /?feed=rss2&p=91936 HTTP/1.1" 200 490 "-" "Amazon CloudFront"
64.252.76.215 - - [18/Mar/2026:07:06:19 +0000] "GET /?feed=rss2&p=91934 HTTP/1.1" 200 552 "-" "Amazon CloudFront"
15.158.215.109 - - [18/Mar/2026:07:07:28 +0000] "POST /wp-cron.php?doing_wp_cron=1773817648.5975580215454101562500 HTTP/1.1" 200 - "https://69b4844ae61d4e92bf26ad98af552775-devsite.readyship.co/wp-cron.php?doing_wp_cron=1773817648.5975580215454101562500" "WordPress/5.1.19; https://69b4844ae61d4e92bf26ad98af552775-devsite.readyship.co"
15.158.219.67 - - [18/Mar/2026:07:07:28 +0000] "POST /?page_id=2806 HTTP/1.1" 200 10760 "-" "Amazon CloudFront"
15.158.219.67 - - [18/Mar/2026:07:07:30 +0000] "GET /xmlrpc.php HTTP/1.1" 405 60 "https://69b4844ae61d4e92bf26ad98af552775-devsite.readyship.co" "Mozilla/5.0 (Windows NT 6.3; Win64; x64) AppleWebKit/537.36 (KHTML, like Gecko) Chrome/103.0.0.0 Safari/537.36"
15.158.219.67 - - [18/Mar/2026:07:07:31 +0000] "POST /xmlrpc.php HTTP/1.1" 200 206 "https://69b4844ae61d4e92bf26ad98af552775-devsite.readyship.co/xmlrpc.php" "Mozilla/5.0 (Windows NT 6.3; Win64; x64) AppleWebKit/537.36 (KHTML, like Gecko) Chrome/103.0.0.0 Safari/537.36"
15.158.219.67 - - [18/Mar/2026:07:07:32 +0000] "POST /xmlrpc.php HTTP/1.1" 200 206 "https://69b4844ae61d4e92bf26ad98af552775-devsite.readyship.co/xmlrpc.php" "Mozilla/5.0 (Windows NT 6.3; Win64; x64) AppleWebKit/537.36 (KHTML, like Gecko) Chrome/103.0.0.0 Safari/537.36"
64.252.89.111 - - [18/Mar/2026:07:07:33 +0000] "GET / HTTP/1.1" 200 26084 "-" "Amazon CloudFront"
64.252.89.111 - - [18/Mar/2026:07:07:37 +0000] "GET /?page_id=2806 HTTP/1.1" 200 10539 "-" "Amazon CloudFront"
15.158.219.67 - - [18/Mar/2026:07:07:39 +0000] "GET /wp-admin/edit-tags.php?taxonomy=category HTTP/1.1" 302 - "https://69b4844ae61d4e92bf26ad98af552775-devsite.readyship.co/?page_id=2806" "Mozilla/5.0 (Windows NT 6.3; Win64; x64) AppleWebKit/537.36 (KHTML, like Gecko) Chrome/103.0.0.0 Safari/537.36"
15.158.219.67 - - [18/Mar/2026:07:07:40 +0000] "GET /wp-login.php?redirect_to=https%3A%2F%2F69b4844ae61d4e92bf26ad98af552775-devsite.readyship.co%2Fwp-admin%2Fedit-tags.php%3Ftaxonomy%3Dcategory&reauth=1 HTTP/1.1" 200 1206 "https://69b4844ae61d4e92bf26ad98af552775-devsite.readyship.co/wp-admin/edit-tags.php?taxonomy=category" "Mozilla/5.0 (Windows NT 6.3; Win64; x64) AppleWebKit/537.36 (KHTML, like Gecko) Chrome/103.0.0.0 Safari/537.36"
64.252.74.218 - - [18/Mar/2026:07:07:51 +0000] "GET /?feed=rss2&p=91924 HTTP/1.1" 200 513 "-" "Amazon CloudFront"
64.252.74.218 - - [18/Mar/2026:07:08:12 +0000] "GET /?feed=rss2&p=91926 HTTP/1.1" 200 549 "-" "Amazon CloudFront"
64.252.75.159 - - [18/Mar/2026:07:08:12 +0000] "GET /?feed=rss2&p=91932 HTTP/1.1" 200 526 "-" "Amazon CloudFront"
15.158.215.109 - - [18/Mar/2026:07:10:09 +0000] "POST /wp-cron.php?doing_wp_cron=1773817809.8542909622192382812500 HTTP/1.1" 200 - "https://69b4844ae61d4e92bf26ad98af552775-devsite.readyship.co/wp-cron.php?doing_wp_cron=1773817809.8542909622192382812500" "WordPress/5.1.19; https://69b4844ae61d4e92bf26ad98af552775-devsite.readyship.co"
64.252.68.139 - - [18/Mar/2026:07:10:09 +0000] "GET /?p=39541 HTTP/1.1" 200 16707 "-" "Amazon CloudFront"
64.252.74.218 - - [18/Mar/2026:07:13:49 +0000] "GET /?p=91889 HTTP/1.1" 200 25604 "-" "Amazon CloudFront"
15.158.215.109 - - [18/Mar/2026:07:13:49 +0000] "POST /wp-cron.php?doing_wp_cron=1773818029.3688490390777587890625 HTTP/1.1" 200 - "https://69b4844ae61d4e92bf26ad98af552775-devsite.readyship.co/wp-cron.php?doing_wp_cron=1773818029.3688490390777587890625" "WordPress/5.1.19; https://69b4844ae61d4e92bf26ad98af552775-devsite.readyship.co"
64.252.75.159 - - [18/Mar/2026:07:13:49 +0000] "GET /?p=91897 HTTP/1.1" 200 17233 "-" "Amazon CloudFront"
64.252.75.159 - - [18/Mar/2026:07:14:18 +0000] "GET /?p=91883 HTTP/1.1" 200 17672 "-" "Amazon CloudFront"
64.252.75.159 - - [18/Mar/2026:07:14:18 +0000] "GET /?p=91891 HTTP/1.1" 200 18391 "-" "Amazon CloudFront"
15.158.215.109 - - [18/Mar/2026:07:14:51 +0000] "POST /wp-cron.php?doing_wp_cron=1773818091.5111520290374755859375 HTTP/1.1" 200 - "https://69b4844ae61d4e92bf26ad98af552775-devsite.readyship.co/wp-cron.php?doing_wp_cron=1773818091.5111520290374755859375" "WordPress/5.1.19; https://69b4844ae61d4e92bf26ad98af552775-devsite.readyship.co"
64.252.74.218 - - [18/Mar/2026:07:14:51 +0000] "GET /?p=91885 HTTP/1.1" 200 19554 "-" "Amazon CloudFront"
64.252.76.215 - - [18/Mar/2026:07:14:51 +0000] "GET /?p=91887 HTTP/1.1" 200 17350 "-" "Amazon CloudFront"
64.252.75.159 - - [18/Mar/2026:07:15:06 +0000] "GET /?p=16075 HTTP/1.1" 200 15858 "-" "Amazon CloudFront"
64.252.74.218 - - [18/Mar/2026:07:15:06 +0000] "GET /?p=91895 HTTP/1.1" 200 17413 "-" "Amazon CloudFront"
15.158.215.109 - - [18/Mar/2026:07:15:22 +0000] "POST /wp-cron.php?doing_wp_cron=1773818122.6270380020141601562500 HTTP/1.1" 200 - "https://69b4844ae61d4e92bf26ad98af552775-devsite.readyship.co/wp-cron.php?doing_wp_cron=1773818122.6270380020141601562500" "WordPress/5.1.19; https://69b4844ae61d4e92bf26ad98af552775-devsite.readyship.co"
64.252.74.218 - - [18/Mar/2026:07:15:22 +0000] "GET /?feed=rss2&p=16063 HTTP/1.1" 200 525 "-" "Amazon CloudFront"
64.252.75.159 - - [18/Mar/2026:07:15:58 +0000] "GET /?feed=rss2&p=16055 HTTP/1.1" 200 520 "-" "Amazon CloudFront"
64.252.74.218 - - [18/Mar/2026:07:15:58 +0000] "GET /?feed=rss2&p=32854 HTTP/1.1" 200 533 "-" "Amazon CloudFront"
15.158.215.109 - - [18/Mar/2026:07:16:34 +0000] "POST /wp-cron.php?doing_wp_cron=1773818194.5962700843811035156250 HTTP/1.1" 200 - "https://69b4844ae61d4e92bf26ad98af552775-devsite.readyship.co/wp-cron.php?doing_wp_cron=1773818194.5962700843811035156250" "WordPress/5.1.19; https://69b4844ae61d4e92bf26ad98af552775-devsite.readyship.co"
64.252.76.215 - - [18/Mar/2026:07:16:34 +0000] "GET /?cat=1&paged=248 HTTP/1.1" 200 12743 "-" "Amazon CloudFront"
64.252.76.215 - - [18/Mar/2026:07:16:34 +0000] "GET /?page_id=2807&paged=4320 HTTP/1.1" 200 12579 "-" "Amazon CloudFront"
64.252.68.102 - - [18/Mar/2026:07:16:52 +0000] "GET /?p=43096 HTTP/1.1" 200 15705 "-" "Amazon CloudFront"
64.252.75.159 - - [18/Mar/2026:07:17:00 +0000] "GET /?page_id=2807&paged=4321 HTTP/1.1" 200 12594 "-" "Amazon CloudFront"
15.158.215.109 - - [18/Mar/2026:07:17:29 +0000] "POST /wp-cron.php?doing_wp_cron=1773818249.9124920368194580078125 HTTP/1.1" 200 - "https://69b4844ae61d4e92bf26ad98af552775-devsite.readyship.co/wp-cron.php?doing_wp_cron=1773818249.9124920368194580078125" "WordPress/5.1.19; https://69b4844ae61d4e92bf26ad98af552775-devsite.readyship.co"
15.158.215.109 - - [18/Mar/2026:07:17:29 +0000] "POST /wp-cron.php?doing_wp_cron=1773818249.9164490699768066406250 HTTP/1.1" 200 - "https://69b4844ae61d4e92bf26ad98af552775-devsite.readyship.co/wp-cron.php?doing_wp_cron=1773818249.9164490699768066406250" "WordPress/5.1.19; https://69b4844ae61d4e92bf26ad98af552775-devsite.readyship.co"
64.252.74.218 - - [18/Mar/2026:07:17:29 +0000] "GET /?feed=rss2&p=16065 HTTP/1.1" 200 490 "-" "Amazon CloudFront"
64.252.74.218 - - [18/Mar/2026:07:17:29 +0000] "GET /?feed=rss2&p=16067 HTTP/1.1" 200 541 "-" "Amazon CloudFront"
64.252.74.218 - - [18/Mar/2026:07:18:27 +0000] "GET /?feed=rss2&p=16061 HTTP/1.1" 200 500 "-" "Amazon CloudFront"
15.158.215.109 - - [18/Mar/2026:07:18:27 +0000] "POST /wp-cron.php?doing_wp_cron=1773818307.2626509666442871093750 HTTP/1.1" 200 - "https://69b4844ae61d4e92bf26ad98af552775-devsite.readyship.co/wp-cron.php?doing_wp_cron=1773818307.2626509666442871093750" "WordPress/5.1.19; https://69b4844ae61d4e92bf26ad98af552775-devsite.readyship.co"
64.252.74.218 - - [18/Mar/2026:07:18:26 +0000] "GET /?feed=rss2&p=16053 HTTP/1.1" 200 505 "-" "Amazon CloudFront"
64.252.75.159 - - [18/Mar/2026:07:19:03 +0000] "GET /?feed=rss2&p=16021 HTTP/1.1" 200 528 "-" "Amazon CloudFront"
64.252.75.159 - - [18/Mar/2026:07:19:03 +0000] "GET /?feed=rss2&p=16051 HTTP/1.1" 200 492 "-" "Amazon CloudFront"
64.252.74.218 - - [18/Mar/2026:07:19:12 +0000] "GET /?p=91893 HTTP/1.1" 200 18783 "-" "Amazon CloudFront"
64.252.74.218 - - [18/Mar/2026:07:19:12 +0000] "GET /?p=16081 HTTP/1.1" 200 15653 "-" "Amazon CloudFront"
64.252.75.159 - - [18/Mar/2026:07:19:39 +0000] "GET /?feed=rss2&p=16057 HTTP/1.1" 200 520 "-" "Amazon CloudFront"
15.158.215.109 - - [18/Mar/2026:07:19:40 +0000] "POST /wp-cron.php?doing_wp_cron=1773818380.1594998836517333984375 HTTP/1.1" 200 - "https://69b4844ae61d4e92bf26ad98af552775-devsite.readyship.co/wp-cron.php?doing_wp_cron=1773818380.1594998836517333984375" "WordPress/5.1.19; https://69b4844ae61d4e92bf26ad98af552775-devsite.readyship.co"
64.252.76.174 - - [18/Mar/2026:07:19:39 +0000] "GET /?feed=rss2&p=16069 HTTP/1.1" 200 492 "-" "Amazon CloudFront"
15.158.215.109 - - [18/Mar/2026:07:20:31 +0000] "POST /wp-cron.php?doing_wp_cron=1773818431.3588440418243408203125 HTTP/1.1" 200 - "https://69b4844ae61d4e92bf26ad98af552775-devsite.readyship.co/wp-cron.php?doing_wp_cron=1773818431.3588440418243408203125" "WordPress/5.1.19; https://69b4844ae61d4e92bf26ad98af552775-devsite.readyship.co"
64.252.74.218 - - [18/Mar/2026:07:20:31 +0000] "GET /?p=91903 HTTP/1.1" 200 19154 "-" "Amazon CloudFront"
64.252.75.159 - - [18/Mar/2026:07:20:31 +0000] "GET /?p=32852 HTTP/1.1" 200 19404 "-" "Amazon CloudFront"
64.252.76.174 - - [18/Mar/2026:07:20:36 +0000] "GET /?feed=rss2&p=16059 HTTP/1.1" 200 518 "-" "Amazon CloudFront"
64.252.76.174 - - [18/Mar/2026:07:20:36 +0000] "GET /?p=91881 HTTP/1.1" 200 18429 "-" "Amazon CloudFront"
64.252.69.246 - - [18/Mar/2026:07:20:44 +0000] "GET /?p=88300 HTTP/1.1" 200 22918 "-" "Amazon CloudFront"
64.252.68.102 - - [18/Mar/2026:07:21:15 +0000] "GET /?p=10147 HTTP/1.1" 200 15510 "-" "Amazon CloudFront"
15.158.215.109 - - [18/Mar/2026:07:28:35 +0000] "POST /wp-cron.php?doing_wp_cron=1773818915.3230459690093994140625 HTTP/1.1" 200 - "https://69b4844ae61d4e92bf26ad98af552775-devsite.readyship.co/wp-cron.php?doing_wp_cron=1773818915.3230459690093994140625" "WordPress/5.1.19; https://69b4844ae61d4e92bf26ad98af552775-devsite.readyship.co"
64.252.68.102 - - [18/Mar/2026:07:28:28 +0000] "GET /?p=6560 HTTP/1.1" 200 22611 "-" "Amazon CloudFront"
64.252.126.48 - - [18/Mar/2026:07:29:10 +0000] "GET / HTTP/1.1" 200 26096 "-" "Amazon CloudFront"
15.158.215.109 - - [18/Mar/2026:07:33:36 +0000] "POST /wp-cron.php?doing_wp_cron=1773819215.9886989593505859375000 HTTP/1.1" 200 - "https://69b4844ae61d4e92bf26ad98af552775-devsite.readyship.co/wp-cron.php?doing_wp_cron=1773819215.9886989593505859375000" "WordPress/5.1.19; https://69b4844ae61d4e92bf26ad98af552775-devsite.readyship.co"
15.158.211.104 - - [18/Mar/2026:07:33:35 +0000] "POST /xmlrpc.php HTTP/1.1" 200 403 "-" "Mozilla/5.0 (Windows NT 10.0; Win64; x64) AppleWebKit/537.36 (KHTML, like Gecko) Chrome/114.0.0.0 Safari/537.36"
15.158.211.104 - - [18/Mar/2026:07:33:39 +0000] "POST /xmlrpc.php HTTP/1.1" 200 403 "-" "Mozilla/5.0 (Windows NT 10.0; Win64; x64) AppleWebKit/537.36 (KHTML, like Gecko) Chrome/114.0.0.0 Safari/537.36"
64.252.68.102 - - [18/Mar/2026:07:34:09 +0000] "GET /?healthcheck_timestamp=1773819046930 HTTP/1.1" 200 181515 "-" "Amazon CloudFront"
15.158.215.109 - - [18/Mar/2026:07:34:41 +0000] "POST /wp-cron.php?doing_wp_cron=1773819281.3909459114074707031250 HTTP/1.1" 200 - "https://69b4844ae61d4e92bf26ad98af552775-devsite.readyship.co/wp-cron.php?doing_wp_cron=1773819281.3909459114074707031250" "WordPress/5.1.19; https://69b4844ae61d4e92bf26ad98af552775-devsite.readyship.co"
3.172.10.105 - - [18/Mar/2026:07:34:41 +0000] "POST /xmlrpc.php HTTP/1.1" 200 206 "https://69b4844ae61d4e92bf26ad98af552775-devsite.readyship.co/?p=23378" "PHP/6.2.42"
15.158.215.109 - - [18/Mar/2026:07:37:40 +0000] "POST /wp-cron.php?doing_wp_cron=1773819460.7697849273681640625000 HTTP/1.1" 200 - "https://69b4844ae61d4e92bf26ad98af552775-devsite.readyship.co/wp-cron.php?doing_wp_cron=1773819460.7697849273681640625000" "WordPress/5.1.19; https://69b4844ae61d4e92bf26ad98af552775-devsite.readyship.co"
64.252.74.218 - - [18/Mar/2026:07:37:40 +0000] "GET /?p=38686 HTTP/1.1" 200 19038 "-" "Amazon CloudFront"
64.252.76.174 - - [18/Mar/2026:07:37:40 +0000] "GET /?p=16093 HTTP/1.1" 200 15534 "-" "Amazon CloudFront"
64.252.76.174 - - [18/Mar/2026:07:37:49 +0000] "GET /?p=16095 HTTP/1.1" 200 15873 "-" "Amazon CloudFront"
64.252.76.174 - - [18/Mar/2026:07:37:49 +0000] "GET /?p=16097 HTTP/1.1" 200 16461 "-" "Amazon CloudFront"
64.252.66.156 - - [18/Mar/2026:07:38:01 +0000] "GET /?p=61802 HTTP/1.1" 200 15975 "-" "Amazon CloudFront"
15.158.215.109 - - [18/Mar/2026:07:38:51 +0000] "POST /wp-cron.php?doing_wp_cron=1773819531.5190639495849609375000 HTTP/1.1" 200 - "https://69b4844ae61d4e92bf26ad98af552775-devsite.readyship.co/wp-cron.php?doing_wp_cron=1773819531.5190639495849609375000" "WordPress/5.1.19; https://69b4844ae61d4e92bf26ad98af552775-devsite.readyship.co"
64.252.74.218 - - [18/Mar/2026:07:38:51 +0000] "GET /?p=16091 HTTP/1.1" 200 15754 "-" "Amazon CloudFront"
64.252.76.174 - - [18/Mar/2026:07:38:51 +0000] "GET /?p=16109 HTTP/1.1" 200 15762 "-" "Amazon CloudFront"
15.158.215.109 - - [18/Mar/2026:07:39:31 +0000] "POST /wp-cron.php?doing_wp_cron=1773819571.3485639095306396484375 HTTP/1.1" 200 - "https://69b4844ae61d4e92bf26ad98af552775-devsite.readyship.co/wp-cron.php?doing_wp_cron=1773819571.3485639095306396484375" "WordPress/5.1.19; https://69b4844ae61d4e92bf26ad98af552775-devsite.readyship.co"
64.252.75.159 - - [18/Mar/2026:07:39:31 +0000] "GET /?p=16106 HTTP/1.1" 200 16734 "-" "Amazon CloudFront"
64.252.74.218 - - [18/Mar/2026:07:39:33 +0000] "GET /?p=16105 HTTP/1.1" 200 15706 "-" "Amazon CloudFront"
64.252.74.218 - - [18/Mar/2026:07:40:17 +0000] "GET /?feed=rss2&p=16077 HTTP/1.1" 200 538 "-" "Amazon CloudFront"
15.158.215.109 - - [18/Mar/2026:07:40:59 +0000] "POST /wp-cron.php?doing_wp_cron=1773819659.2550659179687500000000 HTTP/1.1" 200 - "https://69b4844ae61d4e92bf26ad98af552775-devsite.readyship.co/wp-cron.php?doing_wp_cron=1773819659.2550659179687500000000" "WordPress/5.1.19; https://69b4844ae61d4e92bf26ad98af552775-devsite.readyship.co"
64.252.74.218 - - [18/Mar/2026:07:40:58 +0000] "GET /?feed=rss2&p=16083 HTTP/1.1" 200 517 "-" "Amazon CloudFront"
64.252.74.218 - - [18/Mar/2026:07:41:03 +0000] "GET /?feed=rss2&p=16085 HTTP/1.1" 200 525 "-" "Amazon CloudFront"
15.158.215.109 - - [18/Mar/2026:07:41:36 +0000] "POST /wp-cron.php?doing_wp_cron=1773819696.5344820022583007812500 HTTP/1.1" 200 - "https://69b4844ae61d4e92bf26ad98af552775-devsite.readyship.co/wp-cron.php?doing_wp_cron=1773819696.5344820022583007812500" "WordPress/5.1.19; https://69b4844ae61d4e92bf26ad98af552775-devsite.readyship.co"
64.252.76.215 - - [18/Mar/2026:07:41:36 +0000] "GET /?feed=rss2&p=16071 HTTP/1.1" 200 499 "-" "Amazon CloudFront"
64.252.76.215 - - [18/Mar/2026:07:41:50 +0000] "GET /?feed=rss2&p=38688 HTTP/1.1" 200 514 "-" "Amazon CloudFront"
15.158.215.109 - - [18/Mar/2026:07:42:28 +0000] "POST /wp-cron.php?doing_wp_cron=1773819748.0907239913940429687500 HTTP/1.1" 200 - "https://69b4844ae61d4e92bf26ad98af552775-devsite.readyship.co/wp-cron.php?doing_wp_cron=1773819748.0907239913940429687500" "WordPress/5.1.19; https://69b4844ae61d4e92bf26ad98af552775-devsite.readyship.co"
64.252.76.215 - - [18/Mar/2026:07:42:27 +0000] "GET /?feed=rss2&p=16081 HTTP/1.1" 200 519 "-" "Amazon CloudFront"
64.252.75.159 - - [18/Mar/2026:07:42:32 +0000] "GET /?feed=rss2&p=16079 HTTP/1.1" 200 496 "-" "Amazon CloudFront"
64.252.74.218 - - [18/Mar/2026:07:43:03 +0000] "GET /?cat=1&paged=3982 HTTP/1.1" 200 12635 "-" "Amazon CloudFront"
64.252.74.218 - - [18/Mar/2026:07:43:24 +0000] "GET /?feed=rss2&p=16089 HTTP/1.1" 200 520 "-" "Amazon CloudFront"
15.158.215.109 - - [18/Mar/2026:07:43:24 +0000] "POST /wp-cron.php?doing_wp_cron=1773819804.9057300090789794921875 HTTP/1.1" 200 - "https://69b4844ae61d4e92bf26ad98af552775-devsite.readyship.co/wp-cron.php?doing_wp_cron=1773819804.9057300090789794921875" "WordPress/5.1.19; https://69b4844ae61d4e92bf26ad98af552775-devsite.readyship.co"
64.252.74.218 - - [18/Mar/2026:07:43:49 +0000] "GET /?feed=rss2&p=16087 HTTP/1.1" 200 498 "-" "Amazon CloudFront"
64.252.74.218 - - [18/Mar/2026:07:43:54 +0000] "GET /?p=16101 HTTP/1.1" 200 15735 "-" "Amazon CloudFront"
64.252.76.215 - - [18/Mar/2026:07:43:55 +0000] "GET /?p=16099 HTTP/1.1" 200 15468 "-" "Amazon CloudFront"
64.252.74.218 - - [18/Mar/2026:07:44:51 +0000] "GET /?p=16103 HTTP/1.1" 200 15512 "-" "Amazon CloudFront"
15.158.215.109 - - [18/Mar/2026:07:44:51 +0000] "POST /wp-cron.php?doing_wp_cron=1773819891.6261301040649414062500 HTTP/1.1" 200 - "https://69b4844ae61d4e92bf26ad98af552775-devsite.readyship.co/wp-cron.php?doing_wp_cron=1773819891.6261301040649414062500" "WordPress/5.1.19; https://69b4844ae61d4e92bf26ad98af552775-devsite.readyship.co"
64.252.74.218 - - [18/Mar/2026:07:44:51 +0000] "GET /?p=38690 HTTP/1.1" 200 19134 "-" "Amazon CloudFront"
64.252.75.159 - - [18/Mar/2026:07:44:57 +0000] "GET /?feed=rss2&p=16073 HTTP/1.1" 200 517 "-" "Amazon CloudFront"
15.158.215.109 - - [18/Mar/2026:07:46:04 +0000] "POST /wp-cron.php?doing_wp_cron=1773819964.4937660694122314453125 HTTP/1.1" 200 - "https://69b4844ae61d4e92bf26ad98af552775-devsite.readyship.co/wp-cron.php?doing_wp_cron=1773819964.4937660694122314453125" "WordPress/5.1.19; https://69b4844ae61d4e92bf26ad98af552775-devsite.readyship.co"
64.252.66.156 - - [18/Mar/2026:07:46:04 +0000] "GET /?p=81942 HTTP/1.1" 200 15724 "-" "Amazon CloudFront"
15.158.215.109 - - [18/Mar/2026:07:46:46 +0000] "POST /wp-cron.php?doing_wp_cron=1773820006.1030449867248535156250 HTTP/1.1" 200 - "https://69b4844ae61d4e92bf26ad98af552775-devsite.readyship.co/wp-cron.php?doing_wp_cron=1773820006.1030449867248535156250" "WordPress/5.1.19; https://69b4844ae61d4e92bf26ad98af552775-devsite.readyship.co"
64.252.74.218 - - [18/Mar/2026:07:46:45 +0000] "GET /?p=25992 HTTP/1.1" 200 22612 "-" "Amazon CloudFront"
15.158.215.109 - - [18/Mar/2026:07:48:05 +0000] "POST /wp-cron.php?doing_wp_cron=1773820085.0941410064697265625000 HTTP/1.1" 200 - "https://69b4844ae61d4e92bf26ad98af552775-devsite.readyship.co/wp-cron.php?doing_wp_cron=1773820085.0941410064697265625000" "WordPress/5.1.19; https://69b4844ae61d4e92bf26ad98af552775-devsite.readyship.co"
64.252.74.218 - - [18/Mar/2026:07:48:04 +0000] "GET /?feed=rss2&p=25990 HTTP/1.1" 200 544 "-" "Amazon CloudFront"
15.158.215.109 - - [18/Mar/2026:07:50:56 +0000] "POST /wp-cron.php?doing_wp_cron=1773820256.1830689907073974609375 HTTP/1.1" 200 - "https://69b4844ae61d4e92bf26ad98af552775-devsite.readyship.co/wp-cron.php?doing_wp_cron=1773820256.1830689907073974609375" "WordPress/5.1.19; https://69b4844ae61d4e92bf26ad98af552775-devsite.readyship.co"
18.68.51.43 - - [18/Mar/2026:07:50:55 +0000] "POST / HTTP/1.1" 200 25721 "-" "Amazon CloudFront"
15.158.215.109 - - [18/Mar/2026:07:53:00 +0000] "POST /wp-cron.php?doing_wp_cron=1773820380.3690419197082519531250 HTTP/1.1" 200 - "https://69b4844ae61d4e92bf26ad98af552775-devsite.readyship.co/wp-cron.php?doing_wp_cron=1773820380.3690419197082519531250" "WordPress/5.1.19; https://69b4844ae61d4e92bf26ad98af552775-devsite.readyship.co"
64.252.74.218 - - [18/Mar/2026:07:52:59 +0000] "GET /?p=16115 HTTP/1.1" 200 15380 "-" "Amazon CloudFront"
64.252.74.218 - - [18/Mar/2026:07:53:04 +0000] "GET /?p=16119 HTTP/1.1" 200 15805 "-" "Amazon CloudFront"
64.252.74.218 - - [18/Mar/2026:07:54:47 +0000] "GET /?feed=rss2&p=16075 HTTP/1.1" 200 531 "-" "Amazon CloudFront"
15.158.215.109 - - [18/Mar/2026:07:54:47 +0000] "POST /wp-cron.php?doing_wp_cron=1773820487.5030119419097900390625 HTTP/1.1" 200 - "https://69b4844ae61d4e92bf26ad98af552775-devsite.readyship.co/wp-cron.php?doing_wp_cron=1773820487.5030119419097900390625" "WordPress/5.1.19; https://69b4844ae61d4e92bf26ad98af552775-devsite.readyship.co"
64.252.76.215 - - [18/Mar/2026:07:54:58 +0000] "GET /?p=16131 HTTP/1.1" 200 15612 "-" "Amazon CloudFront"
15.158.215.109 - - [18/Mar/2026:07:56:10 +0000] "POST /wp-cron.php?doing_wp_cron=1773820570.6327509880065917968750 HTTP/1.1" 200 - "https://69b4844ae61d4e92bf26ad98af552775-devsite.readyship.co/wp-cron.php?doing_wp_cron=1773820570.6327509880065917968750" "WordPress/5.1.19; https://69b4844ae61d4e92bf26ad98af552775-devsite.readyship.co"
64.252.75.159 - - [18/Mar/2026:07:56:10 +0000] "GET /?p=16123 HTTP/1.1" 200 15518 "-" "Amazon CloudFront"
64.252.74.218 - - [18/Mar/2026:07:56:15 +0000] "GET /?cat=1&paged=3981 HTTP/1.1" 200 12732 "-" "Amazon CloudFront"
15.158.215.109 - - [18/Mar/2026:07:56:26 +0000] "POST /wp-cron.php?doing_wp_cron=1773820586.3965160846710205078125 HTTP/1.1" 200 - "https://69b4844ae61d4e92bf26ad98af552775-devsite.readyship.co/wp-cron.php?doing_wp_cron=1773820586.3965160846710205078125" "WordPress/5.1.19; https://69b4844ae61d4e92bf26ad98af552775-devsite.readyship.co"
64.252.75.159 - - [18/Mar/2026:07:56:26 +0000] "GET /?p=16111 HTTP/1.1" 200 15647 "-" "Amazon CloudFront"
64.252.75.159 - - [18/Mar/2026:07:56:26 +0000] "GET /?p=16125 HTTP/1.1" 200 15343 "-" "Amazon CloudFront"
64.252.76.215 - - [18/Mar/2026:07:56:31 +0000] "GET /?p=16117 HTTP/1.1" 200 15575 "-" "Amazon CloudFront"
64.252.76.215 - - [18/Mar/2026:07:57:02 +0000] "GET /?p=16113 HTTP/1.1" 200 15248 "-" "Amazon CloudFront"
15.158.215.109 - - [18/Mar/2026:07:57:33 +0000] "POST /wp-cron.php?doing_wp_cron=1773820653.1770820617675781250000 HTTP/1.1" 200 - "https://69b4844ae61d4e92bf26ad98af552775-devsite.readyship.co/wp-cron.php?doing_wp_cron=1773820653.1770820617675781250000" "WordPress/5.1.19; https://69b4844ae61d4e92bf26ad98af552775-devsite.readyship.co"
64.252.75.159 - - [18/Mar/2026:07:57:32 +0000] "GET /?feed=rss2&p=79961 HTTP/1.1" 200 535 "-" "Amazon CloudFront"
64.252.76.215 - - [18/Mar/2026:07:58:09 +0000] "GET /?p=79963 HTTP/1.1" 200 18808 "-" "Amazon CloudFront"
64.252.76.215 - - [18/Mar/2026:07:58:19 +0000] "GET /?p=16121 HTTP/1.1" 200 15958 "-" "Amazon CloudFront"
15.158.215.109 - - [18/Mar/2026:08:00:02 +0000] "POST /wp-cron.php?doing_wp_cron=1773820802.7494471073150634765625 HTTP/1.1" 200 - "https://69b4844ae61d4e92bf26ad98af552775-devsite.readyship.co/wp-cron.php?doing_wp_cron=1773820802.7494471073150634765625" "WordPress/5.1.19; https://69b4844ae61d4e92bf26ad98af552775-devsite.readyship.co"
64.252.74.218 - - [18/Mar/2026:08:00:02 +0000] "GET /?p=16127 HTTP/1.1" 200 15580 "-" "Amazon CloudFront"
15.158.215.109 - - [18/Mar/2026:08:02:26 +0000] "POST /wp-cron.php?doing_wp_cron=1773820946.3740680217742919921875 HTTP/1.1" 200 - "https://69b4844ae61d4e92bf26ad98af552775-devsite.readyship.co/wp-cron.php?doing_wp_cron=1773820946.3740680217742919921875" "WordPress/5.1.19; https://69b4844ae61d4e92bf26ad98af552775-devsite.readyship.co"
64.252.74.218 - - [18/Mar/2026:08:02:26 +0000] "GET /?feed=rss2&p=26835 HTTP/1.1" 200 503 "-" "Amazon CloudFront"
64.252.75.159 - - [18/Mar/2026:08:02:32 +0000] "GET /?p=26833 HTTP/1.1" 200 19237 "-" "Amazon CloudFront"
15.158.215.109 - - [18/Mar/2026:08:03:48 +0000] "POST /wp-cron.php?doing_wp_cron=1773821028.6745209693908691406250 HTTP/1.1" 200 - "https://69b4844ae61d4e92bf26ad98af552775-devsite.readyship.co/wp-cron.php?doing_wp_cron=1773821028.6745209693908691406250" "WordPress/5.1.19; https://69b4844ae61d4e92bf26ad98af552775-devsite.readyship.co"
15.158.211.104 - - [18/Mar/2026:08:03:48 +0000] "POST /xmlrpc.php HTTP/1.1" 200 403 "-" "Mozilla/5.0 (Windows NT 10.0; Win64; x64) AppleWebKit/537.36 (KHTML, like Gecko) Chrome/114.0.0.0 Safari/537.36"
15.158.211.104 - - [18/Mar/2026:08:03:50 +0000] "POST /xmlrpc.php HTTP/1.1" 200 403 "-" "Mozilla/5.0 (Windows NT 10.0; Win64; x64) AppleWebKit/537.36 (KHTML, like Gecko) Chrome/114.0.0.0 Safari/537.36"
15.158.215.109 - - [18/Mar/2026:08:06:13 +0000] "POST /wp-cron.php?doing_wp_cron=1773821173.6955070495605468750000 HTTP/1.1" 200 - "https://69b4844ae61d4e92bf26ad98af552775-devsite.readyship.co/wp-cron.php?doing_wp_cron=1773821173.6955070495605468750000" "WordPress/5.1.19; https://69b4844ae61d4e92bf26ad98af552775-devsite.readyship.co"
64.252.74.218 - - [18/Mar/2026:08:06:13 +0000] "GET /?p=91871 HTTP/1.1" 200 15871 "-" "Amazon CloudFront"
64.252.76.215 - - [18/Mar/2026:08:06:13 +0000] "GET /?p=91863 HTTP/1.1" 200 19043 "-" "Amazon CloudFront"
15.158.215.109 - - [18/Mar/2026:08:07:15 +0000] "POST /wp-cron.php?doing_wp_cron=1773821235.7521159648895263671875 HTTP/1.1" 200 - "https://69b4844ae61d4e92bf26ad98af552775-devsite.readyship.co/wp-cron.php?doing_wp_cron=1773821235.7521159648895263671875" "WordPress/5.1.19; https://69b4844ae61d4e92bf26ad98af552775-devsite.readyship.co"
64.252.75.159 - - [18/Mar/2026:08:07:15 +0000] "GET /?p=91869 HTTP/1.1" 200 18647 "-" "Amazon CloudFront"
64.252.76.215 - - [18/Mar/2026:08:07:15 +0000] "GET /?p=91867 HTTP/1.1" 200 24564 "-" "Amazon CloudFront"
64.252.75.159 - - [18/Mar/2026:08:07:21 +0000] "GET /?p=91861 HTTP/1.1" 200 16970 "-" "Amazon CloudFront"
15.158.215.109 - - [18/Mar/2026:08:07:57 +0000] "POST /wp-cron.php?doing_wp_cron=1773821277.1339309215545654296875 HTTP/1.1" 200 - "https://69b4844ae61d4e92bf26ad98af552775-devsite.readyship.co/wp-cron.php?doing_wp_cron=1773821277.1339309215545654296875" "WordPress/5.1.19; https://69b4844ae61d4e92bf26ad98af552775-devsite.readyship.co"
64.252.68.102 - - [18/Mar/2026:08:07:56 +0000] "GET /?cat=1&paged=4114 HTTP/1.1" 200 12481 "-" "Amazon CloudFront"
15.158.215.109 - - [18/Mar/2026:08:08:58 +0000] "POST /wp-cron.php?doing_wp_cron=1773821338.8938829898834228515625 HTTP/1.1" 200 - "https://69b4844ae61d4e92bf26ad98af552775-devsite.readyship.co/wp-cron.php?doing_wp_cron=1773821338.8938829898834228515625" "WordPress/5.1.19; https://69b4844ae61d4e92bf26ad98af552775-devsite.readyship.co"
64.252.74.218 - - [18/Mar/2026:08:08:58 +0000] "GET /?feed=rss2&p=91920 HTTP/1.1" 200 506 "-" "Amazon CloudFront"
64.252.76.215 - - [18/Mar/2026:08:09:03 +0000] "GET /?feed=rss2&p=91901 HTTP/1.1" 200 499 "-" "Amazon CloudFront"
64.252.76.215 - - [18/Mar/2026:08:09:12 +0000] "GET /?feed=rss2&p=91899 HTTP/1.1" 200 566 "-" "Amazon CloudFront"
15.158.215.109 - - [18/Mar/2026:08:09:39 +0000] "POST /wp-cron.php?doing_wp_cron=1773821379.3463759422302246093750 HTTP/1.1" 200 - "https://69b4844ae61d4e92bf26ad98af552775-devsite.readyship.co/wp-cron.php?doing_wp_cron=1773821379.3463759422302246093750" "WordPress/5.1.19; https://69b4844ae61d4e92bf26ad98af552775-devsite.readyship.co"
64.252.74.218 - - [18/Mar/2026:08:09:38 +0000] "GET /?feed=rss2&p=91907 HTTP/1.1" 200 513 "-" "Amazon CloudFront"
64.252.76.215 - - [18/Mar/2026:08:09:45 +0000] "GET /?feed=rss2&p=91918 HTTP/1.1" 200 525 "-" "Amazon CloudFront"
15.158.215.109 - - [18/Mar/2026:08:10:25 +0000] "POST /wp-cron.php?doing_wp_cron=1773821425.9524860382080078125000 HTTP/1.1" 200 - "https://69b4844ae61d4e92bf26ad98af552775-devsite.readyship.co/wp-cron.php?doing_wp_cron=1773821425.9524860382080078125000" "WordPress/5.1.19; https://69b4844ae61d4e92bf26ad98af552775-devsite.readyship.co"
64.252.74.218 - - [18/Mar/2026:08:10:25 +0000] "GET /?feed=rss2&p=91916 HTTP/1.1" 200 519 "-" "Amazon CloudFront"
64.252.75.159 - - [18/Mar/2026:08:10:32 +0000] "GET /?feed=rss2&p=91910 HTTP/1.1" 200 515 "-" "Amazon CloudFront"
15.158.215.109 - - [18/Mar/2026:08:11:11 +0000] "POST /wp-cron.php?doing_wp_cron=1773821471.7980151176452636718750 HTTP/1.1" 200 - "https://69b4844ae61d4e92bf26ad98af552775-devsite.readyship.co/wp-cron.php?doing_wp_cron=1773821471.7980151176452636718750" "WordPress/5.1.19; https://69b4844ae61d4e92bf26ad98af552775-devsite.readyship.co"
64.252.76.215 - - [18/Mar/2026:08:11:12 +0000] "GET /?feed=rss2&p=91914 HTTP/1.1" 200 529 "-" "Amazon CloudFront"
64.252.66.156 - - [18/Mar/2026:08:11:11 +0000] "GET /?p=82602 HTTP/1.1" 200 18987 "-" "Amazon CloudFront"
