64.252.86.96 - - [18/Mar/2026:21:59:33 +0000] "GET /?paged=4057&cat=1 HTTP/1.1" 200 11234 "-" "Amazon CloudFront"
64.252.86.96 - - [18/Mar/2026:21:59:36 +0000] "GET /?paged=4211&page_id=2807 HTTP/1.1" 200 11330 "-" "Amazon CloudFront"
64.252.89.111 - - [18/Mar/2026:21:59:38 +0000] "GET /?paged=4212&page_id=2807 HTTP/1.1" 200 11303 "-" "Amazon CloudFront"
15.158.215.109 - - [18/Mar/2026:22:03:52 +0000] "POST /wp-cron.php?doing_wp_cron=1773871432.7455461025238037109375 HTTP/1.1" 200 - "https://69b4844ae61d4e92bf26ad98af552775-devsite.readyship.co/wp-cron.php?doing_wp_cron=1773871432.7455461025238037109375" "WordPress/5.1.19; https://69b4844ae61d4e92bf26ad98af552775-devsite.readyship.co"
64.252.74.61 - - [18/Mar/2026:22:03:52 +0000] "GET /?feed=rss2&p=38706 HTTP/1.1" 200 493 "-" "Amazon CloudFront"
64.252.76.215 - - [18/Mar/2026:22:03:59 +0000] "GET /?p=38708 HTTP/1.1" 200 22764 "-" "Amazon CloudFront"
64.252.74.61 - - [18/Mar/2026:22:17:27 +0000] "GET /?p=26014 HTTP/1.1" 200 17783 "-" "Amazon CloudFront"
15.158.215.109 - - [18/Mar/2026:22:17:34 +0000] "POST /wp-cron.php?doing_wp_cron=1773872254.7288749217987060546875 HTTP/1.1" 200 - "https://69b4844ae61d4e92bf26ad98af552775-devsite.readyship.co/wp-cron.php?doing_wp_cron=1773872254.7288749217987060546875" "WordPress/5.1.19; https://69b4844ae61d4e92bf26ad98af552775-devsite.readyship.co"
64.252.74.218 - - [18/Mar/2026:22:19:05 +0000] "GET /?feed=rss2&p=26012 HTTP/1.1" 200 499 "-" "Amazon CloudFront"
15.158.215.109 - - [18/Mar/2026:22:19:05 +0000] "POST /wp-cron.php?doing_wp_cron=1773872345.6571829319000244140625 HTTP/1.1" 200 - "https://69b4844ae61d4e92bf26ad98af552775-devsite.readyship.co/wp-cron.php?doing_wp_cron=1773872345.6571829319000244140625" "WordPress/5.1.19; https://69b4844ae61d4e92bf26ad98af552775-devsite.readyship.co"
15.158.215.109 - - [18/Mar/2026:22:22:42 +0000] "POST /wp-cron.php?doing_wp_cron=1773872561.9628660678863525390625 HTTP/1.1" 200 - "https://69b4844ae61d4e92bf26ad98af552775-devsite.readyship.co/wp-cron.php?doing_wp_cron=1773872561.9628660678863525390625" "WordPress/5.1.19; https://69b4844ae61d4e92bf26ad98af552775-devsite.readyship.co"
18.68.8.18 - - [18/Mar/2026:22:22:41 +0000] "POST /xmlrpc.php HTTP/1.1" 200 403 "-" "Mozilla/5.0 (Windows NT 10.0; Win64; x64) AppleWebKit/537.36 (KHTML, like Gecko) Chrome/114.0.0.0 Safari/537.36"
18.68.8.18 - - [18/Mar/2026:22:22:43 +0000] "POST /xmlrpc.php HTTP/1.1" 200 403 "-" "Mozilla/5.0 (Windows NT 10.0; Win64; x64) AppleWebKit/537.36 (KHTML, like Gecko) Chrome/114.0.0.0 Safari/537.36"
15.158.215.109 - - [18/Mar/2026:22:24:26 +0000] "POST /wp-cron.php?doing_wp_cron=1773872666.0910210609436035156250 HTTP/1.1" 200 - "https://69b4844ae61d4e92bf26ad98af552775-devsite.readyship.co/wp-cron.php?doing_wp_cron=1773872666.0910210609436035156250" "WordPress/5.1.19; https://69b4844ae61d4e92bf26ad98af552775-devsite.readyship.co"
64.252.74.218 - - [18/Mar/2026:22:24:25 +0000] "GET /?page_id=2807&paged=4302 HTTP/1.1" 200 11277 "-" "Amazon CloudFront"
64.252.74.218 - - [18/Mar/2026:22:24:32 +0000] "GET /?page_id=2807&paged=4303 HTTP/1.1" 200 11311 "-" "Amazon CloudFront"
15.158.215.109 - - [18/Mar/2026:22:30:48 +0000] "POST /wp-cron.php?doing_wp_cron=1773873048.8661739826202392578125 HTTP/1.1" 200 - "https://69b4844ae61d4e92bf26ad98af552775-devsite.readyship.co/wp-cron.php?doing_wp_cron=1773873048.8661739826202392578125" "WordPress/5.1.19; https://69b4844ae61d4e92bf26ad98af552775-devsite.readyship.co"
64.252.74.218 - - [18/Mar/2026:22:30:41 +0000] "GET /?p=26815 HTTP/1.1" 200 15133 "-" "Amazon CloudFront"
15.158.215.109 - - [18/Mar/2026:22:32:05 +0000] "POST /wp-cron.php?doing_wp_cron=1773873125.4402871131896972656250 HTTP/1.1" 200 - "https://69b4844ae61d4e92bf26ad98af552775-devsite.readyship.co/wp-cron.php?doing_wp_cron=1773873125.4402871131896972656250" "WordPress/5.1.19; https://69b4844ae61d4e92bf26ad98af552775-devsite.readyship.co"
64.252.76.215 - - [18/Mar/2026:22:32:05 +0000] "GET /?feed=rss2&p=26817 HTTP/1.1" 200 515 "-" "Amazon CloudFront"
15.158.215.109 - - [18/Mar/2026:22:34:09 +0000] "POST /wp-cron.php?doing_wp_cron=1773873249.5955860614776611328125 HTTP/1.1" 200 - "https://69b4844ae61d4e92bf26ad98af552775-devsite.readyship.co/wp-cron.php?doing_wp_cron=1773873249.5955860614776611328125" "WordPress/5.1.19; https://69b4844ae61d4e92bf26ad98af552775-devsite.readyship.co"
64.252.66.156 - - [18/Mar/2026:22:34:09 +0000] "GET /?healthcheck_timestamp=1773873047260 HTTP/1.1" 200 178917 "-" "Amazon CloudFront"
15.158.215.109 - - [18/Mar/2026:22:47:17 +0000] "POST /wp-cron.php?doing_wp_cron=1773874037.5711040496826171875000 HTTP/1.1" 200 - "https://69b4844ae61d4e92bf26ad98af552775-devsite.readyship.co/wp-cron.php?doing_wp_cron=1773874037.5711040496826171875000" "WordPress/5.1.19; https://69b4844ae61d4e92bf26ad98af552775-devsite.readyship.co"
64.252.76.215 - - [18/Mar/2026:22:47:10 +0000] "GET /?p=16481 HTTP/1.1" 200 17173 "-" "Amazon CloudFront"
15.158.215.109 - - [18/Mar/2026:22:47:33 +0000] "POST /wp-cron.php?doing_wp_cron=1773874053.2027709484100341796875 HTTP/1.1" 200 - "https://69b4844ae61d4e92bf26ad98af552775-devsite.readyship.co/wp-cron.php?doing_wp_cron=1773874053.2027709484100341796875" "WordPress/5.1.19; https://69b4844ae61d4e92bf26ad98af552775-devsite.readyship.co"
64.252.74.218 - - [18/Mar/2026:22:47:32 +0000] "GET /?p=16465 HTTP/1.1" 200 14639 "-" "Amazon CloudFront"
64.252.74.61 - - [18/Mar/2026:22:47:33 +0000] "GET /?p=16485 HTTP/1.1" 200 16317 "-" "Amazon CloudFront"
64.252.74.218 - - [18/Mar/2026:22:47:34 +0000] "GET /?p=16463 HTTP/1.1" 200 14601 "-" "Amazon CloudFront"
15.158.215.109 - - [18/Mar/2026:22:48:42 +0000] "POST /wp-cron.php?doing_wp_cron=1773874122.7590301036834716796875 HTTP/1.1" 200 - "https://69b4844ae61d4e92bf26ad98af552775-devsite.readyship.co/wp-cron.php?doing_wp_cron=1773874122.7590301036834716796875" "WordPress/5.1.19; https://69b4844ae61d4e92bf26ad98af552775-devsite.readyship.co"
64.252.74.218 - - [18/Mar/2026:22:48:42 +0000] "GET /?p=79987 HTTP/1.1" 200 16910 "-" "Amazon CloudFront"
64.252.76.215 - - [18/Mar/2026:22:48:42 +0000] "GET /?p=16459 HTTP/1.1" 200 15600 "-" "Amazon CloudFront"
64.252.74.218 - - [18/Mar/2026:22:48:43 +0000] "GET /?p=16487 HTTP/1.1" 200 14370 "-" "Amazon CloudFront"
64.252.74.61 - - [18/Mar/2026:22:48:59 +0000] "GET /?p=16475 HTTP/1.1" 200 14656 "-" "Amazon CloudFront"
64.252.76.215 - - [18/Mar/2026:22:48:59 +0000] "GET /?p=16491 HTTP/1.1" 200 14457 "-" "Amazon CloudFront"
64.252.74.218 - - [18/Mar/2026:22:49:19 +0000] "GET /?p=16457 HTTP/1.1" 200 15010 "-" "Amazon CloudFront"
64.252.76.215 - - [18/Mar/2026:22:49:19 +0000] "GET /?p=16453 HTTP/1.1" 200 14038 "-" "Amazon CloudFront"
64.252.74.218 - - [18/Mar/2026:22:49:20 +0000] "GET /?p=16467 HTTP/1.1" 200 14666 "-" "Amazon CloudFront"
15.158.215.109 - - [18/Mar/2026:22:49:28 +0000] "POST /wp-cron.php?doing_wp_cron=1773874168.5725400447845458984375 HTTP/1.1" 200 - "https://69b4844ae61d4e92bf26ad98af552775-devsite.readyship.co/wp-cron.php?doing_wp_cron=1773874168.5725400447845458984375" "WordPress/5.1.19; https://69b4844ae61d4e92bf26ad98af552775-devsite.readyship.co"
64.252.74.61 - - [18/Mar/2026:22:49:28 +0000] "GET /?p=16483 HTTP/1.1" 200 14658 "-" "Amazon CloudFront"
64.252.74.61 - - [18/Mar/2026:22:50:20 +0000] "GET /?feed=rss2&p=16445 HTTP/1.1" 200 519 "-" "Amazon CloudFront"
64.252.76.215 - - [18/Mar/2026:22:50:20 +0000] "GET /?feed=rss2&p=16449 HTTP/1.1" 200 531 "-" "Amazon CloudFront"
64.252.74.61 - - [18/Mar/2026:22:50:20 +0000] "GET /?feed=rss2&p=16447 HTTP/1.1" 200 524 "-" "Amazon CloudFront"
64.252.74.218 - - [18/Mar/2026:22:50:36 +0000] "GET /?feed=rss2&p=16435 HTTP/1.1" 200 524 "-" "Amazon CloudFront"
15.158.215.109 - - [18/Mar/2026:22:50:36 +0000] "POST /wp-cron.php?doing_wp_cron=1773874236.1790258884429931640625 HTTP/1.1" 200 - "https://69b4844ae61d4e92bf26ad98af552775-devsite.readyship.co/wp-cron.php?doing_wp_cron=1773874236.1790258884429931640625" "WordPress/5.1.19; https://69b4844ae61d4e92bf26ad98af552775-devsite.readyship.co"
64.252.76.215 - - [18/Mar/2026:22:50:35 +0000] "GET /?feed=rss2&p=16443 HTTP/1.1" 200 518 "-" "Amazon CloudFront"
64.252.74.61 - - [18/Mar/2026:22:50:46 +0000] "GET /?feed=rss2&p=16429 HTTP/1.1" 200 530 "-" "Amazon CloudFront"
64.252.76.215 - - [18/Mar/2026:22:50:52 +0000] "GET /?feed=rss2&p=16439 HTTP/1.1" 200 529 "-" "Amazon CloudFront"
64.252.74.61 - - [18/Mar/2026:22:50:53 +0000] "GET /?feed=rss2&p=16423 HTTP/1.1" 200 515 "-" "Amazon CloudFront"
15.158.215.109 - - [18/Mar/2026:22:51:44 +0000] "POST /wp-cron.php?doing_wp_cron=1773874304.8270690441131591796875 HTTP/1.1" 200 - "https://69b4844ae61d4e92bf26ad98af552775-devsite.readyship.co/wp-cron.php?doing_wp_cron=1773874304.8270690441131591796875" "WordPress/5.1.19; https://69b4844ae61d4e92bf26ad98af552775-devsite.readyship.co"
15.158.215.109 - - [18/Mar/2026:22:51:44 +0000] "GET /wp-login.php HTTP/1.1" 200 1185 "-" "Mozilla/5.0 (Windows NT 10.0; Win64; x64) AppleWebKit/537.36 (KHTML, like Gecko) Chrome/143.0.0.0 Safari/537.36"
15.158.215.109 - - [18/Mar/2026:22:51:45 +0000] "POST /wp-login.php HTTP/1.1" 302 - "https://69b4844ae61d4e92bf26ad98af552775-devsite.readyship.co/wp-login.php" "Mozilla/5.0 (Windows NT 10.0; Win64; x64) AppleWebKit/537.36 (KHTML, like Gecko) Chrome/143.0.0.0 Safari/537.36"
3.172.10.105 - - [18/Mar/2026:22:51:47 +0000] "GET /wp-login.php HTTP/1.1" 200 1185 "-" "Mozilla/5.0 (Windows NT 10.0; Win64; x64) AppleWebKit/537.36 (KHTML, like Gecko) Chrome/143.0.0.0 Safari/537.36"
15.158.215.109 - - [18/Mar/2026:22:51:47 +0000] "GET /wp-login.php HTTP/1.1" 200 1185 "-" "Mozilla/5.0 (Windows NT 10.0; Win64; x64) AppleWebKit/537.36 (KHTML, like Gecko) Chrome/143.0.0.0 Safari/537.36"
3.172.10.105 - - [18/Mar/2026:22:51:48 +0000] "POST /wp-login.php HTTP/1.1" 302 - "https://69b4844ae61d4e92bf26ad98af552775-devsite.readyship.co/wp-login.php" "Mozilla/5.0 (Windows NT 10.0; Win64; x64) AppleWebKit/537.36 (KHTML, like Gecko) Chrome/143.0.0.0 Safari/537.36"
15.158.215.109 - - [18/Mar/2026:22:51:48 +0000] "POST /wp-login.php HTTP/1.1" 302 - "https://69b4844ae61d4e92bf26ad98af552775-devsite.readyship.co/wp-login.php" "Mozilla/5.0 (Windows NT 10.0; Win64; x64) AppleWebKit/537.36 (KHTML, like Gecko) Chrome/143.0.0.0 Safari/537.36"
15.158.215.109 - - [18/Mar/2026:22:51:47 +0000] "GET /wp-admin/ HTTP/1.1" 200 37610 "https://69b4844ae61d4e92bf26ad98af552775-devsite.readyship.co/wp-login.php" "Mozilla/5.0 (Windows NT 10.0; Win64; x64) AppleWebKit/537.36 (KHTML, like Gecko) Chrome/143.0.0.0 Safari/537.36"
3.172.10.105 - - [18/Mar/2026:22:51:49 +0000] "GET /wp-admin/ HTTP/1.1" 200 37425 "https://69b4844ae61d4e92bf26ad98af552775-devsite.readyship.co/wp-login.php" "Mozilla/5.0 (Windows NT 10.0; Win64; x64) AppleWebKit/537.36 (KHTML, like Gecko) Chrome/143.0.0.0 Safari/537.36"
15.158.215.109 - - [18/Mar/2026:22:51:49 +0000] "GET /wp-admin/ HTTP/1.1" 200 37432 "https://69b4844ae61d4e92bf26ad98af552775-devsite.readyship.co/wp-login.php" "Mozilla/5.0 (Windows NT 10.0; Win64; x64) AppleWebKit/537.36 (KHTML, like Gecko) Chrome/143.0.0.0 Safari/537.36"
15.158.215.109 - - [18/Mar/2026:22:51:50 +0000] "GET /wp-admin/plugin-install.php HTTP/1.1" 200 31048 "https://69b4844ae61d4e92bf26ad98af552775-devsite.readyship.co/wp-login.php" "Mozilla/5.0 (Windows NT 10.0; Win64; x64) AppleWebKit/537.36 (KHTML, like Gecko) Chrome/143.0.0.0 Safari/537.36"
15.158.215.107 - - [18/Mar/2026:22:51:50 +0000] "GET /wp-admin/plugin-install.php HTTP/1.1" 200 31206 "https://69b4844ae61d4e92bf26ad98af552775-devsite.readyship.co/wp-login.php" "Mozilla/5.0 (Windows NT 10.0; Win64; x64) AppleWebKit/537.36 (KHTML, like Gecko) Chrome/143.0.0.0 Safari/537.36"
3.172.10.80 - - [18/Mar/2026:22:51:50 +0000] "GET /wp-admin/plugin-install.php HTTP/1.1" 200 31201 "https://69b4844ae61d4e92bf26ad98af552775-devsite.readyship.co/wp-login.php" "Mozilla/5.0 (Windows NT 10.0; Win64; x64) AppleWebKit/537.36 (KHTML, like Gecko) Chrome/143.0.0.0 Safari/537.36"
15.158.215.107 - - [18/Mar/2026:22:51:51 +0000] "GET /wp-admin/plugin-install.php HTTP/1.1" 200 31198 "https://69b4844ae61d4e92bf26ad98af552775-devsite.readyship.co/wp-login.php" "Mozilla/5.0 (Windows NT 10.0; Win64; x64) AppleWebKit/537.36 (KHTML, like Gecko) Chrome/143.0.0.0 Safari/537.36"
15.158.215.107 - - [18/Mar/2026:22:51:52 +0000] "GET /wp-admin/plugin-install.php HTTP/1.1" 200 31206 "https://69b4844ae61d4e92bf26ad98af552775-devsite.readyship.co/wp-login.php" "Mozilla/5.0 (Windows NT 10.0; Win64; x64) AppleWebKit/537.36 (KHTML, like Gecko) Chrome/143.0.0.0 Safari/537.36"
3.172.10.84 - - [18/Mar/2026:22:51:52 +0000] "GET /wp-admin/plugin-install.php HTTP/1.1" 200 31201 "https://69b4844ae61d4e92bf26ad98af552775-devsite.readyship.co/wp-login.php" "Mozilla/5.0 (Windows NT 10.0; Win64; x64) AppleWebKit/537.36 (KHTML, like Gecko) Chrome/143.0.0.0 Safari/537.36"
15.158.215.107 - - [18/Mar/2026:22:51:53 +0000] "GET /wp-admin/admin.php?page=wc-settings&tab=general HTTP/1.1" 200 49092 "https://69b4844ae61d4e92bf26ad98af552775-devsite.readyship.co/wp-login.php" "Mozilla/5.0 (Windows NT 10.0; Win64; x64) AppleWebKit/537.36 (KHTML, like Gecko) Chrome/143.0.0.0 Safari/537.36"
3.172.10.80 - - [18/Mar/2026:22:51:53 +0000] "GET /wp-admin/admin.php?page=wc-settings&tab=general HTTP/1.1" 200 49513 "https://69b4844ae61d4e92bf26ad98af552775-devsite.readyship.co/wp-login.php" "Mozilla/5.0 (Windows NT 10.0; Win64; x64) AppleWebKit/537.36 (KHTML, like Gecko) Chrome/143.0.0.0 Safari/537.36"
15.158.215.107 - - [18/Mar/2026:22:51:53 +0000] "GET /wp-admin/admin.php?page=wc-settings&tab=general HTTP/1.1" 200 49515 "https://69b4844ae61d4e92bf26ad98af552775-devsite.readyship.co/wp-login.php" "Mozilla/5.0 (Windows NT 10.0; Win64; x64) AppleWebKit/537.36 (KHTML, like Gecko) Chrome/143.0.0.0 Safari/537.36"
64.252.74.61 - - [18/Mar/2026:22:51:54 +0000] "GET /?feed=rss2&p=16431 HTTP/1.1" 200 516 "-" "Amazon CloudFront"
3.172.10.80 - - [18/Mar/2026:22:51:54 +0000] "GET /wp-admin/edit.php?s&post_status=all&post_type=shop_order&action=-1&m=202602&_customer_user&filter_action=Filter&paged=1&action2=-1 HTTP/1.1" 200 43231 "https://69b4844ae61d4e92bf26ad98af552775-devsite.readyship.co/wp-login.php" "Mozilla/5.0 (Windows NT 10.0; Win64; x64) AppleWebKit/537.36 (KHTML, like Gecko) Chrome/143.0.0.0 Safari/537.36"
15.158.215.107 - - [18/Mar/2026:22:51:54 +0000] "GET /wp-admin/edit.php?s&post_status=all&post_type=shop_order&action=-1&m=202602&_customer_user&filter_action=Filter&paged=1&action2=-1 HTTP/1.1" 200 43232 "https://69b4844ae61d4e92bf26ad98af552775-devsite.readyship.co/wp-login.php" "Mozilla/5.0 (Windows NT 10.0; Win64; x64) AppleWebKit/537.36 (KHTML, like Gecko) Chrome/143.0.0.0 Safari/537.36"
64.252.74.218 - - [18/Mar/2026:22:51:54 +0000] "GET /?feed=rss2&p=16427 HTTP/1.1" 200 495 "-" "Amazon CloudFront"
15.158.215.74 - - [18/Mar/2026:22:51:54 +0000] "GET /wp-admin/edit.php?s&post_status=all&post_type=shop_order&action=-1&m=202602&_customer_user&filter_action=Filter&paged=1&action2=-1 HTTP/1.1" 200 43236 "https://69b4844ae61d4e92bf26ad98af552775-devsite.readyship.co/wp-login.php" "Mozilla/5.0 (Windows NT 10.0; Win64; x64) AppleWebKit/537.36 (KHTML, like Gecko) Chrome/143.0.0.0 Safari/537.36"
3.172.10.80 - - [18/Mar/2026:22:51:56 +0000] "GET /wp-admin/edit.php?s&post_status=all&post_type=shop_order&action=-1&m=202603&_customer_user&filter_action=Filter&paged=1&action2=-1 HTTP/1.1" 200 43280 "https://69b4844ae61d4e92bf26ad98af552775-devsite.readyship.co/wp-login.php" "Mozilla/5.0 (Windows NT 10.0; Win64; x64) AppleWebKit/537.36 (KHTML, like Gecko) Chrome/143.0.0.0 Safari/537.36"
15.158.215.74 - - [18/Mar/2026:22:51:56 +0000] "GET /wp-admin/edit.php?s&post_status=all&post_type=shop_order&action=-1&m=202603&_customer_user&filter_action=Filter&paged=1&action2=-1 HTTP/1.1" 200 43232 "https://69b4844ae61d4e92bf26ad98af552775-devsite.readyship.co/wp-login.php" "Mozilla/5.0 (Windows NT 10.0; Win64; x64) AppleWebKit/537.36 (KHTML, like Gecko) Chrome/143.0.0.0 Safari/537.36"
15.158.215.107 - - [18/Mar/2026:22:51:56 +0000] "GET /wp-admin/edit.php?s&post_status=all&post_type=shop_order&action=-1&m=202603&_customer_user&filter_action=Filter&paged=1&action2=-1 HTTP/1.1" 200 43237 "https://69b4844ae61d4e92bf26ad98af552775-devsite.readyship.co/wp-login.php" "Mozilla/5.0 (Windows NT 10.0; Win64; x64) AppleWebKit/537.36 (KHTML, like Gecko) Chrome/143.0.0.0 Safari/537.36"
3.172.10.72 - - [18/Mar/2026:22:51:57 +0000] "GET /wp-admin/admin.php?page=wc-settings&tab=checkout HTTP/1.1" 200 26535 "https://69b4844ae61d4e92bf26ad98af552775-devsite.readyship.co/wp-login.php" "Mozilla/5.0 (Windows NT 10.0; Win64; x64) AppleWebKit/537.36 (KHTML, like Gecko) Chrome/143.0.0.0 Safari/537.36"
15.158.215.107 - - [18/Mar/2026:22:51:57 +0000] "GET /wp-admin/admin.php?page=wc-settings&tab=checkout HTTP/1.1" 200 26437 "https://69b4844ae61d4e92bf26ad98af552775-devsite.readyship.co/wp-login.php" "Mozilla/5.0 (Windows NT 10.0; Win64; x64) AppleWebKit/537.36 (KHTML, like Gecko) Chrome/143.0.0.0 Safari/537.36"
15.158.215.107 - - [18/Mar/2026:22:51:57 +0000] "GET /wp-admin/admin.php?page=wc-settings&tab=checkout HTTP/1.1" 200 26542 "https://69b4844ae61d4e92bf26ad98af552775-devsite.readyship.co/wp-login.php" "Mozilla/5.0 (Windows NT 10.0; Win64; x64) AppleWebKit/537.36 (KHTML, like Gecko) Chrome/143.0.0.0 Safari/537.36"
64.252.74.218 - - [18/Mar/2026:22:52:09 +0000] "GET /?feed=rss2&p=16417 HTTP/1.1" 200 517 "-" "Amazon CloudFront"
64.252.74.218 - - [18/Mar/2026:22:52:09 +0000] "GET /?feed=rss2&p=16413 HTTP/1.1" 200 533 "-" "Amazon CloudFront"
64.252.74.218 - - [18/Mar/2026:22:52:15 +0000] "GET /?cat=1&paged=3963 HTTP/1.1" 200 11285 "-" "Amazon CloudFront"
64.252.74.61 - - [18/Mar/2026:22:52:15 +0000] "GET /?cat=1&paged=3964 HTTP/1.1" 200 11281 "-" "Amazon CloudFront"
15.158.215.109 - - [18/Mar/2026:22:53:08 +0000] "POST /wp-cron.php?doing_wp_cron=1773874388.1089639663696289062500 HTTP/1.1" 200 - "https://69b4844ae61d4e92bf26ad98af552775-devsite.readyship.co/wp-cron.php?doing_wp_cron=1773874388.1089639663696289062500" "WordPress/5.1.19; https://69b4844ae61d4e92bf26ad98af552775-devsite.readyship.co"
64.252.76.215 - - [18/Mar/2026:22:53:08 +0000] "GET /?p=16451 HTTP/1.1" 200 14210 "-" "Amazon CloudFront"
64.252.74.61 - - [18/Mar/2026:22:53:07 +0000] "GET /?p=16477 HTTP/1.1" 200 15042 "-" "Amazon CloudFront"
64.252.74.61 - - [18/Mar/2026:22:53:09 +0000] "GET /?p=16461 HTTP/1.1" 200 14973 "-" "Amazon CloudFront"
15.158.215.109 - - [18/Mar/2026:22:53:26 +0000] "POST /wp-cron.php?doing_wp_cron=1773874406.8270540237426757812500 HTTP/1.1" 200 - "https://69b4844ae61d4e92bf26ad98af552775-devsite.readyship.co/wp-cron.php?doing_wp_cron=1773874406.8270540237426757812500" "WordPress/5.1.19; https://69b4844ae61d4e92bf26ad98af552775-devsite.readyship.co"
64.252.74.218 - - [18/Mar/2026:22:53:27 +0000] "GET /?p=16455 HTTP/1.1" 200 14544 "-" "Amazon CloudFront"
64.252.74.61 - - [18/Mar/2026:22:53:26 +0000] "GET /?p=16469 HTTP/1.1" 200 14729 "-" "Amazon CloudFront"
64.252.76.215 - - [18/Mar/2026:22:54:08 +0000] "GET /?feed=rss2&p=16441 HTTP/1.1" 200 516 "-" "Amazon CloudFront"
64.252.74.61 - - [18/Mar/2026:22:54:08 +0000] "GET /?feed=rss2&p=79985 HTTP/1.1" 200 518 "-" "Amazon CloudFront"
64.252.76.215 - - [18/Mar/2026:22:54:29 +0000] "GET /?feed=rss2&p=16415 HTTP/1.1" 200 523 "-" "Amazon CloudFront"
15.158.215.109 - - [18/Mar/2026:22:54:29 +0000] "POST /wp-cron.php?doing_wp_cron=1773874469.3910570144653320312500 HTTP/1.1" 200 - "https://69b4844ae61d4e92bf26ad98af552775-devsite.readyship.co/wp-cron.php?doing_wp_cron=1773874469.3910570144653320312500" "WordPress/5.1.19; https://69b4844ae61d4e92bf26ad98af552775-devsite.readyship.co"
64.252.74.218 - - [18/Mar/2026:22:54:29 +0000] "GET /?feed=rss2&p=16411 HTTP/1.1" 200 518 "-" "Amazon CloudFront"
64.252.74.218 - - [18/Mar/2026:22:54:35 +0000] "GET /?p=16479 HTTP/1.1" 200 16825 "-" "Amazon CloudFront"
64.252.74.61 - - [18/Mar/2026:22:54:34 +0000] "GET /?p=16471 HTTP/1.1" 200 14491 "-" "Amazon CloudFront"
64.252.76.215 - - [18/Mar/2026:22:54:36 +0000] "GET /?p=16473 HTTP/1.1" 200 14653 "-" "Amazon CloudFront"
15.158.215.109 - - [18/Mar/2026:22:58:51 +0000] "POST /wp-cron.php?doing_wp_cron=1773874731.5268719196319580078125 HTTP/1.1" 200 - "https://69b4844ae61d4e92bf26ad98af552775-devsite.readyship.co/wp-cron.php?doing_wp_cron=1773874731.5268719196319580078125" "WordPress/5.1.19; https://69b4844ae61d4e92bf26ad98af552775-devsite.readyship.co"
18.68.51.43 - - [18/Mar/2026:22:58:51 +0000] "POST / HTTP/1.1" 200 23842 "-" "Amazon CloudFront"
18.68.51.43 - - [18/Mar/2026:22:58:55 +0000] "POST / HTTP/1.1" 200 23839 "-" "Amazon CloudFront"
18.68.51.43 - - [18/Mar/2026:22:58:58 +0000] "POST / HTTP/1.1" 200 23836 "-" "Amazon CloudFront"
64.252.74.218 - - [18/Mar/2026:22:59:13 +0000] "GET /?feed=rss2&p=16437 HTTP/1.1" 200 505 "-" "Amazon CloudFront"
15.158.215.109 - - [18/Mar/2026:22:59:24 +0000] "POST /wp-cron.php?doing_wp_cron=1773874764.3233730792999267578125 HTTP/1.1" 200 - "https://69b4844ae61d4e92bf26ad98af552775-devsite.readyship.co/wp-cron.php?doing_wp_cron=1773874764.3233730792999267578125" "WordPress/5.1.19; https://69b4844ae61d4e92bf26ad98af552775-devsite.readyship.co"
18.68.51.43 - - [18/Mar/2026:22:59:24 +0000] "POST / HTTP/1.1" 200 23815 "-" "Amazon CloudFront"
18.68.51.43 - - [18/Mar/2026:22:59:29 +0000] "POST / HTTP/1.1" 200 177568 "-" "Amazon CloudFront"
18.68.51.43 - - [18/Mar/2026:22:59:49 +0000] "POST / HTTP/1.1" 200 177566 "-" "Amazon CloudFront"
64.252.76.215 - - [18/Mar/2026:23:00:03 +0000] "GET /?feed=rss2&p=16419 HTTP/1.1" 200 525 "-" "Amazon CloudFront"
15.158.215.109 - - [18/Mar/2026:23:02:57 +0000] "POST /wp-cron.php?doing_wp_cron=1773874977.8750569820404052734375 HTTP/1.1" 200 - "https://69b4844ae61d4e92bf26ad98af552775-devsite.readyship.co/wp-cron.php?doing_wp_cron=1773874977.8750569820404052734375" "WordPress/5.1.19; https://69b4844ae61d4e92bf26ad98af552775-devsite.readyship.co"
64.252.76.215 - - [18/Mar/2026:23:02:57 +0000] "GET /?feed=rss2&p=91545 HTTP/1.1" 200 523 "-" "Amazon CloudFront"
64.252.74.61 - - [18/Mar/2026:23:03:34 +0000] "GET /?feed=rss2&p=91541 HTTP/1.1" 200 519 "-" "Amazon CloudFront"
15.158.215.109 - - [18/Mar/2026:23:03:34 +0000] "POST /wp-cron.php?doing_wp_cron=1773875014.2646100521087646484375 HTTP/1.1" 200 - "https://69b4844ae61d4e92bf26ad98af552775-devsite.readyship.co/wp-cron.php?doing_wp_cron=1773875014.2646100521087646484375" "WordPress/5.1.19; https://69b4844ae61d4e92bf26ad98af552775-devsite.readyship.co"
64.252.76.215 - - [18/Mar/2026:23:03:33 +0000] "GET /?feed=rss2&p=91533 HTTP/1.1" 200 522 "-" "Amazon CloudFront"
64.252.74.218 - - [18/Mar/2026:23:03:44 +0000] "GET /?feed=rss2&p=91529 HTTP/1.1" 200 543 "-" "Amazon CloudFront"
64.252.74.218 - - [18/Mar/2026:23:03:44 +0000] "GET /?feed=rss2&p=91551 HTTP/1.1" 200 506 "-" "Amazon CloudFront"
64.252.74.218 - - [18/Mar/2026:23:04:19 +0000] "GET /?feed=rss2&p=91549 HTTP/1.1" 200 487 "-" "Amazon CloudFront"
64.252.76.215 - - [18/Mar/2026:23:04:20 +0000] "GET /?feed=rss2&p=16425 HTTP/1.1" 200 519 "-" "Amazon CloudFront"
15.158.215.109 - - [18/Mar/2026:23:04:41 +0000] "POST /wp-cron.php?doing_wp_cron=1773875081.6230590343475341796875 HTTP/1.1" 200 - "https://69b4844ae61d4e92bf26ad98af552775-devsite.readyship.co/wp-cron.php?doing_wp_cron=1773875081.6230590343475341796875" "WordPress/5.1.19; https://69b4844ae61d4e92bf26ad98af552775-devsite.readyship.co"
64.252.74.218 - - [18/Mar/2026:23:04:41 +0000] "GET /?feed=rss2&p=91539 HTTP/1.1" 200 545 "-" "Amazon CloudFront"
64.252.74.218 - - [18/Mar/2026:23:05:03 +0000] "GET /?feed=rss2&p=91543 HTTP/1.1" 200 509 "-" "Amazon CloudFront"
64.252.74.61 - - [18/Mar/2026:23:05:04 +0000] "GET /?feed=rss2&p=91523 HTTP/1.1" 200 516 "-" "Amazon CloudFront"
15.158.215.109 - - [18/Mar/2026:23:05:54 +0000] "POST /wp-cron.php?doing_wp_cron=1773875154.7935669422149658203125 HTTP/1.1" 200 - "https://69b4844ae61d4e92bf26ad98af552775-devsite.readyship.co/wp-cron.php?doing_wp_cron=1773875154.7935669422149658203125" "WordPress/5.1.19; https://69b4844ae61d4e92bf26ad98af552775-devsite.readyship.co"
64.252.74.218 - - [18/Mar/2026:23:05:54 +0000] "GET /?feed=rss2&p=91519 HTTP/1.1" 200 504 "-" "Amazon CloudFront"
64.252.74.218 - - [18/Mar/2026:23:06:05 +0000] "GET /?feed=rss2&p=91531 HTTP/1.1" 200 505 "-" "Amazon CloudFront"
64.252.76.215 - - [18/Mar/2026:23:06:25 +0000] "GET /?feed=rss2&p=16421 HTTP/1.1" 200 514 "-" "Amazon CloudFront"
15.158.215.109 - - [18/Mar/2026:23:06:25 +0000] "POST /wp-cron.php?doing_wp_cron=1773875185.4373569488525390625000 HTTP/1.1" 200 - "https://69b4844ae61d4e92bf26ad98af552775-devsite.readyship.co/wp-cron.php?doing_wp_cron=1773875185.4373569488525390625000" "WordPress/5.1.19; https://69b4844ae61d4e92bf26ad98af552775-devsite.readyship.co"
64.252.68.203 - - [18/Mar/2026:23:07:09 +0000] "GET /?p=52050 HTTP/1.1" 200 22629 "-" "Amazon CloudFront"
15.158.215.109 - - [18/Mar/2026:23:07:31 +0000] "POST /wp-cron.php?doing_wp_cron=1773875251.7628839015960693359375 HTTP/1.1" 200 - "https://69b4844ae61d4e92bf26ad98af552775-devsite.readyship.co/wp-cron.php?doing_wp_cron=1773875251.7628839015960693359375" "WordPress/5.1.19; https://69b4844ae61d4e92bf26ad98af552775-devsite.readyship.co"
64.252.74.61 - - [18/Mar/2026:23:07:31 +0000] "GET /?feed=rss2&p=91547 HTTP/1.1" 200 517 "-" "Amazon CloudFront"
64.252.76.215 - - [18/Mar/2026:23:07:42 +0000] "GET /?feed=rss2&p=91525 HTTP/1.1" 200 495 "-" "Amazon CloudFront"
64.252.74.61 - - [18/Mar/2026:23:07:47 +0000] "GET /?feed=rss2&p=91527 HTTP/1.1" 200 517 "-" "Amazon CloudFront"
64.252.74.218 - - [18/Mar/2026:23:07:53 +0000] "GET /?feed=rss2&p=91555 HTTP/1.1" 200 540 "-" "Amazon CloudFront"
64.252.74.218 - - [18/Mar/2026:23:07:53 +0000] "GET /?feed=rss2&p=91537 HTTP/1.1" 200 483 "-" "Amazon CloudFront"
15.158.215.109 - - [18/Mar/2026:23:08:46 +0000] "POST /wp-cron.php?doing_wp_cron=1773875326.6459031105041503906250 HTTP/1.1" 200 - "https://69b4844ae61d4e92bf26ad98af552775-devsite.readyship.co/wp-cron.php?doing_wp_cron=1773875326.6459031105041503906250" "WordPress/5.1.19; https://69b4844ae61d4e92bf26ad98af552775-devsite.readyship.co"
64.252.74.61 - - [18/Mar/2026:23:08:46 +0000] "GET /?p=91517 HTTP/1.1" 200 15292 "-" "Amazon CloudFront"
64.252.74.61 - - [18/Mar/2026:23:08:46 +0000] "GET /?feed=rss2&p=16433 HTTP/1.1" 200 527 "-" "Amazon CloudFront"
64.252.76.215 - - [18/Mar/2026:23:09:04 +0000] "GET /?feed=rss2&p=91521 HTTP/1.1" 200 513 "-" "Amazon CloudFront"
64.252.76.215 - - [18/Mar/2026:23:09:14 +0000] "GET /?p=91513 HTTP/1.1" 200 22680 "-" "Amazon CloudFront"
64.252.74.61 - - [18/Mar/2026:23:09:14 +0000] "GET /?p=91503 HTTP/1.1" 200 15075 "-" "Amazon CloudFront"
64.252.74.218 - - [18/Mar/2026:23:09:19 +0000] "GET /?p=91489 HTTP/1.1" 200 15613 "-" "Amazon CloudFront"
64.252.76.215 - - [18/Mar/2026:23:09:20 +0000] "GET /?p=91505 HTTP/1.1" 200 17888 "-" "Amazon CloudFront"
15.158.215.109 - - [18/Mar/2026:23:10:07 +0000] "POST /wp-cron.php?doing_wp_cron=1773875406.9920399188995361328125 HTTP/1.1" 200 - "https://69b4844ae61d4e92bf26ad98af552775-devsite.readyship.co/wp-cron.php?doing_wp_cron=1773875406.9920399188995361328125" "WordPress/5.1.19; https://69b4844ae61d4e92bf26ad98af552775-devsite.readyship.co"
64.252.74.61 - - [18/Mar/2026:23:10:07 +0000] "GET /?p=91501 HTTP/1.1" 200 17147 "-" "Amazon CloudFront"
64.252.76.215 - - [18/Mar/2026:23:10:06 +0000] "GET /?p=91491 HTTP/1.1" 200 24054 "-" "Amazon CloudFront"
15.158.215.109 - - [18/Mar/2026:23:10:48 +0000] "POST /wp-cron.php?doing_wp_cron=1773875448.2337749004364013671875 HTTP/1.1" 200 - "https://69b4844ae61d4e92bf26ad98af552775-devsite.readyship.co/wp-cron.php?doing_wp_cron=1773875448.2337749004364013671875" "WordPress/5.1.19; https://69b4844ae61d4e92bf26ad98af552775-devsite.readyship.co"
64.252.74.218 - - [18/Mar/2026:23:10:48 +0000] "GET /?p=91483 HTTP/1.1" 200 18410 "-" "Amazon CloudFront"
64.252.74.218 - - [18/Mar/2026:23:10:47 +0000] "GET /?p=91499 HTTP/1.1" 200 16410 "-" "Amazon CloudFront"
64.252.76.215 - - [18/Mar/2026:23:10:56 +0000] "GET /?p=91487 HTTP/1.1" 200 22869 "-" "Amazon CloudFront"
64.252.74.218 - - [18/Mar/2026:23:10:56 +0000] "GET /?p=91479 HTTP/1.1" 200 16399 "-" "Amazon CloudFront"
64.252.74.61 - - [18/Mar/2026:23:10:57 +0000] "GET /?p=91507 HTTP/1.1" 200 15182 "-" "Amazon CloudFront"
64.252.74.218 - - [18/Mar/2026:23:10:58 +0000] "GET /?p=91509 HTTP/1.1" 200 15229 "-" "Amazon CloudFront"
15.158.215.109 - - [18/Mar/2026:23:11:13 +0000] "POST /wp-cron.php?doing_wp_cron=1773875473.0266931056976318359375 HTTP/1.1" 200 - "https://69b4844ae61d4e92bf26ad98af552775-devsite.readyship.co/wp-cron.php?doing_wp_cron=1773875473.0266931056976318359375" "WordPress/5.1.19; https://69b4844ae61d4e92bf26ad98af552775-devsite.readyship.co"
64.252.74.61 - - [18/Mar/2026:23:11:12 +0000] "GET /?p=91493 HTTP/1.1" 200 15533 "-" "Amazon CloudFront"
15.158.215.109 - - [18/Mar/2026:23:12:13 +0000] "POST /wp-cron.php?doing_wp_cron=1773875533.0954740047454833984375 HTTP/1.1" 200 - "https://69b4844ae61d4e92bf26ad98af552775-devsite.readyship.co/wp-cron.php?doing_wp_cron=1773875533.0954740047454833984375" "WordPress/5.1.19; https://69b4844ae61d4e92bf26ad98af552775-devsite.readyship.co"
64.252.76.215 - - [18/Mar/2026:23:12:12 +0000] "GET /?p=91515 HTTP/1.1" 200 15150 "-" "Amazon CloudFront"
15.158.215.109 - - [18/Mar/2026:23:12:29 +0000] "POST /wp-cron.php?doing_wp_cron=1773875549.9245259761810302734375 HTTP/1.1" 200 - "https://69b4844ae61d4e92bf26ad98af552775-devsite.readyship.co/wp-cron.php?doing_wp_cron=1773875549.9245259761810302734375" "WordPress/5.1.19; https://69b4844ae61d4e92bf26ad98af552775-devsite.readyship.co"
64.252.74.218 - - [18/Mar/2026:23:12:29 +0000] "GET /?p=91511 HTTP/1.1" 200 17333 "-" "Amazon CloudFront"
64.252.74.61 - - [18/Mar/2026:23:12:34 +0000] "GET /?p=91495 HTTP/1.1" 200 15401 "-" "Amazon CloudFront"
15.158.1.198 - - [18/Mar/2026:23:12:49 +0000] "POST /?page_id=2806 HTTP/1.1" 200 8925 "-" "Amazon CloudFront"
15.158.1.198 - - [18/Mar/2026:23:12:51 +0000] "GET /xmlrpc.php HTTP/1.1" 405 60 "https://69b4844ae61d4e92bf26ad98af552775-devsite.readyship.co" "Mozilla/5.0 (Windows NT 6.3; Win64; x64) AppleWebKit/537.36 (KHTML, like Gecko) Chrome/103.0.0.0 Safari/537.36"
15.158.1.198 - - [18/Mar/2026:23:12:52 +0000] "POST /xmlrpc.php HTTP/1.1" 200 206 "https://69b4844ae61d4e92bf26ad98af552775-devsite.readyship.co/xmlrpc.php" "Mozilla/5.0 (Windows NT 6.3; Win64; x64) AppleWebKit/537.36 (KHTML, like Gecko) Chrome/103.0.0.0 Safari/537.36"
15.158.1.198 - - [18/Mar/2026:23:12:53 +0000] "POST /xmlrpc.php HTTP/1.1" 200 206 "https://69b4844ae61d4e92bf26ad98af552775-devsite.readyship.co/xmlrpc.php" "Mozilla/5.0 (Windows NT 6.3; Win64; x64) AppleWebKit/537.36 (KHTML, like Gecko) Chrome/103.0.0.0 Safari/537.36"
64.252.89.111 - - [18/Mar/2026:23:12:55 +0000] "GET / HTTP/1.1" 200 24258 "-" "Amazon CloudFront"
15.158.215.109 - - [18/Mar/2026:23:13:35 +0000] "POST /wp-cron.php?doing_wp_cron=1773875615.3077919483184814453125 HTTP/1.1" 200 - "https://69b4844ae61d4e92bf26ad98af552775-devsite.readyship.co/wp-cron.php?doing_wp_cron=1773875615.3077919483184814453125" "WordPress/5.1.19; https://69b4844ae61d4e92bf26ad98af552775-devsite.readyship.co"
64.252.74.218 - - [18/Mar/2026:23:13:35 +0000] "GET /?cat=1&paged=267 HTTP/1.1" 200 11287 "-" "Amazon CloudFront"
64.252.74.218 - - [18/Mar/2026:23:13:45 +0000] "GET /?p=91481 HTTP/1.1" 200 17106 "-" "Amazon CloudFront"
64.252.74.218 - - [18/Mar/2026:23:14:01 +0000] "GET /?cat=1&paged=268 HTTP/1.1" 200 11361 "-" "Amazon CloudFront"
15.158.215.109 - - [18/Mar/2026:23:14:57 +0000] "POST /wp-cron.php?doing_wp_cron=1773875697.7577230930328369140625 HTTP/1.1" 200 - "https://69b4844ae61d4e92bf26ad98af552775-devsite.readyship.co/wp-cron.php?doing_wp_cron=1773875697.7577230930328369140625" "WordPress/5.1.19; https://69b4844ae61d4e92bf26ad98af552775-devsite.readyship.co"
64.252.74.61 - - [18/Mar/2026:23:14:57 +0000] "GET /?p=91485 HTTP/1.1" 200 17328 "-" "Amazon CloudFront"
64.252.76.215 - - [18/Mar/2026:23:14:57 +0000] "GET /?p=91496 HTTP/1.1" 200 23008 "-" "Amazon CloudFront"
64.252.76.215 - - [18/Mar/2026:23:15:13 +0000] "GET /?feed=rss2&p=91535 HTTP/1.1" 200 504 "-" "Amazon CloudFront"
15.158.215.109 - - [18/Mar/2026:23:18:44 +0000] "POST /wp-cron.php?doing_wp_cron=1773875924.2530250549316406250000 HTTP/1.1" 200 - "https://69b4844ae61d4e92bf26ad98af552775-devsite.readyship.co/wp-cron.php?doing_wp_cron=1773875924.2530250549316406250000" "WordPress/5.1.19; https://69b4844ae61d4e92bf26ad98af552775-devsite.readyship.co"
64.252.74.218 - - [18/Mar/2026:23:18:43 +0000] "GET /?feed=rss2&p=91553 HTTP/1.1" 200 509 "-" "Amazon CloudFront"
15.158.1.198 - - [18/Mar/2026:23:19:00 +0000] "GET /wp-admin/post-new.php HTTP/1.1" 302 - "https://69b4844ae61d4e92bf26ad98af552775-devsite.readyship.co" "Mozilla/5.0 (Windows NT 6.3; Win64; x64) AppleWebKit/537.36 (KHTML, like Gecko) Chrome/103.0.0.0 Safari/537.36"
15.158.1.198 - - [18/Mar/2026:23:19:01 +0000] "GET /wp-login.php?redirect_to=https%3A%2F%2F69b4844ae61d4e92bf26ad98af552775-devsite.readyship.co%2Fwp-admin%2Fpost-new.php&reauth=1 HTTP/1.1" 200 1190 "https://69b4844ae61d4e92bf26ad98af552775-devsite.readyship.co/wp-admin/post-new.php" "Mozilla/5.0 (Windows NT 6.3; Win64; x64) AppleWebKit/537.36 (KHTML, like Gecko) Chrome/103.0.0.0 Safari/537.36"
15.158.215.109 - - [18/Mar/2026:23:21:57 +0000] "POST /wp-cron.php?doing_wp_cron=1773876117.0670580863952636718750 HTTP/1.1" 200 - "https://69b4844ae61d4e92bf26ad98af552775-devsite.readyship.co/wp-cron.php?doing_wp_cron=1773876117.0670580863952636718750" "WordPress/5.1.19; https://69b4844ae61d4e92bf26ad98af552775-devsite.readyship.co"
18.68.8.18 - - [18/Mar/2026:23:21:56 +0000] "POST /xmlrpc.php HTTP/1.1" 200 403 "-" "Mozilla/5.0 (Windows NT 10.0; Win64; x64) AppleWebKit/537.36 (KHTML, like Gecko) Chrome/114.0.0.0 Safari/537.36"
18.68.8.18 - - [18/Mar/2026:23:21:58 +0000] "POST /xmlrpc.php HTTP/1.1" 200 403 "-" "Mozilla/5.0 (Windows NT 10.0; Win64; x64) AppleWebKit/537.36 (KHTML, like Gecko) Chrome/114.0.0.0 Safari/537.36"
15.158.215.109 - - [18/Mar/2026:23:24:21 +0000] "POST /wp-cron.php?doing_wp_cron=1773876261.7430698871612548828125 HTTP/1.1" 200 - "https://69b4844ae61d4e92bf26ad98af552775-devsite.readyship.co/wp-cron.php?doing_wp_cron=1773876261.7430698871612548828125" "WordPress/5.1.19; https://69b4844ae61d4e92bf26ad98af552775-devsite.readyship.co"
64.252.74.218 - - [18/Mar/2026:23:24:21 +0000] "GET /?feed=rss2&p=91557 HTTP/1.1" 200 503 "-" "Amazon CloudFront"
15.158.215.109 - - [18/Mar/2026:23:34:19 +0000] "POST /wp-cron.php?doing_wp_cron=1773876859.6158819198608398437500 HTTP/1.1" 200 - "https://69b4844ae61d4e92bf26ad98af552775-devsite.readyship.co/wp-cron.php?doing_wp_cron=1773876859.6158819198608398437500" "WordPress/5.1.19; https://69b4844ae61d4e92bf26ad98af552775-devsite.readyship.co"
15.158.215.109 - - [18/Mar/2026:23:34:21 +0000] "POST /wp-admin/admin-ajax.php?action=wp_1_wc_privacy_cleanup&nonce=0437459e54 HTTP/1.1" 200 - "https://69b4844ae61d4e92bf26ad98af552775-devsite.readyship.co/wp-admin/admin-ajax.php?action=wp_1_wc_privacy_cleanup&nonce=0437459e54" "WordPress/5.1.19; https://69b4844ae61d4e92bf26ad98af552775-devsite.readyship.co"
64.252.66.156 - - [18/Mar/2026:23:34:12 +0000] "GET /?healthcheck_timestamp=1773876647132 HTTP/1.1" 200 178919 "-" "Amazon CloudFront"
15.158.215.109 - - [18/Mar/2026:23:37:48 +0000] "POST /wp-cron.php?doing_wp_cron=1773877068.3234739303588867187500 HTTP/1.1" 200 - "https://69b4844ae61d4e92bf26ad98af552775-devsite.readyship.co/wp-cron.php?doing_wp_cron=1773877068.3234739303588867187500" "WordPress/5.1.19; https://69b4844ae61d4e92bf26ad98af552775-devsite.readyship.co"
15.158.215.109 - - [18/Mar/2026:23:37:48 +0000] "POST /wp-cron.php?doing_wp_cron=1773877068.3208189010620117187500 HTTP/1.1" 200 - "https://69b4844ae61d4e92bf26ad98af552775-devsite.readyship.co/wp-cron.php?doing_wp_cron=1773877068.3208189010620117187500" "WordPress/5.1.19; https://69b4844ae61d4e92bf26ad98af552775-devsite.readyship.co"
64.252.74.218 - - [18/Mar/2026:23:37:47 +0000] "GET /?feed=rss2&p=38708 HTTP/1.1" 200 496 "-" "Amazon CloudFront"
64.252.74.61 - - [18/Mar/2026:23:37:48 +0000] "GET /?p=38710 HTTP/1.1" 200 15525 "-" "Amazon CloudFront"
15.158.215.109 - - [18/Mar/2026:23:54:05 +0000] "POST /wp-cron.php?doing_wp_cron=1773878045.5040769577026367187500 HTTP/1.1" 200 - "https://69b4844ae61d4e92bf26ad98af552775-devsite.readyship.co/wp-cron.php?doing_wp_cron=1773878045.5040769577026367187500" "WordPress/5.1.19; https://69b4844ae61d4e92bf26ad98af552775-devsite.readyship.co"
64.252.76.215 - - [18/Mar/2026:23:53:58 +0000] "GET /?p=26813 HTTP/1.1" 200 17636 "-" "Amazon CloudFront"
15.158.215.109 - - [18/Mar/2026:23:55:52 +0000] "POST /wp-cron.php?doing_wp_cron=1773878152.2209439277648925781250 HTTP/1.1" 200 - "https://69b4844ae61d4e92bf26ad98af552775-devsite.readyship.co/wp-cron.php?doing_wp_cron=1773878152.2209439277648925781250" "WordPress/5.1.19; https://69b4844ae61d4e92bf26ad98af552775-devsite.readyship.co"
64.252.74.218 - - [18/Mar/2026:23:55:51 +0000] "GET /?feed=rss2&p=26815 HTTP/1.1" 200 517 "-" "Amazon CloudFront"
15.158.215.109 - - [18/Mar/2026:23:57:52 +0000] "POST /wp-cron.php?doing_wp_cron=1773878272.3773860931396484375000 HTTP/1.1" 200 - "https://69b4844ae61d4e92bf26ad98af552775-devsite.readyship.co/wp-cron.php?doing_wp_cron=1773878272.3773860931396484375000" "WordPress/5.1.19; https://69b4844ae61d4e92bf26ad98af552775-devsite.readyship.co"
64.252.74.218 - - [18/Mar/2026:23:57:52 +0000] "GET /?page_id=2807&paged=4300 HTTP/1.1" 200 11277 "-" "Amazon CloudFront"
15.158.215.109 - - [19/Mar/2026:00:00:21 +0000] "POST /wp-cron.php?doing_wp_cron=1773878420.9386959075927734375000 HTTP/1.1" 200 - "https://69b4844ae61d4e92bf26ad98af552775-devsite.readyship.co/wp-cron.php?doing_wp_cron=1773878420.9386959075927734375000" "WordPress/5.1.19; https://69b4844ae61d4e92bf26ad98af552775-devsite.readyship.co"
64.252.74.61 - - [19/Mar/2026:00:00:20 +0000] "GET /?p=26016 HTTP/1.1" 200 21149 "-" "Amazon CloudFront"
15.158.215.109 - - [19/Mar/2026:00:00:30 +0000] "POST /wp-cron.php?doing_wp_cron=1773878430.4765520095825195312500 HTTP/1.1" 200 - "https://69b4844ae61d4e92bf26ad98af552775-devsite.readyship.co/wp-cron.php?doing_wp_cron=1773878430.4765520095825195312500" "WordPress/5.1.19; https://69b4844ae61d4e92bf26ad98af552775-devsite.readyship.co"
64.252.74.218 - - [19/Mar/2026:00:00:30 +0000] "GET /?feed=rss2&p=26014 HTTP/1.1" 200 520 "-" "Amazon CloudFront"
15.158.215.109 - - [19/Mar/2026:00:01:53 +0000] "POST /wp-cron.php?doing_wp_cron=1773878512.9377069473266601562500 HTTP/1.1" 200 - "https://69b4844ae61d4e92bf26ad98af552775-devsite.readyship.co/wp-cron.php?doing_wp_cron=1773878512.9377069473266601562500" "WordPress/5.1.19; https://69b4844ae61d4e92bf26ad98af552775-devsite.readyship.co"
64.252.66.156 - - [19/Mar/2026:00:01:52 +0000] "GET /?p=83128 HTTP/1.1" 200 25139 "-" "Amazon CloudFront"
15.158.215.109 - - [19/Mar/2026:00:02:49 +0000] "POST /wp-cron.php?doing_wp_cron=1773878569.2879869937896728515625 HTTP/1.1" 200 - "https://69b4844ae61d4e92bf26ad98af552775-devsite.readyship.co/wp-cron.php?doing_wp_cron=1773878569.2879869937896728515625" "WordPress/5.1.19; https://69b4844ae61d4e92bf26ad98af552775-devsite.readyship.co"
64.252.74.61 - - [19/Mar/2026:00:02:48 +0000] "GET /?page_id=2807&paged=4301 HTTP/1.1" 200 11227 "-" "Amazon CloudFront"
15.158.215.109 - - [19/Mar/2026:00:20:39 +0000] "POST /wp-cron.php?doing_wp_cron=1773879639.0768840312957763671875 HTTP/1.1" 200 - "https://69b4844ae61d4e92bf26ad98af552775-devsite.readyship.co/wp-cron.php?doing_wp_cron=1773879639.0768840312957763671875" "WordPress/5.1.19; https://69b4844ae61d4e92bf26ad98af552775-devsite.readyship.co"
64.252.74.61 - - [19/Mar/2026:00:20:32 +0000] "GET /?p=16489 HTTP/1.1" 200 14075 "-" "Amazon CloudFront"
64.252.82.152 - - [19/Mar/2026:00:20:51 +0000] "GET /?feed=rss2&p=14591 HTTP/1.1" 200 510 "-" "Amazon CloudFront"
64.252.85.152 - - [19/Mar/2026:00:20:53 +0000] "GET /?feed=rss2&p=14592 HTTP/1.1" 200 519 "-" "Amazon CloudFront"
64.252.85.152 - - [19/Mar/2026:00:20:55 +0000] "GET /?feed=rss2&p=14595 HTTP/1.1" 200 517 "-" "Amazon CloudFront"
64.252.82.241 - - [19/Mar/2026:00:20:57 +0000] "GET /?feed=rss2&p=14597 HTTP/1.1" 200 540 "-" "Amazon CloudFront"
64.252.82.241 - - [19/Mar/2026:00:20:59 +0000] "GET /?feed=rss2&p=14599 HTTP/1.1" 200 540 "-" "Amazon CloudFront"
64.252.85.152 - - [19/Mar/2026:00:21:01 +0000] "GET /?feed=rss2&p=14601 HTTP/1.1" 200 502 "-" "Amazon CloudFront"
64.252.82.152 - - [19/Mar/2026:00:21:03 +0000] "GET /?feed=rss2&p=14603 HTTP/1.1" 200 514 "-" "Amazon CloudFront"
64.252.85.152 - - [19/Mar/2026:00:21:05 +0000] "GET /?feed=rss2&p=14605 HTTP/1.1" 200 516 "-" "Amazon CloudFront"
64.252.85.152 - - [19/Mar/2026:00:21:08 +0000] "GET /?feed=rss2&p=14607 HTTP/1.1" 200 538 "-" "Amazon CloudFront"
64.252.82.241 - - [19/Mar/2026:00:21:10 +0000] "GET /?feed=rss2&p=14609 HTTP/1.1" 200 500 "-" "Amazon CloudFront"
64.252.82.152 - - [19/Mar/2026:00:21:12 +0000] "GET /?feed=rss2&p=14611 HTTP/1.1" 200 542 "-" "Amazon CloudFront"
64.252.82.152 - - [19/Mar/2026:00:21:14 +0000] "GET /?feed=rss2&p=14613 HTTP/1.1" 200 562 "-" "Amazon CloudFront"
64.252.85.152 - - [19/Mar/2026:00:21:16 +0000] "GET /?feed=rss2&p=14615 HTTP/1.1" 200 527 "-" "Amazon CloudFront"
64.252.82.241 - - [19/Mar/2026:00:21:18 +0000] "GET /?feed=rss2&p=14617 HTTP/1.1" 200 493 "-" "Amazon CloudFront"
64.252.82.152 - - [19/Mar/2026:00:21:20 +0000] "GET /?feed=rss2&p=14619 HTTP/1.1" 200 490 "-" "Amazon CloudFront"
15.158.215.109 - - [19/Mar/2026:00:21:22 +0000] "POST /wp-cron.php?doing_wp_cron=1773879682.2590239048004150390625 HTTP/1.1" 200 - "https://69b4844ae61d4e92bf26ad98af552775-devsite.readyship.co/wp-cron.php?doing_wp_cron=1773879682.2590239048004150390625" "WordPress/5.1.19; https://69b4844ae61d4e92bf26ad98af552775-devsite.readyship.co"
64.252.82.241 - - [19/Mar/2026:00:21:21 +0000] "GET /?feed=rss2&p=14621 HTTP/1.1" 200 490 "-" "Amazon CloudFront"
64.252.82.241 - - [19/Mar/2026:00:21:24 +0000] "GET /?feed=rss2&p=14623 HTTP/1.1" 200 512 "-" "Amazon CloudFront"
64.252.85.152 - - [19/Mar/2026:00:21:26 +0000] "GET /?feed=rss2&p=14625 HTTP/1.1" 200 516 "-" "Amazon CloudFront"
64.252.85.152 - - [19/Mar/2026:00:21:28 +0000] "GET /?feed=rss2&p=14627 HTTP/1.1" 200 502 "-" "Amazon CloudFront"
64.252.82.241 - - [19/Mar/2026:00:21:30 +0000] "GET /?feed=rss2&p=14629 HTTP/1.1" 200 506 "-" "Amazon CloudFront"
64.252.82.241 - - [19/Mar/2026:00:21:32 +0000] "GET /?feed=rss2&p=24542 HTTP/1.1" 200 520 "-" "Amazon CloudFront"
64.252.82.152 - - [19/Mar/2026:00:21:35 +0000] "GET /?feed=rss2&p=24546 HTTP/1.1" 200 528 "-" "Amazon CloudFront"
64.252.82.152 - - [19/Mar/2026:00:21:37 +0000] "GET /?feed=rss2&p=26161 HTTP/1.1" 200 514 "-" "Amazon CloudFront"
64.252.85.152 - - [19/Mar/2026:00:21:39 +0000] "GET /?feed=rss2&p=26817 HTTP/1.1" 200 516 "-" "Amazon CloudFront"
64.252.82.152 - - [19/Mar/2026:00:21:41 +0000] "GET /?feed=rss2&p=31023 HTTP/1.1" 200 535 "-" "Amazon CloudFront"
64.252.85.152 - - [19/Mar/2026:00:21:43 +0000] "GET /?feed=rss2&p=32854 HTTP/1.1" 200 533 "-" "Amazon CloudFront"
64.252.82.241 - - [19/Mar/2026:00:21:45 +0000] "GET /?feed=rss2&p=34116 HTTP/1.1" 200 537 "-" "Amazon CloudFront"
64.252.82.241 - - [19/Mar/2026:00:21:47 +0000] "GET /?feed=rss2&p=44668 HTTP/1.1" 200 544 "-" "Amazon CloudFront"
64.252.82.241 - - [19/Mar/2026:00:21:48 +0000] "GET /?feed=rss2&p=45513 HTTP/1.1" 200 498 "-" "Amazon CloudFront"
64.252.82.241 - - [19/Mar/2026:00:21:50 +0000] "GET /?feed=rss2&p=46190 HTTP/1.1" 200 507 "-" "Amazon CloudFront"
64.252.85.152 - - [19/Mar/2026:00:21:52 +0000] "GET /?feed=rss2&p=49080 HTTP/1.1" 200 528 "-" "Amazon CloudFront"
64.252.82.241 - - [19/Mar/2026:00:21:54 +0000] "GET /?feed=rss2&p=51362 HTTP/1.1" 200 558 "-" "Amazon CloudFront"
64.252.82.241 - - [19/Mar/2026:00:21:56 +0000] "GET /?feed=rss2&p=70024 HTTP/1.1" 200 518 "-" "Amazon CloudFront"
64.252.85.152 - - [19/Mar/2026:00:21:58 +0000] "GET /?feed=rss2&p=70280 HTTP/1.1" 200 516 "-" "Amazon CloudFront"
64.252.82.241 - - [19/Mar/2026:00:22:00 +0000] "GET /?feed=rss2&p=71086 HTTP/1.1" 200 523 "-" "Amazon CloudFront"
64.252.82.152 - - [19/Mar/2026:00:22:02 +0000] "GET /?feed=rss2&p=72299 HTTP/1.1" 200 518 "-" "Amazon CloudFront"
64.252.82.152 - - [19/Mar/2026:00:22:04 +0000] "GET /?feed=rss2&p=73036 HTTP/1.1" 200 525 "-" "Amazon CloudFront"
64.252.82.241 - - [19/Mar/2026:00:22:06 +0000] "GET /?p=14631 HTTP/1.1" 200 14223 "-" "Amazon CloudFront"
64.252.76.215 - - [19/Mar/2026:00:22:09 +0000] "GET /?feed=rss2&p=16451 HTTP/1.1" 200 500 "-" "Amazon CloudFront"
64.252.76.215 - - [19/Mar/2026:00:22:09 +0000] "GET /?feed=rss2&p=16481 HTTP/1.1" 200 496 "-" "Amazon CloudFront"
64.252.82.152 - - [19/Mar/2026:00:22:09 +0000] "GET /?p=14633 HTTP/1.1" 200 15833 "-" "Amazon CloudFront"
64.252.82.241 - - [19/Mar/2026:00:22:12 +0000] "GET /?p=14635 HTTP/1.1" 200 14675 "-" "Amazon CloudFront"
64.252.82.152 - - [19/Mar/2026:00:22:14 +0000] "GET /?p=14637 HTTP/1.1" 200 14339 "-" "Amazon CloudFront"
64.252.82.152 - - [19/Mar/2026:00:22:16 +0000] "GET /?p=14639 HTTP/1.1" 200 14673 "-" "Amazon CloudFront"
18.68.8.18 - - [19/Mar/2026:00:22:18 +0000] "POST /xmlrpc.php HTTP/1.1" 200 403 "-" "Mozilla/5.0 (Windows NT 10.0; Win64; x64) AppleWebKit/537.36 (KHTML, like Gecko) Chrome/114.0.0.0 Safari/537.36"
18.68.8.18 - - [19/Mar/2026:00:22:19 +0000] "POST /xmlrpc.php HTTP/1.1" 200 403 "-" "Mozilla/5.0 (Windows NT 10.0; Win64; x64) AppleWebKit/537.36 (KHTML, like Gecko) Chrome/114.0.0.0 Safari/537.36"
64.252.82.152 - - [19/Mar/2026:00:22:19 +0000] "GET /?p=14641 HTTP/1.1" 200 14460 "-" "Amazon CloudFront"
15.158.215.109 - - [19/Mar/2026:00:22:22 +0000] "POST /wp-cron.php?doing_wp_cron=1773879742.4701490402221679687500 HTTP/1.1" 200 - "https://69b4844ae61d4e92bf26ad98af552775-devsite.readyship.co/wp-cron.php?doing_wp_cron=1773879742.4701490402221679687500" "WordPress/5.1.19; https://69b4844ae61d4e92bf26ad98af552775-devsite.readyship.co"
64.252.85.152 - - [19/Mar/2026:00:22:22 +0000] "GET /?p=14643 HTTP/1.1" 200 14741 "-" "Amazon CloudFront"
64.252.85.152 - - [19/Mar/2026:00:22:25 +0000] "GET /?p=14645 HTTP/1.1" 200 14576 "-" "Amazon CloudFront"
64.252.85.152 - - [19/Mar/2026:00:22:27 +0000] "GET /?p=14647 HTTP/1.1" 200 14392 "-" "Amazon CloudFront"
64.252.74.218 - - [19/Mar/2026:00:22:28 +0000] "GET /?feed=rss2&p=79987 HTTP/1.1" 200 515 "-" "Amazon CloudFront"
64.252.74.218 - - [19/Mar/2026:00:22:28 +0000] "GET /?feed=rss2&p=16477 HTTP/1.1" 200 500 "-" "Amazon CloudFront"
64.252.85.152 - - [19/Mar/2026:00:22:29 +0000] "GET /?p=14649 HTTP/1.1" 200 14694 "-" "Amazon CloudFront"
64.252.82.241 - - [19/Mar/2026:00:22:32 +0000] "GET /?p=14651 HTTP/1.1" 200 14687 "-" "Amazon CloudFront"
64.252.85.152 - - [19/Mar/2026:00:22:34 +0000] "GET /?p=14653 HTTP/1.1" 200 14314 "-" "Amazon CloudFront"
64.252.82.152 - - [19/Mar/2026:00:22:37 +0000] "GET /?p=14655 HTTP/1.1" 200 15606 "-" "Amazon CloudFront"
64.252.85.152 - - [19/Mar/2026:00:22:39 +0000] "GET /?p=14657 HTTP/1.1" 200 14667 "-" "Amazon CloudFront"
64.252.85.152 - - [19/Mar/2026:00:22:42 +0000] "GET /?p=14659 HTTP/1.1" 200 14848 "-" "Amazon CloudFront"
64.252.82.241 - - [19/Mar/2026:00:22:45 +0000] "GET /?p=14661 HTTP/1.1" 200 14448 "-" "Amazon CloudFront"
64.252.85.152 - - [19/Mar/2026:00:22:47 +0000] "GET /?p=14663 HTTP/1.1" 200 14525 "-" "Amazon CloudFront"
64.252.82.152 - - [19/Mar/2026:00:22:50 +0000] "GET /?p=14665 HTTP/1.1" 200 14296 "-" "Amazon CloudFront"
64.252.82.152 - - [19/Mar/2026:00:22:52 +0000] "GET /?p=14667 HTTP/1.1" 200 14386 "-" "Amazon CloudFront"
64.252.82.152 - - [19/Mar/2026:00:22:55 +0000] "GET /?p=14669 HTTP/1.1" 200 14500 "-" "Amazon CloudFront"
64.252.82.152 - - [19/Mar/2026:00:22:57 +0000] "GET /?p=24540 HTTP/1.1" 200 14485 "-" "Amazon CloudFront"
64.252.82.152 - - [19/Mar/2026:00:23:00 +0000] "GET /?p=26164 HTTP/1.1" 200 14821 "-" "Amazon CloudFront"
64.252.82.152 - - [19/Mar/2026:00:23:02 +0000] "GET /?p=26815 HTTP/1.1" 200 15136 "-" "Amazon CloudFront"
64.252.85.152 - - [19/Mar/2026:00:23:05 +0000] "GET /?p=31025 HTTP/1.1" 200 17788 "-" "Amazon CloudFront"
64.252.82.152 - - [19/Mar/2026:00:23:07 +0000] "GET /?p=32852 HTTP/1.1" 200 17975 "-" "Amazon CloudFront"
64.252.85.152 - - [19/Mar/2026:00:23:10 +0000] "GET /?p=34114 HTTP/1.1" 200 16799 "-" "Amazon CloudFront"
64.252.82.241 - - [19/Mar/2026:00:23:12 +0000] "GET /?p=34118 HTTP/1.1" 200 15562 "-" "Amazon CloudFront"
64.252.85.152 - - [19/Mar/2026:00:23:15 +0000] "GET /?p=44670 HTTP/1.1" 200 18488 "-" "Amazon CloudFront"
64.252.85.152 - - [19/Mar/2026:00:23:17 +0000] "GET /?p=45511 HTTP/1.1" 200 17949 "-" "Amazon CloudFront"
64.252.82.241 - - [19/Mar/2026:00:23:19 +0000] "GET /?p=46192 HTTP/1.1" 200 21584 "-" "Amazon CloudFront"
64.252.82.152 - - [19/Mar/2026:00:23:22 +0000] "GET /?p=49085 HTTP/1.1" 200 18241 "-" "Amazon CloudFront"
15.158.215.109 - - [19/Mar/2026:00:23:22 +0000] "POST /wp-cron.php?doing_wp_cron=1773879802.6938409805297851562500 HTTP/1.1" 200 - "https://69b4844ae61d4e92bf26ad98af552775-devsite.readyship.co/wp-cron.php?doing_wp_cron=1773879802.6938409805297851562500" "WordPress/5.1.19; https://69b4844ae61d4e92bf26ad98af552775-devsite.readyship.co"
64.252.82.241 - - [19/Mar/2026:00:23:25 +0000] "GET /?p=51360 HTTP/1.1" 200 22412 "-" "Amazon CloudFront"
64.252.82.152 - - [19/Mar/2026:00:23:27 +0000] "GET /?p=54149 HTTP/1.1" 200 14310 "-" "Amazon CloudFront"
64.252.82.152 - - [19/Mar/2026:00:23:30 +0000] "GET /?p=54160 HTTP/1.1" 200 14696 "-" "Amazon CloudFront"
64.252.82.152 - - [19/Mar/2026:00:23:32 +0000] "GET /?p=65067 HTTP/1.1" 200 14628 "-" "Amazon CloudFront"
64.252.74.218 - - [19/Mar/2026:00:23:35 +0000] "GET /?feed=rss2&p=16465 HTTP/1.1" 200 520 "-" "Amazon CloudFront"
64.252.82.152 - - [19/Mar/2026:00:23:34 +0000] "GET /?p=65166 HTTP/1.1" 200 14449 "-" "Amazon CloudFront"
64.252.82.152 - - [19/Mar/2026:00:23:37 +0000] "GET /?p=65380 HTTP/1.1" 200 14688 "-" "Amazon CloudFront"
64.252.82.241 - - [19/Mar/2026:00:23:39 +0000] "GET /?p=70030 HTTP/1.1" 200 14840 "-" "Amazon CloudFront"
