64.252.68.102 - - [21/Mar/2026:00:57:07 +0000] "GET /?p=68493 HTTP/1.1" 200 14470 "-" "Amazon CloudFront"
15.158.215.109 - - [21/Mar/2026:00:58:47 +0000] "POST /wp-cron.php?doing_wp_cron=1774054727.8581919670104980468750 HTTP/1.1" 200 - "https://69b4844ae61d4e92bf26ad98af552775-devsite.readyship.co/wp-cron.php?doing_wp_cron=1774054727.8581919670104980468750" "WordPress/5.1.19; https://69b4844ae61d4e92bf26ad98af552775-devsite.readyship.co"
64.252.68.102 - - [21/Mar/2026:00:58:47 +0000] "GET /?job_listing=mercedes-benz-a-200-cdi HTTP/1.1" 200 16235 "-" "Amazon CloudFront"
64.252.77.92 - - [21/Mar/2026:00:58:50 +0000] "GET /?p=80047 HTTP/1.1" 200 16574 "-" "Amazon CloudFront"
64.252.68.203 - - [21/Mar/2026:00:58:54 +0000] "GET /wp-includes/js/wp-emoji-release.min.js?ver=5.1.19 HTTP/1.1" 200 7436 "-" "Amazon CloudFront"
64.252.66.156 - - [21/Mar/2026:00:58:54 +0000] "GET /wp-content/plugins/wp-job-manager/assets/css/frontend.css?ver=1.32.2 HTTP/1.1" 200 4284 "-" "Amazon CloudFront"
64.252.68.203 - - [21/Mar/2026:00:58:54 +0000] "GET /wp-content/plugins/elementor/assets/lib/animations/animations.min.css?ver=2.5.14 HTTP/1.1" 200 2592 "-" "Amazon CloudFront"
64.252.68.102 - - [21/Mar/2026:00:58:54 +0000] "GET /wp-content/uploads/elementor/css/global.css?ver=1555758410 HTTP/1.1" 200 683 "-" "Amazon CloudFront"
64.252.68.203 - - [21/Mar/2026:00:58:54 +0000] "GET /wp-content/plugins/elementor/assets/css/frontend.min.css?ver=2.5.14 HTTP/1.1" 200 13179 "-" "Amazon CloudFront"
64.252.68.203 - - [21/Mar/2026:00:58:54 +0000] "GET /wp-content/themes/my-listing-child/style.css?ver=5.1.19 HTTP/1.1" 200 372 "-" "Amazon CloudFront"
64.252.68.139 - - [21/Mar/2026:00:58:54 +0000] "GET /wp-content/plugins/woocommerce/assets/css/woocommerce-smallscreen.css?ver=3.6.7 HTTP/1.1" 200 1055 "-" "Amazon CloudFront"
64.252.66.156 - - [21/Mar/2026:00:58:54 +0000] "GET /wp-content/uploads/mylisting-dynamic-styles.css?ver=1590799639 HTTP/1.1" 200 5404 "-" "Amazon CloudFront"
64.252.68.102 - - [21/Mar/2026:00:58:54 +0000] "GET /wp-content/themes/my-listing/assets/dist/frontend/vendor.css?ver=2.0.11 HTTP/1.1" 200 29625 "-" "Amazon CloudFront"
64.252.66.156 - - [21/Mar/2026:00:58:54 +0000] "GET /wp-content/themes/my-listing/assets/dist/icons/icons.css?ver=2.0.11 HTTP/1.1" 200 21979 "-" "Amazon CloudFront"
64.252.66.156 - - [21/Mar/2026:00:58:54 +0000] "GET /wp-content/plugins/woocommerce/assets/css/select2.css?ver=3.6.7 HTTP/1.1" 200 1963 "-" "Amazon CloudFront"
64.252.66.156 - - [21/Mar/2026:00:58:54 +0000] "GET /wp-content/themes/my-listing/style.css?ver=5.1.19 HTTP/1.1" 200 1040 "-" "Amazon CloudFront"
64.252.68.139 - - [21/Mar/2026:00:58:54 +0000] "GET /wp-content/themes/my-listing/assets/dist/maps/google-maps/google-maps.css?ver=2.0.11 HTTP/1.1" 200 1009 "-" "Amazon CloudFront"
64.252.68.203 - - [21/Mar/2026:00:58:54 +0000] "GET /wp-includes/css/dist/block-library/style.min.css?ver=5.1.19 HTTP/1.1" 200 4268 "-" "Amazon CloudFront"
64.252.66.156 - - [21/Mar/2026:00:58:54 +0000] "GET /wp-includes/js/jquery/jquery-migrate.min.js?ver=1.4.1 HTTP/1.1" 200 7119 "-" "Amazon CloudFront"
64.252.68.102 - - [21/Mar/2026:00:58:54 +0000] "GET /wp-content/plugins/woocommerce/assets/css/woocommerce.css?ver=3.6.7 HTTP/1.1" 200 8809 "-" "Amazon CloudFront"
64.252.68.102 - - [21/Mar/2026:00:58:54 +0000] "GET /wp-content/plugins/woocommerce/assets/js/jquery-blockui/jquery.blockUI.min.js?ver=2.70 HTTP/1.1" 200 6643 "-" "Amazon CloudFront"
64.252.68.139 - - [21/Mar/2026:00:58:55 +0000] "GET /wp-content/plugins/contact-form-7/includes/js/scripts.js?ver=5.1.1 HTTP/1.1" 200 7164 "-" "Amazon CloudFront"
64.252.68.203 - - [21/Mar/2026:00:58:55 +0000] "GET /wp-content/plugins/woocommerce/assets/js/js-cookie/js.cookie.min.js?ver=2.1.4 HTTP/1.1" 200 4017 "-" "Amazon CloudFront"
64.252.66.156 - - [21/Mar/2026:00:58:55 +0000] "GET /wp-content/themes/my-listing/assets/dist/frontend/frontend.css?ver=2.0.11 HTTP/1.1" 200 63010 "-" "Amazon CloudFront"
64.252.66.156 - - [21/Mar/2026:00:58:55 +0000] "GET /wp-includes/js/dist/vendor/moment.min.js?ver=2.22.2 HTTP/1.1" 200 20021 "-" "Amazon CloudFront"
64.252.66.156 - - [21/Mar/2026:00:58:55 +0000] "GET /wp-content/themes/my-listing/assets/dist/frontend/frontend.js?ver=2.0.11 HTTP/1.1" 200 16765 "-" "Amazon CloudFront"
64.252.68.102 - - [21/Mar/2026:00:58:55 +0000] "GET /wp-includes/js/comment-reply.min.js?ver=5.1.19 HTTP/1.1" 200 4129 "-" "Amazon CloudFront"
64.252.66.156 - - [21/Mar/2026:00:58:55 +0000] "GET /wp-content/themes/my-listing/assets/dist/frontend/single-listing.js?ver=2.0.11 HTTP/1.1" 200 4962 "-" "Amazon CloudFront"
64.252.68.102 - - [21/Mar/2026:00:58:55 +0000] "GET /wp-content/plugins/woocommerce/assets/js/frontend/add-to-cart.min.js?ver=3.6.7 HTTP/1.1" 200 4033 "-" "Amazon CloudFront"
64.252.68.203 - - [21/Mar/2026:00:58:55 +0000] "GET /wp-content/plugins/woocommerce/assets/js/frontend/password-strength-meter.min.js?ver=3.6.7 HTTP/1.1" 200 3833 "-" "Amazon CloudFront"
64.252.68.139 - - [21/Mar/2026:00:58:55 +0000] "GET /wp-content/plugins/woocommerce/assets/js/frontend/cart-fragments.min.js?ver=3.6.7 HTTP/1.1" 200 4113 "-" "Amazon CloudFront"
64.252.66.156 - - [21/Mar/2026:00:58:55 +0000] "GET /wp-includes/js/jquery/ui/sortable.min.js?ver=1.11.4 HTTP/1.1" 200 9633 "-" "Amazon CloudFront"
64.252.68.139 - - [21/Mar/2026:00:58:55 +0000] "GET /wp-includes/js/wp-embed.min.js?ver=5.1.19 HTTP/1.1" 200 3822 "-" "Amazon CloudFront"
64.252.68.139 - - [21/Mar/2026:00:58:56 +0000] "GET /wp-includes/js/jquery/ui/core.min.js?ver=1.11.4 HTTP/1.1" 200 4888 "-" "Amazon CloudFront"
64.252.68.102 - - [21/Mar/2026:00:58:56 +0000] "GET /wp-content/plugins/woocommerce/assets/js/frontend/woocommerce.min.js?ver=3.6.7 HTTP/1.1" 200 3702 "-" "Amazon CloudFront"
64.252.68.203 - - [21/Mar/2026:00:58:56 +0000] "GET /wp-content/themes/my-listing/assets/dist/frontend/vendor.js?ver=2.0.11 HTTP/1.1" 200 120384 "-" "Amazon CloudFront"
18.68.4.75 - - [21/Mar/2026:00:58:57 +0000] "POST /?wc-ajax=get_refreshed_fragments HTTP/1.1" 200 200 "-" "Amazon CloudFront"
64.252.68.139 - - [21/Mar/2026:00:58:57 +0000] "GET /wp-includes/js/zxcvbn.min.js HTTP/1.1" 200 402395 "-" "Amazon CloudFront"
64.252.68.102 - - [21/Mar/2026:00:59:57 +0000] "GET /wp-content/plugins/elementor/assets/lib/font-awesome/css/font-awesome.min.css?ver=4.7.0 HTTP/1.1" 200 7050 "-" "Amazon CloudFront"
64.252.66.156 - - [21/Mar/2026:00:59:57 +0000] "GET /wp-includes/js/zxcvbn-async.min.js?ver=1.0 HTTP/1.1" 200 3282 "-" "Amazon CloudFront"
64.252.68.139 - - [21/Mar/2026:00:59:57 +0000] "GET /wp-content/plugins/contact-form-7/includes/css/styles.css?ver=5.1.1 HTTP/1.1" 200 651 "-" "Amazon CloudFront"
64.252.68.102 - - [21/Mar/2026:00:59:59 +0000] "GET /wp-content/plugins/woocommerce/assets/css/woocommerce-layout.css?ver=3.6.7 HTTP/1.1" 200 2155 "-" "Amazon CloudFront"
64.252.68.102 - - [21/Mar/2026:00:59:59 +0000] "GET /wp-includes/js/jquery/jquery.js?ver=1.12.4 HTTP/1.1" 200 36986 "-" "Amazon CloudFront"
64.252.66.156 - - [21/Mar/2026:01:00:00 +0000] "GET /wp-content/plugins/woocommerce/assets/css/blocks/style.css?ver=3.6.7 HTTP/1.1" 200 933 "-" "Amazon CloudFront"
64.252.66.156 - - [21/Mar/2026:01:00:00 +0000] "GET /wp-content/plugins/elementor/assets/lib/eicons/css/elementor-icons.min.css?ver=4.3.0 HTTP/1.1" 200 2536 "-" "Amazon CloudFront"
64.252.68.139 - - [21/Mar/2026:01:00:01 +0000] "GET /wp-includes/js/jquery/ui/mouse.min.js?ver=1.11.4 HTTP/1.1" 200 4073 "-" "Amazon CloudFront"
64.252.66.156 - - [21/Mar/2026:01:00:01 +0000] "GET /wp-content/themes/my-listing/assets/vendor/select2/select2.js?ver=2.0.11 HTTP/1.1" 200 22321 "-" "Amazon CloudFront"
64.252.68.139 - - [21/Mar/2026:01:00:02 +0000] "GET /wp-admin/js/password-strength-meter.min.js?ver=5.1.19 HTTP/1.1" 200 3517 "-" "Amazon CloudFront"
64.252.68.139 - - [21/Mar/2026:01:00:02 +0000] "GET /wp-includes/js/jquery/ui/widget.min.js?ver=1.11.4 HTTP/1.1" 200 5668 "-" "Amazon CloudFront"
64.252.68.203 - - [21/Mar/2026:01:00:02 +0000] "GET /wp-content/themes/my-listing/assets/dist/maps/google-maps/google-maps.js?ver=2.0.11 HTTP/1.1" 200 15359 "-" "Amazon CloudFront"
15.158.215.109 - - [21/Mar/2026:01:00:03 +0000] "POST /wp-cron.php?doing_wp_cron=1774054803.7310039997100830078125 HTTP/1.1" 200 - "https://69b4844ae61d4e92bf26ad98af552775-devsite.readyship.co/wp-cron.php?doing_wp_cron=1774054803.7310039997100830078125" "WordPress/5.1.19; https://69b4844ae61d4e92bf26ad98af552775-devsite.readyship.co"
18.68.4.75 - - [21/Mar/2026:01:00:03 +0000] "POST /?wc-ajax=get_refreshed_fragments HTTP/1.1" 200 200 "-" "Amazon CloudFront"
15.158.215.109 - - [21/Mar/2026:01:00:46 +0000] "POST /wp-cron.php?doing_wp_cron=1774054846.8532528877258300781250 HTTP/1.1" 200 - "https://69b4844ae61d4e92bf26ad98af552775-devsite.readyship.co/wp-cron.php?doing_wp_cron=1774054846.8532528877258300781250" "WordPress/5.1.19; https://69b4844ae61d4e92bf26ad98af552775-devsite.readyship.co"
64.252.68.203 - - [21/Mar/2026:01:00:46 +0000] "GET /?p=11063 HTTP/1.1" 200 16621 "-" "Amazon CloudFront"
15.158.215.109 - - [21/Mar/2026:01:02:09 +0000] "POST /wp-cron.php?doing_wp_cron=1774054929.4404909610748291015625 HTTP/1.1" 200 - "https://69b4844ae61d4e92bf26ad98af552775-devsite.readyship.co/wp-cron.php?doing_wp_cron=1774054929.4404909610748291015625" "WordPress/5.1.19; https://69b4844ae61d4e92bf26ad98af552775-devsite.readyship.co"
64.252.68.102 - - [21/Mar/2026:01:02:09 +0000] "GET /?p=55295 HTTP/1.1" 200 14341 "-" "Amazon CloudFront"
15.158.215.109 - - [21/Mar/2026:01:02:54 +0000] "POST /wp-cron.php?doing_wp_cron=1774054974.9346768856048583984375 HTTP/1.1" 200 - "https://69b4844ae61d4e92bf26ad98af552775-devsite.readyship.co/wp-cron.php?doing_wp_cron=1774054974.9346768856048583984375" "WordPress/5.1.19; https://69b4844ae61d4e92bf26ad98af552775-devsite.readyship.co"
64.252.66.156 - - [21/Mar/2026:01:02:54 +0000] "GET /?p=29532 HTTP/1.1" 200 19642 "-" "Amazon CloudFront"
15.158.215.109 - - [21/Mar/2026:01:03:57 +0000] "POST /wp-cron.php?doing_wp_cron=1774055037.2417678833007812500000 HTTP/1.1" 200 - "https://69b4844ae61d4e92bf26ad98af552775-devsite.readyship.co/wp-cron.php?doing_wp_cron=1774055037.2417678833007812500000" "WordPress/5.1.19; https://69b4844ae61d4e92bf26ad98af552775-devsite.readyship.co"
64.252.68.102 - - [21/Mar/2026:01:03:56 +0000] "GET /?p=83312 HTTP/1.1" 200 16905 "-" "Amazon CloudFront"
15.158.215.109 - - [21/Mar/2026:01:05:46 +0000] "POST /wp-cron.php?doing_wp_cron=1774055146.8287179470062255859375 HTTP/1.1" 200 - "https://69b4844ae61d4e92bf26ad98af552775-devsite.readyship.co/wp-cron.php?doing_wp_cron=1774055146.8287179470062255859375" "WordPress/5.1.19; https://69b4844ae61d4e92bf26ad98af552775-devsite.readyship.co"
64.252.68.139 - - [21/Mar/2026:01:05:46 +0000] "GET /?p=42634 HTTP/1.1" 200 15275 "-" "Amazon CloudFront"
15.158.215.109 - - [21/Mar/2026:01:07:17 +0000] "POST /wp-cron.php?doing_wp_cron=1774055237.4590380191802978515625 HTTP/1.1" 200 - "https://69b4844ae61d4e92bf26ad98af552775-devsite.readyship.co/wp-cron.php?doing_wp_cron=1774055237.4590380191802978515625" "WordPress/5.1.19; https://69b4844ae61d4e92bf26ad98af552775-devsite.readyship.co"
64.252.68.139 - - [21/Mar/2026:01:07:17 +0000] "GET /?p=83824 HTTP/1.1" 200 14234 "-" "Amazon CloudFront"
15.158.215.109 - - [21/Mar/2026:01:07:55 +0000] "POST /wp-cron.php?doing_wp_cron=1774055275.0486900806427001953125 HTTP/1.1" 200 - "https://69b4844ae61d4e92bf26ad98af552775-devsite.readyship.co/wp-cron.php?doing_wp_cron=1774055275.0486900806427001953125" "WordPress/5.1.19; https://69b4844ae61d4e92bf26ad98af552775-devsite.readyship.co"
64.252.68.139 - - [21/Mar/2026:01:07:54 +0000] "GET /?p=57656 HTTP/1.1" 200 14825 "-" "Amazon CloudFront"
15.158.215.109 - - [21/Mar/2026:01:09:28 +0000] "POST /wp-cron.php?doing_wp_cron=1774055368.0028550624847412109375 HTTP/1.1" 200 - "https://69b4844ae61d4e92bf26ad98af552775-devsite.readyship.co/wp-cron.php?doing_wp_cron=1774055368.0028550624847412109375" "WordPress/5.1.19; https://69b4844ae61d4e92bf26ad98af552775-devsite.readyship.co"
64.252.68.102 - - [21/Mar/2026:01:09:27 +0000] "GET /?p=93995 HTTP/1.1" 200 24570 "-" "Amazon CloudFront"
64.252.66.156 - - [21/Mar/2026:01:09:31 +0000] "GET /?p=29264 HTTP/1.1" 200 20788 "-" "Amazon CloudFront"
15.158.215.109 - - [21/Mar/2026:01:11:21 +0000] "POST /wp-cron.php?doing_wp_cron=1774055481.0569629669189453125000 HTTP/1.1" 200 - "https://69b4844ae61d4e92bf26ad98af552775-devsite.readyship.co/wp-cron.php?doing_wp_cron=1774055481.0569629669189453125000" "WordPress/5.1.19; https://69b4844ae61d4e92bf26ad98af552775-devsite.readyship.co"
64.252.68.139 - - [21/Mar/2026:01:11:20 +0000] "GET /?cat=1&paged=28 HTTP/1.1" 200 11338 "-" "Amazon CloudFront"
15.158.215.109 - - [21/Mar/2026:01:11:49 +0000] "POST /wp-cron.php?doing_wp_cron=1774055509.4590170383453369140625 HTTP/1.1" 200 - "https://69b4844ae61d4e92bf26ad98af552775-devsite.readyship.co/wp-cron.php?doing_wp_cron=1774055509.4590170383453369140625" "WordPress/5.1.19; https://69b4844ae61d4e92bf26ad98af552775-devsite.readyship.co"
64.252.66.156 - - [21/Mar/2026:01:11:49 +0000] "GET /?p=36092 HTTP/1.1" 200 20103 "-" "Amazon CloudFront"
15.158.215.109 - - [21/Mar/2026:01:12:43 +0000] "POST /wp-cron.php?doing_wp_cron=1774055563.4277150630950927734375 HTTP/1.1" 200 - "https://69b4844ae61d4e92bf26ad98af552775-devsite.readyship.co/wp-cron.php?doing_wp_cron=1774055563.4277150630950927734375" "WordPress/5.1.19; https://69b4844ae61d4e92bf26ad98af552775-devsite.readyship.co"
18.68.8.18 - - [21/Mar/2026:01:12:43 +0000] "POST /xmlrpc.php HTTP/1.1" 200 403 "-" "Mozilla/5.0 (Windows NT 10.0; Win64; x64) AppleWebKit/537.36 (KHTML, like Gecko) Chrome/114.0.0.0 Safari/537.36"
18.68.8.18 - - [21/Mar/2026:01:12:51 +0000] "POST /xmlrpc.php HTTP/1.1" 200 403 "-" "Mozilla/5.0 (Windows NT 10.0; Win64; x64) AppleWebKit/537.36 (KHTML, like Gecko) Chrome/114.0.0.0 Safari/537.36"
64.252.68.203 - - [21/Mar/2026:01:13:11 +0000] "GET /?p=6114 HTTP/1.1" 200 17141 "-" "Amazon CloudFront"
15.158.215.109 - - [21/Mar/2026:01:14:19 +0000] "POST /wp-cron.php?doing_wp_cron=1774055659.2014670372009277343750 HTTP/1.1" 200 - "https://69b4844ae61d4e92bf26ad98af552775-devsite.readyship.co/wp-cron.php?doing_wp_cron=1774055659.2014670372009277343750" "WordPress/5.1.19; https://69b4844ae61d4e92bf26ad98af552775-devsite.readyship.co"
64.252.68.203 - - [21/Mar/2026:01:14:18 +0000] "GET /?p=83016 HTTP/1.1" 200 47353 "-" "Amazon CloudFront"
15.158.215.109 - - [21/Mar/2026:01:15:50 +0000] "POST /wp-cron.php?doing_wp_cron=1774055750.1828579902648925781250 HTTP/1.1" 200 - "https://69b4844ae61d4e92bf26ad98af552775-devsite.readyship.co/wp-cron.php?doing_wp_cron=1774055750.1828579902648925781250" "WordPress/5.1.19; https://69b4844ae61d4e92bf26ad98af552775-devsite.readyship.co"
64.252.82.241 - - [21/Mar/2026:01:15:49 +0000] "GET /?feed=rss2&p=15031 HTTP/1.1" 200 509 "-" "Amazon CloudFront"
64.252.82.241 - - [21/Mar/2026:01:15:52 +0000] "GET /?feed=rss2&p=34138 HTTP/1.1" 200 508 "-" "Amazon CloudFront"
64.252.85.152 - - [21/Mar/2026:01:15:54 +0000] "GET /?feed=rss2&p=44690 HTTP/1.1" 200 526 "-" "Amazon CloudFront"
64.252.85.152 - - [21/Mar/2026:01:15:57 +0000] "GET /?p=15075 HTTP/1.1" 200 14624 "-" "Amazon CloudFront"
64.252.82.241 - - [21/Mar/2026:01:16:00 +0000] "GET /?p=15079 HTTP/1.1" 200 15016 "-" "Amazon CloudFront"
64.252.85.152 - - [21/Mar/2026:01:16:03 +0000] "GET /?p=15081 HTTP/1.1" 200 14736 "-" "Amazon CloudFront"
64.252.82.241 - - [21/Mar/2026:01:16:06 +0000] "GET /?p=15083 HTTP/1.1" 200 14396 "-" "Amazon CloudFront"
64.252.82.241 - - [21/Mar/2026:01:16:10 +0000] "GET /?p=15085 HTTP/1.1" 200 14722 "-" "Amazon CloudFront"
64.252.85.91 - - [21/Mar/2026:01:16:13 +0000] "GET /?p=15087 HTTP/1.1" 200 14048 "-" "Amazon CloudFront"
64.252.68.139 - - [21/Mar/2026:01:16:14 +0000] "GET /?p=69488 HTTP/1.1" 200 13935 "-" "Amazon CloudFront"
64.252.66.156 - - [21/Mar/2026:01:16:16 +0000] "GET /?p=7587 HTTP/1.1" 200 21210 "-" "Amazon CloudFront"
64.252.82.241 - - [21/Mar/2026:01:16:17 +0000] "GET /?p=15089 HTTP/1.1" 200 14350 "-" "Amazon CloudFront"
64.252.85.152 - - [21/Mar/2026:01:16:21 +0000] "GET /?p=15091 HTTP/1.1" 200 14479 "-" "Amazon CloudFront"
15.158.215.109 - - [21/Mar/2026:01:16:25 +0000] "POST /wp-cron.php?doing_wp_cron=1774055785.1467049121856689453125 HTTP/1.1" 200 - "https://69b4844ae61d4e92bf26ad98af552775-devsite.readyship.co/wp-cron.php?doing_wp_cron=1774055785.1467049121856689453125" "WordPress/5.1.19; https://69b4844ae61d4e92bf26ad98af552775-devsite.readyship.co"
64.252.85.91 - - [21/Mar/2026:01:16:24 +0000] "GET /?p=15093 HTTP/1.1" 200 14447 "-" "Amazon CloudFront"
64.252.85.91 - - [21/Mar/2026:01:16:28 +0000] "GET /?p=15095 HTTP/1.1" 200 14834 "-" "Amazon CloudFront"
64.252.85.91 - - [21/Mar/2026:01:16:30 +0000] "GET /?p=15097 HTTP/1.1" 200 14341 "-" "Amazon CloudFront"
64.252.82.241 - - [21/Mar/2026:01:16:33 +0000] "GET /?p=15099 HTTP/1.1" 200 14144 "-" "Amazon CloudFront"
64.252.85.152 - - [21/Mar/2026:01:16:35 +0000] "GET /?p=15101 HTTP/1.1" 200 14797 "-" "Amazon CloudFront"
64.252.82.241 - - [21/Mar/2026:01:16:38 +0000] "GET /?p=15103 HTTP/1.1" 200 14290 "-" "Amazon CloudFront"
64.252.85.152 - - [21/Mar/2026:01:16:41 +0000] "GET /?p=15105 HTTP/1.1" 200 14228 "-" "Amazon CloudFront"
64.252.85.152 - - [21/Mar/2026:01:16:43 +0000] "GET /?p=15107 HTTP/1.1" 200 14556 "-" "Amazon CloudFront"
64.252.85.152 - - [21/Mar/2026:01:16:46 +0000] "GET /?p=15111 HTTP/1.1" 200 14469 "-" "Amazon CloudFront"
64.252.85.152 - - [21/Mar/2026:01:16:48 +0000] "GET /?p=24516 HTTP/1.1" 200 14694 "-" "Amazon CloudFront"
64.252.85.152 - - [21/Mar/2026:01:16:51 +0000] "GET /?p=26185 HTTP/1.1" 200 17984 "-" "Amazon CloudFront"
64.252.85.91 - - [21/Mar/2026:01:16:53 +0000] "GET /?p=26793 HTTP/1.1" 200 17060 "-" "Amazon CloudFront"
64.252.85.152 - - [21/Mar/2026:01:16:56 +0000] "GET /?p=31047 HTTP/1.1" 200 16241 "-" "Amazon CloudFront"
64.252.85.152 - - [21/Mar/2026:01:16:58 +0000] "GET /?p=32830 HTTP/1.1" 200 17935 "-" "Amazon CloudFront"
64.252.85.91 - - [21/Mar/2026:01:17:01 +0000] "GET /?p=34140 HTTP/1.1" 200 15937 "-" "Amazon CloudFront"
64.252.82.241 - - [21/Mar/2026:01:17:03 +0000] "GET /?p=44692 HTTP/1.1" 200 23205 "-" "Amazon CloudFront"
64.252.85.91 - - [21/Mar/2026:01:17:06 +0000] "GET /?p=45489 HTTP/1.1" 200 17708 "-" "Amazon CloudFront"
64.252.82.241 - - [21/Mar/2026:01:17:08 +0000] "GET /?p=46216 HTTP/1.1" 200 15692 "-" "Amazon CloudFront"
64.252.85.152 - - [21/Mar/2026:01:17:11 +0000] "GET /?p=49106 HTTP/1.1" 200 17596 "-" "Amazon CloudFront"
64.252.82.241 - - [21/Mar/2026:01:17:13 +0000] "GET /?p=51338 HTTP/1.1" 200 14105 "-" "Amazon CloudFront"
64.252.85.152 - - [21/Mar/2026:01:17:16 +0000] "GET /?p=54106 HTTP/1.1" 200 14657 "-" "Amazon CloudFront"
64.252.85.91 - - [21/Mar/2026:01:17:18 +0000] "GET /?p=70052 HTTP/1.1" 200 15053 "-" "Amazon CloudFront"
64.252.85.152 - - [21/Mar/2026:01:17:21 +0000] "GET /?p=70256 HTTP/1.1" 200 14651 "-" "Amazon CloudFront"
15.158.215.109 - - [21/Mar/2026:01:17:24 +0000] "POST /wp-cron.php?doing_wp_cron=1774055844.0387480258941650390625 HTTP/1.1" 200 - "https://69b4844ae61d4e92bf26ad98af552775-devsite.readyship.co/wp-cron.php?doing_wp_cron=1774055844.0387480258941650390625" "WordPress/5.1.19; https://69b4844ae61d4e92bf26ad98af552775-devsite.readyship.co"
64.252.82.241 - - [21/Mar/2026:01:17:23 +0000] "GET /?p=71110 HTTP/1.1" 200 15453 "-" "Amazon CloudFront"
15.158.215.109 - - [21/Mar/2026:01:17:27 +0000] "POST /wp-cron.php?doing_wp_cron=1774055846.9593729972839355468750 HTTP/1.1" 200 - "https://69b4844ae61d4e92bf26ad98af552775-devsite.readyship.co/wp-cron.php?doing_wp_cron=1774055846.9593729972839355468750" "WordPress/5.1.19; https://69b4844ae61d4e92bf26ad98af552775-devsite.readyship.co"
64.252.85.91 - - [21/Mar/2026:01:17:26 +0000] "GET /?p=72271 HTTP/1.1" 200 14568 "-" "Amazon CloudFront"
64.252.85.152 - - [21/Mar/2026:01:17:29 +0000] "GET /?p=73062 HTTP/1.1" 200 15659 "-" "Amazon CloudFront"
64.252.82.241 - - [21/Mar/2026:01:17:32 +0000] "GET /?p=90364 HTTP/1.1" 200 14315 "-" "Amazon CloudFront"
64.252.85.91 - - [21/Mar/2026:01:17:34 +0000] "GET /?p=90366 HTTP/1.1" 200 14487 "-" "Amazon CloudFront"
64.252.85.152 - - [21/Mar/2026:01:17:37 +0000] "GET /?p=90368 HTTP/1.1" 200 15007 "-" "Amazon CloudFront"
64.252.85.91 - - [21/Mar/2026:01:17:39 +0000] "GET /?p=90370 HTTP/1.1" 200 25504 "-" "Amazon CloudFront"
64.252.85.152 - - [21/Mar/2026:01:17:42 +0000] "GET /?p=90372 HTTP/1.1" 200 16612 "-" "Amazon CloudFront"
64.252.85.152 - - [21/Mar/2026:01:17:44 +0000] "GET /?p=90374 HTTP/1.1" 200 21352 "-" "Amazon CloudFront"
64.252.85.91 - - [21/Mar/2026:01:17:46 +0000] "GET /?p=90376 HTTP/1.1" 200 17937 "-" "Amazon CloudFront"
64.252.85.152 - - [21/Mar/2026:01:17:49 +0000] "GET /?p=90378 HTTP/1.1" 200 23972 "-" "Amazon CloudFront"
64.252.85.91 - - [21/Mar/2026:01:17:52 +0000] "GET /?p=90380 HTTP/1.1" 200 16551 "-" "Amazon CloudFront"
64.252.85.91 - - [21/Mar/2026:01:17:54 +0000] "GET /?p=90382 HTTP/1.1" 200 17706 "-" "Amazon CloudFront"
64.252.85.91 - - [21/Mar/2026:01:17:57 +0000] "GET /?p=90384 HTTP/1.1" 200 18072 "-" "Amazon CloudFront"
64.252.85.152 - - [21/Mar/2026:01:17:59 +0000] "GET /?p=90386 HTTP/1.1" 200 25474 "-" "Amazon CloudFront"
15.158.215.109 - - [21/Mar/2026:01:18:52 +0000] "POST /wp-cron.php?doing_wp_cron=1774055932.3544979095458984375000 HTTP/1.1" 200 - "https://69b4844ae61d4e92bf26ad98af552775-devsite.readyship.co/wp-cron.php?doing_wp_cron=1774055932.3544979095458984375000" "WordPress/5.1.19; https://69b4844ae61d4e92bf26ad98af552775-devsite.readyship.co"
64.252.68.102 - - [21/Mar/2026:01:18:52 +0000] "GET /?p=43552 HTTP/1.1" 200 17381 "-" "Amazon CloudFront"
64.252.82.241 - - [21/Mar/2026:01:19:11 +0000] "GET /?p=90388 HTTP/1.1" 200 16134 "-" "Amazon CloudFront"
64.252.85.152 - - [21/Mar/2026:01:19:14 +0000] "GET /?p=90390 HTTP/1.1" 200 23444 "-" "Amazon CloudFront"
64.252.85.91 - - [21/Mar/2026:01:19:16 +0000] "GET /?p=90392 HTTP/1.1" 200 16196 "-" "Amazon CloudFront"
64.252.82.241 - - [21/Mar/2026:01:19:18 +0000] "GET /?p=90394 HTTP/1.1" 200 17434 "-" "Amazon CloudFront"
64.252.85.91 - - [21/Mar/2026:01:19:21 +0000] "GET /?p=90396 HTTP/1.1" 200 24480 "-" "Amazon CloudFront"
15.158.215.109 - - [21/Mar/2026:01:19:24 +0000] "POST /wp-cron.php?doing_wp_cron=1774055964.1510400772094726562500 HTTP/1.1" 200 - "https://69b4844ae61d4e92bf26ad98af552775-devsite.readyship.co/wp-cron.php?doing_wp_cron=1774055964.1510400772094726562500" "WordPress/5.1.19; https://69b4844ae61d4e92bf26ad98af552775-devsite.readyship.co"
64.252.82.241 - - [21/Mar/2026:01:19:23 +0000] "GET /?p=90398 HTTP/1.1" 200 16815 "-" "Amazon CloudFront"
64.252.82.241 - - [21/Mar/2026:01:19:26 +0000] "GET /?p=90400 HTTP/1.1" 200 17840 "-" "Amazon CloudFront"
64.252.82.241 - - [21/Mar/2026:01:19:29 +0000] "GET /?p=90402 HTTP/1.1" 200 16442 "-" "Amazon CloudFront"
64.252.82.241 - - [21/Mar/2026:01:19:31 +0000] "GET /?paged=312&cat=1 HTTP/1.1" 200 11268 "-" "Amazon CloudFront"
64.252.85.91 - - [21/Mar/2026:01:19:33 +0000] "GET /?paged=313&cat=1 HTTP/1.1" 200 11310 "-" "Amazon CloudFront"
64.252.85.91 - - [21/Mar/2026:01:19:36 +0000] "GET /?paged=323&page_id=2807 HTTP/1.1" 200 11346 "-" "Amazon CloudFront"
64.252.82.241 - - [21/Mar/2026:01:19:39 +0000] "GET /?paged=324&page_id=2807 HTTP/1.1" 200 11410 "-" "Amazon CloudFront"
64.252.85.152 - - [21/Mar/2026:01:19:41 +0000] "GET /?paged=4032&cat=1 HTTP/1.1" 200 11207 "-" "Amazon CloudFront"
64.252.85.91 - - [21/Mar/2026:01:19:44 +0000] "GET /?paged=4033&cat=1 HTTP/1.1" 200 11196 "-" "Amazon CloudFront"
64.252.82.241 - - [21/Mar/2026:01:19:47 +0000] "GET /?paged=4187&page_id=2807 HTTP/1.1" 200 11204 "-" "Amazon CloudFront"
15.158.215.109 - - [21/Mar/2026:01:21:38 +0000] "POST /wp-cron.php?doing_wp_cron=1774056098.8391671180725097656250 HTTP/1.1" 200 - "https://69b4844ae61d4e92bf26ad98af552775-devsite.readyship.co/wp-cron.php?doing_wp_cron=1774056098.8391671180725097656250" "WordPress/5.1.19; https://69b4844ae61d4e92bf26ad98af552775-devsite.readyship.co"
64.252.66.156 - - [21/Mar/2026:01:21:38 +0000] "GET /?p=48600 HTTP/1.1" 200 18077 "-" "Amazon CloudFront"
15.158.215.109 - - [21/Mar/2026:01:23:50 +0000] "POST /wp-cron.php?doing_wp_cron=1774056230.2620310783386230468750 HTTP/1.1" 200 - "https://69b4844ae61d4e92bf26ad98af552775-devsite.readyship.co/wp-cron.php?doing_wp_cron=1774056230.2620310783386230468750" "WordPress/5.1.19; https://69b4844ae61d4e92bf26ad98af552775-devsite.readyship.co"
64.252.68.102 - - [21/Mar/2026:01:23:49 +0000] "GET /?page_id=2807&paged=4280 HTTP/1.1" 200 11329 "-" "Amazon CloudFront"
15.158.215.109 - - [21/Mar/2026:01:26:53 +0000] "POST /wp-cron.php?doing_wp_cron=1774056413.9796969890594482421875 HTTP/1.1" 200 - "https://69b4844ae61d4e92bf26ad98af552775-devsite.readyship.co/wp-cron.php?doing_wp_cron=1774056413.9796969890594482421875" "WordPress/5.1.19; https://69b4844ae61d4e92bf26ad98af552775-devsite.readyship.co"
64.252.76.215 - - [21/Mar/2026:01:26:53 +0000] "GET /?p=90334 HTTP/1.1" 200 14472 "-" "Amazon CloudFront"
64.252.77.92 - - [21/Mar/2026:01:26:54 +0000] "GET /?p=17641 HTTP/1.1" 200 15239 "-" "Amazon CloudFront"
64.252.76.215 - - [21/Mar/2026:01:26:55 +0000] "GET /?p=90318 HTTP/1.1" 200 14584 "-" "Amazon CloudFront"
64.252.76.63 - - [21/Mar/2026:01:26:56 +0000] "GET /?p=17643 HTTP/1.1" 200 16658 "-" "Amazon CloudFront"
64.252.77.92 - - [21/Mar/2026:01:26:57 +0000] "GET /?p=90302 HTTP/1.1" 200 17315 "-" "Amazon CloudFront"
64.252.76.215 - - [21/Mar/2026:01:27:03 +0000] "GET /?p=90304 HTTP/1.1" 200 14882 "-" "Amazon CloudFront"
64.252.76.215 - - [21/Mar/2026:01:27:04 +0000] "GET /?p=90322 HTTP/1.1" 200 14622 "-" "Amazon CloudFront"
64.252.76.63 - - [21/Mar/2026:01:27:05 +0000] "GET /?p=17639 HTTP/1.1" 200 14533 "-" "Amazon CloudFront"
64.252.77.92 - - [21/Mar/2026:01:27:06 +0000] "GET /?p=32832 HTTP/1.1" 200 18021 "-" "Amazon CloudFront"
64.252.77.92 - - [21/Mar/2026:01:27:06 +0000] "GET /?p=90332 HTTP/1.1" 200 14333 "-" "Amazon CloudFront"
15.158.215.109 - - [21/Mar/2026:01:28:22 +0000] "POST /wp-cron.php?doing_wp_cron=1774056502.9430470466613769531250 HTTP/1.1" 200 - "https://69b4844ae61d4e92bf26ad98af552775-devsite.readyship.co/wp-cron.php?doing_wp_cron=1774056502.9430470466613769531250" "WordPress/5.1.19; https://69b4844ae61d4e92bf26ad98af552775-devsite.readyship.co"
64.252.76.63 - - [21/Mar/2026:01:28:24 +0000] "GET /?p=90300 HTTP/1.1" 200 23280 "-" "Amazon CloudFront"
64.252.76.63 - - [21/Mar/2026:01:28:24 +0000] "GET /?p=17647 HTTP/1.1" 200 14055 "-" "Amazon CloudFront"
64.252.68.203 - - [21/Mar/2026:01:28:22 +0000] "GET / HTTP/1.1" 200 178881 "-" "Amazon CloudFront"
64.252.77.92 - - [21/Mar/2026:01:28:25 +0000] "GET /?p=17615 HTTP/1.1" 200 15019 "-" "Amazon CloudFront"
64.252.77.92 - - [21/Mar/2026:01:28:26 +0000] "GET /?p=90330 HTTP/1.1" 200 17658 "-" "Amazon CloudFront"
64.252.77.92 - - [21/Mar/2026:01:28:27 +0000] "GET /?p=17631 HTTP/1.1" 200 14454 "-" "Amazon CloudFront"
64.252.76.63 - - [21/Mar/2026:01:28:40 +0000] "GET /?p=90314 HTTP/1.1" 200 15650 "-" "Amazon CloudFront"
64.252.76.215 - - [21/Mar/2026:01:28:40 +0000] "GET /?p=17623 HTTP/1.1" 200 14607 "-" "Amazon CloudFront"
64.252.76.63 - - [21/Mar/2026:01:28:41 +0000] "GET /?p=90298 HTTP/1.1" 200 14486 "-" "Amazon CloudFront"
64.252.76.215 - - [21/Mar/2026:01:28:42 +0000] "GET /?p=90326 HTTP/1.1" 200 14499 "-" "Amazon CloudFront"
64.252.77.92 - - [21/Mar/2026:01:28:43 +0000] "GET /?p=90312 HTTP/1.1" 200 16138 "-" "Amazon CloudFront"
64.252.76.63 - - [21/Mar/2026:01:28:51 +0000] "GET /?p=90324 HTTP/1.1" 200 17707 "-" "Amazon CloudFront"
64.252.76.215 - - [21/Mar/2026:01:28:51 +0000] "GET /?p=90320 HTTP/1.1" 200 14287 "-" "Amazon CloudFront"
64.252.76.63 - - [21/Mar/2026:01:28:52 +0000] "GET /?p=90310 HTTP/1.1" 200 14731 "-" "Amazon CloudFront"
64.252.76.215 - - [21/Mar/2026:01:28:53 +0000] "GET /?p=90316 HTTP/1.1" 200 14483 "-" "Amazon CloudFront"
64.252.76.63 - - [21/Mar/2026:01:28:53 +0000] "GET /?p=17611 HTTP/1.1" 200 14861 "-" "Amazon CloudFront"
15.158.215.109 - - [21/Mar/2026:01:29:57 +0000] "POST /wp-cron.php?doing_wp_cron=1774056597.2520720958709716796875 HTTP/1.1" 200 - "https://69b4844ae61d4e92bf26ad98af552775-devsite.readyship.co/wp-cron.php?doing_wp_cron=1774056597.2520720958709716796875" "WordPress/5.1.19; https://69b4844ae61d4e92bf26ad98af552775-devsite.readyship.co"
64.252.76.63 - - [21/Mar/2026:01:29:56 +0000] "GET /?feed=rss2&p=17601 HTTP/1.1" 200 527 "-" "Amazon CloudFront"
64.252.76.63 - - [21/Mar/2026:01:29:57 +0000] "GET /?feed=rss2&p=90348 HTTP/1.1" 200 511 "-" "Amazon CloudFront"
64.252.76.63 - - [21/Mar/2026:01:29:58 +0000] "GET /?feed=rss2&p=90352 HTTP/1.1" 200 515 "-" "Amazon CloudFront"
64.252.76.63 - - [21/Mar/2026:01:29:58 +0000] "GET /?feed=rss2&p=90342 HTTP/1.1" 200 500 "-" "Amazon CloudFront"
64.252.76.63 - - [21/Mar/2026:01:29:59 +0000] "GET /?feed=rss2&p=90366 HTTP/1.1" 200 501 "-" "Amazon CloudFront"
64.252.76.215 - - [21/Mar/2026:01:30:08 +0000] "GET /?feed=rss2&p=17587 HTTP/1.1" 200 511 "-" "Amazon CloudFront"
64.252.76.63 - - [21/Mar/2026:01:30:09 +0000] "GET /?feed=rss2&p=17577 HTTP/1.1" 200 532 "-" "Amazon CloudFront"
64.252.76.63 - - [21/Mar/2026:01:30:08 +0000] "GET /?feed=rss2&p=17599 HTTP/1.1" 200 515 "-" "Amazon CloudFront"
64.252.76.63 - - [21/Mar/2026:01:30:10 +0000] "GET /?feed=rss2&p=90338 HTTP/1.1" 200 508 "-" "Amazon CloudFront"
64.252.76.63 - - [21/Mar/2026:01:30:40 +0000] "GET /?feed=rss2&p=17575 HTTP/1.1" 200 522 "-" "Amazon CloudFront"
15.158.215.109 - - [21/Mar/2026:01:30:40 +0000] "POST /wp-cron.php?doing_wp_cron=1774056640.5407900810241699218750 HTTP/1.1" 200 - "https://69b4844ae61d4e92bf26ad98af552775-devsite.readyship.co/wp-cron.php?doing_wp_cron=1774056640.5407900810241699218750" "WordPress/5.1.19; https://69b4844ae61d4e92bf26ad98af552775-devsite.readyship.co"
64.252.77.92 - - [21/Mar/2026:01:30:40 +0000] "GET /?feed=rss2&p=90358 HTTP/1.1" 200 523 "-" "Amazon CloudFront"
64.252.77.92 - - [21/Mar/2026:01:30:41 +0000] "GET /?feed=rss2&p=90362 HTTP/1.1" 200 510 "-" "Amazon CloudFront"
64.252.76.215 - - [21/Mar/2026:01:30:41 +0000] "GET /?feed=rss2&p=90356 HTTP/1.1" 200 514 "-" "Amazon CloudFront"
64.252.76.215 - - [21/Mar/2026:01:30:42 +0000] "GET /?feed=rss2&p=17593 HTTP/1.1" 200 500 "-" "Amazon CloudFront"
64.252.77.92 - - [21/Mar/2026:01:30:45 +0000] "GET /?feed=rss2&p=17581 HTTP/1.1" 200 531 "-" "Amazon CloudFront"
64.252.76.63 - - [21/Mar/2026:01:30:45 +0000] "GET /?feed=rss2&p=17573 HTTP/1.1" 200 561 "-" "Amazon CloudFront"
64.252.76.215 - - [21/Mar/2026:01:30:46 +0000] "GET /?feed=rss2&p=38764 HTTP/1.1" 200 510 "-" "Amazon CloudFront"
64.252.77.92 - - [21/Mar/2026:01:30:47 +0000] "GET /?feed=rss2&p=90376 HTTP/1.1" 200 476 "-" "Amazon CloudFront"
64.252.76.215 - - [21/Mar/2026:01:31:47 +0000] "GET /?feed=rss2&p=17609 HTTP/1.1" 200 502 "-" "Amazon CloudFront"
15.158.215.109 - - [21/Mar/2026:01:31:47 +0000] "POST /wp-cron.php?doing_wp_cron=1774056707.3923850059509277343750 HTTP/1.1" 200 - "https://69b4844ae61d4e92bf26ad98af552775-devsite.readyship.co/wp-cron.php?doing_wp_cron=1774056707.3923850059509277343750" "WordPress/5.1.19; https://69b4844ae61d4e92bf26ad98af552775-devsite.readyship.co"
64.252.76.215 - - [21/Mar/2026:01:31:47 +0000] "GET /?feed=rss2&p=90364 HTTP/1.1" 200 542 "-" "Amazon CloudFront"
64.252.77.92 - - [21/Mar/2026:01:31:48 +0000] "GET /?feed=rss2&p=90372 HTTP/1.1" 200 529 "-" "Amazon CloudFront"
64.252.77.92 - - [21/Mar/2026:01:31:48 +0000] "GET /?feed=rss2&p=17591 HTTP/1.1" 200 509 "-" "Amazon CloudFront"
64.252.77.92 - - [21/Mar/2026:01:31:49 +0000] "GET /?feed=rss2&p=90368 HTTP/1.1" 200 499 "-" "Amazon CloudFront"
64.252.77.92 - - [21/Mar/2026:01:32:01 +0000] "GET /?feed=rss2&p=90350 HTTP/1.1" 200 548 "-" "Amazon CloudFront"
64.252.76.215 - - [21/Mar/2026:01:32:01 +0000] "GET /?feed=rss2&p=90360 HTTP/1.1" 200 503 "-" "Amazon CloudFront"
64.252.77.92 - - [21/Mar/2026:01:32:02 +0000] "GET /?feed=rss2&p=90370 HTTP/1.1" 200 611 "-" "Amazon CloudFront"
64.252.76.63 - - [21/Mar/2026:01:32:03 +0000] "GET /?feed=rss2&p=90346 HTTP/1.1" 200 529 "-" "Amazon CloudFront"
64.252.77.92 - - [21/Mar/2026:01:32:06 +0000] "GET /?feed=rss2&p=32834 HTTP/1.1" 200 528 "-" "Amazon CloudFront"
64.252.76.63 - - [21/Mar/2026:01:32:07 +0000] "GET /?feed=rss2&p=17571 HTTP/1.1" 200 517 "-" "Amazon CloudFront"
64.252.76.215 - - [21/Mar/2026:01:32:08 +0000] "GET /?feed=rss2&p=17607 HTTP/1.1" 200 513 "-" "Amazon CloudFront"
64.252.76.215 - - [21/Mar/2026:01:32:13 +0000] "GET /?feed=rss2&p=90374 HTTP/1.1" 200 573 "-" "Amazon CloudFront"
64.252.76.215 - - [21/Mar/2026:01:32:13 +0000] "GET /?feed=rss2&p=90340 HTTP/1.1" 200 566 "-" "Amazon CloudFront"
64.252.77.92 - - [21/Mar/2026:01:32:14 +0000] "GET /?feed=rss2&p=17595 HTTP/1.1" 200 503 "-" "Amazon CloudFront"
64.252.76.215 - - [21/Mar/2026:01:32:15 +0000] "GET /?feed=rss2&p=90344 HTTP/1.1" 200 518 "-" "Amazon CloudFront"
64.252.77.92 - - [21/Mar/2026:01:33:24 +0000] "GET /?feed=rss2&p=17603 HTTP/1.1" 200 504 "-" "Amazon CloudFront"
15.158.215.109 - - [21/Mar/2026:01:33:24 +0000] "POST /wp-cron.php?doing_wp_cron=1774056804.6206130981445312500000 HTTP/1.1" 200 - "https://69b4844ae61d4e92bf26ad98af552775-devsite.readyship.co/wp-cron.php?doing_wp_cron=1774056804.6206130981445312500000" "WordPress/5.1.19; https://69b4844ae61d4e92bf26ad98af552775-devsite.readyship.co"
64.252.76.63 - - [21/Mar/2026:01:33:24 +0000] "GET /?feed=rss2&p=17597 HTTP/1.1" 200 523 "-" "Amazon CloudFront"
64.252.76.215 - - [21/Mar/2026:01:33:25 +0000] "GET /?feed=rss2&p=90354 HTTP/1.1" 200 497 "-" "Amazon CloudFront"
64.252.76.63 - - [21/Mar/2026:01:33:26 +0000] "GET /?feed=rss2&p=17589 HTTP/1.1" 200 495 "-" "Amazon CloudFront"
64.252.76.63 - - [21/Mar/2026:01:33:26 +0000] "GET /?feed=rss2&p=17605 HTTP/1.1" 200 507 "-" "Amazon CloudFront"
64.252.77.92 - - [21/Mar/2026:01:33:29 +0000] "GET /?cat=1&paged=3905 HTTP/1.1" 200 11317 "-" "Amazon CloudFront"
64.252.76.215 - - [21/Mar/2026:01:33:29 +0000] "GET /?cat=1&paged=325 HTTP/1.1" 200 11705 "-" "Amazon CloudFront"
64.252.76.63 - - [21/Mar/2026:01:33:30 +0000] "GET /?cat=1&paged=3906 HTTP/1.1" 200 11384 "-" "Amazon CloudFront"
64.252.76.215 - - [21/Mar/2026:01:33:31 +0000] "GET /?cat=1&paged=326 HTTP/1.1" 200 11514 "-" "Amazon CloudFront"
64.252.76.215 - - [21/Mar/2026:01:33:36 +0000] "GET /?p=38766 HTTP/1.1" 200 17503 "-" "Amazon CloudFront"
64.252.76.215 - - [21/Mar/2026:01:33:36 +0000] "GET /?p=17621 HTTP/1.1" 200 14450 "-" "Amazon CloudFront"
64.252.66.156 - - [21/Mar/2026:01:34:08 +0000] "GET /?healthcheck_timestamp=1774056646995 HTTP/1.1" 200 178917 "-" "Amazon CloudFront"
64.252.76.215 - - [21/Mar/2026:01:34:47 +0000] "GET /?feed=rss2&p=17579 HTTP/1.1" 200 523 "-" "Amazon CloudFront"
15.158.215.109 - - [21/Mar/2026:01:34:47 +0000] "POST /wp-cron.php?doing_wp_cron=1774056887.6713030338287353515625 HTTP/1.1" 200 - "https://69b4844ae61d4e92bf26ad98af552775-devsite.readyship.co/wp-cron.php?doing_wp_cron=1774056887.6713030338287353515625" "WordPress/5.1.19; https://69b4844ae61d4e92bf26ad98af552775-devsite.readyship.co"
64.252.76.63 - - [21/Mar/2026:01:34:47 +0000] "GET /?feed=rss2&p=17582 HTTP/1.1" 200 498 "-" "Amazon CloudFront"
64.252.77.92 - - [21/Mar/2026:01:34:49 +0000] "GET /?feed=rss2&p=17585 HTTP/1.1" 200 535 "-" "Amazon CloudFront"
64.252.77.92 - - [21/Mar/2026:01:34:58 +0000] "GET /?p=90336 HTTP/1.1" 200 15250 "-" "Amazon CloudFront"
64.252.76.63 - - [21/Mar/2026:01:34:58 +0000] "GET /?p=17637 HTTP/1.1" 200 17182 "-" "Amazon CloudFront"
64.252.76.215 - - [21/Mar/2026:01:34:59 +0000] "GET /?p=90308 HTTP/1.1" 200 24922 "-" "Amazon CloudFront"
64.252.76.215 - - [21/Mar/2026:01:35:00 +0000] "GET /?p=17629 HTTP/1.1" 200 14829 "-" "Amazon CloudFront"
64.252.76.63 - - [21/Mar/2026:01:35:01 +0000] "GET /?p=90306 HTTP/1.1" 200 14591 "-" "Amazon CloudFront"
64.252.76.63 - - [21/Mar/2026:01:35:02 +0000] "GET /?p=17635 HTTP/1.1" 200 14773 "-" "Amazon CloudFront"
64.252.76.63 - - [21/Mar/2026:01:35:02 +0000] "GET /?p=17633 HTTP/1.1" 200 14107 "-" "Amazon CloudFront"
64.252.76.63 - - [21/Mar/2026:01:35:03 +0000] "GET /?p=17645 HTTP/1.1" 200 16091 "-" "Amazon CloudFront"
64.252.76.63 - - [21/Mar/2026:01:35:04 +0000] "GET /?p=90328 HTTP/1.1" 200 16255 "-" "Amazon CloudFront"
15.158.215.109 - - [21/Mar/2026:01:35:30 +0000] "POST /wp-cron.php?doing_wp_cron=1774056930.4658989906311035156250 HTTP/1.1" 200 - "https://69b4844ae61d4e92bf26ad98af552775-devsite.readyship.co/wp-cron.php?doing_wp_cron=1774056930.4658989906311035156250" "WordPress/5.1.19; https://69b4844ae61d4e92bf26ad98af552775-devsite.readyship.co"
64.252.76.63 - - [21/Mar/2026:01:35:30 +0000] "GET /?p=17625 HTTP/1.1" 200 14490 "-" "Amazon CloudFront"
64.252.77.92 - - [21/Mar/2026:01:35:30 +0000] "GET /?p=17617 HTTP/1.1" 200 16005 "-" "Amazon CloudFront"
64.252.76.215 - - [21/Mar/2026:01:35:31 +0000] "GET /?p=17627 HTTP/1.1" 200 14400 "-" "Amazon CloudFront"
64.252.76.63 - - [21/Mar/2026:01:35:31 +0000] "GET /?p=17649 HTTP/1.1" 200 14479 "-" "Amazon CloudFront"
64.252.77.92 - - [21/Mar/2026:01:35:32 +0000] "GET /?p=17613 HTTP/1.1" 200 17192 "-" "Amazon CloudFront"
64.252.76.63 - - [21/Mar/2026:01:35:32 +0000] "GET /?p=17619 HTTP/1.1" 200 14481 "-" "Amazon CloudFront"
15.158.215.109 - - [21/Mar/2026:01:37:48 +0000] "POST /wp-cron.php?doing_wp_cron=1774057068.2740249633789062500000 HTTP/1.1" 200 - "https://69b4844ae61d4e92bf26ad98af552775-devsite.readyship.co/wp-cron.php?doing_wp_cron=1774057068.2740249633789062500000" "WordPress/5.1.19; https://69b4844ae61d4e92bf26ad98af552775-devsite.readyship.co"
64.252.68.139 - - [21/Mar/2026:01:37:47 +0000] "GET /?p=62544 HTTP/1.1" 200 16647 "-" "Amazon CloudFront"
15.158.215.109 - - [21/Mar/2026:01:42:28 +0000] "POST /wp-cron.php?doing_wp_cron=1774057348.4050350189208984375000 HTTP/1.1" 200 - "https://69b4844ae61d4e92bf26ad98af552775-devsite.readyship.co/wp-cron.php?doing_wp_cron=1774057348.4050350189208984375000" "WordPress/5.1.19; https://69b4844ae61d4e92bf26ad98af552775-devsite.readyship.co"
64.252.68.203 - - [21/Mar/2026:01:42:28 +0000] "GET /?p=89776 HTTP/1.1" 200 15690 "-" "Amazon CloudFront"
64.252.66.156 - - [21/Mar/2026:01:42:32 +0000] "GET /?p=42984 HTTP/1.1" 200 17685 "-" "Amazon CloudFront"
15.158.215.109 - - [21/Mar/2026:01:44:43 +0000] "POST /wp-cron.php?doing_wp_cron=1774057483.3887979984283447265625 HTTP/1.1" 200 - "https://69b4844ae61d4e92bf26ad98af552775-devsite.readyship.co/wp-cron.php?doing_wp_cron=1774057483.3887979984283447265625" "WordPress/5.1.19; https://69b4844ae61d4e92bf26ad98af552775-devsite.readyship.co"
64.252.68.139 - - [21/Mar/2026:01:44:43 +0000] "GET /?p=6085 HTTP/1.1" 200 20651 "-" "Amazon CloudFront"
64.252.66.156 - - [21/Mar/2026:01:44:49 +0000] "GET /?p=87065 HTTP/1.1" 200 18177 "-" "Amazon CloudFront"
15.158.215.109 - - [21/Mar/2026:01:45:52 +0000] "POST /wp-cron.php?doing_wp_cron=1774057552.2928819656372070312500 HTTP/1.1" 200 - "https://69b4844ae61d4e92bf26ad98af552775-devsite.readyship.co/wp-cron.php?doing_wp_cron=1774057552.2928819656372070312500" "WordPress/5.1.19; https://69b4844ae61d4e92bf26ad98af552775-devsite.readyship.co"
64.252.68.139 - - [21/Mar/2026:01:45:51 +0000] "GET /?p=36258 HTTP/1.1" 200 16087 "-" "Amazon CloudFront"
15.158.215.109 - - [21/Mar/2026:01:47:39 +0000] "POST /wp-cron.php?doing_wp_cron=1774057659.2801499366760253906250 HTTP/1.1" 200 - "https://69b4844ae61d4e92bf26ad98af552775-devsite.readyship.co/wp-cron.php?doing_wp_cron=1774057659.2801499366760253906250" "WordPress/5.1.19; https://69b4844ae61d4e92bf26ad98af552775-devsite.readyship.co"
64.252.68.203 - - [21/Mar/2026:01:47:39 +0000] "GET /?p=96313 HTTP/1.1" 200 14595 "-" "Amazon CloudFront"
64.252.66.156 - - [21/Mar/2026:01:47:42 +0000] "GET /?p=25084 HTTP/1.1" 200 14223 "-" "Amazon CloudFront"
64.252.68.139 - - [21/Mar/2026:01:48:09 +0000] "GET /?p=39495 HTTP/1.1" 200 15658 "-" "Amazon CloudFront"
15.158.215.109 - - [21/Mar/2026:01:50:23 +0000] "POST /wp-cron.php?doing_wp_cron=1774057823.5467450618743896484375 HTTP/1.1" 200 - "https://69b4844ae61d4e92bf26ad98af552775-devsite.readyship.co/wp-cron.php?doing_wp_cron=1774057823.5467450618743896484375" "WordPress/5.1.19; https://69b4844ae61d4e92bf26ad98af552775-devsite.readyship.co"
64.252.66.156 - - [21/Mar/2026:01:50:23 +0000] "GET /?p=30387 HTTP/1.1" 200 16521 "-" "Amazon CloudFront"
64.252.76.63 - - [21/Mar/2026:01:51:03 +0000] "GET /?page_id=2807&paged=4242 HTTP/1.1" 200 11333 "-" "Amazon CloudFront"
64.252.76.63 - - [21/Mar/2026:01:51:03 +0000] "GET /?page_id=2807&paged=4243 HTTP/1.1" 200 11326 "-" "Amazon CloudFront"
15.158.215.109 - - [21/Mar/2026:01:51:49 +0000] "POST /wp-cron.php?doing_wp_cron=1774057909.5666129589080810546875 HTTP/1.1" 200 - "https://69b4844ae61d4e92bf26ad98af552775-devsite.readyship.co/wp-cron.php?doing_wp_cron=1774057909.5666129589080810546875" "WordPress/5.1.19; https://69b4844ae61d4e92bf26ad98af552775-devsite.readyship.co"
64.252.68.139 - - [21/Mar/2026:01:51:49 +0000] "GET /?p=90851 HTTP/1.1" 200 25095 "-" "Amazon CloudFront"
15.158.215.109 - - [21/Mar/2026:01:55:51 +0000] "POST /wp-cron.php?doing_wp_cron=1774058151.6925930976867675781250 HTTP/1.1" 200 - "https://69b4844ae61d4e92bf26ad98af552775-devsite.readyship.co/wp-cron.php?doing_wp_cron=1774058151.6925930976867675781250" "WordPress/5.1.19; https://69b4844ae61d4e92bf26ad98af552775-devsite.readyship.co"
64.252.85.91 - - [21/Mar/2026:01:55:51 +0000] "GET /?feed=rss2&p=15033 HTTP/1.1" 200 511 "-" "Amazon CloudFront"
64.252.85.152 - - [21/Mar/2026:01:55:54 +0000] "GET /?feed=rss2&p=71108 HTTP/1.1" 200 518 "-" "Amazon CloudFront"
64.252.85.91 - - [21/Mar/2026:01:55:56 +0000] "GET /?feed=rss2&p=72273 HTTP/1.1" 200 510 "-" "Amazon CloudFront"
64.252.85.152 - - [21/Mar/2026:01:55:58 +0000] "GET /?feed=rss2&p=73060 HTTP/1.1" 200 513 "-" "Amazon CloudFront"
64.252.82.241 - - [21/Mar/2026:01:56:00 +0000] "GET /?feed=rss2&p=90404 HTTP/1.1" 200 523 "-" "Amazon CloudFront"
64.252.85.152 - - [21/Mar/2026:01:56:02 +0000] "GET /?feed=rss2&p=90406 HTTP/1.1" 200 574 "-" "Amazon CloudFront"
64.252.85.91 - - [21/Mar/2026:01:56:04 +0000] "GET /?feed=rss2&p=90408 HTTP/1.1" 200 515 "-" "Amazon CloudFront"
64.252.85.91 - - [21/Mar/2026:01:56:06 +0000] "GET /?feed=rss2&p=90410 HTTP/1.1" 200 515 "-" "Amazon CloudFront"
64.252.85.152 - - [21/Mar/2026:01:56:08 +0000] "GET /?feed=rss2&p=90412 HTTP/1.1" 200 562 "-" "Amazon CloudFront"
64.252.82.241 - - [21/Mar/2026:01:56:10 +0000] "GET /?feed=rss2&p=90414 HTTP/1.1" 200 523 "-" "Amazon CloudFront"
64.252.82.241 - - [21/Mar/2026:01:56:13 +0000] "GET /?feed=rss2&p=90416 HTTP/1.1" 200 620 "-" "Amazon CloudFront"
64.252.85.152 - - [21/Mar/2026:01:56:15 +0000] "GET /?feed=rss2&p=90418 HTTP/1.1" 200 519 "-" "Amazon CloudFront"
15.158.215.109 - - [21/Mar/2026:01:57:20 +0000] "POST /wp-cron.php?doing_wp_cron=1774058240.2354669570922851562500 HTTP/1.1" 200 - "https://69b4844ae61d4e92bf26ad98af552775-devsite.readyship.co/wp-cron.php?doing_wp_cron=1774058240.2354669570922851562500" "WordPress/5.1.19; https://69b4844ae61d4e92bf26ad98af552775-devsite.readyship.co"
64.252.66.156 - - [21/Mar/2026:01:57:19 +0000] "GET /?p=10127 HTTP/1.1" 200 14543 "-" "Amazon CloudFront"
15.158.215.109 - - [21/Mar/2026:01:59:49 +0000] "POST /wp-cron.php?doing_wp_cron=1774058388.9401290416717529296875 HTTP/1.1" 200 - "https://69b4844ae61d4e92bf26ad98af552775-devsite.readyship.co/wp-cron.php?doing_wp_cron=1774058388.9401290416717529296875" "WordPress/5.1.19; https://69b4844ae61d4e92bf26ad98af552775-devsite.readyship.co"
64.252.68.203 - - [21/Mar/2026:01:59:48 +0000] "GET /?p=8774 HTTP/1.1" 200 17088 "-" "Amazon CloudFront"
15.158.215.109 - - [21/Mar/2026:02:04:19 +0000] "POST /wp-cron.php?doing_wp_cron=1774058659.3887729644775390625000 HTTP/1.1" 200 - "https://69b4844ae61d4e92bf26ad98af552775-devsite.readyship.co/wp-cron.php?doing_wp_cron=1774058659.3887729644775390625000" "WordPress/5.1.19; https://69b4844ae61d4e92bf26ad98af552775-devsite.readyship.co"
64.252.66.156 - - [21/Mar/2026:02:04:19 +0000] "GET /?p=29122 HTTP/1.1" 200 20580 "-" "Amazon CloudFront"
15.158.215.109 - - [21/Mar/2026:02:04:53 +0000] "POST /wp-cron.php?doing_wp_cron=1774058693.5990428924560546875000 HTTP/1.1" 200 - "https://69b4844ae61d4e92bf26ad98af552775-devsite.readyship.co/wp-cron.php?doing_wp_cron=1774058693.5990428924560546875000" "WordPress/5.1.19; https://69b4844ae61d4e92bf26ad98af552775-devsite.readyship.co"
18.68.51.43 - - [21/Mar/2026:02:04:53 +0000] "POST / HTTP/1.1" 200 23836 "-" "Amazon CloudFront"
18.68.51.43 - - [21/Mar/2026:02:04:57 +0000] "POST / HTTP/1.1" 200 23847 "-" "Amazon CloudFront"
18.68.51.43 - - [21/Mar/2026:02:05:00 +0000] "POST / HTTP/1.1" 200 23823 "-" "Amazon CloudFront"
18.68.51.43 - - [21/Mar/2026:02:05:04 +0000] "POST / HTTP/1.1" 200 23844 "-" "Amazon CloudFront"
18.68.51.43 - - [21/Mar/2026:02:05:07 +0000] "POST / HTTP/1.1" 200 23830 "-" "Amazon CloudFront"
18.68.51.43 - - [21/Mar/2026:02:05:11 +0000] "POST / HTTP/1.1" 200 23800 "-" "Amazon CloudFront"
18.68.51.43 - - [21/Mar/2026:02:05:15 +0000] "POST / HTTP/1.1" 200 23849 "-" "Amazon CloudFront"
18.68.51.43 - - [21/Mar/2026:02:05:19 +0000] "POST / HTTP/1.1" 200 23823 "-" "Amazon CloudFront"
15.158.215.109 - - [21/Mar/2026:02:05:23 +0000] "POST /wp-cron.php?doing_wp_cron=1774058723.2028551101684570312500 HTTP/1.1" 200 - "https://69b4844ae61d4e92bf26ad98af552775-devsite.readyship.co/wp-cron.php?doing_wp_cron=1774058723.2028551101684570312500" "WordPress/5.1.19; https://69b4844ae61d4e92bf26ad98af552775-devsite.readyship.co"
18.68.51.43 - - [21/Mar/2026:02:05:22 +0000] "POST / HTTP/1.1" 200 23828 "-" "Amazon CloudFront"
18.68.51.43 - - [21/Mar/2026:02:05:27 +0000] "POST / HTTP/1.1" 200 23816 "-" "Amazon CloudFront"
18.68.51.43 - - [21/Mar/2026:02:05:31 +0000] "POST / HTTP/1.1" 200 23832 "-" "Amazon CloudFront"
18.68.51.43 - - [21/Mar/2026:02:05:34 +0000] "POST / HTTP/1.1" 200 23826 "-" "Amazon CloudFront"
18.68.51.43 - - [21/Mar/2026:02:05:37 +0000] "POST / HTTP/1.1" 200 23825 "-" "Amazon CloudFront"
18.68.51.43 - - [21/Mar/2026:02:05:41 +0000] "POST / HTTP/1.1" 200 23821 "-" "Amazon CloudFront"
18.68.51.43 - - [21/Mar/2026:02:05:45 +0000] "POST / HTTP/1.1" 200 23809 "-" "Amazon CloudFront"
15.158.215.109 - - [21/Mar/2026:02:07:45 +0000] "POST /wp-cron.php?doing_wp_cron=1774058864.9910399913787841796875 HTTP/1.1" 200 - "https://69b4844ae61d4e92bf26ad98af552775-devsite.readyship.co/wp-cron.php?doing_wp_cron=1774058864.9910399913787841796875" "WordPress/5.1.19; https://69b4844ae61d4e92bf26ad98af552775-devsite.readyship.co"
64.252.76.215 - - [21/Mar/2026:02:07:44 +0000] "GET /?feed=rss2&p=26079 HTTP/1.1" 200 511 "-" "Amazon CloudFront"
15.158.215.109 - - [21/Mar/2026:02:10:37 +0000] "POST /wp-cron.php?doing_wp_cron=1774059037.5021159648895263671875 HTTP/1.1" 200 - "https://69b4844ae61d4e92bf26ad98af552775-devsite.readyship.co/wp-cron.php?doing_wp_cron=1774059037.5021159648895263671875" "WordPress/5.1.19; https://69b4844ae61d4e92bf26ad98af552775-devsite.readyship.co"
64.252.68.102 - - [21/Mar/2026:02:10:37 +0000] "GET /?p=36502 HTTP/1.1" 200 17151 "-" "Amazon CloudFront"
15.158.215.109 - - [21/Mar/2026:02:13:09 +0000] "POST /wp-cron.php?doing_wp_cron=1774059189.4735050201416015625000 HTTP/1.1" 200 - "https://69b4844ae61d4e92bf26ad98af552775-devsite.readyship.co/wp-cron.php?doing_wp_cron=1774059189.4735050201416015625000" "WordPress/5.1.19; https://69b4844ae61d4e92bf26ad98af552775-devsite.readyship.co"
18.68.8.18 - - [21/Mar/2026:02:13:09 +0000] "POST /xmlrpc.php HTTP/1.1" 200 403 "-" "Mozilla/5.0 (Windows NT 10.0; Win64; x64) AppleWebKit/537.36 (KHTML, like Gecko) Chrome/114.0.0.0 Safari/537.36"
18.68.8.18 - - [21/Mar/2026:02:13:18 +0000] "POST /xmlrpc.php HTTP/1.1" 200 403 "-" "Mozilla/5.0 (Windows NT 10.0; Win64; x64) AppleWebKit/537.36 (KHTML, like Gecko) Chrome/114.0.0.0 Safari/537.36"
15.158.215.109 - - [21/Mar/2026:02:15:06 +0000] "POST /wp-cron.php?doing_wp_cron=1774059306.1159420013427734375000 HTTP/1.1" 200 - "https://69b4844ae61d4e92bf26ad98af552775-devsite.readyship.co/wp-cron.php?doing_wp_cron=1774059306.1159420013427734375000" "WordPress/5.1.19; https://69b4844ae61d4e92bf26ad98af552775-devsite.readyship.co"
64.252.76.63 - - [21/Mar/2026:02:15:05 +0000] "GET /?p=26081 HTTP/1.1" 200 16473 "-" "Amazon CloudFront"
15.158.215.109 - - [21/Mar/2026:02:18:02 +0000] "POST /wp-cron.php?doing_wp_cron=1774059481.9310948848724365234375 HTTP/1.1" 200 - "https://69b4844ae61d4e92bf26ad98af552775-devsite.readyship.co/wp-cron.php?doing_wp_cron=1774059481.9310948848724365234375" "WordPress/5.1.19; https://69b4844ae61d4e92bf26ad98af552775-devsite.readyship.co"
64.252.68.102 - - [21/Mar/2026:02:18:01 +0000] "GET /?p=56296 HTTP/1.1" 200 14445 "-" "Amazon CloudFront"
64.252.66.156 - - [21/Mar/2026:02:18:19 +0000] "GET /?p=36084 HTTP/1.1" 200 22288 "-" "Amazon CloudFront"
15.158.215.109 - - [21/Mar/2026:02:18:33 +0000] "POST /wp-cron.php?doing_wp_cron=1774059513.8349959850311279296875 HTTP/1.1" 200 - "https://69b4844ae61d4e92bf26ad98af552775-devsite.readyship.co/wp-cron.php?doing_wp_cron=1774059513.8349959850311279296875" "WordPress/5.1.19; https://69b4844ae61d4e92bf26ad98af552775-devsite.readyship.co"
64.252.68.139 - - [21/Mar/2026:02:18:33 +0000] "GET /?p=6455 HTTP/1.1" 200 21267 "-" "Amazon CloudFront"
15.158.215.109 - - [21/Mar/2026:02:19:56 +0000] "POST /wp-cron.php?doing_wp_cron=1774059595.9967370033264160156250 HTTP/1.1" 200 - "https://69b4844ae61d4e92bf26ad98af552775-devsite.readyship.co/wp-cron.php?doing_wp_cron=1774059595.9967370033264160156250" "WordPress/5.1.19; https://69b4844ae61d4e92bf26ad98af552775-devsite.readyship.co"
64.252.68.139 - - [21/Mar/2026:02:19:55 +0000] "GET /?p=11049 HTTP/1.1" 200 16186 "-" "Amazon CloudFront"
15.158.215.109 - - [21/Mar/2026:02:20:48 +0000] "POST /wp-cron.php?doing_wp_cron=1774059648.5156829357147216796875 HTTP/1.1" 200 - "https://69b4844ae61d4e92bf26ad98af552775-devsite.readyship.co/wp-cron.php?doing_wp_cron=1774059648.5156829357147216796875" "WordPress/5.1.19; https://69b4844ae61d4e92bf26ad98af552775-devsite.readyship.co"
64.252.68.203 - - [21/Mar/2026:02:20:48 +0000] "GET /?page_id=2807&paged=4308 HTTP/1.1" 200 11369 "-" "Amazon CloudFront"
