15.158.215.109 - - [18/Mar/2026:16:26:36 +0000] "POST /wp-cron.php?doing_wp_cron=1773851196.4585270881652832031250 HTTP/1.1" 200 - "https://69b4844ae61d4e92bf26ad98af552775-devsite.readyship.co/wp-cron.php?doing_wp_cron=1773851196.4585270881652832031250" "WordPress/5.1.19; https://69b4844ae61d4e92bf26ad98af552775-devsite.readyship.co"
64.252.76.215 - - [18/Mar/2026:16:26:36 +0000] "GET /?p=91645 HTTP/1.1" 200 19606 "-" "Amazon CloudFront"
64.252.74.61 - - [18/Mar/2026:16:27:11 +0000] "GET /?p=91651 HTTP/1.1" 200 16709 "-" "Amazon CloudFront"
64.252.74.61 - - [18/Mar/2026:16:27:23 +0000] "GET /?feed=rss2&p=91683 HTTP/1.1" 200 523 "-" "Amazon CloudFront"
15.158.215.109 - - [18/Mar/2026:16:27:23 +0000] "POST /wp-cron.php?doing_wp_cron=1773851243.3870220184326171875000 HTTP/1.1" 200 - "https://69b4844ae61d4e92bf26ad98af552775-devsite.readyship.co/wp-cron.php?doing_wp_cron=1773851243.3870220184326171875000" "WordPress/5.1.19; https://69b4844ae61d4e92bf26ad98af552775-devsite.readyship.co"
64.252.74.61 - - [18/Mar/2026:16:27:23 +0000] "GET /?feed=rss2&p=91699 HTTP/1.1" 200 506 "-" "Amazon CloudFront"
64.252.74.61 - - [18/Mar/2026:16:27:24 +0000] "GET /?feed=rss2&p=91709 HTTP/1.1" 200 496 "-" "Amazon CloudFront"
64.252.76.215 - - [18/Mar/2026:16:27:25 +0000] "GET /?feed=rss2&p=91702 HTTP/1.1" 200 517 "-" "Amazon CloudFront"
64.252.76.215 - - [18/Mar/2026:16:28:03 +0000] "GET /?feed=rss2&p=91685 HTTP/1.1" 200 522 "-" "Amazon CloudFront"
64.252.76.215 - - [18/Mar/2026:16:28:03 +0000] "GET /?feed=rss2&p=91707 HTTP/1.1" 200 501 "-" "Amazon CloudFront"
64.252.74.218 - - [18/Mar/2026:16:28:31 +0000] "GET /?feed=rss2&p=91687 HTTP/1.1" 200 523 "-" "Amazon CloudFront"
15.158.215.109 - - [18/Mar/2026:16:28:31 +0000] "POST /wp-cron.php?doing_wp_cron=1773851311.7329649925231933593750 HTTP/1.1" 200 - "https://69b4844ae61d4e92bf26ad98af552775-devsite.readyship.co/wp-cron.php?doing_wp_cron=1773851311.7329649925231933593750" "WordPress/5.1.19; https://69b4844ae61d4e92bf26ad98af552775-devsite.readyship.co"
64.252.74.218 - - [18/Mar/2026:16:28:31 +0000] "GET /?feed=rss2&p=91701 HTTP/1.1" 200 530 "-" "Amazon CloudFront"
64.252.76.215 - - [18/Mar/2026:16:28:51 +0000] "GET /?feed=rss2&p=91695 HTTP/1.1" 200 525 "-" "Amazon CloudFront"
64.252.74.61 - - [18/Mar/2026:16:28:51 +0000] "GET /?feed=rss2&p=91693 HTTP/1.1" 200 508 "-" "Amazon CloudFront"
15.158.215.109 - - [18/Mar/2026:16:29:48 +0000] "POST /wp-cron.php?doing_wp_cron=1773851388.5990369319915771484375 HTTP/1.1" 200 - "https://69b4844ae61d4e92bf26ad98af552775-devsite.readyship.co/wp-cron.php?doing_wp_cron=1773851388.5990369319915771484375" "WordPress/5.1.19; https://69b4844ae61d4e92bf26ad98af552775-devsite.readyship.co"
64.252.76.215 - - [18/Mar/2026:16:29:48 +0000] "GET /?feed=rss2&p=91705 HTTP/1.1" 200 525 "-" "Amazon CloudFront"
64.252.74.218 - - [18/Mar/2026:16:30:03 +0000] "GET /?feed=rss2&p=91719 HTTP/1.1" 200 523 "-" "Amazon CloudFront"
64.252.76.215 - - [18/Mar/2026:16:30:13 +0000] "GET /?feed=rss2&p=91713 HTTP/1.1" 200 501 "-" "Amazon CloudFront"
15.158.215.109 - - [18/Mar/2026:16:30:26 +0000] "POST /wp-cron.php?doing_wp_cron=1773851426.5981750488281250000000 HTTP/1.1" 200 - "https://69b4844ae61d4e92bf26ad98af552775-devsite.readyship.co/wp-cron.php?doing_wp_cron=1773851426.5981750488281250000000" "WordPress/5.1.19; https://69b4844ae61d4e92bf26ad98af552775-devsite.readyship.co"
64.252.74.218 - - [18/Mar/2026:16:30:26 +0000] "GET /?feed=rss2&p=91711 HTTP/1.1" 200 548 "-" "Amazon CloudFront"
64.252.74.61 - - [18/Mar/2026:16:30:58 +0000] "GET /?feed=rss2&p=91681 HTTP/1.1" 200 559 "-" "Amazon CloudFront"
15.158.215.109 - - [18/Mar/2026:16:31:34 +0000] "POST /wp-cron.php?doing_wp_cron=1773851494.6623520851135253906250 HTTP/1.1" 200 - "https://69b4844ae61d4e92bf26ad98af552775-devsite.readyship.co/wp-cron.php?doing_wp_cron=1773851494.6623520851135253906250" "WordPress/5.1.19; https://69b4844ae61d4e92bf26ad98af552775-devsite.readyship.co"
64.252.74.61 - - [18/Mar/2026:16:31:34 +0000] "GET /?feed=rss2&p=91717 HTTP/1.1" 200 558 "-" "Amazon CloudFront"
64.252.76.215 - - [18/Mar/2026:16:31:38 +0000] "GET /?p=91647 HTTP/1.1" 200 23473 "-" "Amazon CloudFront"
64.252.74.218 - - [18/Mar/2026:16:31:38 +0000] "GET /?p=91649 HTTP/1.1" 200 22973 "-" "Amazon CloudFront"
64.252.74.61 - - [18/Mar/2026:16:31:54 +0000] "GET /?p=91653 HTTP/1.1" 200 19362 "-" "Amazon CloudFront"
64.252.74.218 - - [18/Mar/2026:16:32:20 +0000] "GET /?p=91657 HTTP/1.1" 200 16115 "-" "Amazon CloudFront"
64.252.76.215 - - [18/Mar/2026:16:32:20 +0000] "GET /?p=91643 HTTP/1.1" 200 17381 "-" "Amazon CloudFront"
15.158.215.109 - - [18/Mar/2026:16:33:01 +0000] "POST /wp-cron.php?doing_wp_cron=1773851581.6010370254516601562500 HTTP/1.1" 200 - "https://69b4844ae61d4e92bf26ad98af552775-devsite.readyship.co/wp-cron.php?doing_wp_cron=1773851581.6010370254516601562500" "WordPress/5.1.19; https://69b4844ae61d4e92bf26ad98af552775-devsite.readyship.co"
64.252.74.61 - - [18/Mar/2026:16:33:01 +0000] "GET /?cat=1&paged=260 HTTP/1.1" 200 12600 "-" "Amazon CloudFront"
15.158.215.109 - - [18/Mar/2026:16:33:22 +0000] "POST /wp-cron.php?doing_wp_cron=1773851602.0029919147491455078125 HTTP/1.1" 200 - "https://69b4844ae61d4e92bf26ad98af552775-devsite.readyship.co/wp-cron.php?doing_wp_cron=1773851602.0029919147491455078125" "WordPress/5.1.19; https://69b4844ae61d4e92bf26ad98af552775-devsite.readyship.co"
64.252.74.218 - - [18/Mar/2026:16:33:21 +0000] "GET /?p=91655 HTTP/1.1" 200 18616 "-" "Amazon CloudFront"
64.252.76.215 - - [18/Mar/2026:16:33:21 +0000] "GET /?p=91639 HTTP/1.1" 200 16806 "-" "Amazon CloudFront"
64.252.66.156 - - [18/Mar/2026:16:34:10 +0000] "GET /?healthcheck_timestamp=1773851447411 HTTP/1.1" 200 181514 "-" "Amazon CloudFront"
15.158.215.109 - - [18/Mar/2026:16:40:05 +0000] "POST /wp-cron.php?doing_wp_cron=1773852005.6355640888214111328125 HTTP/1.1" 200 - "https://69b4844ae61d4e92bf26ad98af552775-devsite.readyship.co/wp-cron.php?doing_wp_cron=1773852005.6355640888214111328125" "WordPress/5.1.19; https://69b4844ae61d4e92bf26ad98af552775-devsite.readyship.co"
64.252.66.156 - - [18/Mar/2026:16:40:05 +0000] "GET /?p=8193 HTTP/1.1" 200 22242 "-" "Amazon CloudFront"
15.158.215.109 - - [18/Mar/2026:16:46:23 +0000] "POST /wp-cron.php?doing_wp_cron=1773852382.9489951133728027343750 HTTP/1.1" 200 - "https://69b4844ae61d4e92bf26ad98af552775-devsite.readyship.co/wp-cron.php?doing_wp_cron=1773852382.9489951133728027343750" "WordPress/5.1.19; https://69b4844ae61d4e92bf26ad98af552775-devsite.readyship.co"
64.252.68.203 - - [18/Mar/2026:16:46:15 +0000] "GET /?p=25589 HTTP/1.1" 200 17468 "-" "Amazon CloudFront"
15.158.215.109 - - [18/Mar/2026:16:58:23 +0000] "POST /wp-cron.php?doing_wp_cron=1773853103.8217279911041259765625 HTTP/1.1" 200 - "https://69b4844ae61d4e92bf26ad98af552775-devsite.readyship.co/wp-cron.php?doing_wp_cron=1773853103.8217279911041259765625" "WordPress/5.1.19; https://69b4844ae61d4e92bf26ad98af552775-devsite.readyship.co"
18.68.51.43 - - [18/Mar/2026:16:58:16 +0000] "POST / HTTP/1.1" 200 25722 "-" "Amazon CloudFront"
18.68.51.43 - - [18/Mar/2026:17:07:16 +0000] "POST /xmlrpc.php HTTP/1.1" 200 403 "-" "Mozilla/5.0 (Windows NT 10.0; Win64; x64) AppleWebKit/537.36 (KHTML, like Gecko) Chrome/114.0.0.0 Safari/537.36"
15.158.215.109 - - [18/Mar/2026:17:07:23 +0000] "POST /wp-cron.php?doing_wp_cron=1773853642.9529030323028564453125 HTTP/1.1" 200 - "https://69b4844ae61d4e92bf26ad98af552775-devsite.readyship.co/wp-cron.php?doing_wp_cron=1773853642.9529030323028564453125" "WordPress/5.1.19; https://69b4844ae61d4e92bf26ad98af552775-devsite.readyship.co"
18.68.51.43 - - [18/Mar/2026:17:07:25 +0000] "POST /xmlrpc.php HTTP/1.1" 200 403 "-" "Mozilla/5.0 (Windows NT 10.0; Win64; x64) AppleWebKit/537.36 (KHTML, like Gecko) Chrome/114.0.0.0 Safari/537.36"
64.252.76.215 - - [18/Mar/2026:17:07:27 +0000] "GET /?p=38702 HTTP/1.1" 200 23413 "-" "Amazon CloudFront"
64.252.76.215 - - [18/Mar/2026:17:09:13 +0000] "GET /?feed=rss2&p=26004 HTTP/1.1" 200 519 "-" "Amazon CloudFront"
15.158.215.109 - - [18/Mar/2026:17:09:13 +0000] "POST /wp-cron.php?doing_wp_cron=1773853753.7110929489135742187500 HTTP/1.1" 200 - "https://69b4844ae61d4e92bf26ad98af552775-devsite.readyship.co/wp-cron.php?doing_wp_cron=1773853753.7110929489135742187500" "WordPress/5.1.19; https://69b4844ae61d4e92bf26ad98af552775-devsite.readyship.co"
15.158.215.109 - - [18/Mar/2026:17:09:32 +0000] "POST /wp-cron.php?doing_wp_cron=1773853772.7136099338531494140625 HTTP/1.1" 200 - "https://69b4844ae61d4e92bf26ad98af552775-devsite.readyship.co/wp-cron.php?doing_wp_cron=1773853772.7136099338531494140625" "WordPress/5.1.19; https://69b4844ae61d4e92bf26ad98af552775-devsite.readyship.co"
64.252.76.215 - - [18/Mar/2026:17:09:32 +0000] "GET /?feed=rss2&p=26000 HTTP/1.1" 200 508 "-" "Amazon CloudFront"
15.158.215.109 - - [18/Mar/2026:17:10:40 +0000] "POST /wp-cron.php?doing_wp_cron=1773853840.9613249301910400390625 HTTP/1.1" 200 - "https://69b4844ae61d4e92bf26ad98af552775-devsite.readyship.co/wp-cron.php?doing_wp_cron=1773853840.9613249301910400390625" "WordPress/5.1.19; https://69b4844ae61d4e92bf26ad98af552775-devsite.readyship.co"
64.252.74.218 - - [18/Mar/2026:17:10:40 +0000] "GET /?feed=rss2&p=38700 HTTP/1.1" 200 494 "-" "Amazon CloudFront"
15.158.215.109 - - [18/Mar/2026:17:12:24 +0000] "POST /wp-cron.php?doing_wp_cron=1773853944.5043659210205078125000 HTTP/1.1" 200 - "https://69b4844ae61d4e92bf26ad98af552775-devsite.readyship.co/wp-cron.php?doing_wp_cron=1773853944.5043659210205078125000" "WordPress/5.1.19; https://69b4844ae61d4e92bf26ad98af552775-devsite.readyship.co"
64.252.74.218 - - [18/Mar/2026:17:12:24 +0000] "GET /?p=26008 HTTP/1.1" 200 17006 "-" "Amazon CloudFront"
15.158.215.109 - - [18/Mar/2026:17:13:25 +0000] "POST /wp-cron.php?doing_wp_cron=1773854005.8936328887939453125000 HTTP/1.1" 200 - "https://69b4844ae61d4e92bf26ad98af552775-devsite.readyship.co/wp-cron.php?doing_wp_cron=1773854005.8936328887939453125000" "WordPress/5.1.19; https://69b4844ae61d4e92bf26ad98af552775-devsite.readyship.co"
64.252.74.218 - - [18/Mar/2026:17:13:25 +0000] "GET /?page_id=2807&paged=4309 HTTP/1.1" 200 12738 "-" "Amazon CloudFront"
64.252.74.218 - - [18/Mar/2026:17:13:41 +0000] "GET /?page_id=2807&paged=4308 HTTP/1.1" 200 12750 "-" "Amazon CloudFront"
64.252.72.26 - - [18/Mar/2026:17:27:58 +0000] "GET /wp-includes/css/dist/block-library/style.min.css?ver=5.1.19 HTTP/1.1" 200 4268 "-" "Amazon CloudFront"
64.252.72.26 - - [18/Mar/2026:17:27:58 +0000] "GET /wp-content/plugins/woocommerce/assets/css/blocks/style.css?ver=3.6.7 HTTP/1.1" 200 933 "-" "Amazon CloudFront"
64.252.70.147 - - [18/Mar/2026:17:27:59 +0000] "GET /wp-content/plugins/contact-form-7/includes/css/styles.css?ver=5.1.1 HTTP/1.1" 200 651 "-" "Amazon CloudFront"
64.252.71.235 - - [18/Mar/2026:17:27:59 +0000] "GET /wp-content/plugins/woocommerce/assets/css/woocommerce-layout.css?ver=3.6.7 HTTP/1.1" 200 2155 "-" "Amazon CloudFront"
64.252.71.235 - - [18/Mar/2026:17:28:00 +0000] "GET /wp-content/plugins/woocommerce/assets/css/woocommerce-smallscreen.css?ver=3.6.7 HTTP/1.1" 200 1055 "-" "Amazon CloudFront"
64.252.71.235 - - [18/Mar/2026:17:28:00 +0000] "GET /wp-content/plugins/woocommerce/assets/css/woocommerce.css?ver=3.6.7 HTTP/1.1" 200 8809 "-" "Amazon CloudFront"
64.252.71.235 - - [18/Mar/2026:17:28:01 +0000] "GET /wp-content/plugins/elementor/assets/lib/eicons/css/elementor-icons.min.css?ver=4.3.0 HTTP/1.1" 200 2536 "-" "Amazon CloudFront"
64.252.72.26 - - [18/Mar/2026:17:28:01 +0000] "GET /wp-content/plugins/elementor/assets/lib/font-awesome/css/font-awesome.min.css?ver=4.7.0 HTTP/1.1" 200 7050 "-" "Amazon CloudFront"
64.252.70.147 - - [18/Mar/2026:17:28:01 +0000] "GET /wp-content/plugins/elementor/assets/lib/animations/animations.min.css?ver=2.5.14 HTTP/1.1" 200 2592 "-" "Amazon CloudFront"
64.252.71.235 - - [18/Mar/2026:17:28:02 +0000] "GET /wp-content/plugins/elementor/assets/css/frontend.min.css?ver=2.5.14 HTTP/1.1" 200 13179 "-" "Amazon CloudFront"
64.252.70.147 - - [18/Mar/2026:17:28:03 +0000] "GET /wp-content/uploads/elementor/css/global.css?ver=1555758410 HTTP/1.1" 200 683 "-" "Amazon CloudFront"
64.252.71.235 - - [18/Mar/2026:17:28:03 +0000] "GET /wp-content/themes/my-listing/assets/dist/maps/google-maps/google-maps.css?ver=2.0.11 HTTP/1.1" 200 1009 "-" "Amazon CloudFront"
64.252.70.147 - - [18/Mar/2026:17:28:04 +0000] "GET /wp-content/themes/my-listing/assets/dist/icons/icons.css?ver=2.0.11 HTTP/1.1" 200 21979 "-" "Amazon CloudFront"
64.252.72.26 - - [18/Mar/2026:17:28:05 +0000] "GET /wp-content/plugins/woocommerce/assets/css/select2.css?ver=3.6.7 HTTP/1.1" 200 1963 "-" "Amazon CloudFront"
64.252.70.147 - - [18/Mar/2026:17:28:05 +0000] "GET /wp-content/themes/my-listing/assets/dist/frontend/vendor.css?ver=2.0.11 HTTP/1.1" 200 29625 "-" "Amazon CloudFront"
64.252.71.235 - - [18/Mar/2026:17:28:06 +0000] "GET /wp-content/themes/my-listing/assets/dist/frontend/frontend.css?ver=2.0.11 HTTP/1.1" 200 63010 "-" "Amazon CloudFront"
64.252.72.26 - - [18/Mar/2026:17:28:07 +0000] "GET /wp-content/themes/my-listing/style.css?ver=5.1.19 HTTP/1.1" 200 1040 "-" "Amazon CloudFront"
64.252.72.26 - - [18/Mar/2026:17:28:08 +0000] "GET /wp-content/themes/my-listing-child/style.css?ver=5.1.19 HTTP/1.1" 200 372 "-" "Amazon CloudFront"
64.252.71.235 - - [18/Mar/2026:17:28:08 +0000] "GET /wp-content/uploads/mylisting-dynamic-styles.css?ver=1590799639 HTTP/1.1" 200 5404 "-" "Amazon CloudFront"
130.176.213.204 - - [18/Mar/2026:17:28:09 +0000] "POST /xmlrpc.php HTTP/1.1" 200 206 "https://69b4844ae61d4e92bf26ad98af552775-devsite.readyship.co/?p=23378" "PHP/5.3.82"
15.158.215.109 - - [18/Mar/2026:17:28:16 +0000] "POST /wp-cron.php?doing_wp_cron=1773854896.0968699455261230468750 HTTP/1.1" 200 - "https://69b4844ae61d4e92bf26ad98af552775-devsite.readyship.co/wp-cron.php?doing_wp_cron=1773854896.0968699455261230468750" "WordPress/5.1.19; https://69b4844ae61d4e92bf26ad98af552775-devsite.readyship.co"
15.158.215.109 - - [18/Mar/2026:17:29:58 +0000] "POST /wp-cron.php?doing_wp_cron=1773854998.7703659534454345703125 HTTP/1.1" 200 - "https://69b4844ae61d4e92bf26ad98af552775-devsite.readyship.co/wp-cron.php?doing_wp_cron=1773854998.7703659534454345703125" "WordPress/5.1.19; https://69b4844ae61d4e92bf26ad98af552775-devsite.readyship.co"
64.252.76.215 - - [18/Mar/2026:17:29:58 +0000] "GET /?p=26821 HTTP/1.1" 200 17534 "-" "Amazon CloudFront"
15.158.215.109 - - [18/Mar/2026:17:34:01 +0000] "POST /wp-cron.php?doing_wp_cron=1773855240.9109809398651123046875 HTTP/1.1" 200 - "https://69b4844ae61d4e92bf26ad98af552775-devsite.readyship.co/wp-cron.php?doing_wp_cron=1773855240.9109809398651123046875" "WordPress/5.1.19; https://69b4844ae61d4e92bf26ad98af552775-devsite.readyship.co"
64.252.74.218 - - [18/Mar/2026:17:34:00 +0000] "GET /?feed=rss2&p=26823 HTTP/1.1" 200 512 "-" "Amazon CloudFront"
64.252.68.139 - - [18/Mar/2026:17:34:08 +0000] "GET /?healthcheck_timestamp=1773855047268 HTTP/1.1" 200 178917 "-" "Amazon CloudFront"
15.158.215.109 - - [18/Mar/2026:17:41:20 +0000] "POST /wp-cron.php?doing_wp_cron=1773855680.5351428985595703125000 HTTP/1.1" 200 - "https://69b4844ae61d4e92bf26ad98af552775-devsite.readyship.co/wp-cron.php?doing_wp_cron=1773855680.5351428985595703125000" "WordPress/5.1.19; https://69b4844ae61d4e92bf26ad98af552775-devsite.readyship.co"
15.158.215.109 - - [18/Mar/2026:17:41:20 +0000] "POST /wp-cron.php?doing_wp_cron=1773855680.5350151062011718750000 HTTP/1.1" 200 - "https://69b4844ae61d4e92bf26ad98af552775-devsite.readyship.co/wp-cron.php?doing_wp_cron=1773855680.5350151062011718750000" "WordPress/5.1.19; https://69b4844ae61d4e92bf26ad98af552775-devsite.readyship.co"
64.252.74.218 - - [18/Mar/2026:17:41:15 +0000] "GET /?p=16347 HTTP/1.1" 200 14172 "-" "Amazon CloudFront"
64.252.74.218 - - [18/Mar/2026:17:41:15 +0000] "GET /?p=16341 HTTP/1.1" 200 14844 "-" "Amazon CloudFront"
15.158.215.109 - - [18/Mar/2026:17:41:23 +0000] "POST /wp-cron.php?doing_wp_cron=1773855683.0297310352325439453125 HTTP/1.1" 200 - "https://69b4844ae61d4e92bf26ad98af552775-devsite.readyship.co/wp-cron.php?doing_wp_cron=1773855683.0297310352325439453125" "WordPress/5.1.19; https://69b4844ae61d4e92bf26ad98af552775-devsite.readyship.co"
64.252.74.218 - - [18/Mar/2026:17:41:22 +0000] "GET /?p=16337 HTTP/1.1" 200 14224 "-" "Amazon CloudFront"
64.252.76.215 - - [18/Mar/2026:17:41:23 +0000] "GET /?p=16355 HTTP/1.1" 200 14911 "-" "Amazon CloudFront"
64.252.74.218 - - [18/Mar/2026:17:42:11 +0000] "GET /?p=16353 HTTP/1.1" 200 14847 "-" "Amazon CloudFront"
64.252.76.215 - - [18/Mar/2026:17:42:12 +0000] "GET /?p=16339 HTTP/1.1" 200 14566 "-" "Amazon CloudFront"
64.252.76.215 - - [18/Mar/2026:17:42:13 +0000] "GET /?p=16359 HTTP/1.1" 200 14014 "-" "Amazon CloudFront"
15.158.215.109 - - [18/Mar/2026:17:42:32 +0000] "POST /wp-cron.php?doing_wp_cron=1773855752.1110830307006835937500 HTTP/1.1" 200 - "https://69b4844ae61d4e92bf26ad98af552775-devsite.readyship.co/wp-cron.php?doing_wp_cron=1773855752.1110830307006835937500" "WordPress/5.1.19; https://69b4844ae61d4e92bf26ad98af552775-devsite.readyship.co"
64.252.74.218 - - [18/Mar/2026:17:42:32 +0000] "GET /?p=16343 HTTP/1.1" 200 14371 "-" "Amazon CloudFront"
64.252.74.61 - - [18/Mar/2026:17:42:31 +0000] "GET /?p=16349 HTTP/1.1" 200 14506 "-" "Amazon CloudFront"
64.252.76.215 - - [18/Mar/2026:17:42:33 +0000] "GET /?p=16335 HTTP/1.1" 200 14587 "-" "Amazon CloudFront"
64.252.74.218 - - [18/Mar/2026:17:42:52 +0000] "GET /?p=16351 HTTP/1.1" 200 15648 "-" "Amazon CloudFront"
64.252.74.61 - - [18/Mar/2026:17:42:53 +0000] "GET /?p=16369 HTTP/1.1" 200 14365 "-" "Amazon CloudFront"
64.252.76.215 - - [18/Mar/2026:17:42:53 +0000] "GET /?p=16357 HTTP/1.1" 200 13921 "-" "Amazon CloudFront"
15.158.215.109 - - [18/Mar/2026:17:43:39 +0000] "POST /wp-cron.php?doing_wp_cron=1773855819.3202788829803466796875 HTTP/1.1" 200 - "https://69b4844ae61d4e92bf26ad98af552775-devsite.readyship.co/wp-cron.php?doing_wp_cron=1773855819.3202788829803466796875" "WordPress/5.1.19; https://69b4844ae61d4e92bf26ad98af552775-devsite.readyship.co"
64.252.76.215 - - [18/Mar/2026:17:43:39 +0000] "GET /?p=16365 HTTP/1.1" 200 14348 "-" "Amazon CloudFront"
64.252.74.61 - - [18/Mar/2026:17:43:44 +0000] "GET /?feed=rss2&p=16299 HTTP/1.1" 200 554 "-" "Amazon CloudFront"
64.252.74.61 - - [18/Mar/2026:17:43:44 +0000] "GET /?feed=rss2&p=79976 HTTP/1.1" 200 525 "-" "Amazon CloudFront"
64.252.74.218 - - [18/Mar/2026:17:43:45 +0000] "GET /?feed=rss2&p=16293 HTTP/1.1" 200 514 "-" "Amazon CloudFront"
64.252.76.215 - - [18/Mar/2026:17:44:26 +0000] "GET /?feed=rss2&p=16307 HTTP/1.1" 200 521 "-" "Amazon CloudFront"
15.158.215.109 - - [18/Mar/2026:17:44:26 +0000] "POST /wp-cron.php?doing_wp_cron=1773855866.6030459403991699218750 HTTP/1.1" 200 - "https://69b4844ae61d4e92bf26ad98af552775-devsite.readyship.co/wp-cron.php?doing_wp_cron=1773855866.6030459403991699218750" "WordPress/5.1.19; https://69b4844ae61d4e92bf26ad98af552775-devsite.readyship.co"
64.252.74.218 - - [18/Mar/2026:17:44:26 +0000] "GET /?feed=rss2&p=16291 HTTP/1.1" 200 550 "-" "Amazon CloudFront"
64.252.76.215 - - [18/Mar/2026:17:44:27 +0000] "GET /?feed=rss2&p=91671 HTTP/1.1" 200 515 "-" "Amazon CloudFront"
64.252.74.61 - - [18/Mar/2026:17:45:16 +0000] "GET /?feed=rss2&p=91665 HTTP/1.1" 200 530 "-" "Amazon CloudFront"
64.252.74.218 - - [18/Mar/2026:17:45:16 +0000] "GET /?feed=rss2&p=91663 HTTP/1.1" 200 600 "-" "Amazon CloudFront"
64.252.74.61 - - [18/Mar/2026:17:45:22 +0000] "GET /?feed=rss2&p=16295 HTTP/1.1" 200 504 "-" "Amazon CloudFront"
15.158.215.109 - - [18/Mar/2026:17:45:22 +0000] "POST /wp-cron.php?doing_wp_cron=1773855922.2280039787292480468750 HTTP/1.1" 200 - "https://69b4844ae61d4e92bf26ad98af552775-devsite.readyship.co/wp-cron.php?doing_wp_cron=1773855922.2280039787292480468750" "WordPress/5.1.19; https://69b4844ae61d4e92bf26ad98af552775-devsite.readyship.co"
64.252.76.215 - - [18/Mar/2026:17:45:21 +0000] "GET /?feed=rss2&p=16309 HTTP/1.1" 200 514 "-" "Amazon CloudFront"
64.252.76.215 - - [18/Mar/2026:17:45:22 +0000] "GET /?feed=rss2&p=16301 HTTP/1.1" 200 503 "-" "Amazon CloudFront"
64.252.74.61 - - [18/Mar/2026:17:45:28 +0000] "GET /?feed=rss2&p=91667 HTTP/1.1" 200 540 "-" "Amazon CloudFront"
64.252.74.218 - - [18/Mar/2026:17:45:28 +0000] "GET /?feed=rss2&p=91675 HTTP/1.1" 200 518 "-" "Amazon CloudFront"
64.252.74.218 - - [18/Mar/2026:17:45:29 +0000] "GET /?feed=rss2&p=91677 HTTP/1.1" 200 536 "-" "Amazon CloudFront"
64.252.74.61 - - [18/Mar/2026:17:45:58 +0000] "GET /?feed=rss2&p=16305 HTTP/1.1" 200 543 "-" "Amazon CloudFront"
64.252.74.61 - - [18/Mar/2026:17:45:58 +0000] "GET /?feed=rss2&p=16315 HTTP/1.1" 200 530 "-" "Amazon CloudFront"
64.252.74.218 - - [18/Mar/2026:17:45:59 +0000] "GET /?feed=rss2&p=16303 HTTP/1.1" 200 502 "-" "Amazon CloudFront"
64.252.74.218 - - [18/Mar/2026:17:46:05 +0000] "GET /?feed=rss2&p=16327 HTTP/1.1" 200 528 "-" "Amazon CloudFront"
64.252.74.61 - - [18/Mar/2026:17:46:05 +0000] "GET /?feed=rss2&p=16317 HTTP/1.1" 200 529 "-" "Amazon CloudFront"
64.252.76.215 - - [18/Mar/2026:17:46:06 +0000] "GET /?feed=rss2&p=16313 HTTP/1.1" 200 513 "-" "Amazon CloudFront"
64.252.76.215 - - [18/Mar/2026:17:46:30 +0000] "GET /?feed=rss2&p=91661 HTTP/1.1" 200 523 "-" "Amazon CloudFront"
15.158.215.109 - - [18/Mar/2026:17:46:30 +0000] "POST /wp-cron.php?doing_wp_cron=1773855990.5529599189758300781250 HTTP/1.1" 200 - "https://69b4844ae61d4e92bf26ad98af552775-devsite.readyship.co/wp-cron.php?doing_wp_cron=1773855990.5529599189758300781250" "WordPress/5.1.19; https://69b4844ae61d4e92bf26ad98af552775-devsite.readyship.co"
64.252.76.215 - - [18/Mar/2026:17:46:30 +0000] "GET /?feed=rss2&p=16323 HTTP/1.1" 200 535 "-" "Amazon CloudFront"
64.252.76.215 - - [18/Mar/2026:17:46:31 +0000] "GET /?feed=rss2&p=16329 HTTP/1.1" 200 508 "-" "Amazon CloudFront"
64.252.76.215 - - [18/Mar/2026:17:46:56 +0000] "GET /?feed=rss2&p=16297 HTTP/1.1" 200 518 "-" "Amazon CloudFront"
64.252.76.215 - - [18/Mar/2026:17:46:57 +0000] "GET /?feed=rss2&p=16311 HTTP/1.1" 200 532 "-" "Amazon CloudFront"
64.252.74.218 - - [18/Mar/2026:17:46:56 +0000] "GET /?feed=rss2&p=16325 HTTP/1.1" 200 530 "-" "Amazon CloudFront"
15.158.215.109 - - [18/Mar/2026:17:47:41 +0000] "POST /wp-cron.php?doing_wp_cron=1773856061.5714390277862548828125 HTTP/1.1" 200 - "https://69b4844ae61d4e92bf26ad98af552775-devsite.readyship.co/wp-cron.php?doing_wp_cron=1773856061.5714390277862548828125" "WordPress/5.1.19; https://69b4844ae61d4e92bf26ad98af552775-devsite.readyship.co"
64.252.74.218 - - [18/Mar/2026:17:47:41 +0000] "GET /?cat=1&paged=3969 HTTP/1.1" 200 11278 "-" "Amazon CloudFront"
64.252.74.218 - - [18/Mar/2026:17:47:41 +0000] "GET /?cat=1&paged=3970 HTTP/1.1" 200 11307 "-" "Amazon CloudFront"
64.252.74.61 - - [18/Mar/2026:17:47:42 +0000] "GET /?feed=rss2&p=16321 HTTP/1.1" 200 537 "-" "Amazon CloudFront"
64.252.74.61 - - [18/Mar/2026:17:47:52 +0000] "GET /?p=16363 HTTP/1.1" 200 14422 "-" "Amazon CloudFront"
64.252.76.215 - - [18/Mar/2026:17:47:52 +0000] "GET /?p=16345 HTTP/1.1" 200 14685 "-" "Amazon CloudFront"
64.252.74.61 - - [18/Mar/2026:17:47:54 +0000] "GET /?p=16361 HTTP/1.1" 200 14720 "-" "Amazon CloudFront"
64.252.74.218 - - [18/Mar/2026:17:47:54 +0000] "GET /?p=16333 HTTP/1.1" 200 14717 "-" "Amazon CloudFront"
64.252.74.218 - - [18/Mar/2026:17:47:58 +0000] "GET /?p=79981 HTTP/1.1" 200 22687 "-" "Amazon CloudFront"
15.158.215.109 - - [18/Mar/2026:17:48:56 +0000] "POST /wp-cron.php?doing_wp_cron=1773856135.9488880634307861328125 HTTP/1.1" 200 - "https://69b4844ae61d4e92bf26ad98af552775-devsite.readyship.co/wp-cron.php?doing_wp_cron=1773856135.9488880634307861328125" "WordPress/5.1.19; https://69b4844ae61d4e92bf26ad98af552775-devsite.readyship.co"
64.252.74.218 - - [18/Mar/2026:17:48:55 +0000] "GET /?feed=rss2&p=16319 HTTP/1.1" 200 501 "-" "Amazon CloudFront"
64.252.74.61 - - [18/Mar/2026:17:49:20 +0000] "GET /?feed=rss2&p=91659 HTTP/1.1" 200 528 "-" "Amazon CloudFront"
64.252.74.61 - - [18/Mar/2026:17:49:21 +0000] "GET /?p=16367 HTTP/1.1" 200 14632 "-" "Amazon CloudFront"
15.158.215.109 - - [18/Mar/2026:17:49:22 +0000] "POST /wp-cron.php?doing_wp_cron=1773856162.4461469650268554687500 HTTP/1.1" 200 - "https://69b4844ae61d4e92bf26ad98af552775-devsite.readyship.co/wp-cron.php?doing_wp_cron=1773856162.4461469650268554687500" "WordPress/5.1.19; https://69b4844ae61d4e92bf26ad98af552775-devsite.readyship.co"
64.252.74.61 - - [18/Mar/2026:17:49:22 +0000] "GET /?p=16331 HTTP/1.1" 200 14198 "-" "Amazon CloudFront"
15.158.215.109 - - [18/Mar/2026:17:53:29 +0000] "POST /wp-cron.php?doing_wp_cron=1773856409.1505599021911621093750 HTTP/1.1" 200 - "https://69b4844ae61d4e92bf26ad98af552775-devsite.readyship.co/wp-cron.php?doing_wp_cron=1773856409.1505599021911621093750" "WordPress/5.1.19; https://69b4844ae61d4e92bf26ad98af552775-devsite.readyship.co"
64.252.76.215 - - [18/Mar/2026:17:53:28 +0000] "GET /?feed=rss2&p=91669 HTTP/1.1" 200 503 "-" "Amazon CloudFront"
15.158.215.109 - - [18/Mar/2026:17:57:59 +0000] "POST /wp-cron.php?doing_wp_cron=1773856679.8106520175933837890625 HTTP/1.1" 200 - "https://69b4844ae61d4e92bf26ad98af552775-devsite.readyship.co/wp-cron.php?doing_wp_cron=1773856679.8106520175933837890625" "WordPress/5.1.19; https://69b4844ae61d4e92bf26ad98af552775-devsite.readyship.co"
64.252.76.215 - - [18/Mar/2026:17:57:59 +0000] "GET /?feed=rss2&p=91673 HTTP/1.1" 200 501 "-" "Amazon CloudFront"
15.158.215.109 - - [18/Mar/2026:18:03:02 +0000] "POST /wp-cron.php?doing_wp_cron=1773856982.6979930400848388671875 HTTP/1.1" 200 - "https://69b4844ae61d4e92bf26ad98af552775-devsite.readyship.co/wp-cron.php?doing_wp_cron=1773856982.6979930400848388671875" "WordPress/5.1.19; https://69b4844ae61d4e92bf26ad98af552775-devsite.readyship.co"
64.252.74.218 - - [18/Mar/2026:18:03:02 +0000] "GET /?p=91633 HTTP/1.1" 200 15374 "-" "Amazon CloudFront"
15.158.215.109 - - [18/Mar/2026:18:04:39 +0000] "POST /wp-cron.php?doing_wp_cron=1773857079.3998661041259765625000 HTTP/1.1" 200 - "https://69b4844ae61d4e92bf26ad98af552775-devsite.readyship.co/wp-cron.php?doing_wp_cron=1773857079.3998661041259765625000" "WordPress/5.1.19; https://69b4844ae61d4e92bf26ad98af552775-devsite.readyship.co"
64.252.74.218 - - [18/Mar/2026:18:04:39 +0000] "GET /?p=91635 HTTP/1.1" 200 17512 "-" "Amazon CloudFront"
64.252.76.215 - - [18/Mar/2026:18:04:39 +0000] "GET /?p=91622 HTTP/1.1" 200 15370 "-" "Amazon CloudFront"
64.252.74.218 - - [18/Mar/2026:18:04:44 +0000] "GET /?p=91629 HTTP/1.1" 200 15727 "-" "Amazon CloudFront"
15.158.215.109 - - [18/Mar/2026:18:06:18 +0000] "POST /wp-cron.php?doing_wp_cron=1773857178.3190550804138183593750 HTTP/1.1" 200 - "https://69b4844ae61d4e92bf26ad98af552775-devsite.readyship.co/wp-cron.php?doing_wp_cron=1773857178.3190550804138183593750" "WordPress/5.1.19; https://69b4844ae61d4e92bf26ad98af552775-devsite.readyship.co"
64.252.74.218 - - [18/Mar/2026:18:06:18 +0000] "GET /?p=91631 HTTP/1.1" 200 18066 "-" "Amazon CloudFront"
64.252.74.61 - - [18/Mar/2026:18:06:18 +0000] "GET /?p=91625 HTTP/1.1" 200 17590 "-" "Amazon CloudFront"
15.158.215.109 - - [18/Mar/2026:18:06:43 +0000] "POST /wp-cron.php?doing_wp_cron=1773857203.8750751018524169921875 HTTP/1.1" 200 - "https://69b4844ae61d4e92bf26ad98af552775-devsite.readyship.co/wp-cron.php?doing_wp_cron=1773857203.8750751018524169921875" "WordPress/5.1.19; https://69b4844ae61d4e92bf26ad98af552775-devsite.readyship.co"
64.252.74.61 - - [18/Mar/2026:18:06:43 +0000] "GET /?p=91621 HTTP/1.1" 200 22537 "-" "Amazon CloudFront"
15.158.215.109 - - [18/Mar/2026:18:07:42 +0000] "POST /wp-cron.php?doing_wp_cron=1773857262.2856249809265136718750 HTTP/1.1" 200 - "https://69b4844ae61d4e92bf26ad98af552775-devsite.readyship.co/wp-cron.php?doing_wp_cron=1773857262.2856249809265136718750" "WordPress/5.1.19; https://69b4844ae61d4e92bf26ad98af552775-devsite.readyship.co"
15.158.215.109 - - [18/Mar/2026:18:07:42 +0000] "POST /wp-cron.php?doing_wp_cron=1773857262.2873849868774414062500 HTTP/1.1" 200 - "https://69b4844ae61d4e92bf26ad98af552775-devsite.readyship.co/wp-cron.php?doing_wp_cron=1773857262.2873849868774414062500" "WordPress/5.1.19; https://69b4844ae61d4e92bf26ad98af552775-devsite.readyship.co"
64.252.74.61 - - [18/Mar/2026:18:07:41 +0000] "GET /?feed=rss2&p=91641 HTTP/1.1" 200 480 "-" "Amazon CloudFront"
64.252.74.218 - - [18/Mar/2026:18:07:42 +0000] "GET /?cat=1&paged=261 HTTP/1.1" 200 11251 "-" "Amazon CloudFront"
64.252.74.218 - - [18/Mar/2026:18:08:12 +0000] "GET /?feed=rss2&p=91655 HTTP/1.1" 200 522 "-" "Amazon CloudFront"
64.252.76.215 - - [18/Mar/2026:18:09:03 +0000] "GET /?feed=rss2&p=91645 HTTP/1.1" 200 512 "-" "Amazon CloudFront"
15.158.215.109 - - [18/Mar/2026:18:09:03 +0000] "POST /wp-cron.php?doing_wp_cron=1773857343.7059299945831298828125 HTTP/1.1" 200 - "https://69b4844ae61d4e92bf26ad98af552775-devsite.readyship.co/wp-cron.php?doing_wp_cron=1773857343.7059299945831298828125" "WordPress/5.1.19; https://69b4844ae61d4e92bf26ad98af552775-devsite.readyship.co"
64.252.74.218 - - [18/Mar/2026:18:09:03 +0000] "GET /?feed=rss2&p=91647 HTTP/1.1" 200 523 "-" "Amazon CloudFront"
15.158.215.109 - - [18/Mar/2026:18:09:29 +0000] "POST /wp-cron.php?doing_wp_cron=1773857369.8749470710754394531250 HTTP/1.1" 200 - "https://69b4844ae61d4e92bf26ad98af552775-devsite.readyship.co/wp-cron.php?doing_wp_cron=1773857369.8749470710754394531250" "WordPress/5.1.19; https://69b4844ae61d4e92bf26ad98af552775-devsite.readyship.co"
64.252.74.218 - - [18/Mar/2026:18:09:29 +0000] "GET /?feed=rss2&p=91651 HTTP/1.1" 200 495 "-" "Amazon CloudFront"
64.252.74.218 - - [18/Mar/2026:18:10:18 +0000] "GET /?feed=rss2&p=91657 HTTP/1.1" 200 507 "-" "Amazon CloudFront"
15.158.215.109 - - [18/Mar/2026:18:11:02 +0000] "POST /wp-cron.php?doing_wp_cron=1773857462.2477951049804687500000 HTTP/1.1" 200 - "https://69b4844ae61d4e92bf26ad98af552775-devsite.readyship.co/wp-cron.php?doing_wp_cron=1773857462.2477951049804687500000" "WordPress/5.1.19; https://69b4844ae61d4e92bf26ad98af552775-devsite.readyship.co"
64.252.76.215 - - [18/Mar/2026:18:11:01 +0000] "GET /?p=91637 HTTP/1.1" 200 18409 "-" "Amazon CloudFront"
15.158.215.109 - - [18/Mar/2026:18:11:23 +0000] "POST /wp-cron.php?doing_wp_cron=1773857483.6045660972595214843750 HTTP/1.1" 200 - "https://69b4844ae61d4e92bf26ad98af552775-devsite.readyship.co/wp-cron.php?doing_wp_cron=1773857483.6045660972595214843750" "WordPress/5.1.19; https://69b4844ae61d4e92bf26ad98af552775-devsite.readyship.co"
64.252.74.218 - - [18/Mar/2026:18:11:23 +0000] "GET /?p=91619 HTTP/1.1" 200 17809 "-" "Amazon CloudFront"
64.252.74.61 - - [18/Mar/2026:18:11:23 +0000] "GET /?p=91627 HTTP/1.1" 200 15070 "-" "Amazon CloudFront"
64.252.76.215 - - [18/Mar/2026:18:11:32 +0000] "GET /?feed=rss2&p=91643 HTTP/1.1" 200 556 "-" "Amazon CloudFront"
15.158.215.109 - - [18/Mar/2026:18:12:29 +0000] "POST /wp-cron.php?doing_wp_cron=1773857549.8877251148223876953125 HTTP/1.1" 200 - "https://69b4844ae61d4e92bf26ad98af552775-devsite.readyship.co/wp-cron.php?doing_wp_cron=1773857549.8877251148223876953125" "WordPress/5.1.19; https://69b4844ae61d4e92bf26ad98af552775-devsite.readyship.co"
64.252.74.218 - - [18/Mar/2026:18:12:29 +0000] "GET /?feed=rss2&p=91649 HTTP/1.1" 200 486 "-" "Amazon CloudFront"
15.158.215.109 - - [18/Mar/2026:18:13:31 +0000] "POST /wp-cron.php?doing_wp_cron=1773857611.4980690479278564453125 HTTP/1.1" 200 - "https://69b4844ae61d4e92bf26ad98af552775-devsite.readyship.co/wp-cron.php?doing_wp_cron=1773857611.4980690479278564453125" "WordPress/5.1.19; https://69b4844ae61d4e92bf26ad98af552775-devsite.readyship.co"
64.252.74.61 - - [18/Mar/2026:18:13:31 +0000] "GET /?cat=1&paged=262 HTTP/1.1" 200 11349 "-" "Amazon CloudFront"
15.158.215.109 - - [18/Mar/2026:18:14:31 +0000] "POST /wp-cron.php?doing_wp_cron=1773857671.7628760337829589843750 HTTP/1.1" 200 - "https://69b4844ae61d4e92bf26ad98af552775-devsite.readyship.co/wp-cron.php?doing_wp_cron=1773857671.7628760337829589843750" "WordPress/5.1.19; https://69b4844ae61d4e92bf26ad98af552775-devsite.readyship.co"
64.252.74.61 - - [18/Mar/2026:18:14:31 +0000] "GET /?p=91607 HTTP/1.1" 200 21595 "-" "Amazon CloudFront"
64.252.76.215 - - [18/Mar/2026:18:14:31 +0000] "GET /?p=91613 HTTP/1.1" 200 18760 "-" "Amazon CloudFront"
64.252.74.218 - - [18/Mar/2026:18:15:03 +0000] "GET /?p=91599 HTTP/1.1" 200 17771 "-" "Amazon CloudFront"
64.252.76.215 - - [18/Mar/2026:18:15:03 +0000] "GET /?p=91601 HTTP/1.1" 200 16021 "-" "Amazon CloudFront"
15.158.215.109 - - [18/Mar/2026:18:15:24 +0000] "POST /wp-cron.php?doing_wp_cron=1773857724.4870069026947021484375 HTTP/1.1" 200 - "https://69b4844ae61d4e92bf26ad98af552775-devsite.readyship.co/wp-cron.php?doing_wp_cron=1773857724.4870069026947021484375" "WordPress/5.1.19; https://69b4844ae61d4e92bf26ad98af552775-devsite.readyship.co"
64.252.74.218 - - [18/Mar/2026:18:15:24 +0000] "GET /?p=91611 HTTP/1.1" 200 14976 "-" "Amazon CloudFront"
64.252.74.61 - - [18/Mar/2026:18:16:20 +0000] "GET /?p=91603 HTTP/1.1" 200 17577 "-" "Amazon CloudFront"
15.158.215.109 - - [18/Mar/2026:18:16:51 +0000] "POST /wp-cron.php?doing_wp_cron=1773857811.7070078849792480468750 HTTP/1.1" 200 - "https://69b4844ae61d4e92bf26ad98af552775-devsite.readyship.co/wp-cron.php?doing_wp_cron=1773857811.7070078849792480468750" "WordPress/5.1.19; https://69b4844ae61d4e92bf26ad98af552775-devsite.readyship.co"
64.252.74.61 - - [18/Mar/2026:18:16:51 +0000] "GET /?p=91617 HTTP/1.1" 200 16424 "-" "Amazon CloudFront"
15.158.215.109 - - [18/Mar/2026:18:18:03 +0000] "POST /wp-cron.php?doing_wp_cron=1773857883.7262039184570312500000 HTTP/1.1" 200 - "https://69b4844ae61d4e92bf26ad98af552775-devsite.readyship.co/wp-cron.php?doing_wp_cron=1773857883.7262039184570312500000" "WordPress/5.1.19; https://69b4844ae61d4e92bf26ad98af552775-devsite.readyship.co"
64.252.74.61 - - [18/Mar/2026:18:18:03 +0000] "GET /?p=91605 HTTP/1.1" 200 15191 "-" "Amazon CloudFront"
64.252.74.218 - - [18/Mar/2026:18:18:03 +0000] "GET /?p=91615 HTTP/1.1" 200 17936 "-" "Amazon CloudFront"
64.252.74.218 - - [18/Mar/2026:18:18:04 +0000] "GET /?p=91609 HTTP/1.1" 200 14840 "-" "Amazon CloudFront"
15.158.215.109 - - [18/Mar/2026:18:23:19 +0000] "POST /wp-cron.php?doing_wp_cron=1773858199.6489489078521728515625 HTTP/1.1" 200 - "https://69b4844ae61d4e92bf26ad98af552775-devsite.readyship.co/wp-cron.php?doing_wp_cron=1773858199.6489489078521728515625" "WordPress/5.1.19; https://69b4844ae61d4e92bf26ad98af552775-devsite.readyship.co"
15.158.243.79 - - [18/Mar/2026:18:23:19 +0000] "POST /xmlrpc.php HTTP/1.1" 200 403 "-" "Mozilla/5.0 (Windows NT 10.0; Win64; x64) AppleWebKit/537.36 (KHTML, like Gecko) Chrome/114.0.0.0 Safari/537.36"
15.158.243.79 - - [18/Mar/2026:18:23:21 +0000] "POST /xmlrpc.php HTTP/1.1" 200 403 "-" "Mozilla/5.0 (Windows NT 10.0; Win64; x64) AppleWebKit/537.36 (KHTML, like Gecko) Chrome/114.0.0.0 Safari/537.36"
15.158.215.109 - - [18/Mar/2026:18:26:05 +0000] "POST /wp-cron.php?doing_wp_cron=1773858365.2989799976348876953125 HTTP/1.1" 200 - "https://69b4844ae61d4e92bf26ad98af552775-devsite.readyship.co/wp-cron.php?doing_wp_cron=1773858365.2989799976348876953125" "WordPress/5.1.19; https://69b4844ae61d4e92bf26ad98af552775-devsite.readyship.co"
64.252.66.156 - - [18/Mar/2026:18:26:05 +0000] "GET /?p=81456 HTTP/1.1" 200 14886 "-" "Amazon CloudFront"
64.252.74.61 - - [18/Mar/2026:18:26:10 +0000] "GET /?feed=rss2&p=91639 HTTP/1.1" 200 542 "-" "Amazon CloudFront"
64.252.74.218 - - [18/Mar/2026:18:26:10 +0000] "GET /?feed=rss2&p=91653 HTTP/1.1" 200 536 "-" "Amazon CloudFront"
15.158.215.109 - - [18/Mar/2026:18:34:15 +0000] "POST /wp-cron.php?doing_wp_cron=1773858855.8660259246826171875000 HTTP/1.1" 200 - "https://69b4844ae61d4e92bf26ad98af552775-devsite.readyship.co/wp-cron.php?doing_wp_cron=1773858855.8660259246826171875000" "WordPress/5.1.19; https://69b4844ae61d4e92bf26ad98af552775-devsite.readyship.co"
64.252.68.102 - - [18/Mar/2026:18:34:08 +0000] "GET /?healthcheck_timestamp=1773858647327 HTTP/1.1" 200 178918 "-" "Amazon CloudFront"
15.158.215.109 - - [18/Mar/2026:18:34:48 +0000] "POST /wp-cron.php?doing_wp_cron=1773858888.4371440410614013671875 HTTP/1.1" 200 - "https://69b4844ae61d4e92bf26ad98af552775-devsite.readyship.co/wp-cron.php?doing_wp_cron=1773858888.4371440410614013671875" "WordPress/5.1.19; https://69b4844ae61d4e92bf26ad98af552775-devsite.readyship.co"
64.252.68.203 - - [18/Mar/2026:18:34:48 +0000] "GET /?cat=103&paged=30 HTTP/1.1" 200 11089 "-" "Amazon CloudFront"
15.158.215.109 - - [18/Mar/2026:18:43:11 +0000] "POST /wp-cron.php?doing_wp_cron=1773859391.3875319957733154296875 HTTP/1.1" 200 - "https://69b4844ae61d4e92bf26ad98af552775-devsite.readyship.co/wp-cron.php?doing_wp_cron=1773859391.3875319957733154296875" "WordPress/5.1.19; https://69b4844ae61d4e92bf26ad98af552775-devsite.readyship.co"
64.252.74.218 - - [18/Mar/2026:18:43:04 +0000] "GET /?p=38704 HTTP/1.1" 200 16242 "-" "Amazon CloudFront"
15.158.215.109 - - [18/Mar/2026:18:45:20 +0000] "POST /wp-cron.php?doing_wp_cron=1773859520.1039159297943115234375 HTTP/1.1" 200 - "https://69b4844ae61d4e92bf26ad98af552775-devsite.readyship.co/wp-cron.php?doing_wp_cron=1773859520.1039159297943115234375" "WordPress/5.1.19; https://69b4844ae61d4e92bf26ad98af552775-devsite.readyship.co"
64.252.74.218 - - [18/Mar/2026:18:45:19 +0000] "GET /?feed=rss2&p=38702 HTTP/1.1" 200 508 "-" "Amazon CloudFront"
15.158.215.109 - - [18/Mar/2026:18:50:32 +0000] "POST /wp-cron.php?doing_wp_cron=1773859832.2490689754486083984375 HTTP/1.1" 200 - "https://69b4844ae61d4e92bf26ad98af552775-devsite.readyship.co/wp-cron.php?doing_wp_cron=1773859832.2490689754486083984375" "WordPress/5.1.19; https://69b4844ae61d4e92bf26ad98af552775-devsite.readyship.co"
64.252.76.215 - - [18/Mar/2026:18:50:31 +0000] "GET /?page_id=2807&paged=4306 HTTP/1.1" 200 11254 "-" "Amazon CloudFront"
64.252.74.218 - - [18/Mar/2026:18:50:55 +0000] "GET /?page_id=2807&paged=4307 HTTP/1.1" 200 11381 "-" "Amazon CloudFront"
15.158.215.109 - - [18/Mar/2026:19:00:03 +0000] "POST /wp-cron.php?doing_wp_cron=1773860403.5991249084472656250000 HTTP/1.1" 200 - "https://69b4844ae61d4e92bf26ad98af552775-devsite.readyship.co/wp-cron.php?doing_wp_cron=1773860403.5991249084472656250000" "WordPress/5.1.19; https://69b4844ae61d4e92bf26ad98af552775-devsite.readyship.co"
64.252.68.102 - - [18/Mar/2026:18:59:56 +0000] "GET /?p=67474 HTTP/1.1" 200 14222 "-" "Amazon CloudFront"
64.252.76.215 - - [18/Mar/2026:19:04:09 +0000] "GET /?feed=rss2&p=16347 HTTP/1.1" 200 521 "-" "Amazon CloudFront"
15.158.215.109 - - [18/Mar/2026:19:04:09 +0000] "POST /wp-cron.php?doing_wp_cron=1773860649.6196699142456054687500 HTTP/1.1" 200 - "https://69b4844ae61d4e92bf26ad98af552775-devsite.readyship.co/wp-cron.php?doing_wp_cron=1773860649.6196699142456054687500" "WordPress/5.1.19; https://69b4844ae61d4e92bf26ad98af552775-devsite.readyship.co"
64.252.74.61 - - [18/Mar/2026:19:04:09 +0000] "GET /?feed=rss2&p=16341 HTTP/1.1" 200 513 "-" "Amazon CloudFront"
15.158.215.109 - - [18/Mar/2026:19:04:58 +0000] "POST /wp-cron.php?doing_wp_cron=1773860698.2767760753631591796875 HTTP/1.1" 200 - "https://69b4844ae61d4e92bf26ad98af552775-devsite.readyship.co/wp-cron.php?doing_wp_cron=1773860698.2767760753631591796875" "WordPress/5.1.19; https://69b4844ae61d4e92bf26ad98af552775-devsite.readyship.co"
64.252.76.215 - - [18/Mar/2026:19:04:57 +0000] "GET /?feed=rss2&p=16353 HTTP/1.1" 200 516 "-" "Amazon CloudFront"
15.158.215.109 - - [18/Mar/2026:19:07:22 +0000] "POST /wp-cron.php?doing_wp_cron=1773860842.3189930915832519531250 HTTP/1.1" 200 - "https://69b4844ae61d4e92bf26ad98af552775-devsite.readyship.co/wp-cron.php?doing_wp_cron=1773860842.3189930915832519531250" "WordPress/5.1.19; https://69b4844ae61d4e92bf26ad98af552775-devsite.readyship.co"
64.252.74.61 - - [18/Mar/2026:19:07:21 +0000] "GET /?feed=rss2&p=16339 HTTP/1.1" 200 496 "-" "Amazon CloudFront"
64.252.74.61 - - [18/Mar/2026:19:07:22 +0000] "GET /?p=26819 HTTP/1.1" 200 23575 "-" "Amazon CloudFront"
64.252.74.218 - - [18/Mar/2026:19:07:23 +0000] "GET /?p=26010 HTTP/1.1" 200 18049 "-" "Amazon CloudFront"
64.252.74.218 - - [18/Mar/2026:19:08:34 +0000] "GET /?feed=rss2&p=16355 HTTP/1.1" 200 512 "-" "Amazon CloudFront"
15.158.215.109 - - [18/Mar/2026:19:08:34 +0000] "POST /wp-cron.php?doing_wp_cron=1773860914.4270379543304443359375 HTTP/1.1" 200 - "https://69b4844ae61d4e92bf26ad98af552775-devsite.readyship.co/wp-cron.php?doing_wp_cron=1773860914.4270379543304443359375" "WordPress/5.1.19; https://69b4844ae61d4e92bf26ad98af552775-devsite.readyship.co"
64.252.76.215 - - [18/Mar/2026:19:08:34 +0000] "GET /?feed=rss2&p=26008 HTTP/1.1" 200 506 "-" "Amazon CloudFront"
64.252.74.218 - - [18/Mar/2026:19:08:59 +0000] "GET /?feed=rss2&p=16369 HTTP/1.1" 200 547 "-" "Amazon CloudFront"
15.158.215.109 - - [18/Mar/2026:19:09:26 +0000] "POST /wp-cron.php?doing_wp_cron=1773860966.5711250305175781250000 HTTP/1.1" 200 - "https://69b4844ae61d4e92bf26ad98af552775-devsite.readyship.co/wp-cron.php?doing_wp_cron=1773860966.5711250305175781250000" "WordPress/5.1.19; https://69b4844ae61d4e92bf26ad98af552775-devsite.readyship.co"
64.252.74.61 - - [18/Mar/2026:19:09:26 +0000] "GET /?p=16371 HTTP/1.1" 200 15068 "-" "Amazon CloudFront"
64.252.76.215 - - [18/Mar/2026:19:09:56 +0000] "GET /?feed=rss2&p=16351 HTTP/1.1" 200 503 "-" "Amazon CloudFront"
64.252.74.61 - - [18/Mar/2026:19:09:56 +0000] "GET /?feed=rss2&p=16337 HTTP/1.1" 200 517 "-" "Amazon CloudFront"
15.158.215.109 - - [18/Mar/2026:19:12:02 +0000] "POST /wp-cron.php?doing_wp_cron=1773861122.4058070182800292968750 HTTP/1.1" 200 - "https://69b4844ae61d4e92bf26ad98af552775-devsite.readyship.co/wp-cron.php?doing_wp_cron=1773861122.4058070182800292968750" "WordPress/5.1.19; https://69b4844ae61d4e92bf26ad98af552775-devsite.readyship.co"
64.252.76.215 - - [18/Mar/2026:19:12:01 +0000] "GET /?feed=rss2&p=26821 HTTP/1.1" 200 498 "-" "Amazon CloudFront"
15.158.215.109 - - [18/Mar/2026:19:12:53 +0000] "POST /wp-cron.php?doing_wp_cron=1773861173.1211390495300292968750 HTTP/1.1" 200 - "https://69b4844ae61d4e92bf26ad98af552775-devsite.readyship.co/wp-cron.php?doing_wp_cron=1773861173.1211390495300292968750" "WordPress/5.1.19; https://69b4844ae61d4e92bf26ad98af552775-devsite.readyship.co"
64.252.74.218 - - [18/Mar/2026:19:12:52 +0000] "GET /?feed=rss2&p=16335 HTTP/1.1" 200 493 "-" "Amazon CloudFront"
15.158.215.109 - - [18/Mar/2026:19:14:57 +0000] "POST /wp-cron.php?doing_wp_cron=1773861297.0044429302215576171875 HTTP/1.1" 200 - "https://69b4844ae61d4e92bf26ad98af552775-devsite.readyship.co/wp-cron.php?doing_wp_cron=1773861297.0044429302215576171875" "WordPress/5.1.19; https://69b4844ae61d4e92bf26ad98af552775-devsite.readyship.co"
64.252.68.139 - - [18/Mar/2026:19:14:56 +0000] "GET /?p=6287 HTTP/1.1" 200 23673 "-" "Amazon CloudFront"
64.252.76.215 - - [18/Mar/2026:19:15:07 +0000] "GET /?feed=rss2&p=16349 HTTP/1.1" 200 522 "-" "Amazon CloudFront"
15.158.215.109 - - [18/Mar/2026:19:16:04 +0000] "POST /wp-cron.php?doing_wp_cron=1773861364.4414510726928710937500 HTTP/1.1" 200 - "https://69b4844ae61d4e92bf26ad98af552775-devsite.readyship.co/wp-cron.php?doing_wp_cron=1773861364.4414510726928710937500" "WordPress/5.1.19; https://69b4844ae61d4e92bf26ad98af552775-devsite.readyship.co"
64.252.76.215 - - [18/Mar/2026:19:16:04 +0000] "GET /?feed=rss2&p=16365 HTTP/1.1" 200 539 "-" "Amazon CloudFront"
15.158.215.109 - - [18/Mar/2026:19:17:42 +0000] "POST /wp-cron.php?doing_wp_cron=1773861462.8502631187438964843750 HTTP/1.1" 200 - "https://69b4844ae61d4e92bf26ad98af552775-devsite.readyship.co/wp-cron.php?doing_wp_cron=1773861462.8502631187438964843750" "WordPress/5.1.19; https://69b4844ae61d4e92bf26ad98af552775-devsite.readyship.co"
64.252.74.218 - - [18/Mar/2026:19:17:42 +0000] "GET /?feed=rss2&p=16343 HTTP/1.1" 200 512 "-" "Amazon CloudFront"
15.158.215.109 - - [18/Mar/2026:19:21:41 +0000] "POST /wp-cron.php?doing_wp_cron=1773861701.2582800388336181640625 HTTP/1.1" 200 - "https://69b4844ae61d4e92bf26ad98af552775-devsite.readyship.co/wp-cron.php?doing_wp_cron=1773861701.2582800388336181640625" "WordPress/5.1.19; https://69b4844ae61d4e92bf26ad98af552775-devsite.readyship.co"
3.172.104.75 - - [18/Mar/2026:19:21:40 +0000] "POST /xmlrpc.php HTTP/1.1" 200 403 "-" "Mozilla/5.0 (Windows NT 10.0; Win64; x64) AppleWebKit/537.36 (KHTML, like Gecko) Chrome/114.0.0.0 Safari/537.36"
3.172.104.75 - - [18/Mar/2026:19:21:42 +0000] "POST /xmlrpc.php HTTP/1.1" 200 403 "-" "Mozilla/5.0 (Windows NT 10.0; Win64; x64) AppleWebKit/537.36 (KHTML, like Gecko) Chrome/114.0.0.0 Safari/537.36"
15.158.243.79 - - [18/Mar/2026:19:22:12 +0000] "GET /wp-login.php HTTP/1.1" 200 1185 "https://69b4844ae61d4e92bf26ad98af552775-devsite.readyship.co/" "Mozilla/5.0 (Windows NT 10.0; Win64; x64) AppleWebKit/537.36 (KHTML, like Gecko) Chrome/114.0.0.0 Safari/537.36 Vivaldi/5.3.2679.68"
15.158.243.79 - - [18/Mar/2026:19:22:13 +0000] "GET /wp-login.php HTTP/1.1" 200 1185 "https://69b4844ae61d4e92bf26ad98af552775-devsite.readyship.co/wp-login.php" "Mozilla/5.0 (Windows NT 6.3; Win64; x64) AppleWebKit/537.36 (KHTML, like Gecko) Chrome/103.0.0.0 Safari/537.36"
15.158.243.79 - - [18/Mar/2026:19:22:14 +0000] "POST /wp-login.php HTTP/1.1" 200 1583 "https://69b4844ae61d4e92bf26ad98af552775-devsite.readyship.co/wp-login.php" "Mozilla/5.0 (Windows NT 6.3; Win64; x64) AppleWebKit/537.36 (KHTML, like Gecko) Chrome/103.0.0.0 Safari/537.36"
64.252.76.215 - - [18/Mar/2026:19:26:00 +0000] "GET /?p=16403 HTTP/1.1" 200 14511 "-" "Amazon CloudFront"
15.158.215.109 - - [18/Mar/2026:19:26:00 +0000] "POST /wp-cron.php?doing_wp_cron=1773861960.3261389732360839843750 HTTP/1.1" 200 - "https://69b4844ae61d4e92bf26ad98af552775-devsite.readyship.co/wp-cron.php?doing_wp_cron=1773861960.3261389732360839843750" "WordPress/5.1.19; https://69b4844ae61d4e92bf26ad98af552775-devsite.readyship.co"
64.252.76.215 - - [18/Mar/2026:19:25:59 +0000] "GET /?p=79983 HTTP/1.1" 200 17368 "-" "Amazon CloudFront"
15.158.215.109 - - [18/Mar/2026:19:26:24 +0000] "POST /wp-cron.php?doing_wp_cron=1773861983.9622719287872314453125 HTTP/1.1" 200 - "https://69b4844ae61d4e92bf26ad98af552775-devsite.readyship.co/wp-cron.php?doing_wp_cron=1773861983.9622719287872314453125" "WordPress/5.1.19; https://69b4844ae61d4e92bf26ad98af552775-devsite.readyship.co"
64.252.74.61 - - [18/Mar/2026:19:26:23 +0000] "GET /?p=16375 HTTP/1.1" 200 15772 "-" "Amazon CloudFront"
64.252.74.61 - - [18/Mar/2026:19:26:23 +0000] "GET /?p=16409 HTTP/1.1" 200 15542 "-" "Amazon CloudFront"
64.252.74.218 - - [18/Mar/2026:19:26:26 +0000] "GET /?p=16397 HTTP/1.1" 200 14822 "-" "Amazon CloudFront"
64.252.76.215 - - [18/Mar/2026:19:27:19 +0000] "GET /?p=16381 HTTP/1.1" 200 14729 "-" "Amazon CloudFront"
64.252.76.215 - - [18/Mar/2026:19:27:19 +0000] "GET /?p=16405 HTTP/1.1" 200 14638 "-" "Amazon CloudFront"
64.252.74.61 - - [18/Mar/2026:19:27:31 +0000] "GET /?p=16399 HTTP/1.1" 200 14586 "-" "Amazon CloudFront"
15.158.215.109 - - [18/Mar/2026:19:27:31 +0000] "POST /wp-cron.php?doing_wp_cron=1773862051.5308558940887451171875 HTTP/1.1" 200 - "https://69b4844ae61d4e92bf26ad98af552775-devsite.readyship.co/wp-cron.php?doing_wp_cron=1773862051.5308558940887451171875" "WordPress/5.1.19; https://69b4844ae61d4e92bf26ad98af552775-devsite.readyship.co"
64.252.76.215 - - [18/Mar/2026:19:27:31 +0000] "GET /?p=16391 HTTP/1.1" 200 15041 "-" "Amazon CloudFront"
64.252.103.187 - - [18/Mar/2026:19:27:45 +0000] "GET /?p=7169 HTTP/1.1" 200 25164 "-" "Amazon CloudFront"
64.252.74.218 - - [18/Mar/2026:19:27:51 +0000] "GET /?p=16401 HTTP/1.1" 200 15405 "-" "Amazon CloudFront"
64.252.74.218 - - [18/Mar/2026:19:27:51 +0000] "GET /?p=16385 HTTP/1.1" 200 17234 "-" "Amazon CloudFront"
64.252.76.215 - - [18/Mar/2026:19:28:28 +0000] "GET /?feed=rss2&p=16361 HTTP/1.1" 200 512 "-" "Amazon CloudFront"
15.158.215.109 - - [18/Mar/2026:19:28:28 +0000] "POST /wp-cron.php?doing_wp_cron=1773862108.5031061172485351562500 HTTP/1.1" 200 - "https://69b4844ae61d4e92bf26ad98af552775-devsite.readyship.co/wp-cron.php?doing_wp_cron=1773862108.5031061172485351562500" "WordPress/5.1.19; https://69b4844ae61d4e92bf26ad98af552775-devsite.readyship.co"
64.252.74.61 - - [18/Mar/2026:19:28:28 +0000] "GET /?feed=rss2&p=16345 HTTP/1.1" 200 527 "-" "Amazon CloudFront"
64.252.74.61 - - [18/Mar/2026:19:28:47 +0000] "GET /?cat=1&paged=3968 HTTP/1.1" 200 11290 "-" "Amazon CloudFront"
64.252.74.61 - - [18/Mar/2026:19:28:48 +0000] "GET /?cat=1&paged=3967 HTTP/1.1" 200 11341 "-" "Amazon CloudFront"
15.158.215.109 - - [18/Mar/2026:19:29:35 +0000] "POST /wp-cron.php?doing_wp_cron=1773862174.9637210369110107421875 HTTP/1.1" 200 - "https://69b4844ae61d4e92bf26ad98af552775-devsite.readyship.co/wp-cron.php?doing_wp_cron=1773862174.9637210369110107421875" "WordPress/5.1.19; https://69b4844ae61d4e92bf26ad98af552775-devsite.readyship.co"
64.252.74.61 - - [18/Mar/2026:19:29:34 +0000] "GET /?p=16393 HTTP/1.1" 200 14619 "-" "Amazon CloudFront"
64.252.74.218 - - [18/Mar/2026:19:29:34 +0000] "GET /?p=16389 HTTP/1.1" 200 14753 "-" "Amazon CloudFront"
64.252.74.61 - - [18/Mar/2026:19:29:50 +0000] "GET /?p=16373 HTTP/1.1" 200 14301 "-" "Amazon CloudFront"
64.252.76.215 - - [18/Mar/2026:19:29:50 +0000] "GET /?p=16383 HTTP/1.1" 200 14675 "-" "Amazon CloudFront"
64.252.76.215 - - [18/Mar/2026:19:30:06 +0000] "GET /?feed=rss2&p=16357 HTTP/1.1" 200 513 "-" "Amazon CloudFront"
64.252.74.218 - - [18/Mar/2026:19:30:05 +0000] "GET /?feed=rss2&p=16333 HTTP/1.1" 200 525 "-" "Amazon CloudFront"
64.252.76.215 - - [18/Mar/2026:19:30:58 +0000] "GET /?feed=rss2&p=16367 HTTP/1.1" 200 521 "-" "Amazon CloudFront"
15.158.215.109 - - [18/Mar/2026:19:30:58 +0000] "POST /wp-cron.php?doing_wp_cron=1773862258.5861549377441406250000 HTTP/1.1" 200 - "https://69b4844ae61d4e92bf26ad98af552775-devsite.readyship.co/wp-cron.php?doing_wp_cron=1773862258.5861549377441406250000" "WordPress/5.1.19; https://69b4844ae61d4e92bf26ad98af552775-devsite.readyship.co"
64.252.74.218 - - [18/Mar/2026:19:30:58 +0000] "GET /?feed=rss2&p=16359 HTTP/1.1" 200 511 "-" "Amazon CloudFront"
