18.68.19.181 - - [20/Mar/2026:06:48:01 +0000] "POST /xmlrpc.php HTTP/1.1" 200 403 "-" "Mozilla/5.0 (Windows NT 10.0; Win64; x64) AppleWebKit/537.36 (KHTML, like Gecko) Chrome/114.0.0.0 Safari/537.36"
18.68.19.181 - - [20/Mar/2026:06:48:02 +0000] "POST /xmlrpc.php HTTP/1.1" 200 403 "-" "Mozilla/5.0 (Windows NT 10.0; Win64; x64) AppleWebKit/537.36 (KHTML, like Gecko) Chrome/114.0.0.0 Safari/537.36"
64.252.74.61 - - [20/Mar/2026:06:48:09 +0000] "GET /?p=80027 HTTP/1.1" 200 25344 "-" "Amazon CloudFront"
64.252.68.203 - - [20/Mar/2026:06:48:17 +0000] "GET /?p=6878 HTTP/1.1" 200 37984 "-" "Amazon CloudFront"
15.158.215.109 - - [20/Mar/2026:06:48:34 +0000] "POST /wp-cron.php?doing_wp_cron=1773989314.3954589366912841796875 HTTP/1.1" 200 - "https://69b4844ae61d4e92bf26ad98af552775-devsite.readyship.co/wp-cron.php?doing_wp_cron=1773989314.3954589366912841796875" "WordPress/5.1.19; https://69b4844ae61d4e92bf26ad98af552775-devsite.readyship.co"
64.252.68.203 - - [20/Mar/2026:06:48:34 +0000] "GET /?p=87479 HTTP/1.1" 200 15796 "-" "Amazon CloudFront"
64.252.68.203 - - [20/Mar/2026:06:48:39 +0000] "GET /?p=88326 HTTP/1.1" 200 17255 "-" "Amazon CloudFront"
64.252.68.203 - - [20/Mar/2026:06:48:45 +0000] "GET /?p=5528 HTTP/1.1" 200 19055 "-" "Amazon CloudFront"
64.252.76.63 - - [20/Mar/2026:06:49:00 +0000] "GET /?feed=rss2&p=17137 HTTP/1.1" 200 510 "-" "Amazon CloudFront"
64.252.68.139 - - [20/Mar/2026:06:49:20 +0000] "GET /?p=7209 HTTP/1.1" 200 21736 "-" "Amazon CloudFront"
64.252.68.139 - - [20/Mar/2026:06:49:31 +0000] "GET /?p=39553 HTTP/1.1" 200 21266 "-" "Amazon CloudFront"
15.158.215.109 - - [20/Mar/2026:06:49:31 +0000] "POST /wp-cron.php?doing_wp_cron=1773989371.7151510715484619140625 HTTP/1.1" 200 - "https://69b4844ae61d4e92bf26ad98af552775-devsite.readyship.co/wp-cron.php?doing_wp_cron=1773989371.7151510715484619140625" "WordPress/5.1.19; https://69b4844ae61d4e92bf26ad98af552775-devsite.readyship.co"
64.252.68.203 - - [20/Mar/2026:06:50:08 +0000] "GET /?p=96655 HTTP/1.1" 200 14589 "-" "Amazon CloudFront"
15.158.215.109 - - [20/Mar/2026:06:50:23 +0000] "POST /wp-cron.php?doing_wp_cron=1773989423.5327138900756835937500 HTTP/1.1" 200 - "https://69b4844ae61d4e92bf26ad98af552775-devsite.readyship.co/wp-cron.php?doing_wp_cron=1773989423.5327138900756835937500" "WordPress/5.1.19; https://69b4844ae61d4e92bf26ad98af552775-devsite.readyship.co"
64.252.68.139 - - [20/Mar/2026:06:50:23 +0000] "GET /?p=36254 HTTP/1.1" 200 15368 "-" "Amazon CloudFront"
64.252.68.102 - - [20/Mar/2026:06:50:47 +0000] "GET /?p=96175 HTTP/1.1" 200 22626 "-" "Amazon CloudFront"
64.252.66.156 - - [20/Mar/2026:06:50:54 +0000] "GET /?p=9104 HTTP/1.1" 200 23602 "-" "Amazon CloudFront"
64.252.68.203 - - [20/Mar/2026:06:50:58 +0000] "GET /?p=82674 HTTP/1.1" 200 22937 "-" "Amazon CloudFront"
64.252.68.102 - - [20/Mar/2026:06:51:08 +0000] "GET /?cat=1&paged=4152 HTTP/1.1" 200 11205 "-" "Amazon CloudFront"
15.158.215.109 - - [20/Mar/2026:06:51:24 +0000] "POST /wp-cron.php?doing_wp_cron=1773989484.5154221057891845703125 HTTP/1.1" 200 - "https://69b4844ae61d4e92bf26ad98af552775-devsite.readyship.co/wp-cron.php?doing_wp_cron=1773989484.5154221057891845703125" "WordPress/5.1.19; https://69b4844ae61d4e92bf26ad98af552775-devsite.readyship.co"
64.252.68.139 - - [20/Mar/2026:06:51:24 +0000] "GET /?p=30533 HTTP/1.1" 200 17061 "-" "Amazon CloudFront"
64.252.68.139 - - [20/Mar/2026:06:51:42 +0000] "GET /?job_listing=full-stack-developer HTTP/1.1" 200 15545 "-" "Amazon CloudFront"
64.252.68.203 - - [20/Mar/2026:06:51:45 +0000] "GET /?p=81049 HTTP/1.1" 200 22521 "-" "Amazon CloudFront"
64.252.68.139 - - [20/Mar/2026:06:51:47 +0000] "GET /?p=25629 HTTP/1.1" 200 18385 "-" "Amazon CloudFront"
64.252.68.203 - - [20/Mar/2026:06:51:49 +0000] "GET /?p=12985 HTTP/1.1" 200 14966 "-" "Amazon CloudFront"
64.252.66.156 - - [20/Mar/2026:06:51:59 +0000] "GET /?page_id=2807&paged=4502 HTTP/1.1" 200 11060 "-" "Amazon CloudFront"
15.158.215.109 - - [20/Mar/2026:06:52:25 +0000] "POST /wp-cron.php?doing_wp_cron=1773989545.8947761058807373046875 HTTP/1.1" 200 - "https://69b4844ae61d4e92bf26ad98af552775-devsite.readyship.co/wp-cron.php?doing_wp_cron=1773989545.8947761058807373046875" "WordPress/5.1.19; https://69b4844ae61d4e92bf26ad98af552775-devsite.readyship.co"
64.252.68.102 - - [20/Mar/2026:06:52:25 +0000] "GET /?p=36200 HTTP/1.1" 200 17498 "-" "Amazon CloudFront"
15.158.215.109 - - [20/Mar/2026:06:53:23 +0000] "POST /wp-cron.php?doing_wp_cron=1773989603.0624558925628662109375 HTTP/1.1" 200 - "https://69b4844ae61d4e92bf26ad98af552775-devsite.readyship.co/wp-cron.php?doing_wp_cron=1773989603.0624558925628662109375" "WordPress/5.1.19; https://69b4844ae61d4e92bf26ad98af552775-devsite.readyship.co"
64.252.68.139 - - [20/Mar/2026:06:53:22 +0000] "GET /?p=52860 HTTP/1.1" 200 14702 "-" "Amazon CloudFront"
64.252.66.156 - - [20/Mar/2026:06:53:25 +0000] "GET /?p=8693 HTTP/1.1" 200 16526 "-" "Amazon CloudFront"
64.252.68.102 - - [20/Mar/2026:06:53:34 +0000] "GET /?p=81472 HTTP/1.1" 200 16378 "-" "Amazon CloudFront"
64.252.68.203 - - [20/Mar/2026:06:53:59 +0000] "GET /?p=83098 HTTP/1.1" 200 25856 "-" "Amazon CloudFront"
64.252.68.139 - - [20/Mar/2026:06:54:09 +0000] "GET /?p=81304 HTTP/1.1" 200 15556 "-" "Amazon CloudFront"
15.158.215.109 - - [20/Mar/2026:06:54:47 +0000] "POST /wp-cron.php?doing_wp_cron=1773989687.9164109230041503906250 HTTP/1.1" 200 - "https://69b4844ae61d4e92bf26ad98af552775-devsite.readyship.co/wp-cron.php?doing_wp_cron=1773989687.9164109230041503906250" "WordPress/5.1.19; https://69b4844ae61d4e92bf26ad98af552775-devsite.readyship.co"
64.252.66.156 - - [20/Mar/2026:06:54:47 +0000] "GET /?p=6006 HTTP/1.1" 200 15370 "-" "Amazon CloudFront"
64.252.76.215 - - [20/Mar/2026:06:55:00 +0000] "GET /?p=26053 HTTP/1.1" 200 16443 "-" "Amazon CloudFront"
64.252.68.102 - - [20/Mar/2026:06:55:07 +0000] "GET /?p=87159 HTTP/1.1" 200 20674 "-" "Amazon CloudFront"
64.252.68.102 - - [20/Mar/2026:06:55:09 +0000] "GET /?p=25356 HTTP/1.1" 200 17591 "-" "Amazon CloudFront"
64.252.68.102 - - [20/Mar/2026:06:55:12 +0000] "GET /?p=87469 HTTP/1.1" 200 16118 "-" "Amazon CloudFront"
64.252.66.156 - - [20/Mar/2026:06:55:20 +0000] "GET /?p=36218 HTTP/1.1" 200 16867 "-" "Amazon CloudFront"
15.158.215.109 - - [20/Mar/2026:06:55:25 +0000] "POST /wp-cron.php?doing_wp_cron=1773989725.1503770351409912109375 HTTP/1.1" 200 - "https://69b4844ae61d4e92bf26ad98af552775-devsite.readyship.co/wp-cron.php?doing_wp_cron=1773989725.1503770351409912109375" "WordPress/5.1.19; https://69b4844ae61d4e92bf26ad98af552775-devsite.readyship.co"
64.252.66.156 - - [20/Mar/2026:06:55:24 +0000] "GET /?p=43564 HTTP/1.1" 200 17136 "-" "Amazon CloudFront"
64.252.68.102 - - [20/Mar/2026:06:55:30 +0000] "GET /?p=28950 HTTP/1.1" 200 17642 "-" "Amazon CloudFront"
64.252.68.139 - - [20/Mar/2026:06:55:33 +0000] "GET /?p=82856 HTTP/1.1" 200 14414 "-" "Amazon CloudFront"
64.252.66.156 - - [20/Mar/2026:06:55:42 +0000] "GET /?p=10725 HTTP/1.1" 200 15374 "-" "Amazon CloudFront"
64.252.68.139 - - [20/Mar/2026:06:55:58 +0000] "GET /?p=7380 HTTP/1.1" 200 20903 "-" "Amazon CloudFront"
15.158.215.109 - - [20/Mar/2026:06:56:28 +0000] "POST /wp-cron.php?doing_wp_cron=1773989788.9452829360961914062500 HTTP/1.1" 200 - "https://69b4844ae61d4e92bf26ad98af552775-devsite.readyship.co/wp-cron.php?doing_wp_cron=1773989788.9452829360961914062500" "WordPress/5.1.19; https://69b4844ae61d4e92bf26ad98af552775-devsite.readyship.co"
64.252.74.61 - - [20/Mar/2026:06:56:28 +0000] "GET /?page_id=2807&paged=4264 HTTP/1.1" 200 11068 "-" "Amazon CloudFront"
64.252.66.156 - - [20/Mar/2026:06:56:51 +0000] "GET /?p=10423 HTTP/1.1" 200 15393 "-" "Amazon CloudFront"
64.252.68.139 - - [20/Mar/2026:06:57:15 +0000] "GET /?p=87640 HTTP/1.1" 200 15861 "-" "Amazon CloudFront"
15.158.215.109 - - [20/Mar/2026:06:57:25 +0000] "POST /wp-cron.php?doing_wp_cron=1773989845.5288820266723632812500 HTTP/1.1" 200 - "https://69b4844ae61d4e92bf26ad98af552775-devsite.readyship.co/wp-cron.php?doing_wp_cron=1773989845.5288820266723632812500" "WordPress/5.1.19; https://69b4844ae61d4e92bf26ad98af552775-devsite.readyship.co"
64.252.68.139 - - [20/Mar/2026:06:57:25 +0000] "GET /?p=13880 HTTP/1.1" 200 14373 "-" "Amazon CloudFront"
64.252.66.156 - - [20/Mar/2026:06:57:39 +0000] "GET /?p=87521 HTTP/1.1" 200 21861 "-" "Amazon CloudFront"
64.252.66.156 - - [20/Mar/2026:06:57:43 +0000] "GET /?p=8706 HTTP/1.1" 200 37854 "-" "Amazon CloudFront"
64.252.76.215 - - [20/Mar/2026:06:57:51 +0000] "GET /?feed=rss2&p=17133 HTTP/1.1" 200 527 "-" "Amazon CloudFront"
64.252.76.63 - - [20/Mar/2026:06:57:51 +0000] "GET /?feed=rss2&p=17131 HTTP/1.1" 200 535 "-" "Amazon CloudFront"
64.252.76.63 - - [20/Mar/2026:06:57:51 +0000] "GET /?feed=rss2&p=17149 HTTP/1.1" 200 501 "-" "Amazon CloudFront"
64.252.76.63 - - [20/Mar/2026:06:57:52 +0000] "GET /?feed=rss2&p=17141 HTTP/1.1" 200 524 "-" "Amazon CloudFront"
64.252.76.215 - - [20/Mar/2026:06:57:52 +0000] "GET /?feed=rss2&p=26050 HTTP/1.1" 200 538 "-" "Amazon CloudFront"
64.252.68.139 - - [20/Mar/2026:06:57:54 +0000] "GET /?p=87129 HTTP/1.1" 200 25747 "-" "Amazon CloudFront"
64.252.76.215 - - [20/Mar/2026:06:57:56 +0000] "GET /?feed=rss2&p=17143 HTTP/1.1" 200 534 "-" "Amazon CloudFront"
64.252.76.63 - - [20/Mar/2026:06:57:56 +0000] "GET /?feed=rss2&p=17145 HTTP/1.1" 200 510 "-" "Amazon CloudFront"
64.252.68.203 - - [20/Mar/2026:06:57:57 +0000] "GET /?p=79939 HTTP/1.1" 200 21417 "-" "Amazon CloudFront"
15.158.215.109 - - [20/Mar/2026:06:58:46 +0000] "POST /wp-cron.php?doing_wp_cron=1773989925.9870278835296630859375 HTTP/1.1" 200 - "https://69b4844ae61d4e92bf26ad98af552775-devsite.readyship.co/wp-cron.php?doing_wp_cron=1773989925.9870278835296630859375" "WordPress/5.1.19; https://69b4844ae61d4e92bf26ad98af552775-devsite.readyship.co"
64.252.66.156 - - [20/Mar/2026:06:58:45 +0000] "GET /?p=10925 HTTP/1.1" 200 15057 "-" "Amazon CloudFront"
64.252.68.102 - - [20/Mar/2026:06:59:08 +0000] "GET /?p=40304 HTTP/1.1" 200 18336 "-" "Amazon CloudFront"
64.252.68.102 - - [20/Mar/2026:06:59:15 +0000] "GET /?p=24966 HTTP/1.1" 200 16719 "-" "Amazon CloudFront"
64.252.68.139 - - [20/Mar/2026:06:59:18 +0000] "GET /?p=5925 HTTP/1.1" 200 23120 "-" "Amazon CloudFront"
64.252.68.203 - - [20/Mar/2026:06:59:21 +0000] "GET /?p=51946 HTTP/1.1" 200 14915 "-" "Amazon CloudFront"
15.158.215.109 - - [20/Mar/2026:06:59:30 +0000] "POST /wp-cron.php?doing_wp_cron=1773989970.4347438812255859375000 HTTP/1.1" 200 - "https://69b4844ae61d4e92bf26ad98af552775-devsite.readyship.co/wp-cron.php?doing_wp_cron=1773989970.4347438812255859375000" "WordPress/5.1.19; https://69b4844ae61d4e92bf26ad98af552775-devsite.readyship.co"
64.252.74.61 - - [20/Mar/2026:06:59:30 +0000] "GET /?feed=rss2&p=17147 HTTP/1.1" 200 513 "-" "Amazon CloudFront"
64.252.68.203 - - [20/Mar/2026:06:59:31 +0000] "GET /?p=43418 HTTP/1.1" 200 15267 "-" "Amazon CloudFront"
64.252.68.203 - - [20/Mar/2026:06:59:34 +0000] "GET /?p=94047 HTTP/1.1" 200 17140 "-" "Amazon CloudFront"
64.252.68.139 - - [20/Mar/2026:06:59:40 +0000] "GET /?p=12849 HTTP/1.1" 200 15084 "-" "Amazon CloudFront"
64.252.68.139 - - [20/Mar/2026:06:59:44 +0000] "GET /?p=90879 HTTP/1.1" 200 17790 "-" "Amazon CloudFront"
64.252.66.156 - - [20/Mar/2026:06:59:54 +0000] "GET /?p=8412 HTTP/1.1" 200 37977 "-" "Amazon CloudFront"
15.158.215.109 - - [20/Mar/2026:07:00:28 +0000] "POST /wp-cron.php?doing_wp_cron=1773990028.2622659206390380859375 HTTP/1.1" 200 - "https://69b4844ae61d4e92bf26ad98af552775-devsite.readyship.co/wp-cron.php?doing_wp_cron=1773990028.2622659206390380859375" "WordPress/5.1.19; https://69b4844ae61d4e92bf26ad98af552775-devsite.readyship.co"
64.252.68.203 - - [20/Mar/2026:07:00:27 +0000] "GET /?p=33240 HTTP/1.1" 200 24444 "-" "Amazon CloudFront"
64.252.66.156 - - [20/Mar/2026:07:00:35 +0000] "GET /?p=10827 HTTP/1.1" 200 14281 "-" "Amazon CloudFront"
64.252.66.156 - - [20/Mar/2026:07:01:12 +0000] "GET /?p=68524 HTTP/1.1" 200 14757 "-" "Amazon CloudFront"
64.252.76.215 - - [20/Mar/2026:07:01:13 +0000] "GET /?feed=rss2&p=17135 HTTP/1.1" 200 505 "-" "Amazon CloudFront"
15.158.215.109 - - [20/Mar/2026:07:01:25 +0000] "POST /wp-cron.php?doing_wp_cron=1773990085.6411979198455810546875 HTTP/1.1" 200 - "https://69b4844ae61d4e92bf26ad98af552775-devsite.readyship.co/wp-cron.php?doing_wp_cron=1773990085.6411979198455810546875" "WordPress/5.1.19; https://69b4844ae61d4e92bf26ad98af552775-devsite.readyship.co"
64.252.66.156 - - [20/Mar/2026:07:01:25 +0000] "GET /?p=36052 HTTP/1.1" 200 15583 "-" "Amazon CloudFront"
64.252.68.139 - - [20/Mar/2026:07:01:28 +0000] "GET /?p=88654 HTTP/1.1" 200 23107 "-" "Amazon CloudFront"
64.252.68.139 - - [20/Mar/2026:07:01:31 +0000] "GET /?p=11345 HTTP/1.1" 200 16198 "-" "Amazon CloudFront"
64.252.66.156 - - [20/Mar/2026:07:01:41 +0000] "GET /?cat=1&paged=4161 HTTP/1.1" 200 11401 "-" "Amazon CloudFront"
15.158.215.109 - - [20/Mar/2026:07:02:31 +0000] "POST /wp-cron.php?doing_wp_cron=1773990151.3022050857543945312500 HTTP/1.1" 200 - "https://69b4844ae61d4e92bf26ad98af552775-devsite.readyship.co/wp-cron.php?doing_wp_cron=1773990151.3022050857543945312500" "WordPress/5.1.19; https://69b4844ae61d4e92bf26ad98af552775-devsite.readyship.co"
64.252.68.203 - - [20/Mar/2026:07:02:30 +0000] "GET /?p=96267 HTTP/1.1" 200 17942 "-" "Amazon CloudFront"
64.252.76.63 - - [20/Mar/2026:07:02:35 +0000] "GET /?feed=rss2&p=17139 HTTP/1.1" 200 531 "-" "Amazon CloudFront"
3.172.10.105 - - [20/Mar/2026:07:02:35 +0000] "POST /?page_id=2806 HTTP/1.1" 200 8926 "-" "Amazon CloudFront"
3.172.10.105 - - [20/Mar/2026:07:02:37 +0000] "GET /xmlrpc.php HTTP/1.1" 405 60 "https://69b4844ae61d4e92bf26ad98af552775-devsite.readyship.co/" "Mozilla/5.0 (Windows NT 6.3; Win64; x64) AppleWebKit/537.36 (KHTML, like Gecko) Chrome/103.0.0.0 Safari/537.36"
3.172.10.105 - - [20/Mar/2026:07:02:38 +0000] "POST /xmlrpc.php HTTP/1.1" 200 206 "https://69b4844ae61d4e92bf26ad98af552775-devsite.readyship.co/xmlrpc.php" "Mozilla/5.0 (Windows NT 6.3; Win64; x64) AppleWebKit/537.36 (KHTML, like Gecko) Chrome/103.0.0.0 Safari/537.36"
3.172.10.105 - - [20/Mar/2026:07:02:39 +0000] "POST /xmlrpc.php HTTP/1.1" 200 206 "https://69b4844ae61d4e92bf26ad98af552775-devsite.readyship.co/xmlrpc.php" "Mozilla/5.0 (Windows NT 6.3; Win64; x64) AppleWebKit/537.36 (KHTML, like Gecko) Chrome/103.0.0.0 Safari/537.36"
64.252.89.111 - - [20/Mar/2026:07:02:41 +0000] "GET / HTTP/1.1" 200 24278 "-" "Amazon CloudFront"
64.252.86.96 - - [20/Mar/2026:07:02:45 +0000] "GET /?page_id=2806 HTTP/1.1" 200 9337 "-" "Amazon CloudFront"
3.172.10.105 - - [20/Mar/2026:07:02:46 +0000] "GET /wp-admin/edit-tags.php?taxonomy=category HTTP/1.1" 302 - "https://69b4844ae61d4e92bf26ad98af552775-devsite.readyship.co/?page_id=2806" "Mozilla/5.0 (Windows NT 6.3; Win64; x64) AppleWebKit/537.36 (KHTML, like Gecko) Chrome/103.0.0.0 Safari/537.36"
3.172.10.105 - - [20/Mar/2026:07:02:47 +0000] "GET /wp-login.php?redirect_to=https%3A%2F%2F69b4844ae61d4e92bf26ad98af552775-devsite.readyship.co%2Fwp-admin%2Fedit-tags.php%3Ftaxonomy%3Dcategory&reauth=1 HTTP/1.1" 200 1206 "https://69b4844ae61d4e92bf26ad98af552775-devsite.readyship.co/wp-admin/edit-tags.php?taxonomy=category" "Mozilla/5.0 (Windows NT 6.3; Win64; x64) AppleWebKit/537.36 (KHTML, like Gecko) Chrome/103.0.0.0 Safari/537.36"
64.252.68.139 - - [20/Mar/2026:07:02:50 +0000] "GET /?p=82604 HTTP/1.1" 200 15974 "-" "Amazon CloudFront"
64.252.68.139 - - [20/Mar/2026:07:02:53 +0000] "GET /?p=68484 HTTP/1.1" 200 15497 "-" "Amazon CloudFront"
64.252.68.139 - - [20/Mar/2026:07:02:57 +0000] "GET /?p=96543 HTTP/1.1" 200 14883 "-" "Amazon CloudFront"
64.252.68.102 - - [20/Mar/2026:07:03:18 +0000] "GET /?p=27261 HTTP/1.1" 200 16151 "-" "Amazon CloudFront"
64.252.68.203 - - [20/Mar/2026:07:03:22 +0000] "GET /?p=80868 HTTP/1.1" 200 21953 "-" "Amazon CloudFront"
15.158.215.109 - - [20/Mar/2026:07:03:22 +0000] "POST /wp-cron.php?doing_wp_cron=1773990202.4785139560699462890625 HTTP/1.1" 200 - "https://69b4844ae61d4e92bf26ad98af552775-devsite.readyship.co/wp-cron.php?doing_wp_cron=1773990202.4785139560699462890625" "WordPress/5.1.19; https://69b4844ae61d4e92bf26ad98af552775-devsite.readyship.co"
64.252.66.156 - - [20/Mar/2026:07:03:36 +0000] "GET /?p=5505 HTTP/1.1" 200 13970 "-" "Amazon CloudFront"
64.252.68.139 - - [20/Mar/2026:07:03:41 +0000] "GET /?p=12805 HTTP/1.1" 200 14234 "-" "Amazon CloudFront"
64.252.68.139 - - [20/Mar/2026:07:03:48 +0000] "GET /?p=10463 HTTP/1.1" 200 15042 "-" "Amazon CloudFront"
64.252.68.139 - - [20/Mar/2026:07:03:53 +0000] "GET /?cat=187 HTTP/1.1" 200 10023 "-" "Amazon CloudFront"
64.252.68.139 - - [20/Mar/2026:07:03:55 +0000] "GET /?p=70658 HTTP/1.1" 200 14310 "-" "Amazon CloudFront"
64.252.68.139 - - [20/Mar/2026:07:03:58 +0000] "GET /?p=36516 HTTP/1.1" 200 16724 "-" "Amazon CloudFront"
64.252.68.139 - - [20/Mar/2026:07:04:18 +0000] "GET /?p=7675 HTTP/1.1" 200 21819 "-" "Amazon CloudFront"
15.158.215.109 - - [20/Mar/2026:07:04:49 +0000] "POST /wp-cron.php?doing_wp_cron=1773990289.3948409557342529296875 HTTP/1.1" 200 - "https://69b4844ae61d4e92bf26ad98af552775-devsite.readyship.co/wp-cron.php?doing_wp_cron=1773990289.3948409557342529296875" "WordPress/5.1.19; https://69b4844ae61d4e92bf26ad98af552775-devsite.readyship.co"
64.252.66.156 - - [20/Mar/2026:07:04:49 +0000] "GET /?p=11160 HTTP/1.1" 200 17034 "-" "Amazon CloudFront"
64.252.68.139 - - [20/Mar/2026:07:05:20 +0000] "GET /?p=9839 HTTP/1.1" 200 19550 "-" "Amazon CloudFront"
15.158.215.109 - - [20/Mar/2026:07:05:35 +0000] "POST /wp-cron.php?doing_wp_cron=1773990335.2550981044769287109375 HTTP/1.1" 200 - "https://69b4844ae61d4e92bf26ad98af552775-devsite.readyship.co/wp-cron.php?doing_wp_cron=1773990335.2550981044769287109375" "WordPress/5.1.19; https://69b4844ae61d4e92bf26ad98af552775-devsite.readyship.co"
64.252.68.102 - - [20/Mar/2026:07:05:34 +0000] "GET /?p=6325 HTTP/1.1" 200 13823 "-" "Amazon CloudFront"
64.252.68.139 - - [20/Mar/2026:07:05:48 +0000] "GET /?p=81987 HTTP/1.1" 200 17785 "-" "Amazon CloudFront"
64.252.68.203 - - [20/Mar/2026:07:06:00 +0000] "GET /?p=43954 HTTP/1.1" 200 21964 "-" "Amazon CloudFront"
15.158.215.109 - - [20/Mar/2026:07:06:42 +0000] "POST /wp-cron.php?doing_wp_cron=1773990401.9891600608825683593750 HTTP/1.1" 200 - "https://69b4844ae61d4e92bf26ad98af552775-devsite.readyship.co/wp-cron.php?doing_wp_cron=1773990401.9891600608825683593750" "WordPress/5.1.19; https://69b4844ae61d4e92bf26ad98af552775-devsite.readyship.co"
64.252.68.139 - - [20/Mar/2026:07:06:41 +0000] "GET /?p=87335 HTTP/1.1" 200 15341 "-" "Amazon CloudFront"
64.252.68.203 - - [20/Mar/2026:07:06:48 +0000] "GET /?p=29972 HTTP/1.1" 200 21476 "-" "Amazon CloudFront"
64.252.68.102 - - [20/Mar/2026:07:07:04 +0000] "GET /?p=82468 HTTP/1.1" 200 21585 "-" "Amazon CloudFront"
64.252.68.139 - - [20/Mar/2026:07:07:07 +0000] "GET /?p=88114 HTTP/1.1" 200 15930 "-" "Amazon CloudFront"
64.252.68.139 - - [20/Mar/2026:07:07:17 +0000] "GET /?p=28670 HTTP/1.1" 200 14811 "-" "Amazon CloudFront"
15.158.215.109 - - [20/Mar/2026:07:07:30 +0000] "POST /wp-cron.php?doing_wp_cron=1773990450.3451340198516845703125 HTTP/1.1" 200 - "https://69b4844ae61d4e92bf26ad98af552775-devsite.readyship.co/wp-cron.php?doing_wp_cron=1773990450.3451340198516845703125" "WordPress/5.1.19; https://69b4844ae61d4e92bf26ad98af552775-devsite.readyship.co"
64.252.68.203 - - [20/Mar/2026:07:07:29 +0000] "GET /?p=28752 HTTP/1.1" 200 15026 "-" "Amazon CloudFront"
64.252.68.102 - - [20/Mar/2026:07:07:32 +0000] "GET /?p=91954 HTTP/1.1" 200 16266 "-" "Amazon CloudFront"
64.252.68.102 - - [20/Mar/2026:07:07:45 +0000] "GET /?p=83140 HTTP/1.1" 200 20957 "-" "Amazon CloudFront"
64.252.68.139 - - [20/Mar/2026:07:07:55 +0000] "GET /?p=28180 HTTP/1.1" 200 22785 "-" "Amazon CloudFront"
64.252.68.139 - - [20/Mar/2026:07:08:07 +0000] "GET /?p=13787 HTTP/1.1" 200 14110 "-" "Amazon CloudFront"
64.252.66.156 - - [20/Mar/2026:07:08:10 +0000] "GET /?p=96415 HTTP/1.1" 200 16981 "-" "Amazon CloudFront"
64.252.68.139 - - [20/Mar/2026:07:08:13 +0000] "GET /?p=43514 HTTP/1.1" 200 14312 "-" "Amazon CloudFront"
15.158.215.109 - - [20/Mar/2026:07:08:37 +0000] "POST /wp-cron.php?doing_wp_cron=1773990517.0949609279632568359375 HTTP/1.1" 200 - "https://69b4844ae61d4e92bf26ad98af552775-devsite.readyship.co/wp-cron.php?doing_wp_cron=1773990517.0949609279632568359375" "WordPress/5.1.19; https://69b4844ae61d4e92bf26ad98af552775-devsite.readyship.co"
64.252.66.156 - - [20/Mar/2026:07:08:36 +0000] "GET /?p=5534 HTTP/1.1" 200 24186 "-" "Amazon CloudFront"
64.252.68.102 - - [20/Mar/2026:07:09:05 +0000] "GET /?p=5857 HTTP/1.1" 200 20422 "-" "Amazon CloudFront"
64.252.66.156 - - [20/Mar/2026:07:09:20 +0000] "GET /?job_listing=typing-room HTTP/1.1" 200 20433 "-" "Amazon CloudFront"
15.158.215.109 - - [20/Mar/2026:07:09:43 +0000] "POST /wp-cron.php?doing_wp_cron=1773990583.7243919372558593750000 HTTP/1.1" 200 - "https://69b4844ae61d4e92bf26ad98af552775-devsite.readyship.co/wp-cron.php?doing_wp_cron=1773990583.7243919372558593750000" "WordPress/5.1.19; https://69b4844ae61d4e92bf26ad98af552775-devsite.readyship.co"
64.252.68.203 - - [20/Mar/2026:07:09:43 +0000] "GET /?p=68166 HTTP/1.1" 200 14297 "-" "Amazon CloudFront"
64.252.68.203 - - [20/Mar/2026:07:09:46 +0000] "GET /?p=7251 HTTP/1.1" 200 19856 "-" "Amazon CloudFront"
64.252.68.139 - - [20/Mar/2026:07:09:53 +0000] "GET /?p=81060 HTTP/1.1" 200 14938 "-" "Amazon CloudFront"
64.252.76.215 - - [20/Mar/2026:07:09:53 +0000] "GET /?p=38746 HTTP/1.1" 200 17049 "-" "Amazon CloudFront"
64.252.68.203 - - [20/Mar/2026:07:10:01 +0000] "GET /?p=43924 HTTP/1.1" 200 21828 "-" "Amazon CloudFront"
64.252.68.139 - - [20/Mar/2026:07:10:09 +0000] "GET /?p=42964 HTTP/1.1" 200 15044 "-" "Amazon CloudFront"
15.158.215.109 - - [20/Mar/2026:07:10:40 +0000] "POST /wp-cron.php?doing_wp_cron=1773990640.6900639533996582031250 HTTP/1.1" 200 - "https://69b4844ae61d4e92bf26ad98af552775-devsite.readyship.co/wp-cron.php?doing_wp_cron=1773990640.6900639533996582031250" "WordPress/5.1.19; https://69b4844ae61d4e92bf26ad98af552775-devsite.readyship.co"
64.252.68.203 - - [20/Mar/2026:07:10:40 +0000] "GET /?p=80047 HTTP/1.1" 200 16573 "-" "Amazon CloudFront"
64.252.68.139 - - [20/Mar/2026:07:10:50 +0000] "GET /?p=82728 HTTP/1.1" 200 16433 "-" "Amazon CloudFront"
15.158.215.109 - - [20/Mar/2026:07:11:04 +0000] "POST /wp-cron.php?doing_wp_cron=1773990664.5012609958648681640625 HTTP/1.1" 200 - "https://69b4844ae61d4e92bf26ad98af552775-devsite.readyship.co/wp-cron.php?doing_wp_cron=1773990664.5012609958648681640625" "WordPress/5.1.19; https://69b4844ae61d4e92bf26ad98af552775-devsite.readyship.co"
64.252.74.61 - - [20/Mar/2026:07:11:04 +0000] "GET /?feed=rss2&p=38744 HTTP/1.1" 200 528 "-" "Amazon CloudFront"
64.252.66.156 - - [20/Mar/2026:07:11:07 +0000] "GET /?p=82072 HTTP/1.1" 200 15121 "-" "Amazon CloudFront"
64.252.68.139 - - [20/Mar/2026:07:11:19 +0000] "GET /?cat=103&paged=29 HTTP/1.1" 200 11105 "-" "Amazon CloudFront"
15.158.215.109 - - [20/Mar/2026:07:11:36 +0000] "POST /wp-cron.php?doing_wp_cron=1773990696.2758579254150390625000 HTTP/1.1" 200 - "https://69b4844ae61d4e92bf26ad98af552775-devsite.readyship.co/wp-cron.php?doing_wp_cron=1773990696.2758579254150390625000" "WordPress/5.1.19; https://69b4844ae61d4e92bf26ad98af552775-devsite.readyship.co"
64.252.68.203 - - [20/Mar/2026:07:11:35 +0000] "GET /?p=43110 HTTP/1.1" 200 21252 "-" "Amazon CloudFront"
64.252.68.203 - - [20/Mar/2026:07:11:38 +0000] "GET /?p=25615 HTTP/1.1" 200 18716 "-" "Amazon CloudFront"
64.252.66.156 - - [20/Mar/2026:07:11:42 +0000] "GET /?p=9046 HTTP/1.1" 200 21027 "-" "Amazon CloudFront"
64.252.66.156 - - [20/Mar/2026:07:11:46 +0000] "GET /?p=36480 HTTP/1.1" 200 15476 "-" "Amazon CloudFront"
64.252.68.139 - - [20/Mar/2026:07:11:54 +0000] "GET /?p=43806 HTTP/1.1" 200 16955 "-" "Amazon CloudFront"
64.252.68.139 - - [20/Mar/2026:07:11:56 +0000] "GET /?p=92254 HTTP/1.1" 200 18263 "-" "Amazon CloudFront"
15.158.215.109 - - [20/Mar/2026:07:12:30 +0000] "POST /wp-cron.php?doing_wp_cron=1773990750.4923279285430908203125 HTTP/1.1" 200 - "https://69b4844ae61d4e92bf26ad98af552775-devsite.readyship.co/wp-cron.php?doing_wp_cron=1773990750.4923279285430908203125" "WordPress/5.1.19; https://69b4844ae61d4e92bf26ad98af552775-devsite.readyship.co"
64.252.68.102 - - [20/Mar/2026:07:12:30 +0000] "GET /?p=8744 HTTP/1.1" 200 14970 "-" "Amazon CloudFront"
64.252.68.102 - - [20/Mar/2026:07:13:10 +0000] "GET /?p=25458 HTTP/1.1" 200 16958 "-" "Amazon CloudFront"
15.158.215.109 - - [20/Mar/2026:07:14:01 +0000] "POST /wp-cron.php?doing_wp_cron=1773990841.9326229095458984375000 HTTP/1.1" 200 - "https://69b4844ae61d4e92bf26ad98af552775-devsite.readyship.co/wp-cron.php?doing_wp_cron=1773990841.9326229095458984375000" "WordPress/5.1.19; https://69b4844ae61d4e92bf26ad98af552775-devsite.readyship.co"
64.252.68.139 - - [20/Mar/2026:07:14:01 +0000] "GET /?p=48654 HTTP/1.1" 200 22276 "-" "Amazon CloudFront"
64.252.68.139 - - [20/Mar/2026:07:14:04 +0000] "GET /?p=25088 HTTP/1.1" 200 22389 "-" "Amazon CloudFront"
64.252.68.139 - - [20/Mar/2026:07:14:09 +0000] "GET /?p=69502 HTTP/1.1" 200 14442 "-" "Amazon CloudFront"
15.158.215.109 - - [20/Mar/2026:07:14:22 +0000] "POST /wp-cron.php?doing_wp_cron=1773990862.4427309036254882812500 HTTP/1.1" 200 - "https://69b4844ae61d4e92bf26ad98af552775-devsite.readyship.co/wp-cron.php?doing_wp_cron=1773990862.4427309036254882812500" "WordPress/5.1.19; https://69b4844ae61d4e92bf26ad98af552775-devsite.readyship.co"
64.252.68.139 - - [20/Mar/2026:07:14:22 +0000] "GET /?author=1&paged=26 HTTP/1.1" 200 11299 "-" "Amazon CloudFront"
64.252.68.102 - - [20/Mar/2026:07:14:34 +0000] "GET /?p=7994 HTTP/1.1" 200 26896 "-" "Amazon CloudFront"
64.252.68.139 - - [20/Mar/2026:07:14:58 +0000] "GET /?p=36270 HTTP/1.1" 200 16395 "-" "Amazon CloudFront"
64.252.68.102 - - [20/Mar/2026:07:15:01 +0000] "GET /?p=6807 HTTP/1.1" 200 67334 "-" "Amazon CloudFront"
64.252.68.139 - - [20/Mar/2026:07:15:14 +0000] "GET /?p=8658 HTTP/1.1" 200 19428 "-" "Amazon CloudFront"
15.158.215.109 - - [20/Mar/2026:07:15:37 +0000] "POST /wp-cron.php?doing_wp_cron=1773990937.8225479125976562500000 HTTP/1.1" 200 - "https://69b4844ae61d4e92bf26ad98af552775-devsite.readyship.co/wp-cron.php?doing_wp_cron=1773990937.8225479125976562500000" "WordPress/5.1.19; https://69b4844ae61d4e92bf26ad98af552775-devsite.readyship.co"
64.252.68.203 - - [20/Mar/2026:07:15:37 +0000] "GET /?p=89552 HTTP/1.1" 200 17344 "-" "Amazon CloudFront"
64.252.68.203 - - [20/Mar/2026:07:15:46 +0000] "GET /?p=8935 HTTP/1.1" 200 20868 "-" "Amazon CloudFront"
64.252.68.102 - - [20/Mar/2026:07:15:58 +0000] "GET /?p=8946 HTTP/1.1" 200 16733 "-" "Amazon CloudFront"
64.252.68.203 - - [20/Mar/2026:07:16:07 +0000] "GET /?p=37722 HTTP/1.1" 200 15562 "-" "Amazon CloudFront"
64.252.68.139 - - [20/Mar/2026:07:16:09 +0000] "GET /?p=57812 HTTP/1.1" 200 15526 "-" "Amazon CloudFront"
64.252.68.102 - - [20/Mar/2026:07:16:11 +0000] "GET /?cat=103&paged=19 HTTP/1.1" 200 11079 "-" "Amazon CloudFront"
15.158.215.109 - - [20/Mar/2026:07:16:42 +0000] "POST /wp-cron.php?doing_wp_cron=1773991002.9445719718933105468750 HTTP/1.1" 200 - "https://69b4844ae61d4e92bf26ad98af552775-devsite.readyship.co/wp-cron.php?doing_wp_cron=1773991002.9445719718933105468750" "WordPress/5.1.19; https://69b4844ae61d4e92bf26ad98af552775-devsite.readyship.co"
64.252.68.139 - - [20/Mar/2026:07:16:42 +0000] "GET /?p=48565 HTTP/1.1" 200 23149 "-" "Amazon CloudFront"
64.252.68.139 - - [20/Mar/2026:07:16:46 +0000] "GET /?p=25601 HTTP/1.1" 200 22988 "-" "Amazon CloudFront"
64.252.66.156 - - [20/Mar/2026:07:17:08 +0000] "GET /?p=41928 HTTP/1.1" 200 16035 "-" "Amazon CloudFront"
15.158.215.109 - - [20/Mar/2026:07:17:37 +0000] "POST /wp-cron.php?doing_wp_cron=1773991056.9830999374389648437500 HTTP/1.1" 200 - "https://69b4844ae61d4e92bf26ad98af552775-devsite.readyship.co/wp-cron.php?doing_wp_cron=1773991056.9830999374389648437500" "WordPress/5.1.19; https://69b4844ae61d4e92bf26ad98af552775-devsite.readyship.co"
64.252.68.139 - - [20/Mar/2026:07:17:36 +0000] "GET /?p=61723 HTTP/1.1" 200 14101 "-" "Amazon CloudFront"
64.252.68.203 - - [20/Mar/2026:07:17:51 +0000] "GET /?p=93537 HTTP/1.1" 200 24051 "-" "Amazon CloudFront"
64.252.66.156 - - [20/Mar/2026:07:18:03 +0000] "GET /?p=6254 HTTP/1.1" 200 21830 "-" "Amazon CloudFront"
64.252.68.203 - - [20/Mar/2026:07:18:07 +0000] "GET /?p=37006 HTTP/1.1" 200 15151 "-" "Amazon CloudFront"
15.158.215.109 - - [20/Mar/2026:07:18:54 +0000] "POST /wp-cron.php?doing_wp_cron=1773991134.7022120952606201171875 HTTP/1.1" 200 - "https://69b4844ae61d4e92bf26ad98af552775-devsite.readyship.co/wp-cron.php?doing_wp_cron=1773991134.7022120952606201171875" "WordPress/5.1.19; https://69b4844ae61d4e92bf26ad98af552775-devsite.readyship.co"
64.252.68.203 - - [20/Mar/2026:07:18:54 +0000] "GET /?p=41236 HTTP/1.1" 200 18170 "-" "Amazon CloudFront"
64.252.68.102 - - [20/Mar/2026:07:19:18 +0000] "GET /?p=57639 HTTP/1.1" 200 14821 "-" "Amazon CloudFront"
15.158.215.109 - - [20/Mar/2026:07:19:31 +0000] "POST /wp-cron.php?doing_wp_cron=1773991171.0828640460968017578125 HTTP/1.1" 200 - "https://69b4844ae61d4e92bf26ad98af552775-devsite.readyship.co/wp-cron.php?doing_wp_cron=1773991171.0828640460968017578125" "WordPress/5.1.19; https://69b4844ae61d4e92bf26ad98af552775-devsite.readyship.co"
64.252.66.156 - - [20/Mar/2026:07:19:30 +0000] "GET /?p=13495 HTTP/1.1" 200 14150 "-" "Amazon CloudFront"
64.252.68.102 - - [20/Mar/2026:07:19:52 +0000] "GET /?p=43046 HTTP/1.1" 200 14427 "-" "Amazon CloudFront"
64.252.68.203 - - [20/Mar/2026:07:19:54 +0000] "GET /?p=12951 HTTP/1.1" 200 14173 "-" "Amazon CloudFront"
64.252.68.203 - - [20/Mar/2026:07:19:57 +0000] "GET /?p=12773 HTTP/1.1" 200 14498 "-" "Amazon CloudFront"
64.252.68.102 - - [20/Mar/2026:07:19:59 +0000] "GET /?p=94039 HTTP/1.1" 200 14165 "-" "Amazon CloudFront"
64.252.68.203 - - [20/Mar/2026:07:20:01 +0000] "GET /?p=38254 HTTP/1.1" 200 15117 "-" "Amazon CloudFront"
64.252.66.156 - - [20/Mar/2026:07:20:06 +0000] "GET /?p=43152 HTTP/1.1" 200 14158 "-" "Amazon CloudFront"
64.252.68.203 - - [20/Mar/2026:07:20:21 +0000] "GET /?p=10865 HTTP/1.1" 200 16367 "-" "Amazon CloudFront"
15.158.215.109 - - [20/Mar/2026:07:20:25 +0000] "POST /wp-cron.php?doing_wp_cron=1773991225.3390049934387207031250 HTTP/1.1" 200 - "https://69b4844ae61d4e92bf26ad98af552775-devsite.readyship.co/wp-cron.php?doing_wp_cron=1773991225.3390049934387207031250" "WordPress/5.1.19; https://69b4844ae61d4e92bf26ad98af552775-devsite.readyship.co"
64.252.68.102 - - [20/Mar/2026:07:20:24 +0000] "GET /?p=80882 HTTP/1.1" 200 14678 "-" "Amazon CloudFront"
64.252.66.156 - - [20/Mar/2026:07:20:32 +0000] "GET /?p=12903 HTTP/1.1" 200 14687 "-" "Amazon CloudFront"
64.252.68.102 - - [20/Mar/2026:07:21:00 +0000] "GET /?p=43556 HTTP/1.1" 200 23545 "-" "Amazon CloudFront"
64.252.66.156 - - [20/Mar/2026:07:21:08 +0000] "GET /?p=67392 HTTP/1.1" 200 14205 "-" "Amazon CloudFront"
64.252.66.156 - - [20/Mar/2026:07:21:11 +0000] "GET /?p=5984 HTTP/1.1" 200 21569 "-" "Amazon CloudFront"
15.158.215.109 - - [20/Mar/2026:07:21:31 +0000] "POST /wp-cron.php?doing_wp_cron=1773991291.9051198959350585937500 HTTP/1.1" 200 - "https://69b4844ae61d4e92bf26ad98af552775-devsite.readyship.co/wp-cron.php?doing_wp_cron=1773991291.9051198959350585937500" "WordPress/5.1.19; https://69b4844ae61d4e92bf26ad98af552775-devsite.readyship.co"
64.252.68.139 - - [20/Mar/2026:07:21:31 +0000] "GET /?p=13779 HTTP/1.1" 200 14121 "-" "Amazon CloudFront"
64.252.68.203 - - [20/Mar/2026:07:21:44 +0000] "GET /?p=10733 HTTP/1.1" 200 14291 "-" "Amazon CloudFront"
64.252.66.156 - - [20/Mar/2026:07:22:15 +0000] "GET /?p=68032 HTTP/1.1" 200 14632 "-" "Amazon CloudFront"
15.158.215.109 - - [20/Mar/2026:07:23:05 +0000] "POST /wp-cron.php?doing_wp_cron=1773991385.7490870952606201171875 HTTP/1.1" 200 - "https://69b4844ae61d4e92bf26ad98af552775-devsite.readyship.co/wp-cron.php?doing_wp_cron=1773991385.7490870952606201171875" "WordPress/5.1.19; https://69b4844ae61d4e92bf26ad98af552775-devsite.readyship.co"
64.252.68.139 - - [20/Mar/2026:07:23:05 +0000] "GET /?p=88594 HTTP/1.1" 200 15103 "-" "Amazon CloudFront"
15.158.215.109 - - [20/Mar/2026:07:23:29 +0000] "POST /wp-cron.php?doing_wp_cron=1773991409.8425960540771484375000 HTTP/1.1" 200 - "https://69b4844ae61d4e92bf26ad98af552775-devsite.readyship.co/wp-cron.php?doing_wp_cron=1773991409.8425960540771484375000" "WordPress/5.1.19; https://69b4844ae61d4e92bf26ad98af552775-devsite.readyship.co"
64.252.66.156 - - [20/Mar/2026:07:23:29 +0000] "GET /?p=7468 HTTP/1.1" 200 19913 "-" "Amazon CloudFront"
64.252.68.203 - - [20/Mar/2026:07:23:37 +0000] "GET /?p=10693 HTTP/1.1" 200 14370 "-" "Amazon CloudFront"
64.252.66.156 - - [20/Mar/2026:07:23:48 +0000] "GET /?p=88140 HTTP/1.1" 200 21235 "-" "Amazon CloudFront"
64.252.68.139 - - [20/Mar/2026:07:23:53 +0000] "GET /?p=68516 HTTP/1.1" 200 22064 "-" "Amazon CloudFront"
64.252.68.203 - - [20/Mar/2026:07:23:55 +0000] "GET /?p=82566 HTTP/1.1" 200 16118 "-" "Amazon CloudFront"
64.252.68.203 - - [20/Mar/2026:07:24:11 +0000] "GET /?p=13987 HTTP/1.1" 200 14625 "-" "Amazon CloudFront"
64.252.68.139 - - [20/Mar/2026:07:24:16 +0000] "GET /?p=9705 HTTP/1.1" 200 13509 "-" "Amazon CloudFront"
64.252.66.156 - - [20/Mar/2026:07:24:20 +0000] "GET /?p=10473 HTTP/1.1" 200 15628 "-" "Amazon CloudFront"
15.158.215.109 - - [20/Mar/2026:07:24:23 +0000] "POST /wp-cron.php?doing_wp_cron=1773991463.5149760246276855468750 HTTP/1.1" 200 - "https://69b4844ae61d4e92bf26ad98af552775-devsite.readyship.co/wp-cron.php?doing_wp_cron=1773991463.5149760246276855468750" "WordPress/5.1.19; https://69b4844ae61d4e92bf26ad98af552775-devsite.readyship.co"
64.252.68.139 - - [20/Mar/2026:07:24:23 +0000] "GET /?p=43201 HTTP/1.1" 200 16990 "-" "Amazon CloudFront"
64.252.68.102 - - [20/Mar/2026:07:24:44 +0000] "GET /?p=96789 HTTP/1.1" 200 16997 "-" "Amazon CloudFront"
64.252.68.203 - - [20/Mar/2026:07:24:52 +0000] "GET /?p=7441 HTTP/1.1" 200 21399 "-" "Amazon CloudFront"
64.252.66.156 - - [20/Mar/2026:07:25:14 +0000] "GET /?p=9695 HTTP/1.1" 200 14857 "-" "Amazon CloudFront"
64.252.68.102 - - [20/Mar/2026:07:25:16 +0000] "GET /?p=88206 HTTP/1.1" 200 15747 "-" "Amazon CloudFront"
64.252.68.102 - - [20/Mar/2026:07:25:20 +0000] "GET /?p=82760 HTTP/1.1" 200 17707 "-" "Amazon CloudFront"
15.158.215.109 - - [20/Mar/2026:07:25:57 +0000] "POST /wp-cron.php?doing_wp_cron=1773991557.6270349025726318359375 HTTP/1.1" 200 - "https://69b4844ae61d4e92bf26ad98af552775-devsite.readyship.co/wp-cron.php?doing_wp_cron=1773991557.6270349025726318359375" "WordPress/5.1.19; https://69b4844ae61d4e92bf26ad98af552775-devsite.readyship.co"
64.252.66.156 - - [20/Mar/2026:07:25:57 +0000] "GET /?p=81886 HTTP/1.1" 200 14301 "-" "Amazon CloudFront"
15.158.215.109 - - [20/Mar/2026:07:26:23 +0000] "POST /wp-cron.php?doing_wp_cron=1773991583.6340880393981933593750 HTTP/1.1" 200 - "https://69b4844ae61d4e92bf26ad98af552775-devsite.readyship.co/wp-cron.php?doing_wp_cron=1773991583.6340880393981933593750" "WordPress/5.1.19; https://69b4844ae61d4e92bf26ad98af552775-devsite.readyship.co"
64.252.68.139 - - [20/Mar/2026:07:26:23 +0000] "GET /?p=87668 HTTP/1.1" 200 15426 "-" "Amazon CloudFront"
64.252.68.203 - - [20/Mar/2026:07:26:50 +0000] "GET /?p=13517 HTTP/1.1" 200 14405 "-" "Amazon CloudFront"
15.158.215.109 - - [20/Mar/2026:07:27:24 +0000] "POST /wp-cron.php?doing_wp_cron=1773991644.6180729866027832031250 HTTP/1.1" 200 - "https://69b4844ae61d4e92bf26ad98af552775-devsite.readyship.co/wp-cron.php?doing_wp_cron=1773991644.6180729866027832031250" "WordPress/5.1.19; https://69b4844ae61d4e92bf26ad98af552775-devsite.readyship.co"
64.252.66.156 - - [20/Mar/2026:07:27:24 +0000] "GET /?p=67404 HTTP/1.1" 200 14678 "-" "Amazon CloudFront"
64.252.68.139 - - [20/Mar/2026:07:27:48 +0000] "GET /?p=81126 HTTP/1.1" 200 16547 "-" "Amazon CloudFront"
64.252.68.203 - - [20/Mar/2026:07:27:56 +0000] "GET /?p=29032 HTTP/1.1" 200 17641 "-" "Amazon CloudFront"
64.252.68.102 - - [20/Mar/2026:07:28:02 +0000] "GET /?p=8531 HTTP/1.1" 200 20404 "-" "Amazon CloudFront"
64.252.66.156 - - [20/Mar/2026:07:28:09 +0000] "GET /?p=40936 HTTP/1.1" 200 16484 "-" "Amazon CloudFront"
64.252.66.156 - - [20/Mar/2026:07:28:11 +0000] "GET /?cat=104&paged=35 HTTP/1.1" 200 10958 "-" "Amazon CloudFront"
64.252.68.139 - - [20/Mar/2026:07:28:16 +0000] "GET /?p=89572 HTTP/1.1" 200 16982 "-" "Amazon CloudFront"
15.158.215.109 - - [20/Mar/2026:07:28:31 +0000] "POST /wp-cron.php?doing_wp_cron=1773991711.9178869724273681640625 HTTP/1.1" 200 - "https://69b4844ae61d4e92bf26ad98af552775-devsite.readyship.co/wp-cron.php?doing_wp_cron=1773991711.9178869724273681640625" "WordPress/5.1.19; https://69b4844ae61d4e92bf26ad98af552775-devsite.readyship.co"
64.252.66.156 - - [20/Mar/2026:07:28:31 +0000] "GET /?p=9052 HTTP/1.1" 200 21456 "-" "Amazon CloudFront"
3.172.10.105 - - [20/Mar/2026:07:28:42 +0000] "POST /xmlrpc.php HTTP/1.1" 200 206 "https://69b4844ae61d4e92bf26ad98af552775-devsite.readyship.co/?p=23378" "PHP/6.3.00"
64.252.68.139 - - [20/Mar/2026:07:28:53 +0000] "GET /?p=11150 HTTP/1.1" 200 16143 "-" "Amazon CloudFront"
64.252.68.203 - - [20/Mar/2026:07:28:59 +0000] "GET /?p=43932 HTTP/1.1" 200 18238 "-" "Amazon CloudFront"
64.252.66.156 - - [20/Mar/2026:07:29:02 +0000] "GET /?p=88246 HTTP/1.1" 200 15811 "-" "Amazon CloudFront"
64.252.68.203 - - [20/Mar/2026:07:29:06 +0000] "GET /?p=30068 HTTP/1.1" 200 23070 "-" "Amazon CloudFront"
64.252.66.156 - - [20/Mar/2026:07:29:15 +0000] "GET /?p=89490 HTTP/1.1" 200 17624 "-" "Amazon CloudFront"
15.158.215.109 - - [20/Mar/2026:07:29:41 +0000] "POST /wp-cron.php?doing_wp_cron=1773991781.4530858993530273437500 HTTP/1.1" 200 - "https://69b4844ae61d4e92bf26ad98af552775-devsite.readyship.co/wp-cron.php?doing_wp_cron=1773991781.4530858993530273437500" "WordPress/5.1.19; https://69b4844ae61d4e92bf26ad98af552775-devsite.readyship.co"
64.252.68.139 - - [20/Mar/2026:07:29:41 +0000] "GET /?p=79993 HTTP/1.1" 200 24177 "-" "Amazon CloudFront"
15.158.215.109 - - [20/Mar/2026:07:30:23 +0000] "POST /wp-cron.php?doing_wp_cron=1773991823.7687170505523681640625 HTTP/1.1" 200 - "https://69b4844ae61d4e92bf26ad98af552775-devsite.readyship.co/wp-cron.php?doing_wp_cron=1773991823.7687170505523681640625" "WordPress/5.1.19; https://69b4844ae61d4e92bf26ad98af552775-devsite.readyship.co"
64.252.68.203 - - [20/Mar/2026:07:30:23 +0000] "GET /?p=43630 HTTP/1.1" 200 22841 "-" "Amazon CloudFront"
64.252.68.139 - - [20/Mar/2026:07:30:26 +0000] "GET /?p=7207 HTTP/1.1" 200 13293 "-" "Amazon CloudFront"
64.252.66.156 - - [20/Mar/2026:07:30:40 +0000] "GET /?p=9058 HTTP/1.1" 200 15920 "-" "Amazon CloudFront"
64.252.68.102 - - [20/Mar/2026:07:30:42 +0000] "GET /?p=96537 HTTP/1.1" 200 17605 "-" "Amazon CloudFront"
64.252.68.139 - - [20/Mar/2026:07:30:56 +0000] "GET /?p=67808 HTTP/1.1" 200 14719 "-" "Amazon CloudFront"
15.158.215.109 - - [20/Mar/2026:07:31:34 +0000] "POST /wp-cron.php?doing_wp_cron=1773991893.9950430393218994140625 HTTP/1.1" 200 - "https://69b4844ae61d4e92bf26ad98af552775-devsite.readyship.co/wp-cron.php?doing_wp_cron=1773991893.9950430393218994140625" "WordPress/5.1.19; https://69b4844ae61d4e92bf26ad98af552775-devsite.readyship.co"
64.252.68.102 - - [20/Mar/2026:07:31:33 +0000] "GET /?p=87299 HTTP/1.1" 200 21674 "-" "Amazon CloudFront"
64.252.68.139 - - [20/Mar/2026:07:31:40 +0000] "GET /?p=30525 HTTP/1.1" 200 16245 "-" "Amazon CloudFront"
64.252.68.203 - - [20/Mar/2026:07:31:58 +0000] "GET /?p=11122 HTTP/1.1" 200 19057 "-" "Amazon CloudFront"
64.252.77.92 - - [20/Mar/2026:07:32:04 +0000] "GET /?p=26775 HTTP/1.1" 200 17903 "-" "Amazon CloudFront"
64.252.68.139 - - [20/Mar/2026:07:32:13 +0000] "GET /?p=41168 HTTP/1.1" 200 18311 "-" "Amazon CloudFront"
64.252.76.215 - - [20/Mar/2026:07:32:19 +0000] "GET /?feed=rss2&p=26779 HTTP/1.1" 200 531 "-" "Amazon CloudFront"
64.252.66.156 - - [20/Mar/2026:07:32:19 +0000] "GET /?p=67886 HTTP/1.1" 200 15019 "-" "Amazon CloudFront"
15.158.215.109 - - [20/Mar/2026:07:32:28 +0000] "POST /wp-cron.php?doing_wp_cron=1773991948.9747800827026367187500 HTTP/1.1" 200 - "https://69b4844ae61d4e92bf26ad98af552775-devsite.readyship.co/wp-cron.php?doing_wp_cron=1773991948.9747800827026367187500" "WordPress/5.1.19; https://69b4844ae61d4e92bf26ad98af552775-devsite.readyship.co"
64.252.68.203 - - [20/Mar/2026:07:32:28 +0000] "GET /?p=8297 HTTP/1.1" 200 16586 "-" "Amazon CloudFront"
64.252.68.203 - - [20/Mar/2026:07:32:36 +0000] "GET /?p=7593 HTTP/1.1" 200 22820 "-" "Amazon CloudFront"
64.252.68.203 - - [20/Mar/2026:07:32:42 +0000] "GET /?p=67980 HTTP/1.1" 200 14205 "-" "Amazon CloudFront"
64.252.68.102 - - [20/Mar/2026:07:32:44 +0000] "GET /?p=79929 HTTP/1.1" 200 17626 "-" "Amazon CloudFront"
64.252.68.139 - - [20/Mar/2026:07:32:48 +0000] "GET /?p=61737 HTTP/1.1" 200 14824 "-" "Amazon CloudFront"
64.252.68.139 - - [20/Mar/2026:07:32:57 +0000] "GET /?p=81450 HTTP/1.1" 200 14526 "-" "Amazon CloudFront"
64.252.68.139 - - [20/Mar/2026:07:33:12 +0000] "GET /?cat=1&paged=4106 HTTP/1.1" 200 11213 "-" "Amazon CloudFront"
15.158.215.109 - - [20/Mar/2026:07:34:06 +0000] "POST /wp-cron.php?doing_wp_cron=1773992046.0661699771881103515625 HTTP/1.1" 200 - "https://69b4844ae61d4e92bf26ad98af552775-devsite.readyship.co/wp-cron.php?doing_wp_cron=1773992046.0661699771881103515625" "WordPress/5.1.19; https://69b4844ae61d4e92bf26ad98af552775-devsite.readyship.co"
64.252.68.102 - - [20/Mar/2026:07:34:05 +0000] "GET /?p=28602 HTTP/1.1" 200 15353 "-" "Amazon CloudFront"
64.252.68.203 - - [20/Mar/2026:07:34:09 +0000] "GET /?healthcheck_timestamp=1773991847479 HTTP/1.1" 200 178918 "-" "Amazon CloudFront"
15.158.215.109 - - [20/Mar/2026:07:34:25 +0000] "POST /wp-cron.php?doing_wp_cron=1773992065.8792979717254638671875 HTTP/1.1" 200 - "https://69b4844ae61d4e92bf26ad98af552775-devsite.readyship.co/wp-cron.php?doing_wp_cron=1773992065.8792979717254638671875" "WordPress/5.1.19; https://69b4844ae61d4e92bf26ad98af552775-devsite.readyship.co"
64.252.68.203 - - [20/Mar/2026:07:34:25 +0000] "GET /?p=70642 HTTP/1.1" 200 22137 "-" "Amazon CloudFront"
64.252.68.102 - - [20/Mar/2026:07:34:28 +0000] "GET /?p=68130 HTTP/1.1" 200 22091 "-" "Amazon CloudFront"
64.252.66.156 - - [20/Mar/2026:07:34:36 +0000] "GET /?p=29256 HTTP/1.1" 200 15616 "-" "Amazon CloudFront"
64.252.68.102 - - [20/Mar/2026:07:34:39 +0000] "GET /?p=11365 HTTP/1.1" 200 17993 "-" "Amazon CloudFront"
64.252.66.156 - - [20/Mar/2026:07:35:00 +0000] "GET /?p=5530 HTTP/1.1" 200 23723 "-" "Amazon CloudFront"
64.252.66.156 - - [20/Mar/2026:07:35:19 +0000] "GET /?p=10957 HTTP/1.1" 200 16300 "-" "Amazon CloudFront"
15.158.215.109 - - [20/Mar/2026:07:36:00 +0000] "POST /wp-cron.php?doing_wp_cron=1773992160.3391380310058593750000 HTTP/1.1" 200 - "https://69b4844ae61d4e92bf26ad98af552775-devsite.readyship.co/wp-cron.php?doing_wp_cron=1773992160.3391380310058593750000" "WordPress/5.1.19; https://69b4844ae61d4e92bf26ad98af552775-devsite.readyship.co"
64.252.68.139 - - [20/Mar/2026:07:35:59 +0000] "GET /?p=30393 HTTP/1.1" 200 16896 "-" "Amazon CloudFront"
15.158.215.109 - - [20/Mar/2026:07:36:25 +0000] "POST /wp-cron.php?doing_wp_cron=1773992185.6425631046295166015625 HTTP/1.1" 200 - "https://69b4844ae61d4e92bf26ad98af552775-devsite.readyship.co/wp-cron.php?doing_wp_cron=1773992185.6425631046295166015625" "WordPress/5.1.19; https://69b4844ae61d4e92bf26ad98af552775-devsite.readyship.co"
64.252.68.102 - - [20/Mar/2026:07:36:25 +0000] "GET /?p=11224 HTTP/1.1" 200 17175 "-" "Amazon CloudFront"
64.252.68.102 - - [20/Mar/2026:07:36:29 +0000] "GET /?p=10593 HTTP/1.1" 200 14502 "-" "Amazon CloudFront"
64.252.66.156 - - [20/Mar/2026:07:36:31 +0000] "GET /?p=5972 HTTP/1.1" 200 17844 "-" "Amazon CloudFront"
64.252.68.139 - - [20/Mar/2026:07:36:34 +0000] "GET /?p=74393 HTTP/1.1" 200 14341 "-" "Amazon CloudFront"
64.252.68.139 - - [20/Mar/2026:07:36:38 +0000] "GET /?p=28190 HTTP/1.1" 200 22726 "-" "Amazon CloudFront"
64.252.66.156 - - [20/Mar/2026:07:36:56 +0000] "GET /?p=87702 HTTP/1.1" 200 17734 "-" "Amazon CloudFront"
64.252.68.203 - - [20/Mar/2026:07:37:00 +0000] "GET /?p=42994 HTTP/1.1" 200 20901 "-" "Amazon CloudFront"
64.252.66.156 - - [20/Mar/2026:07:37:07 +0000] "GET /?p=56348 HTTP/1.1" 200 14856 "-" "Amazon CloudFront"
15.158.215.109 - - [20/Mar/2026:07:37:31 +0000] "POST /wp-cron.php?doing_wp_cron=1773992251.0323369503021240234375 HTTP/1.1" 200 - "https://69b4844ae61d4e92bf26ad98af552775-devsite.readyship.co/wp-cron.php?doing_wp_cron=1773992251.0323369503021240234375" "WordPress/5.1.19; https://69b4844ae61d4e92bf26ad98af552775-devsite.readyship.co"
64.252.68.139 - - [20/Mar/2026:07:37:30 +0000] "GET /?p=62672 HTTP/1.1" 200 14180 "-" "Amazon CloudFront"
64.252.68.102 - - [20/Mar/2026:07:38:06 +0000] "GET /?cat=1&paged=43 HTTP/1.1" 200 11216 "-" "Amazon CloudFront"
15.158.215.109 - - [20/Mar/2026:07:38:26 +0000] "POST /wp-cron.php?doing_wp_cron=1773992306.8337330818176269531250 HTTP/1.1" 200 - "https://69b4844ae61d4e92bf26ad98af552775-devsite.readyship.co/wp-cron.php?doing_wp_cron=1773992306.8337330818176269531250" "WordPress/5.1.19; https://69b4844ae61d4e92bf26ad98af552775-devsite.readyship.co"
64.252.68.102 - - [20/Mar/2026:07:38:26 +0000] "GET /?p=67770 HTTP/1.1" 200 14669 "-" "Amazon CloudFront"
18.68.19.181 - - [20/Mar/2026:07:38:30 +0000] "POST /xmlrpc.php HTTP/1.1" 200 403 "-" "Mozilla/5.0 (Windows NT 10.0; Win64; x64) AppleWebKit/537.36 (KHTML, like Gecko) Chrome/114.0.0.0 Safari/537.36"
18.68.19.181 - - [20/Mar/2026:07:38:31 +0000] "POST /xmlrpc.php HTTP/1.1" 200 403 "-" "Mozilla/5.0 (Windows NT 10.0; Win64; x64) AppleWebKit/537.36 (KHTML, like Gecko) Chrome/114.0.0.0 Safari/537.36"
64.252.68.102 - - [20/Mar/2026:07:38:36 +0000] "GET /?p=13167 HTTP/1.1" 200 16914 "-" "Amazon CloudFront"
64.252.66.156 - - [20/Mar/2026:07:38:38 +0000] "GET /?p=89588 HTTP/1.1" 200 14493 "-" "Amazon CloudFront"
64.252.68.203 - - [20/Mar/2026:07:38:46 +0000] "GET /?p=96781 HTTP/1.1" 200 16624 "-" "Amazon CloudFront"
64.252.68.139 - - [20/Mar/2026:07:38:58 +0000] "GET /?p=33642 HTTP/1.1" 200 16551 "-" "Amazon CloudFront"
64.252.66.156 - - [20/Mar/2026:07:39:20 +0000] "GET /?p=43156 HTTP/1.1" 200 22489 "-" "Amazon CloudFront"
15.158.215.109 - - [20/Mar/2026:07:39:43 +0000] "POST /wp-cron.php?doing_wp_cron=1773992383.2781078815460205078125 HTTP/1.1" 200 - "https://69b4844ae61d4e92bf26ad98af552775-devsite.readyship.co/wp-cron.php?doing_wp_cron=1773992383.2781078815460205078125" "WordPress/5.1.19; https://69b4844ae61d4e92bf26ad98af552775-devsite.readyship.co"
64.252.68.203 - - [20/Mar/2026:07:39:42 +0000] "GET /?p=6941 HTTP/1.1" 200 15913 "-" "Amazon CloudFront"
64.252.68.139 - - [20/Mar/2026:07:40:12 +0000] "GET /?p=55389 HTTP/1.1" 200 14557 "-" "Amazon CloudFront"
64.252.68.102 - - [20/Mar/2026:07:40:17 +0000] "GET /?p=9980 HTTP/1.1" 200 16032 "-" "Amazon CloudFront"
64.252.68.203 - - [20/Mar/2026:07:40:20 +0000] "GET /?cat=1&paged=4353 HTTP/1.1" 200 11407 "-" "Amazon CloudFront"
15.158.215.109 - - [20/Mar/2026:07:40:30 +0000] "POST /wp-cron.php?doing_wp_cron=1773992430.0316610336303710937500 HTTP/1.1" 200 - "https://69b4844ae61d4e92bf26ad98af552775-devsite.readyship.co/wp-cron.php?doing_wp_cron=1773992430.0316610336303710937500" "WordPress/5.1.19; https://69b4844ae61d4e92bf26ad98af552775-devsite.readyship.co"
64.252.66.156 - - [20/Mar/2026:07:40:29 +0000] "GET /?p=25432 HTTP/1.1" 200 23229 "-" "Amazon CloudFront"
64.252.68.139 - - [20/Mar/2026:07:40:32 +0000] "GET /?p=62743 HTTP/1.1" 200 14466 "-" "Amazon CloudFront"
64.252.68.139 - - [20/Mar/2026:07:40:52 +0000] "GET /?p=25621 HTTP/1.1" 200 14990 "-" "Amazon CloudFront"
64.252.68.139 - - [20/Mar/2026:07:40:54 +0000] "GET /?p=6433 HTTP/1.1" 200 21607 "-" "Amazon CloudFront"
64.252.68.139 - - [20/Mar/2026:07:40:58 +0000] "GET /?p=5758 HTTP/1.1" 200 23740 "-" "Amazon CloudFront"
64.252.68.102 - - [20/Mar/2026:07:41:01 +0000] "GET /?p=12973 HTTP/1.1" 200 14537 "-" "Amazon CloudFront"
64.252.68.139 - - [20/Mar/2026:07:41:19 +0000] "GET /?p=13883 HTTP/1.1" 200 14803 "-" "Amazon CloudFront"
15.158.215.109 - - [20/Mar/2026:07:41:30 +0000] "POST /wp-cron.php?doing_wp_cron=1773992490.8710289001464843750000 HTTP/1.1" 200 - "https://69b4844ae61d4e92bf26ad98af552775-devsite.readyship.co/wp-cron.php?doing_wp_cron=1773992490.8710289001464843750000" "WordPress/5.1.19; https://69b4844ae61d4e92bf26ad98af552775-devsite.readyship.co"
64.252.68.102 - - [20/Mar/2026:07:41:30 +0000] "GET /?p=29678 HTTP/1.1" 200 14786 "-" "Amazon CloudFront"
64.252.66.156 - - [20/Mar/2026:07:42:14 +0000] "GET /?p=12853 HTTP/1.1" 200 14205 "-" "Amazon CloudFront"
15.158.215.109 - - [20/Mar/2026:07:42:32 +0000] "POST /wp-cron.php?doing_wp_cron=1773992552.8208940029144287109375 HTTP/1.1" 200 - "https://69b4844ae61d4e92bf26ad98af552775-devsite.readyship.co/wp-cron.php?doing_wp_cron=1773992552.8208940029144287109375" "WordPress/5.1.19; https://69b4844ae61d4e92bf26ad98af552775-devsite.readyship.co"
64.252.68.203 - - [20/Mar/2026:07:42:32 +0000] "GET /?p=88152 HTTP/1.1" 200 22888 "-" "Amazon CloudFront"
64.252.68.203 - - [20/Mar/2026:07:42:51 +0000] "GET /?p=13155 HTTP/1.1" 200 14527 "-" "Amazon CloudFront"
64.252.68.203 - - [20/Mar/2026:07:43:15 +0000] "GET /?p=8317 HTTP/1.1" 200 13960 "-" "Amazon CloudFront"
64.252.68.102 - - [20/Mar/2026:07:43:19 +0000] "GET /?p=96411 HTTP/1.1" 200 17243 "-" "Amazon CloudFront"
15.158.215.109 - - [20/Mar/2026:07:43:24 +0000] "POST /wp-cron.php?doing_wp_cron=1773992604.4704480171203613281250 HTTP/1.1" 200 - "https://69b4844ae61d4e92bf26ad98af552775-devsite.readyship.co/wp-cron.php?doing_wp_cron=1773992604.4704480171203613281250" "WordPress/5.1.19; https://69b4844ae61d4e92bf26ad98af552775-devsite.readyship.co"
64.252.68.102 - - [20/Mar/2026:07:43:24 +0000] "GET /?p=7358 HTTP/1.1" 200 21546 "-" "Amazon CloudFront"
64.252.66.156 - - [20/Mar/2026:07:43:28 +0000] "GET /?p=7478 HTTP/1.1" 200 20975 "-" "Amazon CloudFront"
64.252.68.139 - - [20/Mar/2026:07:43:31 +0000] "GET /?p=96063 HTTP/1.1" 200 23420 "-" "Amazon CloudFront"
64.252.68.203 - - [20/Mar/2026:07:43:54 +0000] "GET /?p=13319 HTTP/1.1" 200 14075 "-" "Amazon CloudFront"
64.252.68.139 - - [20/Mar/2026:07:43:58 +0000] "GET /?p=30537 HTTP/1.1" 200 18416 "-" "Amazon CloudFront"
