64.252.76.215 - - [19/Mar/2026:21:54:24 +0000] "GET /?feed=rss2&p=16937 HTTP/1.1" 200 521 "-" "Amazon CloudFront"
64.252.74.218 - - [19/Mar/2026:21:54:25 +0000] "GET /?feed=rss2&p=16947 HTTP/1.1" 200 540 "-" "Amazon CloudFront"
64.252.74.61 - - [19/Mar/2026:21:54:49 +0000] "GET /?feed=rss2&p=16955 HTTP/1.1" 200 519 "-" "Amazon CloudFront"
64.252.76.215 - - [19/Mar/2026:21:54:49 +0000] "GET /?feed=rss2&p=16939 HTTP/1.1" 200 508 "-" "Amazon CloudFront"
64.252.74.61 - - [19/Mar/2026:21:55:05 +0000] "GET /?feed=rss2&p=16957 HTTP/1.1" 200 493 "-" "Amazon CloudFront"
64.252.74.61 - - [19/Mar/2026:21:55:05 +0000] "GET /?feed=rss2&p=16931 HTTP/1.1" 200 510 "-" "Amazon CloudFront"
15.158.215.109 - - [19/Mar/2026:21:55:41 +0000] "POST /wp-cron.php?doing_wp_cron=1773957341.7398450374603271484375 HTTP/1.1" 200 - "https://69b4844ae61d4e92bf26ad98af552775-devsite.readyship.co/wp-cron.php?doing_wp_cron=1773957341.7398450374603271484375" "WordPress/5.1.19; https://69b4844ae61d4e92bf26ad98af552775-devsite.readyship.co"
64.252.74.61 - - [19/Mar/2026:21:55:41 +0000] "GET /?cat=1&paged=3937 HTTP/1.1" 200 11390 "-" "Amazon CloudFront"
64.252.76.215 - - [19/Mar/2026:21:55:41 +0000] "GET /?cat=1&paged=3938 HTTP/1.1" 200 11284 "-" "Amazon CloudFront"
15.158.215.109 - - [19/Mar/2026:21:56:38 +0000] "POST /wp-cron.php?doing_wp_cron=1773957398.1771829128265380859375 HTTP/1.1" 200 - "https://69b4844ae61d4e92bf26ad98af552775-devsite.readyship.co/wp-cron.php?doing_wp_cron=1773957398.1771829128265380859375" "WordPress/5.1.19; https://69b4844ae61d4e92bf26ad98af552775-devsite.readyship.co"
64.252.74.61 - - [19/Mar/2026:21:56:37 +0000] "GET /?page_id=2807&paged=4274 HTTP/1.1" 200 11123 "-" "Amazon CloudFront"
64.252.74.218 - - [19/Mar/2026:21:56:37 +0000] "GET /?page_id=2807&paged=4275 HTTP/1.1" 200 11215 "-" "Amazon CloudFront"
64.252.74.61 - - [19/Mar/2026:21:56:43 +0000] "GET /?p=16991 HTTP/1.1" 200 14453 "-" "Amazon CloudFront"
64.252.76.215 - - [19/Mar/2026:21:56:44 +0000] "GET /?p=16973 HTTP/1.1" 200 14674 "-" "Amazon CloudFront"
64.252.76.215 - - [19/Mar/2026:21:56:49 +0000] "GET /?feed=rss2&p=16961 HTTP/1.1" 200 505 "-" "Amazon CloudFront"
64.252.76.215 - - [19/Mar/2026:21:57:04 +0000] "GET /?feed=rss2&p=16953 HTTP/1.1" 200 529 "-" "Amazon CloudFront"
64.252.74.218 - - [19/Mar/2026:21:57:05 +0000] "GET /?feed=rss2&p=16935 HTTP/1.1" 200 507 "-" "Amazon CloudFront"
15.158.215.109 - - [19/Mar/2026:21:58:06 +0000] "POST /wp-cron.php?doing_wp_cron=1773957486.1897149085998535156250 HTTP/1.1" 200 - "https://69b4844ae61d4e92bf26ad98af552775-devsite.readyship.co/wp-cron.php?doing_wp_cron=1773957486.1897149085998535156250" "WordPress/5.1.19; https://69b4844ae61d4e92bf26ad98af552775-devsite.readyship.co"
15.158.215.109 - - [19/Mar/2026:21:58:06 +0000] "POST /wp-cron.php?doing_wp_cron=1773957486.1879351139068603515625 HTTP/1.1" 200 - "https://69b4844ae61d4e92bf26ad98af552775-devsite.readyship.co/wp-cron.php?doing_wp_cron=1773957486.1879351139068603515625" "WordPress/5.1.19; https://69b4844ae61d4e92bf26ad98af552775-devsite.readyship.co"
64.252.76.215 - - [19/Mar/2026:21:58:05 +0000] "GET /?feed=rss2&p=16959 HTTP/1.1" 200 518 "-" "Amazon CloudFront"
64.252.74.61 - - [19/Mar/2026:21:58:05 +0000] "GET /?feed=rss2&p=16943 HTTP/1.1" 200 527 "-" "Amazon CloudFront"
15.158.215.109 - - [19/Mar/2026:22:06:38 +0000] "POST /wp-cron.php?doing_wp_cron=1773957998.7832961082458496093750 HTTP/1.1" 200 - "https://69b4844ae61d4e92bf26ad98af552775-devsite.readyship.co/wp-cron.php?doing_wp_cron=1773957998.7832961082458496093750" "WordPress/5.1.19; https://69b4844ae61d4e92bf26ad98af552775-devsite.readyship.co"
18.68.8.18 - - [19/Mar/2026:22:06:31 +0000] "POST /xmlrpc.php HTTP/1.1" 200 403 "-" "Mozilla/5.0 (Windows NT 10.0; Win64; x64) AppleWebKit/537.36 (KHTML, like Gecko) Chrome/114.0.0.0 Safari/537.36"
18.68.8.18 - - [19/Mar/2026:22:06:41 +0000] "POST /xmlrpc.php HTTP/1.1" 200 403 "-" "Mozilla/5.0 (Windows NT 10.0; Win64; x64) AppleWebKit/537.36 (KHTML, like Gecko) Chrome/114.0.0.0 Safari/537.36"
15.158.215.109 - - [19/Mar/2026:22:09:58 +0000] "POST /wp-cron.php?doing_wp_cron=1773958198.6830890178680419921875 HTTP/1.1" 200 - "https://69b4844ae61d4e92bf26ad98af552775-devsite.readyship.co/wp-cron.php?doing_wp_cron=1773958198.6830890178680419921875" "WordPress/5.1.19; https://69b4844ae61d4e92bf26ad98af552775-devsite.readyship.co"
64.252.74.61 - - [19/Mar/2026:22:09:58 +0000] "GET /?feed=rss2&p=16949 HTTP/1.1" 200 531 "-" "Amazon CloudFront"
64.252.76.215 - - [19/Mar/2026:22:10:07 +0000] "GET /?p=80015 HTTP/1.1" 200 22770 "-" "Amazon CloudFront"
64.252.68.203 - - [19/Mar/2026:22:12:11 +0000] "GET /?p=13063 HTTP/1.1" 200 14616 "-" "Amazon CloudFront"
15.158.215.109 - - [19/Mar/2026:22:12:11 +0000] "POST /wp-cron.php?doing_wp_cron=1773958331.4067950248718261718750 HTTP/1.1" 200 - "https://69b4844ae61d4e92bf26ad98af552775-devsite.readyship.co/wp-cron.php?doing_wp_cron=1773958331.4067950248718261718750" "WordPress/5.1.19; https://69b4844ae61d4e92bf26ad98af552775-devsite.readyship.co"
15.158.215.109 - - [19/Mar/2026:22:13:50 +0000] "POST /wp-cron.php?doing_wp_cron=1773958430.8215439319610595703125 HTTP/1.1" 200 - "https://69b4844ae61d4e92bf26ad98af552775-devsite.readyship.co/wp-cron.php?doing_wp_cron=1773958430.8215439319610595703125" "WordPress/5.1.19; https://69b4844ae61d4e92bf26ad98af552775-devsite.readyship.co"
64.252.68.203 - - [19/Mar/2026:22:13:50 +0000] "GET /?p=7829 HTTP/1.1" 200 19605 "-" "Amazon CloudFront"
64.252.76.215 - - [19/Mar/2026:22:14:13 +0000] "GET /?feed=rss2&p=80013 HTTP/1.1" 200 529 "-" "Amazon CloudFront"
15.158.215.109 - - [19/Mar/2026:22:15:16 +0000] "POST /wp-cron.php?doing_wp_cron=1773958516.5253710746765136718750 HTTP/1.1" 200 - "https://69b4844ae61d4e92bf26ad98af552775-devsite.readyship.co/wp-cron.php?doing_wp_cron=1773958516.5253710746765136718750" "WordPress/5.1.19; https://69b4844ae61d4e92bf26ad98af552775-devsite.readyship.co"
64.252.74.61 - - [19/Mar/2026:22:15:16 +0000] "GET /?p=26042 HTTP/1.1" 200 17682 "-" "Amazon CloudFront"
15.158.215.109 - - [19/Mar/2026:22:17:31 +0000] "POST /wp-cron.php?doing_wp_cron=1773958651.0265550613403320312500 HTTP/1.1" 200 - "https://69b4844ae61d4e92bf26ad98af552775-devsite.readyship.co/wp-cron.php?doing_wp_cron=1773958651.0265550613403320312500" "WordPress/5.1.19; https://69b4844ae61d4e92bf26ad98af552775-devsite.readyship.co"
64.252.76.215 - - [19/Mar/2026:22:17:30 +0000] "GET /?feed=rss2&p=26040 HTTP/1.1" 200 488 "-" "Amazon CloudFront"
15.158.215.109 - - [19/Mar/2026:22:19:02 +0000] "POST /wp-cron.php?doing_wp_cron=1773958742.5208749771118164062500 HTTP/1.1" 200 - "https://69b4844ae61d4e92bf26ad98af552775-devsite.readyship.co/wp-cron.php?doing_wp_cron=1773958742.5208749771118164062500" "WordPress/5.1.19; https://69b4844ae61d4e92bf26ad98af552775-devsite.readyship.co"
64.252.68.102 - - [19/Mar/2026:22:19:02 +0000] "GET /?p=25480 HTTP/1.1" 200 16052 "-" "Amazon CloudFront"
15.158.215.109 - - [19/Mar/2026:22:19:56 +0000] "POST /wp-cron.php?doing_wp_cron=1773958796.1059889793395996093750 HTTP/1.1" 200 - "https://69b4844ae61d4e92bf26ad98af552775-devsite.readyship.co/wp-cron.php?doing_wp_cron=1773958796.1059889793395996093750" "WordPress/5.1.19; https://69b4844ae61d4e92bf26ad98af552775-devsite.readyship.co"
64.252.68.139 - - [19/Mar/2026:22:19:55 +0000] "GET /?p=5744 HTTP/1.1" 200 20736 "-" "Amazon CloudFront"
15.158.215.109 - - [19/Mar/2026:22:23:19 +0000] "POST /wp-cron.php?doing_wp_cron=1773958999.3010270595550537109375 HTTP/1.1" 200 - "https://69b4844ae61d4e92bf26ad98af552775-devsite.readyship.co/wp-cron.php?doing_wp_cron=1773958999.3010270595550537109375" "WordPress/5.1.19; https://69b4844ae61d4e92bf26ad98af552775-devsite.readyship.co"
64.252.66.156 - - [19/Mar/2026:22:23:18 +0000] "GET /?p=12673 HTTP/1.1" 200 14936 "-" "Amazon CloudFront"
15.158.215.109 - - [19/Mar/2026:22:27:00 +0000] "POST /wp-cron.php?doing_wp_cron=1773959220.1852838993072509765625 HTTP/1.1" 200 - "https://69b4844ae61d4e92bf26ad98af552775-devsite.readyship.co/wp-cron.php?doing_wp_cron=1773959220.1852838993072509765625" "WordPress/5.1.19; https://69b4844ae61d4e92bf26ad98af552775-devsite.readyship.co"
64.252.74.218 - - [19/Mar/2026:22:26:59 +0000] "GET /?feed=rss2&p=38734 HTTP/1.1" 200 521 "-" "Amazon CloudFront"
15.158.215.109 - - [19/Mar/2026:22:29:23 +0000] "POST /wp-cron.php?doing_wp_cron=1773959363.4147520065307617187500 HTTP/1.1" 200 - "https://69b4844ae61d4e92bf26ad98af552775-devsite.readyship.co/wp-cron.php?doing_wp_cron=1773959363.4147520065307617187500" "WordPress/5.1.19; https://69b4844ae61d4e92bf26ad98af552775-devsite.readyship.co"
64.252.76.215 - - [19/Mar/2026:22:29:23 +0000] "GET /?feed=rss2&p=26789 HTTP/1.1" 200 532 "-" "Amazon CloudFront"
64.252.66.156 - - [19/Mar/2026:22:30:02 +0000] "GET /?p=89626 HTTP/1.1" 200 14805 "-" "Amazon CloudFront"
15.158.215.109 - - [19/Mar/2026:22:32:39 +0000] "POST /wp-cron.php?doing_wp_cron=1773959559.3630421161651611328125 HTTP/1.1" 200 - "https://69b4844ae61d4e92bf26ad98af552775-devsite.readyship.co/wp-cron.php?doing_wp_cron=1773959559.3630421161651611328125" "WordPress/5.1.19; https://69b4844ae61d4e92bf26ad98af552775-devsite.readyship.co"
64.252.68.203 - - [19/Mar/2026:22:32:39 +0000] "GET /?p=43210 HTTP/1.1" 200 22339 "-" "Amazon CloudFront"
15.158.215.109 - - [19/Mar/2026:22:33:38 +0000] "POST /wp-cron.php?doing_wp_cron=1773959618.6018569469451904296875 HTTP/1.1" 200 - "https://69b4844ae61d4e92bf26ad98af552775-devsite.readyship.co/wp-cron.php?doing_wp_cron=1773959618.6018569469451904296875" "WordPress/5.1.19; https://69b4844ae61d4e92bf26ad98af552775-devsite.readyship.co"
64.252.74.61 - - [19/Mar/2026:22:33:38 +0000] "GET /?p=26787 HTTP/1.1" 200 17364 "-" "Amazon CloudFront"
64.252.68.139 - - [19/Mar/2026:22:34:11 +0000] "GET /?healthcheck_timestamp=1773959447096 HTTP/1.1" 200 178918 "-" "Amazon CloudFront"
15.158.215.109 - - [19/Mar/2026:22:34:23 +0000] "POST /wp-cron.php?doing_wp_cron=1773959663.2646639347076416015625 HTTP/1.1" 200 - "https://69b4844ae61d4e92bf26ad98af552775-devsite.readyship.co/wp-cron.php?doing_wp_cron=1773959663.2646639347076416015625" "WordPress/5.1.19; https://69b4844ae61d4e92bf26ad98af552775-devsite.readyship.co"
64.252.76.215 - - [19/Mar/2026:22:34:22 +0000] "GET /?p=38736 HTTP/1.1" 200 17856 "-" "Amazon CloudFront"
15.158.215.109 - - [19/Mar/2026:22:35:22 +0000] "POST /wp-cron.php?doing_wp_cron=1773959722.0301001071929931640625 HTTP/1.1" 200 - "https://69b4844ae61d4e92bf26ad98af552775-devsite.readyship.co/wp-cron.php?doing_wp_cron=1773959722.0301001071929931640625" "WordPress/5.1.19; https://69b4844ae61d4e92bf26ad98af552775-devsite.readyship.co"
64.252.66.156 - - [19/Mar/2026:22:35:21 +0000] "GET /?p=82512 HTTP/1.1" 200 15924 "-" "Amazon CloudFront"
64.252.68.139 - - [19/Mar/2026:22:35:53 +0000] "GET /?p=96065 HTTP/1.1" 200 15134 "-" "Amazon CloudFront"
64.252.68.102 - - [19/Mar/2026:22:36:08 +0000] "GET /?p=96053 HTTP/1.1" 200 15301 "-" "Amazon CloudFront"
15.158.215.109 - - [19/Mar/2026:22:38:50 +0000] "POST /wp-cron.php?doing_wp_cron=1773959930.4174740314483642578125 HTTP/1.1" 200 - "https://69b4844ae61d4e92bf26ad98af552775-devsite.readyship.co/wp-cron.php?doing_wp_cron=1773959930.4174740314483642578125" "WordPress/5.1.19; https://69b4844ae61d4e92bf26ad98af552775-devsite.readyship.co"
64.252.68.139 - - [19/Mar/2026:22:38:50 +0000] "GET /?p=83320 HTTP/1.1" 200 27559 "-" "Amazon CloudFront"
64.252.66.156 - - [19/Mar/2026:22:38:54 +0000] "GET /?p=8414 HTTP/1.1" 200 41188 "-" "Amazon CloudFront"
15.158.215.109 - - [19/Mar/2026:22:41:18 +0000] "POST /wp-cron.php?doing_wp_cron=1773960078.0051450729370117187500 HTTP/1.1" 200 - "https://69b4844ae61d4e92bf26ad98af552775-devsite.readyship.co/wp-cron.php?doing_wp_cron=1773960078.0051450729370117187500" "WordPress/5.1.19; https://69b4844ae61d4e92bf26ad98af552775-devsite.readyship.co"
64.252.66.156 - - [19/Mar/2026:22:41:17 +0000] "GET /?p=81412 HTTP/1.1" 200 16327 "-" "Amazon CloudFront"
15.158.215.109 - - [19/Mar/2026:22:41:58 +0000] "POST /wp-cron.php?doing_wp_cron=1773960118.6382150650024414062500 HTTP/1.1" 200 - "https://69b4844ae61d4e92bf26ad98af552775-devsite.readyship.co/wp-cron.php?doing_wp_cron=1773960118.6382150650024414062500" "WordPress/5.1.19; https://69b4844ae61d4e92bf26ad98af552775-devsite.readyship.co"
64.252.68.139 - - [19/Mar/2026:22:41:58 +0000] "GET /?cat=177 HTTP/1.1" 200 9685 "-" "Amazon CloudFront"
15.158.215.109 - - [19/Mar/2026:22:42:54 +0000] "POST /wp-cron.php?doing_wp_cron=1773960174.8558399677276611328125 HTTP/1.1" 200 - "https://69b4844ae61d4e92bf26ad98af552775-devsite.readyship.co/wp-cron.php?doing_wp_cron=1773960174.8558399677276611328125" "WordPress/5.1.19; https://69b4844ae61d4e92bf26ad98af552775-devsite.readyship.co"
64.252.68.139 - - [19/Mar/2026:22:42:54 +0000] "GET /?p=12487 HTTP/1.1" 200 15159 "-" "Amazon CloudFront"
15.158.215.109 - - [19/Mar/2026:22:42:58 +0000] "POST /wp-cron.php?doing_wp_cron=1773960178.4248900413513183593750 HTTP/1.1" 200 - "https://69b4844ae61d4e92bf26ad98af552775-devsite.readyship.co/wp-cron.php?doing_wp_cron=1773960178.4248900413513183593750" "WordPress/5.1.19; https://69b4844ae61d4e92bf26ad98af552775-devsite.readyship.co"
64.252.66.156 - - [19/Mar/2026:22:42:58 +0000] "GET /?p=96243 HTTP/1.1" 200 21789 "-" "Amazon CloudFront"
15.158.215.109 - - [19/Mar/2026:22:43:39 +0000] "POST /wp-cron.php?doing_wp_cron=1773960219.9289779663085937500000 HTTP/1.1" 200 - "https://69b4844ae61d4e92bf26ad98af552775-devsite.readyship.co/wp-cron.php?doing_wp_cron=1773960219.9289779663085937500000" "WordPress/5.1.19; https://69b4844ae61d4e92bf26ad98af552775-devsite.readyship.co"
64.252.68.139 - - [19/Mar/2026:22:43:39 +0000] "GET /?p=96757 HTTP/1.1" 200 15024 "-" "Amazon CloudFront"
64.252.66.156 - - [19/Mar/2026:22:44:02 +0000] "GET /?p=48640 HTTP/1.1" 200 17967 "-" "Amazon CloudFront"
15.158.215.109 - - [19/Mar/2026:22:44:29 +0000] "POST /wp-cron.php?doing_wp_cron=1773960269.2287609577178955078125 HTTP/1.1" 200 - "https://69b4844ae61d4e92bf26ad98af552775-devsite.readyship.co/wp-cron.php?doing_wp_cron=1773960269.2287609577178955078125" "WordPress/5.1.19; https://69b4844ae61d4e92bf26ad98af552775-devsite.readyship.co"
64.252.68.102 - - [19/Mar/2026:22:44:28 +0000] "GET /?p=36996 HTTP/1.1" 200 16430 "-" "Amazon CloudFront"
64.252.68.139 - - [19/Mar/2026:22:45:04 +0000] "GET /?p=13301 HTTP/1.1" 200 14470 "-" "Amazon CloudFront"
64.252.68.203 - - [19/Mar/2026:22:45:19 +0000] "GET /?p=8489 HTTP/1.1" 200 16002 "-" "Amazon CloudFront"
15.158.215.109 - - [19/Mar/2026:22:45:57 +0000] "POST /wp-cron.php?doing_wp_cron=1773960357.5379679203033447265625 HTTP/1.1" 200 - "https://69b4844ae61d4e92bf26ad98af552775-devsite.readyship.co/wp-cron.php?doing_wp_cron=1773960357.5379679203033447265625" "WordPress/5.1.19; https://69b4844ae61d4e92bf26ad98af552775-devsite.readyship.co"
64.252.68.203 - - [19/Mar/2026:22:45:57 +0000] "GET /?p=87740 HTTP/1.1" 200 18192 "-" "Amazon CloudFront"
15.158.215.109 - - [19/Mar/2026:22:48:26 +0000] "POST /wp-cron.php?doing_wp_cron=1773960506.6340351104736328125000 HTTP/1.1" 200 - "https://69b4844ae61d4e92bf26ad98af552775-devsite.readyship.co/wp-cron.php?doing_wp_cron=1773960506.6340351104736328125000" "WordPress/5.1.19; https://69b4844ae61d4e92bf26ad98af552775-devsite.readyship.co"
64.252.66.156 - - [19/Mar/2026:22:48:26 +0000] "GET /?author=1&paged=22 HTTP/1.1" 200 11328 "-" "Amazon CloudFront"
64.252.68.203 - - [19/Mar/2026:22:48:46 +0000] "GET /?p=68126 HTTP/1.1" 200 14224 "-" "Amazon CloudFront"
64.252.68.203 - - [19/Mar/2026:22:48:56 +0000] "GET /?p=10037 HTTP/1.1" 200 14175 "-" "Amazon CloudFront"
64.252.68.139 - - [19/Mar/2026:22:49:06 +0000] "GET /?p=13625 HTTP/1.1" 200 15205 "-" "Amazon CloudFront"
15.158.215.109 - - [19/Mar/2026:22:50:08 +0000] "POST /wp-cron.php?doing_wp_cron=1773960608.2226190567016601562500 HTTP/1.1" 200 - "https://69b4844ae61d4e92bf26ad98af552775-devsite.readyship.co/wp-cron.php?doing_wp_cron=1773960608.2226190567016601562500" "WordPress/5.1.19; https://69b4844ae61d4e92bf26ad98af552775-devsite.readyship.co"
64.252.66.156 - - [19/Mar/2026:22:50:07 +0000] "GET /?p=10049 HTTP/1.1" 200 13948 "-" "Amazon CloudFront"
64.252.68.203 - - [19/Mar/2026:22:50:16 +0000] "GET /?p=68534 HTTP/1.1" 200 14152 "-" "Amazon CloudFront"
15.158.215.109 - - [19/Mar/2026:22:51:01 +0000] "POST /wp-cron.php?doing_wp_cron=1773960661.2550730705261230468750 HTTP/1.1" 200 - "https://69b4844ae61d4e92bf26ad98af552775-devsite.readyship.co/wp-cron.php?doing_wp_cron=1773960661.2550730705261230468750" "WordPress/5.1.19; https://69b4844ae61d4e92bf26ad98af552775-devsite.readyship.co"
64.252.68.102 - - [19/Mar/2026:22:51:00 +0000] "GET /?page_id=2807&paged=4522 HTTP/1.1" 200 11796 "-" "Amazon CloudFront"
15.158.215.109 - - [19/Mar/2026:22:51:58 +0000] "POST /wp-cron.php?doing_wp_cron=1773960718.8630249500274658203125 HTTP/1.1" 200 - "https://69b4844ae61d4e92bf26ad98af552775-devsite.readyship.co/wp-cron.php?doing_wp_cron=1773960718.8630249500274658203125" "WordPress/5.1.19; https://69b4844ae61d4e92bf26ad98af552775-devsite.readyship.co"
64.252.68.203 - - [19/Mar/2026:22:51:58 +0000] "GET /?p=80029 HTTP/1.1" 200 24213 "-" "Amazon CloudFront"
15.158.215.109 - - [19/Mar/2026:22:52:37 +0000] "POST /wp-cron.php?doing_wp_cron=1773960757.3801419734954833984375 HTTP/1.1" 200 - "https://69b4844ae61d4e92bf26ad98af552775-devsite.readyship.co/wp-cron.php?doing_wp_cron=1773960757.3801419734954833984375" "WordPress/5.1.19; https://69b4844ae61d4e92bf26ad98af552775-devsite.readyship.co"
64.252.86.96 - - [19/Mar/2026:22:52:37 +0000] "GET /?feed=rss2&p=14831 HTTP/1.1" 200 525 "-" "Amazon CloudFront"
64.252.66.156 - - [19/Mar/2026:22:52:37 +0000] "GET /?p=9070 HTTP/1.1" 200 21678 "-" "Amazon CloudFront"
64.252.88.79 - - [19/Mar/2026:22:52:39 +0000] "GET /?feed=rss2&p=14833 HTTP/1.1" 200 502 "-" "Amazon CloudFront"
64.252.88.79 - - [19/Mar/2026:22:53:00 +0000] "GET /?feed=rss2&p=14835 HTTP/1.1" 200 495 "-" "Amazon CloudFront"
64.252.86.96 - - [19/Mar/2026:22:53:02 +0000] "GET /?feed=rss2&p=14837 HTTP/1.1" 200 511 "-" "Amazon CloudFront"
64.252.89.111 - - [19/Mar/2026:22:53:04 +0000] "GET /?feed=rss2&p=14839 HTTP/1.1" 200 563 "-" "Amazon CloudFront"
64.252.89.111 - - [19/Mar/2026:22:53:06 +0000] "GET /?feed=rss2&p=14841 HTTP/1.1" 200 530 "-" "Amazon CloudFront"
64.252.68.139 - - [19/Mar/2026:22:53:07 +0000] "GET /?p=87666 HTTP/1.1" 200 20587 "-" "Amazon CloudFront"
64.252.89.111 - - [19/Mar/2026:22:53:08 +0000] "GET /?feed=rss2&p=14842 HTTP/1.1" 200 504 "-" "Amazon CloudFront"
64.252.86.96 - - [19/Mar/2026:22:53:11 +0000] "GET /?feed=rss2&p=14845 HTTP/1.1" 200 510 "-" "Amazon CloudFront"
64.252.88.79 - - [19/Mar/2026:22:53:13 +0000] "GET /?feed=rss2&p=14847 HTTP/1.1" 200 513 "-" "Amazon CloudFront"
64.252.89.111 - - [19/Mar/2026:22:53:15 +0000] "GET /?feed=rss2&p=14849 HTTP/1.1" 200 500 "-" "Amazon CloudFront"
64.252.86.96 - - [19/Mar/2026:22:53:17 +0000] "GET /?feed=rss2&p=14851 HTTP/1.1" 200 495 "-" "Amazon CloudFront"
64.252.68.139 - - [19/Mar/2026:22:53:18 +0000] "GET /?p=8837 HTTP/1.1" 200 23705 "-" "Amazon CloudFront"
64.252.86.96 - - [19/Mar/2026:22:53:20 +0000] "GET /?feed=rss2&p=14853 HTTP/1.1" 200 494 "-" "Amazon CloudFront"
15.158.215.109 - - [19/Mar/2026:22:53:22 +0000] "POST /wp-cron.php?doing_wp_cron=1773960802.5212628841400146484375 HTTP/1.1" 200 - "https://69b4844ae61d4e92bf26ad98af552775-devsite.readyship.co/wp-cron.php?doing_wp_cron=1773960802.5212628841400146484375" "WordPress/5.1.19; https://69b4844ae61d4e92bf26ad98af552775-devsite.readyship.co"
64.252.89.111 - - [19/Mar/2026:22:53:22 +0000] "GET /?feed=rss2&p=14855 HTTP/1.1" 200 498 "-" "Amazon CloudFront"
64.252.88.79 - - [19/Mar/2026:22:53:24 +0000] "GET /?feed=rss2&p=14857 HTTP/1.1" 200 515 "-" "Amazon CloudFront"
64.252.89.111 - - [19/Mar/2026:22:53:26 +0000] "GET /?feed=rss2&p=14859 HTTP/1.1" 200 503 "-" "Amazon CloudFront"
64.252.89.111 - - [19/Mar/2026:22:53:29 +0000] "GET /?feed=rss2&p=14861 HTTP/1.1" 200 502 "-" "Amazon CloudFront"
64.252.89.111 - - [19/Mar/2026:22:53:31 +0000] "GET /?feed=rss2&p=14863 HTTP/1.1" 200 511 "-" "Amazon CloudFront"
64.252.86.96 - - [19/Mar/2026:22:53:33 +0000] "GET /?feed=rss2&p=14865 HTTP/1.1" 200 507 "-" "Amazon CloudFront"
64.252.86.96 - - [19/Mar/2026:22:53:35 +0000] "GET /?feed=rss2&p=14867 HTTP/1.1" 200 531 "-" "Amazon CloudFront"
64.252.89.111 - - [19/Mar/2026:22:53:37 +0000] "GET /?feed=rss2&p=14869 HTTP/1.1" 200 495 "-" "Amazon CloudFront"
64.252.86.96 - - [19/Mar/2026:22:53:39 +0000] "GET /?feed=rss2&p=24530 HTTP/1.1" 200 533 "-" "Amazon CloudFront"
64.252.86.96 - - [19/Mar/2026:22:53:41 +0000] "GET /?feed=rss2&p=26173 HTTP/1.1" 200 524 "-" "Amazon CloudFront"
64.252.89.111 - - [19/Mar/2026:22:53:43 +0000] "GET /?feed=rss2&p=26805 HTTP/1.1" 200 514 "-" "Amazon CloudFront"
64.252.86.96 - - [19/Mar/2026:22:53:46 +0000] "GET /?feed=rss2&p=31035 HTTP/1.1" 200 523 "-" "Amazon CloudFront"
64.252.89.111 - - [19/Mar/2026:22:53:48 +0000] "GET /?feed=rss2&p=32842 HTTP/1.1" 200 523 "-" "Amazon CloudFront"
64.252.89.111 - - [19/Mar/2026:22:53:54 +0000] "GET /?feed=rss2&p=34128 HTTP/1.1" 200 534 "-" "Amazon CloudFront"
64.252.88.79 - - [19/Mar/2026:22:53:56 +0000] "GET /?feed=rss2&p=44680 HTTP/1.1" 200 513 "-" "Amazon CloudFront"
64.252.88.79 - - [19/Mar/2026:22:53:58 +0000] "GET /?feed=rss2&p=45501 HTTP/1.1" 200 525 "-" "Amazon CloudFront"
64.252.89.111 - - [19/Mar/2026:22:54:00 +0000] "GET /?feed=rss2&p=46202 HTTP/1.1" 200 516 "-" "Amazon CloudFront"
64.252.86.96 - - [19/Mar/2026:22:54:03 +0000] "GET /?feed=rss2&p=49094 HTTP/1.1" 200 523 "-" "Amazon CloudFront"
64.252.86.96 - - [19/Mar/2026:22:54:05 +0000] "GET /?feed=rss2&p=51350 HTTP/1.1" 200 505 "-" "Amazon CloudFront"
64.252.89.111 - - [19/Mar/2026:22:54:11 +0000] "GET /?feed=rss2&p=54129 HTTP/1.1" 200 515 "-" "Amazon CloudFront"
64.252.86.96 - - [19/Mar/2026:22:54:13 +0000] "GET /?feed=rss2&p=70268 HTTP/1.1" 200 501 "-" "Amazon CloudFront"
64.252.86.96 - - [19/Mar/2026:22:54:15 +0000] "GET /?feed=rss2&p=71098 HTTP/1.1" 200 514 "-" "Amazon CloudFront"
64.252.88.79 - - [19/Mar/2026:22:54:17 +0000] "GET /?feed=rss2&p=72283 HTTP/1.1" 200 527 "-" "Amazon CloudFront"
64.252.89.111 - - [19/Mar/2026:22:54:19 +0000] "GET /?feed=rss2&p=73050 HTTP/1.1" 200 505 "-" "Amazon CloudFront"
64.252.86.96 - - [19/Mar/2026:22:54:21 +0000] "GET /?p=14871 HTTP/1.1" 200 14346 "-" "Amazon CloudFront"
15.158.215.109 - - [19/Mar/2026:22:54:24 +0000] "POST /wp-cron.php?doing_wp_cron=1773960864.3905460834503173828125 HTTP/1.1" 200 - "https://69b4844ae61d4e92bf26ad98af552775-devsite.readyship.co/wp-cron.php?doing_wp_cron=1773960864.3905460834503173828125" "WordPress/5.1.19; https://69b4844ae61d4e92bf26ad98af552775-devsite.readyship.co"
64.252.89.111 - - [19/Mar/2026:22:54:24 +0000] "GET /?p=14873 HTTP/1.1" 200 14283 "-" "Amazon CloudFront"
64.252.86.96 - - [19/Mar/2026:22:54:27 +0000] "GET /?p=14875 HTTP/1.1" 200 14504 "-" "Amazon CloudFront"
64.252.86.96 - - [19/Mar/2026:22:54:29 +0000] "GET /?p=14877 HTTP/1.1" 200 14420 "-" "Amazon CloudFront"
64.252.86.96 - - [19/Mar/2026:22:54:32 +0000] "GET /?p=14879 HTTP/1.1" 200 14425 "-" "Amazon CloudFront"
64.252.88.79 - - [19/Mar/2026:22:54:34 +0000] "GET /?p=14881 HTTP/1.1" 200 15936 "-" "Amazon CloudFront"
64.252.86.96 - - [19/Mar/2026:22:54:36 +0000] "GET /?p=14883 HTTP/1.1" 200 14849 "-" "Amazon CloudFront"
64.252.89.111 - - [19/Mar/2026:22:54:39 +0000] "GET /?p=14885 HTTP/1.1" 200 14672 "-" "Amazon CloudFront"
64.252.89.111 - - [19/Mar/2026:22:54:42 +0000] "GET /?p=14887 HTTP/1.1" 200 14710 "-" "Amazon CloudFront"
64.252.88.79 - - [19/Mar/2026:22:54:44 +0000] "GET /?p=14889 HTTP/1.1" 200 14434 "-" "Amazon CloudFront"
64.252.86.96 - - [19/Mar/2026:22:54:46 +0000] "GET /?p=14891 HTTP/1.1" 200 14106 "-" "Amazon CloudFront"
64.252.89.111 - - [19/Mar/2026:22:54:49 +0000] "GET /?p=14893 HTTP/1.1" 200 14547 "-" "Amazon CloudFront"
64.252.89.111 - - [19/Mar/2026:22:54:51 +0000] "GET /?p=14895 HTTP/1.1" 200 14230 "-" "Amazon CloudFront"
64.252.88.79 - - [19/Mar/2026:22:54:54 +0000] "GET /?p=14897 HTTP/1.1" 200 14488 "-" "Amazon CloudFront"
64.252.86.96 - - [19/Mar/2026:22:54:56 +0000] "GET /?p=14899 HTTP/1.1" 200 14151 "-" "Amazon CloudFront"
64.252.89.111 - - [19/Mar/2026:22:54:59 +0000] "GET /?p=14901 HTTP/1.1" 200 14641 "-" "Amazon CloudFront"
64.252.89.111 - - [19/Mar/2026:22:55:01 +0000] "GET /?p=14903 HTTP/1.1" 200 14672 "-" "Amazon CloudFront"
64.252.68.139 - - [19/Mar/2026:22:55:04 +0000] "GET /?p=81032 HTTP/1.1" 200 16473 "-" "Amazon CloudFront"
64.252.88.79 - - [19/Mar/2026:22:55:04 +0000] "GET /?p=14905 HTTP/1.1" 200 14278 "-" "Amazon CloudFront"
64.252.88.79 - - [19/Mar/2026:22:55:06 +0000] "GET /?p=14907 HTTP/1.1" 200 14409 "-" "Amazon CloudFront"
64.252.86.96 - - [19/Mar/2026:22:55:09 +0000] "GET /?p=14909 HTTP/1.1" 200 14468 "-" "Amazon CloudFront"
64.252.68.139 - - [19/Mar/2026:22:55:11 +0000] "GET /?p=83328 HTTP/1.1" 200 17846 "-" "Amazon CloudFront"
64.252.86.96 - - [19/Mar/2026:22:55:11 +0000] "GET /?p=24528 HTTP/1.1" 200 23644 "-" "Amazon CloudFront"
64.252.86.96 - - [19/Mar/2026:22:55:14 +0000] "GET /?p=26175 HTTP/1.1" 200 17596 "-" "Amazon CloudFront"
64.252.88.79 - - [19/Mar/2026:22:55:16 +0000] "GET /?p=26803 HTTP/1.1" 200 17597 "-" "Amazon CloudFront"
64.252.89.111 - - [19/Mar/2026:22:55:19 +0000] "GET /?p=31037 HTTP/1.1" 200 21331 "-" "Amazon CloudFront"
15.158.215.109 - - [19/Mar/2026:22:55:22 +0000] "POST /wp-cron.php?doing_wp_cron=1773960922.5415270328521728515625 HTTP/1.1" 200 - "https://69b4844ae61d4e92bf26ad98af552775-devsite.readyship.co/wp-cron.php?doing_wp_cron=1773960922.5415270328521728515625" "WordPress/5.1.19; https://69b4844ae61d4e92bf26ad98af552775-devsite.readyship.co"
64.252.68.139 - - [19/Mar/2026:22:55:22 +0000] "GET /?p=86331 HTTP/1.1" 200 23989 "-" "Amazon CloudFront"
64.252.89.111 - - [19/Mar/2026:22:55:22 +0000] "GET /?p=32840 HTTP/1.1" 200 21265 "-" "Amazon CloudFront"
64.252.86.96 - - [19/Mar/2026:22:55:25 +0000] "GET /?p=34130 HTTP/1.1" 200 14391 "-" "Amazon CloudFront"
64.252.88.79 - - [19/Mar/2026:22:55:28 +0000] "GET /?p=44682 HTTP/1.1" 200 22923 "-" "Amazon CloudFront"
64.252.89.111 - - [19/Mar/2026:22:55:30 +0000] "GET /?p=45499 HTTP/1.1" 200 17281 "-" "Amazon CloudFront"
64.252.88.79 - - [19/Mar/2026:22:55:33 +0000] "GET /?p=46204 HTTP/1.1" 200 16265 "-" "Amazon CloudFront"
64.252.89.111 - - [19/Mar/2026:22:55:35 +0000] "GET /?p=49096 HTTP/1.1" 200 23366 "-" "Amazon CloudFront"
64.252.86.96 - - [19/Mar/2026:22:55:38 +0000] "GET /?p=51348 HTTP/1.1" 200 15971 "-" "Amazon CloudFront"
64.252.89.111 - - [19/Mar/2026:22:55:40 +0000] "GET /?p=54124 HTTP/1.1" 200 14074 "-" "Amazon CloudFront"
64.252.86.96 - - [19/Mar/2026:22:55:43 +0000] "GET /?p=70042 HTTP/1.1" 200 14919 "-" "Amazon CloudFront"
64.252.86.96 - - [19/Mar/2026:22:55:45 +0000] "GET /?p=70266 HTTP/1.1" 200 14378 "-" "Amazon CloudFront"
64.252.88.79 - - [19/Mar/2026:22:55:48 +0000] "GET /?p=71100 HTTP/1.1" 200 15277 "-" "Amazon CloudFront"
64.252.88.79 - - [19/Mar/2026:22:55:50 +0000] "GET /?p=72281 HTTP/1.1" 200 14341 "-" "Amazon CloudFront"
64.252.86.96 - - [19/Mar/2026:22:55:53 +0000] "GET /?p=73052 HTTP/1.1" 200 16640 "-" "Amazon CloudFront"
64.252.89.111 - - [19/Mar/2026:22:55:55 +0000] "GET /?paged=302&cat=1 HTTP/1.1" 200 11144 "-" "Amazon CloudFront"
64.252.86.96 - - [19/Mar/2026:22:55:58 +0000] "GET /?paged=303&cat=1 HTTP/1.1" 200 11005 "-" "Amazon CloudFront"
64.252.89.111 - - [19/Mar/2026:22:56:01 +0000] "GET /?paged=313&page_id=2807 HTTP/1.1" 200 11390 "-" "Amazon CloudFront"
64.252.89.111 - - [19/Mar/2026:22:56:04 +0000] "GET /?paged=314&page_id=2807 HTTP/1.1" 200 11248 "-" "Amazon CloudFront"
64.252.86.96 - - [19/Mar/2026:22:56:06 +0000] "GET /?paged=4042&cat=1 HTTP/1.1" 200 11314 "-" "Amazon CloudFront"
64.252.88.79 - - [19/Mar/2026:22:56:09 +0000] "GET /?paged=4043&cat=1 HTTP/1.1" 200 11228 "-" "Amazon CloudFront"
64.252.88.79 - - [19/Mar/2026:22:56:12 +0000] "GET /?paged=4197&page_id=2807 HTTP/1.1" 200 11324 "-" "Amazon CloudFront"
64.252.89.111 - - [19/Mar/2026:22:56:14 +0000] "GET /?paged=4198&page_id=2807 HTTP/1.1" 200 11426 "-" "Amazon CloudFront"
15.158.215.109 - - [19/Mar/2026:22:57:04 +0000] "POST /wp-cron.php?doing_wp_cron=1773961024.6567919254302978515625 HTTP/1.1" 200 - "https://69b4844ae61d4e92bf26ad98af552775-devsite.readyship.co/wp-cron.php?doing_wp_cron=1773961024.6567919254302978515625" "WordPress/5.1.19; https://69b4844ae61d4e92bf26ad98af552775-devsite.readyship.co"
64.252.68.102 - - [19/Mar/2026:22:57:04 +0000] "GET /?p=11067 HTTP/1.1" 200 16858 "-" "Amazon CloudFront"
15.158.215.109 - - [19/Mar/2026:22:57:26 +0000] "POST /wp-cron.php?doing_wp_cron=1773961046.6150710582733154296875 HTTP/1.1" 200 - "https://69b4844ae61d4e92bf26ad98af552775-devsite.readyship.co/wp-cron.php?doing_wp_cron=1773961046.6150710582733154296875" "WordPress/5.1.19; https://69b4844ae61d4e92bf26ad98af552775-devsite.readyship.co"
64.252.68.139 - - [19/Mar/2026:22:57:26 +0000] "GET /?p=42694 HTTP/1.1" 200 23274 "-" "Amazon CloudFront"
15.158.215.109 - - [19/Mar/2026:22:59:15 +0000] "POST /wp-cron.php?doing_wp_cron=1773961155.6673979759216308593750 HTTP/1.1" 200 - "https://69b4844ae61d4e92bf26ad98af552775-devsite.readyship.co/wp-cron.php?doing_wp_cron=1773961155.6673979759216308593750" "WordPress/5.1.19; https://69b4844ae61d4e92bf26ad98af552775-devsite.readyship.co"
64.252.68.203 - - [19/Mar/2026:22:59:15 +0000] "GET /?p=86299 HTTP/1.1" 200 17343 "-" "Amazon CloudFront"
15.158.215.109 - - [19/Mar/2026:22:59:52 +0000] "POST /wp-cron.php?doing_wp_cron=1773961192.2866649627685546875000 HTTP/1.1" 200 - "https://69b4844ae61d4e92bf26ad98af552775-devsite.readyship.co/wp-cron.php?doing_wp_cron=1773961192.2866649627685546875000" "WordPress/5.1.19; https://69b4844ae61d4e92bf26ad98af552775-devsite.readyship.co"
64.252.68.102 - - [19/Mar/2026:22:59:51 +0000] "GET /?p=10491 HTTP/1.1" 200 14638 "-" "Amazon CloudFront"
15.158.215.109 - - [19/Mar/2026:23:00:42 +0000] "POST /wp-cron.php?doing_wp_cron=1773961242.5790328979492187500000 HTTP/1.1" 200 - "https://69b4844ae61d4e92bf26ad98af552775-devsite.readyship.co/wp-cron.php?doing_wp_cron=1773961242.5790328979492187500000" "WordPress/5.1.19; https://69b4844ae61d4e92bf26ad98af552775-devsite.readyship.co"
18.68.8.18 - - [19/Mar/2026:23:00:42 +0000] "POST /xmlrpc.php HTTP/1.1" 200 403 "-" "Mozilla/5.0 (Windows NT 10.0; Win64; x64) AppleWebKit/537.36 (KHTML, like Gecko) Chrome/114.0.0.0 Safari/537.36"
18.68.8.18 - - [19/Mar/2026:23:00:46 +0000] "POST /xmlrpc.php HTTP/1.1" 200 403 "-" "Mozilla/5.0 (Windows NT 10.0; Win64; x64) AppleWebKit/537.36 (KHTML, like Gecko) Chrome/114.0.0.0 Safari/537.36"
15.158.215.109 - - [19/Mar/2026:23:02:03 +0000] "POST /wp-cron.php?doing_wp_cron=1773961323.7070600986480712890625 HTTP/1.1" 200 - "https://69b4844ae61d4e92bf26ad98af552775-devsite.readyship.co/wp-cron.php?doing_wp_cron=1773961323.7070600986480712890625" "WordPress/5.1.19; https://69b4844ae61d4e92bf26ad98af552775-devsite.readyship.co"
64.252.68.102 - - [19/Mar/2026:23:02:03 +0000] "GET /?author=1&paged=12 HTTP/1.1" 200 11354 "-" "Amazon CloudFront"
64.252.66.156 - - [19/Mar/2026:23:02:17 +0000] "GET /?p=83108 HTTP/1.1" 200 26087 "-" "Amazon CloudFront"
15.158.215.109 - - [19/Mar/2026:23:03:22 +0000] "POST /wp-cron.php?doing_wp_cron=1773961402.3326990604400634765625 HTTP/1.1" 200 - "https://69b4844ae61d4e92bf26ad98af552775-devsite.readyship.co/wp-cron.php?doing_wp_cron=1773961402.3326990604400634765625" "WordPress/5.1.19; https://69b4844ae61d4e92bf26ad98af552775-devsite.readyship.co"
64.252.68.203 - - [19/Mar/2026:23:03:22 +0000] "GET /?page_id=2807&paged=4265 HTTP/1.1" 200 11115 "-" "Amazon CloudFront"
64.252.66.156 - - [19/Mar/2026:23:04:02 +0000] "GET /?p=83372 HTTP/1.1" 200 25337 "-" "Amazon CloudFront"
15.158.215.109 - - [19/Mar/2026:23:04:27 +0000] "POST /wp-cron.php?doing_wp_cron=1773961467.4080369472503662109375 HTTP/1.1" 200 - "https://69b4844ae61d4e92bf26ad98af552775-devsite.readyship.co/wp-cron.php?doing_wp_cron=1773961467.4080369472503662109375" "WordPress/5.1.19; https://69b4844ae61d4e92bf26ad98af552775-devsite.readyship.co"
18.68.19.181 - - [19/Mar/2026:23:04:27 +0000] "POST /xmlrpc.php HTTP/1.1" 200 403 "-" "Mozilla/5.0 (Windows NT 10.0; Win64; x64) AppleWebKit/537.36 (KHTML, like Gecko) Chrome/114.0.0.0 Safari/537.36"
18.68.19.181 - - [19/Mar/2026:23:04:30 +0000] "POST /xmlrpc.php HTTP/1.1" 200 403 "-" "Mozilla/5.0 (Windows NT 10.0; Win64; x64) AppleWebKit/537.36 (KHTML, like Gecko) Chrome/114.0.0.0 Safari/537.36"
64.252.66.156 - - [19/Mar/2026:23:04:31 +0000] "GET /?p=43640 HTTP/1.1" 200 21566 "-" "Amazon CloudFront"
64.252.68.139 - - [19/Mar/2026:23:05:15 +0000] "GET /?p=28680 HTTP/1.1" 200 14648 "-" "Amazon CloudFront"
15.158.215.109 - - [19/Mar/2026:23:05:55 +0000] "POST /wp-cron.php?doing_wp_cron=1773961555.7135879993438720703125 HTTP/1.1" 200 - "https://69b4844ae61d4e92bf26ad98af552775-devsite.readyship.co/wp-cron.php?doing_wp_cron=1773961555.7135879993438720703125" "WordPress/5.1.19; https://69b4844ae61d4e92bf26ad98af552775-devsite.readyship.co"
64.252.66.156 - - [19/Mar/2026:23:05:55 +0000] "GET /?p=5746 HTTP/1.1" 200 18666 "-" "Amazon CloudFront"
15.158.215.109 - - [19/Mar/2026:23:07:06 +0000] "POST /wp-cron.php?doing_wp_cron=1773961626.7595140933990478515625 HTTP/1.1" 200 - "https://69b4844ae61d4e92bf26ad98af552775-devsite.readyship.co/wp-cron.php?doing_wp_cron=1773961626.7595140933990478515625" "WordPress/5.1.19; https://69b4844ae61d4e92bf26ad98af552775-devsite.readyship.co"
64.252.66.156 - - [19/Mar/2026:23:07:06 +0000] "GET /?p=96045 HTTP/1.1" 200 17884 "-" "Amazon CloudFront"
15.158.215.109 - - [19/Mar/2026:23:07:24 +0000] "POST /wp-cron.php?doing_wp_cron=1773961643.9864380359649658203125 HTTP/1.1" 200 - "https://69b4844ae61d4e92bf26ad98af552775-devsite.readyship.co/wp-cron.php?doing_wp_cron=1773961643.9864380359649658203125" "WordPress/5.1.19; https://69b4844ae61d4e92bf26ad98af552775-devsite.readyship.co"
64.252.68.203 - - [19/Mar/2026:23:07:23 +0000] "GET /?p=33230 HTTP/1.1" 200 18037 "-" "Amazon CloudFront"
15.158.215.109 - - [19/Mar/2026:23:09:24 +0000] "POST /wp-cron.php?doing_wp_cron=1773961764.8007891178131103515625 HTTP/1.1" 200 - "https://69b4844ae61d4e92bf26ad98af552775-devsite.readyship.co/wp-cron.php?doing_wp_cron=1773961764.8007891178131103515625" "WordPress/5.1.19; https://69b4844ae61d4e92bf26ad98af552775-devsite.readyship.co"
64.252.68.102 - - [19/Mar/2026:23:09:24 +0000] "GET /?p=37744 HTTP/1.1" 200 17623 "-" "Amazon CloudFront"
64.252.66.156 - - [19/Mar/2026:23:09:28 +0000] "GET /?p=5851 HTTP/1.1" 200 21459 "-" "Amazon CloudFront"
64.252.68.203 - - [19/Mar/2026:23:09:49 +0000] "GET /?p=11156 HTTP/1.1" 200 16146 "-" "Amazon CloudFront"
15.158.215.109 - - [19/Mar/2026:23:10:22 +0000] "POST /wp-cron.php?doing_wp_cron=1773961822.4266929626464843750000 HTTP/1.1" 200 - "https://69b4844ae61d4e92bf26ad98af552775-devsite.readyship.co/wp-cron.php?doing_wp_cron=1773961822.4266929626464843750000" "WordPress/5.1.19; https://69b4844ae61d4e92bf26ad98af552775-devsite.readyship.co"
64.252.68.102 - - [19/Mar/2026:23:10:22 +0000] "GET /?p=13323 HTTP/1.1" 200 14284 "-" "Amazon CloudFront"
64.252.68.203 - - [19/Mar/2026:23:10:31 +0000] "GET /?p=10469 HTTP/1.1" 200 14302 "-" "Amazon CloudFront"
15.158.215.109 - - [19/Mar/2026:23:12:14 +0000] "POST /wp-cron.php?doing_wp_cron=1773961934.1171140670776367187500 HTTP/1.1" 200 - "https://69b4844ae61d4e92bf26ad98af552775-devsite.readyship.co/wp-cron.php?doing_wp_cron=1773961934.1171140670776367187500" "WordPress/5.1.19; https://69b4844ae61d4e92bf26ad98af552775-devsite.readyship.co"
64.252.66.156 - - [19/Mar/2026:23:12:13 +0000] "GET /?cat=1&paged=33 HTTP/1.1" 200 11279 "-" "Amazon CloudFront"
64.252.68.139 - - [19/Mar/2026:23:12:16 +0000] "GET /?p=10211 HTTP/1.1" 200 14628 "-" "Amazon CloudFront"
15.158.215.109 - - [19/Mar/2026:23:12:36 +0000] "POST /wp-cron.php?doing_wp_cron=1773961956.9271049499511718750000 HTTP/1.1" 200 - "https://69b4844ae61d4e92bf26ad98af552775-devsite.readyship.co/wp-cron.php?doing_wp_cron=1773961956.9271049499511718750000" "WordPress/5.1.19; https://69b4844ae61d4e92bf26ad98af552775-devsite.readyship.co"
64.252.66.156 - - [19/Mar/2026:23:12:36 +0000] "GET /?p=10337 HTTP/1.1" 200 14588 "-" "Amazon CloudFront"
64.252.68.203 - - [19/Mar/2026:23:12:52 +0000] "GET /?p=7016 HTTP/1.1" 200 25276 "-" "Amazon CloudFront"
64.252.68.203 - - [19/Mar/2026:23:12:57 +0000] "GET /?p=9184 HTTP/1.1" 200 16939 "-" "Amazon CloudFront"
64.252.68.203 - - [19/Mar/2026:23:12:59 +0000] "GET /?p=81964 HTTP/1.1" 200 32899 "-" "Amazon CloudFront"
15.158.215.109 - - [19/Mar/2026:23:13:31 +0000] "POST /wp-cron.php?doing_wp_cron=1773962011.4385240077972412109375 HTTP/1.1" 200 - "https://69b4844ae61d4e92bf26ad98af552775-devsite.readyship.co/wp-cron.php?doing_wp_cron=1773962011.4385240077972412109375" "WordPress/5.1.19; https://69b4844ae61d4e92bf26ad98af552775-devsite.readyship.co"
64.252.66.156 - - [19/Mar/2026:23:13:31 +0000] "GET /?p=9907 HTTP/1.1" 200 14436 "-" "Amazon CloudFront"
15.158.1.198 - - [19/Mar/2026:23:13:55 +0000] "POST /?page_id=2806 HTTP/1.1" 200 8928 "-" "Amazon CloudFront"
15.158.1.198 - - [19/Mar/2026:23:13:56 +0000] "GET /xmlrpc.php HTTP/1.1" 405 60 "https://69b4844ae61d4e92bf26ad98af552775-devsite.readyship.co/" "Mozilla/5.0 (Windows NT 6.3; Win64; x64) AppleWebKit/537.36 (KHTML, like Gecko) Chrome/103.0.0.0 Safari/537.36"
15.158.1.198 - - [19/Mar/2026:23:13:58 +0000] "POST /xmlrpc.php HTTP/1.1" 200 206 "https://69b4844ae61d4e92bf26ad98af552775-devsite.readyship.co/xmlrpc.php" "Mozilla/5.0 (Windows NT 6.3; Win64; x64) AppleWebKit/537.36 (KHTML, like Gecko) Chrome/103.0.0.0 Safari/537.36"
15.158.1.198 - - [19/Mar/2026:23:13:59 +0000] "POST /xmlrpc.php HTTP/1.1" 200 206 "https://69b4844ae61d4e92bf26ad98af552775-devsite.readyship.co/xmlrpc.php" "Mozilla/5.0 (Windows NT 6.3; Win64; x64) AppleWebKit/537.36 (KHTML, like Gecko) Chrome/103.0.0.0 Safari/537.36"
64.252.89.111 - - [19/Mar/2026:23:14:00 +0000] "GET / HTTP/1.1" 200 24292 "-" "Amazon CloudFront"
15.158.215.109 - - [19/Mar/2026:23:14:45 +0000] "POST /wp-cron.php?doing_wp_cron=1773962085.6097519397735595703125 HTTP/1.1" 200 - "https://69b4844ae61d4e92bf26ad98af552775-devsite.readyship.co/wp-cron.php?doing_wp_cron=1773962085.6097519397735595703125" "WordPress/5.1.19; https://69b4844ae61d4e92bf26ad98af552775-devsite.readyship.co"
15.158.1.198 - - [19/Mar/2026:23:14:44 +0000] "GET /wp-admin/post-new.php HTTP/1.1" 302 - "https://69b4844ae61d4e92bf26ad98af552775-devsite.readyship.co/" "Mozilla/5.0 (Windows NT 6.3; Win64; x64) AppleWebKit/537.36 (KHTML, like Gecko) Chrome/103.0.0.0 Safari/537.36"
15.158.1.198 - - [19/Mar/2026:23:14:47 +0000] "GET /wp-login.php?redirect_to=https%3A%2F%2F69b4844ae61d4e92bf26ad98af552775-devsite.readyship.co%2Fwp-admin%2Fpost-new.php&reauth=1 HTTP/1.1" 200 1190 "https://69b4844ae61d4e92bf26ad98af552775-devsite.readyship.co/wp-admin/post-new.php" "Mozilla/5.0 (Windows NT 6.3; Win64; x64) AppleWebKit/537.36 (KHTML, like Gecko) Chrome/103.0.0.0 Safari/537.36"
64.252.68.139 - - [19/Mar/2026:23:15:08 +0000] "GET /?p=10215 HTTP/1.1" 200 14614 "-" "Amazon CloudFront"
15.158.215.109 - - [19/Mar/2026:23:15:26 +0000] "POST /wp-cron.php?doing_wp_cron=1773962126.8888809680938720703125 HTTP/1.1" 200 - "https://69b4844ae61d4e92bf26ad98af552775-devsite.readyship.co/wp-cron.php?doing_wp_cron=1773962126.8888809680938720703125" "WordPress/5.1.19; https://69b4844ae61d4e92bf26ad98af552775-devsite.readyship.co"
64.252.68.203 - - [19/Mar/2026:23:15:26 +0000] "GET /?p=43326 HTTP/1.1" 200 25582 "-" "Amazon CloudFront"
64.252.68.139 - - [19/Mar/2026:23:15:35 +0000] "GET /?p=12873 HTTP/1.1" 200 14945 "-" "Amazon CloudFront"
64.252.68.102 - - [19/Mar/2026:23:15:55 +0000] "GET /?p=83094 HTTP/1.1" 200 26320 "-" "Amazon CloudFront"
15.158.215.109 - - [19/Mar/2026:23:16:23 +0000] "POST /wp-cron.php?doing_wp_cron=1773962183.6288321018218994140625 HTTP/1.1" 200 - "https://69b4844ae61d4e92bf26ad98af552775-devsite.readyship.co/wp-cron.php?doing_wp_cron=1773962183.6288321018218994140625" "WordPress/5.1.19; https://69b4844ae61d4e92bf26ad98af552775-devsite.readyship.co"
64.252.66.156 - - [19/Mar/2026:23:16:23 +0000] "GET /?tag=dragon-money HTTP/1.1" 200 10009 "-" "Amazon CloudFront"
64.252.68.203 - - [19/Mar/2026:23:16:35 +0000] "GET /?p=51964 HTTP/1.1" 200 22173 "-" "Amazon CloudFront"
64.252.68.139 - - [19/Mar/2026:23:17:02 +0000] "GET /?p=96029 HTTP/1.1" 200 16378 "-" "Amazon CloudFront"
64.252.68.139 - - [19/Mar/2026:23:17:04 +0000] "GET /?p=27694 HTTP/1.1" 200 14141 "-" "Amazon CloudFront"
15.158.215.109 - - [19/Mar/2026:23:17:37 +0000] "POST /wp-cron.php?doing_wp_cron=1773962257.1563301086425781250000 HTTP/1.1" 200 - "https://69b4844ae61d4e92bf26ad98af552775-devsite.readyship.co/wp-cron.php?doing_wp_cron=1773962257.1563301086425781250000" "WordPress/5.1.19; https://69b4844ae61d4e92bf26ad98af552775-devsite.readyship.co"
64.252.68.139 - - [19/Mar/2026:23:17:36 +0000] "GET /?p=45868 HTTP/1.1" 200 16160 "-" "Amazon CloudFront"
15.158.215.109 - - [19/Mar/2026:23:19:00 +0000] "POST /wp-cron.php?doing_wp_cron=1773962340.9390521049499511718750 HTTP/1.1" 200 - "https://69b4844ae61d4e92bf26ad98af552775-devsite.readyship.co/wp-cron.php?doing_wp_cron=1773962340.9390521049499511718750" "WordPress/5.1.19; https://69b4844ae61d4e92bf26ad98af552775-devsite.readyship.co"
64.252.68.102 - - [19/Mar/2026:23:19:00 +0000] "GET /?p=7721 HTTP/1.1" 200 35090 "-" "Amazon CloudFront"
15.158.215.109 - - [19/Mar/2026:23:19:23 +0000] "POST /wp-cron.php?doing_wp_cron=1773962363.5866279602050781250000 HTTP/1.1" 200 - "https://69b4844ae61d4e92bf26ad98af552775-devsite.readyship.co/wp-cron.php?doing_wp_cron=1773962363.5866279602050781250000" "WordPress/5.1.19; https://69b4844ae61d4e92bf26ad98af552775-devsite.readyship.co"
64.252.68.203 - - [19/Mar/2026:23:19:23 +0000] "GET /?p=27664 HTTP/1.1" 200 14564 "-" "Amazon CloudFront"
64.252.66.156 - - [19/Mar/2026:23:19:50 +0000] "GET /?p=6104 HTTP/1.1" 200 21195 "-" "Amazon CloudFront"
130.176.184.108 - - [19/Mar/2026:23:19:51 +0000] "POST /xmlrpc.php HTTP/1.1" 200 206 "https://69b4844ae61d4e92bf26ad98af552775-devsite.readyship.co/?p=23378" "PHP/7.2.99"
15.158.215.109 - - [19/Mar/2026:23:20:39 +0000] "POST /wp-cron.php?doing_wp_cron=1773962439.5349550247192382812500 HTTP/1.1" 200 - "https://69b4844ae61d4e92bf26ad98af552775-devsite.readyship.co/wp-cron.php?doing_wp_cron=1773962439.5349550247192382812500" "WordPress/5.1.19; https://69b4844ae61d4e92bf26ad98af552775-devsite.readyship.co"
64.252.68.102 - - [19/Mar/2026:23:20:39 +0000] "GET /?p=7950 HTTP/1.1" 200 27071 "-" "Amazon CloudFront"
64.252.68.139 - - [19/Mar/2026:23:21:14 +0000] "GET /?p=82556 HTTP/1.1" 200 16458 "-" "Amazon CloudFront"
15.158.215.109 - - [19/Mar/2026:23:21:41 +0000] "POST /wp-cron.php?doing_wp_cron=1773962501.6515839099884033203125 HTTP/1.1" 200 - "https://69b4844ae61d4e92bf26ad98af552775-devsite.readyship.co/wp-cron.php?doing_wp_cron=1773962501.6515839099884033203125" "WordPress/5.1.19; https://69b4844ae61d4e92bf26ad98af552775-devsite.readyship.co"
64.252.68.203 - - [19/Mar/2026:23:21:41 +0000] "GET /?p=12695 HTTP/1.1" 200 14790 "-" "Amazon CloudFront"
15.158.215.109 - - [19/Mar/2026:23:22:28 +0000] "POST /wp-cron.php?doing_wp_cron=1773962548.9691441059112548828125 HTTP/1.1" 200 - "https://69b4844ae61d4e92bf26ad98af552775-devsite.readyship.co/wp-cron.php?doing_wp_cron=1773962548.9691441059112548828125" "WordPress/5.1.19; https://69b4844ae61d4e92bf26ad98af552775-devsite.readyship.co"
64.252.74.218 - - [19/Mar/2026:23:22:28 +0000] "GET /?p=90941 HTTP/1.1" 200 23433 "-" "Amazon CloudFront"
64.252.76.215 - - [19/Mar/2026:23:22:28 +0000] "GET /?p=90933 HTTP/1.1" 200 22352 "-" "Amazon CloudFront"
64.252.74.218 - - [19/Mar/2026:23:22:29 +0000] "GET /?p=90945 HTTP/1.1" 200 24522 "-" "Amazon CloudFront"
15.158.215.109 - - [19/Mar/2026:23:23:35 +0000] "POST /wp-cron.php?doing_wp_cron=1773962614.9681479930877685546875 HTTP/1.1" 200 - "https://69b4844ae61d4e92bf26ad98af552775-devsite.readyship.co/wp-cron.php?doing_wp_cron=1773962614.9681479930877685546875" "WordPress/5.1.19; https://69b4844ae61d4e92bf26ad98af552775-devsite.readyship.co"
64.252.68.139 - - [19/Mar/2026:23:23:34 +0000] "GET /?p=82568 HTTP/1.1" 200 17152 "-" "Amazon CloudFront"
64.252.76.215 - - [19/Mar/2026:23:23:49 +0000] "GET /?p=90937 HTTP/1.1" 200 16554 "-" "Amazon CloudFront"
64.252.76.215 - - [19/Mar/2026:23:23:50 +0000] "GET /?p=90947 HTTP/1.1" 200 13459 "-" "Amazon CloudFront"
64.252.76.215 - - [19/Mar/2026:23:24:06 +0000] "GET /?p=90915 HTTP/1.1" 200 18172 "-" "Amazon CloudFront"
64.252.76.215 - - [19/Mar/2026:23:24:06 +0000] "GET /?p=90931 HTTP/1.1" 200 18179 "-" "Amazon CloudFront"
64.252.74.61 - - [19/Mar/2026:23:24:07 +0000] "GET /?p=90927 HTTP/1.1" 200 16954 "-" "Amazon CloudFront"
15.158.215.109 - - [19/Mar/2026:23:24:22 +0000] "POST /wp-cron.php?doing_wp_cron=1773962662.8441169261932373046875 HTTP/1.1" 200 - "https://69b4844ae61d4e92bf26ad98af552775-devsite.readyship.co/wp-cron.php?doing_wp_cron=1773962662.8441169261932373046875" "WordPress/5.1.19; https://69b4844ae61d4e92bf26ad98af552775-devsite.readyship.co"
64.252.68.139 - - [19/Mar/2026:23:24:22 +0000] "GET /?p=39565 HTTP/1.1" 200 17140 "-" "Amazon CloudFront"
64.252.74.218 - - [19/Mar/2026:23:24:30 +0000] "GET /?p=90939 HTTP/1.1" 200 18123 "-" "Amazon CloudFront"
64.252.76.215 - - [19/Mar/2026:23:24:30 +0000] "GET /?p=90919 HTTP/1.1" 200 23954 "-" "Amazon CloudFront"
64.252.74.61 - - [19/Mar/2026:23:24:31 +0000] "GET /?p=90943 HTTP/1.1" 200 17042 "-" "Amazon CloudFront"
64.252.68.102 - - [19/Mar/2026:23:24:37 +0000] "GET /?p=68674 HTTP/1.1" 200 14299 "-" "Amazon CloudFront"
64.252.68.203 - - [19/Mar/2026:23:24:51 +0000] "GET /?cat=1&paged=4145 HTTP/1.1" 200 11251 "-" "Amazon CloudFront"
64.252.76.215 - - [19/Mar/2026:23:25:02 +0000] "GET /?feed=rss2&p=90995 HTTP/1.1" 200 538 "-" "Amazon CloudFront"
64.252.74.218 - - [19/Mar/2026:23:25:02 +0000] "GET /?feed=rss2&p=90993 HTTP/1.1" 200 469 "-" "Amazon CloudFront"
64.252.74.61 - - [19/Mar/2026:23:25:02 +0000] "GET /?p=90955 HTTP/1.1" 200 17932 "-" "Amazon CloudFront"
15.158.215.109 - - [19/Mar/2026:23:25:25 +0000] "POST /wp-cron.php?doing_wp_cron=1773962725.2110290527343750000000 HTTP/1.1" 200 - "https://69b4844ae61d4e92bf26ad98af552775-devsite.readyship.co/wp-cron.php?doing_wp_cron=1773962725.2110290527343750000000" "WordPress/5.1.19; https://69b4844ae61d4e92bf26ad98af552775-devsite.readyship.co"
64.252.66.156 - - [19/Mar/2026:23:25:24 +0000] "GET /?p=5871 HTTP/1.1" 200 24855 "-" "Amazon CloudFront"
64.252.76.215 - - [19/Mar/2026:23:25:34 +0000] "GET /?feed=rss2&p=90983 HTTP/1.1" 200 515 "-" "Amazon CloudFront"
64.252.76.215 - - [19/Mar/2026:23:25:34 +0000] "GET /?p=90921 HTTP/1.1" 200 21244 "-" "Amazon CloudFront"
64.252.66.156 - - [19/Mar/2026:23:25:47 +0000] "GET /?p=6554 HTTP/1.1" 200 16366 "-" "Amazon CloudFront"
64.252.68.102 - - [19/Mar/2026:23:26:05 +0000] "GET /?p=56274 HTTP/1.1" 200 14507 "-" "Amazon CloudFront"
64.252.74.61 - - [19/Mar/2026:23:26:08 +0000] "GET /?feed=rss2&p=90973 HTTP/1.1" 200 479 "-" "Amazon CloudFront"
64.252.76.215 - - [19/Mar/2026:23:26:08 +0000] "GET /?feed=rss2&p=90989 HTTP/1.1" 200 526 "-" "Amazon CloudFront"
64.252.74.218 - - [19/Mar/2026:23:26:09 +0000] "GET /?feed=rss2&p=90971 HTTP/1.1" 200 503 "-" "Amazon CloudFront"
64.252.74.218 - - [19/Mar/2026:23:26:15 +0000] "GET /?feed=rss2&p=90963 HTTP/1.1" 200 505 "-" "Amazon CloudFront"
64.252.74.61 - - [19/Mar/2026:23:26:14 +0000] "GET /?feed=rss2&p=90965 HTTP/1.1" 200 523 "-" "Amazon CloudFront"
64.252.76.215 - - [19/Mar/2026:23:26:15 +0000] "GET /?feed=rss2&p=90985 HTTP/1.1" 200 549 "-" "Amazon CloudFront"
64.252.74.218 - - [19/Mar/2026:23:26:51 +0000] "GET /?feed=rss2&p=90987 HTTP/1.1" 200 504 "-" "Amazon CloudFront"
15.158.215.109 - - [19/Mar/2026:23:26:51 +0000] "POST /wp-cron.php?doing_wp_cron=1773962811.4262580871582031250000 HTTP/1.1" 200 - "https://69b4844ae61d4e92bf26ad98af552775-devsite.readyship.co/wp-cron.php?doing_wp_cron=1773962811.4262580871582031250000" "WordPress/5.1.19; https://69b4844ae61d4e92bf26ad98af552775-devsite.readyship.co"
64.252.74.218 - - [19/Mar/2026:23:26:51 +0000] "GET /?feed=rss2&p=90979 HTTP/1.1" 200 549 "-" "Amazon CloudFront"
15.158.215.109 - - [19/Mar/2026:23:27:22 +0000] "POST /wp-cron.php?doing_wp_cron=1773962842.1838750839233398437500 HTTP/1.1" 200 - "https://69b4844ae61d4e92bf26ad98af552775-devsite.readyship.co/wp-cron.php?doing_wp_cron=1773962842.1838750839233398437500" "WordPress/5.1.19; https://69b4844ae61d4e92bf26ad98af552775-devsite.readyship.co"
64.252.66.156 - - [19/Mar/2026:23:27:21 +0000] "GET /?p=92230 HTTP/1.1" 200 22360 "-" "Amazon CloudFront"
64.252.76.215 - - [19/Mar/2026:23:27:26 +0000] "GET /?feed=rss2&p=90977 HTTP/1.1" 200 510 "-" "Amazon CloudFront"
64.252.74.61 - - [19/Mar/2026:23:27:27 +0000] "GET /?feed=rss2&p=90991 HTTP/1.1" 200 529 "-" "Amazon CloudFront"
64.252.68.102 - - [19/Mar/2026:23:27:27 +0000] "GET /?p=28112 HTTP/1.1" 200 22481 "-" "Amazon CloudFront"
64.252.76.215 - - [19/Mar/2026:23:27:42 +0000] "GET /?feed=rss2&p=90981 HTTP/1.1" 200 502 "-" "Amazon CloudFront"
64.252.76.215 - - [19/Mar/2026:23:27:43 +0000] "GET /?feed=rss2&p=90957 HTTP/1.1" 200 521 "-" "Amazon CloudFront"
3.172.10.105 - - [19/Mar/2026:23:27:43 +0000] "POST /?page_id=2806 HTTP/1.1" 200 8923 "-" "Amazon CloudFront"
3.172.10.105 - - [19/Mar/2026:23:27:44 +0000] "GET /xmlrpc.php HTTP/1.1" 405 60 "https://69b4844ae61d4e92bf26ad98af552775-devsite.readyship.co/" "Mozilla/5.0 (Windows NT 6.3; Win64; x64) AppleWebKit/537.36 (KHTML, like Gecko) Chrome/103.0.0.0 Safari/537.36"
3.172.10.105 - - [19/Mar/2026:23:27:45 +0000] "POST /xmlrpc.php HTTP/1.1" 200 206 "https://69b4844ae61d4e92bf26ad98af552775-devsite.readyship.co/xmlrpc.php" "Mozilla/5.0 (Windows NT 6.3; Win64; x64) AppleWebKit/537.36 (KHTML, like Gecko) Chrome/103.0.0.0 Safari/537.36"
3.172.10.105 - - [19/Mar/2026:23:27:46 +0000] "POST /xmlrpc.php HTTP/1.1" 200 206 "https://69b4844ae61d4e92bf26ad98af552775-devsite.readyship.co/xmlrpc.php" "Mozilla/5.0 (Windows NT 6.3; Win64; x64) AppleWebKit/537.36 (KHTML, like Gecko) Chrome/103.0.0.0 Safari/537.36"
