15.158.215.109 - - [20/Mar/2026:12:35:38 +0000] "POST /wp-cron.php?doing_wp_cron=1774010138.2597019672393798828125 HTTP/1.1" 200 - "https://69b4844ae61d4e92bf26ad98af552775-devsite.readyship.co/wp-cron.php?doing_wp_cron=1774010138.2597019672393798828125" "WordPress/5.1.19; https://69b4844ae61d4e92bf26ad98af552775-devsite.readyship.co"
64.252.68.203 - - [20/Mar/2026:12:35:37 +0000] "GET /?p=40120 HTTP/1.1" 200 16222 "-" "Amazon CloudFront"
64.252.66.156 - - [20/Mar/2026:12:35:51 +0000] "GET /?p=9209 HTTP/1.1" 200 15930 "-" "Amazon CloudFront"
64.252.68.139 - - [20/Mar/2026:12:35:53 +0000] "GET /?p=83302 HTTP/1.1" 200 22569 "-" "Amazon CloudFront"
64.252.66.156 - - [20/Mar/2026:12:35:56 +0000] "GET /?p=29260 HTTP/1.1" 200 16383 "-" "Amazon CloudFront"
15.158.215.109 - - [20/Mar/2026:12:37:36 +0000] "POST /wp-cron.php?doing_wp_cron=1774010256.5536999702453613281250 HTTP/1.1" 200 - "https://69b4844ae61d4e92bf26ad98af552775-devsite.readyship.co/wp-cron.php?doing_wp_cron=1774010256.5536999702453613281250" "WordPress/5.1.19; https://69b4844ae61d4e92bf26ad98af552775-devsite.readyship.co"
64.252.68.203 - - [20/Mar/2026:12:37:36 +0000] "GET /?p=10265 HTTP/1.1" 200 15125 "-" "Amazon CloudFront"
15.158.215.109 - - [20/Mar/2026:12:40:50 +0000] "POST /wp-cron.php?doing_wp_cron=1774010450.6539480686187744140625 HTTP/1.1" 200 - "https://69b4844ae61d4e92bf26ad98af552775-devsite.readyship.co/wp-cron.php?doing_wp_cron=1774010450.6539480686187744140625" "WordPress/5.1.19; https://69b4844ae61d4e92bf26ad98af552775-devsite.readyship.co"
64.252.68.139 - - [20/Mar/2026:12:40:50 +0000] "GET /?p=91968 HTTP/1.1" 200 15922 "-" "Amazon CloudFront"
15.158.215.109 - - [20/Mar/2026:12:42:04 +0000] "POST /wp-cron.php?doing_wp_cron=1774010524.8670558929443359375000 HTTP/1.1" 200 - "https://69b4844ae61d4e92bf26ad98af552775-devsite.readyship.co/wp-cron.php?doing_wp_cron=1774010524.8670558929443359375000" "WordPress/5.1.19; https://69b4844ae61d4e92bf26ad98af552775-devsite.readyship.co"
64.252.68.203 - - [20/Mar/2026:12:42:04 +0000] "GET /?p=62367 HTTP/1.1" 200 14550 "-" "Amazon CloudFront"
64.252.68.139 - - [20/Mar/2026:12:42:08 +0000] "GET /?p=7693 HTTP/1.1" 200 21826 "-" "Amazon CloudFront"
64.252.68.139 - - [20/Mar/2026:12:42:55 +0000] "GET /?p=82474 HTTP/1.1" 200 16750 "-" "Amazon CloudFront"
15.158.215.109 - - [20/Mar/2026:12:42:55 +0000] "POST /wp-cron.php?doing_wp_cron=1774010575.5936279296875000000000 HTTP/1.1" 200 - "https://69b4844ae61d4e92bf26ad98af552775-devsite.readyship.co/wp-cron.php?doing_wp_cron=1774010575.5936279296875000000000" "WordPress/5.1.19; https://69b4844ae61d4e92bf26ad98af552775-devsite.readyship.co"
64.252.68.102 - - [20/Mar/2026:12:42:57 +0000] "GET /?p=74367 HTTP/1.1" 200 21441 "-" "Amazon CloudFront"
64.252.68.102 - - [20/Mar/2026:12:43:11 +0000] "GET /?p=6677 HTTP/1.1" 200 21449 "-" "Amazon CloudFront"
15.158.215.109 - - [20/Mar/2026:12:43:30 +0000] "POST /wp-cron.php?doing_wp_cron=1774010610.9628078937530517578125 HTTP/1.1" 200 - "https://69b4844ae61d4e92bf26ad98af552775-devsite.readyship.co/wp-cron.php?doing_wp_cron=1774010610.9628078937530517578125" "WordPress/5.1.19; https://69b4844ae61d4e92bf26ad98af552775-devsite.readyship.co"
64.252.68.139 - - [20/Mar/2026:12:43:30 +0000] "GET /?cat=104&paged=88 HTTP/1.1" 200 10818 "-" "Amazon CloudFront"
15.158.215.109 - - [20/Mar/2026:12:45:03 +0000] "POST /wp-cron.php?doing_wp_cron=1774010703.7050390243530273437500 HTTP/1.1" 200 - "https://69b4844ae61d4e92bf26ad98af552775-devsite.readyship.co/wp-cron.php?doing_wp_cron=1774010703.7050390243530273437500" "WordPress/5.1.19; https://69b4844ae61d4e92bf26ad98af552775-devsite.readyship.co"
64.252.68.203 - - [20/Mar/2026:12:45:03 +0000] "GET /?p=6273 HTTP/1.1" 200 20136 "-" "Amazon CloudFront"
64.252.68.139 - - [20/Mar/2026:12:45:06 +0000] "GET /?p=6236 HTTP/1.1" 200 19668 "-" "Amazon CloudFront"
15.158.215.109 - - [20/Mar/2026:12:45:57 +0000] "POST /wp-cron.php?doing_wp_cron=1774010757.4188570976257324218750 HTTP/1.1" 200 - "https://69b4844ae61d4e92bf26ad98af552775-devsite.readyship.co/wp-cron.php?doing_wp_cron=1774010757.4188570976257324218750" "WordPress/5.1.19; https://69b4844ae61d4e92bf26ad98af552775-devsite.readyship.co"
64.252.68.203 - - [20/Mar/2026:12:45:57 +0000] "GET /?p=69550 HTTP/1.1" 200 14379 "-" "Amazon CloudFront"
15.158.215.109 - - [20/Mar/2026:12:46:32 +0000] "POST /wp-cron.php?doing_wp_cron=1774010792.9169158935546875000000 HTTP/1.1" 200 - "https://69b4844ae61d4e92bf26ad98af552775-devsite.readyship.co/wp-cron.php?doing_wp_cron=1774010792.9169158935546875000000" "WordPress/5.1.19; https://69b4844ae61d4e92bf26ad98af552775-devsite.readyship.co"
64.252.77.92 - - [20/Mar/2026:12:46:32 +0000] "GET /?feed=rss2&p=80031 HTTP/1.1" 200 553 "-" "Amazon CloudFront"
64.252.68.139 - - [20/Mar/2026:12:46:54 +0000] "GET /?p=82764 HTTP/1.1" 200 13633 "-" "Amazon CloudFront"
64.252.68.102 - - [20/Mar/2026:12:46:56 +0000] "GET /?p=8079 HTTP/1.1" 200 15578 "-" "Amazon CloudFront"
64.252.66.156 - - [20/Mar/2026:12:47:01 +0000] "GET /?p=7313 HTTP/1.1" 200 55162 "-" "Amazon CloudFront"
64.252.68.102 - - [20/Mar/2026:12:47:11 +0000] "GET /?p=82522 HTTP/1.1" 200 17809 "-" "Amazon CloudFront"
64.252.68.139 - - [20/Mar/2026:12:47:16 +0000] "GET /?p=68660 HTTP/1.1" 200 14797 "-" "Amazon CloudFront"
64.252.76.63 - - [20/Mar/2026:12:47:19 +0000] "GET /?p=80033 HTTP/1.1" 200 28410 "-" "Amazon CloudFront"
15.158.215.109 - - [20/Mar/2026:12:49:05 +0000] "POST /wp-cron.php?doing_wp_cron=1774010945.2590510845184326171875 HTTP/1.1" 200 - "https://69b4844ae61d4e92bf26ad98af552775-devsite.readyship.co/wp-cron.php?doing_wp_cron=1774010945.2590510845184326171875" "WordPress/5.1.19; https://69b4844ae61d4e92bf26ad98af552775-devsite.readyship.co"
64.252.68.139 - - [20/Mar/2026:12:49:04 +0000] "GET /?p=83858 HTTP/1.1" 200 15460 "-" "Amazon CloudFront"
15.158.215.109 - - [20/Mar/2026:12:49:43 +0000] "POST /wp-cron.php?doing_wp_cron=1774010983.1534879207611083984375 HTTP/1.1" 200 - "https://69b4844ae61d4e92bf26ad98af552775-devsite.readyship.co/wp-cron.php?doing_wp_cron=1774010983.1534879207611083984375" "WordPress/5.1.19; https://69b4844ae61d4e92bf26ad98af552775-devsite.readyship.co"
64.252.68.139 - - [20/Mar/2026:12:49:42 +0000] "GET /?p=29528 HTTP/1.1" 200 16733 "-" "Amazon CloudFront"
64.252.68.139 - - [20/Mar/2026:12:50:01 +0000] "GET /?page_id=2807&paged=36 HTTP/1.1" 200 11271 "-" "Amazon CloudFront"
15.158.215.109 - - [20/Mar/2026:12:51:49 +0000] "POST /wp-cron.php?doing_wp_cron=1774011109.3098299503326416015625 HTTP/1.1" 200 - "https://69b4844ae61d4e92bf26ad98af552775-devsite.readyship.co/wp-cron.php?doing_wp_cron=1774011109.3098299503326416015625" "WordPress/5.1.19; https://69b4844ae61d4e92bf26ad98af552775-devsite.readyship.co"
64.252.66.156 - - [20/Mar/2026:12:51:48 +0000] "GET /?p=9645 HTTP/1.1" 200 15511 "-" "Amazon CloudFront"
64.252.68.139 - - [20/Mar/2026:12:51:59 +0000] "GET /?p=10811 HTTP/1.1" 200 14309 "-" "Amazon CloudFront"
15.158.215.109 - - [20/Mar/2026:12:52:29 +0000] "POST /wp-cron.php?doing_wp_cron=1774011149.8116350173950195312500 HTTP/1.1" 200 - "https://69b4844ae61d4e92bf26ad98af552775-devsite.readyship.co/wp-cron.php?doing_wp_cron=1774011149.8116350173950195312500" "WordPress/5.1.19; https://69b4844ae61d4e92bf26ad98af552775-devsite.readyship.co"
64.252.66.156 - - [20/Mar/2026:12:52:29 +0000] "GET /?p=68008 HTTP/1.1" 200 14197 "-" "Amazon CloudFront"
64.252.66.156 - - [20/Mar/2026:12:53:02 +0000] "GET /?p=96653 HTTP/1.1" 200 16642 "-" "Amazon CloudFront"
64.252.68.102 - - [20/Mar/2026:12:53:05 +0000] "GET /?p=94051 HTTP/1.1" 200 17652 "-" "Amazon CloudFront"
64.252.68.203 - - [20/Mar/2026:12:53:15 +0000] "GET /?p=11146 HTTP/1.1" 200 17805 "-" "Amazon CloudFront"
15.158.215.109 - - [20/Mar/2026:12:53:39 +0000] "POST /wp-cron.php?doing_wp_cron=1774011219.3941829204559326171875 HTTP/1.1" 200 - "https://69b4844ae61d4e92bf26ad98af552775-devsite.readyship.co/wp-cron.php?doing_wp_cron=1774011219.3941829204559326171875" "WordPress/5.1.19; https://69b4844ae61d4e92bf26ad98af552775-devsite.readyship.co"
64.252.68.203 - - [20/Mar/2026:12:53:39 +0000] "GET /?p=43108 HTTP/1.1" 200 14162 "-" "Amazon CloudFront"
15.158.215.109 - - [20/Mar/2026:12:55:07 +0000] "POST /wp-cron.php?doing_wp_cron=1774011306.9107520580291748046875 HTTP/1.1" 200 - "https://69b4844ae61d4e92bf26ad98af552775-devsite.readyship.co/wp-cron.php?doing_wp_cron=1774011306.9107520580291748046875" "WordPress/5.1.19; https://69b4844ae61d4e92bf26ad98af552775-devsite.readyship.co"
64.252.68.203 - - [20/Mar/2026:12:55:06 +0000] "GET /?p=7272 HTTP/1.1" 200 15658 "-" "Amazon CloudFront"
64.252.68.139 - - [20/Mar/2026:12:55:19 +0000] "GET /?p=42734 HTTP/1.1" 200 15626 "-" "Amazon CloudFront"
15.158.215.109 - - [20/Mar/2026:12:55:54 +0000] "POST /wp-cron.php?doing_wp_cron=1774011354.4215629100799560546875 HTTP/1.1" 200 - "https://69b4844ae61d4e92bf26ad98af552775-devsite.readyship.co/wp-cron.php?doing_wp_cron=1774011354.4215629100799560546875" "WordPress/5.1.19; https://69b4844ae61d4e92bf26ad98af552775-devsite.readyship.co"
64.252.68.203 - - [20/Mar/2026:12:55:54 +0000] "GET /?p=9823 HTTP/1.1" 200 74629 "-" "Amazon CloudFront"
64.252.68.203 - - [20/Mar/2026:12:56:06 +0000] "GET /?p=62673 HTTP/1.1" 200 14785 "-" "Amazon CloudFront"
15.158.215.109 - - [20/Mar/2026:12:56:43 +0000] "POST /wp-cron.php?doing_wp_cron=1774011402.9870750904083251953125 HTTP/1.1" 200 - "https://69b4844ae61d4e92bf26ad98af552775-devsite.readyship.co/wp-cron.php?doing_wp_cron=1774011402.9870750904083251953125" "WordPress/5.1.19; https://69b4844ae61d4e92bf26ad98af552775-devsite.readyship.co"
64.252.68.139 - - [20/Mar/2026:12:56:42 +0000] "GET /?page_id=2807&paged=37 HTTP/1.1" 200 11794 "-" "Amazon CloudFront"
64.252.66.156 - - [20/Mar/2026:12:56:53 +0000] "GET /?cat=104&paged=75 HTTP/1.1" 200 10915 "-" "Amazon CloudFront"
64.252.68.139 - - [20/Mar/2026:12:57:08 +0000] "GET /?p=79999 HTTP/1.1" 200 17665 "-" "Amazon CloudFront"
15.158.215.109 - - [20/Mar/2026:12:57:22 +0000] "POST /wp-cron.php?doing_wp_cron=1774011442.1789989471435546875000 HTTP/1.1" 200 - "https://69b4844ae61d4e92bf26ad98af552775-devsite.readyship.co/wp-cron.php?doing_wp_cron=1774011442.1789989471435546875000" "WordPress/5.1.19; https://69b4844ae61d4e92bf26ad98af552775-devsite.readyship.co"
64.252.68.203 - - [20/Mar/2026:12:57:21 +0000] "GET /?p=40100 HTTP/1.1" 200 16782 "-" "Amazon CloudFront"
64.252.66.156 - - [20/Mar/2026:12:57:54 +0000] "GET /?p=29268 HTTP/1.1" 200 15133 "-" "Amazon CloudFront"
64.252.73.210 - - [20/Mar/2026:12:57:55 +0000] "GET /?p=23378 HTTP/1.1" 200 22254 "-" "Amazon CloudFront"
64.252.66.156 - - [20/Mar/2026:12:58:01 +0000] "GET /?p=86397 HTTP/1.1" 200 21370 "-" "Amazon CloudFront"
15.158.215.109 - - [20/Mar/2026:12:58:59 +0000] "POST /wp-cron.php?doing_wp_cron=1774011539.8761770725250244140625 HTTP/1.1" 200 - "https://69b4844ae61d4e92bf26ad98af552775-devsite.readyship.co/wp-cron.php?doing_wp_cron=1774011539.8761770725250244140625" "WordPress/5.1.19; https://69b4844ae61d4e92bf26ad98af552775-devsite.readyship.co"
64.252.68.139 - - [20/Mar/2026:12:58:59 +0000] "GET /?p=56391 HTTP/1.1" 200 15038 "-" "Amazon CloudFront"
64.252.68.139 - - [20/Mar/2026:12:59:02 +0000] "GET /?p=43828 HTTP/1.1" 200 110105 "-" "Amazon CloudFront"
64.252.76.215 - - [20/Mar/2026:12:59:14 +0000] "GET /?p=26769 HTTP/1.1" 200 17818 "-" "Amazon CloudFront"
15.158.215.109 - - [20/Mar/2026:12:59:42 +0000] "POST /wp-cron.php?doing_wp_cron=1774011582.0186100006103515625000 HTTP/1.1" 200 - "https://69b4844ae61d4e92bf26ad98af552775-devsite.readyship.co/wp-cron.php?doing_wp_cron=1774011582.0186100006103515625000" "WordPress/5.1.19; https://69b4844ae61d4e92bf26ad98af552775-devsite.readyship.co"
64.252.66.156 - - [20/Mar/2026:12:59:41 +0000] "GET /?p=40946 HTTP/1.1" 200 17440 "-" "Amazon CloudFront"
15.158.215.109 - - [20/Mar/2026:13:01:36 +0000] "POST /wp-cron.php?doing_wp_cron=1774011696.7230188846588134765625 HTTP/1.1" 200 - "https://69b4844ae61d4e92bf26ad98af552775-devsite.readyship.co/wp-cron.php?doing_wp_cron=1774011696.7230188846588134765625" "WordPress/5.1.19; https://69b4844ae61d4e92bf26ad98af552775-devsite.readyship.co"
64.252.68.203 - - [20/Mar/2026:13:01:36 +0000] "GET /?p=13889 HTTP/1.1" 200 14568 "-" "Amazon CloudFront"
64.252.66.156 - - [20/Mar/2026:13:02:09 +0000] "GET /?p=6402 HTTP/1.1" 200 22837 "-" "Amazon CloudFront"
15.158.215.109 - - [20/Mar/2026:13:02:51 +0000] "POST /wp-cron.php?doing_wp_cron=1774011771.7806830406188964843750 HTTP/1.1" 200 - "https://69b4844ae61d4e92bf26ad98af552775-devsite.readyship.co/wp-cron.php?doing_wp_cron=1774011771.7806830406188964843750" "WordPress/5.1.19; https://69b4844ae61d4e92bf26ad98af552775-devsite.readyship.co"
64.252.68.203 - - [20/Mar/2026:13:02:51 +0000] "GET /?p=27213 HTTP/1.1" 200 15961 "-" "Amazon CloudFront"
15.158.215.109 - - [20/Mar/2026:13:03:40 +0000] "POST /wp-cron.php?doing_wp_cron=1774011820.0905869007110595703125 HTTP/1.1" 200 - "https://69b4844ae61d4e92bf26ad98af552775-devsite.readyship.co/wp-cron.php?doing_wp_cron=1774011820.0905869007110595703125" "WordPress/5.1.19; https://69b4844ae61d4e92bf26ad98af552775-devsite.readyship.co"
64.252.68.139 - - [20/Mar/2026:13:03:39 +0000] "GET /?page_id=2807&paged=19 HTTP/1.1" 200 11185 "-" "Amazon CloudFront"
64.252.68.203 - - [20/Mar/2026:13:04:15 +0000] "GET /?p=9888 HTTP/1.1" 200 15626 "-" "Amazon CloudFront"
15.158.215.109 - - [20/Mar/2026:13:04:47 +0000] "POST /wp-cron.php?doing_wp_cron=1774011887.1037719249725341796875 HTTP/1.1" 200 - "https://69b4844ae61d4e92bf26ad98af552775-devsite.readyship.co/wp-cron.php?doing_wp_cron=1774011887.1037719249725341796875" "WordPress/5.1.19; https://69b4844ae61d4e92bf26ad98af552775-devsite.readyship.co"
64.252.66.156 - - [20/Mar/2026:13:04:46 +0000] "GET /?cat=104&paged=96 HTTP/1.1" 200 10970 "-" "Amazon CloudFront"
15.158.215.109 - - [20/Mar/2026:13:05:45 +0000] "POST /wp-cron.php?doing_wp_cron=1774011945.8201229572296142578125 HTTP/1.1" 200 - "https://69b4844ae61d4e92bf26ad98af552775-devsite.readyship.co/wp-cron.php?doing_wp_cron=1774011945.8201229572296142578125" "WordPress/5.1.19; https://69b4844ae61d4e92bf26ad98af552775-devsite.readyship.co"
64.252.68.102 - - [20/Mar/2026:13:05:45 +0000] "GET /?p=68504 HTTP/1.1" 200 14654 "-" "Amazon CloudFront"
64.252.68.139 - - [20/Mar/2026:13:05:55 +0000] "GET /?p=9112 HTTP/1.1" 200 17298 "-" "Amazon CloudFront"
15.158.215.109 - - [20/Mar/2026:13:06:36 +0000] "POST /wp-cron.php?doing_wp_cron=1774011996.3498680591583251953125 HTTP/1.1" 200 - "https://69b4844ae61d4e92bf26ad98af552775-devsite.readyship.co/wp-cron.php?doing_wp_cron=1774011996.3498680591583251953125" "WordPress/5.1.19; https://69b4844ae61d4e92bf26ad98af552775-devsite.readyship.co"
64.252.66.156 - - [20/Mar/2026:13:06:36 +0000] "GET /?p=96183 HTTP/1.1" 200 16752 "-" "Amazon CloudFront"
64.252.76.215 - - [20/Mar/2026:13:06:54 +0000] "GET /?feed=rss2&p=26771 HTTP/1.1" 200 548 "-" "Amazon CloudFront"
64.252.68.203 - - [20/Mar/2026:13:07:21 +0000] "GET /?p=7527 HTTP/1.1" 200 24093 "-" "Amazon CloudFront"
15.158.215.109 - - [20/Mar/2026:13:07:22 +0000] "POST /wp-cron.php?doing_wp_cron=1774012042.2870221138000488281250 HTTP/1.1" 200 - "https://69b4844ae61d4e92bf26ad98af552775-devsite.readyship.co/wp-cron.php?doing_wp_cron=1774012042.2870221138000488281250" "WordPress/5.1.19; https://69b4844ae61d4e92bf26ad98af552775-devsite.readyship.co"
64.252.86.96 - - [20/Mar/2026:13:07:21 +0000] "HEAD / HTTP/1.1" 200 - "-" "Amazon CloudFront"
15.158.1.198 - - [20/Mar/2026:13:07:23 +0000] "GET /wp-login.php HTTP/1.1" 200 1185 "-" "curl/8.6.0"
15.158.1.198 - - [20/Mar/2026:13:07:24 +0000] "POST /wp-login.php HTTP/1.1" 200 1575 "https://69b4844ae61d4e92bf26ad98af552775-devsite.readyship.co/wp-login.php" "curl/7.88.1"
64.252.68.203 - - [20/Mar/2026:13:07:28 +0000] "GET /?p=27431 HTTP/1.1" 200 14648 "-" "Amazon CloudFront"
64.252.68.102 - - [20/Mar/2026:13:07:35 +0000] "GET /?p=25498 HTTP/1.1" 200 19915 "-" "Amazon CloudFront"
64.252.68.139 - - [20/Mar/2026:13:08:18 +0000] "GET /?p=10339 HTTP/1.1" 200 14342 "-" "Amazon CloudFront"
15.158.215.109 - - [20/Mar/2026:13:09:45 +0000] "POST /wp-cron.php?doing_wp_cron=1774012185.1863610744476318359375 HTTP/1.1" 200 - "https://69b4844ae61d4e92bf26ad98af552775-devsite.readyship.co/wp-cron.php?doing_wp_cron=1774012185.1863610744476318359375" "WordPress/5.1.19; https://69b4844ae61d4e92bf26ad98af552775-devsite.readyship.co"
64.252.66.156 - - [20/Mar/2026:13:09:44 +0000] "GET /?p=29538 HTTP/1.1" 200 15998 "-" "Amazon CloudFront"
64.252.77.92 - - [20/Mar/2026:13:09:48 +0000] "GET /?p=38752 HTTP/1.1" 200 17850 "-" "Amazon CloudFront"
15.158.215.109 - - [20/Mar/2026:13:12:43 +0000] "POST /wp-cron.php?doing_wp_cron=1774012363.4549860954284667968750 HTTP/1.1" 200 - "https://69b4844ae61d4e92bf26ad98af552775-devsite.readyship.co/wp-cron.php?doing_wp_cron=1774012363.4549860954284667968750" "WordPress/5.1.19; https://69b4844ae61d4e92bf26ad98af552775-devsite.readyship.co"
64.252.68.139 - - [20/Mar/2026:13:12:43 +0000] "GET /?p=89664 HTTP/1.1" 200 16967 "-" "Amazon CloudFront"
15.158.215.109 - - [20/Mar/2026:13:13:40 +0000] "POST /wp-cron.php?doing_wp_cron=1774012420.0869359970092773437500 HTTP/1.1" 200 - "https://69b4844ae61d4e92bf26ad98af552775-devsite.readyship.co/wp-cron.php?doing_wp_cron=1774012420.0869359970092773437500" "WordPress/5.1.19; https://69b4844ae61d4e92bf26ad98af552775-devsite.readyship.co"
64.252.68.102 - - [20/Mar/2026:13:13:39 +0000] "GET /?p=68634 HTTP/1.1" 200 14300 "-" "Amazon CloudFront"
64.252.68.139 - - [20/Mar/2026:13:13:52 +0000] "GET /?p=9034 HTTP/1.1" 200 24830 "-" "Amazon CloudFront"
15.158.215.109 - - [20/Mar/2026:13:15:37 +0000] "POST /wp-cron.php?doing_wp_cron=1774012537.1031389236450195312500 HTTP/1.1" 200 - "https://69b4844ae61d4e92bf26ad98af552775-devsite.readyship.co/wp-cron.php?doing_wp_cron=1774012537.1031389236450195312500" "WordPress/5.1.19; https://69b4844ae61d4e92bf26ad98af552775-devsite.readyship.co"
64.252.66.156 - - [20/Mar/2026:13:15:36 +0000] "GET /?p=13069 HTTP/1.1" 200 14312 "-" "Amazon CloudFront"
64.252.68.139 - - [20/Mar/2026:13:15:58 +0000] "GET /?p=62502 HTTP/1.1" 200 16245 "-" "Amazon CloudFront"
15.158.215.109 - - [20/Mar/2026:13:16:42 +0000] "POST /wp-cron.php?doing_wp_cron=1774012602.0576350688934326171875 HTTP/1.1" 200 - "https://69b4844ae61d4e92bf26ad98af552775-devsite.readyship.co/wp-cron.php?doing_wp_cron=1774012602.0576350688934326171875" "WordPress/5.1.19; https://69b4844ae61d4e92bf26ad98af552775-devsite.readyship.co"
64.252.68.139 - - [20/Mar/2026:13:16:41 +0000] "GET /?p=87664 HTTP/1.1" 200 14453 "-" "Amazon CloudFront"
64.252.77.92 - - [20/Mar/2026:13:17:03 +0000] "GET /?feed=rss2&p=38750 HTTP/1.1" 200 497 "-" "Amazon CloudFront"
64.252.68.139 - - [20/Mar/2026:13:17:16 +0000] "GET /?p=96159 HTTP/1.1" 200 24473 "-" "Amazon CloudFront"
15.158.215.109 - - [20/Mar/2026:13:17:45 +0000] "POST /wp-cron.php?doing_wp_cron=1774012665.3246750831604003906250 HTTP/1.1" 200 - "https://69b4844ae61d4e92bf26ad98af552775-devsite.readyship.co/wp-cron.php?doing_wp_cron=1774012665.3246750831604003906250" "WordPress/5.1.19; https://69b4844ae61d4e92bf26ad98af552775-devsite.readyship.co"
64.252.66.156 - - [20/Mar/2026:13:17:45 +0000] "GET /?p=7529 HTTP/1.1" 200 23794 "-" "Amazon CloudFront"
64.252.68.203 - - [20/Mar/2026:13:17:55 +0000] "GET /?p=10483 HTTP/1.1" 200 14220 "-" "Amazon CloudFront"
64.252.68.102 - - [20/Mar/2026:13:18:10 +0000] "GET /?p=28648 HTTP/1.1" 200 14674 "-" "Amazon CloudFront"
15.158.215.109 - - [20/Mar/2026:13:18:30 +0000] "POST /wp-cron.php?doing_wp_cron=1774012710.7070660591125488281250 HTTP/1.1" 200 - "https://69b4844ae61d4e92bf26ad98af552775-devsite.readyship.co/wp-cron.php?doing_wp_cron=1774012710.7070660591125488281250" "WordPress/5.1.19; https://69b4844ae61d4e92bf26ad98af552775-devsite.readyship.co"
64.252.68.203 - - [20/Mar/2026:13:18:30 +0000] "GET /?p=96152 HTTP/1.1" 200 15682 "-" "Amazon CloudFront"
64.252.68.102 - - [20/Mar/2026:13:18:37 +0000] "GET /?p=51920 HTTP/1.1" 200 14069 "-" "Amazon CloudFront"
15.158.215.109 - - [20/Mar/2026:13:20:13 +0000] "POST /wp-cron.php?doing_wp_cron=1774012813.7398209571838378906250 HTTP/1.1" 200 - "https://69b4844ae61d4e92bf26ad98af552775-devsite.readyship.co/wp-cron.php?doing_wp_cron=1774012813.7398209571838378906250" "WordPress/5.1.19; https://69b4844ae61d4e92bf26ad98af552775-devsite.readyship.co"
64.252.76.215 - - [20/Mar/2026:13:20:13 +0000] "GET /?feed=rss2&p=90645 HTTP/1.1" 200 514 "-" "Amazon CloudFront"
15.158.215.109 - - [20/Mar/2026:13:20:48 +0000] "POST /wp-cron.php?doing_wp_cron=1774012848.8424780368804931640625 HTTP/1.1" 200 - "https://69b4844ae61d4e92bf26ad98af552775-devsite.readyship.co/wp-cron.php?doing_wp_cron=1774012848.8424780368804931640625" "WordPress/5.1.19; https://69b4844ae61d4e92bf26ad98af552775-devsite.readyship.co"
64.252.68.102 - - [20/Mar/2026:13:20:48 +0000] "GET /?p=37738 HTTP/1.1" 200 14534 "-" "Amazon CloudFront"
64.252.68.139 - - [20/Mar/2026:13:20:51 +0000] "GET /?p=43910 HTTP/1.1" 200 22780 "-" "Amazon CloudFront"
15.158.215.109 - - [20/Mar/2026:13:21:24 +0000] "POST /wp-cron.php?doing_wp_cron=1774012884.4750490188598632812500 HTTP/1.1" 200 - "https://69b4844ae61d4e92bf26ad98af552775-devsite.readyship.co/wp-cron.php?doing_wp_cron=1774012884.4750490188598632812500" "WordPress/5.1.19; https://69b4844ae61d4e92bf26ad98af552775-devsite.readyship.co"
64.252.68.102 - - [20/Mar/2026:13:21:24 +0000] "GET /?p=10963 HTTP/1.1" 200 15471 "-" "Amazon CloudFront"
64.252.68.102 - - [20/Mar/2026:13:21:33 +0000] "GET /?cat=103&paged=41 HTTP/1.1" 200 11089 "-" "Amazon CloudFront"
64.252.68.139 - - [20/Mar/2026:13:22:19 +0000] "GET /?p=45890 HTTP/1.1" 200 16246 "-" "Amazon CloudFront"
15.158.215.109 - - [20/Mar/2026:13:22:34 +0000] "POST /wp-cron.php?doing_wp_cron=1774012954.8337390422821044921875 HTTP/1.1" 200 - "https://69b4844ae61d4e92bf26ad98af552775-devsite.readyship.co/wp-cron.php?doing_wp_cron=1774012954.8337390422821044921875" "WordPress/5.1.19; https://69b4844ae61d4e92bf26ad98af552775-devsite.readyship.co"
64.252.68.139 - - [20/Mar/2026:13:22:34 +0000] "GET /?p=37000 HTTP/1.1" 200 22711 "-" "Amazon CloudFront"
64.252.68.102 - - [20/Mar/2026:13:22:41 +0000] "GET /?p=96241 HTTP/1.1" 200 14481 "-" "Amazon CloudFront"
64.252.66.156 - - [20/Mar/2026:13:22:45 +0000] "GET /?p=5756 HTTP/1.1" 200 14450 "-" "Amazon CloudFront"
64.252.68.102 - - [20/Mar/2026:13:22:54 +0000] "GET /?p=6558 HTTP/1.1" 200 18103 "-" "Amazon CloudFront"
64.252.68.203 - - [20/Mar/2026:13:23:07 +0000] "GET /?author=1&paged=27 HTTP/1.1" 200 11301 "-" "Amazon CloudFront"
64.252.68.139 - - [20/Mar/2026:13:23:10 +0000] "GET /?p=89614 HTTP/1.1" 200 17035 "-" "Amazon CloudFront"
15.158.215.109 - - [20/Mar/2026:13:23:36 +0000] "POST /wp-cron.php?doing_wp_cron=1774013016.2331860065460205078125 HTTP/1.1" 200 - "https://69b4844ae61d4e92bf26ad98af552775-devsite.readyship.co/wp-cron.php?doing_wp_cron=1774013016.2331860065460205078125" "WordPress/5.1.19; https://69b4844ae61d4e92bf26ad98af552775-devsite.readyship.co"
64.252.68.139 - - [20/Mar/2026:13:23:35 +0000] "GET /?p=79911 HTTP/1.1" 200 22874 "-" "Amazon CloudFront"
15.158.215.109 - - [20/Mar/2026:13:24:44 +0000] "POST /wp-cron.php?doing_wp_cron=1774013084.4640779495239257812500 HTTP/1.1" 200 - "https://69b4844ae61d4e92bf26ad98af552775-devsite.readyship.co/wp-cron.php?doing_wp_cron=1774013084.4640779495239257812500" "WordPress/5.1.19; https://69b4844ae61d4e92bf26ad98af552775-devsite.readyship.co"
64.252.68.203 - - [20/Mar/2026:13:24:44 +0000] "GET /?p=30385 HTTP/1.1" 200 22391 "-" "Amazon CloudFront"
64.252.66.156 - - [20/Mar/2026:13:24:50 +0000] "GET /?p=12597 HTTP/1.1" 200 14934 "-" "Amazon CloudFront"
64.252.68.139 - - [20/Mar/2026:13:24:53 +0000] "GET /?p=37684 HTTP/1.1" 200 14604 "-" "Amazon CloudFront"
64.252.76.63 - - [20/Mar/2026:13:25:50 +0000] "GET /?feed=rss2&p=90633 HTTP/1.1" 200 482 "-" "Amazon CloudFront"
15.158.215.109 - - [20/Mar/2026:13:25:50 +0000] "POST /wp-cron.php?doing_wp_cron=1774013150.5187931060791015625000 HTTP/1.1" 200 - "https://69b4844ae61d4e92bf26ad98af552775-devsite.readyship.co/wp-cron.php?doing_wp_cron=1774013150.5187931060791015625000" "WordPress/5.1.19; https://69b4844ae61d4e92bf26ad98af552775-devsite.readyship.co"
64.252.68.102 - - [20/Mar/2026:13:25:57 +0000] "GET /?p=8760 HTTP/1.1" 200 21741 "-" "Amazon CloudFront"
3.172.45.105 - - [20/Mar/2026:13:26:00 +0000] "POST /xmlrpc.php HTTP/1.1" 200 403 "-" "Mozilla/5.0 (Windows NT 10.0; Win64; x64) AppleWebKit/537.36 (KHTML, like Gecko) Chrome/114.0.0.0 Safari/537.36"
3.172.45.105 - - [20/Mar/2026:13:26:01 +0000] "POST /xmlrpc.php HTTP/1.1" 200 403 "-" "Mozilla/5.0 (Windows NT 10.0; Win64; x64) AppleWebKit/537.36 (KHTML, like Gecko) Chrome/114.0.0.0 Safari/537.36"
64.252.66.156 - - [20/Mar/2026:13:26:17 +0000] "GET /?p=13153 HTTP/1.1" 200 14216 "-" "Amazon CloudFront"
15.158.215.109 - - [20/Mar/2026:13:27:49 +0000] "POST /wp-cron.php?doing_wp_cron=1774013269.3630399703979492187500 HTTP/1.1" 200 - "https://69b4844ae61d4e92bf26ad98af552775-devsite.readyship.co/wp-cron.php?doing_wp_cron=1774013269.3630399703979492187500" "WordPress/5.1.19; https://69b4844ae61d4e92bf26ad98af552775-devsite.readyship.co"
64.252.76.215 - - [20/Mar/2026:13:27:49 +0000] "GET /?feed=rss2&p=90649 HTTP/1.1" 200 485 "-" "Amazon CloudFront"
64.252.76.63 - - [20/Mar/2026:13:27:54 +0000] "GET /?feed=rss2&p=90655 HTTP/1.1" 200 524 "-" "Amazon CloudFront"
64.252.68.139 - - [20/Mar/2026:13:28:09 +0000] "GET /?p=96173 HTTP/1.1" 200 20761 "-" "Amazon CloudFront"
15.158.215.109 - - [20/Mar/2026:13:28:53 +0000] "POST /wp-cron.php?doing_wp_cron=1774013333.7021939754486083984375 HTTP/1.1" 200 - "https://69b4844ae61d4e92bf26ad98af552775-devsite.readyship.co/wp-cron.php?doing_wp_cron=1774013333.7021939754486083984375" "WordPress/5.1.19; https://69b4844ae61d4e92bf26ad98af552775-devsite.readyship.co"
64.252.68.139 - - [20/Mar/2026:13:28:53 +0000] "GET /?p=7327 HTTP/1.1" 200 46955 "-" "Amazon CloudFront"
64.252.68.203 - - [20/Mar/2026:13:28:57 +0000] "GET /?p=9162 HTTP/1.1" 200 98712 "-" "Amazon CloudFront"
64.252.66.156 - - [20/Mar/2026:13:29:09 +0000] "GET /?p=9259 HTTP/1.1" 200 14546 "-" "Amazon CloudFront"
15.158.215.109 - - [20/Mar/2026:13:29:29 +0000] "POST /wp-cron.php?doing_wp_cron=1774013369.5698130130767822265625 HTTP/1.1" 200 - "https://69b4844ae61d4e92bf26ad98af552775-devsite.readyship.co/wp-cron.php?doing_wp_cron=1774013369.5698130130767822265625" "WordPress/5.1.19; https://69b4844ae61d4e92bf26ad98af552775-devsite.readyship.co"
18.68.51.43 - - [20/Mar/2026:13:29:29 +0000] "POST /xmlrpc.php HTTP/1.1" 200 651 "-" "Mozilla/5.0 (Windows NT 10.0; Win64; x64) AppleWebKit/537.36 (KHTML, like Gecko) Chrome/130.0.0.0 Safari/537.36"
18.68.51.43 - - [20/Mar/2026:13:29:30 +0000] "POST /xmlrpc.php HTTP/1.1" 200 231 "-" "Mozilla/5.0 (Windows NT 10.0; Win64; x64) AppleWebKit/537.36 (KHTML, like Gecko) Chrome/130.0.0.0 Safari/537.36"
18.68.51.43 - - [20/Mar/2026:13:29:30 +0000] "POST /xmlrpc.php HTTP/1.1" 200 206 "-" "Mozilla/5.0 (Windows NT 10.0; Win64; x64) AppleWebKit/537.36 (KHTML, like Gecko) Chrome/130.0.0.0 Safari/537.36"
64.252.68.102 - - [20/Mar/2026:13:29:30 +0000] "GET /?p=24970 HTTP/1.1" 200 14153 "-" "Amazon CloudFront"
64.252.68.203 - - [20/Mar/2026:13:30:09 +0000] "GET /?p=45125 HTTP/1.1" 200 29628 "-" "Amazon CloudFront"
64.252.66.156 - - [20/Mar/2026:13:30:16 +0000] "GET /?p=12613 HTTP/1.1" 200 15223 "-" "Amazon CloudFront"
15.158.215.109 - - [20/Mar/2026:13:31:53 +0000] "POST /wp-cron.php?doing_wp_cron=1774013513.0550711154937744140625 HTTP/1.1" 200 - "https://69b4844ae61d4e92bf26ad98af552775-devsite.readyship.co/wp-cron.php?doing_wp_cron=1774013513.0550711154937744140625" "WordPress/5.1.19; https://69b4844ae61d4e92bf26ad98af552775-devsite.readyship.co"
64.252.66.156 - - [20/Mar/2026:13:31:52 +0000] "GET /?p=9119 HTTP/1.1" 200 15973 "-" "Amazon CloudFront"
64.252.68.139 - - [20/Mar/2026:13:32:04 +0000] "GET /?p=86317 HTTP/1.1" 200 22553 "-" "Amazon CloudFront"
64.252.77.92 - - [20/Mar/2026:13:32:05 +0000] "GET /?feed=rss2&p=90629 HTTP/1.1" 200 537 "-" "Amazon CloudFront"
15.158.215.109 - - [20/Mar/2026:13:33:08 +0000] "POST /wp-cron.php?doing_wp_cron=1774013588.5122621059417724609375 HTTP/1.1" 200 - "https://69b4844ae61d4e92bf26ad98af552775-devsite.readyship.co/wp-cron.php?doing_wp_cron=1774013588.5122621059417724609375" "WordPress/5.1.19; https://69b4844ae61d4e92bf26ad98af552775-devsite.readyship.co"
64.252.66.156 - - [20/Mar/2026:13:33:08 +0000] "GET /?p=25524 HTTP/1.1" 200 16901 "-" "Amazon CloudFront"
15.158.215.109 - - [20/Mar/2026:13:34:10 +0000] "POST /wp-cron.php?doing_wp_cron=1774013650.1418631076812744140625 HTTP/1.1" 200 - "https://69b4844ae61d4e92bf26ad98af552775-devsite.readyship.co/wp-cron.php?doing_wp_cron=1774013650.1418631076812744140625" "WordPress/5.1.19; https://69b4844ae61d4e92bf26ad98af552775-devsite.readyship.co"
64.252.68.203 - - [20/Mar/2026:13:34:09 +0000] "GET /?healthcheck_timestamp=1774013447105 HTTP/1.1" 200 178923 "-" "Amazon CloudFront"
15.158.215.109 - - [20/Mar/2026:13:34:33 +0000] "POST /wp-cron.php?doing_wp_cron=1774013673.8378379344940185546875 HTTP/1.1" 200 - "https://69b4844ae61d4e92bf26ad98af552775-devsite.readyship.co/wp-cron.php?doing_wp_cron=1774013673.8378379344940185546875" "WordPress/5.1.19; https://69b4844ae61d4e92bf26ad98af552775-devsite.readyship.co"
64.252.68.203 - - [20/Mar/2026:13:34:33 +0000] "GET /?p=30573 HTTP/1.1" 200 16507 "-" "Amazon CloudFront"
64.252.68.102 - - [20/Mar/2026:13:34:37 +0000] "GET /?p=33622 HTTP/1.1" 200 15728 "-" "Amazon CloudFront"
64.252.68.203 - - [20/Mar/2026:13:34:41 +0000] "GET /?p=87173 HTTP/1.1" 200 14907 "-" "Amazon CloudFront"
64.252.68.203 - - [20/Mar/2026:13:35:01 +0000] "GET /?p=28770 HTTP/1.1" 200 21805 "-" "Amazon CloudFront"
15.158.215.109 - - [20/Mar/2026:13:35:24 +0000] "POST /wp-cron.php?doing_wp_cron=1774013724.0390470027923583984375 HTTP/1.1" 200 - "https://69b4844ae61d4e92bf26ad98af552775-devsite.readyship.co/wp-cron.php?doing_wp_cron=1774013724.0390470027923583984375" "WordPress/5.1.19; https://69b4844ae61d4e92bf26ad98af552775-devsite.readyship.co"
64.252.77.92 - - [20/Mar/2026:13:35:23 +0000] "GET /?feed=rss2&p=90659 HTTP/1.1" 200 507 "-" "Amazon CloudFront"
64.252.76.215 - - [20/Mar/2026:13:35:44 +0000] "GET /?p=90602 HTTP/1.1" 200 21568 "-" "Amazon CloudFront"
64.252.76.63 - - [20/Mar/2026:13:35:44 +0000] "GET /?p=90604 HTTP/1.1" 200 16351 "-" "Amazon CloudFront"
64.252.68.102 - - [20/Mar/2026:13:36:18 +0000] "GET /?p=30437 HTTP/1.1" 200 16683 "-" "Amazon CloudFront"
15.158.215.109 - - [20/Mar/2026:13:36:36 +0000] "POST /wp-cron.php?doing_wp_cron=1774013796.8989219665527343750000 HTTP/1.1" 200 - "https://69b4844ae61d4e92bf26ad98af552775-devsite.readyship.co/wp-cron.php?doing_wp_cron=1774013796.8989219665527343750000" "WordPress/5.1.19; https://69b4844ae61d4e92bf26ad98af552775-devsite.readyship.co"
64.252.68.102 - - [20/Mar/2026:13:36:36 +0000] "GET /?p=7447 HTTP/1.1" 200 21264 "-" "Amazon CloudFront"
64.252.77.92 - - [20/Mar/2026:13:36:41 +0000] "GET /?p=90618 HTTP/1.1" 200 18091 "-" "Amazon CloudFront"
64.252.76.63 - - [20/Mar/2026:13:36:41 +0000] "GET /?p=90600 HTTP/1.1" 200 18035 "-" "Amazon CloudFront"
15.158.215.109 - - [20/Mar/2026:13:37:31 +0000] "POST /wp-cron.php?doing_wp_cron=1774013851.4559719562530517578125 HTTP/1.1" 200 - "https://69b4844ae61d4e92bf26ad98af552775-devsite.readyship.co/wp-cron.php?doing_wp_cron=1774013851.4559719562530517578125" "WordPress/5.1.19; https://69b4844ae61d4e92bf26ad98af552775-devsite.readyship.co"
64.252.76.63 - - [20/Mar/2026:13:37:31 +0000] "GET /?p=90610 HTTP/1.1" 200 15919 "-" "Amazon CloudFront"
64.252.76.63 - - [20/Mar/2026:13:37:31 +0000] "GET /?p=90612 HTTP/1.1" 200 23782 "-" "Amazon CloudFront"
64.252.77.92 - - [20/Mar/2026:13:37:32 +0000] "GET /?p=90616 HTTP/1.1" 200 20736 "-" "Amazon CloudFront"
64.252.77.92 - - [20/Mar/2026:13:37:44 +0000] "GET /?p=90580 HTTP/1.1" 200 17957 "-" "Amazon CloudFront"
64.252.77.92 - - [20/Mar/2026:13:37:44 +0000] "GET /?p=90614 HTTP/1.1" 200 17113 "-" "Amazon CloudFront"
64.252.77.92 - - [20/Mar/2026:13:37:45 +0000] "GET /?p=32846 HTTP/1.1" 200 17329 "-" "Amazon CloudFront"
64.252.68.139 - - [20/Mar/2026:13:37:45 +0000] "GET /?p=67878 HTTP/1.1" 200 21888 "-" "Amazon CloudFront"
64.252.66.156 - - [20/Mar/2026:13:37:52 +0000] "GET /?p=62577 HTTP/1.1" 200 14136 "-" "Amazon CloudFront"
64.252.77.92 - - [20/Mar/2026:13:38:07 +0000] "GET /?p=90598 HTTP/1.1" 200 17327 "-" "Amazon CloudFront"
64.252.76.63 - - [20/Mar/2026:13:38:07 +0000] "GET /?p=90592 HTTP/1.1" 200 17498 "-" "Amazon CloudFront"
64.252.76.215 - - [20/Mar/2026:13:38:08 +0000] "GET /?p=90582 HTTP/1.1" 200 16551 "-" "Amazon CloudFront"
15.158.215.109 - - [20/Mar/2026:13:38:35 +0000] "POST /wp-cron.php?doing_wp_cron=1774013915.1950008869171142578125 HTTP/1.1" 200 - "https://69b4844ae61d4e92bf26ad98af552775-devsite.readyship.co/wp-cron.php?doing_wp_cron=1774013915.1950008869171142578125" "WordPress/5.1.19; https://69b4844ae61d4e92bf26ad98af552775-devsite.readyship.co"
64.252.68.203 - - [20/Mar/2026:13:38:34 +0000] "GET /?p=48612 HTTP/1.1" 200 21580 "-" "Amazon CloudFront"
64.252.76.215 - - [20/Mar/2026:13:38:59 +0000] "GET /?p=90596 HTTP/1.1" 200 18152 "-" "Amazon CloudFront"
64.252.76.215 - - [20/Mar/2026:13:38:59 +0000] "GET /?p=90594 HTTP/1.1" 200 17566 "-" "Amazon CloudFront"
64.252.76.215 - - [20/Mar/2026:13:39:00 +0000] "GET /?p=90584 HTTP/1.1" 200 18464 "-" "Amazon CloudFront"
64.252.77.92 - - [20/Mar/2026:13:39:05 +0000] "GET /?feed=rss2&p=90657 HTTP/1.1" 200 519 "-" "Amazon CloudFront"
64.252.76.63 - - [20/Mar/2026:13:39:04 +0000] "GET /?p=90588 HTTP/1.1" 200 15890 "-" "Amazon CloudFront"
15.158.215.109 - - [20/Mar/2026:13:39:30 +0000] "POST /wp-cron.php?doing_wp_cron=1774013970.0881860256195068359375 HTTP/1.1" 200 - "https://69b4844ae61d4e92bf26ad98af552775-devsite.readyship.co/wp-cron.php?doing_wp_cron=1774013970.0881860256195068359375" "WordPress/5.1.19; https://69b4844ae61d4e92bf26ad98af552775-devsite.readyship.co"
64.252.76.215 - - [20/Mar/2026:13:39:29 +0000] "GET /?feed=rss2&p=90643 HTTP/1.1" 200 483 "-" "Amazon CloudFront"
64.252.76.215 - - [20/Mar/2026:13:39:30 +0000] "GET /?p=90590 HTTP/1.1" 200 16028 "-" "Amazon CloudFront"
64.252.68.203 - - [20/Mar/2026:13:39:33 +0000] "GET /?p=83854 HTTP/1.1" 200 24899 "-" "Amazon CloudFront"
64.252.68.203 - - [20/Mar/2026:13:39:40 +0000] "GET /?p=5821 HTTP/1.1" 200 21886 "-" "Amazon CloudFront"
64.252.77.92 - - [20/Mar/2026:13:40:02 +0000] "GET /?feed=rss2&p=90635 HTTP/1.1" 200 539 "-" "Amazon CloudFront"
64.252.76.215 - - [20/Mar/2026:13:40:02 +0000] "GET /?feed=rss2&p=90653 HTTP/1.1" 200 504 "-" "Amazon CloudFront"
64.252.76.63 - - [20/Mar/2026:13:40:03 +0000] "GET /?feed=rss2&p=90641 HTTP/1.1" 200 519 "-" "Amazon CloudFront"
15.158.215.109 - - [20/Mar/2026:13:40:42 +0000] "POST /wp-cron.php?doing_wp_cron=1774014042.7578210830688476562500 HTTP/1.1" 200 - "https://69b4844ae61d4e92bf26ad98af552775-devsite.readyship.co/wp-cron.php?doing_wp_cron=1774014042.7578210830688476562500" "WordPress/5.1.19; https://69b4844ae61d4e92bf26ad98af552775-devsite.readyship.co"
15.158.215.109 - - [20/Mar/2026:13:40:42 +0000] "POST /wp-cron.php?doing_wp_cron=1774014042.7470400333404541015625 HTTP/1.1" 200 - "https://69b4844ae61d4e92bf26ad98af552775-devsite.readyship.co/wp-cron.php?doing_wp_cron=1774014042.7470400333404541015625" "WordPress/5.1.19; https://69b4844ae61d4e92bf26ad98af552775-devsite.readyship.co"
64.252.76.215 - - [20/Mar/2026:13:40:42 +0000] "GET /?feed=rss2&p=90639 HTTP/1.1" 200 516 "-" "Amazon CloudFront"
64.252.76.215 - - [20/Mar/2026:13:40:42 +0000] "GET /?feed=rss2&p=17307 HTTP/1.1" 200 515 "-" "Amazon CloudFront"
64.252.77.92 - - [20/Mar/2026:13:40:43 +0000] "GET /?feed=rss2&p=90637 HTTP/1.1" 200 494 "-" "Amazon CloudFront"
64.252.77.92 - - [20/Mar/2026:13:40:53 +0000] "GET /?feed=rss2&p=90631 HTTP/1.1" 200 515 "-" "Amazon CloudFront"
64.252.77.92 - - [20/Mar/2026:13:40:54 +0000] "GET /?feed=rss2&p=17291 HTTP/1.1" 200 535 "-" "Amazon CloudFront"
64.252.76.63 - - [20/Mar/2026:13:40:53 +0000] "GET /?feed=rss2&p=90627 HTTP/1.1" 200 512 "-" "Amazon CloudFront"
64.252.76.63 - - [20/Mar/2026:13:41:09 +0000] "GET /?feed=rss2&p=90647 HTTP/1.1" 200 547 "-" "Amazon CloudFront"
64.252.76.215 - - [20/Mar/2026:13:41:10 +0000] "GET /?feed=rss2&p=32848 HTTP/1.1" 200 541 "-" "Amazon CloudFront"
64.252.68.139 - - [20/Mar/2026:13:41:16 +0000] "GET /?p=13863 HTTP/1.1" 200 14467 "-" "Amazon CloudFront"
15.158.215.109 - - [20/Mar/2026:13:41:29 +0000] "POST /wp-cron.php?doing_wp_cron=1774014089.1300809383392333984375 HTTP/1.1" 200 - "https://69b4844ae61d4e92bf26ad98af552775-devsite.readyship.co/wp-cron.php?doing_wp_cron=1774014089.1300809383392333984375" "WordPress/5.1.19; https://69b4844ae61d4e92bf26ad98af552775-devsite.readyship.co"
64.252.68.139 - - [20/Mar/2026:13:41:28 +0000] "GET /?p=38440 HTTP/1.1" 200 19424 "-" "Amazon CloudFront"
3.172.61.7 - - [20/Mar/2026:13:41:54 +0000] "POST /?wc-ajax=get_refreshed_fragments HTTP/1.1" 200 200 "-" "Amazon CloudFront"
64.252.68.102 - - [20/Mar/2026:13:42:03 +0000] "GET /?p=82634 HTTP/1.1" 200 21077 "-" "Amazon CloudFront"
64.252.76.215 - - [20/Mar/2026:13:42:06 +0000] "GET /?feed=rss2&p=90651 HTTP/1.1" 200 487 "-" "Amazon CloudFront"
64.252.76.63 - - [20/Mar/2026:13:42:16 +0000] "GET /?feed=rss2&p=17295 HTTP/1.1" 200 518 "-" "Amazon CloudFront"
64.252.76.63 - - [20/Mar/2026:13:42:17 +0000] "GET /?feed=rss2&p=17319 HTTP/1.1" 200 518 "-" "Amazon CloudFront"
64.252.76.63 - - [20/Mar/2026:13:42:17 +0000] "GET /?feed=rss2&p=17323 HTTP/1.1" 200 499 "-" "Amazon CloudFront"
15.158.215.109 - - [20/Mar/2026:13:42:28 +0000] "POST /wp-cron.php?doing_wp_cron=1774014147.9646849632263183593750 HTTP/1.1" 200 - "https://69b4844ae61d4e92bf26ad98af552775-devsite.readyship.co/wp-cron.php?doing_wp_cron=1774014147.9646849632263183593750" "WordPress/5.1.19; https://69b4844ae61d4e92bf26ad98af552775-devsite.readyship.co"
64.252.68.102 - - [20/Mar/2026:13:42:27 +0000] "GET /?p=83836 HTTP/1.1" 200 14862 "-" "Amazon CloudFront"
64.252.76.63 - - [20/Mar/2026:13:42:41 +0000] "GET /?cat=1&paged=311 HTTP/1.1" 200 11414 "-" "Amazon CloudFront"
64.252.76.63 - - [20/Mar/2026:13:42:52 +0000] "GET /?feed=rss2&p=90625 HTTP/1.1" 200 518 "-" "Amazon CloudFront"
64.252.77.92 - - [20/Mar/2026:13:42:52 +0000] "GET /?feed=rss2&p=90620 HTTP/1.1" 200 498 "-" "Amazon CloudFront"
64.252.76.63 - - [20/Mar/2026:13:42:53 +0000] "GET /?feed=rss2&p=90622 HTTP/1.1" 200 545 "-" "Amazon CloudFront"
64.252.68.203 - - [20/Mar/2026:13:43:01 +0000] "GET /?p=10947 HTTP/1.1" 200 15044 "-" "Amazon CloudFront"
15.158.215.109 - - [20/Mar/2026:13:43:39 +0000] "POST /wp-cron.php?doing_wp_cron=1774014219.6510319709777832031250 HTTP/1.1" 200 - "https://69b4844ae61d4e92bf26ad98af552775-devsite.readyship.co/wp-cron.php?doing_wp_cron=1774014219.6510319709777832031250" "WordPress/5.1.19; https://69b4844ae61d4e92bf26ad98af552775-devsite.readyship.co"
64.252.76.215 - - [20/Mar/2026:13:43:39 +0000] "GET /?cat=1&paged=312 HTTP/1.1" 200 11264 "-" "Amazon CloudFront"
64.252.77.92 - - [20/Mar/2026:13:44:08 +0000] "GET /?p=90586 HTTP/1.1" 200 17171 "-" "Amazon CloudFront"
64.252.76.63 - - [20/Mar/2026:13:44:08 +0000] "GET /?p=90606 HTTP/1.1" 200 15943 "-" "Amazon CloudFront"
64.252.76.63 - - [20/Mar/2026:13:44:09 +0000] "GET /?p=90608 HTTP/1.1" 200 17447 "-" "Amazon CloudFront"
15.158.215.109 - - [20/Mar/2026:13:44:32 +0000] "POST /wp-cron.php?doing_wp_cron=1774014272.1861770153045654296875 HTTP/1.1" 200 - "https://69b4844ae61d4e92bf26ad98af552775-devsite.readyship.co/wp-cron.php?doing_wp_cron=1774014272.1861770153045654296875" "WordPress/5.1.19; https://69b4844ae61d4e92bf26ad98af552775-devsite.readyship.co"
64.252.66.156 - - [20/Mar/2026:13:44:31 +0000] "GET /?p=8244 HTTP/1.1" 200 15850 "-" "Amazon CloudFront"
64.252.68.203 - - [20/Mar/2026:13:44:59 +0000] "GET /?p=67400 HTTP/1.1" 200 14056 "-" "Amazon CloudFront"
15.158.215.109 - - [20/Mar/2026:13:45:31 +0000] "POST /wp-cron.php?doing_wp_cron=1774014331.9590549468994140625000 HTTP/1.1" 200 - "https://69b4844ae61d4e92bf26ad98af552775-devsite.readyship.co/wp-cron.php?doing_wp_cron=1774014331.9590549468994140625000" "WordPress/5.1.19; https://69b4844ae61d4e92bf26ad98af552775-devsite.readyship.co"
64.252.68.102 - - [20/Mar/2026:13:45:31 +0000] "GET /?p=70758 HTTP/1.1" 200 14972 "-" "Amazon CloudFront"
64.252.66.156 - - [20/Mar/2026:13:45:34 +0000] "GET /?p=79921 HTTP/1.1" 200 17271 "-" "Amazon CloudFront"
15.158.215.109 - - [20/Mar/2026:13:46:25 +0000] "POST /wp-cron.php?doing_wp_cron=1774014385.2030510902404785156250 HTTP/1.1" 200 - "https://69b4844ae61d4e92bf26ad98af552775-devsite.readyship.co/wp-cron.php?doing_wp_cron=1774014385.2030510902404785156250" "WordPress/5.1.19; https://69b4844ae61d4e92bf26ad98af552775-devsite.readyship.co"
64.252.76.215 - - [20/Mar/2026:13:46:24 +0000] "GET /?feed=rss2&p=17313 HTTP/1.1" 200 491 "-" "Amazon CloudFront"
64.252.68.139 - - [20/Mar/2026:13:46:28 +0000] "GET /?p=27672 HTTP/1.1" 200 14859 "-" "Amazon CloudFront"
64.252.68.203 - - [20/Mar/2026:13:46:44 +0000] "GET /?cat=1&paged=37 HTTP/1.1" 200 11727 "-" "Amazon CloudFront"
64.252.66.156 - - [20/Mar/2026:13:47:09 +0000] "GET /?cat=119 HTTP/1.1" 200 9780 "-" "Amazon CloudFront"
64.252.68.139 - - [20/Mar/2026:13:47:11 +0000] "GET /?p=91956 HTTP/1.1" 200 17381 "-" "Amazon CloudFront"
64.252.68.203 - - [20/Mar/2026:13:47:17 +0000] "GET /?cat=182 HTTP/1.1" 200 9511 "-" "Amazon CloudFront"
64.252.66.156 - - [20/Mar/2026:13:47:21 +0000] "GET /?p=67382 HTTP/1.1" 200 20720 "-" "Amazon CloudFront"
15.158.215.109 - - [20/Mar/2026:13:48:23 +0000] "POST /wp-cron.php?doing_wp_cron=1774014503.1414840221405029296875 HTTP/1.1" 200 - "https://69b4844ae61d4e92bf26ad98af552775-devsite.readyship.co/wp-cron.php?doing_wp_cron=1774014503.1414840221405029296875" "WordPress/5.1.19; https://69b4844ae61d4e92bf26ad98af552775-devsite.readyship.co"
64.252.76.215 - - [20/Mar/2026:13:48:22 +0000] "GET /?feed=rss2&p=17303 HTTP/1.1" 200 570 "-" "Amazon CloudFront"
64.252.68.139 - - [20/Mar/2026:13:48:47 +0000] "GET /?page_id=2807&paged=4525 HTTP/1.1" 200 11666 "-" "Amazon CloudFront"
64.252.66.156 - - [20/Mar/2026:13:48:54 +0000] "GET /?p=81076 HTTP/1.1" 200 14607 "-" "Amazon CloudFront"
64.252.77.92 - - [20/Mar/2026:13:48:58 +0000] "GET /?feed=rss2&p=17327 HTTP/1.1" 200 511 "-" "Amazon CloudFront"
15.158.215.109 - - [20/Mar/2026:13:49:54 +0000] "POST /wp-cron.php?doing_wp_cron=1774014594.1029961109161376953125 HTTP/1.1" 200 - "https://69b4844ae61d4e92bf26ad98af552775-devsite.readyship.co/wp-cron.php?doing_wp_cron=1774014594.1029961109161376953125" "WordPress/5.1.19; https://69b4844ae61d4e92bf26ad98af552775-devsite.readyship.co"
64.252.68.203 - - [20/Mar/2026:13:49:53 +0000] "GET /?p=5706 HTTP/1.1" 200 16290 "-" "Amazon CloudFront"
15.158.215.109 - - [20/Mar/2026:13:51:07 +0000] "POST /wp-cron.php?doing_wp_cron=1774014667.7611119747161865234375 HTTP/1.1" 200 - "https://69b4844ae61d4e92bf26ad98af552775-devsite.readyship.co/wp-cron.php?doing_wp_cron=1774014667.7611119747161865234375" "WordPress/5.1.19; https://69b4844ae61d4e92bf26ad98af552775-devsite.readyship.co"
3.172.45.105 - - [20/Mar/2026:13:51:07 +0000] "POST /xmlrpc.php HTTP/1.1" 200 403 "-" "Mozilla/5.0 (Windows NT 10.0; Win64; x64) AppleWebKit/537.36 (KHTML, like Gecko) Chrome/114.0.0.0 Safari/537.36"
3.172.45.105 - - [20/Mar/2026:13:51:10 +0000] "POST /xmlrpc.php HTTP/1.1" 200 403 "-" "Mozilla/5.0 (Windows NT 10.0; Win64; x64) AppleWebKit/537.36 (KHTML, like Gecko) Chrome/114.0.0.0 Safari/537.36"
15.158.215.109 - - [20/Mar/2026:13:51:44 +0000] "POST /wp-cron.php?doing_wp_cron=1774014704.0361909866333007812500 HTTP/1.1" 200 - "https://69b4844ae61d4e92bf26ad98af552775-devsite.readyship.co/wp-cron.php?doing_wp_cron=1774014704.0361909866333007812500" "WordPress/5.1.19; https://69b4844ae61d4e92bf26ad98af552775-devsite.readyship.co"
64.252.68.102 - - [20/Mar/2026:13:51:43 +0000] "GET /?p=55289 HTTP/1.1" 200 16600 "-" "Amazon CloudFront"
3.172.45.105 - - [20/Mar/2026:13:52:02 +0000] "POST /xmlrpc.php HTTP/1.1" 200 403 "-" "Mozilla/5.0 (Windows NT 10.0; Win64; x64) AppleWebKit/537.36 (KHTML, like Gecko) Chrome/114.0.0.0 Safari/537.36"
3.172.45.105 - - [20/Mar/2026:13:52:03 +0000] "POST /xmlrpc.php HTTP/1.1" 200 403 "-" "Mozilla/5.0 (Windows NT 10.0; Win64; x64) AppleWebKit/537.36 (KHTML, like Gecko) Chrome/114.0.0.0 Safari/537.36"
15.158.215.109 - - [20/Mar/2026:13:52:36 +0000] "POST /wp-cron.php?doing_wp_cron=1774014756.6165599822998046875000 HTTP/1.1" 200 - "https://69b4844ae61d4e92bf26ad98af552775-devsite.readyship.co/wp-cron.php?doing_wp_cron=1774014756.6165599822998046875000" "WordPress/5.1.19; https://69b4844ae61d4e92bf26ad98af552775-devsite.readyship.co"
64.252.68.203 - - [20/Mar/2026:13:52:36 +0000] "GET /?p=96157 HTTP/1.1" 200 15350 "-" "Amazon CloudFront"
64.252.66.156 - - [20/Mar/2026:13:52:49 +0000] "GET /?p=12705 HTTP/1.1" 200 14149 "-" "Amazon CloudFront"
64.252.76.215 - - [20/Mar/2026:13:52:51 +0000] "GET /?feed=rss2&p=17325 HTTP/1.1" 200 521 "-" "Amazon CloudFront"
64.252.68.102 - - [20/Mar/2026:13:52:53 +0000] "GET /?p=96583 HTTP/1.1" 200 16435 "-" "Amazon CloudFront"
15.158.215.109 - - [20/Mar/2026:13:54:11 +0000] "POST /wp-cron.php?doing_wp_cron=1774014851.6610150337219238281250 HTTP/1.1" 200 - "https://69b4844ae61d4e92bf26ad98af552775-devsite.readyship.co/wp-cron.php?doing_wp_cron=1774014851.6610150337219238281250" "WordPress/5.1.19; https://69b4844ae61d4e92bf26ad98af552775-devsite.readyship.co"
64.252.66.156 - - [20/Mar/2026:13:54:11 +0000] "GET /?p=86295 HTTP/1.1" 200 16929 "-" "Amazon CloudFront"
15.158.215.109 - - [20/Mar/2026:13:54:25 +0000] "POST /wp-cron.php?doing_wp_cron=1774014864.9921059608459472656250 HTTP/1.1" 200 - "https://69b4844ae61d4e92bf26ad98af552775-devsite.readyship.co/wp-cron.php?doing_wp_cron=1774014864.9921059608459472656250" "WordPress/5.1.19; https://69b4844ae61d4e92bf26ad98af552775-devsite.readyship.co"
64.252.66.156 - - [20/Mar/2026:13:54:24 +0000] "GET /?p=68638 HTTP/1.1" 200 14644 "-" "Amazon CloudFront"
64.252.76.215 - - [20/Mar/2026:13:54:25 +0000] "GET /?p=17359 HTTP/1.1" 200 14468 "-" "Amazon CloudFront"
64.252.77.92 - - [20/Mar/2026:13:54:25 +0000] "GET /?p=17367 HTTP/1.1" 200 14514 "-" "Amazon CloudFront"
64.252.77.92 - - [20/Mar/2026:13:54:26 +0000] "GET /?p=17331 HTTP/1.1" 200 14772 "-" "Amazon CloudFront"
64.252.77.92 - - [20/Mar/2026:13:54:30 +0000] "GET /?p=17341 HTTP/1.1" 200 15697 "-" "Amazon CloudFront"
64.252.77.92 - - [20/Mar/2026:13:55:11 +0000] "GET /?p=17337 HTTP/1.1" 200 14465 "-" "Amazon CloudFront"
64.252.76.215 - - [20/Mar/2026:13:55:11 +0000] "GET /?p=17347 HTTP/1.1" 200 14570 "-" "Amazon CloudFront"
64.252.77.92 - - [20/Mar/2026:13:55:19 +0000] "GET /?p=17353 HTTP/1.1" 200 14412 "-" "Amazon CloudFront"
64.252.76.215 - - [20/Mar/2026:13:55:19 +0000] "GET /?p=17339 HTTP/1.1" 200 15171 "-" "Amazon CloudFront"
15.158.215.109 - - [20/Mar/2026:13:55:41 +0000] "POST /wp-cron.php?doing_wp_cron=1774014941.7722730636596679687500 HTTP/1.1" 200 - "https://69b4844ae61d4e92bf26ad98af552775-devsite.readyship.co/wp-cron.php?doing_wp_cron=1774014941.7722730636596679687500" "WordPress/5.1.19; https://69b4844ae61d4e92bf26ad98af552775-devsite.readyship.co"
64.252.66.156 - - [20/Mar/2026:13:55:41 +0000] "GET /?p=93987 HTTP/1.1" 200 14915 "-" "Amazon CloudFront"
64.252.76.63 - - [20/Mar/2026:13:55:59 +0000] "GET /?p=17343 HTTP/1.1" 200 15246 "-" "Amazon CloudFront"
64.252.76.215 - - [20/Mar/2026:13:55:59 +0000] "GET /?p=17335 HTTP/1.1" 200 15137 "-" "Amazon CloudFront"
64.252.76.215 - - [20/Mar/2026:13:56:00 +0000] "GET /?p=17349 HTTP/1.1" 200 14461 "-" "Amazon CloudFront"
64.252.77.92 - - [20/Mar/2026:13:56:01 +0000] "GET /?p=17333 HTTP/1.1" 200 15363 "-" "Amazon CloudFront"
15.158.215.109 - - [20/Mar/2026:13:56:23 +0000] "POST /wp-cron.php?doing_wp_cron=1774014983.3070600032806396484375 HTTP/1.1" 200 - "https://69b4844ae61d4e92bf26ad98af552775-devsite.readyship.co/wp-cron.php?doing_wp_cron=1774014983.3070600032806396484375" "WordPress/5.1.19; https://69b4844ae61d4e92bf26ad98af552775-devsite.readyship.co"
64.252.68.102 - - [20/Mar/2026:13:56:22 +0000] "GET /?cat=1&paged=4104 HTTP/1.1" 200 11315 "-" "Amazon CloudFront"
64.252.66.156 - - [20/Mar/2026:13:56:28 +0000] "GET /?p=68656 HTTP/1.1" 200 14017 "-" "Amazon CloudFront"
64.252.76.63 - - [20/Mar/2026:13:56:40 +0000] "GET /?feed=rss2&p=17293 HTTP/1.1" 200 513 "-" "Amazon CloudFront"
64.252.77.92 - - [20/Mar/2026:13:56:40 +0000] "GET /?p=17365 HTTP/1.1" 200 14416 "-" "Amazon CloudFront"
64.252.68.102 - - [20/Mar/2026:13:56:42 +0000] "GET /?p=13867 HTTP/1.1" 200 15895 "-" "Amazon CloudFront"
64.252.77.92 - - [20/Mar/2026:13:56:45 +0000] "GET /?feed=rss2&p=17301 HTTP/1.1" 200 523 "-" "Amazon CloudFront"
64.252.76.215 - - [20/Mar/2026:13:56:45 +0000] "GET /?feed=rss2&p=17329 HTTP/1.1" 200 523 "-" "Amazon CloudFront"
64.252.68.139 - - [20/Mar/2026:13:57:16 +0000] "GET /?p=42642 HTTP/1.1" 200 14842 "-" "Amazon CloudFront"
64.252.77.92 - - [20/Mar/2026:13:57:21 +0000] "GET /?feed=rss2&p=17305 HTTP/1.1" 200 524 "-" "Amazon CloudFront"
64.252.76.215 - - [20/Mar/2026:13:57:21 +0000] "GET /?feed=rss2&p=17311 HTTP/1.1" 200 514 "-" "Amazon CloudFront"
64.252.76.63 - - [20/Mar/2026:13:57:32 +0000] "GET /?cat=1&paged=3919 HTTP/1.1" 200 11226 "-" "Amazon CloudFront"
64.252.76.63 - - [20/Mar/2026:13:57:32 +0000] "GET /?cat=1&paged=3920 HTTP/1.1" 200 11305 "-" "Amazon CloudFront"
15.158.215.109 - - [20/Mar/2026:13:57:33 +0000] "POST /wp-cron.php?doing_wp_cron=1774015053.2351830005645751953125 HTTP/1.1" 200 - "https://69b4844ae61d4e92bf26ad98af552775-devsite.readyship.co/wp-cron.php?doing_wp_cron=1774015053.2351830005645751953125" "WordPress/5.1.19; https://69b4844ae61d4e92bf26ad98af552775-devsite.readyship.co"
64.252.76.63 - - [20/Mar/2026:13:57:48 +0000] "GET /?page_id=2807&paged=4257 HTTP/1.1" 200 11359 "-" "Amazon CloudFront"
64.252.76.63 - - [20/Mar/2026:13:57:48 +0000] "GET /?page_id=2807&paged=4256 HTTP/1.1" 200 11492 "-" "Amazon CloudFront"
64.252.77.92 - - [20/Mar/2026:13:57:53 +0000] "GET /?feed=rss2&p=17321 HTTP/1.1" 200 526 "-" "Amazon CloudFront"
