18.68.51.43 - - [18/Mar/2026:10:57:42 +0000] "POST / HTTP/1.1" 200 25714 "-" "Amazon CloudFront"
15.158.215.109 - - [18/Mar/2026:10:59:20 +0000] "POST /wp-cron.php?doing_wp_cron=1773831560.7163410186767578125000 HTTP/1.1" 200 - "https://69b4844ae61d4e92bf26ad98af552775-devsite.readyship.co/wp-cron.php?doing_wp_cron=1773831560.7163410186767578125000" "WordPress/5.1.19; https://69b4844ae61d4e92bf26ad98af552775-devsite.readyship.co"
64.252.74.218 - - [18/Mar/2026:10:59:20 +0000] "GET /?p=38694 HTTP/1.1" 200 16324 "-" "Amazon CloudFront"
15.158.215.109 - - [18/Mar/2026:10:59:31 +0000] "POST /wp-cron.php?doing_wp_cron=1773831571.6346290111541748046875 HTTP/1.1" 200 - "https://69b4844ae61d4e92bf26ad98af552775-devsite.readyship.co/wp-cron.php?doing_wp_cron=1773831571.6346290111541748046875" "WordPress/5.1.19; https://69b4844ae61d4e92bf26ad98af552775-devsite.readyship.co"
64.252.74.61 - - [18/Mar/2026:10:59:31 +0000] "GET /?feed=rss2&p=38692 HTTP/1.1" 200 505 "-" "Amazon CloudFront"
15.158.215.109 - - [18/Mar/2026:11:01:56 +0000] "POST /wp-cron.php?doing_wp_cron=1773831716.8470599651336669921875 HTTP/1.1" 200 - "https://69b4844ae61d4e92bf26ad98af552775-devsite.readyship.co/wp-cron.php?doing_wp_cron=1773831716.8470599651336669921875" "WordPress/5.1.19; https://69b4844ae61d4e92bf26ad98af552775-devsite.readyship.co"
64.252.76.215 - - [18/Mar/2026:11:01:56 +0000] "GET /?p=25998 HTTP/1.1" 200 22904 "-" "Amazon CloudFront"
15.158.215.109 - - [18/Mar/2026:11:02:30 +0000] "POST /wp-cron.php?doing_wp_cron=1773831750.1167368888854980468750 HTTP/1.1" 200 - "https://69b4844ae61d4e92bf26ad98af552775-devsite.readyship.co/wp-cron.php?doing_wp_cron=1773831750.1167368888854980468750" "WordPress/5.1.19; https://69b4844ae61d4e92bf26ad98af552775-devsite.readyship.co"
64.252.68.102 - - [18/Mar/2026:11:02:29 +0000] "GET /?p=27666 HTTP/1.1" 200 15973 "-" "Amazon CloudFront"
15.158.215.109 - - [18/Mar/2026:11:05:57 +0000] "POST /wp-cron.php?doing_wp_cron=1773831957.8819630146026611328125 HTTP/1.1" 200 - "https://69b4844ae61d4e92bf26ad98af552775-devsite.readyship.co/wp-cron.php?doing_wp_cron=1773831957.8819630146026611328125" "WordPress/5.1.19; https://69b4844ae61d4e92bf26ad98af552775-devsite.readyship.co"
64.252.68.102 - - [18/Mar/2026:11:05:57 +0000] "GET /?p=36179 HTTP/1.1" 200 17562 "-" "Amazon CloudFront"
15.158.215.109 - - [18/Mar/2026:11:09:41 +0000] "POST /wp-cron.php?doing_wp_cron=1773832181.3700640201568603515625 HTTP/1.1" 200 - "https://69b4844ae61d4e92bf26ad98af552775-devsite.readyship.co/wp-cron.php?doing_wp_cron=1773832181.3700640201568603515625" "WordPress/5.1.19; https://69b4844ae61d4e92bf26ad98af552775-devsite.readyship.co"
64.252.74.218 - - [18/Mar/2026:11:09:41 +0000] "GET /?p=16183 HTTP/1.1" 200 15553 "-" "Amazon CloudFront"
15.158.215.109 - - [18/Mar/2026:11:10:33 +0000] "POST /wp-cron.php?doing_wp_cron=1773832233.9370861053466796875000 HTTP/1.1" 200 - "https://69b4844ae61d4e92bf26ad98af552775-devsite.readyship.co/wp-cron.php?doing_wp_cron=1773832233.9370861053466796875000" "WordPress/5.1.19; https://69b4844ae61d4e92bf26ad98af552775-devsite.readyship.co"
64.252.74.61 - - [18/Mar/2026:11:10:33 +0000] "GET /?p=79967 HTTP/1.1" 200 26338 "-" "Amazon CloudFront"
64.252.74.218 - - [18/Mar/2026:11:10:39 +0000] "GET /?p=16181 HTTP/1.1" 200 17823 "-" "Amazon CloudFront"
64.252.68.102 - - [18/Mar/2026:11:11:00 +0000] "GET /?p=13659 HTTP/1.1" 200 15548 "-" "Amazon CloudFront"
15.158.215.109 - - [18/Mar/2026:11:11:15 +0000] "POST /wp-cron.php?doing_wp_cron=1773832275.2145020961761474609375 HTTP/1.1" 200 - "https://69b4844ae61d4e92bf26ad98af552775-devsite.readyship.co/wp-cron.php?doing_wp_cron=1773832275.2145020961761474609375" "WordPress/5.1.19; https://69b4844ae61d4e92bf26ad98af552775-devsite.readyship.co"
64.252.74.218 - - [18/Mar/2026:11:11:15 +0000] "GET /?p=16175 HTTP/1.1" 200 15722 "-" "Amazon CloudFront"
64.252.76.215 - - [18/Mar/2026:11:11:14 +0000] "GET /?p=16169 HTTP/1.1" 200 15370 "-" "Amazon CloudFront"
15.158.215.109 - - [18/Mar/2026:11:11:43 +0000] "POST /wp-cron.php?doing_wp_cron=1773832303.1785879135131835937500 HTTP/1.1" 200 - "https://69b4844ae61d4e92bf26ad98af552775-devsite.readyship.co/wp-cron.php?doing_wp_cron=1773832303.1785879135131835937500" "WordPress/5.1.19; https://69b4844ae61d4e92bf26ad98af552775-devsite.readyship.co"
64.252.68.203 - - [18/Mar/2026:11:11:42 +0000] "GET /?p=11021 HTTP/1.1" 200 17834 "-" "Amazon CloudFront"
64.252.76.215 - - [18/Mar/2026:11:12:16 +0000] "GET /?p=26829 HTTP/1.1" 200 17330 "-" "Amazon CloudFront"
64.252.74.218 - - [18/Mar/2026:11:12:16 +0000] "GET /?p=16185 HTTP/1.1" 200 15616 "-" "Amazon CloudFront"
15.158.215.109 - - [18/Mar/2026:11:12:52 +0000] "POST /wp-cron.php?doing_wp_cron=1773832372.8030569553375244140625 HTTP/1.1" 200 - "https://69b4844ae61d4e92bf26ad98af552775-devsite.readyship.co/wp-cron.php?doing_wp_cron=1773832372.8030569553375244140625" "WordPress/5.1.19; https://69b4844ae61d4e92bf26ad98af552775-devsite.readyship.co"
64.252.76.215 - - [18/Mar/2026:11:12:52 +0000] "GET /?p=16177 HTTP/1.1" 200 15907 "-" "Amazon CloudFront"
64.252.74.61 - - [18/Mar/2026:11:12:57 +0000] "GET /?feed=rss2&p=16149 HTTP/1.1" 200 510 "-" "Amazon CloudFront"
64.252.76.215 - - [18/Mar/2026:11:12:58 +0000] "GET /?feed=rss2&p=16129 HTTP/1.1" 200 509 "-" "Amazon CloudFront"
64.252.74.218 - - [18/Mar/2026:11:13:04 +0000] "GET /?feed=rss2&p=79965 HTTP/1.1" 200 518 "-" "Amazon CloudFront"
64.252.74.218 - - [18/Mar/2026:11:13:04 +0000] "GET /?p=16179 HTTP/1.1" 200 15904 "-" "Amazon CloudFront"
15.158.215.109 - - [18/Mar/2026:11:13:37 +0000] "POST /wp-cron.php?doing_wp_cron=1773832417.6522789001464843750000 HTTP/1.1" 200 - "https://69b4844ae61d4e92bf26ad98af552775-devsite.readyship.co/wp-cron.php?doing_wp_cron=1773832417.6522789001464843750000" "WordPress/5.1.19; https://69b4844ae61d4e92bf26ad98af552775-devsite.readyship.co"
64.252.68.139 - - [18/Mar/2026:11:13:37 +0000] "GET /?p=9617 HTTP/1.1" 200 15555 "-" "Amazon CloudFront"
64.252.76.215 - - [18/Mar/2026:11:13:45 +0000] "GET /?feed=rss2&p=16163 HTTP/1.1" 200 514 "-" "Amazon CloudFront"
64.252.74.218 - - [18/Mar/2026:11:13:45 +0000] "GET /?feed=rss2&p=16147 HTTP/1.1" 200 496 "-" "Amazon CloudFront"
64.252.74.61 - - [18/Mar/2026:11:14:16 +0000] "GET /?feed=rss2&p=16153 HTTP/1.1" 200 523 "-" "Amazon CloudFront"
64.252.74.218 - - [18/Mar/2026:11:14:16 +0000] "GET /?feed=rss2&p=16155 HTTP/1.1" 200 524 "-" "Amazon CloudFront"
64.252.74.218 - - [18/Mar/2026:11:14:31 +0000] "GET /?feed=rss2&p=16157 HTTP/1.1" 200 524 "-" "Amazon CloudFront"
15.158.215.109 - - [18/Mar/2026:11:14:31 +0000] "POST /wp-cron.php?doing_wp_cron=1773832471.8093221187591552734375 HTTP/1.1" 200 - "https://69b4844ae61d4e92bf26ad98af552775-devsite.readyship.co/wp-cron.php?doing_wp_cron=1773832471.8093221187591552734375" "WordPress/5.1.19; https://69b4844ae61d4e92bf26ad98af552775-devsite.readyship.co"
64.252.74.61 - - [18/Mar/2026:11:14:31 +0000] "GET /?feed=rss2&p=16165 HTTP/1.1" 200 526 "-" "Amazon CloudFront"
64.252.76.215 - - [18/Mar/2026:11:15:12 +0000] "GET /?feed=rss2&p=16171 HTTP/1.1" 200 506 "-" "Amazon CloudFront"
15.158.215.109 - - [18/Mar/2026:11:15:23 +0000] "POST /wp-cron.php?doing_wp_cron=1773832523.8383269309997558593750 HTTP/1.1" 200 - "https://69b4844ae61d4e92bf26ad98af552775-devsite.readyship.co/wp-cron.php?doing_wp_cron=1773832523.8383269309997558593750" "WordPress/5.1.19; https://69b4844ae61d4e92bf26ad98af552775-devsite.readyship.co"
64.252.74.61 - - [18/Mar/2026:11:15:23 +0000] "GET /?feed=rss2&p=26831 HTTP/1.1" 200 485 "-" "Amazon CloudFront"
64.252.74.218 - - [18/Mar/2026:11:16:00 +0000] "GET /?feed=rss2&p=16167 HTTP/1.1" 200 546 "-" "Amazon CloudFront"
64.252.74.61 - - [18/Mar/2026:11:16:00 +0000] "GET /?feed=rss2&p=16141 HTTP/1.1" 200 517 "-" "Amazon CloudFront"
64.252.68.102 - - [18/Mar/2026:11:16:11 +0000] "GET /?p=67436 HTTP/1.1" 200 15408 "-" "Amazon CloudFront"
15.158.215.109 - - [18/Mar/2026:11:17:06 +0000] "POST /wp-cron.php?doing_wp_cron=1773832626.5207788944244384765625 HTTP/1.1" 200 - "https://69b4844ae61d4e92bf26ad98af552775-devsite.readyship.co/wp-cron.php?doing_wp_cron=1773832626.5207788944244384765625" "WordPress/5.1.19; https://69b4844ae61d4e92bf26ad98af552775-devsite.readyship.co"
64.252.74.61 - - [18/Mar/2026:11:17:06 +0000] "GET /?feed=rss2&p=16159 HTTP/1.1" 200 497 "-" "Amazon CloudFront"
15.158.215.109 - - [18/Mar/2026:11:17:23 +0000] "POST /wp-cron.php?doing_wp_cron=1773832643.0303010940551757812500 HTTP/1.1" 200 - "https://69b4844ae61d4e92bf26ad98af552775-devsite.readyship.co/wp-cron.php?doing_wp_cron=1773832643.0303010940551757812500" "WordPress/5.1.19; https://69b4844ae61d4e92bf26ad98af552775-devsite.readyship.co"
64.252.74.61 - - [18/Mar/2026:11:17:23 +0000] "GET /?p=16173 HTTP/1.1" 200 15857 "-" "Amazon CloudFront"
64.252.74.218 - - [18/Mar/2026:11:17:22 +0000] "GET /?p=16189 HTTP/1.1" 200 15576 "-" "Amazon CloudFront"
15.158.215.109 - - [18/Mar/2026:11:17:48 +0000] "POST /wp-cron.php?doing_wp_cron=1773832668.6814389228820800781250 HTTP/1.1" 200 - "https://69b4844ae61d4e92bf26ad98af552775-devsite.readyship.co/wp-cron.php?doing_wp_cron=1773832668.6814389228820800781250" "WordPress/5.1.19; https://69b4844ae61d4e92bf26ad98af552775-devsite.readyship.co"
64.252.74.61 - - [18/Mar/2026:11:17:48 +0000] "GET /?feed=rss2&p=16145 HTTP/1.1" 200 528 "-" "Amazon CloudFront"
64.252.74.218 - - [18/Mar/2026:11:17:48 +0000] "GET /?feed=rss2&p=16161 HTTP/1.1" 200 511 "-" "Amazon CloudFront"
15.158.215.109 - - [18/Mar/2026:11:18:35 +0000] "POST /wp-cron.php?doing_wp_cron=1773832715.1074531078338623046875 HTTP/1.1" 200 - "https://69b4844ae61d4e92bf26ad98af552775-devsite.readyship.co/wp-cron.php?doing_wp_cron=1773832715.1074531078338623046875" "WordPress/5.1.19; https://69b4844ae61d4e92bf26ad98af552775-devsite.readyship.co"
64.252.74.218 - - [18/Mar/2026:11:18:34 +0000] "GET /?cat=1&paged=3978 HTTP/1.1" 200 12688 "-" "Amazon CloudFront"
64.252.76.215 - - [18/Mar/2026:11:18:40 +0000] "GET /?p=16187 HTTP/1.1" 200 18061 "-" "Amazon CloudFront"
15.158.215.109 - - [18/Mar/2026:11:20:55 +0000] "POST /wp-cron.php?doing_wp_cron=1773832855.2710909843444824218750 HTTP/1.1" 200 - "https://69b4844ae61d4e92bf26ad98af552775-devsite.readyship.co/wp-cron.php?doing_wp_cron=1773832855.2710909843444824218750" "WordPress/5.1.19; https://69b4844ae61d4e92bf26ad98af552775-devsite.readyship.co"
64.252.74.61 - - [18/Mar/2026:11:20:54 +0000] "GET /?feed=rss2&p=16137 HTTP/1.1" 200 532 "-" "Amazon CloudFront"
15.158.215.109 - - [18/Mar/2026:11:22:34 +0000] "POST /wp-cron.php?doing_wp_cron=1773832954.3228878974914550781250 HTTP/1.1" 200 - "https://69b4844ae61d4e92bf26ad98af552775-devsite.readyship.co/wp-cron.php?doing_wp_cron=1773832954.3228878974914550781250" "WordPress/5.1.19; https://69b4844ae61d4e92bf26ad98af552775-devsite.readyship.co"
64.252.76.215 - - [18/Mar/2026:11:22:33 +0000] "GET /?feed=rss2&p=16135 HTTP/1.1" 200 501 "-" "Amazon CloudFront"
15.158.215.109 - - [18/Mar/2026:11:24:33 +0000] "POST /wp-cron.php?doing_wp_cron=1773833073.7536580562591552734375 HTTP/1.1" 200 - "https://69b4844ae61d4e92bf26ad98af552775-devsite.readyship.co/wp-cron.php?doing_wp_cron=1773833073.7536580562591552734375" "WordPress/5.1.19; https://69b4844ae61d4e92bf26ad98af552775-devsite.readyship.co"
64.252.68.102 - - [18/Mar/2026:11:24:33 +0000] "GET /?p=7597 HTTP/1.1" 200 18468 "-" "Amazon CloudFront"
15.158.215.109 - - [18/Mar/2026:11:25:44 +0000] "POST /wp-cron.php?doing_wp_cron=1773833143.9546918869018554687500 HTTP/1.1" 200 - "https://69b4844ae61d4e92bf26ad98af552775-devsite.readyship.co/wp-cron.php?doing_wp_cron=1773833143.9546918869018554687500" "WordPress/5.1.19; https://69b4844ae61d4e92bf26ad98af552775-devsite.readyship.co"
64.252.76.215 - - [18/Mar/2026:11:25:43 +0000] "GET /?p=16201 HTTP/1.1" 200 15891 "-" "Amazon CloudFront"
15.158.215.109 - - [18/Mar/2026:11:26:30 +0000] "POST /wp-cron.php?doing_wp_cron=1773833190.0812909603118896484375 HTTP/1.1" 200 - "https://69b4844ae61d4e92bf26ad98af552775-devsite.readyship.co/wp-cron.php?doing_wp_cron=1773833190.0812909603118896484375" "WordPress/5.1.19; https://69b4844ae61d4e92bf26ad98af552775-devsite.readyship.co"
64.252.76.215 - - [18/Mar/2026:11:26:29 +0000] "GET /?p=16205 HTTP/1.1" 200 15378 "-" "Amazon CloudFront"
64.252.74.218 - - [18/Mar/2026:11:26:56 +0000] "GET /?p=16207 HTTP/1.1" 200 15931 "-" "Amazon CloudFront"
64.252.74.61 - - [18/Mar/2026:11:27:13 +0000] "GET /?p=16209 HTTP/1.1" 200 15886 "-" "Amazon CloudFront"
15.158.215.109 - - [18/Mar/2026:11:27:30 +0000] "POST /wp-cron.php?doing_wp_cron=1773833250.6031129360198974609375 HTTP/1.1" 200 - "https://69b4844ae61d4e92bf26ad98af552775-devsite.readyship.co/wp-cron.php?doing_wp_cron=1773833250.6031129360198974609375" "WordPress/5.1.19; https://69b4844ae61d4e92bf26ad98af552775-devsite.readyship.co"
64.252.76.215 - - [18/Mar/2026:11:27:30 +0000] "GET /?p=16191 HTTP/1.1" 200 16735 "-" "Amazon CloudFront"
64.252.76.215 - - [18/Mar/2026:11:27:46 +0000] "GET /?p=16203 HTTP/1.1" 200 15595 "-" "Amazon CloudFront"
15.158.215.109 - - [18/Mar/2026:11:28:22 +0000] "POST /wp-cron.php?doing_wp_cron=1773833302.0934760570526123046875 HTTP/1.1" 200 - "https://69b4844ae61d4e92bf26ad98af552775-devsite.readyship.co/wp-cron.php?doing_wp_cron=1773833302.0934760570526123046875" "WordPress/5.1.19; https://69b4844ae61d4e92bf26ad98af552775-devsite.readyship.co"
64.252.74.61 - - [18/Mar/2026:11:28:21 +0000] "GET /?p=16197 HTTP/1.1" 200 15550 "-" "Amazon CloudFront"
64.252.76.215 - - [18/Mar/2026:11:28:57 +0000] "GET /?p=16199 HTTP/1.1" 200 16409 "-" "Amazon CloudFront"
64.252.76.215 - - [18/Mar/2026:11:29:08 +0000] "GET /?feed=rss2&p=16139 HTTP/1.1" 200 497 "-" "Amazon CloudFront"
64.252.74.218 - - [18/Mar/2026:11:29:14 +0000] "GET /?feed=rss2&p=16133 HTTP/1.1" 200 533 "-" "Amazon CloudFront"
15.158.215.109 - - [18/Mar/2026:11:30:05 +0000] "POST /wp-cron.php?doing_wp_cron=1773833405.5984370708465576171875 HTTP/1.1" 200 - "https://69b4844ae61d4e92bf26ad98af552775-devsite.readyship.co/wp-cron.php?doing_wp_cron=1773833405.5984370708465576171875" "WordPress/5.1.19; https://69b4844ae61d4e92bf26ad98af552775-devsite.readyship.co"
64.252.68.102 - - [18/Mar/2026:11:30:05 +0000] "GET /?p=8110 HTTP/1.1" 200 21053 "-" "Amazon CloudFront"
15.158.215.109 - - [18/Mar/2026:11:30:36 +0000] "POST /wp-cron.php?doing_wp_cron=1773833435.9739151000976562500000 HTTP/1.1" 200 - "https://69b4844ae61d4e92bf26ad98af552775-devsite.readyship.co/wp-cron.php?doing_wp_cron=1773833435.9739151000976562500000" "WordPress/5.1.19; https://69b4844ae61d4e92bf26ad98af552775-devsite.readyship.co"
64.252.74.218 - - [18/Mar/2026:11:30:35 +0000] "GET /?feed=rss2&p=16143 HTTP/1.1" 200 504 "-" "Amazon CloudFront"
64.252.74.218 - - [18/Mar/2026:11:30:52 +0000] "GET /?feed=rss2&p=16151 HTTP/1.1" 200 523 "-" "Amazon CloudFront"
64.252.68.102 - - [18/Mar/2026:11:31:08 +0000] "GET /?p=83848 HTTP/1.1" 200 14204 "-" "Amazon CloudFront"
15.158.215.109 - - [18/Mar/2026:11:32:15 +0000] "POST /wp-cron.php?doing_wp_cron=1773833535.1390149593353271484375 HTTP/1.1" 200 - "https://69b4844ae61d4e92bf26ad98af552775-devsite.readyship.co/wp-cron.php?doing_wp_cron=1773833535.1390149593353271484375" "WordPress/5.1.19; https://69b4844ae61d4e92bf26ad98af552775-devsite.readyship.co"
64.252.74.61 - - [18/Mar/2026:11:32:14 +0000] "GET /?cat=1&paged=3977 HTTP/1.1" 200 12679 "-" "Amazon CloudFront"
15.158.215.109 - - [18/Mar/2026:11:32:30 +0000] "POST /wp-cron.php?doing_wp_cron=1773833550.1230840682983398437500 HTTP/1.1" 200 - "https://69b4844ae61d4e92bf26ad98af552775-devsite.readyship.co/wp-cron.php?doing_wp_cron=1773833550.1230840682983398437500" "WordPress/5.1.19; https://69b4844ae61d4e92bf26ad98af552775-devsite.readyship.co"
64.252.76.215 - - [18/Mar/2026:11:32:29 +0000] "GET /?p=16195 HTTP/1.1" 200 15716 "-" "Amazon CloudFront"
15.158.215.109 - - [18/Mar/2026:11:33:46 +0000] "POST /wp-cron.php?doing_wp_cron=1773833625.9932630062103271484375 HTTP/1.1" 200 - "https://69b4844ae61d4e92bf26ad98af552775-devsite.readyship.co/wp-cron.php?doing_wp_cron=1773833625.9932630062103271484375" "WordPress/5.1.19; https://69b4844ae61d4e92bf26ad98af552775-devsite.readyship.co"
64.252.76.215 - - [18/Mar/2026:11:33:45 +0000] "GET /?p=16193 HTTP/1.1" 200 16764 "-" "Amazon CloudFront"
64.252.66.156 - - [18/Mar/2026:11:34:15 +0000] "GET /?healthcheck_timestamp=1773833446963 HTTP/1.1" 200 181511 "-" "Amazon CloudFront"
15.158.215.109 - - [18/Mar/2026:11:39:06 +0000] "POST /wp-cron.php?doing_wp_cron=1773833945.9030289649963378906250 HTTP/1.1" 200 - "https://69b4844ae61d4e92bf26ad98af552775-devsite.readyship.co/wp-cron.php?doing_wp_cron=1773833945.9030289649963378906250" "WordPress/5.1.19; https://69b4844ae61d4e92bf26ad98af552775-devsite.readyship.co"
3.172.9.110 - - [18/Mar/2026:11:39:05 +0000] "GET /wp-login.php HTTP/1.1" 200 1185 "https://69b4844ae61d4e92bf26ad98af552775-devsite.readyship.co/" "Mozilla/5.0 (Windows NT 10.0; Win64; x64) AppleWebKit/537.36 (KHTML, like Gecko) Chrome/142.0.0.0 Safari/537.36"
64.252.89.111 - - [18/Mar/2026:11:39:07 +0000] "GET /wp-admin/images/wordpress-logo.svg?ver=20131107 HTTP/1.1" 200 818 "-" "Amazon CloudFront"
3.172.9.110 - - [18/Mar/2026:11:39:09 +0000] "POST /wp-login.php HTTP/1.1" 200 1575 "https://69b4844ae61d4e92bf26ad98af552775-devsite.readyship.co/wp-login.php" "Mozilla/5.0 (Windows NT 10.0; Win64; x64) AppleWebKit/537.36 (KHTML, like Gecko) Chrome/142.0.0.0 Safari/537.36"
3.172.9.110 - - [18/Mar/2026:11:39:12 +0000] "POST /xmlrpc.php HTTP/1.1" 200 231 "-" "Mozilla/5.0 (Windows NT 10.0; Win64; x64) AppleWebKit/537.36 (KHTML, like Gecko) Chrome/142.0.0.0 Safari/537.36"
15.158.215.109 - - [18/Mar/2026:11:40:59 +0000] "POST /wp-cron.php?doing_wp_cron=1773834059.0369660854339599609375 HTTP/1.1" 200 - "https://69b4844ae61d4e92bf26ad98af552775-devsite.readyship.co/wp-cron.php?doing_wp_cron=1773834059.0369660854339599609375" "WordPress/5.1.19; https://69b4844ae61d4e92bf26ad98af552775-devsite.readyship.co"
64.252.68.102 - - [18/Mar/2026:11:40:58 +0000] "GET /?cat=104&paged=85 HTTP/1.1" 200 12469 "-" "Amazon CloudFront"
15.158.215.109 - - [18/Mar/2026:11:42:32 +0000] "POST /wp-cron.php?doing_wp_cron=1773834152.7489299774169921875000 HTTP/1.1" 200 - "https://69b4844ae61d4e92bf26ad98af552775-devsite.readyship.co/wp-cron.php?doing_wp_cron=1773834152.7489299774169921875000" "WordPress/5.1.19; https://69b4844ae61d4e92bf26ad98af552775-devsite.readyship.co"
64.252.74.61 - - [18/Mar/2026:11:42:32 +0000] "GET /?p=91763 HTTP/1.1" 200 19279 "-" "Amazon CloudFront"
64.252.76.215 - - [18/Mar/2026:11:42:32 +0000] "GET /?p=91789 HTTP/1.1" 200 19206 "-" "Amazon CloudFront"
64.252.74.61 - - [18/Mar/2026:11:42:53 +0000] "GET /?p=91791 HTTP/1.1" 200 15929 "-" "Amazon CloudFront"
64.252.74.218 - - [18/Mar/2026:11:42:53 +0000] "GET /?p=91773 HTTP/1.1" 200 16352 "-" "Amazon CloudFront"
15.158.215.109 - - [18/Mar/2026:11:43:29 +0000] "POST /wp-cron.php?doing_wp_cron=1773834209.1539089679718017578125 HTTP/1.1" 200 - "https://69b4844ae61d4e92bf26ad98af552775-devsite.readyship.co/wp-cron.php?doing_wp_cron=1773834209.1539089679718017578125" "WordPress/5.1.19; https://69b4844ae61d4e92bf26ad98af552775-devsite.readyship.co"
64.252.74.218 - - [18/Mar/2026:11:43:29 +0000] "GET /?p=91765 HTTP/1.1" 200 16105 "-" "Amazon CloudFront"
64.252.74.61 - - [18/Mar/2026:11:43:28 +0000] "GET /?p=91799 HTTP/1.1" 200 19161 "-" "Amazon CloudFront"
64.252.74.218 - - [18/Mar/2026:11:44:16 +0000] "GET /?p=91785 HTTP/1.1" 200 15825 "-" "Amazon CloudFront"
64.252.76.215 - - [18/Mar/2026:11:44:16 +0000] "GET /?p=91783 HTTP/1.1" 200 18770 "-" "Amazon CloudFront"
64.252.74.218 - - [18/Mar/2026:11:44:18 +0000] "GET /?p=91769 HTTP/1.1" 200 16593 "-" "Amazon CloudFront"
64.252.74.61 - - [18/Mar/2026:11:44:18 +0000] "GET /?p=91787 HTTP/1.1" 200 18380 "-" "Amazon CloudFront"
15.158.215.109 - - [18/Mar/2026:11:44:47 +0000] "POST /wp-cron.php?doing_wp_cron=1773834287.1409420967102050781250 HTTP/1.1" 200 - "https://69b4844ae61d4e92bf26ad98af552775-devsite.readyship.co/wp-cron.php?doing_wp_cron=1773834287.1409420967102050781250" "WordPress/5.1.19; https://69b4844ae61d4e92bf26ad98af552775-devsite.readyship.co"
64.252.74.218 - - [18/Mar/2026:11:44:46 +0000] "GET /?p=91795 HTTP/1.1" 200 17337 "-" "Amazon CloudFront"
64.252.76.215 - - [18/Mar/2026:11:44:46 +0000] "GET /?p=91775 HTTP/1.1" 200 18084 "-" "Amazon CloudFront"
15.158.215.109 - - [18/Mar/2026:11:45:34 +0000] "POST /wp-cron.php?doing_wp_cron=1773834334.1682300567626953125000 HTTP/1.1" 200 - "https://69b4844ae61d4e92bf26ad98af552775-devsite.readyship.co/wp-cron.php?doing_wp_cron=1773834334.1682300567626953125000" "WordPress/5.1.19; https://69b4844ae61d4e92bf26ad98af552775-devsite.readyship.co"
64.252.74.61 - - [18/Mar/2026:11:45:33 +0000] "GET /?p=91767 HTTP/1.1" 200 17150 "-" "Amazon CloudFront"
64.252.74.218 - - [18/Mar/2026:11:46:04 +0000] "GET /?p=91779 HTTP/1.1" 200 25069 "-" "Amazon CloudFront"
64.252.74.218 - - [18/Mar/2026:11:46:04 +0000] "GET /?p=91793 HTTP/1.1" 200 18281 "-" "Amazon CloudFront"
64.252.76.215 - - [18/Mar/2026:11:46:09 +0000] "GET /?p=91777 HTTP/1.1" 200 16599 "-" "Amazon CloudFront"
64.252.76.215 - - [18/Mar/2026:11:46:14 +0000] "GET /?p=91781 HTTP/1.1" 200 19142 "-" "Amazon CloudFront"
64.252.76.215 - - [18/Mar/2026:11:46:14 +0000] "GET /?p=91761 HTTP/1.1" 200 16735 "-" "Amazon CloudFront"
15.158.215.109 - - [18/Mar/2026:11:46:37 +0000] "POST /wp-cron.php?doing_wp_cron=1773834397.2590970993041992187500 HTTP/1.1" 200 - "https://69b4844ae61d4e92bf26ad98af552775-devsite.readyship.co/wp-cron.php?doing_wp_cron=1773834397.2590970993041992187500" "WordPress/5.1.19; https://69b4844ae61d4e92bf26ad98af552775-devsite.readyship.co"
64.252.74.218 - - [18/Mar/2026:11:46:36 +0000] "GET /?feed=rss2&p=91815 HTTP/1.1" 200 525 "-" "Amazon CloudFront"
64.252.66.156 - - [18/Mar/2026:11:46:46 +0000] "GET /?p=62784 HTTP/1.1" 200 15580 "-" "Amazon CloudFront"
64.252.76.215 - - [18/Mar/2026:11:47:31 +0000] "GET /?feed=rss2&p=91813 HTTP/1.1" 200 504 "-" "Amazon CloudFront"
15.158.215.109 - - [18/Mar/2026:11:47:32 +0000] "POST /wp-cron.php?doing_wp_cron=1773834452.0934910774230957031250 HTTP/1.1" 200 - "https://69b4844ae61d4e92bf26ad98af552775-devsite.readyship.co/wp-cron.php?doing_wp_cron=1773834452.0934910774230957031250" "WordPress/5.1.19; https://69b4844ae61d4e92bf26ad98af552775-devsite.readyship.co"
64.252.74.61 - - [18/Mar/2026:11:47:31 +0000] "GET /?feed=rss2&p=91826 HTTP/1.1" 200 787 "-" "Amazon CloudFront"
64.252.76.215 - - [18/Mar/2026:11:47:37 +0000] "GET /?feed=rss2&p=91837 HTTP/1.1" 200 510 "-" "Amazon CloudFront"
64.252.76.215 - - [18/Mar/2026:11:47:38 +0000] "GET /?feed=rss2&p=91825 HTTP/1.1" 200 546 "-" "Amazon CloudFront"
64.252.76.215 - - [18/Mar/2026:11:47:59 +0000] "GET /?feed=rss2&p=91821 HTTP/1.1" 200 496 "-" "Amazon CloudFront"
64.252.76.215 - - [18/Mar/2026:11:48:00 +0000] "GET /?feed=rss2&p=91831 HTTP/1.1" 200 547 "-" "Amazon CloudFront"
64.252.76.215 - - [18/Mar/2026:11:48:19 +0000] "GET /?cat=1&paged=253 HTTP/1.1" 200 12665 "-" "Amazon CloudFront"
64.252.74.61 - - [18/Mar/2026:11:48:18 +0000] "GET /?cat=1&paged=254 HTTP/1.1" 200 12700 "-" "Amazon CloudFront"
15.158.215.109 - - [18/Mar/2026:11:48:40 +0000] "POST /wp-cron.php?doing_wp_cron=1773834520.6710259914398193359375 HTTP/1.1" 200 - "https://69b4844ae61d4e92bf26ad98af552775-devsite.readyship.co/wp-cron.php?doing_wp_cron=1773834520.6710259914398193359375" "WordPress/5.1.19; https://69b4844ae61d4e92bf26ad98af552775-devsite.readyship.co"
64.252.74.61 - - [18/Mar/2026:11:48:40 +0000] "GET /?feed=rss2&p=91839 HTTP/1.1" 200 532 "-" "Amazon CloudFront"
64.252.76.215 - - [18/Mar/2026:11:48:40 +0000] "GET /?feed=rss2&p=91823 HTTP/1.1" 200 519 "-" "Amazon CloudFront"
64.252.74.218 - - [18/Mar/2026:11:49:06 +0000] "GET /?feed=rss2&p=91829 HTTP/1.1" 200 506 "-" "Amazon CloudFront"
64.252.76.215 - - [18/Mar/2026:11:49:06 +0000] "GET /?feed=rss2&p=91803 HTTP/1.1" 200 534 "-" "Amazon CloudFront"
64.252.74.61 - - [18/Mar/2026:11:49:36 +0000] "GET /?feed=rss2&p=91833 HTTP/1.1" 200 545 "-" "Amazon CloudFront"
15.158.215.109 - - [18/Mar/2026:11:49:36 +0000] "POST /wp-cron.php?doing_wp_cron=1773834576.9874689579010009765625 HTTP/1.1" 200 - "https://69b4844ae61d4e92bf26ad98af552775-devsite.readyship.co/wp-cron.php?doing_wp_cron=1773834576.9874689579010009765625" "WordPress/5.1.19; https://69b4844ae61d4e92bf26ad98af552775-devsite.readyship.co"
64.252.76.215 - - [18/Mar/2026:11:49:36 +0000] "GET /?feed=rss2&p=91835 HTTP/1.1" 200 520 "-" "Amazon CloudFront"
64.252.74.61 - - [18/Mar/2026:11:49:42 +0000] "GET /?p=91797 HTTP/1.1" 200 26681 "-" "Amazon CloudFront"
64.252.74.218 - - [18/Mar/2026:11:49:43 +0000] "GET /?p=91771 HTTP/1.1" 200 24341 "-" "Amazon CloudFront"
64.252.74.218 - - [18/Mar/2026:11:57:39 +0000] "GET /?feed=rss2&p=91807 HTTP/1.1" 200 524 "-" "Amazon CloudFront"
15.158.215.109 - - [18/Mar/2026:11:57:46 +0000] "POST /wp-cron.php?doing_wp_cron=1773835066.0653300285339355468750 HTTP/1.1" 200 - "https://69b4844ae61d4e92bf26ad98af552775-devsite.readyship.co/wp-cron.php?doing_wp_cron=1773835066.0653300285339355468750" "WordPress/5.1.19; https://69b4844ae61d4e92bf26ad98af552775-devsite.readyship.co"
15.158.215.109 - - [18/Mar/2026:11:58:52 +0000] "POST /wp-cron.php?doing_wp_cron=1773835132.5208110809326171875000 HTTP/1.1" 200 - "https://69b4844ae61d4e92bf26ad98af552775-devsite.readyship.co/wp-cron.php?doing_wp_cron=1773835132.5208110809326171875000" "WordPress/5.1.19; https://69b4844ae61d4e92bf26ad98af552775-devsite.readyship.co"
64.252.66.156 - - [18/Mar/2026:11:58:52 +0000] "GET /?p=68514 HTTP/1.1" 200 15454 "-" "Amazon CloudFront"
15.158.215.109 - - [18/Mar/2026:12:00:30 +0000] "POST /wp-cron.php?doing_wp_cron=1773835230.3755910396575927734375 HTTP/1.1" 200 - "https://69b4844ae61d4e92bf26ad98af552775-devsite.readyship.co/wp-cron.php?doing_wp_cron=1773835230.3755910396575927734375" "WordPress/5.1.19; https://69b4844ae61d4e92bf26ad98af552775-devsite.readyship.co"
64.252.74.61 - - [18/Mar/2026:12:00:30 +0000] "GET /?feed=rss2&p=91817 HTTP/1.1" 200 530 "-" "Amazon CloudFront"
15.158.215.109 - - [18/Mar/2026:12:02:40 +0000] "POST /wp-cron.php?doing_wp_cron=1773835360.7910280227661132812500 HTTP/1.1" 200 - "https://69b4844ae61d4e92bf26ad98af552775-devsite.readyship.co/wp-cron.php?doing_wp_cron=1773835360.7910280227661132812500" "WordPress/5.1.19; https://69b4844ae61d4e92bf26ad98af552775-devsite.readyship.co"
64.252.74.218 - - [18/Mar/2026:12:02:40 +0000] "GET /?feed=rss2&p=91811 HTTP/1.1" 200 512 "-" "Amazon CloudFront"
64.252.76.215 - - [18/Mar/2026:12:03:21 +0000] "GET /?feed=rss2&p=91805 HTTP/1.1" 200 505 "-" "Amazon CloudFront"
64.252.74.218 - - [18/Mar/2026:12:05:57 +0000] "GET /?feed=rss2&p=91809 HTTP/1.1" 200 521 "-" "Amazon CloudFront"
15.158.215.109 - - [18/Mar/2026:12:05:57 +0000] "POST /wp-cron.php?doing_wp_cron=1773835557.1591489315032958984375 HTTP/1.1" 200 - "https://69b4844ae61d4e92bf26ad98af552775-devsite.readyship.co/wp-cron.php?doing_wp_cron=1773835557.1591489315032958984375" "WordPress/5.1.19; https://69b4844ae61d4e92bf26ad98af552775-devsite.readyship.co"
64.252.74.61 - - [18/Mar/2026:12:05:56 +0000] "GET /?feed=rss2&p=91819 HTTP/1.1" 200 500 "-" "Amazon CloudFront"
15.158.215.109 - - [18/Mar/2026:12:06:31 +0000] "POST /wp-cron.php?doing_wp_cron=1773835591.0828189849853515625000 HTTP/1.1" 200 - "https://69b4844ae61d4e92bf26ad98af552775-devsite.readyship.co/wp-cron.php?doing_wp_cron=1773835591.0828189849853515625000" "WordPress/5.1.19; https://69b4844ae61d4e92bf26ad98af552775-devsite.readyship.co"
64.252.68.102 - - [18/Mar/2026:12:06:30 +0000] "GET /?p=6667 HTTP/1.1" 200 22495 "-" "Amazon CloudFront"
15.158.215.109 - - [18/Mar/2026:12:07:26 +0000] "POST /wp-cron.php?doing_wp_cron=1773835646.8009130954742431640625 HTTP/1.1" 200 - "https://69b4844ae61d4e92bf26ad98af552775-devsite.readyship.co/wp-cron.php?doing_wp_cron=1773835646.8009130954742431640625" "WordPress/5.1.19; https://69b4844ae61d4e92bf26ad98af552775-devsite.readyship.co"
64.252.76.215 - - [18/Mar/2026:12:07:26 +0000] "GET /?feed=rss2&p=91801 HTTP/1.1" 200 525 "-" "Amazon CloudFront"
64.252.66.156 - - [18/Mar/2026:12:08:19 +0000] "GET /?p=51932 HTTP/1.1" 200 15594 "-" "Amazon CloudFront"
15.158.215.109 - - [18/Mar/2026:12:12:51 +0000] "POST /wp-cron.php?doing_wp_cron=1773835971.2190110683441162109375 HTTP/1.1" 200 - "https://69b4844ae61d4e92bf26ad98af552775-devsite.readyship.co/wp-cron.php?doing_wp_cron=1773835971.2190110683441162109375" "WordPress/5.1.19; https://69b4844ae61d4e92bf26ad98af552775-devsite.readyship.co"
64.252.68.139 - - [18/Mar/2026:12:12:50 +0000] "GET /?cat=103&paged=5 HTTP/1.1" 200 12551 "-" "Amazon CloudFront"
64.252.66.156 - - [18/Mar/2026:12:13:06 +0000] "GET /?p=83100 HTTP/1.1" 200 16878 "-" "Amazon CloudFront"
15.158.215.109 - - [18/Mar/2026:12:20:13 +0000] "POST /wp-cron.php?doing_wp_cron=1773836412.9311130046844482421875 HTTP/1.1" 200 - "https://69b4844ae61d4e92bf26ad98af552775-devsite.readyship.co/wp-cron.php?doing_wp_cron=1773836412.9311130046844482421875" "WordPress/5.1.19; https://69b4844ae61d4e92bf26ad98af552775-devsite.readyship.co"
64.252.66.156 - - [18/Mar/2026:12:20:05 +0000] "GET /?p=13657 HTTP/1.1" 200 15277 "-" "Amazon CloudFront"
15.158.215.109 - - [18/Mar/2026:12:22:06 +0000] "POST /wp-cron.php?doing_wp_cron=1773836526.2932128906250000000000 HTTP/1.1" 200 - "https://69b4844ae61d4e92bf26ad98af552775-devsite.readyship.co/wp-cron.php?doing_wp_cron=1773836526.2932128906250000000000" "WordPress/5.1.19; https://69b4844ae61d4e92bf26ad98af552775-devsite.readyship.co"
64.252.68.203 - - [18/Mar/2026:12:22:05 +0000] "GET /?cat=168 HTTP/1.1" 200 10764 "-" "Amazon CloudFront"
15.158.215.109 - - [18/Mar/2026:12:24:12 +0000] "POST /wp-cron.php?doing_wp_cron=1773836652.0504419803619384765625 HTTP/1.1" 200 - "https://69b4844ae61d4e92bf26ad98af552775-devsite.readyship.co/wp-cron.php?doing_wp_cron=1773836652.0504419803619384765625" "WordPress/5.1.19; https://69b4844ae61d4e92bf26ad98af552775-devsite.readyship.co"
64.252.76.215 - - [18/Mar/2026:12:24:11 +0000] "GET /?page_id=2807&paged=4314 HTTP/1.1" 200 12629 "-" "Amazon CloudFront"
64.252.76.215 - - [18/Mar/2026:12:25:52 +0000] "GET /?page_id=2807&paged=4315 HTTP/1.1" 200 12687 "-" "Amazon CloudFront"
15.158.215.109 - - [18/Mar/2026:12:25:52 +0000] "POST /wp-cron.php?doing_wp_cron=1773836752.6425249576568603515625 HTTP/1.1" 200 - "https://69b4844ae61d4e92bf26ad98af552775-devsite.readyship.co/wp-cron.php?doing_wp_cron=1773836752.6425249576568603515625" "WordPress/5.1.19; https://69b4844ae61d4e92bf26ad98af552775-devsite.readyship.co"
64.252.66.156 - - [18/Mar/2026:12:27:51 +0000] "GET /?p=6495 HTTP/1.1" 200 25809 "-" "Amazon CloudFront"
15.158.215.109 - - [18/Mar/2026:12:27:51 +0000] "POST /wp-cron.php?doing_wp_cron=1773836871.4502398967742919921875 HTTP/1.1" 200 - "https://69b4844ae61d4e92bf26ad98af552775-devsite.readyship.co/wp-cron.php?doing_wp_cron=1773836871.4502398967742919921875" "WordPress/5.1.19; https://69b4844ae61d4e92bf26ad98af552775-devsite.readyship.co"
15.158.215.109 - - [18/Mar/2026:12:28:44 +0000] "POST /wp-cron.php?doing_wp_cron=1773836924.2762529850006103515625 HTTP/1.1" 200 - "https://69b4844ae61d4e92bf26ad98af552775-devsite.readyship.co/wp-cron.php?doing_wp_cron=1773836924.2762529850006103515625" "WordPress/5.1.19; https://69b4844ae61d4e92bf26ad98af552775-devsite.readyship.co"
64.252.76.215 - - [18/Mar/2026:12:28:43 +0000] "GET /?feed=rss2&p=25998 HTTP/1.1" 200 529 "-" "Amazon CloudFront"
64.252.76.215 - - [18/Mar/2026:12:28:44 +0000] "GET /?p=25996 HTTP/1.1" 200 16311 "-" "Amazon CloudFront"
64.252.76.215 - - [18/Mar/2026:12:28:58 +0000] "GET /?feed=rss2&p=38694 HTTP/1.1" 200 498 "-" "Amazon CloudFront"
64.252.76.215 - - [18/Mar/2026:12:28:58 +0000] "GET /?feed=rss2&p=16185 HTTP/1.1" 200 504 "-" "Amazon CloudFront"
64.252.74.61 - - [18/Mar/2026:12:28:59 +0000] "GET /?feed=rss2&p=16183 HTTP/1.1" 200 519 "-" "Amazon CloudFront"
15.158.215.109 - - [18/Mar/2026:12:29:38 +0000] "POST /wp-cron.php?doing_wp_cron=1773836978.6646549701690673828125 HTTP/1.1" 200 - "https://69b4844ae61d4e92bf26ad98af552775-devsite.readyship.co/wp-cron.php?doing_wp_cron=1773836978.6646549701690673828125" "WordPress/5.1.19; https://69b4844ae61d4e92bf26ad98af552775-devsite.readyship.co"
64.252.74.218 - - [18/Mar/2026:12:29:38 +0000] "GET /?p=38696 HTTP/1.1" 200 18499 "-" "Amazon CloudFront"
64.252.74.218 - - [18/Mar/2026:12:30:08 +0000] "GET /?feed=rss2&p=16175 HTTP/1.1" 200 544 "-" "Amazon CloudFront"
15.158.215.109 - - [18/Mar/2026:12:31:26 +0000] "POST /wp-cron.php?doing_wp_cron=1773837086.5486209392547607421875 HTTP/1.1" 200 - "https://69b4844ae61d4e92bf26ad98af552775-devsite.readyship.co/wp-cron.php?doing_wp_cron=1773837086.5486209392547607421875" "WordPress/5.1.19; https://69b4844ae61d4e92bf26ad98af552775-devsite.readyship.co"
64.252.74.218 - - [18/Mar/2026:12:31:26 +0000] "GET /?p=26827 HTTP/1.1" 200 22407 "-" "Amazon CloudFront"
64.252.68.102 - - [18/Mar/2026:12:31:32 +0000] "GET /?p=96387 HTTP/1.1" 200 15535 "-" "Amazon CloudFront"
15.158.215.109 - - [18/Mar/2026:12:33:21 +0000] "POST /wp-cron.php?doing_wp_cron=1773837201.4190719127655029296875 HTTP/1.1" 200 - "https://69b4844ae61d4e92bf26ad98af552775-devsite.readyship.co/wp-cron.php?doing_wp_cron=1773837201.4190719127655029296875" "WordPress/5.1.19; https://69b4844ae61d4e92bf26ad98af552775-devsite.readyship.co"
18.68.19.82 - - [18/Mar/2026:12:33:20 +0000] "POST /xmlrpc.php HTTP/1.1" 200 403 "-" "Mozilla/5.0 (Windows NT 10.0; Win64; x64) AppleWebKit/537.36 (KHTML, like Gecko) Chrome/114.0.0.0 Safari/537.36"
18.68.19.82 - - [18/Mar/2026:12:33:23 +0000] "POST /xmlrpc.php HTTP/1.1" 200 403 "-" "Mozilla/5.0 (Windows NT 10.0; Win64; x64) AppleWebKit/537.36 (KHTML, like Gecko) Chrome/114.0.0.0 Safari/537.36"
64.252.68.139 - - [18/Mar/2026:12:34:11 +0000] "GET /?healthcheck_timestamp=1773837046973 HTTP/1.1" 200 181515 "-" "Amazon CloudFront"
64.252.76.215 - - [18/Mar/2026:12:34:58 +0000] "GET /?feed=rss2&p=26829 HTTP/1.1" 200 491 "-" "Amazon CloudFront"
15.158.215.109 - - [18/Mar/2026:12:34:58 +0000] "POST /wp-cron.php?doing_wp_cron=1773837298.4576189517974853515625 HTTP/1.1" 200 - "https://69b4844ae61d4e92bf26ad98af552775-devsite.readyship.co/wp-cron.php?doing_wp_cron=1773837298.4576189517974853515625" "WordPress/5.1.19; https://69b4844ae61d4e92bf26ad98af552775-devsite.readyship.co"
15.158.215.109 - - [18/Mar/2026:12:35:24 +0000] "POST /wp-cron.php?doing_wp_cron=1773837324.2661960124969482421875 HTTP/1.1" 200 - "https://69b4844ae61d4e92bf26ad98af552775-devsite.readyship.co/wp-cron.php?doing_wp_cron=1773837324.2661960124969482421875" "WordPress/5.1.19; https://69b4844ae61d4e92bf26ad98af552775-devsite.readyship.co"
64.252.74.218 - - [18/Mar/2026:12:35:23 +0000] "GET /?feed=rss2&p=16169 HTTP/1.1" 200 517 "-" "Amazon CloudFront"
15.158.215.109 - - [18/Mar/2026:12:41:46 +0000] "POST /wp-cron.php?doing_wp_cron=1773837705.9467079639434814453125 HTTP/1.1" 200 - "https://69b4844ae61d4e92bf26ad98af552775-devsite.readyship.co/wp-cron.php?doing_wp_cron=1773837705.9467079639434814453125" "WordPress/5.1.19; https://69b4844ae61d4e92bf26ad98af552775-devsite.readyship.co"
64.252.66.156 - - [18/Mar/2026:12:41:39 +0000] "GET /?p=13435 HTTP/1.1" 200 15711 "-" "Amazon CloudFront"
15.158.215.109 - - [18/Mar/2026:12:43:03 +0000] "POST /wp-cron.php?doing_wp_cron=1773837783.3338510990142822265625 HTTP/1.1" 200 - "https://69b4844ae61d4e92bf26ad98af552775-devsite.readyship.co/wp-cron.php?doing_wp_cron=1773837783.3338510990142822265625" "WordPress/5.1.19; https://69b4844ae61d4e92bf26ad98af552775-devsite.readyship.co"
64.252.68.139 - - [18/Mar/2026:12:43:03 +0000] "GET /?p=96323 HTTP/1.1" 200 19458 "-" "Amazon CloudFront"
15.158.215.109 - - [18/Mar/2026:12:45:15 +0000] "POST /wp-cron.php?doing_wp_cron=1773837915.7975659370422363281250 HTTP/1.1" 200 - "https://69b4844ae61d4e92bf26ad98af552775-devsite.readyship.co/wp-cron.php?doing_wp_cron=1773837915.7975659370422363281250" "WordPress/5.1.19; https://69b4844ae61d4e92bf26ad98af552775-devsite.readyship.co"
64.252.74.61 - - [18/Mar/2026:12:45:15 +0000] "GET /?feed=rss2&p=16179 HTTP/1.1" 200 535 "-" "Amazon CloudFront"
15.158.215.109 - - [18/Mar/2026:12:51:08 +0000] "POST /wp-cron.php?doing_wp_cron=1773838268.5815670490264892578125 HTTP/1.1" 200 - "https://69b4844ae61d4e92bf26ad98af552775-devsite.readyship.co/wp-cron.php?doing_wp_cron=1773838268.5815670490264892578125" "WordPress/5.1.19; https://69b4844ae61d4e92bf26ad98af552775-devsite.readyship.co"
64.252.76.215 - - [18/Mar/2026:12:51:08 +0000] "GET /?p=16221 HTTP/1.1" 200 15806 "-" "Amazon CloudFront"
64.252.74.61 - - [18/Mar/2026:12:51:08 +0000] "GET /?p=16213 HTTP/1.1" 200 15915 "-" "Amazon CloudFront"
64.252.74.218 - - [18/Mar/2026:12:51:12 +0000] "GET /?p=16223 HTTP/1.1" 200 15766 "-" "Amazon CloudFront"
64.252.74.61 - - [18/Mar/2026:12:51:17 +0000] "GET /?p=16217 HTTP/1.1" 200 15842 "-" "Amazon CloudFront"
64.252.74.61 - - [18/Mar/2026:12:51:17 +0000] "GET /?p=16227 HTTP/1.1" 200 15773 "-" "Amazon CloudFront"
15.158.215.109 - - [18/Mar/2026:12:51:48 +0000] "POST /wp-cron.php?doing_wp_cron=1773838308.2030270099639892578125 HTTP/1.1" 200 - "https://69b4844ae61d4e92bf26ad98af552775-devsite.readyship.co/wp-cron.php?doing_wp_cron=1773838308.2030270099639892578125" "WordPress/5.1.19; https://69b4844ae61d4e92bf26ad98af552775-devsite.readyship.co"
64.252.76.215 - - [18/Mar/2026:12:51:47 +0000] "GET /?p=16225 HTTP/1.1" 200 15739 "-" "Amazon CloudFront"
64.252.74.218 - - [18/Mar/2026:12:52:04 +0000] "GET /?feed=rss2&p=16181 HTTP/1.1" 200 530 "-" "Amazon CloudFront"
64.252.74.61 - - [18/Mar/2026:12:52:04 +0000] "GET /?feed=rss2&p=16205 HTTP/1.1" 200 509 "-" "Amazon CloudFront"
64.252.68.102 - - [18/Mar/2026:12:52:12 +0000] "GET /?p=43758 HTTP/1.1" 200 23924 "-" "Amazon CloudFront"
64.252.76.215 - - [18/Mar/2026:12:52:30 +0000] "GET /?feed=rss2&p=16187 HTTP/1.1" 200 514 "-" "Amazon CloudFront"
15.158.215.109 - - [18/Mar/2026:12:52:30 +0000] "POST /wp-cron.php?doing_wp_cron=1773838350.1590170860290527343750 HTTP/1.1" 200 - "https://69b4844ae61d4e92bf26ad98af552775-devsite.readyship.co/wp-cron.php?doing_wp_cron=1773838350.1590170860290527343750" "WordPress/5.1.19; https://69b4844ae61d4e92bf26ad98af552775-devsite.readyship.co"
64.252.76.215 - - [18/Mar/2026:12:52:29 +0000] "GET /?feed=rss2&p=16177 HTTP/1.1" 200 523 "-" "Amazon CloudFront"
64.252.74.61 - - [18/Mar/2026:12:52:55 +0000] "GET /?cat=1&paged=3977 HTTP/1.1" 200 12676 "-" "Amazon CloudFront"
64.252.74.218 - - [18/Mar/2026:12:53:16 +0000] "GET /?feed=rss2&p=16189 HTTP/1.1" 200 511 "-" "Amazon CloudFront"
64.252.74.218 - - [18/Mar/2026:12:53:16 +0000] "GET /?feed=rss2&p=16173 HTTP/1.1" 200 524 "-" "Amazon CloudFront"
15.158.215.109 - - [18/Mar/2026:12:53:23 +0000] "POST /wp-cron.php?doing_wp_cron=1773838403.4056088924407958984375 HTTP/1.1" 200 - "https://69b4844ae61d4e92bf26ad98af552775-devsite.readyship.co/wp-cron.php?doing_wp_cron=1773838403.4056088924407958984375" "WordPress/5.1.19; https://69b4844ae61d4e92bf26ad98af552775-devsite.readyship.co"
64.252.74.61 - - [18/Mar/2026:12:53:23 +0000] "GET /?p=16211 HTTP/1.1" 200 16104 "-" "Amazon CloudFront"
64.252.76.215 - - [18/Mar/2026:12:53:57 +0000] "GET /?p=16219 HTTP/1.1" 200 15843 "-" "Amazon CloudFront"
64.252.76.215 - - [18/Mar/2026:12:54:39 +0000] "GET /?p=16214 HTTP/1.1" 200 15631 "-" "Amazon CloudFront"
64.252.74.61 - - [18/Mar/2026:12:54:39 +0000] "GET /?feed=rss2&p=16201 HTTP/1.1" 200 509 "-" "Amazon CloudFront"
15.158.215.109 - - [18/Mar/2026:12:54:40 +0000] "POST /wp-cron.php?doing_wp_cron=1773838480.0789930820465087890625 HTTP/1.1" 200 - "https://69b4844ae61d4e92bf26ad98af552775-devsite.readyship.co/wp-cron.php?doing_wp_cron=1773838480.0789930820465087890625" "WordPress/5.1.19; https://69b4844ae61d4e92bf26ad98af552775-devsite.readyship.co"
64.252.76.215 - - [18/Mar/2026:12:54:44 +0000] "GET /?feed=rss2&p=16191 HTTP/1.1" 200 526 "-" "Amazon CloudFront"
64.252.74.61 - - [18/Mar/2026:12:54:44 +0000] "GET /?feed=rss2&p=79967 HTTP/1.1" 200 623 "-" "Amazon CloudFront"
15.158.215.109 - - [18/Mar/2026:12:55:38 +0000] "POST /wp-cron.php?doing_wp_cron=1773838538.1468999385833740234375 HTTP/1.1" 200 - "https://69b4844ae61d4e92bf26ad98af552775-devsite.readyship.co/wp-cron.php?doing_wp_cron=1773838538.1468999385833740234375" "WordPress/5.1.19; https://69b4844ae61d4e92bf26ad98af552775-devsite.readyship.co"
64.252.76.215 - - [18/Mar/2026:12:55:37 +0000] "GET /?cat=1&paged=3976 HTTP/1.1" 200 12661 "-" "Amazon CloudFront"
64.252.74.218 - - [18/Mar/2026:12:55:42 +0000] "GET /?feed=rss2&p=16199 HTTP/1.1" 200 528 "-" "Amazon CloudFront"
64.252.76.215 - - [18/Mar/2026:12:55:42 +0000] "GET /?feed=rss2&p=16203 HTTP/1.1" 200 511 "-" "Amazon CloudFront"
64.252.74.218 - - [18/Mar/2026:12:56:35 +0000] "GET /?feed=rss2&p=16207 HTTP/1.1" 200 507 "-" "Amazon CloudFront"
15.158.215.109 - - [18/Mar/2026:12:56:35 +0000] "POST /wp-cron.php?doing_wp_cron=1773838595.6536951065063476562500 HTTP/1.1" 200 - "https://69b4844ae61d4e92bf26ad98af552775-devsite.readyship.co/wp-cron.php?doing_wp_cron=1773838595.6536951065063476562500" "WordPress/5.1.19; https://69b4844ae61d4e92bf26ad98af552775-devsite.readyship.co"
64.252.76.215 - - [18/Mar/2026:12:56:35 +0000] "GET /?feed=rss2&p=16209 HTTP/1.1" 200 517 "-" "Amazon CloudFront"
64.252.74.218 - - [18/Mar/2026:12:56:44 +0000] "GET /?p=79969 HTTP/1.1" 200 23817 "-" "Amazon CloudFront"
64.252.76.215 - - [18/Mar/2026:12:56:59 +0000] "GET /?p=16229 HTTP/1.1" 200 15624 "-" "Amazon CloudFront"
15.158.215.109 - - [18/Mar/2026:12:57:46 +0000] "POST /wp-cron.php?doing_wp_cron=1773838666.1715059280395507812500 HTTP/1.1" 200 - "https://69b4844ae61d4e92bf26ad98af552775-devsite.readyship.co/wp-cron.php?doing_wp_cron=1773838666.1715059280395507812500" "WordPress/5.1.19; https://69b4844ae61d4e92bf26ad98af552775-devsite.readyship.co"
64.252.74.61 - - [18/Mar/2026:12:57:45 +0000] "GET /?cat=1&paged=3975 HTTP/1.1" 200 12706 "-" "Amazon CloudFront"
64.252.76.215 - - [18/Mar/2026:12:58:05 +0000] "GET /?p=16231 HTTP/1.1" 200 15481 "-" "Amazon CloudFront"
64.252.74.61 - - [18/Mar/2026:12:58:06 +0000] "GET /?p=16239 HTTP/1.1" 200 15285 "-" "Amazon CloudFront"
15.158.215.109 - - [18/Mar/2026:12:59:50 +0000] "POST /wp-cron.php?doing_wp_cron=1773838790.3361489772796630859375 HTTP/1.1" 200 - "https://69b4844ae61d4e92bf26ad98af552775-devsite.readyship.co/wp-cron.php?doing_wp_cron=1773838790.3361489772796630859375" "WordPress/5.1.19; https://69b4844ae61d4e92bf26ad98af552775-devsite.readyship.co"
64.252.74.218 - - [18/Mar/2026:12:59:50 +0000] "GET /?feed=rss2&p=16197 HTTP/1.1" 200 507 "-" "Amazon CloudFront"
64.252.74.61 - - [18/Mar/2026:12:59:50 +0000] "GET /?p=16245 HTTP/1.1" 200 16084 "-" "Amazon CloudFront"
64.252.74.61 - - [18/Mar/2026:12:59:51 +0000] "GET /?p=16233 HTTP/1.1" 200 15378 "-" "Amazon CloudFront"
15.158.215.109 - - [18/Mar/2026:13:01:21 +0000] "POST /wp-cron.php?doing_wp_cron=1773838881.7710819244384765625000 HTTP/1.1" 200 - "https://69b4844ae61d4e92bf26ad98af552775-devsite.readyship.co/wp-cron.php?doing_wp_cron=1773838881.7710819244384765625000" "WordPress/5.1.19; https://69b4844ae61d4e92bf26ad98af552775-devsite.readyship.co"
64.252.76.215 - - [18/Mar/2026:13:01:21 +0000] "GET /?p=16235 HTTP/1.1" 200 15482 "-" "Amazon CloudFront"
64.252.74.218 - - [18/Mar/2026:13:01:24 +0000] "GET /?p=16251 HTTP/1.1" 200 17378 "-" "Amazon CloudFront"
15.158.215.109 - - [18/Mar/2026:13:02:31 +0000] "POST /wp-cron.php?doing_wp_cron=1773838951.7853329181671142578125 HTTP/1.1" 200 - "https://69b4844ae61d4e92bf26ad98af552775-devsite.readyship.co/wp-cron.php?doing_wp_cron=1773838951.7853329181671142578125" "WordPress/5.1.19; https://69b4844ae61d4e92bf26ad98af552775-devsite.readyship.co"
64.252.74.61 - - [18/Mar/2026:13:02:31 +0000] "GET /?p=16243 HTTP/1.1" 200 16202 "-" "Amazon CloudFront"
64.252.74.218 - - [18/Mar/2026:13:02:31 +0000] "GET /?p=16241 HTTP/1.1" 200 15756 "-" "Amazon CloudFront"
64.252.76.215 - - [18/Mar/2026:13:03:02 +0000] "GET /?p=16247 HTTP/1.1" 200 15879 "-" "Amazon CloudFront"
15.158.215.109 - - [18/Mar/2026:13:03:57 +0000] "POST /wp-cron.php?doing_wp_cron=1773839037.9191389083862304687500 HTTP/1.1" 200 - "https://69b4844ae61d4e92bf26ad98af552775-devsite.readyship.co/wp-cron.php?doing_wp_cron=1773839037.9191389083862304687500" "WordPress/5.1.19; https://69b4844ae61d4e92bf26ad98af552775-devsite.readyship.co"
64.252.74.218 - - [18/Mar/2026:13:03:57 +0000] "GET /?p=16237 HTTP/1.1" 200 15531 "-" "Amazon CloudFront"
15.158.215.109 - - [18/Mar/2026:13:05:06 +0000] "POST /wp-cron.php?doing_wp_cron=1773839106.1414000988006591796875 HTTP/1.1" 200 - "https://69b4844ae61d4e92bf26ad98af552775-devsite.readyship.co/wp-cron.php?doing_wp_cron=1773839106.1414000988006591796875" "WordPress/5.1.19; https://69b4844ae61d4e92bf26ad98af552775-devsite.readyship.co"
64.252.74.218 - - [18/Mar/2026:13:05:05 +0000] "GET /?p=91735 HTTP/1.1" 200 18123 "-" "Amazon CloudFront"
64.252.76.215 - - [18/Mar/2026:13:05:05 +0000] "GET /?p=91749 HTTP/1.1" 200 16677 "-" "Amazon CloudFront"
15.158.215.109 - - [18/Mar/2026:13:05:42 +0000] "POST /wp-cron.php?doing_wp_cron=1773839142.7065880298614501953125 HTTP/1.1" 200 - "https://69b4844ae61d4e92bf26ad98af552775-devsite.readyship.co/wp-cron.php?doing_wp_cron=1773839142.7065880298614501953125" "WordPress/5.1.19; https://69b4844ae61d4e92bf26ad98af552775-devsite.readyship.co"
64.252.76.215 - - [18/Mar/2026:13:05:42 +0000] "GET /?p=91741 HTTP/1.1" 200 18321 "-" "Amazon CloudFront"
64.252.76.215 - - [18/Mar/2026:13:05:42 +0000] "GET /?p=91733 HTTP/1.1" 200 16036 "-" "Amazon CloudFront"
64.252.74.61 - - [18/Mar/2026:13:05:43 +0000] "GET /?p=91745 HTTP/1.1" 200 18797 "-" "Amazon CloudFront"
64.252.76.215 - - [18/Mar/2026:13:06:13 +0000] "GET /?p=91753 HTTP/1.1" 200 17639 "-" "Amazon CloudFront"
64.252.76.215 - - [18/Mar/2026:13:06:13 +0000] "GET /?p=91747 HTTP/1.1" 200 19084 "-" "Amazon CloudFront"
64.252.74.218 - - [18/Mar/2026:13:06:14 +0000] "GET /?p=91759 HTTP/1.1" 200 24483 "-" "Amazon CloudFront"
15.158.215.109 - - [18/Mar/2026:13:06:34 +0000] "POST /wp-cron.php?doing_wp_cron=1773839194.1768860816955566406250 HTTP/1.1" 200 - "https://69b4844ae61d4e92bf26ad98af552775-devsite.readyship.co/wp-cron.php?doing_wp_cron=1773839194.1768860816955566406250" "WordPress/5.1.19; https://69b4844ae61d4e92bf26ad98af552775-devsite.readyship.co"
64.252.74.61 - - [18/Mar/2026:13:06:34 +0000] "GET /?p=91729 HTTP/1.1" 200 18273 "-" "Amazon CloudFront"
64.252.74.218 - - [18/Mar/2026:13:06:33 +0000] "GET /?p=91737 HTTP/1.1" 200 16672 "-" "Amazon CloudFront"
64.252.74.61 - - [18/Mar/2026:13:06:44 +0000] "GET /?p=91756 HTTP/1.1" 200 17627 "-" "Amazon CloudFront"
64.252.74.218 - - [18/Mar/2026:13:06:44 +0000] "GET /?p=91739 HTTP/1.1" 200 28210 "-" "Amazon CloudFront"
64.252.74.218 - - [18/Mar/2026:13:06:45 +0000] "GET /?p=91723 HTTP/1.1" 200 16695 "-" "Amazon CloudFront"
15.158.215.109 - - [18/Mar/2026:13:07:36 +0000] "POST /wp-cron.php?doing_wp_cron=1773839256.0100340843200683593750 HTTP/1.1" 200 - "https://69b4844ae61d4e92bf26ad98af552775-devsite.readyship.co/wp-cron.php?doing_wp_cron=1773839256.0100340843200683593750" "WordPress/5.1.19; https://69b4844ae61d4e92bf26ad98af552775-devsite.readyship.co"
64.252.74.218 - - [18/Mar/2026:13:07:35 +0000] "GET /?p=91725 HTTP/1.1" 200 24526 "-" "Amazon CloudFront"
64.252.76.215 - - [18/Mar/2026:13:07:35 +0000] "GET /?p=91731 HTTP/1.1" 200 18832 "-" "Amazon CloudFront"
64.252.74.218 - - [18/Mar/2026:13:07:37 +0000] "GET /?p=91727 HTTP/1.1" 200 18546 "-" "Amazon CloudFront"
64.252.76.215 - - [18/Mar/2026:13:07:52 +0000] "GET /?p=91743 HTTP/1.1" 200 16550 "-" "Amazon CloudFront"
64.252.76.215 - - [18/Mar/2026:13:08:06 +0000] "GET /?feed=rss2&p=91771 HTTP/1.1" 200 500 "-" "Amazon CloudFront"
64.252.76.215 - - [18/Mar/2026:13:08:22 +0000] "GET /?feed=rss2&p=91789 HTTP/1.1" 200 523 "-" "Amazon CloudFront"
15.158.215.109 - - [18/Mar/2026:13:08:23 +0000] "POST /wp-cron.php?doing_wp_cron=1773839302.9429399967193603515625 HTTP/1.1" 200 - "https://69b4844ae61d4e92bf26ad98af552775-devsite.readyship.co/wp-cron.php?doing_wp_cron=1773839302.9429399967193603515625" "WordPress/5.1.19; https://69b4844ae61d4e92bf26ad98af552775-devsite.readyship.co"
64.252.76.215 - - [18/Mar/2026:13:08:22 +0000] "GET /?feed=rss2&p=91763 HTTP/1.1" 200 525 "-" "Amazon CloudFront"
64.252.74.61 - - [18/Mar/2026:13:08:23 +0000] "GET /?feed=rss2&p=91797 HTTP/1.1" 200 515 "-" "Amazon CloudFront"
64.252.74.61 - - [18/Mar/2026:13:08:59 +0000] "GET /?feed=rss2&p=91785 HTTP/1.1" 200 533 "-" "Amazon CloudFront"
64.252.74.218 - - [18/Mar/2026:13:08:59 +0000] "GET /?feed=rss2&p=91791 HTTP/1.1" 200 520 "-" "Amazon CloudFront"
64.252.74.61 - - [18/Mar/2026:13:09:00 +0000] "GET /?feed=rss2&p=91773 HTTP/1.1" 200 474 "-" "Amazon CloudFront"
64.252.76.215 - - [18/Mar/2026:13:09:14 +0000] "GET /?feed=rss2&p=91769 HTTP/1.1" 200 532 "-" "Amazon CloudFront"
64.252.74.61 - - [18/Mar/2026:13:09:14 +0000] "GET /?feed=rss2&p=91795 HTTP/1.1" 200 537 "-" "Amazon CloudFront"
64.252.74.218 - - [18/Mar/2026:13:09:15 +0000] "GET /?feed=rss2&p=91787 HTTP/1.1" 200 520 "-" "Amazon CloudFront"
15.158.215.109 - - [18/Mar/2026:13:09:39 +0000] "POST /wp-cron.php?doing_wp_cron=1773839379.6240479946136474609375 HTTP/1.1" 200 - "https://69b4844ae61d4e92bf26ad98af552775-devsite.readyship.co/wp-cron.php?doing_wp_cron=1773839379.6240479946136474609375" "WordPress/5.1.19; https://69b4844ae61d4e92bf26ad98af552775-devsite.readyship.co"
64.252.74.218 - - [18/Mar/2026:13:09:39 +0000] "GET /?feed=rss2&p=91775 HTTP/1.1" 200 498 "-" "Amazon CloudFront"
64.252.74.218 - - [18/Mar/2026:13:09:39 +0000] "GET /?feed=rss2&p=91767 HTTP/1.1" 200 506 "-" "Amazon CloudFront"
64.252.74.61 - - [18/Mar/2026:13:10:10 +0000] "GET /?feed=rss2&p=16195 HTTP/1.1" 200 537 "-" "Amazon CloudFront"
64.252.76.215 - - [18/Mar/2026:13:10:10 +0000] "GET /?feed=rss2&p=16193 HTTP/1.1" 200 494 "-" "Amazon CloudFront"
64.252.74.61 - - [18/Mar/2026:13:10:21 +0000] "GET /?feed=rss2&p=91793 HTTP/1.1" 200 505 "-" "Amazon CloudFront"
64.252.74.218 - - [18/Mar/2026:13:10:21 +0000] "GET /?feed=rss2&p=91779 HTTP/1.1" 200 518 "-" "Amazon CloudFront"
