18.68.51.43 - - [19/Mar/2026:07:55:46 +0000] "POST / HTTP/1.1" 200 23839 "-" "Amazon CloudFront"
18.68.51.43 - - [19/Mar/2026:07:55:50 +0000] "POST / HTTP/1.1" 200 23826 "-" "Amazon CloudFront"
18.68.51.43 - - [19/Mar/2026:07:55:54 +0000] "POST / HTTP/1.1" 200 23844 "-" "Amazon CloudFront"
18.68.51.43 - - [19/Mar/2026:07:55:57 +0000] "POST / HTTP/1.1" 200 23848 "-" "Amazon CloudFront"
15.158.215.109 - - [19/Mar/2026:08:08:26 +0000] "POST /wp-cron.php?doing_wp_cron=1773907706.0973029136657714843750 HTTP/1.1" 200 - "https://69b4844ae61d4e92bf26ad98af552775-devsite.readyship.co/wp-cron.php?doing_wp_cron=1773907706.0973029136657714843750" "WordPress/5.1.19; https://69b4844ae61d4e92bf26ad98af552775-devsite.readyship.co"
64.252.74.218 - - [19/Mar/2026:08:08:18 +0000] "GET /?page_id=2807&paged=4291 HTTP/1.1" 200 11330 "-" "Amazon CloudFront"
15.158.215.109 - - [19/Mar/2026:08:09:56 +0000] "POST /wp-cron.php?doing_wp_cron=1773907796.3591239452362060546875 HTTP/1.1" 200 - "https://69b4844ae61d4e92bf26ad98af552775-devsite.readyship.co/wp-cron.php?doing_wp_cron=1773907796.3591239452362060546875" "WordPress/5.1.19; https://69b4844ae61d4e92bf26ad98af552775-devsite.readyship.co"
64.252.74.61 - - [19/Mar/2026:08:09:56 +0000] "GET /?p=38720 HTTP/1.1" 200 16261 "-" "Amazon CloudFront"
15.158.215.109 - - [19/Mar/2026:08:13:11 +0000] "POST /wp-cron.php?doing_wp_cron=1773907991.4030470848083496093750 HTTP/1.1" 200 - "https://69b4844ae61d4e92bf26ad98af552775-devsite.readyship.co/wp-cron.php?doing_wp_cron=1773907991.4030470848083496093750" "WordPress/5.1.19; https://69b4844ae61d4e92bf26ad98af552775-devsite.readyship.co"
64.252.74.61 - - [19/Mar/2026:08:13:11 +0000] "GET /?page_id=2807&paged=4290 HTTP/1.1" 200 11299 "-" "Amazon CloudFront"
15.158.215.109 - - [19/Mar/2026:08:14:28 +0000] "POST /wp-cron.php?doing_wp_cron=1773908068.0789470672607421875000 HTTP/1.1" 200 - "https://69b4844ae61d4e92bf26ad98af552775-devsite.readyship.co/wp-cron.php?doing_wp_cron=1773908068.0789470672607421875000" "WordPress/5.1.19; https://69b4844ae61d4e92bf26ad98af552775-devsite.readyship.co"
64.252.74.61 - - [19/Mar/2026:08:14:27 +0000] "GET /?feed=rss2&p=38718 HTTP/1.1" 200 513 "-" "Amazon CloudFront"
15.158.215.109 - - [19/Mar/2026:08:21:48 +0000] "POST /wp-cron.php?doing_wp_cron=1773908508.8415861129760742187500 HTTP/1.1" 200 - "https://69b4844ae61d4e92bf26ad98af552775-devsite.readyship.co/wp-cron.php?doing_wp_cron=1773908508.8415861129760742187500" "WordPress/5.1.19; https://69b4844ae61d4e92bf26ad98af552775-devsite.readyship.co"
64.252.74.218 - - [19/Mar/2026:08:21:41 +0000] "GET /?feed=rss2&p=26024 HTTP/1.1" 200 486 "-" "Amazon CloudFront"
15.158.215.109 - - [19/Mar/2026:08:24:55 +0000] "POST /wp-cron.php?doing_wp_cron=1773908695.6184918880462646484375 HTTP/1.1" 200 - "https://69b4844ae61d4e92bf26ad98af552775-devsite.readyship.co/wp-cron.php?doing_wp_cron=1773908695.6184918880462646484375" "WordPress/5.1.19; https://69b4844ae61d4e92bf26ad98af552775-devsite.readyship.co"
3.172.9.110 - - [19/Mar/2026:08:24:55 +0000] "GET /wp-login.php HTTP/1.1" 200 1185 "https://69b4844ae61d4e92bf26ad98af552775-devsite.readyship.co/" "Mozilla/5.0 (Windows NT 10.0; Win64; x64) AppleWebKit/537.36 (KHTML, like Gecko) Chrome/114.0.0.0 YaBrowser/22.7.0 Yowser/2.5 Safari/537.36"
3.172.9.110 - - [19/Mar/2026:08:24:57 +0000] "GET /wp-login.php HTTP/1.1" 200 1185 "https://69b4844ae61d4e92bf26ad98af552775-devsite.readyship.co/wp-login.php" "Mozilla/5.0 (Windows NT 6.3; Win64; x64) AppleWebKit/537.36 (KHTML, like Gecko) Chrome/103.0.0.0 Safari/537.36"
3.172.9.110 - - [19/Mar/2026:08:24:58 +0000] "POST /wp-login.php HTTP/1.1" 200 1583 "https://69b4844ae61d4e92bf26ad98af552775-devsite.readyship.co/wp-login.php" "Mozilla/5.0 (Windows NT 6.3; Win64; x64) AppleWebKit/537.36 (KHTML, like Gecko) Chrome/103.0.0.0 Safari/537.36"
15.158.215.109 - - [19/Mar/2026:08:26:18 +0000] "POST /wp-cron.php?doing_wp_cron=1773908778.0777471065521240234375 HTTP/1.1" 200 - "https://69b4844ae61d4e92bf26ad98af552775-devsite.readyship.co/wp-cron.php?doing_wp_cron=1773908778.0777471065521240234375" "WordPress/5.1.19; https://69b4844ae61d4e92bf26ad98af552775-devsite.readyship.co"
64.252.74.218 - - [19/Mar/2026:08:26:17 +0000] "GET /?feed=rss2&p=26805 HTTP/1.1" 200 514 "-" "Amazon CloudFront"
15.158.215.109 - - [19/Mar/2026:08:26:38 +0000] "POST /wp-cron.php?doing_wp_cron=1773908798.1870429515838623046875 HTTP/1.1" 200 - "https://69b4844ae61d4e92bf26ad98af552775-devsite.readyship.co/wp-cron.php?doing_wp_cron=1773908798.1870429515838623046875" "WordPress/5.1.19; https://69b4844ae61d4e92bf26ad98af552775-devsite.readyship.co"
64.252.74.61 - - [19/Mar/2026:08:26:37 +0000] "GET /?p=26026 HTTP/1.1" 200 21775 "-" "Amazon CloudFront"
15.158.215.109 - - [19/Mar/2026:08:27:45 +0000] "POST /wp-cron.php?doing_wp_cron=1773908865.1141550540924072265625 HTTP/1.1" 200 - "https://69b4844ae61d4e92bf26ad98af552775-devsite.readyship.co/wp-cron.php?doing_wp_cron=1773908865.1141550540924072265625" "WordPress/5.1.19; https://69b4844ae61d4e92bf26ad98af552775-devsite.readyship.co"
64.252.76.215 - - [19/Mar/2026:08:27:44 +0000] "GET /?p=26803 HTTP/1.1" 200 17614 "-" "Amazon CloudFront"
15.158.215.109 - - [19/Mar/2026:08:30:09 +0000] "POST /wp-cron.php?doing_wp_cron=1773909009.8839180469512939453125 HTTP/1.1" 200 - "https://69b4844ae61d4e92bf26ad98af552775-devsite.readyship.co/wp-cron.php?doing_wp_cron=1773909009.8839180469512939453125" "WordPress/5.1.19; https://69b4844ae61d4e92bf26ad98af552775-devsite.readyship.co"
64.252.74.218 - - [19/Mar/2026:08:30:09 +0000] "GET /?feed=rss2&p=79997 HTTP/1.1" 200 517 "-" "Amazon CloudFront"
15.158.215.109 - - [19/Mar/2026:08:32:43 +0000] "POST /wp-cron.php?doing_wp_cron=1773909162.9409348964691162109375 HTTP/1.1" 200 - "https://69b4844ae61d4e92bf26ad98af552775-devsite.readyship.co/wp-cron.php?doing_wp_cron=1773909162.9409348964691162109375" "WordPress/5.1.19; https://69b4844ae61d4e92bf26ad98af552775-devsite.readyship.co"
64.252.74.218 - - [19/Mar/2026:08:32:42 +0000] "GET /?p=79999 HTTP/1.1" 200 17648 "-" "Amazon CloudFront"
15.158.215.109 - - [19/Mar/2026:08:34:09 +0000] "POST /wp-cron.php?doing_wp_cron=1773909249.6367809772491455078125 HTTP/1.1" 200 - "https://69b4844ae61d4e92bf26ad98af552775-devsite.readyship.co/wp-cron.php?doing_wp_cron=1773909249.6367809772491455078125" "WordPress/5.1.19; https://69b4844ae61d4e92bf26ad98af552775-devsite.readyship.co"
64.252.68.102 - - [19/Mar/2026:08:34:09 +0000] "GET /?healthcheck_timestamp=1773909047605 HTTP/1.1" 200 178917 "-" "Amazon CloudFront"
15.158.215.109 - - [19/Mar/2026:08:39:09 +0000] "POST /wp-cron.php?doing_wp_cron=1773909549.2822649478912353515625 HTTP/1.1" 200 - "https://69b4844ae61d4e92bf26ad98af552775-devsite.readyship.co/wp-cron.php?doing_wp_cron=1773909549.2822649478912353515625" "WordPress/5.1.19; https://69b4844ae61d4e92bf26ad98af552775-devsite.readyship.co"
64.252.68.139 - - [19/Mar/2026:08:39:08 +0000] "GET /?p=12843 HTTP/1.1" 200 14283 "-" "Amazon CloudFront"
15.158.215.109 - - [19/Mar/2026:08:41:47 +0000] "POST /wp-cron.php?doing_wp_cron=1773909707.8256409168243408203125 HTTP/1.1" 200 - "https://69b4844ae61d4e92bf26ad98af552775-devsite.readyship.co/wp-cron.php?doing_wp_cron=1773909707.8256409168243408203125" "WordPress/5.1.19; https://69b4844ae61d4e92bf26ad98af552775-devsite.readyship.co"
18.68.19.181 - - [19/Mar/2026:08:41:47 +0000] "POST /xmlrpc.php HTTP/1.1" 200 403 "-" "Mozilla/5.0 (Windows NT 10.0; Win64; x64) AppleWebKit/537.36 (KHTML, like Gecko) Chrome/114.0.0.0 Safari/537.36"
18.68.19.181 - - [19/Mar/2026:08:41:52 +0000] "POST /xmlrpc.php HTTP/1.1" 200 403 "-" "Mozilla/5.0 (Windows NT 10.0; Win64; x64) AppleWebKit/537.36 (KHTML, like Gecko) Chrome/114.0.0.0 Safari/537.36"
15.158.215.109 - - [19/Mar/2026:08:57:20 +0000] "POST /wp-cron.php?doing_wp_cron=1773910640.8278059959411621093750 HTTP/1.1" 200 - "https://69b4844ae61d4e92bf26ad98af552775-devsite.readyship.co/wp-cron.php?doing_wp_cron=1773910640.8278059959411621093750" "WordPress/5.1.19; https://69b4844ae61d4e92bf26ad98af552775-devsite.readyship.co"
18.68.19.181 - - [19/Mar/2026:08:57:13 +0000] "POST /xmlrpc.php HTTP/1.1" 200 403 "-" "Mozilla/5.0 (Windows NT 10.0; Win64; x64) AppleWebKit/537.36 (KHTML, like Gecko) Chrome/114.0.0.0 Safari/537.36"
18.68.19.181 - - [19/Mar/2026:08:57:23 +0000] "POST /xmlrpc.php HTTP/1.1" 200 403 "-" "Mozilla/5.0 (Windows NT 10.0; Win64; x64) AppleWebKit/537.36 (KHTML, like Gecko) Chrome/114.0.0.0 Safari/537.36"
15.158.215.109 - - [19/Mar/2026:09:04:53 +0000] "POST /wp-cron.php?doing_wp_cron=1773911093.3515090942382812500000 HTTP/1.1" 200 - "https://69b4844ae61d4e92bf26ad98af552775-devsite.readyship.co/wp-cron.php?doing_wp_cron=1773911093.3515090942382812500000" "WordPress/5.1.19; https://69b4844ae61d4e92bf26ad98af552775-devsite.readyship.co"
64.252.74.61 - - [19/Mar/2026:09:04:46 +0000] "GET /?p=91277 HTTP/1.1" 200 16426 "-" "Amazon CloudFront"
64.252.74.61 - - [19/Mar/2026:09:05:05 +0000] "GET /?p=16689 HTTP/1.1" 200 14776 "-" "Amazon CloudFront"
64.252.74.61 - - [19/Mar/2026:09:05:35 +0000] "GET /?feed=rss2&p=16679 HTTP/1.1" 200 519 "-" "Amazon CloudFront"
15.158.215.109 - - [19/Mar/2026:09:05:35 +0000] "POST /wp-cron.php?doing_wp_cron=1773911135.2772209644317626953125 HTTP/1.1" 200 - "https://69b4844ae61d4e92bf26ad98af552775-devsite.readyship.co/wp-cron.php?doing_wp_cron=1773911135.2772209644317626953125" "WordPress/5.1.19; https://69b4844ae61d4e92bf26ad98af552775-devsite.readyship.co"
64.252.76.215 - - [19/Mar/2026:09:05:34 +0000] "GET /?feed=rss2&p=16671 HTTP/1.1" 200 506 "-" "Amazon CloudFront"
64.252.74.218 - - [19/Mar/2026:09:05:44 +0000] "GET /?feed=rss2&p=91309 HTTP/1.1" 200 549 "-" "Amazon CloudFront"
15.158.215.109 - - [19/Mar/2026:09:06:31 +0000] "POST /wp-cron.php?doing_wp_cron=1773911191.4750220775604248046875 HTTP/1.1" 200 - "https://69b4844ae61d4e92bf26ad98af552775-devsite.readyship.co/wp-cron.php?doing_wp_cron=1773911191.4750220775604248046875" "WordPress/5.1.19; https://69b4844ae61d4e92bf26ad98af552775-devsite.readyship.co"
15.158.215.109 - - [19/Mar/2026:09:06:31 +0000] "POST /wp-cron.php?doing_wp_cron=1773911191.4664459228515625000000 HTTP/1.1" 200 - "https://69b4844ae61d4e92bf26ad98af552775-devsite.readyship.co/wp-cron.php?doing_wp_cron=1773911191.4664459228515625000000" "WordPress/5.1.19; https://69b4844ae61d4e92bf26ad98af552775-devsite.readyship.co"
64.252.76.215 - - [19/Mar/2026:09:06:31 +0000] "GET /?feed=rss2&p=16669 HTTP/1.1" 200 525 "-" "Amazon CloudFront"
64.252.76.215 - - [19/Mar/2026:09:06:31 +0000] "GET /?feed=rss2&p=16685 HTTP/1.1" 200 514 "-" "Amazon CloudFront"
64.252.76.215 - - [19/Mar/2026:09:06:39 +0000] "GET /?feed=rss2&p=16615 HTTP/1.1" 200 533 "-" "Amazon CloudFront"
64.252.74.218 - - [19/Mar/2026:09:07:28 +0000] "GET /?feed=rss2&p=91305 HTTP/1.1" 200 522 "-" "Amazon CloudFront"
15.158.215.109 - - [19/Mar/2026:09:07:28 +0000] "POST /wp-cron.php?doing_wp_cron=1773911248.6188769340515136718750 HTTP/1.1" 200 - "https://69b4844ae61d4e92bf26ad98af552775-devsite.readyship.co/wp-cron.php?doing_wp_cron=1773911248.6188769340515136718750" "WordPress/5.1.19; https://69b4844ae61d4e92bf26ad98af552775-devsite.readyship.co"
64.252.74.61 - - [19/Mar/2026:09:07:28 +0000] "GET /?feed=rss2&p=91291 HTTP/1.1" 200 510 "-" "Amazon CloudFront"
64.252.74.218 - - [19/Mar/2026:09:07:53 +0000] "GET /?feed=rss2&p=91301 HTTP/1.1" 200 544 "-" "Amazon CloudFront"
64.252.74.218 - - [19/Mar/2026:09:07:53 +0000] "GET /?feed=rss2&p=91287 HTTP/1.1" 200 541 "-" "Amazon CloudFront"
64.252.74.218 - - [19/Mar/2026:09:08:02 +0000] "GET /?feed=rss2&p=16659 HTTP/1.1" 200 529 "-" "Amazon CloudFront"
64.252.74.61 - - [19/Mar/2026:09:08:42 +0000] "GET /?feed=rss2&p=91285 HTTP/1.1" 200 549 "-" "Amazon CloudFront"
15.158.215.109 - - [19/Mar/2026:09:08:42 +0000] "POST /wp-cron.php?doing_wp_cron=1773911322.6613550186157226562500 HTTP/1.1" 200 - "https://69b4844ae61d4e92bf26ad98af552775-devsite.readyship.co/wp-cron.php?doing_wp_cron=1773911322.6613550186157226562500" "WordPress/5.1.19; https://69b4844ae61d4e92bf26ad98af552775-devsite.readyship.co"
64.252.76.215 - - [19/Mar/2026:09:08:42 +0000] "GET /?feed=rss2&p=91283 HTTP/1.1" 200 524 "-" "Amazon CloudFront"
64.252.74.61 - - [19/Mar/2026:09:09:18 +0000] "GET /?feed=rss2&p=91298 HTTP/1.1" 200 552 "-" "Amazon CloudFront"
15.158.215.109 - - [19/Mar/2026:09:09:56 +0000] "POST /wp-cron.php?doing_wp_cron=1773911396.9522550106048583984375 HTTP/1.1" 200 - "https://69b4844ae61d4e92bf26ad98af552775-devsite.readyship.co/wp-cron.php?doing_wp_cron=1773911396.9522550106048583984375" "WordPress/5.1.19; https://69b4844ae61d4e92bf26ad98af552775-devsite.readyship.co"
64.252.76.215 - - [19/Mar/2026:09:09:56 +0000] "GET /?feed=rss2&p=16651 HTTP/1.1" 200 525 "-" "Amazon CloudFront"
64.252.74.218 - - [19/Mar/2026:09:09:58 +0000] "GET /?feed=rss2&p=91295 HTTP/1.1" 200 519 "-" "Amazon CloudFront"
64.252.76.215 - - [19/Mar/2026:09:10:01 +0000] "GET /?feed=rss2&p=91315 HTTP/1.1" 200 509 "-" "Amazon CloudFront"
15.158.215.109 - - [19/Mar/2026:09:10:59 +0000] "POST /wp-cron.php?doing_wp_cron=1773911459.8563840389251708984375 HTTP/1.1" 200 - "https://69b4844ae61d4e92bf26ad98af552775-devsite.readyship.co/wp-cron.php?doing_wp_cron=1773911459.8563840389251708984375" "WordPress/5.1.19; https://69b4844ae61d4e92bf26ad98af552775-devsite.readyship.co"
64.252.74.218 - - [19/Mar/2026:09:10:59 +0000] "GET /?feed=rss2&p=91311 HTTP/1.1" 200 524 "-" "Amazon CloudFront"
15.158.215.109 - - [19/Mar/2026:09:11:45 +0000] "POST /wp-cron.php?doing_wp_cron=1773911505.0628108978271484375000 HTTP/1.1" 200 - "https://69b4844ae61d4e92bf26ad98af552775-devsite.readyship.co/wp-cron.php?doing_wp_cron=1773911505.0628108978271484375000" "WordPress/5.1.19; https://69b4844ae61d4e92bf26ad98af552775-devsite.readyship.co"
64.252.74.61 - - [19/Mar/2026:09:11:44 +0000] "GET /?feed=rss2&p=16687 HTTP/1.1" 200 527 "-" "Amazon CloudFront"
15.158.215.109 - - [19/Mar/2026:09:13:39 +0000] "POST /wp-cron.php?doing_wp_cron=1773911618.9831540584564208984375 HTTP/1.1" 200 - "https://69b4844ae61d4e92bf26ad98af552775-devsite.readyship.co/wp-cron.php?doing_wp_cron=1773911618.9831540584564208984375" "WordPress/5.1.19; https://69b4844ae61d4e92bf26ad98af552775-devsite.readyship.co"
64.252.66.156 - - [19/Mar/2026:09:13:38 +0000] "GET /?p=40996 HTTP/1.1" 200 17459 "-" "Amazon CloudFront"
64.252.76.215 - - [19/Mar/2026:09:15:51 +0000] "GET /?feed=rss2&p=16683 HTTP/1.1" 200 510 "-" "Amazon CloudFront"
15.158.215.109 - - [19/Mar/2026:09:15:51 +0000] "POST /wp-cron.php?doing_wp_cron=1773911751.2430410385131835937500 HTTP/1.1" 200 - "https://69b4844ae61d4e92bf26ad98af552775-devsite.readyship.co/wp-cron.php?doing_wp_cron=1773911751.2430410385131835937500" "WordPress/5.1.19; https://69b4844ae61d4e92bf26ad98af552775-devsite.readyship.co"
64.252.74.61 - - [19/Mar/2026:09:15:50 +0000] "GET /?feed=rss2&p=16677 HTTP/1.1" 200 513 "-" "Amazon CloudFront"
64.252.76.215 - - [19/Mar/2026:09:16:15 +0000] "GET /?feed=rss2&p=91279 HTTP/1.1" 200 506 "-" "Amazon CloudFront"
15.158.215.109 - - [19/Mar/2026:09:16:23 +0000] "POST /wp-cron.php?doing_wp_cron=1773911783.0812048912048339843750 HTTP/1.1" 200 - "https://69b4844ae61d4e92bf26ad98af552775-devsite.readyship.co/wp-cron.php?doing_wp_cron=1773911783.0812048912048339843750" "WordPress/5.1.19; https://69b4844ae61d4e92bf26ad98af552775-devsite.readyship.co"
64.252.68.203 - - [19/Mar/2026:09:16:22 +0000] "GET /?p=10235 HTTP/1.1" 200 14607 "-" "Amazon CloudFront"
15.158.215.109 - - [19/Mar/2026:09:17:27 +0000] "POST /wp-cron.php?doing_wp_cron=1773911847.8763759136199951171875 HTTP/1.1" 200 - "https://69b4844ae61d4e92bf26ad98af552775-devsite.readyship.co/wp-cron.php?doing_wp_cron=1773911847.8763759136199951171875" "WordPress/5.1.19; https://69b4844ae61d4e92bf26ad98af552775-devsite.readyship.co"
64.252.74.61 - - [19/Mar/2026:09:17:27 +0000] "GET /?feed=rss2&p=91319 HTTP/1.1" 200 526 "-" "Amazon CloudFront"
15.158.215.109 - - [19/Mar/2026:09:21:42 +0000] "POST /wp-cron.php?doing_wp_cron=1773912102.3424880504608154296875 HTTP/1.1" 200 - "https://69b4844ae61d4e92bf26ad98af552775-devsite.readyship.co/wp-cron.php?doing_wp_cron=1773912102.3424880504608154296875" "WordPress/5.1.19; https://69b4844ae61d4e92bf26ad98af552775-devsite.readyship.co"
64.252.74.61 - - [19/Mar/2026:09:21:42 +0000] "GET /?feed=rss2&p=16691 HTTP/1.1" 200 512 "-" "Amazon CloudFront"
64.252.76.215 - - [19/Mar/2026:09:21:47 +0000] "GET /?feed=rss2&p=16661 HTTP/1.1" 200 505 "-" "Amazon CloudFront"
15.158.215.109 - - [19/Mar/2026:09:25:13 +0000] "POST /wp-cron.php?doing_wp_cron=1773912313.0323998928070068359375 HTTP/1.1" 200 - "https://69b4844ae61d4e92bf26ad98af552775-devsite.readyship.co/wp-cron.php?doing_wp_cron=1773912313.0323998928070068359375" "WordPress/5.1.19; https://69b4844ae61d4e92bf26ad98af552775-devsite.readyship.co"
64.252.76.215 - - [19/Mar/2026:09:25:12 +0000] "GET /?feed=rss2&p=91313 HTTP/1.1" 200 535 "-" "Amazon CloudFront"
15.158.215.109 - - [19/Mar/2026:09:26:11 +0000] "POST /wp-cron.php?doing_wp_cron=1773912371.3204550743103027343750 HTTP/1.1" 200 - "https://69b4844ae61d4e92bf26ad98af552775-devsite.readyship.co/wp-cron.php?doing_wp_cron=1773912371.3204550743103027343750" "WordPress/5.1.19; https://69b4844ae61d4e92bf26ad98af552775-devsite.readyship.co"
64.252.66.156 - - [19/Mar/2026:09:26:10 +0000] "GET /?p=7054 HTTP/1.1" 200 17008 "-" "Amazon CloudFront"
15.158.215.109 - - [19/Mar/2026:09:26:51 +0000] "POST /wp-cron.php?doing_wp_cron=1773912411.5653929710388183593750 HTTP/1.1" 200 - "https://69b4844ae61d4e92bf26ad98af552775-devsite.readyship.co/wp-cron.php?doing_wp_cron=1773912411.5653929710388183593750" "WordPress/5.1.19; https://69b4844ae61d4e92bf26ad98af552775-devsite.readyship.co"
64.252.76.215 - - [19/Mar/2026:09:26:51 +0000] "GET /?p=91237 HTTP/1.1" 200 16755 "-" "Amazon CloudFront"
64.252.74.61 - - [19/Mar/2026:09:27:06 +0000] "GET /?p=16699 HTTP/1.1" 200 14362 "-" "Amazon CloudFront"
15.158.215.109 - - [19/Mar/2026:09:27:51 +0000] "POST /wp-cron.php?doing_wp_cron=1773912471.5820310115814208984375 HTTP/1.1" 200 - "https://69b4844ae61d4e92bf26ad98af552775-devsite.readyship.co/wp-cron.php?doing_wp_cron=1773912471.5820310115814208984375" "WordPress/5.1.19; https://69b4844ae61d4e92bf26ad98af552775-devsite.readyship.co"
15.158.215.109 - - [19/Mar/2026:09:27:51 +0000] "POST /wp-cron.php?doing_wp_cron=1773912471.5837330818176269531250 HTTP/1.1" 200 - "https://69b4844ae61d4e92bf26ad98af552775-devsite.readyship.co/wp-cron.php?doing_wp_cron=1773912471.5837330818176269531250" "WordPress/5.1.19; https://69b4844ae61d4e92bf26ad98af552775-devsite.readyship.co"
64.252.76.215 - - [19/Mar/2026:09:27:51 +0000] "GET /?p=16697 HTTP/1.1" 200 14768 "-" "Amazon CloudFront"
64.252.74.61 - - [19/Mar/2026:09:27:51 +0000] "GET /?p=16693 HTTP/1.1" 200 14237 "-" "Amazon CloudFront"
64.252.76.215 - - [19/Mar/2026:09:27:53 +0000] "GET /?p=16705 HTTP/1.1" 200 16594 "-" "Amazon CloudFront"
64.252.74.218 - - [19/Mar/2026:09:28:03 +0000] "GET /?p=16722 HTTP/1.1" 200 16296 "-" "Amazon CloudFront"
64.252.74.61 - - [19/Mar/2026:09:28:03 +0000] "GET /?p=16709 HTTP/1.1" 200 15519 "-" "Amazon CloudFront"
64.252.74.218 - - [19/Mar/2026:09:28:04 +0000] "GET /?p=16701 HTTP/1.1" 200 14675 "-" "Amazon CloudFront"
15.158.215.109 - - [19/Mar/2026:09:28:45 +0000] "POST /wp-cron.php?doing_wp_cron=1773912525.5623149871826171875000 HTTP/1.1" 200 - "https://69b4844ae61d4e92bf26ad98af552775-devsite.readyship.co/wp-cron.php?doing_wp_cron=1773912525.5623149871826171875000" "WordPress/5.1.19; https://69b4844ae61d4e92bf26ad98af552775-devsite.readyship.co"
64.252.74.61 - - [19/Mar/2026:09:28:45 +0000] "GET /?p=16707 HTTP/1.1" 200 16174 "-" "Amazon CloudFront"
64.252.74.61 - - [19/Mar/2026:09:28:45 +0000] "GET /?p=91271 HTTP/1.1" 200 15934 "-" "Amazon CloudFront"
64.252.74.61 - - [19/Mar/2026:09:28:46 +0000] "GET /?p=16729 HTTP/1.1" 200 15697 "-" "Amazon CloudFront"
15.158.215.109 - - [19/Mar/2026:09:29:36 +0000] "POST /wp-cron.php?doing_wp_cron=1773912576.7024168968200683593750 HTTP/1.1" 200 - "https://69b4844ae61d4e92bf26ad98af552775-devsite.readyship.co/wp-cron.php?doing_wp_cron=1773912576.7024168968200683593750" "WordPress/5.1.19; https://69b4844ae61d4e92bf26ad98af552775-devsite.readyship.co"
64.252.74.218 - - [19/Mar/2026:09:29:36 +0000] "GET /?p=16710 HTTP/1.1" 200 15188 "-" "Amazon CloudFront"
64.252.74.61 - - [19/Mar/2026:09:29:38 +0000] "GET /?p=16713 HTTP/1.1" 200 16880 "-" "Amazon CloudFront"
64.252.76.215 - - [19/Mar/2026:09:29:50 +0000] "GET /?p=91263 HTTP/1.1" 200 17855 "-" "Amazon CloudFront"
64.252.74.61 - - [19/Mar/2026:09:29:51 +0000] "GET /?p=16725 HTTP/1.1" 200 14826 "-" "Amazon CloudFront"
64.252.74.61 - - [19/Mar/2026:09:29:51 +0000] "GET /?p=91245 HTTP/1.1" 200 14975 "-" "Amazon CloudFront"
64.252.74.61 - - [19/Mar/2026:09:30:16 +0000] "GET /?p=91253 HTTP/1.1" 200 22247 "-" "Amazon CloudFront"
64.252.74.61 - - [19/Mar/2026:09:30:16 +0000] "GET /?p=16715 HTTP/1.1" 200 14770 "-" "Amazon CloudFront"
64.252.74.61 - - [19/Mar/2026:09:30:17 +0000] "GET /?p=91265 HTTP/1.1" 200 22604 "-" "Amazon CloudFront"
15.158.215.109 - - [19/Mar/2026:09:30:33 +0000] "POST /wp-cron.php?doing_wp_cron=1773912633.0389909744262695312500 HTTP/1.1" 200 - "https://69b4844ae61d4e92bf26ad98af552775-devsite.readyship.co/wp-cron.php?doing_wp_cron=1773912633.0389909744262695312500" "WordPress/5.1.19; https://69b4844ae61d4e92bf26ad98af552775-devsite.readyship.co"
64.252.74.61 - - [19/Mar/2026:09:30:32 +0000] "GET /?p=16719 HTTP/1.1" 200 14254 "-" "Amazon CloudFront"
64.252.74.218 - - [19/Mar/2026:09:30:33 +0000] "GET /?p=91273 HTTP/1.1" 200 18496 "-" "Amazon CloudFront"
64.252.76.215 - - [19/Mar/2026:09:30:34 +0000] "GET /?p=16703 HTTP/1.1" 200 14799 "-" "Amazon CloudFront"
64.252.74.218 - - [19/Mar/2026:09:31:27 +0000] "GET /?p=91247 HTTP/1.1" 200 21820 "-" "Amazon CloudFront"
15.158.215.109 - - [19/Mar/2026:09:31:27 +0000] "POST /wp-cron.php?doing_wp_cron=1773912687.7709069252014160156250 HTTP/1.1" 200 - "https://69b4844ae61d4e92bf26ad98af552775-devsite.readyship.co/wp-cron.php?doing_wp_cron=1773912687.7709069252014160156250" "WordPress/5.1.19; https://69b4844ae61d4e92bf26ad98af552775-devsite.readyship.co"
64.252.74.218 - - [19/Mar/2026:09:31:27 +0000] "GET /?p=91249 HTTP/1.1" 200 23162 "-" "Amazon CloudFront"
64.252.74.61 - - [19/Mar/2026:09:31:54 +0000] "GET /?p=91267 HTTP/1.1" 200 17143 "-" "Amazon CloudFront"
64.252.74.61 - - [19/Mar/2026:09:31:55 +0000] "GET /?p=16717 HTTP/1.1" 200 14992 "-" "Amazon CloudFront"
64.252.76.215 - - [19/Mar/2026:09:32:07 +0000] "GET /?p=91275 HTTP/1.1" 200 17147 "-" "Amazon CloudFront"
64.252.74.61 - - [19/Mar/2026:09:32:07 +0000] "GET /?p=91243 HTTP/1.1" 200 17066 "-" "Amazon CloudFront"
64.252.74.218 - - [19/Mar/2026:09:32:24 +0000] "GET /?p=91255 HTTP/1.1" 200 23716 "-" "Amazon CloudFront"
64.252.74.61 - - [19/Mar/2026:09:32:24 +0000] "GET /?p=91259 HTTP/1.1" 200 17069 "-" "Amazon CloudFront"
15.158.215.109 - - [19/Mar/2026:09:32:24 +0000] "POST /wp-cron.php?doing_wp_cron=1773912744.6366651058197021484375 HTTP/1.1" 200 - "https://69b4844ae61d4e92bf26ad98af552775-devsite.readyship.co/wp-cron.php?doing_wp_cron=1773912744.6366651058197021484375" "WordPress/5.1.19; https://69b4844ae61d4e92bf26ad98af552775-devsite.readyship.co"
64.252.76.215 - - [19/Mar/2026:09:33:10 +0000] "GET /?p=91251 HTTP/1.1" 200 16531 "-" "Amazon CloudFront"
64.252.74.218 - - [19/Mar/2026:09:33:46 +0000] "GET /?feed=rss2&p=16655 HTTP/1.1" 200 549 "-" "Amazon CloudFront"
15.158.215.109 - - [19/Mar/2026:09:33:46 +0000] "POST /wp-cron.php?doing_wp_cron=1773912826.7149789333343505859375 HTTP/1.1" 200 - "https://69b4844ae61d4e92bf26ad98af552775-devsite.readyship.co/wp-cron.php?doing_wp_cron=1773912826.7149789333343505859375" "WordPress/5.1.19; https://69b4844ae61d4e92bf26ad98af552775-devsite.readyship.co"
64.252.76.215 - - [19/Mar/2026:09:33:46 +0000] "GET /?feed=rss2&p=16656 HTTP/1.1" 200 539 "-" "Amazon CloudFront"
64.252.74.61 - - [19/Mar/2026:09:33:49 +0000] "GET /?feed=rss2&p=16673 HTTP/1.1" 200 528 "-" "Amazon CloudFront"
64.252.74.61 - - [19/Mar/2026:09:33:49 +0000] "GET /?feed=rss2&p=91307 HTTP/1.1" 200 769 "-" "Amazon CloudFront"
64.252.66.156 - - [19/Mar/2026:09:34:08 +0000] "GET /?healthcheck_timestamp=1773912647174 HTTP/1.1" 200 178919 "-" "Amazon CloudFront"
64.252.76.215 - - [19/Mar/2026:09:34:40 +0000] "GET /?feed=rss2&p=91289 HTTP/1.1" 200 529 "-" "Amazon CloudFront"
15.158.215.109 - - [19/Mar/2026:09:34:40 +0000] "POST /wp-cron.php?doing_wp_cron=1773912880.9015660285949707031250 HTTP/1.1" 200 - "https://69b4844ae61d4e92bf26ad98af552775-devsite.readyship.co/wp-cron.php?doing_wp_cron=1773912880.9015660285949707031250" "WordPress/5.1.19; https://69b4844ae61d4e92bf26ad98af552775-devsite.readyship.co"
64.252.76.215 - - [19/Mar/2026:09:34:40 +0000] "GET /?feed=rss2&p=16667 HTTP/1.1" 200 533 "-" "Amazon CloudFront"
64.252.74.61 - - [19/Mar/2026:09:35:24 +0000] "GET /?feed=rss2&p=91293 HTTP/1.1" 200 520 "-" "Amazon CloudFront"
15.158.215.109 - - [19/Mar/2026:09:35:24 +0000] "POST /wp-cron.php?doing_wp_cron=1773912924.6982319355010986328125 HTTP/1.1" 200 - "https://69b4844ae61d4e92bf26ad98af552775-devsite.readyship.co/wp-cron.php?doing_wp_cron=1773912924.6982319355010986328125" "WordPress/5.1.19; https://69b4844ae61d4e92bf26ad98af552775-devsite.readyship.co"
64.252.76.215 - - [19/Mar/2026:09:35:24 +0000] "GET /?feed=rss2&p=91281 HTTP/1.1" 200 502 "-" "Amazon CloudFront"
64.252.74.218 - - [19/Mar/2026:09:35:42 +0000] "GET /?cat=1&paged=3952 HTTP/1.1" 200 11232 "-" "Amazon CloudFront"
64.252.76.215 - - [19/Mar/2026:09:35:42 +0000] "GET /?cat=1&paged=280 HTTP/1.1" 200 11204 "-" "Amazon CloudFront"
64.252.74.218 - - [19/Mar/2026:09:36:11 +0000] "GET /?cat=1&paged=279 HTTP/1.1" 200 11259 "-" "Amazon CloudFront"
64.252.74.218 - - [19/Mar/2026:09:36:11 +0000] "GET /?cat=1&paged=3951 HTTP/1.1" 200 11339 "-" "Amazon CloudFront"
15.158.215.109 - - [19/Mar/2026:09:37:26 +0000] "POST /wp-cron.php?doing_wp_cron=1773913046.2947070598602294921875 HTTP/1.1" 200 - "https://69b4844ae61d4e92bf26ad98af552775-devsite.readyship.co/wp-cron.php?doing_wp_cron=1773913046.2947070598602294921875" "WordPress/5.1.19; https://69b4844ae61d4e92bf26ad98af552775-devsite.readyship.co"
64.252.74.218 - - [19/Mar/2026:09:37:26 +0000] "GET /?feed=rss2&p=16653 HTTP/1.1" 200 509 "-" "Amazon CloudFront"
64.252.76.215 - - [19/Mar/2026:09:37:26 +0000] "GET /?feed=rss2&p=16665 HTTP/1.1" 200 522 "-" "Amazon CloudFront"
64.252.76.215 - - [19/Mar/2026:09:37:57 +0000] "GET /?feed=rss2&p=16663 HTTP/1.1" 200 526 "-" "Amazon CloudFront"
64.252.74.218 - - [19/Mar/2026:09:37:57 +0000] "GET /?feed=rss2&p=91297 HTTP/1.1" 200 502 "-" "Amazon CloudFront"
64.252.74.218 - - [19/Mar/2026:09:38:07 +0000] "GET /?p=16695 HTTP/1.1" 200 15119 "-" "Amazon CloudFront"
64.252.74.218 - - [19/Mar/2026:09:38:08 +0000] "GET /?p=16727 HTTP/1.1" 200 14655 "-" "Amazon CloudFront"
64.252.74.218 - - [19/Mar/2026:09:38:09 +0000] "GET /?p=91241 HTTP/1.1" 200 23040 "-" "Amazon CloudFront"
64.252.76.215 - - [19/Mar/2026:09:39:02 +0000] "GET /?p=91261 HTTP/1.1" 200 14737 "-" "Amazon CloudFront"
15.158.215.109 - - [19/Mar/2026:09:39:02 +0000] "POST /wp-cron.php?doing_wp_cron=1773913142.8567349910736083984375 HTTP/1.1" 200 - "https://69b4844ae61d4e92bf26ad98af552775-devsite.readyship.co/wp-cron.php?doing_wp_cron=1773913142.8567349910736083984375" "WordPress/5.1.19; https://69b4844ae61d4e92bf26ad98af552775-devsite.readyship.co"
64.252.74.218 - - [19/Mar/2026:09:39:02 +0000] "GET /?p=16721 HTTP/1.1" 200 14585 "-" "Amazon CloudFront"
15.158.215.109 - - [19/Mar/2026:09:39:32 +0000] "POST /wp-cron.php?doing_wp_cron=1773913172.8863799571990966796875 HTTP/1.1" 200 - "https://69b4844ae61d4e92bf26ad98af552775-devsite.readyship.co/wp-cron.php?doing_wp_cron=1773913172.8863799571990966796875" "WordPress/5.1.19; https://69b4844ae61d4e92bf26ad98af552775-devsite.readyship.co"
64.252.76.215 - - [19/Mar/2026:09:39:32 +0000] "GET /?p=91266 HTTP/1.1" 200 14859 "-" "Amazon CloudFront"
64.252.74.61 - - [19/Mar/2026:09:39:32 +0000] "GET /?p=91257 HTTP/1.1" 200 15586 "-" "Amazon CloudFront"
15.158.215.109 - - [19/Mar/2026:09:41:29 +0000] "POST /wp-cron.php?doing_wp_cron=1773913289.4011120796203613281250 HTTP/1.1" 200 - "https://69b4844ae61d4e92bf26ad98af552775-devsite.readyship.co/wp-cron.php?doing_wp_cron=1773913289.4011120796203613281250" "WordPress/5.1.19; https://69b4844ae61d4e92bf26ad98af552775-devsite.readyship.co"
64.252.74.218 - - [19/Mar/2026:09:41:29 +0000] "GET /?feed=rss2&p=91303 HTTP/1.1" 200 513 "-" "Amazon CloudFront"
15.158.215.109 - - [19/Mar/2026:09:47:25 +0000] "POST /wp-cron.php?doing_wp_cron=1773913645.5187559127807617187500 HTTP/1.1" 200 - "https://69b4844ae61d4e92bf26ad98af552775-devsite.readyship.co/wp-cron.php?doing_wp_cron=1773913645.5187559127807617187500" "WordPress/5.1.19; https://69b4844ae61d4e92bf26ad98af552775-devsite.readyship.co"
64.252.76.215 - - [19/Mar/2026:09:47:25 +0000] "GET /?feed=rss2&p=16675 HTTP/1.1" 200 506 "-" "Amazon CloudFront"
15.158.215.109 - - [19/Mar/2026:09:50:35 +0000] "POST /wp-cron.php?doing_wp_cron=1773913835.7350080013275146484375 HTTP/1.1" 200 - "https://69b4844ae61d4e92bf26ad98af552775-devsite.readyship.co/wp-cron.php?doing_wp_cron=1773913835.7350080013275146484375" "WordPress/5.1.19; https://69b4844ae61d4e92bf26ad98af552775-devsite.readyship.co"
64.252.76.215 - - [19/Mar/2026:09:50:35 +0000] "GET /?feed=rss2&p=16680 HTTP/1.1" 200 505 "-" "Amazon CloudFront"
15.158.215.109 - - [19/Mar/2026:09:52:08 +0000] "POST /wp-cron.php?doing_wp_cron=1773913928.3013739585876464843750 HTTP/1.1" 200 - "https://69b4844ae61d4e92bf26ad98af552775-devsite.readyship.co/wp-cron.php?doing_wp_cron=1773913928.3013739585876464843750" "WordPress/5.1.19; https://69b4844ae61d4e92bf26ad98af552775-devsite.readyship.co"
64.252.68.139 - - [19/Mar/2026:09:52:07 +0000] "GET /?p=67332 HTTP/1.1" 200 14368 "-" "Amazon CloudFront"
15.158.215.109 - - [19/Mar/2026:09:53:14 +0000] "POST /wp-cron.php?doing_wp_cron=1773913994.3942239284515380859375 HTTP/1.1" 200 - "https://69b4844ae61d4e92bf26ad98af552775-devsite.readyship.co/wp-cron.php?doing_wp_cron=1773913994.3942239284515380859375" "WordPress/5.1.19; https://69b4844ae61d4e92bf26ad98af552775-devsite.readyship.co"
64.252.102.108 - - [19/Mar/2026:09:53:16 +0000] "GET /wp-content/plugins/woocommerce/assets/css/blocks/style.css?ver=3.6.7 HTTP/1.1" 200 933 "-" "Amazon CloudFront"
64.252.102.108 - - [19/Mar/2026:09:53:16 +0000] "GET /wp-content/plugins/elementor/assets/lib/animations/animations.min.css?ver=2.5.14 HTTP/1.1" 200 2592 "-" "Amazon CloudFront"
64.252.102.108 - - [19/Mar/2026:09:53:16 +0000] "GET /wp-content/plugins/contact-form-7/includes/css/styles.css?ver=5.1.1 HTTP/1.1" 200 651 "-" "Amazon CloudFront"
64.252.103.187 - - [19/Mar/2026:09:53:17 +0000] "GET /wp-includes/css/dist/block-library/style.min.css?ver=5.1.19 HTTP/1.1" 200 4268 "-" "Amazon CloudFront"
64.252.103.228 - - [19/Mar/2026:09:53:17 +0000] "GET /wp-content/themes/my-listing/assets/dist/maps/google-maps/google-maps.css?ver=2.0.11 HTTP/1.1" 200 1009 "-" "Amazon CloudFront"
64.252.103.228 - - [19/Mar/2026:09:53:17 +0000] "GET /wp-includes/js/jquery/jquery-migrate.min.js?ver=1.4.1 HTTP/1.1" 200 7119 "-" "Amazon CloudFront"
64.252.103.187 - - [19/Mar/2026:09:53:17 +0000] "GET /wp-content/themes/my-listing/assets/dist/icons/icons.css?ver=2.0.11 HTTP/1.1" 200 21979 "-" "Amazon CloudFront"
64.252.102.108 - - [19/Mar/2026:09:53:17 +0000] "GET /wp-content/themes/my-listing/style.css?ver=5.1.19 HTTP/1.1" 200 1040 "-" "Amazon CloudFront"
64.252.103.228 - - [19/Mar/2026:09:53:17 +0000] "GET /wp-includes/js/jquery/jquery.js?ver=1.12.4 HTTP/1.1" 200 36986 "-" "Amazon CloudFront"
64.252.103.228 - - [19/Mar/2026:09:53:17 +0000] "GET /wp-content/themes/my-listing/assets/dist/frontend/vendor.css?ver=2.0.11 HTTP/1.1" 200 29625 "-" "Amazon CloudFront"
64.252.102.108 - - [19/Mar/2026:09:53:17 +0000] "GET /wp-content/plugins/wp-job-manager/assets/css/frontend.css?ver=1.32.2 HTTP/1.1" 200 4284 "-" "Amazon CloudFront"
64.252.102.108 - - [19/Mar/2026:09:53:17 +0000] "GET /wp-content/themes/my-listing-child/style.css?ver=5.1.19 HTTP/1.1" 200 372 "-" "Amazon CloudFront"
64.252.103.228 - - [19/Mar/2026:09:53:17 +0000] "GET /wp-content/themes/my-listing/assets/dist/frontend/frontend.css?ver=2.0.11 HTTP/1.1" 200 63010 "-" "Amazon CloudFront"
64.252.103.228 - - [19/Mar/2026:09:53:17 +0000] "GET /wp-includes/js/wp-emoji-release.min.js?ver=5.1.19 HTTP/1.1" 200 7436 "-" "Amazon CloudFront"
64.252.103.228 - - [19/Mar/2026:09:53:14 +0000] "GET /robots.txt/ HTTP/1.1" 200 23861 "-" "Amazon CloudFront"
64.252.103.187 - - [19/Mar/2026:09:53:17 +0000] "GET /wp-content/plugins/woocommerce/assets/css/woocommerce.css?ver=3.6.7 HTTP/1.1" 200 8809 "-" "Amazon CloudFront"
64.252.102.108 - - [19/Mar/2026:09:53:17 +0000] "GET /wp-content/plugins/elementor/assets/lib/eicons/css/elementor-icons.min.css?ver=4.3.0 HTTP/1.1" 200 2536 "-" "Amazon CloudFront"
64.252.103.187 - - [19/Mar/2026:09:53:17 +0000] "GET /wp-content/plugins/woocommerce/assets/css/woocommerce-layout.css?ver=3.6.7 HTTP/1.1" 200 2155 "-" "Amazon CloudFront"
64.252.102.108 - - [19/Mar/2026:09:53:17 +0000] "GET /wp-content/plugins/woocommerce/assets/css/select2.css?ver=3.6.7 HTTP/1.1" 200 1963 "-" "Amazon CloudFront"
64.252.103.187 - - [19/Mar/2026:09:53:17 +0000] "GET /wp-content/uploads/elementor/css/global.css?ver=1555758410 HTTP/1.1" 200 683 "-" "Amazon CloudFront"
64.252.102.108 - - [19/Mar/2026:09:53:17 +0000] "GET /wp-content/plugins/elementor/assets/lib/font-awesome/css/font-awesome.min.css?ver=4.7.0 HTTP/1.1" 200 7050 "-" "Amazon CloudFront"
64.252.103.187 - - [19/Mar/2026:09:53:17 +0000] "GET /wp-includes/js/zxcvbn-async.min.js?ver=1.0 HTTP/1.1" 200 3282 "-" "Amazon CloudFront"
64.252.102.108 - - [19/Mar/2026:09:53:17 +0000] "GET /wp-content/uploads/mylisting-dynamic-styles.css?ver=1590799639 HTTP/1.1" 200 5404 "-" "Amazon CloudFront"
64.252.103.187 - - [19/Mar/2026:09:53:17 +0000] "GET /wp-content/uploads/elementor/css/post-27.css?ver=1767043303 HTTP/1.1" 200 3319 "-" "Amazon CloudFront"
64.252.102.108 - - [19/Mar/2026:09:53:17 +0000] "GET /wp-content/plugins/elementor/assets/css/frontend.min.css?ver=2.5.14 HTTP/1.1" 200 13179 "-" "Amazon CloudFront"
64.252.102.108 - - [19/Mar/2026:09:53:17 +0000] "GET /wp-content/plugins/woocommerce/assets/css/woocommerce-smallscreen.css?ver=3.6.7 HTTP/1.1" 200 1055 "-" "Amazon CloudFront"
64.252.103.187 - - [19/Mar/2026:09:53:18 +0000] "GET /wp-content/plugins/woocommerce/assets/js/frontend/add-to-cart.min.js?ver=3.6.7 HTTP/1.1" 200 4033 "-" "Amazon CloudFront"
64.252.102.108 - - [19/Mar/2026:09:53:18 +0000] "GET /wp-content/plugins/elementor/assets/lib/waypoints/waypoints.min.js?ver=4.0.2 HTTP/1.1" 200 6125 "-" "Amazon CloudFront"
64.252.102.108 - - [19/Mar/2026:09:53:18 +0000] "GET /wp-content/themes/my-listing/assets/dist/maps/google-maps/google-maps.js?ver=2.0.11 HTTP/1.1" 200 15359 "-" "Amazon CloudFront"
64.252.103.187 - - [19/Mar/2026:09:53:18 +0000] "GET /wp-content/themes/my-listing/assets/dist/frontend/frontend.js?ver=2.0.11 HTTP/1.1" 200 16765 "-" "Amazon CloudFront"
64.252.103.228 - - [19/Mar/2026:09:53:18 +0000] "GET /wp-content/plugins/woocommerce/assets/js/frontend/cart-fragments.min.js?ver=3.6.7 HTTP/1.1" 200 4113 "-" "Amazon CloudFront"
64.252.103.228 - - [19/Mar/2026:09:53:18 +0000] "GET /wp-content/plugins/woocommerce/assets/js/js-cookie/js.cookie.min.js?ver=2.1.4 HTTP/1.1" 200 4017 "-" "Amazon CloudFront"
64.252.103.228 - - [19/Mar/2026:09:53:18 +0000] "GET /wp-content/plugins/elementor/assets/lib/dialog/dialog.min.js?ver=4.7.1 HTTP/1.1" 200 6534 "-" "Amazon CloudFront"
64.252.103.228 - - [19/Mar/2026:09:53:18 +0000] "GET /wp-content/plugins/woocommerce/assets/js/jquery-blockui/jquery.blockUI.min.js?ver=2.70 HTTP/1.1" 200 6643 "-" "Amazon CloudFront"
64.252.103.187 - - [19/Mar/2026:09:53:18 +0000] "GET /wp-includes/js/jquery/ui/widget.min.js?ver=1.11.4 HTTP/1.1" 200 5668 "-" "Amazon CloudFront"
64.252.103.228 - - [19/Mar/2026:09:53:18 +0000] "GET /wp-content/plugins/woocommerce/assets/js/frontend/woocommerce.min.js?ver=3.6.7 HTTP/1.1" 200 3702 "-" "Amazon CloudFront"
64.252.102.108 - - [19/Mar/2026:09:53:18 +0000] "GET /wp-includes/js/jquery/ui/core.min.js?ver=1.11.4 HTTP/1.1" 200 4888 "-" "Amazon CloudFront"
64.252.102.108 - - [19/Mar/2026:09:53:18 +0000] "GET /wp-content/themes/my-listing/assets/vendor/select2/select2.js?ver=2.0.11 HTTP/1.1" 200 22321 "-" "Amazon CloudFront"
64.252.103.187 - - [19/Mar/2026:09:53:18 +0000] "GET /wp-includes/js/jquery/ui/position.min.js?ver=1.11.4 HTTP/1.1" 200 5587 "-" "Amazon CloudFront"
64.252.103.228 - - [19/Mar/2026:09:53:18 +0000] "GET /wp-content/themes/my-listing/assets/dist/frontend/vendor.js?ver=2.0.11 HTTP/1.1" 200 120384 "-" "Amazon CloudFront"
64.252.103.228 - - [19/Mar/2026:09:53:18 +0000] "GET /wp-includes/js/jquery/ui/sortable.min.js?ver=1.11.4 HTTP/1.1" 200 9633 "-" "Amazon CloudFront"
64.252.103.228 - - [19/Mar/2026:09:53:18 +0000] "GET /wp-admin/js/password-strength-meter.min.js?ver=5.1.19 HTTP/1.1" 200 3517 "-" "Amazon CloudFront"
64.252.103.228 - - [19/Mar/2026:09:53:18 +0000] "GET /wp-content/plugins/elementor/assets/js/frontend.min.js?ver=2.5.14 HTTP/1.1" 200 13691 "-" "Amazon CloudFront"
64.252.103.228 - - [19/Mar/2026:09:53:18 +0000] "GET /wp-content/plugins/elementor/assets/lib/swiper/swiper.min.js?ver=4.4.6 HTTP/1.1" 200 36018 "-" "Amazon CloudFront"
64.252.103.228 - - [19/Mar/2026:09:53:18 +0000] "GET /wp-content/plugins/woocommerce/assets/js/frontend/password-strength-meter.min.js?ver=3.6.7 HTTP/1.1" 200 3833 "-" "Amazon CloudFront"
64.252.102.108 - - [19/Mar/2026:09:53:18 +0000] "GET /wp-content/plugins/contact-form-7/includes/js/scripts.js?ver=5.1.1 HTTP/1.1" 200 7164 "-" "Amazon CloudFront"
64.252.103.187 - - [19/Mar/2026:09:53:18 +0000] "GET /wp-includes/js/wp-embed.min.js?ver=5.1.19 HTTP/1.1" 200 3822 "-" "Amazon CloudFront"
64.252.103.187 - - [19/Mar/2026:09:53:18 +0000] "GET /wp-content/plugins/elementor/assets/js/frontend-modules.min.js?ver=2.5.14 HTTP/1.1" 200 6728 "-" "Amazon CloudFront"
64.252.103.187 - - [19/Mar/2026:09:53:18 +0000] "GET /wp-includes/js/dist/vendor/moment.min.js?ver=2.22.2 HTTP/1.1" 200 20021 "-" "Amazon CloudFront"
64.252.102.108 - - [19/Mar/2026:09:53:18 +0000] "GET /wp-includes/js/jquery/ui/mouse.min.js?ver=1.11.4 HTTP/1.1" 200 4073 "-" "Amazon CloudFront"
64.252.103.187 - - [19/Mar/2026:09:53:19 +0000] "GET /wp-includes/js/zxcvbn.min.js HTTP/1.1" 200 73848 "-" "Amazon CloudFront"
3.172.34.12 - - [19/Mar/2026:09:53:19 +0000] "POST /?wc-ajax=get_refreshed_fragments HTTP/1.1" 200 200 "-" "Amazon CloudFront"
15.158.215.109 - - [19/Mar/2026:09:53:26 +0000] "POST /wp-cron.php?doing_wp_cron=1773914006.7283849716186523437500 HTTP/1.1" 200 - "https://69b4844ae61d4e92bf26ad98af552775-devsite.readyship.co/wp-cron.php?doing_wp_cron=1773914006.7283849716186523437500" "WordPress/5.1.19; https://69b4844ae61d4e92bf26ad98af552775-devsite.readyship.co"
64.252.126.120 - - [19/Mar/2026:09:53:26 +0000] "GET /?feed=rss2&p=14671 HTTP/1.1" 200 510 "-" "Amazon CloudFront"
64.252.126.48 - - [19/Mar/2026:09:53:28 +0000] "GET /?feed=rss2&p=14673 HTTP/1.1" 200 510 "-" "Amazon CloudFront"
64.252.126.48 - - [19/Mar/2026:09:53:31 +0000] "GET /?feed=rss2&p=14675 HTTP/1.1" 200 524 "-" "Amazon CloudFront"
64.252.126.50 - - [19/Mar/2026:09:53:33 +0000] "GET /?feed=rss2&p=14677 HTTP/1.1" 200 502 "-" "Amazon CloudFront"
64.252.126.50 - - [19/Mar/2026:09:53:35 +0000] "GET /?feed=rss2&p=14679 HTTP/1.1" 200 545 "-" "Amazon CloudFront"
64.252.126.120 - - [19/Mar/2026:09:53:37 +0000] "GET /?feed=rss2&p=14681 HTTP/1.1" 200 513 "-" "Amazon CloudFront"
64.252.126.50 - - [19/Mar/2026:09:53:39 +0000] "GET /?feed=rss2&p=14683 HTTP/1.1" 200 507 "-" "Amazon CloudFront"
64.252.126.120 - - [19/Mar/2026:09:53:41 +0000] "GET /?feed=rss2&p=14685 HTTP/1.1" 200 499 "-" "Amazon CloudFront"
64.252.126.48 - - [19/Mar/2026:09:53:43 +0000] "GET /?feed=rss2&p=14687 HTTP/1.1" 200 501 "-" "Amazon CloudFront"
64.252.126.50 - - [19/Mar/2026:09:53:45 +0000] "GET /?feed=rss2&p=14689 HTTP/1.1" 200 507 "-" "Amazon CloudFront"
64.252.126.50 - - [19/Mar/2026:09:53:48 +0000] "GET /?feed=rss2&p=14691 HTTP/1.1" 200 537 "-" "Amazon CloudFront"
64.252.126.48 - - [19/Mar/2026:09:53:50 +0000] "GET /?feed=rss2&p=14693 HTTP/1.1" 200 515 "-" "Amazon CloudFront"
64.252.126.48 - - [19/Mar/2026:09:53:52 +0000] "GET /?feed=rss2&p=14695 HTTP/1.1" 200 543 "-" "Amazon CloudFront"
64.252.126.120 - - [19/Mar/2026:09:53:54 +0000] "GET /?feed=rss2&p=14697 HTTP/1.1" 200 540 "-" "Amazon CloudFront"
64.252.126.50 - - [19/Mar/2026:09:53:56 +0000] "GET /?feed=rss2&p=14699 HTTP/1.1" 200 534 "-" "Amazon CloudFront"
64.252.126.48 - - [19/Mar/2026:09:53:58 +0000] "GET /?feed=rss2&p=14701 HTTP/1.1" 200 505 "-" "Amazon CloudFront"
64.252.126.120 - - [19/Mar/2026:09:54:00 +0000] "GET /?feed=rss2&p=14703 HTTP/1.1" 200 545 "-" "Amazon CloudFront"
64.252.126.120 - - [19/Mar/2026:09:54:02 +0000] "GET /?feed=rss2&p=14705 HTTP/1.1" 200 515 "-" "Amazon CloudFront"
64.252.126.48 - - [19/Mar/2026:09:54:04 +0000] "GET /?feed=rss2&p=14707 HTTP/1.1" 200 505 "-" "Amazon CloudFront"
64.252.126.50 - - [19/Mar/2026:09:54:06 +0000] "GET /?feed=rss2&p=14709 HTTP/1.1" 200 497 "-" "Amazon CloudFront"
64.252.126.48 - - [19/Mar/2026:09:54:08 +0000] "GET /?feed=rss2&p=24538 HTTP/1.1" 200 511 "-" "Amazon CloudFront"
64.252.126.120 - - [19/Mar/2026:09:54:10 +0000] "GET /?feed=rss2&p=26163 HTTP/1.1" 200 503 "-" "Amazon CloudFront"
64.252.126.50 - - [19/Mar/2026:09:54:12 +0000] "GET /?feed=rss2&p=26813 HTTP/1.1" 200 508 "-" "Amazon CloudFront"
64.252.126.48 - - [19/Mar/2026:09:54:14 +0000] "GET /?feed=rss2&p=31027 HTTP/1.1" 200 528 "-" "Amazon CloudFront"
64.252.126.48 - - [19/Mar/2026:09:54:16 +0000] "GET /?feed=rss2&p=32850 HTTP/1.1" 200 864 "-" "Amazon CloudFront"
64.252.126.48 - - [19/Mar/2026:09:54:18 +0000] "GET /?feed=rss2&p=34120 HTTP/1.1" 200 512 "-" "Amazon CloudFront"
64.252.126.50 - - [19/Mar/2026:09:54:20 +0000] "GET /?feed=rss2&p=44672 HTTP/1.1" 200 533 "-" "Amazon CloudFront"
15.158.215.109 - - [19/Mar/2026:09:54:23 +0000] "POST /wp-cron.php?doing_wp_cron=1773914063.0633471012115478515625 HTTP/1.1" 200 - "https://69b4844ae61d4e92bf26ad98af552775-devsite.readyship.co/wp-cron.php?doing_wp_cron=1773914063.0633471012115478515625" "WordPress/5.1.19; https://69b4844ae61d4e92bf26ad98af552775-devsite.readyship.co"
64.252.126.120 - - [19/Mar/2026:09:54:22 +0000] "GET /?feed=rss2&p=45509 HTTP/1.1" 200 500 "-" "Amazon CloudFront"
64.252.126.50 - - [19/Mar/2026:09:54:25 +0000] "GET /?feed=rss2&p=46194 HTTP/1.1" 200 508 "-" "Amazon CloudFront"
64.252.126.48 - - [19/Mar/2026:09:54:27 +0000] "GET /?feed=rss2&p=49087 HTTP/1.1" 200 507 "-" "Amazon CloudFront"
64.252.126.120 - - [19/Mar/2026:09:54:29 +0000] "GET /?feed=rss2&p=51358 HTTP/1.1" 200 540 "-" "Amazon CloudFront"
64.252.126.120 - - [19/Mar/2026:09:54:31 +0000] "GET /?feed=rss2&p=54152 HTTP/1.1" 200 495 "-" "Amazon CloudFront"
64.252.126.120 - - [19/Mar/2026:09:54:33 +0000] "GET /?feed=rss2&p=70276 HTTP/1.1" 200 537 "-" "Amazon CloudFront"
64.252.126.50 - - [19/Mar/2026:09:54:36 +0000] "GET /?feed=rss2&p=71090 HTTP/1.1" 200 510 "-" "Amazon CloudFront"
64.252.126.48 - - [19/Mar/2026:09:54:38 +0000] "GET /?feed=rss2&p=72291 HTTP/1.1" 200 504 "-" "Amazon CloudFront"
64.252.126.50 - - [19/Mar/2026:09:54:40 +0000] "GET /?feed=rss2&p=72295 HTTP/1.1" 200 545 "-" "Amazon CloudFront"
64.252.126.48 - - [19/Mar/2026:09:54:42 +0000] "GET /?feed=rss2&p=73042 HTTP/1.1" 200 521 "-" "Amazon CloudFront"
64.252.126.120 - - [19/Mar/2026:09:54:44 +0000] "GET /?p=14711 HTTP/1.1" 200 14696 "-" "Amazon CloudFront"
64.252.126.48 - - [19/Mar/2026:09:54:46 +0000] "GET /?p=14713 HTTP/1.1" 200 14732 "-" "Amazon CloudFront"
64.252.126.50 - - [19/Mar/2026:09:54:48 +0000] "GET /?p=14715 HTTP/1.1" 200 14309 "-" "Amazon CloudFront"
64.252.126.48 - - [19/Mar/2026:09:54:51 +0000] "GET /?p=14717 HTTP/1.1" 200 14365 "-" "Amazon CloudFront"
64.252.126.48 - - [19/Mar/2026:09:54:53 +0000] "GET /?p=14719 HTTP/1.1" 200 14294 "-" "Amazon CloudFront"
64.252.126.50 - - [19/Mar/2026:09:54:56 +0000] "GET /?p=14721 HTTP/1.1" 200 14639 "-" "Amazon CloudFront"
64.252.126.120 - - [19/Mar/2026:09:54:58 +0000] "GET /?p=14723 HTTP/1.1" 200 13751 "-" "Amazon CloudFront"
64.252.126.48 - - [19/Mar/2026:09:55:01 +0000] "GET /?p=14725 HTTP/1.1" 200 14568 "-" "Amazon CloudFront"
64.252.126.50 - - [19/Mar/2026:09:55:03 +0000] "GET /?p=14727 HTTP/1.1" 200 14480 "-" "Amazon CloudFront"
64.252.126.50 - - [19/Mar/2026:09:55:06 +0000] "GET /?p=14729 HTTP/1.1" 200 14555 "-" "Amazon CloudFront"
64.252.126.50 - - [19/Mar/2026:09:55:08 +0000] "GET /?p=14731 HTTP/1.1" 200 14724 "-" "Amazon CloudFront"
64.252.126.50 - - [19/Mar/2026:09:55:11 +0000] "GET /?p=14733 HTTP/1.1" 200 15029 "-" "Amazon CloudFront"
64.252.126.50 - - [19/Mar/2026:09:55:13 +0000] "GET /?p=14735 HTTP/1.1" 200 14339 "-" "Amazon CloudFront"
64.252.74.218 - - [19/Mar/2026:09:55:14 +0000] "GET /?page_id=2807&paged=4288 HTTP/1.1" 200 11248 "-" "Amazon CloudFront"
64.252.126.120 - - [19/Mar/2026:09:55:15 +0000] "GET /?p=14737 HTTP/1.1" 200 14692 "-" "Amazon CloudFront"
64.252.126.48 - - [19/Mar/2026:09:55:18 +0000] "GET /?p=14739 HTTP/1.1" 200 14864 "-" "Amazon CloudFront"
64.252.126.120 - - [19/Mar/2026:09:55:20 +0000] "GET /?p=14741 HTTP/1.1" 200 14805 "-" "Amazon CloudFront"
15.158.215.109 - - [19/Mar/2026:09:55:23 +0000] "POST /wp-cron.php?doing_wp_cron=1773914123.7748429775238037109375 HTTP/1.1" 200 - "https://69b4844ae61d4e92bf26ad98af552775-devsite.readyship.co/wp-cron.php?doing_wp_cron=1773914123.7748429775238037109375" "WordPress/5.1.19; https://69b4844ae61d4e92bf26ad98af552775-devsite.readyship.co"
64.252.126.48 - - [19/Mar/2026:09:55:23 +0000] "GET /?p=14743 HTTP/1.1" 200 14662 "-" "Amazon CloudFront"
64.252.126.120 - - [19/Mar/2026:09:55:26 +0000] "GET /?p=14745 HTTP/1.1" 200 14430 "-" "Amazon CloudFront"
64.252.126.120 - - [19/Mar/2026:09:55:28 +0000] "GET /?p=14746 HTTP/1.1" 200 14327 "-" "Amazon CloudFront"
64.252.126.50 - - [19/Mar/2026:09:55:31 +0000] "GET /?p=14749 HTTP/1.1" 200 14267 "-" "Amazon CloudFront"
64.252.126.50 - - [19/Mar/2026:09:55:33 +0000] "GET /?p=24536 HTTP/1.1" 200 15438 "-" "Amazon CloudFront"
64.252.126.50 - - [19/Mar/2026:09:55:36 +0000] "GET /?p=26167 HTTP/1.1" 200 17504 "-" "Amazon CloudFront"
64.252.126.48 - - [19/Mar/2026:09:55:38 +0000] "GET /?p=26811 HTTP/1.1" 200 16914 "-" "Amazon CloudFront"
64.252.126.48 - - [19/Mar/2026:09:55:41 +0000] "GET /?p=31029 HTTP/1.1" 200 17942 "-" "Amazon CloudFront"
64.252.126.50 - - [19/Mar/2026:09:55:43 +0000] "GET /?p=32848 HTTP/1.1" 200 18419 "-" "Amazon CloudFront"
64.252.126.120 - - [19/Mar/2026:09:55:46 +0000] "GET /?p=34122 HTTP/1.1" 200 14762 "-" "Amazon CloudFront"
64.252.126.50 - - [19/Mar/2026:09:55:48 +0000] "GET /?p=44674 HTTP/1.1" 200 18139 "-" "Amazon CloudFront"
64.252.126.120 - - [19/Mar/2026:09:55:51 +0000] "GET /?p=45507 HTTP/1.1" 200 17864 "-" "Amazon CloudFront"
64.252.126.120 - - [19/Mar/2026:09:55:53 +0000] "GET /?p=46196 HTTP/1.1" 200 17084 "-" "Amazon CloudFront"
64.252.126.120 - - [19/Mar/2026:09:55:56 +0000] "GET /?p=49084 HTTP/1.1" 200 14140 "-" "Amazon CloudFront"
64.252.126.50 - - [19/Mar/2026:09:55:58 +0000] "GET /?p=51356 HTTP/1.1" 200 15284 "-" "Amazon CloudFront"
64.252.126.50 - - [19/Mar/2026:09:56:01 +0000] "GET /?p=54142 HTTP/1.1" 200 14627 "-" "Amazon CloudFront"
64.252.126.50 - - [19/Mar/2026:09:56:04 +0000] "GET /?p=54145 HTTP/1.1" 200 14445 "-" "Amazon CloudFront"
64.252.126.50 - - [19/Mar/2026:09:56:06 +0000] "GET /?p=70034 HTTP/1.1" 200 14172 "-" "Amazon CloudFront"
64.252.126.50 - - [19/Mar/2026:09:56:08 +0000] "GET /?p=70274 HTTP/1.1" 200 14509 "-" "Amazon CloudFront"
64.252.126.50 - - [19/Mar/2026:09:56:11 +0000] "GET /?p=71092 HTTP/1.1" 200 14579 "-" "Amazon CloudFront"
64.252.126.48 - - [19/Mar/2026:09:56:13 +0000] "GET /?p=72289 HTTP/1.1" 200 14414 "-" "Amazon CloudFront"
64.252.126.120 - - [19/Mar/2026:09:56:15 +0000] "GET /?p=73044 HTTP/1.1" 200 22480 "-" "Amazon CloudFront"
64.252.126.48 - - [19/Mar/2026:09:56:18 +0000] "GET /?paged=294&cat=1 HTTP/1.1" 200 11363 "-" "Amazon CloudFront"
64.252.126.50 - - [19/Mar/2026:09:56:21 +0000] "GET /?paged=295&cat=1 HTTP/1.1" 200 11301 "-" "Amazon CloudFront"
15.158.215.109 - - [19/Mar/2026:09:56:24 +0000] "POST /wp-cron.php?doing_wp_cron=1773914184.1299409866333007812500 HTTP/1.1" 200 - "https://69b4844ae61d4e92bf26ad98af552775-devsite.readyship.co/wp-cron.php?doing_wp_cron=1773914184.1299409866333007812500" "WordPress/5.1.19; https://69b4844ae61d4e92bf26ad98af552775-devsite.readyship.co"
64.252.126.48 - - [19/Mar/2026:09:56:23 +0000] "GET /?paged=305&page_id=2807 HTTP/1.1" 200 11052 "-" "Amazon CloudFront"
64.252.126.50 - - [19/Mar/2026:09:56:26 +0000] "GET /?paged=306&page_id=2807 HTTP/1.1" 200 11258 "-" "Amazon CloudFront"
64.252.126.50 - - [19/Mar/2026:09:56:29 +0000] "GET /?paged=4050&cat=1 HTTP/1.1" 200 11273 "-" "Amazon CloudFront"
64.252.126.50 - - [19/Mar/2026:09:56:32 +0000] "GET /?paged=4051&cat=1 HTTP/1.1" 200 11300 "-" "Amazon CloudFront"
64.252.126.50 - - [19/Mar/2026:09:56:34 +0000] "GET /?paged=4205&page_id=2807 HTTP/1.1" 200 11338 "-" "Amazon CloudFront"
64.252.126.48 - - [19/Mar/2026:09:56:37 +0000] "GET /?paged=4206&page_id=2807 HTTP/1.1" 200 11330 "-" "Amazon CloudFront"
18.68.19.181 - - [19/Mar/2026:09:57:02 +0000] "POST /xmlrpc.php HTTP/1.1" 200 403 "-" "Mozilla/5.0 (Windows NT 10.0; Win64; x64) AppleWebKit/537.36 (KHTML, like Gecko) Chrome/114.0.0.0 Safari/537.36"
18.68.19.181 - - [19/Mar/2026:09:57:04 +0000] "POST /xmlrpc.php HTTP/1.1" 200 403 "-" "Mozilla/5.0 (Windows NT 10.0; Win64; x64) AppleWebKit/537.36 (KHTML, like Gecko) Chrome/114.0.0.0 Safari/537.36"
15.158.215.109 - - [19/Mar/2026:09:58:01 +0000] "POST /wp-cron.php?doing_wp_cron=1773914281.7978470325469970703125 HTTP/1.1" 200 - "https://69b4844ae61d4e92bf26ad98af552775-devsite.readyship.co/wp-cron.php?doing_wp_cron=1773914281.7978470325469970703125" "WordPress/5.1.19; https://69b4844ae61d4e92bf26ad98af552775-devsite.readyship.co"
