64.252.76.215 - - [19/Mar/2026:12:54:39 +0000] "GET /?p=91161 HTTP/1.1" 200 21006 "-" "Amazon CloudFront"
64.252.76.215 - - [19/Mar/2026:12:55:19 +0000] "GET /?p=91157 HTTP/1.1" 200 23912 "-" "Amazon CloudFront"
15.158.215.109 - - [19/Mar/2026:12:55:46 +0000] "POST /wp-cron.php?doing_wp_cron=1773924946.0150809288024902343750 HTTP/1.1" 200 - "https://69b4844ae61d4e92bf26ad98af552775-devsite.readyship.co/wp-cron.php?doing_wp_cron=1773924946.0150809288024902343750" "WordPress/5.1.19; https://69b4844ae61d4e92bf26ad98af552775-devsite.readyship.co"
64.252.76.215 - - [19/Mar/2026:12:55:46 +0000] "GET /?p=91165 HTTP/1.1" 200 17353 "-" "Amazon CloudFront"
64.252.74.61 - - [19/Mar/2026:12:55:45 +0000] "GET /?cat=1&paged=283 HTTP/1.1" 200 11310 "-" "Amazon CloudFront"
15.158.215.109 - - [19/Mar/2026:12:56:57 +0000] "POST /wp-cron.php?doing_wp_cron=1773925017.9150710105895996093750 HTTP/1.1" 200 - "https://69b4844ae61d4e92bf26ad98af552775-devsite.readyship.co/wp-cron.php?doing_wp_cron=1773925017.9150710105895996093750" "WordPress/5.1.19; https://69b4844ae61d4e92bf26ad98af552775-devsite.readyship.co"
64.252.74.218 - - [19/Mar/2026:12:56:57 +0000] "GET /?p=91167 HTTP/1.1" 200 17184 "-" "Amazon CloudFront"
64.252.74.61 - - [19/Mar/2026:12:57:19 +0000] "GET /?cat=1&paged=284 HTTP/1.1" 200 11274 "-" "Amazon CloudFront"
64.252.76.215 - - [19/Mar/2026:12:57:20 +0000] "GET /?p=91171 HTTP/1.1" 200 21515 "-" "Amazon CloudFront"
15.158.215.109 - - [19/Mar/2026:12:58:59 +0000] "POST /wp-cron.php?doing_wp_cron=1773925139.7549409866333007812500 HTTP/1.1" 200 - "https://69b4844ae61d4e92bf26ad98af552775-devsite.readyship.co/wp-cron.php?doing_wp_cron=1773925139.7549409866333007812500" "WordPress/5.1.19; https://69b4844ae61d4e92bf26ad98af552775-devsite.readyship.co"
64.252.74.61 - - [19/Mar/2026:12:58:59 +0000] "GET /?p=91159 HTTP/1.1" 200 24583 "-" "Amazon CloudFront"
64.252.76.215 - - [19/Mar/2026:12:59:10 +0000] "GET /?p=91169 HTTP/1.1" 200 23811 "-" "Amazon CloudFront"
64.252.74.61 - - [19/Mar/2026:12:59:16 +0000] "GET /?p=91175 HTTP/1.1" 200 23597 "-" "Amazon CloudFront"
15.158.215.109 - - [19/Mar/2026:12:59:51 +0000] "POST /wp-cron.php?doing_wp_cron=1773925191.8058059215545654296875 HTTP/1.1" 200 - "https://69b4844ae61d4e92bf26ad98af552775-devsite.readyship.co/wp-cron.php?doing_wp_cron=1773925191.8058059215545654296875" "WordPress/5.1.19; https://69b4844ae61d4e92bf26ad98af552775-devsite.readyship.co"
15.158.239.104 - - [19/Mar/2026:12:59:51 +0000] "POST /xmlrpc.php HTTP/1.1" 200 403 "-" "Mozilla/5.0 (Windows NT 10.0; Win64; x64) AppleWebKit/537.36 (KHTML, like Gecko) Chrome/114.0.0.0 Safari/537.36"
15.158.239.104 - - [19/Mar/2026:12:59:53 +0000] "POST /xmlrpc.php HTTP/1.1" 200 403 "-" "Mozilla/5.0 (Windows NT 10.0; Win64; x64) AppleWebKit/537.36 (KHTML, like Gecko) Chrome/114.0.0.0 Safari/537.36"
15.158.215.109 - - [19/Mar/2026:13:02:00 +0000] "POST /wp-cron.php?doing_wp_cron=1773925320.6750669479370117187500 HTTP/1.1" 200 - "https://69b4844ae61d4e92bf26ad98af552775-devsite.readyship.co/wp-cron.php?doing_wp_cron=1773925320.6750669479370117187500" "WordPress/5.1.19; https://69b4844ae61d4e92bf26ad98af552775-devsite.readyship.co"
64.252.74.218 - - [19/Mar/2026:13:02:00 +0000] "GET /?p=91173 HTTP/1.1" 200 16889 "-" "Amazon CloudFront"
15.158.215.109 - - [19/Mar/2026:13:04:39 +0000] "POST /wp-cron.php?doing_wp_cron=1773925479.8790869712829589843750 HTTP/1.1" 200 - "https://69b4844ae61d4e92bf26ad98af552775-devsite.readyship.co/wp-cron.php?doing_wp_cron=1773925479.8790869712829589843750" "WordPress/5.1.19; https://69b4844ae61d4e92bf26ad98af552775-devsite.readyship.co"
64.252.74.218 - - [19/Mar/2026:13:04:39 +0000] "GET /?p=16773 HTTP/1.1" 200 14898 "-" "Amazon CloudFront"
64.252.76.215 - - [19/Mar/2026:13:04:41 +0000] "GET /?p=16807 HTTP/1.1" 200 15613 "-" "Amazon CloudFront"
64.252.76.215 - - [19/Mar/2026:13:04:55 +0000] "GET /?p=91179 HTTP/1.1" 200 17382 "-" "Amazon CloudFront"
64.252.74.218 - - [19/Mar/2026:13:04:55 +0000] "GET /?p=91185 HTTP/1.1" 200 17388 "-" "Amazon CloudFront"
64.252.74.218 - - [19/Mar/2026:13:04:56 +0000] "GET /?p=91183 HTTP/1.1" 200 22851 "-" "Amazon CloudFront"
15.158.215.109 - - [19/Mar/2026:13:05:37 +0000] "POST /wp-cron.php?doing_wp_cron=1773925537.4965391159057617187500 HTTP/1.1" 200 - "https://69b4844ae61d4e92bf26ad98af552775-devsite.readyship.co/wp-cron.php?doing_wp_cron=1773925537.4965391159057617187500" "WordPress/5.1.19; https://69b4844ae61d4e92bf26ad98af552775-devsite.readyship.co"
64.252.76.215 - - [19/Mar/2026:13:05:37 +0000] "GET /?p=16799 HTTP/1.1" 200 14721 "-" "Amazon CloudFront"
64.252.76.215 - - [19/Mar/2026:13:05:37 +0000] "GET /?p=91191 HTTP/1.1" 200 23318 "-" "Amazon CloudFront"
64.252.74.61 - - [19/Mar/2026:13:05:38 +0000] "GET /?p=91189 HTTP/1.1" 200 17645 "-" "Amazon CloudFront"
64.252.74.218 - - [19/Mar/2026:13:05:43 +0000] "GET /?p=16778 HTTP/1.1" 200 15644 "-" "Amazon CloudFront"
64.252.74.61 - - [19/Mar/2026:13:05:43 +0000] "GET /?p=16797 HTTP/1.1" 200 14807 "-" "Amazon CloudFront"
64.252.74.61 - - [19/Mar/2026:13:05:44 +0000] "GET /?p=16775 HTTP/1.1" 200 14544 "-" "Amazon CloudFront"
64.252.89.111 - - [19/Mar/2026:13:05:50 +0000] "GET /?feed=rss2&p=14751 HTTP/1.1" 200 553 "-" "Amazon CloudFront"
64.252.89.111 - - [19/Mar/2026:13:05:52 +0000] "GET /?feed=rss2&p=14753 HTTP/1.1" 200 540 "-" "Amazon CloudFront"
64.252.89.111 - - [19/Mar/2026:13:05:54 +0000] "GET /?feed=rss2&p=14755 HTTP/1.1" 200 510 "-" "Amazon CloudFront"
64.252.88.79 - - [19/Mar/2026:13:05:57 +0000] "GET /?feed=rss2&p=14757 HTTP/1.1" 200 504 "-" "Amazon CloudFront"
64.252.89.111 - - [19/Mar/2026:13:06:00 +0000] "GET /?feed=rss2&p=14759 HTTP/1.1" 200 502 "-" "Amazon CloudFront"
64.252.89.111 - - [19/Mar/2026:13:06:03 +0000] "GET /?feed=rss2&p=14761 HTTP/1.1" 200 496 "-" "Amazon CloudFront"
64.252.89.111 - - [19/Mar/2026:13:06:05 +0000] "GET /?feed=rss2&p=14763 HTTP/1.1" 200 528 "-" "Amazon CloudFront"
64.252.88.79 - - [19/Mar/2026:13:06:08 +0000] "GET /?feed=rss2&p=14765 HTTP/1.1" 200 512 "-" "Amazon CloudFront"
64.252.89.111 - - [19/Mar/2026:13:06:11 +0000] "GET /?feed=rss2&p=14767 HTTP/1.1" 200 498 "-" "Amazon CloudFront"
64.252.89.111 - - [19/Mar/2026:13:06:14 +0000] "GET /?feed=rss2&p=14769 HTTP/1.1" 200 519 "-" "Amazon CloudFront"
64.252.88.79 - - [19/Mar/2026:13:06:21 +0000] "GET /?feed=rss2&p=14771 HTTP/1.1" 200 524 "-" "Amazon CloudFront"
15.158.215.109 - - [19/Mar/2026:13:06:24 +0000] "POST /wp-cron.php?doing_wp_cron=1773925584.4575729370117187500000 HTTP/1.1" 200 - "https://69b4844ae61d4e92bf26ad98af552775-devsite.readyship.co/wp-cron.php?doing_wp_cron=1773925584.4575729370117187500000" "WordPress/5.1.19; https://69b4844ae61d4e92bf26ad98af552775-devsite.readyship.co"
64.252.86.96 - - [19/Mar/2026:13:06:24 +0000] "GET /?feed=rss2&p=14773 HTTP/1.1" 200 521 "-" "Amazon CloudFront"
64.252.88.79 - - [19/Mar/2026:13:06:27 +0000] "GET /?feed=rss2&p=14775 HTTP/1.1" 200 522 "-" "Amazon CloudFront"
64.252.88.79 - - [19/Mar/2026:13:06:29 +0000] "GET /?feed=rss2&p=14777 HTTP/1.1" 200 524 "-" "Amazon CloudFront"
64.252.88.79 - - [19/Mar/2026:13:06:31 +0000] "GET /?feed=rss2&p=14779 HTTP/1.1" 200 504 "-" "Amazon CloudFront"
64.252.89.111 - - [19/Mar/2026:13:06:34 +0000] "GET /?feed=rss2&p=14781 HTTP/1.1" 200 527 "-" "Amazon CloudFront"
64.252.86.96 - - [19/Mar/2026:13:06:36 +0000] "GET /?feed=rss2&p=14783 HTTP/1.1" 200 506 "-" "Amazon CloudFront"
64.252.89.111 - - [19/Mar/2026:13:06:38 +0000] "GET /?feed=rss2&p=14785 HTTP/1.1" 200 528 "-" "Amazon CloudFront"
64.252.89.111 - - [19/Mar/2026:13:06:41 +0000] "GET /?feed=rss2&p=14787 HTTP/1.1" 200 503 "-" "Amazon CloudFront"
64.252.88.79 - - [19/Mar/2026:13:06:44 +0000] "GET /?feed=rss2&p=14789 HTTP/1.1" 200 522 "-" "Amazon CloudFront"
64.252.89.111 - - [19/Mar/2026:13:06:46 +0000] "GET /?feed=rss2&p=24534 HTTP/1.1" 200 503 "-" "Amazon CloudFront"
64.252.89.111 - - [19/Mar/2026:13:06:49 +0000] "GET /?feed=rss2&p=26169 HTTP/1.1" 200 529 "-" "Amazon CloudFront"
64.252.89.111 - - [19/Mar/2026:13:06:52 +0000] "GET /?feed=rss2&p=26809 HTTP/1.1" 200 588 "-" "Amazon CloudFront"
64.252.89.111 - - [19/Mar/2026:13:06:54 +0000] "GET /?feed=rss2&p=31031 HTTP/1.1" 200 529 "-" "Amazon CloudFront"
64.252.86.96 - - [19/Mar/2026:13:06:57 +0000] "GET /?feed=rss2&p=32846 HTTP/1.1" 200 545 "-" "Amazon CloudFront"
64.252.88.79 - - [19/Mar/2026:13:07:00 +0000] "GET /?feed=rss2&p=34124 HTTP/1.1" 200 530 "-" "Amazon CloudFront"
64.252.74.61 - - [19/Mar/2026:13:07:00 +0000] "GET /?p=16803 HTTP/1.1" 200 14519 "-" "Amazon CloudFront"
64.252.76.215 - - [19/Mar/2026:13:07:00 +0000] "GET /?p=16791 HTTP/1.1" 200 14509 "-" "Amazon CloudFront"
64.252.89.111 - - [19/Mar/2026:13:07:03 +0000] "GET /?feed=rss2&p=44676 HTTP/1.1" 200 518 "-" "Amazon CloudFront"
64.252.74.61 - - [19/Mar/2026:13:07:05 +0000] "GET /?p=16810 HTTP/1.1" 200 14629 "-" "Amazon CloudFront"
64.252.74.218 - - [19/Mar/2026:13:07:05 +0000] "GET /?p=16783 HTTP/1.1" 200 14959 "-" "Amazon CloudFront"
64.252.76.215 - - [19/Mar/2026:13:07:06 +0000] "GET /?p=91193 HTTP/1.1" 200 16744 "-" "Amazon CloudFront"
64.252.88.79 - - [19/Mar/2026:13:07:07 +0000] "GET /?feed=rss2&p=45505 HTTP/1.1" 200 519 "-" "Amazon CloudFront"
64.252.88.79 - - [19/Mar/2026:13:07:10 +0000] "GET /?feed=rss2&p=46198 HTTP/1.1" 200 496 "-" "Amazon CloudFront"
64.252.89.111 - - [19/Mar/2026:13:07:13 +0000] "GET /?feed=rss2&p=49090 HTTP/1.1" 200 528 "-" "Amazon CloudFront"
64.252.88.79 - - [19/Mar/2026:13:07:16 +0000] "GET /?feed=rss2&p=51352 HTTP/1.1" 200 510 "-" "Amazon CloudFront"
64.252.89.111 - - [19/Mar/2026:13:07:18 +0000] "GET /?feed=rss2&p=70272 HTTP/1.1" 200 525 "-" "Amazon CloudFront"
64.252.86.96 - - [19/Mar/2026:13:07:20 +0000] "GET /?feed=rss2&p=71094 HTTP/1.1" 200 498 "-" "Amazon CloudFront"
15.158.215.109 - - [19/Mar/2026:13:07:23 +0000] "POST /wp-cron.php?doing_wp_cron=1773925643.6783790588378906250000 HTTP/1.1" 200 - "https://69b4844ae61d4e92bf26ad98af552775-devsite.readyship.co/wp-cron.php?doing_wp_cron=1773925643.6783790588378906250000" "WordPress/5.1.19; https://69b4844ae61d4e92bf26ad98af552775-devsite.readyship.co"
64.252.88.79 - - [19/Mar/2026:13:07:23 +0000] "GET /?feed=rss2&p=72287 HTTP/1.1" 200 524 "-" "Amazon CloudFront"
64.252.86.96 - - [19/Mar/2026:13:07:30 +0000] "GET /?feed=rss2&p=73046 HTTP/1.1" 200 528 "-" "Amazon CloudFront"
64.252.74.61 - - [19/Mar/2026:13:07:32 +0000] "GET /?p=16794 HTTP/1.1" 200 14596 "-" "Amazon CloudFront"
64.252.74.61 - - [19/Mar/2026:13:07:32 +0000] "GET /?p=16785 HTTP/1.1" 200 14199 "-" "Amazon CloudFront"
64.252.89.111 - - [19/Mar/2026:13:07:32 +0000] "GET /?p=14791 HTTP/1.1" 200 16238 "-" "Amazon CloudFront"
64.252.88.79 - - [19/Mar/2026:13:07:36 +0000] "GET /?p=14793 HTTP/1.1" 200 14638 "-" "Amazon CloudFront"
64.252.74.218 - - [19/Mar/2026:13:07:37 +0000] "GET /?p=16793 HTTP/1.1" 200 14777 "-" "Amazon CloudFront"
64.252.74.61 - - [19/Mar/2026:13:07:37 +0000] "GET /?p=16789 HTTP/1.1" 200 14991 "-" "Amazon CloudFront"
64.252.89.111 - - [19/Mar/2026:13:07:40 +0000] "GET /?p=14795 HTTP/1.1" 200 14375 "-" "Amazon CloudFront"
64.252.86.96 - - [19/Mar/2026:13:07:42 +0000] "GET /?p=14797 HTTP/1.1" 200 14785 "-" "Amazon CloudFront"
64.252.88.79 - - [19/Mar/2026:13:07:45 +0000] "GET /?p=14799 HTTP/1.1" 200 14636 "-" "Amazon CloudFront"
64.252.86.96 - - [19/Mar/2026:13:07:49 +0000] "GET /?p=14801 HTTP/1.1" 200 14410 "-" "Amazon CloudFront"
64.252.86.96 - - [19/Mar/2026:13:07:53 +0000] "GET /?p=14803 HTTP/1.1" 200 14411 "-" "Amazon CloudFront"
64.252.86.96 - - [19/Mar/2026:13:07:56 +0000] "GET /?p=14805 HTTP/1.1" 200 14582 "-" "Amazon CloudFront"
64.252.86.96 - - [19/Mar/2026:13:07:59 +0000] "GET /?p=14807 HTTP/1.1" 200 13629 "-" "Amazon CloudFront"
64.252.89.111 - - [19/Mar/2026:13:08:02 +0000] "GET /?p=14809 HTTP/1.1" 200 13705 "-" "Amazon CloudFront"
64.252.88.79 - - [19/Mar/2026:13:08:05 +0000] "GET /?p=14811 HTTP/1.1" 200 14253 "-" "Amazon CloudFront"
64.252.86.96 - - [19/Mar/2026:13:08:08 +0000] "GET /?p=14813 HTTP/1.1" 200 14391 "-" "Amazon CloudFront"
64.252.86.96 - - [19/Mar/2026:13:08:11 +0000] "GET /?p=14815 HTTP/1.1" 200 14670 "-" "Amazon CloudFront"
64.252.89.111 - - [19/Mar/2026:13:08:14 +0000] "GET /?p=14817 HTTP/1.1" 200 14497 "-" "Amazon CloudFront"
64.252.89.111 - - [19/Mar/2026:13:08:17 +0000] "GET /?p=14819 HTTP/1.1" 200 16117 "-" "Amazon CloudFront"
64.252.88.79 - - [19/Mar/2026:13:08:21 +0000] "GET /?p=14821 HTTP/1.1" 200 15059 "-" "Amazon CloudFront"
15.158.215.109 - - [19/Mar/2026:13:08:24 +0000] "POST /wp-cron.php?doing_wp_cron=1773925704.8543410301208496093750 HTTP/1.1" 200 - "https://69b4844ae61d4e92bf26ad98af552775-devsite.readyship.co/wp-cron.php?doing_wp_cron=1773925704.8543410301208496093750" "WordPress/5.1.19; https://69b4844ae61d4e92bf26ad98af552775-devsite.readyship.co"
64.252.86.96 - - [19/Mar/2026:13:08:24 +0000] "GET /?p=14823 HTTP/1.1" 200 14259 "-" "Amazon CloudFront"
64.252.88.79 - - [19/Mar/2026:13:08:27 +0000] "GET /?p=14825 HTTP/1.1" 200 14614 "-" "Amazon CloudFront"
64.252.88.79 - - [19/Mar/2026:13:08:30 +0000] "GET /?p=14826 HTTP/1.1" 200 14724 "-" "Amazon CloudFront"
64.252.74.61 - - [19/Mar/2026:13:08:33 +0000] "GET /?feed=rss2&p=16750 HTTP/1.1" 200 512 "-" "Amazon CloudFront"
64.252.74.61 - - [19/Mar/2026:13:08:33 +0000] "GET /?feed=rss2&p=91219 HTTP/1.1" 200 476 "-" "Amazon CloudFront"
64.252.88.79 - - [19/Mar/2026:13:08:33 +0000] "GET /?p=14829 HTTP/1.1" 200 14311 "-" "Amazon CloudFront"
64.252.86.96 - - [19/Mar/2026:13:08:36 +0000] "GET /?p=24532 HTTP/1.1" 200 18240 "-" "Amazon CloudFront"
64.252.76.215 - - [19/Mar/2026:13:08:39 +0000] "GET /?feed=rss2&p=91221 HTTP/1.1" 200 535 "-" "Amazon CloudFront"
64.252.89.111 - - [19/Mar/2026:13:08:40 +0000] "GET /?p=26171 HTTP/1.1" 200 15976 "-" "Amazon CloudFront"
64.252.88.79 - - [19/Mar/2026:13:08:42 +0000] "GET /?p=26807 HTTP/1.1" 200 17774 "-" "Amazon CloudFront"
64.252.88.79 - - [19/Mar/2026:13:08:45 +0000] "GET /?p=31033 HTTP/1.1" 200 16374 "-" "Amazon CloudFront"
64.252.88.79 - - [19/Mar/2026:13:08:48 +0000] "GET /?p=32844 HTTP/1.1" 200 18064 "-" "Amazon CloudFront"
64.252.86.96 - - [19/Mar/2026:13:08:51 +0000] "GET /?p=34126 HTTP/1.1" 200 14496 "-" "Amazon CloudFront"
64.252.89.111 - - [19/Mar/2026:13:08:55 +0000] "GET /?p=44678 HTTP/1.1" 200 23026 "-" "Amazon CloudFront"
64.252.86.96 - - [19/Mar/2026:13:08:58 +0000] "GET /?p=45503 HTTP/1.1" 200 17964 "-" "Amazon CloudFront"
64.252.74.218 - - [19/Mar/2026:13:09:00 +0000] "GET /?cat=1&paged=3947 HTTP/1.1" 200 11314 "-" "Amazon CloudFront"
64.252.74.218 - - [19/Mar/2026:13:09:00 +0000] "GET /?cat=1&paged=3948 HTTP/1.1" 200 11391 "-" "Amazon CloudFront"
64.252.86.96 - - [19/Mar/2026:13:09:01 +0000] "GET /?p=46200 HTTP/1.1" 200 22053 "-" "Amazon CloudFront"
64.252.89.111 - - [19/Mar/2026:13:09:04 +0000] "GET /?p=49092 HTTP/1.1" 200 14564 "-" "Amazon CloudFront"
64.252.86.96 - - [19/Mar/2026:13:09:08 +0000] "GET /?p=51354 HTTP/1.1" 200 16615 "-" "Amazon CloudFront"
64.252.88.79 - - [19/Mar/2026:13:09:12 +0000] "GET /?p=54132 HTTP/1.1" 200 14333 "-" "Amazon CloudFront"
64.252.89.111 - - [19/Mar/2026:13:09:15 +0000] "GET /?p=70038 HTTP/1.1" 200 14414 "-" "Amazon CloudFront"
64.252.74.218 - - [19/Mar/2026:13:09:16 +0000] "GET /?page_id=2807&paged=4285 HTTP/1.1" 200 11290 "-" "Amazon CloudFront"
64.252.89.111 - - [19/Mar/2026:13:09:18 +0000] "GET /?p=70270 HTTP/1.1" 200 14720 "-" "Amazon CloudFront"
64.252.89.111 - - [19/Mar/2026:13:09:20 +0000] "GET /?p=71096 HTTP/1.1" 200 13910 "-" "Amazon CloudFront"
15.158.215.109 - - [19/Mar/2026:13:09:24 +0000] "POST /wp-cron.php?doing_wp_cron=1773925764.4244060516357421875000 HTTP/1.1" 200 - "https://69b4844ae61d4e92bf26ad98af552775-devsite.readyship.co/wp-cron.php?doing_wp_cron=1773925764.4244060516357421875000" "WordPress/5.1.19; https://69b4844ae61d4e92bf26ad98af552775-devsite.readyship.co"
64.252.86.96 - - [19/Mar/2026:13:09:24 +0000] "GET /?p=72285 HTTP/1.1" 200 14519 "-" "Amazon CloudFront"
64.252.89.111 - - [19/Mar/2026:13:09:27 +0000] "GET /?p=73048 HTTP/1.1" 200 16680 "-" "Amazon CloudFront"
64.252.88.79 - - [19/Mar/2026:13:09:30 +0000] "GET /?paged=298&cat=1 HTTP/1.1" 200 11215 "-" "Amazon CloudFront"
64.252.86.96 - - [19/Mar/2026:13:09:38 +0000] "GET /?paged=299&cat=1 HTTP/1.1" 200 11145 "-" "Amazon CloudFront"
64.252.88.79 - - [19/Mar/2026:13:09:41 +0000] "GET /?paged=309&page_id=2807 HTTP/1.1" 200 11179 "-" "Amazon CloudFront"
64.252.89.111 - - [19/Mar/2026:13:09:44 +0000] "GET /?paged=310&page_id=2807 HTTP/1.1" 200 11313 "-" "Amazon CloudFront"
64.252.88.79 - - [19/Mar/2026:13:09:47 +0000] "GET /?paged=4046&cat=1 HTTP/1.1" 200 11189 "-" "Amazon CloudFront"
64.252.89.111 - - [19/Mar/2026:13:09:50 +0000] "GET /?paged=4047&cat=1 HTTP/1.1" 200 11297 "-" "Amazon CloudFront"
64.252.89.111 - - [19/Mar/2026:13:09:54 +0000] "GET /?paged=4201&page_id=2807 HTTP/1.1" 200 11482 "-" "Amazon CloudFront"
64.252.86.96 - - [19/Mar/2026:13:09:57 +0000] "GET /?paged=4202&page_id=2807 HTTP/1.1" 200 11403 "-" "Amazon CloudFront"
64.252.74.218 - - [19/Mar/2026:13:10:07 +0000] "GET /?feed=rss2&p=91223 HTTP/1.1" 200 496 "-" "Amazon CloudFront"
64.252.76.215 - - [19/Mar/2026:13:10:08 +0000] "GET /?p=16777 HTTP/1.1" 200 14052 "-" "Amazon CloudFront"
64.252.68.203 - - [19/Mar/2026:13:10:15 +0000] "GET /?p=6510 HTTP/1.1" 200 15266 "-" "Amazon CloudFront"
15.158.215.109 - - [19/Mar/2026:13:10:29 +0000] "POST /wp-cron.php?doing_wp_cron=1773925829.2850570678710937500000 HTTP/1.1" 200 - "https://69b4844ae61d4e92bf26ad98af552775-devsite.readyship.co/wp-cron.php?doing_wp_cron=1773925829.2850570678710937500000" "WordPress/5.1.19; https://69b4844ae61d4e92bf26ad98af552775-devsite.readyship.co"
64.252.76.215 - - [19/Mar/2026:13:10:28 +0000] "GET /?page_id=2807&paged=4284 HTTP/1.1" 200 11333 "-" "Amazon CloudFront"
64.252.74.61 - - [19/Mar/2026:13:10:33 +0000] "GET /?p=16805 HTTP/1.1" 200 14628 "-" "Amazon CloudFront"
64.252.76.215 - - [19/Mar/2026:13:10:33 +0000] "GET /?p=91181 HTTP/1.1" 200 17345 "-" "Amazon CloudFront"
15.158.215.109 - - [19/Mar/2026:13:11:44 +0000] "POST /wp-cron.php?doing_wp_cron=1773925904.8426399230957031250000 HTTP/1.1" 200 - "https://69b4844ae61d4e92bf26ad98af552775-devsite.readyship.co/wp-cron.php?doing_wp_cron=1773925904.8426399230957031250000" "WordPress/5.1.19; https://69b4844ae61d4e92bf26ad98af552775-devsite.readyship.co"
64.252.74.218 - - [19/Mar/2026:13:11:44 +0000] "GET /?p=91195 HTTP/1.1" 200 21357 "-" "Amazon CloudFront"
64.252.74.218 - - [19/Mar/2026:13:11:44 +0000] "GET /?p=16781 HTTP/1.1" 200 15468 "-" "Amazon CloudFront"
64.252.74.218 - - [19/Mar/2026:13:11:58 +0000] "GET /?p=91187 HTTP/1.1" 200 16863 "-" "Amazon CloudFront"
64.252.74.218 - - [19/Mar/2026:13:11:58 +0000] "GET /?p=16787 HTTP/1.1" 200 15572 "-" "Amazon CloudFront"
64.252.74.61 - - [19/Mar/2026:13:11:59 +0000] "GET /?p=16801 HTTP/1.1" 200 14346 "-" "Amazon CloudFront"
15.158.215.109 - - [19/Mar/2026:13:22:27 +0000] "POST /wp-cron.php?doing_wp_cron=1773926547.6307199001312255859375 HTTP/1.1" 200 - "https://69b4844ae61d4e92bf26ad98af552775-devsite.readyship.co/wp-cron.php?doing_wp_cron=1773926547.6307199001312255859375" "WordPress/5.1.19; https://69b4844ae61d4e92bf26ad98af552775-devsite.readyship.co"
64.252.76.215 - - [19/Mar/2026:13:22:20 +0000] "GET /?p=26032 HTTP/1.1" 200 17155 "-" "Amazon CloudFront"
15.158.215.109 - - [19/Mar/2026:13:25:26 +0000] "POST /wp-cron.php?doing_wp_cron=1773926726.6127560138702392578125 HTTP/1.1" 200 - "https://69b4844ae61d4e92bf26ad98af552775-devsite.readyship.co/wp-cron.php?doing_wp_cron=1773926726.6127560138702392578125" "WordPress/5.1.19; https://69b4844ae61d4e92bf26ad98af552775-devsite.readyship.co"
64.252.76.215 - - [19/Mar/2026:13:25:26 +0000] "GET /?p=80005 HTTP/1.1" 200 22926 "-" "Amazon CloudFront"
15.158.215.109 - - [19/Mar/2026:13:26:33 +0000] "POST /wp-cron.php?doing_wp_cron=1773926793.5100378990173339843750 HTTP/1.1" 200 - "https://69b4844ae61d4e92bf26ad98af552775-devsite.readyship.co/wp-cron.php?doing_wp_cron=1773926793.5100378990173339843750" "WordPress/5.1.19; https://69b4844ae61d4e92bf26ad98af552775-devsite.readyship.co"
64.252.74.218 - - [19/Mar/2026:13:26:33 +0000] "GET /?feed=rss2&p=26030 HTTP/1.1" 200 517 "-" "Amazon CloudFront"
15.158.215.109 - - [19/Mar/2026:13:28:57 +0000] "POST /wp-cron.php?doing_wp_cron=1773926937.5750370025634765625000 HTTP/1.1" 200 - "https://69b4844ae61d4e92bf26ad98af552775-devsite.readyship.co/wp-cron.php?doing_wp_cron=1773926937.5750370025634765625000" "WordPress/5.1.19; https://69b4844ae61d4e92bf26ad98af552775-devsite.readyship.co"
64.252.68.102 - - [19/Mar/2026:13:28:57 +0000] "GET /?feed=rss2&p=80003 HTTP/1.1" 200 518 "-" "Amazon CloudFront"
15.158.215.109 - - [19/Mar/2026:13:31:46 +0000] "POST /wp-cron.php?doing_wp_cron=1773927106.0745549201965332031250 HTTP/1.1" 200 - "https://69b4844ae61d4e92bf26ad98af552775-devsite.readyship.co/wp-cron.php?doing_wp_cron=1773927106.0745549201965332031250" "WordPress/5.1.19; https://69b4844ae61d4e92bf26ad98af552775-devsite.readyship.co"
3.172.10.105 - - [19/Mar/2026:13:31:45 +0000] "POST /xmlrpc.php HTTP/1.1" 200 231 "-" "Mozilla/5.0 (Windows NT 10.0; Win64; x64) AppleWebKit/537.36 (KHTML, like Gecko) Chrome/124.0.0.0 Safari/537.36"
15.158.215.109 - - [19/Mar/2026:13:34:08 +0000] "POST /wp-cron.php?doing_wp_cron=1773927248.9003109931945800781250 HTTP/1.1" 200 - "https://69b4844ae61d4e92bf26ad98af552775-devsite.readyship.co/wp-cron.php?doing_wp_cron=1773927248.9003109931945800781250" "WordPress/5.1.19; https://69b4844ae61d4e92bf26ad98af552775-devsite.readyship.co"
64.252.68.102 - - [19/Mar/2026:13:34:08 +0000] "GET /?healthcheck_timestamp=1773927047501 HTTP/1.1" 200 178923 "-" "Amazon CloudFront"
3.172.10.105 - - [19/Mar/2026:13:34:17 +0000] "POST /xmlrpc.php HTTP/1.1" 200 206 "https://69b4844ae61d4e92bf26ad98af552775-devsite.readyship.co/?p=23378" "PHP/7.3.37"
15.158.215.109 - - [19/Mar/2026:13:40:48 +0000] "POST /wp-cron.php?doing_wp_cron=1773927648.5043690204620361328125 HTTP/1.1" 200 - "https://69b4844ae61d4e92bf26ad98af552775-devsite.readyship.co/wp-cron.php?doing_wp_cron=1773927648.5043690204620361328125" "WordPress/5.1.19; https://69b4844ae61d4e92bf26ad98af552775-devsite.readyship.co"
64.252.74.218 - - [19/Mar/2026:13:40:41 +0000] "GET /?feed=rss2&p=26799 HTTP/1.1" 200 556 "-" "Amazon CloudFront"
64.252.74.218 - - [19/Mar/2026:13:41:17 +0000] "GET /?feed=rss2&p=38724 HTTP/1.1" 200 534 "-" "Amazon CloudFront"
15.158.215.109 - - [19/Mar/2026:13:46:47 +0000] "POST /wp-cron.php?doing_wp_cron=1773928007.6550529003143310546875 HTTP/1.1" 200 - "https://69b4844ae61d4e92bf26ad98af552775-devsite.readyship.co/wp-cron.php?doing_wp_cron=1773928007.6550529003143310546875" "WordPress/5.1.19; https://69b4844ae61d4e92bf26ad98af552775-devsite.readyship.co"
64.252.76.215 - - [19/Mar/2026:13:46:47 +0000] "GET /?p=38726 HTTP/1.1" 200 23593 "-" "Amazon CloudFront"
64.252.74.218 - - [19/Mar/2026:13:47:19 +0000] "GET /?p=26797 HTTP/1.1" 200 16437 "-" "Amazon CloudFront"
18.68.19.181 - - [19/Mar/2026:13:55:39 +0000] "POST /xmlrpc.php HTTP/1.1" 200 403 "-" "Mozilla/5.0 (Windows NT 10.0; Win64; x64) AppleWebKit/537.36 (KHTML, like Gecko) Chrome/114.0.0.0 Safari/537.36"
15.158.215.109 - - [19/Mar/2026:13:55:46 +0000] "POST /wp-cron.php?doing_wp_cron=1773928546.2533910274505615234375 HTTP/1.1" 200 - "https://69b4844ae61d4e92bf26ad98af552775-devsite.readyship.co/wp-cron.php?doing_wp_cron=1773928546.2533910274505615234375" "WordPress/5.1.19; https://69b4844ae61d4e92bf26ad98af552775-devsite.readyship.co"
18.68.19.181 - - [19/Mar/2026:13:55:48 +0000] "POST /xmlrpc.php HTTP/1.1" 200 403 "-" "Mozilla/5.0 (Windows NT 10.0; Win64; x64) AppleWebKit/537.36 (KHTML, like Gecko) Chrome/114.0.0.0 Safari/537.36"
18.68.51.43 - - [19/Mar/2026:13:56:16 +0000] "POST / HTTP/1.1" 200 23837 "-" "Amazon CloudFront"
18.68.51.43 - - [19/Mar/2026:13:56:20 +0000] "POST / HTTP/1.1" 200 23826 "-" "Amazon CloudFront"
15.158.215.109 - - [19/Mar/2026:13:56:24 +0000] "POST /wp-cron.php?doing_wp_cron=1773928583.9811379909515380859375 HTTP/1.1" 200 - "https://69b4844ae61d4e92bf26ad98af552775-devsite.readyship.co/wp-cron.php?doing_wp_cron=1773928583.9811379909515380859375" "WordPress/5.1.19; https://69b4844ae61d4e92bf26ad98af552775-devsite.readyship.co"
18.68.51.43 - - [19/Mar/2026:13:56:23 +0000] "POST / HTTP/1.1" 200 23833 "-" "Amazon CloudFront"
18.68.51.43 - - [19/Mar/2026:13:56:30 +0000] "POST / HTTP/1.1" 200 23854 "-" "Amazon CloudFront"
18.68.51.43 - - [19/Mar/2026:13:56:35 +0000] "POST / HTTP/1.1" 200 23846 "-" "Amazon CloudFront"
18.68.51.43 - - [19/Mar/2026:13:56:38 +0000] "POST / HTTP/1.1" 200 23841 "-" "Amazon CloudFront"
18.68.51.43 - - [19/Mar/2026:13:56:42 +0000] "POST / HTTP/1.1" 200 23821 "-" "Amazon CloudFront"
18.68.51.43 - - [19/Mar/2026:13:56:46 +0000] "POST / HTTP/1.1" 200 23849 "-" "Amazon CloudFront"
18.68.51.43 - - [19/Mar/2026:13:56:50 +0000] "POST / HTTP/1.1" 200 23824 "-" "Amazon CloudFront"
18.68.51.43 - - [19/Mar/2026:13:56:54 +0000] "POST / HTTP/1.1" 200 23842 "-" "Amazon CloudFront"
18.68.51.43 - - [19/Mar/2026:13:56:58 +0000] "POST / HTTP/1.1" 200 23825 "-" "Amazon CloudFront"
18.68.51.43 - - [19/Mar/2026:13:57:01 +0000] "POST / HTTP/1.1" 200 23851 "-" "Amazon CloudFront"
18.68.51.43 - - [19/Mar/2026:13:57:05 +0000] "POST / HTTP/1.1" 200 23835 "-" "Amazon CloudFront"
18.68.51.43 - - [19/Mar/2026:13:57:10 +0000] "POST / HTTP/1.1" 200 23849 "-" "Amazon CloudFront"
18.68.51.43 - - [19/Mar/2026:13:57:14 +0000] "POST / HTTP/1.1" 200 23871 "-" "Amazon CloudFront"
64.252.74.61 - - [19/Mar/2026:14:32:01 +0000] "GET /?feed=rss2&p=91161 HTTP/1.1" 200 1016 "-" "Amazon CloudFront"
15.158.215.109 - - [19/Mar/2026:14:32:09 +0000] "POST /wp-cron.php?doing_wp_cron=1773930729.0767130851745605468750 HTTP/1.1" 200 - "https://69b4844ae61d4e92bf26ad98af552775-devsite.readyship.co/wp-cron.php?doing_wp_cron=1773930729.0767130851745605468750" "WordPress/5.1.19; https://69b4844ae61d4e92bf26ad98af552775-devsite.readyship.co"
15.158.215.109 - - [19/Mar/2026:14:32:42 +0000] "POST /wp-cron.php?doing_wp_cron=1773930761.9870998859405517578125 HTTP/1.1" 200 - "https://69b4844ae61d4e92bf26ad98af552775-devsite.readyship.co/wp-cron.php?doing_wp_cron=1773930761.9870998859405517578125" "WordPress/5.1.19; https://69b4844ae61d4e92bf26ad98af552775-devsite.readyship.co"
64.252.76.215 - - [19/Mar/2026:14:32:41 +0000] "GET /?p=91129 HTTP/1.1" 200 16897 "-" "Amazon CloudFront"
15.158.215.109 - - [19/Mar/2026:14:33:29 +0000] "POST /wp-cron.php?doing_wp_cron=1773930809.7440869808197021484375 HTTP/1.1" 200 - "https://69b4844ae61d4e92bf26ad98af552775-devsite.readyship.co/wp-cron.php?doing_wp_cron=1773930809.7440869808197021484375" "WordPress/5.1.19; https://69b4844ae61d4e92bf26ad98af552775-devsite.readyship.co"
64.252.76.215 - - [19/Mar/2026:14:33:29 +0000] "GET /?p=91141 HTTP/1.1" 200 16896 "-" "Amazon CloudFront"
64.252.74.218 - - [19/Mar/2026:14:33:59 +0000] "GET /?p=91145 HTTP/1.1" 200 17601 "-" "Amazon CloudFront"
64.252.68.203 - - [19/Mar/2026:14:34:08 +0000] "GET /?healthcheck_timestamp=1773930647383 HTTP/1.1" 200 178918 "-" "Amazon CloudFront"
15.158.215.109 - - [19/Mar/2026:14:34:24 +0000] "POST /wp-cron.php?doing_wp_cron=1773930864.9870119094848632812500 HTTP/1.1" 200 - "https://69b4844ae61d4e92bf26ad98af552775-devsite.readyship.co/wp-cron.php?doing_wp_cron=1773930864.9870119094848632812500" "WordPress/5.1.19; https://69b4844ae61d4e92bf26ad98af552775-devsite.readyship.co"
64.252.74.218 - - [19/Mar/2026:14:34:24 +0000] "GET /?p=91147 HTTP/1.1" 200 23283 "-" "Amazon CloudFront"
64.252.74.218 - - [19/Mar/2026:14:34:24 +0000] "GET /?p=91133 HTTP/1.1" 200 22862 "-" "Amazon CloudFront"
15.158.215.109 - - [19/Mar/2026:14:35:27 +0000] "POST /wp-cron.php?doing_wp_cron=1773930926.9293088912963867187500 HTTP/1.1" 200 - "https://69b4844ae61d4e92bf26ad98af552775-devsite.readyship.co/wp-cron.php?doing_wp_cron=1773930926.9293088912963867187500" "WordPress/5.1.19; https://69b4844ae61d4e92bf26ad98af552775-devsite.readyship.co"
64.252.76.215 - - [19/Mar/2026:14:35:26 +0000] "GET /?p=91155 HTTP/1.1" 200 14891 "-" "Amazon CloudFront"
64.252.74.218 - - [19/Mar/2026:14:35:26 +0000] "GET /?p=91149 HTTP/1.1" 200 23915 "-" "Amazon CloudFront"
64.252.74.61 - - [19/Mar/2026:14:35:28 +0000] "GET /?p=91121 HTTP/1.1" 200 17082 "-" "Amazon CloudFront"
64.252.76.215 - - [19/Mar/2026:14:35:29 +0000] "GET /?p=91135 HTTP/1.1" 200 17362 "-" "Amazon CloudFront"
64.252.76.215 - - [19/Mar/2026:14:35:41 +0000] "GET /?p=91123 HTTP/1.1" 200 18189 "-" "Amazon CloudFront"
64.252.74.218 - - [19/Mar/2026:14:35:41 +0000] "GET /?p=91117 HTTP/1.1" 200 24068 "-" "Amazon CloudFront"
15.158.215.109 - - [19/Mar/2026:14:36:47 +0000] "POST /wp-cron.php?doing_wp_cron=1773931007.8153090476989746093750 HTTP/1.1" 200 - "https://69b4844ae61d4e92bf26ad98af552775-devsite.readyship.co/wp-cron.php?doing_wp_cron=1773931007.8153090476989746093750" "WordPress/5.1.19; https://69b4844ae61d4e92bf26ad98af552775-devsite.readyship.co"
64.252.76.215 - - [19/Mar/2026:14:36:47 +0000] "GET /?p=91119 HTTP/1.1" 200 22537 "-" "Amazon CloudFront"
64.252.76.215 - - [19/Mar/2026:14:36:47 +0000] "GET /?p=91143 HTTP/1.1" 200 23107 "-" "Amazon CloudFront"
64.252.76.215 - - [19/Mar/2026:14:36:53 +0000] "GET /?p=91131 HTTP/1.1" 200 23623 "-" "Amazon CloudFront"
64.252.74.218 - - [19/Mar/2026:14:36:54 +0000] "GET /?p=91125 HTTP/1.1" 200 17818 "-" "Amazon CloudFront"
18.68.8.18 - - [19/Mar/2026:14:37:04 +0000] "POST /xmlrpc.php HTTP/1.1" 200 403 "-" "Mozilla/5.0 (Windows NT 10.0; Win64; x64) AppleWebKit/537.36 (KHTML, like Gecko) Chrome/114.0.0.0 Safari/537.36"
18.68.8.18 - - [19/Mar/2026:14:37:05 +0000] "POST /xmlrpc.php HTTP/1.1" 200 403 "-" "Mozilla/5.0 (Windows NT 10.0; Win64; x64) AppleWebKit/537.36 (KHTML, like Gecko) Chrome/114.0.0.0 Safari/537.36"
64.252.74.61 - - [19/Mar/2026:14:37:04 +0000] "GET /?p=91139 HTTP/1.1" 200 14511 "-" "Amazon CloudFront"
64.252.74.218 - - [19/Mar/2026:14:37:04 +0000] "GET /?p=91137 HTTP/1.1" 200 23535 "-" "Amazon CloudFront"
15.158.215.109 - - [19/Mar/2026:14:37:40 +0000] "POST /wp-cron.php?doing_wp_cron=1773931060.0769829750061035156250 HTTP/1.1" 200 - "https://69b4844ae61d4e92bf26ad98af552775-devsite.readyship.co/wp-cron.php?doing_wp_cron=1773931060.0769829750061035156250" "WordPress/5.1.19; https://69b4844ae61d4e92bf26ad98af552775-devsite.readyship.co"
64.252.74.218 - - [19/Mar/2026:14:37:40 +0000] "GET /?p=91127 HTTP/1.1" 200 23650 "-" "Amazon CloudFront"
64.252.74.218 - - [19/Mar/2026:14:37:39 +0000] "GET /?p=91151 HTTP/1.1" 200 21333 "-" "Amazon CloudFront"
64.252.74.218 - - [19/Mar/2026:14:38:02 +0000] "GET /?feed=rss2&p=91163 HTTP/1.1" 200 510 "-" "Amazon CloudFront"
64.252.74.61 - - [19/Mar/2026:14:38:02 +0000] "GET /?feed=rss2&p=91171 HTTP/1.1" 200 524 "-" "Amazon CloudFront"
64.252.74.61 - - [19/Mar/2026:14:38:12 +0000] "GET /?feed=rss2&p=91159 HTTP/1.1" 200 549 "-" "Amazon CloudFront"
64.252.76.215 - - [19/Mar/2026:14:38:12 +0000] "GET /?feed=rss2&p=91165 HTTP/1.1" 200 502 "-" "Amazon CloudFront"
15.158.215.109 - - [19/Mar/2026:14:38:28 +0000] "POST /wp-cron.php?doing_wp_cron=1773931108.1899399757385253906250 HTTP/1.1" 200 - "https://69b4844ae61d4e92bf26ad98af552775-devsite.readyship.co/wp-cron.php?doing_wp_cron=1773931108.1899399757385253906250" "WordPress/5.1.19; https://69b4844ae61d4e92bf26ad98af552775-devsite.readyship.co"
64.252.76.215 - - [19/Mar/2026:14:38:28 +0000] "GET /?cat=1&paged=285 HTTP/1.1" 200 11282 "-" "Amazon CloudFront"
64.252.74.218 - - [19/Mar/2026:14:38:27 +0000] "GET /?cat=1&paged=286 HTTP/1.1" 200 11288 "-" "Amazon CloudFront"
64.252.74.218 - - [19/Mar/2026:14:39:09 +0000] "GET /?feed=rss2&p=91197 HTTP/1.1" 200 506 "-" "Amazon CloudFront"
15.158.215.109 - - [19/Mar/2026:14:39:35 +0000] "POST /wp-cron.php?doing_wp_cron=1773931175.9533259868621826171875 HTTP/1.1" 200 - "https://69b4844ae61d4e92bf26ad98af552775-devsite.readyship.co/wp-cron.php?doing_wp_cron=1773931175.9533259868621826171875" "WordPress/5.1.19; https://69b4844ae61d4e92bf26ad98af552775-devsite.readyship.co"
64.252.74.61 - - [19/Mar/2026:14:39:35 +0000] "GET /?p=91153 HTTP/1.1" 200 16990 "-" "Amazon CloudFront"
64.252.74.218 - - [19/Mar/2026:14:40:00 +0000] "GET /?feed=rss2&p=91157 HTTP/1.1" 200 517 "-" "Amazon CloudFront"
64.252.76.215 - - [19/Mar/2026:14:40:00 +0000] "GET /?feed=rss2&p=16771 HTTP/1.1" 200 519 "-" "Amazon CloudFront"
15.158.215.109 - - [19/Mar/2026:14:43:16 +0000] "POST /wp-cron.php?doing_wp_cron=1773931396.6807310581207275390625 HTTP/1.1" 200 - "https://69b4844ae61d4e92bf26ad98af552775-devsite.readyship.co/wp-cron.php?doing_wp_cron=1773931396.6807310581207275390625" "WordPress/5.1.19; https://69b4844ae61d4e92bf26ad98af552775-devsite.readyship.co"
64.252.74.218 - - [19/Mar/2026:14:43:16 +0000] "GET /?feed=rss2&p=91175 HTTP/1.1" 200 514 "-" "Amazon CloudFront"
15.158.215.109 - - [19/Mar/2026:14:49:45 +0000] "POST /wp-cron.php?doing_wp_cron=1773931785.7282578945159912109375 HTTP/1.1" 200 - "https://69b4844ae61d4e92bf26ad98af552775-devsite.readyship.co/wp-cron.php?doing_wp_cron=1773931785.7282578945159912109375" "WordPress/5.1.19; https://69b4844ae61d4e92bf26ad98af552775-devsite.readyship.co"
64.252.74.218 - - [19/Mar/2026:14:49:40 +0000] "GET /?p=16809 HTTP/1.1" 200 15471 "-" "Amazon CloudFront"
64.252.74.218 - - [19/Mar/2026:14:49:40 +0000] "GET /?p=16845 HTTP/1.1" 200 14686 "-" "Amazon CloudFront"
64.252.74.61 - - [19/Mar/2026:14:50:16 +0000] "GET /?p=16833 HTTP/1.1" 200 15227 "-" "Amazon CloudFront"
64.252.74.61 - - [19/Mar/2026:14:50:17 +0000] "GET /?p=16841 HTTP/1.1" 200 17223 "-" "Amazon CloudFront"
15.158.215.109 - - [19/Mar/2026:14:50:42 +0000] "POST /wp-cron.php?doing_wp_cron=1773931842.7301220893859863281250 HTTP/1.1" 200 - "https://69b4844ae61d4e92bf26ad98af552775-devsite.readyship.co/wp-cron.php?doing_wp_cron=1773931842.7301220893859863281250" "WordPress/5.1.19; https://69b4844ae61d4e92bf26ad98af552775-devsite.readyship.co"
64.252.74.61 - - [19/Mar/2026:14:50:42 +0000] "GET /?p=16835 HTTP/1.1" 200 14305 "-" "Amazon CloudFront"
64.252.76.215 - - [19/Mar/2026:14:50:43 +0000] "GET /?p=16847 HTTP/1.1" 200 15694 "-" "Amazon CloudFront"
64.252.74.61 - - [19/Mar/2026:14:50:44 +0000] "GET /?p=16829 HTTP/1.1" 200 16807 "-" "Amazon CloudFront"
64.252.74.61 - - [19/Mar/2026:14:51:03 +0000] "GET /?p=16819 HTTP/1.1" 200 14238 "-" "Amazon CloudFront"
64.252.74.61 - - [19/Mar/2026:14:51:03 +0000] "GET /?p=16843 HTTP/1.1" 200 14326 "-" "Amazon CloudFront"
64.252.76.215 - - [19/Mar/2026:14:51:04 +0000] "GET /?p=16813 HTTP/1.1" 200 14524 "-" "Amazon CloudFront"
15.158.215.109 - - [19/Mar/2026:14:51:54 +0000] "POST /wp-cron.php?doing_wp_cron=1773931914.4470410346984863281250 HTTP/1.1" 200 - "https://69b4844ae61d4e92bf26ad98af552775-devsite.readyship.co/wp-cron.php?doing_wp_cron=1773931914.4470410346984863281250" "WordPress/5.1.19; https://69b4844ae61d4e92bf26ad98af552775-devsite.readyship.co"
64.252.76.215 - - [19/Mar/2026:14:51:54 +0000] "GET /?p=16817 HTTP/1.1" 200 16533 "-" "Amazon CloudFront"
64.252.74.218 - - [19/Mar/2026:14:51:54 +0000] "GET /?p=16827 HTTP/1.1" 200 14566 "-" "Amazon CloudFront"
64.252.74.61 - - [19/Mar/2026:14:51:55 +0000] "GET /?p=16831 HTTP/1.1" 200 14500 "-" "Amazon CloudFront"
64.252.74.218 - - [19/Mar/2026:14:51:56 +0000] "GET /?p=16825 HTTP/1.1" 200 17640 "-" "Amazon CloudFront"
15.158.215.109 - - [19/Mar/2026:14:52:31 +0000] "POST /wp-cron.php?doing_wp_cron=1773931951.1846370697021484375000 HTTP/1.1" 200 - "https://69b4844ae61d4e92bf26ad98af552775-devsite.readyship.co/wp-cron.php?doing_wp_cron=1773931951.1846370697021484375000" "WordPress/5.1.19; https://69b4844ae61d4e92bf26ad98af552775-devsite.readyship.co"
64.252.76.215 - - [19/Mar/2026:14:52:30 +0000] "GET /?p=16815 HTTP/1.1" 200 15867 "-" "Amazon CloudFront"
64.252.103.187 - - [19/Mar/2026:14:52:32 +0000] "GET / HTTP/1.1" 200 24292 "-" "Amazon CloudFront"
64.252.102.108 - - [19/Mar/2026:14:52:38 +0000] "GET / HTTP/1.1" 200 24283 "-" "Amazon CloudFront"
64.252.74.61 - - [19/Mar/2026:14:52:45 +0000] "GET /?feed=rss2&p=16787 HTTP/1.1" 200 497 "-" "Amazon CloudFront"
64.252.76.215 - - [19/Mar/2026:14:52:45 +0000] "GET /?feed=rss2&p=91187 HTTP/1.1" 200 488 "-" "Amazon CloudFront"
3.172.120.100 - - [19/Mar/2026:14:52:45 +0000] "POST /xmlrpc.php HTTP/1.1" 200 403 "-" "Mozilla/5.0 (X11; Linux x86_64) AppleWebKit/537.36 (KHTML, like Gecko) Chrome/114.0.0.0 Safari/537.36"
64.252.76.215 - - [19/Mar/2026:14:52:46 +0000] "GET /?feed=rss2&p=16801 HTTP/1.1" 200 522 "-" "Amazon CloudFront"
3.172.120.100 - - [19/Mar/2026:14:52:46 +0000] "POST /xmlrpc.php HTTP/1.1" 200 403 "-" "Mozilla/5.0 (X11; Linux x86_64) AppleWebKit/537.36 (KHTML, like Gecko) Chrome/114.0.0.0 Safari/537.36"
3.172.120.100 - - [19/Mar/2026:14:52:48 +0000] "POST /xmlrpc.php HTTP/1.1" 200 403 "-" "Mozilla/5.0 (X11; Linux x86_64) AppleWebKit/537.36 (KHTML, like Gecko) Chrome/114.0.0.0 Safari/537.36"
3.172.120.100 - - [19/Mar/2026:14:52:53 +0000] "POST /xmlrpc.php HTTP/1.1" 200 403 "-" "Mozilla/5.0 (X11; Linux x86_64) AppleWebKit/537.36 (KHTML, like Gecko) Chrome/114.0.0.0 Safari/537.36"
3.172.120.100 - - [19/Mar/2026:14:52:58 +0000] "POST /xmlrpc.php HTTP/1.1" 200 403 "-" "Mozilla/5.0 (X11; Linux x86_64) AppleWebKit/537.36 (KHTML, like Gecko) Chrome/114.0.0.0 Safari/537.36"
3.172.120.100 - - [19/Mar/2026:14:53:03 +0000] "POST /xmlrpc.php HTTP/1.1" 200 403 "-" "Mozilla/5.0 (X11; Linux x86_64) AppleWebKit/537.36 (KHTML, like Gecko) Chrome/114.0.0.0 Safari/537.36"
3.172.120.100 - - [19/Mar/2026:14:53:09 +0000] "POST /xmlrpc.php HTTP/1.1" 200 403 "-" "Mozilla/5.0 (X11; Linux x86_64) AppleWebKit/537.36 (KHTML, like Gecko) Chrome/114.0.0.0 Safari/537.36"
64.252.76.215 - - [19/Mar/2026:14:53:12 +0000] "GET /?feed=rss2&p=16799 HTTP/1.1" 200 518 "-" "Amazon CloudFront"
64.252.74.61 - - [19/Mar/2026:14:53:11 +0000] "GET /?feed=rss2&p=91173 HTTP/1.1" 200 502 "-" "Amazon CloudFront"
64.252.74.61 - - [19/Mar/2026:14:53:12 +0000] "GET /?feed=rss2&p=91189 HTTP/1.1" 200 494 "-" "Amazon CloudFront"
64.252.74.218 - - [19/Mar/2026:14:53:13 +0000] "GET /?feed=rss2&p=16773 HTTP/1.1" 200 524 "-" "Amazon CloudFront"
3.172.120.100 - - [19/Mar/2026:14:53:13 +0000] "POST /xmlrpc.php HTTP/1.1" 200 403 "-" "Mozilla/5.0 (X11; Linux x86_64) AppleWebKit/537.36 (KHTML, like Gecko) Chrome/114.0.0.0 Safari/537.36"
3.172.120.100 - - [19/Mar/2026:14:53:14 +0000] "POST /xmlrpc.php HTTP/1.1" 200 403 "-" "Mozilla/5.0 (X11; Linux x86_64) AppleWebKit/537.36 (KHTML, like Gecko) Chrome/114.0.0.0 Safari/537.36"
64.252.76.215 - - [19/Mar/2026:14:53:54 +0000] "GET /?feed=rss2&p=91169 HTTP/1.1" 200 508 "-" "Amazon CloudFront"
15.158.215.109 - - [19/Mar/2026:14:53:55 +0000] "POST /wp-cron.php?doing_wp_cron=1773932035.0699300765991210937500 HTTP/1.1" 200 - "https://69b4844ae61d4e92bf26ad98af552775-devsite.readyship.co/wp-cron.php?doing_wp_cron=1773932035.0699300765991210937500" "WordPress/5.1.19; https://69b4844ae61d4e92bf26ad98af552775-devsite.readyship.co"
64.252.76.215 - - [19/Mar/2026:14:53:54 +0000] "GET /?feed=rss2&p=16797 HTTP/1.1" 200 532 "-" "Amazon CloudFront"
64.252.76.215 - - [19/Mar/2026:14:53:56 +0000] "GET /?feed=rss2&p=16775 HTTP/1.1" 200 545 "-" "Amazon CloudFront"
64.252.74.61 - - [19/Mar/2026:14:54:09 +0000] "GET /?feed=rss2&p=16794 HTTP/1.1" 200 536 "-" "Amazon CloudFront"
64.252.74.218 - - [19/Mar/2026:14:54:09 +0000] "GET /?feed=rss2&p=16805 HTTP/1.1" 200 499 "-" "Amazon CloudFront"
64.252.74.61 - - [19/Mar/2026:14:54:10 +0000] "GET /?feed=rss2&p=91181 HTTP/1.1" 200 516 "-" "Amazon CloudFront"
15.158.215.109 - - [19/Mar/2026:14:54:30 +0000] "POST /wp-cron.php?doing_wp_cron=1773932070.6350419521331787109375 HTTP/1.1" 200 - "https://69b4844ae61d4e92bf26ad98af552775-devsite.readyship.co/wp-cron.php?doing_wp_cron=1773932070.6350419521331787109375" "WordPress/5.1.19; https://69b4844ae61d4e92bf26ad98af552775-devsite.readyship.co"
64.252.76.215 - - [19/Mar/2026:14:54:30 +0000] "GET /?feed=rss2&p=16803 HTTP/1.1" 200 525 "-" "Amazon CloudFront"
64.252.74.218 - - [19/Mar/2026:14:54:30 +0000] "GET /?feed=rss2&p=16810 HTTP/1.1" 200 504 "-" "Amazon CloudFront"
64.252.76.215 - - [19/Mar/2026:14:54:31 +0000] "GET /?feed=rss2&p=16783 HTTP/1.1" 200 515 "-" "Amazon CloudFront"
64.252.74.61 - - [19/Mar/2026:14:54:36 +0000] "GET /?feed=rss2&p=91193 HTTP/1.1" 200 501 "-" "Amazon CloudFront"
64.252.74.61 - - [19/Mar/2026:14:54:36 +0000] "GET /?feed=rss2&p=16778 HTTP/1.1" 200 500 "-" "Amazon CloudFront"
64.252.74.61 - - [19/Mar/2026:14:54:36 +0000] "GET /?feed=rss2&p=91167 HTTP/1.1" 200 531 "-" "Amazon CloudFront"
15.158.215.109 - - [19/Mar/2026:14:55:33 +0000] "POST /wp-cron.php?doing_wp_cron=1773932133.4605739116668701171875 HTTP/1.1" 200 - "https://69b4844ae61d4e92bf26ad98af552775-devsite.readyship.co/wp-cron.php?doing_wp_cron=1773932133.4605739116668701171875" "WordPress/5.1.19; https://69b4844ae61d4e92bf26ad98af552775-devsite.readyship.co"
64.252.74.61 - - [19/Mar/2026:14:55:33 +0000] "GET /?cat=1&paged=3945 HTTP/1.1" 200 11326 "-" "Amazon CloudFront"
64.252.76.215 - - [19/Mar/2026:14:55:33 +0000] "GET /?cat=1&paged=3946 HTTP/1.1" 200 11351 "-" "Amazon CloudFront"
64.252.74.61 - - [19/Mar/2026:14:55:34 +0000] "GET /?feed=rss2&p=16777 HTTP/1.1" 200 509 "-" "Amazon CloudFront"
64.252.74.218 - - [19/Mar/2026:14:55:47 +0000] "GET /?feed=rss2&p=91179 HTTP/1.1" 200 503 "-" "Amazon CloudFront"
64.252.74.61 - - [19/Mar/2026:14:55:47 +0000] "GET /?feed=rss2&p=91185 HTTP/1.1" 200 527 "-" "Amazon CloudFront"
64.252.74.218 - - [19/Mar/2026:14:55:48 +0000] "GET /?feed=rss2&p=91183 HTTP/1.1" 200 513 "-" "Amazon CloudFront"
64.252.74.61 - - [19/Mar/2026:14:55:48 +0000] "GET /?feed=rss2&p=91191 HTTP/1.1" 200 524 "-" "Amazon CloudFront"
64.252.76.215 - - [19/Mar/2026:14:55:59 +0000] "GET /?feed=rss2&p=16793 HTTP/1.1" 200 528 "-" "Amazon CloudFront"
64.252.74.61 - - [19/Mar/2026:14:55:59 +0000] "GET /?feed=rss2&p=16789 HTTP/1.1" 200 520 "-" "Amazon CloudFront"
64.252.76.215 - - [19/Mar/2026:14:55:59 +0000] "GET /?feed=rss2&p=16785 HTTP/1.1" 200 518 "-" "Amazon CloudFront"
15.158.215.109 - - [19/Mar/2026:14:57:11 +0000] "POST /wp-cron.php?doing_wp_cron=1773932231.2404799461364746093750 HTTP/1.1" 200 - "https://69b4844ae61d4e92bf26ad98af552775-devsite.readyship.co/wp-cron.php?doing_wp_cron=1773932231.2404799461364746093750" "WordPress/5.1.19; https://69b4844ae61d4e92bf26ad98af552775-devsite.readyship.co"
64.252.74.218 - - [19/Mar/2026:14:57:10 +0000] "GET /?feed=rss2&p=16807 HTTP/1.1" 200 511 "-" "Amazon CloudFront"
64.252.74.61 - - [19/Mar/2026:14:57:11 +0000] "GET /?p=16821 HTTP/1.1" 200 14721 "-" "Amazon CloudFront"
15.158.215.109 - - [19/Mar/2026:14:57:46 +0000] "POST /wp-cron.php?doing_wp_cron=1773932266.9546000957489013671875 HTTP/1.1" 200 - "https://69b4844ae61d4e92bf26ad98af552775-devsite.readyship.co/wp-cron.php?doing_wp_cron=1773932266.9546000957489013671875" "WordPress/5.1.19; https://69b4844ae61d4e92bf26ad98af552775-devsite.readyship.co"
64.252.76.215 - - [19/Mar/2026:14:57:47 +0000] "GET /?feed=rss2&p=16781 HTTP/1.1" 200 501 "-" "Amazon CloudFront"
64.252.74.218 - - [19/Mar/2026:14:57:46 +0000] "GET /?feed=rss2&p=91195 HTTP/1.1" 200 520 "-" "Amazon CloudFront"
64.252.74.218 - - [19/Mar/2026:14:57:48 +0000] "GET /?feed=rss2&p=16791 HTTP/1.1" 200 504 "-" "Amazon CloudFront"
64.252.76.215 - - [19/Mar/2026:14:57:50 +0000] "GET /?p=16839 HTTP/1.1" 200 14753 "-" "Amazon CloudFront"
64.252.74.61 - - [19/Mar/2026:14:57:50 +0000] "GET /?p=16823 HTTP/1.1" 200 14417 "-" "Amazon CloudFront"
64.252.74.218 - - [19/Mar/2026:14:57:51 +0000] "GET /?p=16837 HTTP/1.1" 200 14885 "-" "Amazon CloudFront"
64.252.74.61 - - [19/Mar/2026:14:57:51 +0000] "GET /?p=16849 HTTP/1.1" 200 14857 "-" "Amazon CloudFront"
64.252.74.61 - - [19/Mar/2026:14:58:16 +0000] "GET /?page_id=2807&paged=4283 HTTP/1.1" 200 11284 "-" "Amazon CloudFront"
64.252.74.218 - - [19/Mar/2026:14:58:17 +0000] "GET /?page_id=2807&paged=4282 HTTP/1.1" 200 11309 "-" "Amazon CloudFront"
15.158.215.109 - - [19/Mar/2026:15:13:11 +0000] "POST /wp-cron.php?doing_wp_cron=1773933191.7545070648193359375000 HTTP/1.1" 200 - "https://69b4844ae61d4e92bf26ad98af552775-devsite.readyship.co/wp-cron.php?doing_wp_cron=1773933191.7545070648193359375000" "WordPress/5.1.19; https://69b4844ae61d4e92bf26ad98af552775-devsite.readyship.co"
64.252.76.215 - - [19/Mar/2026:15:13:04 +0000] "GET /?p=80007 HTTP/1.1" 200 17799 "-" "Amazon CloudFront"
15.158.215.109 - - [19/Mar/2026:15:14:26 +0000] "POST /wp-cron.php?doing_wp_cron=1773933266.6621949672698974609375 HTTP/1.1" 200 - "https://69b4844ae61d4e92bf26ad98af552775-devsite.readyship.co/wp-cron.php?doing_wp_cron=1773933266.6621949672698974609375" "WordPress/5.1.19; https://69b4844ae61d4e92bf26ad98af552775-devsite.readyship.co"
64.252.74.218 - - [19/Mar/2026:15:14:26 +0000] "GET /?p=26034 HTTP/1.1" 200 14388 "-" "Amazon CloudFront"
64.252.76.215 - - [19/Mar/2026:15:14:58 +0000] "GET /?feed=rss2&p=80005 HTTP/1.1" 200 512 "-" "Amazon CloudFront"
64.252.74.61 - - [19/Mar/2026:15:14:58 +0000] "GET /?feed=rss2&p=26032 HTTP/1.1" 200 518 "-" "Amazon CloudFront"
15.158.215.109 - - [19/Mar/2026:15:21:38 +0000] "POST /wp-cron.php?doing_wp_cron=1773933698.3499569892883300781250 HTTP/1.1" 200 - "https://69b4844ae61d4e92bf26ad98af552775-devsite.readyship.co/wp-cron.php?doing_wp_cron=1773933698.3499569892883300781250" "WordPress/5.1.19; https://69b4844ae61d4e92bf26ad98af552775-devsite.readyship.co"
18.68.8.18 - - [19/Mar/2026:15:21:31 +0000] "POST /xmlrpc.php HTTP/1.1" 200 403 "-" "Mozilla/5.0 (Windows NT 10.0; Win64; x64) AppleWebKit/537.36 (KHTML, like Gecko) Chrome/114.0.0.0 Safari/537.36"
18.68.8.18 - - [19/Mar/2026:15:21:40 +0000] "POST /xmlrpc.php HTTP/1.1" 200 403 "-" "Mozilla/5.0 (Windows NT 10.0; Win64; x64) AppleWebKit/537.36 (KHTML, like Gecko) Chrome/114.0.0.0 Safari/537.36"
64.252.76.215 - - [19/Mar/2026:15:29:30 +0000] "GET /?feed=rss2&p=26797 HTTP/1.1" 200 508 "-" "Amazon CloudFront"
15.158.215.109 - - [19/Mar/2026:15:29:37 +0000] "POST /wp-cron.php?doing_wp_cron=1773934177.5907590389251708984375 HTTP/1.1" 200 - "https://69b4844ae61d4e92bf26ad98af552775-devsite.readyship.co/wp-cron.php?doing_wp_cron=1773934177.5907590389251708984375" "WordPress/5.1.19; https://69b4844ae61d4e92bf26ad98af552775-devsite.readyship.co"
15.158.215.109 - - [19/Mar/2026:15:32:16 +0000] "POST /wp-cron.php?doing_wp_cron=1773934336.6589510440826416015625 HTTP/1.1" 200 - "https://69b4844ae61d4e92bf26ad98af552775-devsite.readyship.co/wp-cron.php?doing_wp_cron=1773934336.6589510440826416015625" "WordPress/5.1.19; https://69b4844ae61d4e92bf26ad98af552775-devsite.readyship.co"
64.252.74.61 - - [19/Mar/2026:15:32:16 +0000] "GET /?feed=rss2&p=38726 HTTP/1.1" 200 539 "-" "Amazon CloudFront"
15.158.215.109 - - [19/Mar/2026:15:32:35 +0000] "POST /wp-cron.php?doing_wp_cron=1773934354.9310181140899658203125 HTTP/1.1" 200 - "https://69b4844ae61d4e92bf26ad98af552775-devsite.readyship.co/wp-cron.php?doing_wp_cron=1773934354.9310181140899658203125" "WordPress/5.1.19; https://69b4844ae61d4e92bf26ad98af552775-devsite.readyship.co"
64.252.74.61 - - [19/Mar/2026:15:32:34 +0000] "GET /?p=38728 HTTP/1.1" 200 15515 "-" "Amazon CloudFront"
64.252.74.218 - - [19/Mar/2026:15:32:46 +0000] "GET /?p=26795 HTTP/1.1" 200 17093 "-" "Amazon CloudFront"
15.158.215.109 - - [19/Mar/2026:15:34:14 +0000] "POST /wp-cron.php?doing_wp_cron=1773934454.2030060291290283203125 HTTP/1.1" 200 - "https://69b4844ae61d4e92bf26ad98af552775-devsite.readyship.co/wp-cron.php?doing_wp_cron=1773934454.2030060291290283203125" "WordPress/5.1.19; https://69b4844ae61d4e92bf26ad98af552775-devsite.readyship.co"
64.252.68.203 - - [19/Mar/2026:15:34:13 +0000] "GET /?healthcheck_timestamp=1773934247701 HTTP/1.1" 200 178917 "-" "Amazon CloudFront"
15.158.215.109 - - [19/Mar/2026:15:55:18 +0000] "POST /wp-cron.php?doing_wp_cron=1773935718.6065690517425537109375 HTTP/1.1" 200 - "https://69b4844ae61d4e92bf26ad98af552775-devsite.readyship.co/wp-cron.php?doing_wp_cron=1773935718.6065690517425537109375" "WordPress/5.1.19; https://69b4844ae61d4e92bf26ad98af552775-devsite.readyship.co"
15.158.1.198 - - [19/Mar/2026:15:55:11 +0000] "POST /?page_id=2806 HTTP/1.1" 200 8927 "-" "Amazon CloudFront"
15.158.215.109 - - [19/Mar/2026:15:55:22 +0000] "POST /wp-cron.php?doing_wp_cron=1773935722.5207149982452392578125 HTTP/1.1" 200 - "https://69b4844ae61d4e92bf26ad98af552775-devsite.readyship.co/wp-cron.php?doing_wp_cron=1773935722.5207149982452392578125" "WordPress/5.1.19; https://69b4844ae61d4e92bf26ad98af552775-devsite.readyship.co"
15.158.1.198 - - [19/Mar/2026:15:55:22 +0000] "GET /xmlrpc.php HTTP/1.1" 405 60 "https://69b4844ae61d4e92bf26ad98af552775-devsite.readyship.co" "Mozilla/5.0 (Windows NT 6.3; Win64; x64) AppleWebKit/537.36 (KHTML, like Gecko) Chrome/103.0.0.0 Safari/537.36"
15.158.1.198 - - [19/Mar/2026:15:55:24 +0000] "POST /xmlrpc.php HTTP/1.1" 200 206 "https://69b4844ae61d4e92bf26ad98af552775-devsite.readyship.co/xmlrpc.php" "Mozilla/5.0 (Windows NT 6.3; Win64; x64) AppleWebKit/537.36 (KHTML, like Gecko) Chrome/103.0.0.0 Safari/537.36"
15.158.1.198 - - [19/Mar/2026:15:55:25 +0000] "POST /xmlrpc.php HTTP/1.1" 200 206 "https://69b4844ae61d4e92bf26ad98af552775-devsite.readyship.co/xmlrpc.php" "Mozilla/5.0 (Windows NT 6.3; Win64; x64) AppleWebKit/537.36 (KHTML, like Gecko) Chrome/103.0.0.0 Safari/537.36"
64.252.86.96 - - [19/Mar/2026:15:55:27 +0000] "GET / HTTP/1.1" 200 24261 "-" "Amazon CloudFront"
64.252.88.79 - - [19/Mar/2026:15:55:32 +0000] "GET /?page_id=2806 HTTP/1.1" 200 9338 "-" "Amazon CloudFront"
15.158.1.198 - - [19/Mar/2026:15:55:33 +0000] "GET /wp-admin/edit-tags.php?taxonomy=category HTTP/1.1" 302 - "https://69b4844ae61d4e92bf26ad98af552775-devsite.readyship.co/?page_id=2806" "Mozilla/5.0 (Windows NT 6.3; Win64; x64) AppleWebKit/537.36 (KHTML, like Gecko) Chrome/103.0.0.0 Safari/537.36"
15.158.1.198 - - [19/Mar/2026:15:55:35 +0000] "GET /wp-login.php?redirect_to=https%3A%2F%2F69b4844ae61d4e92bf26ad98af552775-devsite.readyship.co%2Fwp-admin%2Fedit-tags.php%3Ftaxonomy%3Dcategory&reauth=1 HTTP/1.1" 200 1206 "https://69b4844ae61d4e92bf26ad98af552775-devsite.readyship.co/wp-admin/edit-tags.php?taxonomy=category" "Mozilla/5.0 (Windows NT 6.3; Win64; x64) AppleWebKit/537.36 (KHTML, like Gecko) Chrome/103.0.0.0 Safari/537.36"
