64.252.68.203 - - [20/Mar/2026:02:22:18 +0000] "GET /?p=88342 HTTP/1.1" 200 17541 "-" "Amazon CloudFront"
15.158.215.109 - - [20/Mar/2026:02:22:29 +0000] "POST /wp-cron.php?doing_wp_cron=1773973349.9452838897705078125000 HTTP/1.1" 200 - "https://69b4844ae61d4e92bf26ad98af552775-devsite.readyship.co/wp-cron.php?doing_wp_cron=1773973349.9452838897705078125000" "WordPress/5.1.19; https://69b4844ae61d4e92bf26ad98af552775-devsite.readyship.co"
64.252.68.102 - - [20/Mar/2026:02:22:29 +0000] "GET /?p=8493 HTTP/1.1" 200 15854 "-" "Amazon CloudFront"
64.252.68.203 - - [20/Mar/2026:02:22:33 +0000] "GET /?p=92146 HTTP/1.1" 200 21749 "-" "Amazon CloudFront"
64.252.68.203 - - [20/Mar/2026:02:22:56 +0000] "GET /?p=10923 HTTP/1.1" 200 22297 "-" "Amazon CloudFront"
64.252.66.156 - - [20/Mar/2026:02:23:02 +0000] "GET /?p=25567 HTTP/1.1" 200 15585 "-" "Amazon CloudFront"
15.158.215.109 - - [20/Mar/2026:02:23:35 +0000] "POST /wp-cron.php?doing_wp_cron=1773973415.9504079818725585937500 HTTP/1.1" 200 - "https://69b4844ae61d4e92bf26ad98af552775-devsite.readyship.co/wp-cron.php?doing_wp_cron=1773973415.9504079818725585937500" "WordPress/5.1.19; https://69b4844ae61d4e92bf26ad98af552775-devsite.readyship.co"
64.252.66.156 - - [20/Mar/2026:02:23:35 +0000] "GET /?p=12963 HTTP/1.1" 200 14391 "-" "Amazon CloudFront"
64.252.68.203 - - [20/Mar/2026:02:23:40 +0000] "GET /?p=11363 HTTP/1.1" 200 15434 "-" "Amazon CloudFront"
18.68.19.181 - - [20/Mar/2026:02:24:09 +0000] "POST /xmlrpc.php HTTP/1.1" 200 403 "-" "Mozilla/5.0 (Windows NT 10.0; Win64; x64) AppleWebKit/537.36 (KHTML, like Gecko) Chrome/114.0.0.0 Safari/537.36"
18.68.19.181 - - [20/Mar/2026:02:24:10 +0000] "POST /xmlrpc.php HTTP/1.1" 200 403 "-" "Mozilla/5.0 (Windows NT 10.0; Win64; x64) AppleWebKit/537.36 (KHTML, like Gecko) Chrome/114.0.0.0 Safari/537.36"
64.252.68.203 - - [20/Mar/2026:02:24:21 +0000] "GET /?p=41000 HTTP/1.1" 200 18249 "-" "Amazon CloudFront"
15.158.215.109 - - [20/Mar/2026:02:24:37 +0000] "POST /wp-cron.php?doing_wp_cron=1773973477.8145289421081542968750 HTTP/1.1" 200 - "https://69b4844ae61d4e92bf26ad98af552775-devsite.readyship.co/wp-cron.php?doing_wp_cron=1773973477.8145289421081542968750" "WordPress/5.1.19; https://69b4844ae61d4e92bf26ad98af552775-devsite.readyship.co"
64.252.68.139 - - [20/Mar/2026:02:24:37 +0000] "GET /?p=12851 HTTP/1.1" 200 13820 "-" "Amazon CloudFront"
64.252.68.139 - - [20/Mar/2026:02:24:40 +0000] "GET /?p=51876 HTTP/1.1" 200 17467 "-" "Amazon CloudFront"
64.252.68.102 - - [20/Mar/2026:02:24:45 +0000] "GET /?cat=1&paged=4320 HTTP/1.1" 200 11192 "-" "Amazon CloudFront"
64.252.66.156 - - [20/Mar/2026:02:24:52 +0000] "GET /?p=96669 HTTP/1.1" 200 14762 "-" "Amazon CloudFront"
64.252.68.102 - - [20/Mar/2026:02:25:08 +0000] "GET /?p=33584 HTTP/1.1" 200 23625 "-" "Amazon CloudFront"
15.158.215.109 - - [20/Mar/2026:02:25:29 +0000] "POST /wp-cron.php?doing_wp_cron=1773973529.0028378963470458984375 HTTP/1.1" 200 - "https://69b4844ae61d4e92bf26ad98af552775-devsite.readyship.co/wp-cron.php?doing_wp_cron=1773973529.0028378963470458984375" "WordPress/5.1.19; https://69b4844ae61d4e92bf26ad98af552775-devsite.readyship.co"
64.252.68.139 - - [20/Mar/2026:02:25:28 +0000] "GET /?p=83832 HTTP/1.1" 200 14119 "-" "Amazon CloudFront"
64.252.68.139 - - [20/Mar/2026:02:25:40 +0000] "GET /?p=6173 HTTP/1.1" 200 21733 "-" "Amazon CloudFront"
64.252.68.139 - - [20/Mar/2026:02:25:42 +0000] "GET /?p=83082 HTTP/1.1" 200 21806 "-" "Amazon CloudFront"
64.252.68.203 - - [20/Mar/2026:02:25:44 +0000] "GET /?p=87147 HTTP/1.1" 200 15804 "-" "Amazon CloudFront"
64.252.68.139 - - [20/Mar/2026:02:26:03 +0000] "GET /?p=27650 HTTP/1.1" 200 14363 "-" "Amazon CloudFront"
64.252.68.139 - - [20/Mar/2026:02:26:14 +0000] "GET /?p=7459 HTTP/1.1" 200 22620 "-" "Amazon CloudFront"
64.252.74.218 - - [20/Mar/2026:02:26:26 +0000] "GET /?p=26783 HTTP/1.1" 200 18399 "-" "Amazon CloudFront"
15.158.215.109 - - [20/Mar/2026:02:26:26 +0000] "POST /wp-cron.php?doing_wp_cron=1773973586.6510589122772216796875 HTTP/1.1" 200 - "https://69b4844ae61d4e92bf26ad98af552775-devsite.readyship.co/wp-cron.php?doing_wp_cron=1773973586.6510589122772216796875" "WordPress/5.1.19; https://69b4844ae61d4e92bf26ad98af552775-devsite.readyship.co"
64.252.68.102 - - [20/Mar/2026:02:26:56 +0000] "GET /?p=7341 HTTP/1.1" 200 22955 "-" "Amazon CloudFront"
3.172.10.105 - - [20/Mar/2026:02:27:04 +0000] "POST /?page_id=2806 HTTP/1.1" 200 8925 "-" "Amazon CloudFront"
3.172.10.105 - - [20/Mar/2026:02:27:05 +0000] "GET /xmlrpc.php HTTP/1.1" 405 60 "https://69b4844ae61d4e92bf26ad98af552775-devsite.readyship.co/" "Mozilla/5.0 (Windows NT 6.3; Win64; x64) AppleWebKit/537.36 (KHTML, like Gecko) Chrome/103.0.0.0 Safari/537.36"
3.172.10.105 - - [20/Mar/2026:02:27:06 +0000] "POST /xmlrpc.php HTTP/1.1" 200 206 "https://69b4844ae61d4e92bf26ad98af552775-devsite.readyship.co/xmlrpc.php" "Mozilla/5.0 (Windows NT 6.3; Win64; x64) AppleWebKit/537.36 (KHTML, like Gecko) Chrome/103.0.0.0 Safari/537.36"
3.172.10.105 - - [20/Mar/2026:02:27:07 +0000] "POST /xmlrpc.php HTTP/1.1" 200 206 "https://69b4844ae61d4e92bf26ad98af552775-devsite.readyship.co/xmlrpc.php" "Mozilla/5.0 (Windows NT 6.3; Win64; x64) AppleWebKit/537.36 (KHTML, like Gecko) Chrome/103.0.0.0 Safari/537.36"
64.252.89.111 - - [20/Mar/2026:02:27:08 +0000] "GET / HTTP/1.1" 200 24252 "-" "Amazon CloudFront"
64.252.86.96 - - [20/Mar/2026:02:27:11 +0000] "GET /?page_id=2806 HTTP/1.1" 200 9337 "-" "Amazon CloudFront"
3.172.10.105 - - [20/Mar/2026:02:27:13 +0000] "GET /wp-admin/edit-tags.php?taxonomy=category HTTP/1.1" 302 - "https://69b4844ae61d4e92bf26ad98af552775-devsite.readyship.co/?page_id=2806" "Mozilla/5.0 (Windows NT 6.3; Win64; x64) AppleWebKit/537.36 (KHTML, like Gecko) Chrome/103.0.0.0 Safari/537.36"
64.252.66.156 - - [20/Mar/2026:02:27:13 +0000] "GET /?page_id=2807&paged=4274 HTTP/1.1" 200 11122 "-" "Amazon CloudFront"
3.172.10.105 - - [20/Mar/2026:02:27:13 +0000] "GET /wp-login.php?redirect_to=https%3A%2F%2F69b4844ae61d4e92bf26ad98af552775-devsite.readyship.co%2Fwp-admin%2Fedit-tags.php%3Ftaxonomy%3Dcategory&reauth=1 HTTP/1.1" 200 1206 "https://69b4844ae61d4e92bf26ad98af552775-devsite.readyship.co/wp-admin/edit-tags.php?taxonomy=category" "Mozilla/5.0 (Windows NT 6.3; Win64; x64) AppleWebKit/537.36 (KHTML, like Gecko) Chrome/103.0.0.0 Safari/537.36"
15.158.215.109 - - [20/Mar/2026:02:27:44 +0000] "POST /wp-cron.php?doing_wp_cron=1773973664.0583291053771972656250 HTTP/1.1" 200 - "https://69b4844ae61d4e92bf26ad98af552775-devsite.readyship.co/wp-cron.php?doing_wp_cron=1773973664.0583291053771972656250" "WordPress/5.1.19; https://69b4844ae61d4e92bf26ad98af552775-devsite.readyship.co"
64.252.68.139 - - [20/Mar/2026:02:27:43 +0000] "GET /?p=80820 HTTP/1.1" 200 15382 "-" "Amazon CloudFront"
64.252.68.102 - - [20/Mar/2026:02:27:46 +0000] "GET /?p=8473 HTTP/1.1" 200 17271 "-" "Amazon CloudFront"
64.252.68.139 - - [20/Mar/2026:02:27:54 +0000] "GET /?p=67428 HTTP/1.1" 200 14313 "-" "Amazon CloudFront"
64.252.66.156 - - [20/Mar/2026:02:28:03 +0000] "GET /?p=8447 HTTP/1.1" 200 15768 "-" "Amazon CloudFront"
64.252.68.102 - - [20/Mar/2026:02:28:12 +0000] "GET /?p=87187 HTTP/1.1" 200 15658 "-" "Amazon CloudFront"
64.252.68.102 - - [20/Mar/2026:02:28:20 +0000] "GET /?p=92196 HTTP/1.1" 200 21974 "-" "Amazon CloudFront"
15.158.215.109 - - [20/Mar/2026:02:28:46 +0000] "POST /wp-cron.php?doing_wp_cron=1773973726.6490209102630615234375 HTTP/1.1" 200 - "https://69b4844ae61d4e92bf26ad98af552775-devsite.readyship.co/wp-cron.php?doing_wp_cron=1773973726.6490209102630615234375" "WordPress/5.1.19; https://69b4844ae61d4e92bf26ad98af552775-devsite.readyship.co"
64.252.66.156 - - [20/Mar/2026:02:28:46 +0000] "GET /?p=61655 HTTP/1.1" 200 15457 "-" "Amazon CloudFront"
64.252.74.218 - - [20/Mar/2026:02:28:59 +0000] "GET /?feed=rss2&p=26785 HTTP/1.1" 200 573 "-" "Amazon CloudFront"
64.252.68.139 - - [20/Mar/2026:02:29:01 +0000] "GET /?p=68492 HTTP/1.1" 200 15278 "-" "Amazon CloudFront"
64.252.68.203 - - [20/Mar/2026:02:29:13 +0000] "GET /?p=57680 HTTP/1.1" 200 14607 "-" "Amazon CloudFront"
15.158.215.109 - - [20/Mar/2026:02:29:24 +0000] "POST /wp-cron.php?doing_wp_cron=1773973764.8037059307098388671875 HTTP/1.1" 200 - "https://69b4844ae61d4e92bf26ad98af552775-devsite.readyship.co/wp-cron.php?doing_wp_cron=1773973764.8037059307098388671875" "WordPress/5.1.19; https://69b4844ae61d4e92bf26ad98af552775-devsite.readyship.co"
64.252.66.156 - - [20/Mar/2026:02:29:24 +0000] "GET /?p=25112 HTTP/1.1" 200 14018 "-" "Amazon CloudFront"
64.252.68.203 - - [20/Mar/2026:02:29:33 +0000] "GET /?p=8028 HTTP/1.1" 200 20729 "-" "Amazon CloudFront"
64.252.66.156 - - [20/Mar/2026:02:29:47 +0000] "GET /?p=80011 HTTP/1.1" 200 21717 "-" "Amazon CloudFront"
64.252.68.203 - - [20/Mar/2026:02:30:02 +0000] "GET /?p=40118 HTTP/1.1" 200 16212 "-" "Amazon CloudFront"
64.252.68.139 - - [20/Mar/2026:02:30:26 +0000] "GET /?p=79587 HTTP/1.1" 200 18296 "-" "Amazon CloudFront"
15.158.215.109 - - [20/Mar/2026:02:30:26 +0000] "POST /wp-cron.php?doing_wp_cron=1773973826.6576509475708007812500 HTTP/1.1" 200 - "https://69b4844ae61d4e92bf26ad98af552775-devsite.readyship.co/wp-cron.php?doing_wp_cron=1773973826.6576509475708007812500" "WordPress/5.1.19; https://69b4844ae61d4e92bf26ad98af552775-devsite.readyship.co"
64.252.68.139 - - [20/Mar/2026:02:30:30 +0000] "GET /?p=88264 HTTP/1.1" 200 23076 "-" "Amazon CloudFront"
64.252.68.203 - - [20/Mar/2026:02:30:33 +0000] "GET /?p=88352 HTTP/1.1" 200 17182 "-" "Amazon CloudFront"
64.252.68.203 - - [20/Mar/2026:02:31:33 +0000] "GET /?p=90863 HTTP/1.1" 200 18154 "-" "Amazon CloudFront"
15.158.215.109 - - [20/Mar/2026:02:31:34 +0000] "POST /wp-cron.php?doing_wp_cron=1773973894.3666529655456542968750 HTTP/1.1" 200 - "https://69b4844ae61d4e92bf26ad98af552775-devsite.readyship.co/wp-cron.php?doing_wp_cron=1773973894.3666529655456542968750" "WordPress/5.1.19; https://69b4844ae61d4e92bf26ad98af552775-devsite.readyship.co"
64.252.68.139 - - [20/Mar/2026:02:32:02 +0000] "GET /?p=28874 HTTP/1.1" 200 14591 "-" "Amazon CloudFront"
64.252.68.203 - - [20/Mar/2026:02:32:05 +0000] "GET /?p=43120 HTTP/1.1" 200 17100 "-" "Amazon CloudFront"
15.158.215.109 - - [20/Mar/2026:02:32:39 +0000] "POST /wp-cron.php?doing_wp_cron=1773973959.0003271102905273437500 HTTP/1.1" 200 - "https://69b4844ae61d4e92bf26ad98af552775-devsite.readyship.co/wp-cron.php?doing_wp_cron=1773973959.0003271102905273437500" "WordPress/5.1.19; https://69b4844ae61d4e92bf26ad98af552775-devsite.readyship.co"
64.252.66.156 - - [20/Mar/2026:02:32:38 +0000] "GET /?p=33666 HTTP/1.1" 200 16254 "-" "Amazon CloudFront"
64.252.66.156 - - [20/Mar/2026:02:32:49 +0000] "GET /?p=86333 HTTP/1.1" 200 17785 "-" "Amazon CloudFront"
64.252.68.203 - - [20/Mar/2026:02:32:52 +0000] "GET /?p=67896 HTTP/1.1" 200 15977 "-" "Amazon CloudFront"
64.252.66.156 - - [20/Mar/2026:02:32:54 +0000] "GET /?p=96031 HTTP/1.1" 200 17313 "-" "Amazon CloudFront"
64.252.68.139 - - [20/Mar/2026:02:33:06 +0000] "GET /?p=74399 HTTP/1.1" 200 22029 "-" "Amazon CloudFront"
15.158.215.109 - - [20/Mar/2026:02:33:25 +0000] "POST /wp-cron.php?doing_wp_cron=1773974005.2674589157104492187500 HTTP/1.1" 200 - "https://69b4844ae61d4e92bf26ad98af552775-devsite.readyship.co/wp-cron.php?doing_wp_cron=1773974005.2674589157104492187500" "WordPress/5.1.19; https://69b4844ae61d4e92bf26ad98af552775-devsite.readyship.co"
64.252.68.102 - - [20/Mar/2026:02:33:24 +0000] "GET /?p=25406 HTTP/1.1" 200 22534 "-" "Amazon CloudFront"
64.252.68.203 - - [20/Mar/2026:02:33:27 +0000] "GET /?p=88190 HTTP/1.1" 200 16203 "-" "Amazon CloudFront"
64.252.68.139 - - [20/Mar/2026:02:33:31 +0000] "GET /?p=13383 HTTP/1.1" 200 14257 "-" "Amazon CloudFront"
64.252.68.139 - - [20/Mar/2026:02:33:34 +0000] "GET /?p=7325 HTTP/1.1" 200 47048 "-" "Amazon CloudFront"
64.252.68.139 - - [20/Mar/2026:02:33:45 +0000] "GET /?p=96707 HTTP/1.1" 200 17231 "-" "Amazon CloudFront"
64.252.68.139 - - [20/Mar/2026:02:34:14 +0000] "GET /?healthcheck_timestamp=1773973847564 HTTP/1.1" 200 178919 "-" "Amazon CloudFront"
64.252.66.156 - - [20/Mar/2026:02:34:17 +0000] "GET /?p=29230 HTTP/1.1" 200 14454 "-" "Amazon CloudFront"
64.252.68.139 - - [20/Mar/2026:02:34:20 +0000] "GET /?p=79925 HTTP/1.1" 200 26859 "-" "Amazon CloudFront"
15.158.215.109 - - [20/Mar/2026:02:34:25 +0000] "POST /wp-cron.php?doing_wp_cron=1773974065.0020511150360107421875 HTTP/1.1" 200 - "https://69b4844ae61d4e92bf26ad98af552775-devsite.readyship.co/wp-cron.php?doing_wp_cron=1773974065.0020511150360107421875" "WordPress/5.1.19; https://69b4844ae61d4e92bf26ad98af552775-devsite.readyship.co"
64.252.66.156 - - [20/Mar/2026:02:34:24 +0000] "GET /?p=81014 HTTP/1.1" 200 14557 "-" "Amazon CloudFront"
64.252.66.156 - - [20/Mar/2026:02:34:29 +0000] "GET /?p=13977 HTTP/1.1" 200 14775 "-" "Amazon CloudFront"
64.252.68.139 - - [20/Mar/2026:02:34:57 +0000] "GET /?p=28280 HTTP/1.1" 200 14192 "-" "Amazon CloudFront"
15.158.215.109 - - [20/Mar/2026:02:36:04 +0000] "POST /wp-cron.php?doing_wp_cron=1773974164.5110950469970703125000 HTTP/1.1" 200 - "https://69b4844ae61d4e92bf26ad98af552775-devsite.readyship.co/wp-cron.php?doing_wp_cron=1773974164.5110950469970703125000" "WordPress/5.1.19; https://69b4844ae61d4e92bf26ad98af552775-devsite.readyship.co"
64.252.68.203 - - [20/Mar/2026:02:36:04 +0000] "GET /?p=30018 HTTP/1.1" 200 16647 "-" "Amazon CloudFront"
15.158.215.109 - - [20/Mar/2026:02:36:40 +0000] "POST /wp-cron.php?doing_wp_cron=1773974200.8438119888305664062500 HTTP/1.1" 200 - "https://69b4844ae61d4e92bf26ad98af552775-devsite.readyship.co/wp-cron.php?doing_wp_cron=1773974200.8438119888305664062500" "WordPress/5.1.19; https://69b4844ae61d4e92bf26ad98af552775-devsite.readyship.co"
64.252.68.203 - - [20/Mar/2026:02:36:40 +0000] "GET /?p=13797 HTTP/1.1" 200 18112 "-" "Amazon CloudFront"
64.252.68.203 - - [20/Mar/2026:02:36:54 +0000] "GET /?p=33594 HTTP/1.1" 200 17651 "-" "Amazon CloudFront"
64.252.68.139 - - [20/Mar/2026:02:37:00 +0000] "GET /?p=13791 HTTP/1.1" 200 14339 "-" "Amazon CloudFront"
64.252.68.102 - - [20/Mar/2026:02:37:06 +0000] "GET /?p=87061 HTTP/1.1" 200 13820 "-" "Amazon CloudFront"
15.158.215.109 - - [20/Mar/2026:02:37:30 +0000] "POST /wp-cron.php?doing_wp_cron=1773974250.7529060840606689453125 HTTP/1.1" 200 - "https://69b4844ae61d4e92bf26ad98af552775-devsite.readyship.co/wp-cron.php?doing_wp_cron=1773974250.7529060840606689453125" "WordPress/5.1.19; https://69b4844ae61d4e92bf26ad98af552775-devsite.readyship.co"
64.252.66.156 - - [20/Mar/2026:02:37:30 +0000] "GET /?p=40142 HTTP/1.1" 200 15460 "-" "Amazon CloudFront"
64.252.68.203 - - [20/Mar/2026:02:37:33 +0000] "GET /?p=43136 HTTP/1.1" 200 14283 "-" "Amazon CloudFront"
64.252.68.102 - - [20/Mar/2026:02:37:35 +0000] "GET /?p=10191 HTTP/1.1" 200 16264 "-" "Amazon CloudFront"
64.252.68.139 - - [20/Mar/2026:02:37:37 +0000] "GET /?p=87245 HTTP/1.1" 200 14088 "-" "Amazon CloudFront"
64.252.68.139 - - [20/Mar/2026:02:37:42 +0000] "GET /?p=62908 HTTP/1.1" 200 14182 "-" "Amazon CloudFront"
64.252.68.139 - - [20/Mar/2026:02:38:08 +0000] "GET /?p=96825 HTTP/1.1" 200 16285 "-" "Amazon CloudFront"
64.252.66.156 - - [20/Mar/2026:02:38:10 +0000] "GET /?p=27437 HTTP/1.1" 200 14437 "-" "Amazon CloudFront"
15.158.215.109 - - [20/Mar/2026:02:38:31 +0000] "POST /wp-cron.php?doing_wp_cron=1773974311.7301790714263916015625 HTTP/1.1" 200 - "https://69b4844ae61d4e92bf26ad98af552775-devsite.readyship.co/wp-cron.php?doing_wp_cron=1773974311.7301790714263916015625" "WordPress/5.1.19; https://69b4844ae61d4e92bf26ad98af552775-devsite.readyship.co"
64.252.68.203 - - [20/Mar/2026:02:38:31 +0000] "GET /?p=81944 HTTP/1.1" 200 14050 "-" "Amazon CloudFront"
64.252.68.102 - - [20/Mar/2026:02:38:36 +0000] "GET /?p=61538 HTTP/1.1" 200 14925 "-" "Amazon CloudFront"
64.252.68.203 - - [20/Mar/2026:02:38:42 +0000] "GET /?p=89562 HTTP/1.1" 200 16844 "-" "Amazon CloudFront"
15.158.215.109 - - [20/Mar/2026:02:39:39 +0000] "POST /wp-cron.php?doing_wp_cron=1773974379.6147990226745605468750 HTTP/1.1" 200 - "https://69b4844ae61d4e92bf26ad98af552775-devsite.readyship.co/wp-cron.php?doing_wp_cron=1773974379.6147990226745605468750" "WordPress/5.1.19; https://69b4844ae61d4e92bf26ad98af552775-devsite.readyship.co"
64.252.68.203 - - [20/Mar/2026:02:39:39 +0000] "GET /?p=5853 HTTP/1.1" 200 15170 "-" "Amazon CloudFront"
64.252.68.139 - - [20/Mar/2026:02:40:08 +0000] "GET /?p=30561 HTTP/1.1" 200 23651 "-" "Amazon CloudFront"
15.158.215.109 - - [20/Mar/2026:02:40:24 +0000] "POST /wp-cron.php?doing_wp_cron=1773974424.5750439167022705078125 HTTP/1.1" 200 - "https://69b4844ae61d4e92bf26ad98af552775-devsite.readyship.co/wp-cron.php?doing_wp_cron=1773974424.5750439167022705078125" "WordPress/5.1.19; https://69b4844ae61d4e92bf26ad98af552775-devsite.readyship.co"
64.252.66.156 - - [20/Mar/2026:02:40:24 +0000] "GET /?p=13535 HTTP/1.1" 200 14459 "-" "Amazon CloudFront"
64.252.68.203 - - [20/Mar/2026:02:40:57 +0000] "GET /?p=12833 HTTP/1.1" 200 16174 "-" "Amazon CloudFront"
64.252.68.203 - - [20/Mar/2026:02:41:16 +0000] "GET /?p=8646 HTTP/1.1" 200 16323 "-" "Amazon CloudFront"
64.252.68.102 - - [20/Mar/2026:02:41:19 +0000] "GET /?p=79569 HTTP/1.1" 200 23690 "-" "Amazon CloudFront"
15.158.215.109 - - [20/Mar/2026:02:41:22 +0000] "POST /wp-cron.php?doing_wp_cron=1773974482.4252929687500000000000 HTTP/1.1" 200 - "https://69b4844ae61d4e92bf26ad98af552775-devsite.readyship.co/wp-cron.php?doing_wp_cron=1773974482.4252929687500000000000" "WordPress/5.1.19; https://69b4844ae61d4e92bf26ad98af552775-devsite.readyship.co"
64.252.68.139 - - [20/Mar/2026:02:41:22 +0000] "GET /?p=82574 HTTP/1.1" 200 17332 "-" "Amazon CloudFront"
64.252.66.156 - - [20/Mar/2026:02:41:26 +0000] "GET /?p=43288 HTTP/1.1" 200 15020 "-" "Amazon CloudFront"
64.252.68.102 - - [20/Mar/2026:02:41:35 +0000] "GET /?p=13299 HTTP/1.1" 200 14589 "-" "Amazon CloudFront"
64.252.68.139 - - [20/Mar/2026:02:41:40 +0000] "GET /?p=41944 HTTP/1.1" 200 21217 "-" "Amazon CloudFront"
64.252.68.102 - - [20/Mar/2026:02:41:51 +0000] "GET /?p=80874 HTTP/1.1" 200 16021 "-" "Amazon CloudFront"
64.252.66.156 - - [20/Mar/2026:02:42:05 +0000] "GET /?p=89482 HTTP/1.1" 200 13445 "-" "Amazon CloudFront"
15.158.215.109 - - [20/Mar/2026:02:42:25 +0000] "POST /wp-cron.php?doing_wp_cron=1773974545.4988520145416259765625 HTTP/1.1" 200 - "https://69b4844ae61d4e92bf26ad98af552775-devsite.readyship.co/wp-cron.php?doing_wp_cron=1773974545.4988520145416259765625" "WordPress/5.1.19; https://69b4844ae61d4e92bf26ad98af552775-devsite.readyship.co"
64.252.68.139 - - [20/Mar/2026:02:42:25 +0000] "GET /?p=40288 HTTP/1.1" 200 22799 "-" "Amazon CloudFront"
64.252.68.203 - - [20/Mar/2026:02:42:27 +0000] "GET /?p=10055 HTTP/1.1" 200 14750 "-" "Amazon CloudFront"
64.252.68.203 - - [20/Mar/2026:02:42:39 +0000] "GET /?p=81454 HTTP/1.1" 200 16718 "-" "Amazon CloudFront"
64.252.68.139 - - [20/Mar/2026:02:42:49 +0000] "GET /?p=87325 HTTP/1.1" 200 15476 "-" "Amazon CloudFront"
64.252.76.215 - - [20/Mar/2026:02:43:14 +0000] "GET /?feed=rss2&p=90903 HTTP/1.1" 200 515 "-" "Amazon CloudFront"
15.158.215.109 - - [20/Mar/2026:02:43:25 +0000] "POST /wp-cron.php?doing_wp_cron=1773974605.3110630512237548828125 HTTP/1.1" 200 - "https://69b4844ae61d4e92bf26ad98af552775-devsite.readyship.co/wp-cron.php?doing_wp_cron=1773974605.3110630512237548828125" "WordPress/5.1.19; https://69b4844ae61d4e92bf26ad98af552775-devsite.readyship.co"
64.252.66.156 - - [20/Mar/2026:02:43:24 +0000] "GET /?p=43928 HTTP/1.1" 200 16583 "-" "Amazon CloudFront"
15.158.215.109 - - [20/Mar/2026:02:43:27 +0000] "POST /wp-cron.php?doing_wp_cron=1773974607.9270589351654052734375 HTTP/1.1" 200 - "https://69b4844ae61d4e92bf26ad98af552775-devsite.readyship.co/wp-cron.php?doing_wp_cron=1773974607.9270589351654052734375" "WordPress/5.1.19; https://69b4844ae61d4e92bf26ad98af552775-devsite.readyship.co"
64.252.68.102 - - [20/Mar/2026:02:43:27 +0000] "GET /?p=6418 HTTP/1.1" 200 21135 "-" "Amazon CloudFront"
64.252.66.156 - - [20/Mar/2026:02:43:47 +0000] "GET /?cat=1&paged=4105 HTTP/1.1" 200 11212 "-" "Amazon CloudFront"
64.252.68.203 - - [20/Mar/2026:02:44:07 +0000] "GET /?p=10229 HTTP/1.1" 200 14878 "-" "Amazon CloudFront"
15.158.215.109 - - [20/Mar/2026:02:44:23 +0000] "POST /wp-cron.php?doing_wp_cron=1773974662.9606029987335205078125 HTTP/1.1" 200 - "https://69b4844ae61d4e92bf26ad98af552775-devsite.readyship.co/wp-cron.php?doing_wp_cron=1773974662.9606029987335205078125" "WordPress/5.1.19; https://69b4844ae61d4e92bf26ad98af552775-devsite.readyship.co"
64.252.76.215 - - [20/Mar/2026:02:44:22 +0000] "GET /?feed=rss2&p=90907 HTTP/1.1" 200 506 "-" "Amazon CloudFront"
64.252.68.102 - - [20/Mar/2026:02:44:31 +0000] "GET /?p=82054 HTTP/1.1" 200 17633 "-" "Amazon CloudFront"
64.252.74.218 - - [20/Mar/2026:02:44:37 +0000] "GET /?feed=rss2&p=90911 HTTP/1.1" 200 550 "-" "Amazon CloudFront"
64.252.68.102 - - [20/Mar/2026:02:44:47 +0000] "GET /?p=6803 HTTP/1.1" 200 43159 "-" "Amazon CloudFront"
64.252.68.139 - - [20/Mar/2026:02:45:11 +0000] "GET /?p=39519 HTTP/1.1" 200 21611 "-" "Amazon CloudFront"
64.252.66.156 - - [20/Mar/2026:02:45:13 +0000] "GET /?p=39525 HTTP/1.1" 200 15147 "-" "Amazon CloudFront"
15.158.215.109 - - [20/Mar/2026:02:45:22 +0000] "POST /wp-cron.php?doing_wp_cron=1773974722.8049099445343017578125 HTTP/1.1" 200 - "https://69b4844ae61d4e92bf26ad98af552775-devsite.readyship.co/wp-cron.php?doing_wp_cron=1773974722.8049099445343017578125" "WordPress/5.1.19; https://69b4844ae61d4e92bf26ad98af552775-devsite.readyship.co"
64.252.68.203 - - [20/Mar/2026:02:45:22 +0000] "GET /?p=10959 HTTP/1.1" 200 16285 "-" "Amazon CloudFront"
64.252.66.156 - - [20/Mar/2026:02:45:41 +0000] "GET /?p=6206 HTTP/1.1" 200 24476 "-" "Amazon CloudFront"
64.252.74.218 - - [20/Mar/2026:02:46:00 +0000] "GET /?feed=rss2&p=90895 HTTP/1.1" 200 490 "-" "Amazon CloudFront"
64.252.68.102 - - [20/Mar/2026:02:46:21 +0000] "GET /?p=89570 HTTP/1.1" 200 17413 "-" "Amazon CloudFront"
15.158.215.109 - - [20/Mar/2026:02:46:23 +0000] "POST /wp-cron.php?doing_wp_cron=1773974783.8087339401245117187500 HTTP/1.1" 200 - "https://69b4844ae61d4e92bf26ad98af552775-devsite.readyship.co/wp-cron.php?doing_wp_cron=1773974783.8087339401245117187500" "WordPress/5.1.19; https://69b4844ae61d4e92bf26ad98af552775-devsite.readyship.co"
64.252.74.218 - - [20/Mar/2026:02:46:23 +0000] "GET /?feed=rss2&p=90897 HTTP/1.1" 200 561 "-" "Amazon CloudFront"
64.252.66.156 - - [20/Mar/2026:02:46:23 +0000] "GET /?p=69500 HTTP/1.1" 200 21974 "-" "Amazon CloudFront"
64.252.68.139 - - [20/Mar/2026:02:46:26 +0000] "GET /?cat=103&paged=37 HTTP/1.1" 200 11071 "-" "Amazon CloudFront"
64.252.68.102 - - [20/Mar/2026:02:46:28 +0000] "GET /?p=10637 HTTP/1.1" 200 15364 "-" "Amazon CloudFront"
18.68.19.181 - - [20/Mar/2026:02:46:33 +0000] "POST /xmlrpc.php HTTP/1.1" 200 403 "-" "Mozilla/5.0 (Windows NT 10.0; Win64; x64) AppleWebKit/537.36 (KHTML, like Gecko) Chrome/114.0.0.0 Safari/537.36"
18.68.19.181 - - [20/Mar/2026:02:46:34 +0000] "POST /xmlrpc.php HTTP/1.1" 200 403 "-" "Mozilla/5.0 (Windows NT 10.0; Win64; x64) AppleWebKit/537.36 (KHTML, like Gecko) Chrome/114.0.0.0 Safari/537.36"
64.252.68.102 - - [20/Mar/2026:02:46:54 +0000] "GET /?cat=103&paged=46 HTTP/1.1" 200 10937 "-" "Amazon CloudFront"
64.252.76.215 - - [20/Mar/2026:02:47:03 +0000] "GET /?feed=rss2&p=90905 HTTP/1.1" 200 519 "-" "Amazon CloudFront"
64.252.68.203 - - [20/Mar/2026:02:47:06 +0000] "GET /?author=1&paged=4534 HTTP/1.1" 200 11195 "-" "Amazon CloudFront"
64.252.66.156 - - [20/Mar/2026:02:47:09 +0000] "GET /?p=29024 HTTP/1.1" 200 14775 "-" "Amazon CloudFront"
15.158.215.109 - - [20/Mar/2026:02:47:44 +0000] "POST /wp-cron.php?doing_wp_cron=1773974864.2764790058135986328125 HTTP/1.1" 200 - "https://69b4844ae61d4e92bf26ad98af552775-devsite.readyship.co/wp-cron.php?doing_wp_cron=1773974864.2764790058135986328125" "WordPress/5.1.19; https://69b4844ae61d4e92bf26ad98af552775-devsite.readyship.co"
64.252.68.203 - - [20/Mar/2026:02:47:43 +0000] "GET /?p=6736 HTTP/1.1" 200 17202 "-" "Amazon CloudFront"
64.252.66.156 - - [20/Mar/2026:02:47:51 +0000] "GET /?p=41004 HTTP/1.1" 200 21496 "-" "Amazon CloudFront"
64.252.74.218 - - [20/Mar/2026:02:47:55 +0000] "GET /?feed=rss2&p=90901 HTTP/1.1" 200 509 "-" "Amazon CloudFront"
64.252.66.156 - - [20/Mar/2026:02:48:10 +0000] "GET /?p=42716 HTTP/1.1" 200 15542 "-" "Amazon CloudFront"
64.252.68.203 - - [20/Mar/2026:02:48:13 +0000] "GET /?p=44277 HTTP/1.1" 200 21480 "-" "Amazon CloudFront"
64.252.76.215 - - [20/Mar/2026:02:48:18 +0000] "GET /?feed=rss2&p=90909 HTTP/1.1" 200 510 "-" "Amazon CloudFront"
15.158.215.109 - - [20/Mar/2026:02:48:35 +0000] "POST /wp-cron.php?doing_wp_cron=1773974915.8624079227447509765625 HTTP/1.1" 200 - "https://69b4844ae61d4e92bf26ad98af552775-devsite.readyship.co/wp-cron.php?doing_wp_cron=1773974915.8624079227447509765625" "WordPress/5.1.19; https://69b4844ae61d4e92bf26ad98af552775-devsite.readyship.co"
64.252.68.139 - - [20/Mar/2026:02:48:35 +0000] "GET /?p=12289 HTTP/1.1" 200 14951 "-" "Amazon CloudFront"
15.158.215.109 - - [20/Mar/2026:02:49:26 +0000] "POST /wp-cron.php?doing_wp_cron=1773974966.1168301105499267578125 HTTP/1.1" 200 - "https://69b4844ae61d4e92bf26ad98af552775-devsite.readyship.co/wp-cron.php?doing_wp_cron=1773974966.1168301105499267578125" "WordPress/5.1.19; https://69b4844ae61d4e92bf26ad98af552775-devsite.readyship.co"
64.252.68.139 - - [20/Mar/2026:02:49:25 +0000] "GET /?p=13471 HTTP/1.1" 200 14343 "-" "Amazon CloudFront"
64.252.68.102 - - [20/Mar/2026:02:49:32 +0000] "GET /?p=87622 HTTP/1.1" 200 17750 "-" "Amazon CloudFront"
64.252.74.61 - - [20/Mar/2026:02:49:46 +0000] "GET /?feed=rss2&p=90913 HTTP/1.1" 200 482 "-" "Amazon CloudFront"
64.252.74.61 - - [20/Mar/2026:02:49:46 +0000] "GET /?feed=rss2&p=90899 HTTP/1.1" 200 514 "-" "Amazon CloudFront"
64.252.68.102 - - [20/Mar/2026:02:50:12 +0000] "GET /?p=88202 HTTP/1.1" 200 16381 "-" "Amazon CloudFront"
64.252.68.203 - - [20/Mar/2026:02:50:15 +0000] "GET /?p=67844 HTTP/1.1" 200 14149 "-" "Amazon CloudFront"
64.252.68.102 - - [20/Mar/2026:02:50:17 +0000] "GET /?p=8246 HTTP/1.1" 200 15719 "-" "Amazon CloudFront"
15.158.215.109 - - [20/Mar/2026:02:50:25 +0000] "POST /wp-cron.php?doing_wp_cron=1773975025.1869969367980957031250 HTTP/1.1" 200 - "https://69b4844ae61d4e92bf26ad98af552775-devsite.readyship.co/wp-cron.php?doing_wp_cron=1773975025.1869969367980957031250" "WordPress/5.1.19; https://69b4844ae61d4e92bf26ad98af552775-devsite.readyship.co"
64.252.66.156 - - [20/Mar/2026:02:50:24 +0000] "GET /?p=68614 HTTP/1.1" 200 14705 "-" "Amazon CloudFront"
64.252.66.156 - - [20/Mar/2026:02:50:44 +0000] "GET /?author=1&paged=23 HTTP/1.1" 200 11305 "-" "Amazon CloudFront"
64.252.68.102 - - [20/Mar/2026:02:50:56 +0000] "GET /?p=87051 HTTP/1.1" 200 20923 "-" "Amazon CloudFront"
64.252.68.139 - - [20/Mar/2026:02:51:05 +0000] "GET /?p=13975 HTTP/1.1" 200 14364 "-" "Amazon CloudFront"
15.158.215.109 - - [20/Mar/2026:02:51:28 +0000] "POST /wp-cron.php?doing_wp_cron=1773975088.4661240577697753906250 HTTP/1.1" 200 - "https://69b4844ae61d4e92bf26ad98af552775-devsite.readyship.co/wp-cron.php?doing_wp_cron=1773975088.4661240577697753906250" "WordPress/5.1.19; https://69b4844ae61d4e92bf26ad98af552775-devsite.readyship.co"
64.252.66.156 - - [20/Mar/2026:02:51:28 +0000] "GET /?cat=1&paged=4345 HTTP/1.1" 200 11228 "-" "Amazon CloudFront"
64.252.68.102 - - [20/Mar/2026:02:52:01 +0000] "GET /?p=48590 HTTP/1.1" 200 21672 "-" "Amazon CloudFront"
64.252.66.156 - - [20/Mar/2026:02:52:04 +0000] "GET /?p=40922 HTTP/1.1" 200 22666 "-" "Amazon CloudFront"
64.252.74.218 - - [20/Mar/2026:02:52:09 +0000] "GET /?p=90869 HTTP/1.1" 200 23899 "-" "Amazon CloudFront"
15.158.215.109 - - [20/Mar/2026:02:52:38 +0000] "POST /wp-cron.php?doing_wp_cron=1773975158.6150360107421875000000 HTTP/1.1" 200 - "https://69b4844ae61d4e92bf26ad98af552775-devsite.readyship.co/wp-cron.php?doing_wp_cron=1773975158.6150360107421875000000" "WordPress/5.1.19; https://69b4844ae61d4e92bf26ad98af552775-devsite.readyship.co"
64.252.74.61 - - [20/Mar/2026:02:52:38 +0000] "GET /?p=90867 HTTP/1.1" 200 17799 "-" "Amazon CloudFront"
64.252.68.102 - - [20/Mar/2026:02:52:43 +0000] "GET /?p=25573 HTTP/1.1" 200 16018 "-" "Amazon CloudFront"
64.252.76.215 - - [20/Mar/2026:02:52:47 +0000] "GET /?feed=rss2&p=90893 HTTP/1.1" 200 537 "-" "Amazon CloudFront"
64.252.66.156 - - [20/Mar/2026:02:53:07 +0000] "GET /?p=10991 HTTP/1.1" 200 16311 "-" "Amazon CloudFront"
15.158.215.109 - - [20/Mar/2026:02:53:22 +0000] "POST /wp-cron.php?doing_wp_cron=1773975202.8356750011444091796875 HTTP/1.1" 200 - "https://69b4844ae61d4e92bf26ad98af552775-devsite.readyship.co/wp-cron.php?doing_wp_cron=1773975202.8356750011444091796875" "WordPress/5.1.19; https://69b4844ae61d4e92bf26ad98af552775-devsite.readyship.co"
64.252.76.215 - - [20/Mar/2026:02:53:23 +0000] "GET /?p=90865 HTTP/1.1" 200 17533 "-" "Amazon CloudFront"
64.252.76.215 - - [20/Mar/2026:02:53:22 +0000] "GET /?p=90857 HTTP/1.1" 200 17583 "-" "Amazon CloudFront"
64.252.68.203 - - [20/Mar/2026:02:53:40 +0000] "GET /?p=6999 HTTP/1.1" 200 19222 "-" "Amazon CloudFront"
64.252.74.218 - - [20/Mar/2026:02:53:49 +0000] "GET /?p=90859 HTTP/1.1" 200 23737 "-" "Amazon CloudFront"
64.252.68.139 - - [20/Mar/2026:02:53:55 +0000] "GET /?p=13473 HTTP/1.1" 200 14414 "-" "Amazon CloudFront"
64.252.68.203 - - [20/Mar/2026:02:54:04 +0000] "GET /?p=9709 HTTP/1.1" 200 14418 "-" "Amazon CloudFront"
64.252.74.61 - - [20/Mar/2026:02:54:04 +0000] "GET /?cat=1&paged=299 HTTP/1.1" 200 11146 "-" "Amazon CloudFront"
64.252.76.215 - - [20/Mar/2026:02:54:04 +0000] "GET /?p=90861 HTTP/1.1" 200 17169 "-" "Amazon CloudFront"
64.252.74.218 - - [20/Mar/2026:02:54:15 +0000] "GET /?p=90871 HTTP/1.1" 200 16972 "-" "Amazon CloudFront"
15.158.215.109 - - [20/Mar/2026:02:54:24 +0000] "POST /wp-cron.php?doing_wp_cron=1773975264.5630850791931152343750 HTTP/1.1" 200 - "https://69b4844ae61d4e92bf26ad98af552775-devsite.readyship.co/wp-cron.php?doing_wp_cron=1773975264.5630850791931152343750" "WordPress/5.1.19; https://69b4844ae61d4e92bf26ad98af552775-devsite.readyship.co"
64.252.68.102 - - [20/Mar/2026:02:54:24 +0000] "GET /?p=8566 HTTP/1.1" 200 21965 "-" "Amazon CloudFront"
64.252.76.215 - - [20/Mar/2026:02:54:45 +0000] "GET /?p=90863 HTTP/1.1" 200 18136 "-" "Amazon CloudFront"
64.252.68.139 - - [20/Mar/2026:02:54:56 +0000] "GET /?p=6014 HTTP/1.1" 200 22655 "-" "Amazon CloudFront"
64.252.68.203 - - [20/Mar/2026:02:54:58 +0000] "GET /?p=28304 HTTP/1.1" 200 17120 "-" "Amazon CloudFront"
64.252.68.102 - - [20/Mar/2026:02:55:04 +0000] "GET /?p=29588 HTTP/1.1" 200 16516 "-" "Amazon CloudFront"
64.252.68.203 - - [20/Mar/2026:02:55:07 +0000] "GET /?p=8997 HTTP/1.1" 200 20913 "-" "Amazon CloudFront"
15.158.215.109 - - [20/Mar/2026:02:55:26 +0000] "POST /wp-cron.php?doing_wp_cron=1773975326.2626581192016601562500 HTTP/1.1" 200 - "https://69b4844ae61d4e92bf26ad98af552775-devsite.readyship.co/wp-cron.php?doing_wp_cron=1773975326.2626581192016601562500" "WordPress/5.1.19; https://69b4844ae61d4e92bf26ad98af552775-devsite.readyship.co"
64.252.76.215 - - [20/Mar/2026:02:55:25 +0000] "GET /?p=90873 HTTP/1.1" 200 17052 "-" "Amazon CloudFront"
64.252.76.215 - - [20/Mar/2026:02:55:31 +0000] "GET /?p=90853 HTTP/1.1" 200 16292 "-" "Amazon CloudFront"
64.252.68.203 - - [20/Mar/2026:02:55:47 +0000] "GET /?p=74415 HTTP/1.1" 200 21549 "-" "Amazon CloudFront"
64.252.68.102 - - [20/Mar/2026:02:55:50 +0000] "GET /?p=81038 HTTP/1.1" 200 17191 "-" "Amazon CloudFront"
64.252.68.139 - - [20/Mar/2026:02:55:58 +0000] "GET /?p=27223 HTTP/1.1" 200 17224 "-" "Amazon CloudFront"
64.252.68.203 - - [20/Mar/2026:02:56:17 +0000] "GET /?p=6771 HTTP/1.1" 200 32138 "-" "Amazon CloudFront"
15.158.215.109 - - [20/Mar/2026:02:56:48 +0000] "POST /wp-cron.php?doing_wp_cron=1773975407.9970719814300537109375 HTTP/1.1" 200 - "https://69b4844ae61d4e92bf26ad98af552775-devsite.readyship.co/wp-cron.php?doing_wp_cron=1773975407.9970719814300537109375" "WordPress/5.1.19; https://69b4844ae61d4e92bf26ad98af552775-devsite.readyship.co"
64.252.68.139 - - [20/Mar/2026:02:56:47 +0000] "GET /?p=45886 HTTP/1.1" 200 16175 "-" "Amazon CloudFront"
64.252.68.139 - - [20/Mar/2026:02:57:04 +0000] "GET /?p=6184 HTTP/1.1" 200 30440 "-" "Amazon CloudFront"
15.158.215.109 - - [20/Mar/2026:02:57:35 +0000] "POST /wp-cron.php?doing_wp_cron=1773975454.9321339130401611328125 HTTP/1.1" 200 - "https://69b4844ae61d4e92bf26ad98af552775-devsite.readyship.co/wp-cron.php?doing_wp_cron=1773975454.9321339130401611328125" "WordPress/5.1.19; https://69b4844ae61d4e92bf26ad98af552775-devsite.readyship.co"
64.252.74.61 - - [20/Mar/2026:02:57:35 +0000] "GET /?p=90835 HTTP/1.1" 200 23284 "-" "Amazon CloudFront"
64.252.74.218 - - [20/Mar/2026:02:57:34 +0000] "GET /?p=90845 HTTP/1.1" 200 17472 "-" "Amazon CloudFront"
64.252.68.139 - - [20/Mar/2026:02:57:38 +0000] "GET /?p=8390 HTTP/1.1" 200 25915 "-" "Amazon CloudFront"
64.252.68.203 - - [20/Mar/2026:02:57:55 +0000] "GET /?cat=128 HTTP/1.1" 200 9977 "-" "Amazon CloudFront"
64.252.68.203 - - [20/Mar/2026:02:58:07 +0000] "GET /?p=8673 HTTP/1.1" 200 16456 "-" "Amazon CloudFront"
15.158.215.109 - - [20/Mar/2026:02:58:22 +0000] "POST /wp-cron.php?doing_wp_cron=1773975502.8376688957214355468750 HTTP/1.1" 200 - "https://69b4844ae61d4e92bf26ad98af552775-devsite.readyship.co/wp-cron.php?doing_wp_cron=1773975502.8376688957214355468750" "WordPress/5.1.19; https://69b4844ae61d4e92bf26ad98af552775-devsite.readyship.co"
64.252.68.102 - - [20/Mar/2026:02:58:22 +0000] "GET /?p=9149 HTTP/1.1" 200 18857 "-" "Amazon CloudFront"
64.252.66.156 - - [20/Mar/2026:02:58:26 +0000] "GET /?p=9255 HTTP/1.1" 200 17323 "-" "Amazon CloudFront"
18.68.8.18 - - [20/Mar/2026:02:58:31 +0000] "POST /xmlrpc.php HTTP/1.1" 200 403 "-" "Mozilla/5.0 (Windows NT 10.0; Win64; x64) AppleWebKit/537.36 (KHTML, like Gecko) Chrome/114.0.0.0 Safari/537.36"
18.68.8.18 - - [20/Mar/2026:02:58:33 +0000] "POST /xmlrpc.php HTTP/1.1" 200 403 "-" "Mozilla/5.0 (Windows NT 10.0; Win64; x64) AppleWebKit/537.36 (KHTML, like Gecko) Chrome/114.0.0.0 Safari/537.36"
64.252.74.61 - - [20/Mar/2026:02:58:50 +0000] "GET /?p=90847 HTTP/1.1" 200 17811 "-" "Amazon CloudFront"
64.252.68.203 - - [20/Mar/2026:02:58:59 +0000] "GET /?p=91845 HTTP/1.1" 200 22439 "-" "Amazon CloudFront"
64.252.68.102 - - [20/Mar/2026:02:59:12 +0000] "GET /?p=42648 HTTP/1.1" 200 14962 "-" "Amazon CloudFront"
15.158.215.109 - - [20/Mar/2026:02:59:27 +0000] "POST /wp-cron.php?doing_wp_cron=1773975567.1835079193115234375000 HTTP/1.1" 200 - "https://69b4844ae61d4e92bf26ad98af552775-devsite.readyship.co/wp-cron.php?doing_wp_cron=1773975567.1835079193115234375000" "WordPress/5.1.19; https://69b4844ae61d4e92bf26ad98af552775-devsite.readyship.co"
64.252.68.203 - - [20/Mar/2026:02:59:26 +0000] "GET /?p=13072 HTTP/1.1" 200 14017 "-" "Amazon CloudFront"
64.252.76.215 - - [20/Mar/2026:02:59:36 +0000] "GET /?p=90839 HTTP/1.1" 200 17573 "-" "Amazon CloudFront"
64.252.74.218 - - [20/Mar/2026:02:59:36 +0000] "GET /?p=90837 HTTP/1.1" 200 22990 "-" "Amazon CloudFront"
64.252.66.156 - - [20/Mar/2026:02:59:58 +0000] "GET /?p=10231 HTTP/1.1" 200 14764 "-" "Amazon CloudFront"
64.252.74.218 - - [20/Mar/2026:03:00:08 +0000] "GET /?p=90841 HTTP/1.1" 200 23921 "-" "Amazon CloudFront"
64.252.66.156 - - [20/Mar/2026:03:00:11 +0000] "GET /?p=52588 HTTP/1.1" 200 16201 "-" "Amazon CloudFront"
15.158.215.109 - - [20/Mar/2026:03:00:24 +0000] "POST /wp-cron.php?doing_wp_cron=1773975624.3729081153869628906250 HTTP/1.1" 200 - "https://69b4844ae61d4e92bf26ad98af552775-devsite.readyship.co/wp-cron.php?doing_wp_cron=1773975624.3729081153869628906250" "WordPress/5.1.19; https://69b4844ae61d4e92bf26ad98af552775-devsite.readyship.co"
64.252.74.218 - - [20/Mar/2026:03:00:24 +0000] "GET /?p=90831 HTTP/1.1" 200 18042 "-" "Amazon CloudFront"
64.252.68.139 - - [20/Mar/2026:03:00:25 +0000] "GET /?p=43012 HTTP/1.1" 200 17918 "-" "Amazon CloudFront"
64.252.68.102 - - [20/Mar/2026:03:00:30 +0000] "GET /?p=13981 HTTP/1.1" 200 14696 "-" "Amazon CloudFront"
64.252.68.102 - - [20/Mar/2026:03:00:34 +0000] "GET /?p=6463 HTTP/1.1" 200 20816 "-" "Amazon CloudFront"
64.252.68.102 - - [20/Mar/2026:03:00:43 +0000] "GET /?p=67794 HTTP/1.1" 200 14529 "-" "Amazon CloudFront"
64.252.68.102 - - [20/Mar/2026:03:00:47 +0000] "GET /?p=12285 HTTP/1.1" 200 15126 "-" "Amazon CloudFront"
64.252.74.218 - - [20/Mar/2026:03:01:15 +0000] "GET /?p=90851 HTTP/1.1" 200 25095 "-" "Amazon CloudFront"
15.158.215.109 - - [20/Mar/2026:03:01:24 +0000] "POST /wp-cron.php?doing_wp_cron=1773975684.3439860343933105468750 HTTP/1.1" 200 - "https://69b4844ae61d4e92bf26ad98af552775-devsite.readyship.co/wp-cron.php?doing_wp_cron=1773975684.3439860343933105468750" "WordPress/5.1.19; https://69b4844ae61d4e92bf26ad98af552775-devsite.readyship.co"
64.252.66.156 - - [20/Mar/2026:03:01:24 +0000] "GET /?p=51784 HTTP/1.1" 200 16578 "-" "Amazon CloudFront"
64.252.74.218 - - [20/Mar/2026:03:01:26 +0000] "GET /?feed=rss2&p=90887 HTTP/1.1" 200 497 "-" "Amazon CloudFront"
64.252.74.218 - - [20/Mar/2026:03:01:27 +0000] "GET /?feed=rss2&p=90883 HTTP/1.1" 200 528 "-" "Amazon CloudFront"
64.252.74.61 - - [20/Mar/2026:03:01:27 +0000] "GET /?feed=rss2&p=90885 HTTP/1.1" 200 517 "-" "Amazon CloudFront"
64.252.76.215 - - [20/Mar/2026:03:01:28 +0000] "GET /?feed=rss2&p=90889 HTTP/1.1" 200 494 "-" "Amazon CloudFront"
64.252.66.156 - - [20/Mar/2026:03:01:40 +0000] "GET /?p=44295 HTTP/1.1" 200 22218 "-" "Amazon CloudFront"
15.158.215.109 - - [20/Mar/2026:03:02:25 +0000] "POST /wp-cron.php?doing_wp_cron=1773975745.0623950958251953125000 HTTP/1.1" 200 - "https://69b4844ae61d4e92bf26ad98af552775-devsite.readyship.co/wp-cron.php?doing_wp_cron=1773975745.0623950958251953125000" "WordPress/5.1.19; https://69b4844ae61d4e92bf26ad98af552775-devsite.readyship.co"
64.252.68.139 - - [20/Mar/2026:03:02:24 +0000] "GET /?p=25070 HTTP/1.1" 200 14264 "-" "Amazon CloudFront"
64.252.68.203 - - [20/Mar/2026:03:02:28 +0000] "GET /?p=27307 HTTP/1.1" 200 14293 "-" "Amazon CloudFront"
64.252.76.215 - - [20/Mar/2026:03:02:38 +0000] "GET /?feed=rss2&p=17073 HTTP/1.1" 200 520 "-" "Amazon CloudFront"
64.252.76.215 - - [20/Mar/2026:03:02:38 +0000] "GET /?feed=rss2&p=90879 HTTP/1.1" 200 506 "-" "Amazon CloudFront"
64.252.74.218 - - [20/Mar/2026:03:02:41 +0000] "GET /?feed=rss2&p=17059 HTTP/1.1" 200 511 "-" "Amazon CloudFront"
64.252.74.218 - - [20/Mar/2026:03:02:42 +0000] "GET /?feed=rss2&p=17075 HTTP/1.1" 200 538 "-" "Amazon CloudFront"
64.252.66.156 - - [20/Mar/2026:03:02:45 +0000] "GET /?p=8696 HTTP/1.1" 200 20815 "-" "Amazon CloudFront"
64.252.66.156 - - [20/Mar/2026:03:02:50 +0000] "GET /?p=62546 HTTP/1.1" 200 14295 "-" "Amazon CloudFront"
64.252.68.139 - - [20/Mar/2026:03:02:52 +0000] "GET /?p=87203 HTTP/1.1" 200 13832 "-" "Amazon CloudFront"
64.252.74.61 - - [20/Mar/2026:03:02:58 +0000] "GET /?feed=rss2&p=90877 HTTP/1.1" 200 528 "-" "Amazon CloudFront"
64.252.74.218 - - [20/Mar/2026:03:02:58 +0000] "GET /?feed=rss2&p=17063 HTTP/1.1" 200 515 "-" "Amazon CloudFront"
64.252.68.102 - - [20/Mar/2026:03:03:15 +0000] "GET /?p=5875 HTTP/1.1" 200 23686 "-" "Amazon CloudFront"
15.158.215.109 - - [20/Mar/2026:03:03:40 +0000] "POST /wp-cron.php?doing_wp_cron=1773975820.4190809726715087890625 HTTP/1.1" 200 - "https://69b4844ae61d4e92bf26ad98af552775-devsite.readyship.co/wp-cron.php?doing_wp_cron=1773975820.4190809726715087890625" "WordPress/5.1.19; https://69b4844ae61d4e92bf26ad98af552775-devsite.readyship.co"
64.252.76.215 - - [20/Mar/2026:03:03:40 +0000] "GET /?p=17091 HTTP/1.1" 200 14478 "-" "Amazon CloudFront"
64.252.68.139 - - [20/Mar/2026:03:03:49 +0000] "GET /?p=43756 HTTP/1.1" 200 21500 "-" "Amazon CloudFront"
64.252.74.218 - - [20/Mar/2026:03:03:59 +0000] "GET /?feed=rss2&p=17071 HTTP/1.1" 200 506 "-" "Amazon CloudFront"
15.158.215.109 - - [20/Mar/2026:03:04:24 +0000] "POST /wp-cron.php?doing_wp_cron=1773975864.1468279361724853515625 HTTP/1.1" 200 - "https://69b4844ae61d4e92bf26ad98af552775-devsite.readyship.co/wp-cron.php?doing_wp_cron=1773975864.1468279361724853515625" "WordPress/5.1.19; https://69b4844ae61d4e92bf26ad98af552775-devsite.readyship.co"
64.252.68.203 - - [20/Mar/2026:03:04:23 +0000] "GET /?p=13353 HTTP/1.1" 200 14499 "-" "Amazon CloudFront"
64.252.68.139 - - [20/Mar/2026:03:04:27 +0000] "GET /?p=43344 HTTP/1.1" 200 14409 "-" "Amazon CloudFront"
64.252.68.102 - - [20/Mar/2026:03:04:31 +0000] "GET /?p=6524 HTTP/1.1" 200 22282 "-" "Amazon CloudFront"
64.252.66.156 - - [20/Mar/2026:03:04:33 +0000] "GET /?p=80993 HTTP/1.1" 200 14242 "-" "Amazon CloudFront"
64.252.68.139 - - [20/Mar/2026:03:04:50 +0000] "GET /?p=94025 HTTP/1.1" 200 14523 "-" "Amazon CloudFront"
64.252.74.218 - - [20/Mar/2026:03:04:51 +0000] "GET /?feed=rss2&p=17089 HTTP/1.1" 200 533 "-" "Amazon CloudFront"
64.252.76.215 - - [20/Mar/2026:03:04:52 +0000] "GET /?feed=rss2&p=90881 HTTP/1.1" 200 489 "-" "Amazon CloudFront"
64.252.68.102 - - [20/Mar/2026:03:05:02 +0000] "GET /?p=62667 HTTP/1.1" 200 14356 "-" "Amazon CloudFront"
64.252.76.215 - - [20/Mar/2026:03:05:02 +0000] "GET /?feed=rss2&p=17051 HTTP/1.1" 200 512 "-" "Amazon CloudFront"
15.158.215.109 - - [20/Mar/2026:03:05:28 +0000] "POST /wp-cron.php?doing_wp_cron=1773975928.0503499507904052734375 HTTP/1.1" 200 - "https://69b4844ae61d4e92bf26ad98af552775-devsite.readyship.co/wp-cron.php?doing_wp_cron=1773975928.0503499507904052734375" "WordPress/5.1.19; https://69b4844ae61d4e92bf26ad98af552775-devsite.readyship.co"
64.252.74.61 - - [20/Mar/2026:03:05:27 +0000] "GET /?cat=1&paged=300 HTTP/1.1" 200 11236 "-" "Amazon CloudFront"
64.252.74.218 - - [20/Mar/2026:03:05:27 +0000] "GET /?page_id=2807&paged=4269 HTTP/1.1" 200 11233 "-" "Amazon CloudFront"
64.252.74.218 - - [20/Mar/2026:03:05:57 +0000] "GET /?p=90843 HTTP/1.1" 200 21471 "-" "Amazon CloudFront"
64.252.74.218 - - [20/Mar/2026:03:05:57 +0000] "GET /?p=90849 HTTP/1.1" 200 16339 "-" "Amazon CloudFront"
64.252.66.156 - - [20/Mar/2026:03:06:02 +0000] "GET /?p=96421 HTTP/1.1" 200 14957 "-" "Amazon CloudFront"
64.252.74.218 - - [20/Mar/2026:03:06:04 +0000] "GET /?feed=rss2&p=90891 HTTP/1.1" 200 497 "-" "Amazon CloudFront"
64.252.68.102 - - [20/Mar/2026:03:06:14 +0000] "GET /?p=43908 HTTP/1.1" 200 17428 "-" "Amazon CloudFront"
64.252.68.203 - - [20/Mar/2026:03:06:17 +0000] "GET /?p=6824 HTTP/1.1" 200 26350 "-" "Amazon CloudFront"
64.252.74.61 - - [20/Mar/2026:03:06:35 +0000] "GET /?feed=rss2&p=90875 HTTP/1.1" 200 504 "-" "Amazon CloudFront"
15.158.215.109 - - [20/Mar/2026:03:06:35 +0000] "POST /wp-cron.php?doing_wp_cron=1773975995.3498089313507080078125 HTTP/1.1" 200 - "https://69b4844ae61d4e92bf26ad98af552775-devsite.readyship.co/wp-cron.php?doing_wp_cron=1773975995.3498089313507080078125" "WordPress/5.1.19; https://69b4844ae61d4e92bf26ad98af552775-devsite.readyship.co"
64.252.68.102 - - [20/Mar/2026:03:06:35 +0000] "GET /?p=57583 HTTP/1.1" 200 14176 "-" "Amazon CloudFront"
64.252.74.218 - - [20/Mar/2026:03:06:35 +0000] "GET /?feed=rss2&p=17077 HTTP/1.1" 200 539 "-" "Amazon CloudFront"
64.252.66.156 - - [20/Mar/2026:03:06:44 +0000] "GET /?p=41226 HTTP/1.1" 200 16610 "-" "Amazon CloudFront"
64.252.68.102 - - [20/Mar/2026:03:07:06 +0000] "GET /?p=88302 HTTP/1.1" 200 15618 "-" "Amazon CloudFront"
64.252.68.139 - - [20/Mar/2026:03:07:11 +0000] "GET /?p=25366 HTTP/1.1" 200 14587 "-" "Amazon CloudFront"
64.252.68.102 - - [20/Mar/2026:03:07:15 +0000] "GET /?p=10567 HTTP/1.1" 200 13190 "-" "Amazon CloudFront"
64.252.74.218 - - [20/Mar/2026:03:07:15 +0000] "GET /?feed=rss2&p=17085 HTTP/1.1" 200 520 "-" "Amazon CloudFront"
15.158.215.109 - - [20/Mar/2026:03:07:24 +0000] "POST /wp-cron.php?doing_wp_cron=1773976044.8633821010589599609375 HTTP/1.1" 200 - "https://69b4844ae61d4e92bf26ad98af552775-devsite.readyship.co/wp-cron.php?doing_wp_cron=1773976044.8633821010589599609375" "WordPress/5.1.19; https://69b4844ae61d4e92bf26ad98af552775-devsite.readyship.co"
64.252.66.156 - - [20/Mar/2026:03:07:24 +0000] "GET /?p=91910 HTTP/1.1" 200 14600 "-" "Amazon CloudFront"
64.252.74.61 - - [20/Mar/2026:03:07:30 +0000] "GET /?feed=rss2&p=17087 HTTP/1.1" 200 528 "-" "Amazon CloudFront"
64.252.66.156 - - [20/Mar/2026:03:07:36 +0000] "GET /?p=33612 HTTP/1.1" 200 14193 "-" "Amazon CloudFront"
64.252.68.139 - - [20/Mar/2026:03:07:48 +0000] "GET /?p=81154 HTTP/1.1" 200 16077 "-" "Amazon CloudFront"
64.252.68.102 - - [20/Mar/2026:03:08:17 +0000] "GET /?p=80988 HTTP/1.1" 200 14733 "-" "Amazon CloudFront"
64.252.66.156 - - [20/Mar/2026:03:08:21 +0000] "GET /?cat=104&paged=83 HTTP/1.1" 200 11119 "-" "Amazon CloudFront"
15.158.215.109 - - [20/Mar/2026:03:08:46 +0000] "POST /wp-cron.php?doing_wp_cron=1773976126.7892150878906250000000 HTTP/1.1" 200 - "https://69b4844ae61d4e92bf26ad98af552775-devsite.readyship.co/wp-cron.php?doing_wp_cron=1773976126.7892150878906250000000" "WordPress/5.1.19; https://69b4844ae61d4e92bf26ad98af552775-devsite.readyship.co"
64.252.68.139 - - [20/Mar/2026:03:08:46 +0000] "GET /?p=43870 HTTP/1.1" 200 23766 "-" "Amazon CloudFront"
64.252.66.156 - - [20/Mar/2026:03:08:51 +0000] "GET /?p=11367 HTTP/1.1" 200 15418 "-" "Amazon CloudFront"
64.252.66.156 - - [20/Mar/2026:03:08:53 +0000] "GET /?p=27275 HTTP/1.1" 200 21032 "-" "Amazon CloudFront"
64.252.68.102 - - [20/Mar/2026:03:08:56 +0000] "GET /?p=27427 HTTP/1.1" 200 14557 "-" "Amazon CloudFront"
64.252.68.139 - - [20/Mar/2026:03:09:18 +0000] "GET /?p=12897 HTTP/1.1" 200 14409 "-" "Amazon CloudFront"
15.158.215.109 - - [20/Mar/2026:03:10:10 +0000] "POST /wp-cron.php?doing_wp_cron=1773976210.0350239276885986328125 HTTP/1.1" 200 - "https://69b4844ae61d4e92bf26ad98af552775-devsite.readyship.co/wp-cron.php?doing_wp_cron=1773976210.0350239276885986328125" "WordPress/5.1.19; https://69b4844ae61d4e92bf26ad98af552775-devsite.readyship.co"
64.252.68.102 - - [20/Mar/2026:03:10:09 +0000] "GET /?p=10341 HTTP/1.1" 200 14707 "-" "Amazon CloudFront"
64.252.66.156 - - [20/Mar/2026:03:10:12 +0000] "GET /?p=96435 HTTP/1.1" 200 16691 "-" "Amazon CloudFront"
64.252.68.203 - - [20/Mar/2026:03:10:16 +0000] "GET /?p=5823 HTTP/1.1" 200 24732 "-" "Amazon CloudFront"
15.158.215.109 - - [20/Mar/2026:03:10:30 +0000] "POST /wp-cron.php?doing_wp_cron=1773976230.6941869258880615234375 HTTP/1.1" 200 - "https://69b4844ae61d4e92bf26ad98af552775-devsite.readyship.co/wp-cron.php?doing_wp_cron=1773976230.6941869258880615234375" "WordPress/5.1.19; https://69b4844ae61d4e92bf26ad98af552775-devsite.readyship.co"
64.252.68.203 - - [20/Mar/2026:03:10:30 +0000] "GET /?p=88068 HTTP/1.1" 200 16193 "-" "Amazon CloudFront"
64.252.68.102 - - [20/Mar/2026:03:10:37 +0000] "GET /?p=43920 HTTP/1.1" 200 15792 "-" "Amazon CloudFront"
64.252.68.203 - - [20/Mar/2026:03:10:45 +0000] "GET /?p=9876 HTTP/1.1" 200 22751 "-" "Amazon CloudFront"
15.158.215.109 - - [20/Mar/2026:03:11:09 +0000] "POST /wp-cron.php?doing_wp_cron=1773976268.9923939704895019531250 HTTP/1.1" 200 - "https://69b4844ae61d4e92bf26ad98af552775-devsite.readyship.co/wp-cron.php?doing_wp_cron=1773976268.9923939704895019531250" "WordPress/5.1.19; https://69b4844ae61d4e92bf26ad98af552775-devsite.readyship.co"
64.252.76.215 - - [20/Mar/2026:03:11:08 +0000] "GET /?feed=rss2&p=17081 HTTP/1.1" 200 541 "-" "Amazon CloudFront"
64.252.68.203 - - [20/Mar/2026:03:11:10 +0000] "GET /?p=10589 HTTP/1.1" 200 14746 "-" "Amazon CloudFront"
64.252.68.102 - - [20/Mar/2026:03:11:14 +0000] "GET /?p=8398 HTTP/1.1" 200 34781 "-" "Amazon CloudFront"
64.252.68.203 - - [20/Mar/2026:03:11:18 +0000] "GET /?p=11059 HTTP/1.1" 200 14939 "-" "Amazon CloudFront"
15.158.215.109 - - [20/Mar/2026:03:11:39 +0000] "POST /wp-cron.php?doing_wp_cron=1773976299.5184979438781738281250 HTTP/1.1" 200 - "https://69b4844ae61d4e92bf26ad98af552775-devsite.readyship.co/wp-cron.php?doing_wp_cron=1773976299.5184979438781738281250" "WordPress/5.1.19; https://69b4844ae61d4e92bf26ad98af552775-devsite.readyship.co"
64.252.68.203 - - [20/Mar/2026:03:11:39 +0000] "GET /?p=70628 HTTP/1.1" 200 14381 "-" "Amazon CloudFront"
15.158.215.109 - - [20/Mar/2026:03:12:31 +0000] "POST /wp-cron.php?doing_wp_cron=1773976350.9864768981933593750000 HTTP/1.1" 200 - "https://69b4844ae61d4e92bf26ad98af552775-devsite.readyship.co/wp-cron.php?doing_wp_cron=1773976350.9864768981933593750000" "WordPress/5.1.19; https://69b4844ae61d4e92bf26ad98af552775-devsite.readyship.co"
64.252.66.156 - - [20/Mar/2026:03:12:30 +0000] "GET /?p=41200 HTTP/1.1" 200 17786 "-" "Amazon CloudFront"
64.252.68.139 - - [20/Mar/2026:03:12:34 +0000] "GET /?p=52902 HTTP/1.1" 200 14155 "-" "Amazon CloudFront"
64.252.68.102 - - [20/Mar/2026:03:12:42 +0000] "GET /?p=91883 HTTP/1.1" 200 16337 "-" "Amazon CloudFront"
64.252.68.139 - - [20/Mar/2026:03:13:00 +0000] "GET /?p=88272 HTTP/1.1" 200 15694 "-" "Amazon CloudFront"
64.252.68.102 - - [20/Mar/2026:03:13:11 +0000] "GET /?p=9988 HTTP/1.1" 200 15754 "-" "Amazon CloudFront"
15.158.215.109 - - [20/Mar/2026:03:13:34 +0000] "POST /wp-cron.php?doing_wp_cron=1773976414.6679248809814453125000 HTTP/1.1" 200 - "https://69b4844ae61d4e92bf26ad98af552775-devsite.readyship.co/wp-cron.php?doing_wp_cron=1773976414.6679248809814453125000" "WordPress/5.1.19; https://69b4844ae61d4e92bf26ad98af552775-devsite.readyship.co"
64.252.68.203 - - [20/Mar/2026:03:13:34 +0000] "GET /?p=96479 HTTP/1.1" 200 16573 "-" "Amazon CloudFront"
64.252.68.102 - - [20/Mar/2026:03:13:38 +0000] "GET /?p=42998 HTTP/1.1" 200 21140 "-" "Amazon CloudFront"
64.252.68.203 - - [20/Mar/2026:03:14:05 +0000] "GET /?p=51774 HTTP/1.1" 200 14561 "-" "Amazon CloudFront"
64.252.66.156 - - [20/Mar/2026:03:14:15 +0000] "GET /?p=82590 HTTP/1.1" 200 14105 "-" "Amazon CloudFront"
64.252.66.156 - - [20/Mar/2026:03:14:20 +0000] "GET /?p=36266 HTTP/1.1" 200 15055 "-" "Amazon CloudFront"
15.158.215.109 - - [20/Mar/2026:03:14:37 +0000] "POST /wp-cron.php?doing_wp_cron=1773976477.3746309280395507812500 HTTP/1.1" 200 - "https://69b4844ae61d4e92bf26ad98af552775-devsite.readyship.co/wp-cron.php?doing_wp_cron=1773976477.3746309280395507812500" "WordPress/5.1.19; https://69b4844ae61d4e92bf26ad98af552775-devsite.readyship.co"
64.252.68.139 - - [20/Mar/2026:03:14:37 +0000] "GET /?p=43438 HTTP/1.1" 200 14444 "-" "Amazon CloudFront"
64.252.68.139 - - [20/Mar/2026:03:14:47 +0000] "GET /?p=10043 HTTP/1.1" 200 14615 "-" "Amazon CloudFront"
