15.158.215.109 - - [20/Mar/2026:17:55:16 +0000] "POST /wp-cron.php?doing_wp_cron=1774029316.3334629535675048828125 HTTP/1.1" 200 - "https://69b4844ae61d4e92bf26ad98af552775-devsite.readyship.co/wp-cron.php?doing_wp_cron=1774029316.3334629535675048828125" "WordPress/5.1.19; https://69b4844ae61d4e92bf26ad98af552775-devsite.readyship.co"
64.252.66.156 - - [20/Mar/2026:17:55:15 +0000] "GET /?cat=104&paged=92 HTTP/1.1" 200 10841 "-" "Amazon CloudFront"
15.158.215.109 - - [20/Mar/2026:17:55:50 +0000] "POST /wp-cron.php?doing_wp_cron=1774029350.6823029518127441406250 HTTP/1.1" 200 - "https://69b4844ae61d4e92bf26ad98af552775-devsite.readyship.co/wp-cron.php?doing_wp_cron=1774029350.6823029518127441406250" "WordPress/5.1.19; https://69b4844ae61d4e92bf26ad98af552775-devsite.readyship.co"
64.252.77.92 - - [20/Mar/2026:17:55:50 +0000] "GET /?p=26763 HTTP/1.1" 200 17065 "-" "Amazon CloudFront"
64.252.68.102 - - [20/Mar/2026:17:55:51 +0000] "GET /?p=36250 HTTP/1.1" 200 16925 "-" "Amazon CloudFront"
15.158.215.109 - - [20/Mar/2026:17:56:48 +0000] "POST /wp-cron.php?doing_wp_cron=1774029407.9861760139465332031250 HTTP/1.1" 200 - "https://69b4844ae61d4e92bf26ad98af552775-devsite.readyship.co/wp-cron.php?doing_wp_cron=1774029407.9861760139465332031250" "WordPress/5.1.19; https://69b4844ae61d4e92bf26ad98af552775-devsite.readyship.co"
64.252.76.63 - - [20/Mar/2026:17:56:47 +0000] "GET /?p=80039 HTTP/1.1" 200 22790 "-" "Amazon CloudFront"
64.252.66.156 - - [20/Mar/2026:17:56:53 +0000] "GET /?page_id=2807&paged=4511 HTTP/1.1" 200 11212 "-" "Amazon CloudFront"
15.158.215.109 - - [20/Mar/2026:17:58:09 +0000] "POST /wp-cron.php?doing_wp_cron=1774029489.1691789627075195312500 HTTP/1.1" 200 - "https://69b4844ae61d4e92bf26ad98af552775-devsite.readyship.co/wp-cron.php?doing_wp_cron=1774029489.1691789627075195312500" "WordPress/5.1.19; https://69b4844ae61d4e92bf26ad98af552775-devsite.readyship.co"
64.252.76.215 - - [20/Mar/2026:17:58:08 +0000] "GET /?feed=rss2&p=80037 HTTP/1.1" 200 534 "-" "Amazon CloudFront"
15.158.215.109 - - [20/Mar/2026:17:59:57 +0000] "POST /wp-cron.php?doing_wp_cron=1774029597.4207839965820312500000 HTTP/1.1" 200 - "https://69b4844ae61d4e92bf26ad98af552775-devsite.readyship.co/wp-cron.php?doing_wp_cron=1774029597.4207839965820312500000" "WordPress/5.1.19; https://69b4844ae61d4e92bf26ad98af552775-devsite.readyship.co"
64.252.68.139 - - [20/Mar/2026:17:59:57 +0000] "GET /?cat=1&paged=4111 HTTP/1.1" 200 11239 "-" "Amazon CloudFront"
15.158.215.109 - - [20/Mar/2026:18:02:33 +0000] "POST /wp-cron.php?doing_wp_cron=1774029753.3990240097045898437500 HTTP/1.1" 200 - "https://69b4844ae61d4e92bf26ad98af552775-devsite.readyship.co/wp-cron.php?doing_wp_cron=1774029753.3990240097045898437500" "WordPress/5.1.19; https://69b4844ae61d4e92bf26ad98af552775-devsite.readyship.co"
64.252.68.139 - - [20/Mar/2026:18:02:33 +0000] "GET /?p=74403 HTTP/1.1" 200 17520 "-" "Amazon CloudFront"
15.158.215.109 - - [20/Mar/2026:18:07:01 +0000] "POST /wp-cron.php?doing_wp_cron=1774030021.2906470298767089843750 HTTP/1.1" 200 - "https://69b4844ae61d4e92bf26ad98af552775-devsite.readyship.co/wp-cron.php?doing_wp_cron=1774030021.2906470298767089843750" "WordPress/5.1.19; https://69b4844ae61d4e92bf26ad98af552775-devsite.readyship.co"
64.252.66.156 - - [20/Mar/2026:18:07:00 +0000] "GET /?p=41644 HTTP/1.1" 200 18044 "-" "Amazon CloudFront"
15.158.215.109 - - [20/Mar/2026:18:07:25 +0000] "POST /wp-cron.php?doing_wp_cron=1774030045.4095530509948730468750 HTTP/1.1" 200 - "https://69b4844ae61d4e92bf26ad98af552775-devsite.readyship.co/wp-cron.php?doing_wp_cron=1774030045.4095530509948730468750" "WordPress/5.1.19; https://69b4844ae61d4e92bf26ad98af552775-devsite.readyship.co"
15.158.215.109 - - [20/Mar/2026:18:07:25 +0000] "GET /wp-login.php HTTP/1.1" 200 3278 "-" "Hello from Palo Alto Networks, find out more about our scans in https://docs-cortex.paloaltonetworks.com/r/1/Cortex-Xpanse/Scanning-activity"
64.252.68.203 - - [20/Mar/2026:18:07:34 +0000] "GET /?p=67890 HTTP/1.1" 200 22203 "-" "Amazon CloudFront"
15.158.215.109 - - [20/Mar/2026:18:10:19 +0000] "POST /wp-cron.php?doing_wp_cron=1774030219.4830570220947265625000 HTTP/1.1" 200 - "https://69b4844ae61d4e92bf26ad98af552775-devsite.readyship.co/wp-cron.php?doing_wp_cron=1774030219.4830570220947265625000" "WordPress/5.1.19; https://69b4844ae61d4e92bf26ad98af552775-devsite.readyship.co"
64.252.66.156 - - [20/Mar/2026:18:10:19 +0000] "GET /?p=27231 HTTP/1.1" 200 15829 "-" "Amazon CloudFront"
15.158.215.109 - - [20/Mar/2026:18:12:56 +0000] "POST /wp-cron.php?doing_wp_cron=1774030376.0294969081878662109375 HTTP/1.1" 200 - "https://69b4844ae61d4e92bf26ad98af552775-devsite.readyship.co/wp-cron.php?doing_wp_cron=1774030376.0294969081878662109375" "WordPress/5.1.19; https://69b4844ae61d4e92bf26ad98af552775-devsite.readyship.co"
15.158.199.108 - - [20/Mar/2026:18:12:55 +0000] "POST /xmlrpc.php HTTP/1.1" 200 403 "-" "Mozilla/5.0 (Windows NT 10.0; Win64; x64) AppleWebKit/537.36 (KHTML, like Gecko) Chrome/114.0.0.0 Safari/537.36"
15.158.199.108 - - [20/Mar/2026:18:12:57 +0000] "POST /xmlrpc.php HTTP/1.1" 200 403 "-" "Mozilla/5.0 (Windows NT 10.0; Win64; x64) AppleWebKit/537.36 (KHTML, like Gecko) Chrome/114.0.0.0 Safari/537.36"
64.252.68.139 - - [20/Mar/2026:18:13:20 +0000] "GET /?p=13887 HTTP/1.1" 200 14406 "-" "Amazon CloudFront"
15.158.215.109 - - [20/Mar/2026:18:13:25 +0000] "POST /wp-cron.php?doing_wp_cron=1774030405.4507288932800292968750 HTTP/1.1" 200 - "https://69b4844ae61d4e92bf26ad98af552775-devsite.readyship.co/wp-cron.php?doing_wp_cron=1774030405.4507288932800292968750" "WordPress/5.1.19; https://69b4844ae61d4e92bf26ad98af552775-devsite.readyship.co"
64.252.68.139 - - [20/Mar/2026:18:13:25 +0000] "GET /?p=9066 HTTP/1.1" 200 17237 "-" "Amazon CloudFront"
15.158.215.109 - - [20/Mar/2026:18:17:42 +0000] "POST /wp-cron.php?doing_wp_cron=1774030662.2588369846343994140625 HTTP/1.1" 200 - "https://69b4844ae61d4e92bf26ad98af552775-devsite.readyship.co/wp-cron.php?doing_wp_cron=1774030662.2588369846343994140625" "WordPress/5.1.19; https://69b4844ae61d4e92bf26ad98af552775-devsite.readyship.co"
64.252.68.203 - - [20/Mar/2026:18:17:41 +0000] "GET /?cat=102 HTTP/1.1" 200 9597 "-" "Amazon CloudFront"
64.252.68.203 - - [20/Mar/2026:18:17:44 +0000] "GET /?p=36138 HTTP/1.1" 200 15298 "-" "Amazon CloudFront"
15.158.215.109 - - [20/Mar/2026:18:18:23 +0000] "POST /wp-cron.php?doing_wp_cron=1774030703.2614789009094238281250 HTTP/1.1" 200 - "https://69b4844ae61d4e92bf26ad98af552775-devsite.readyship.co/wp-cron.php?doing_wp_cron=1774030703.2614789009094238281250" "WordPress/5.1.19; https://69b4844ae61d4e92bf26ad98af552775-devsite.readyship.co"
64.252.77.92 - - [20/Mar/2026:18:18:22 +0000] "GET /?feed=rss2&p=38756 HTTP/1.1" 200 532 "-" "Amazon CloudFront"
15.158.215.109 - - [20/Mar/2026:18:19:43 +0000] "POST /wp-cron.php?doing_wp_cron=1774030783.4921228885650634765625 HTTP/1.1" 200 - "https://69b4844ae61d4e92bf26ad98af552775-devsite.readyship.co/wp-cron.php?doing_wp_cron=1774030783.4921228885650634765625" "WordPress/5.1.19; https://69b4844ae61d4e92bf26ad98af552775-devsite.readyship.co"
64.252.68.203 - - [20/Mar/2026:18:19:43 +0000] "GET /?p=41392 HTTP/1.1" 200 17187 "-" "Amazon CloudFront"
15.158.215.109 - - [20/Mar/2026:18:20:57 +0000] "POST /wp-cron.php?doing_wp_cron=1774030857.0111260414123535156250 HTTP/1.1" 200 - "https://69b4844ae61d4e92bf26ad98af552775-devsite.readyship.co/wp-cron.php?doing_wp_cron=1774030857.0111260414123535156250" "WordPress/5.1.19; https://69b4844ae61d4e92bf26ad98af552775-devsite.readyship.co"
64.252.68.139 - - [20/Mar/2026:18:20:56 +0000] "GET /?p=57627 HTTP/1.1" 200 14348 "-" "Amazon CloudFront"
15.158.215.109 - - [20/Mar/2026:18:22:58 +0000] "POST /wp-cron.php?doing_wp_cron=1774030978.6280229091644287109375 HTTP/1.1" 200 - "https://69b4844ae61d4e92bf26ad98af552775-devsite.readyship.co/wp-cron.php?doing_wp_cron=1774030978.6280229091644287109375" "WordPress/5.1.19; https://69b4844ae61d4e92bf26ad98af552775-devsite.readyship.co"
64.252.76.63 - - [20/Mar/2026:18:22:58 +0000] "GET /?feed=rss2&p=90538 HTTP/1.1" 200 510 "-" "Amazon CloudFront"
15.158.215.109 - - [20/Mar/2026:18:23:25 +0000] "POST /wp-cron.php?doing_wp_cron=1774031005.5425999164581298828125 HTTP/1.1" 200 - "https://69b4844ae61d4e92bf26ad98af552775-devsite.readyship.co/wp-cron.php?doing_wp_cron=1774031005.5425999164581298828125" "WordPress/5.1.19; https://69b4844ae61d4e92bf26ad98af552775-devsite.readyship.co"
64.252.76.63 - - [20/Mar/2026:18:23:25 +0000] "GET /?p=38758 HTTP/1.1" 200 17967 "-" "Amazon CloudFront"
64.252.68.102 - - [20/Mar/2026:18:23:28 +0000] "GET /?p=81242 HTTP/1.1" 200 22074 "-" "Amazon CloudFront"
64.252.68.102 - - [20/Mar/2026:18:23:52 +0000] "GET /?p=82232 HTTP/1.1" 200 23358 "-" "Amazon CloudFront"
15.158.215.109 - - [20/Mar/2026:18:24:40 +0000] "POST /wp-cron.php?doing_wp_cron=1774031080.1990540027618408203125 HTTP/1.1" 200 - "https://69b4844ae61d4e92bf26ad98af552775-devsite.readyship.co/wp-cron.php?doing_wp_cron=1774031080.1990540027618408203125" "WordPress/5.1.19; https://69b4844ae61d4e92bf26ad98af552775-devsite.readyship.co"
64.252.68.139 - - [20/Mar/2026:18:24:39 +0000] "GET /?p=30062 HTTP/1.1" 200 16248 "-" "Amazon CloudFront"
15.158.215.109 - - [20/Mar/2026:18:25:24 +0000] "POST /wp-cron.php?doing_wp_cron=1774031124.7744350433349609375000 HTTP/1.1" 200 - "https://69b4844ae61d4e92bf26ad98af552775-devsite.readyship.co/wp-cron.php?doing_wp_cron=1774031124.7744350433349609375000" "WordPress/5.1.19; https://69b4844ae61d4e92bf26ad98af552775-devsite.readyship.co"
64.252.68.102 - - [20/Mar/2026:18:25:24 +0000] "GET /?page_id=2807&paged=17 HTTP/1.1" 200 11182 "-" "Amazon CloudFront"
15.158.215.109 - - [20/Mar/2026:18:27:33 +0000] "POST /wp-cron.php?doing_wp_cron=1774031253.3731539249420166015625 HTTP/1.1" 200 - "https://69b4844ae61d4e92bf26ad98af552775-devsite.readyship.co/wp-cron.php?doing_wp_cron=1774031253.3731539249420166015625" "WordPress/5.1.19; https://69b4844ae61d4e92bf26ad98af552775-devsite.readyship.co"
64.252.68.139 - - [20/Mar/2026:18:27:33 +0000] "GET /?page_id=2807&paged=4260 HTTP/1.1" 200 11264 "-" "Amazon CloudFront"
64.252.66.156 - - [20/Mar/2026:18:27:39 +0000] "GET /?p=81808 HTTP/1.1" 200 15077 "-" "Amazon CloudFront"
64.252.66.156 - - [20/Mar/2026:18:27:52 +0000] "GET /?p=36494 HTTP/1.1" 200 15050 "-" "Amazon CloudFront"
15.158.215.109 - - [20/Mar/2026:18:29:28 +0000] "POST /wp-cron.php?doing_wp_cron=1774031368.0510299205780029296875 HTTP/1.1" 200 - "https://69b4844ae61d4e92bf26ad98af552775-devsite.readyship.co/wp-cron.php?doing_wp_cron=1774031368.0510299205780029296875" "WordPress/5.1.19; https://69b4844ae61d4e92bf26ad98af552775-devsite.readyship.co"
64.252.68.102 - - [20/Mar/2026:18:29:27 +0000] "GET /?p=13879 HTTP/1.1" 200 14510 "-" "Amazon CloudFront"
15.158.215.109 - - [20/Mar/2026:18:30:32 +0000] "POST /wp-cron.php?doing_wp_cron=1774031432.0343260765075683593750 HTTP/1.1" 200 - "https://69b4844ae61d4e92bf26ad98af552775-devsite.readyship.co/wp-cron.php?doing_wp_cron=1774031432.0343260765075683593750" "WordPress/5.1.19; https://69b4844ae61d4e92bf26ad98af552775-devsite.readyship.co"
64.252.68.102 - - [20/Mar/2026:18:30:31 +0000] "GET /?cat=1&paged=36 HTTP/1.1" 200 11383 "-" "Amazon CloudFront"
64.252.113.103 - - [20/Mar/2026:18:30:47 +0000] "GET /robots.txt HTTP/1.1" 301 - "-" "Amazon CloudFront"
64.252.111.222 - - [20/Mar/2026:18:30:50 +0000] "GET /wp-content/plugins/wp-job-manager/assets/css/frontend.css?ver=1.32.2 HTTP/1.1" 200 4284 "-" "Amazon CloudFront"
64.252.113.204 - - [20/Mar/2026:18:30:50 +0000] "GET /wp-content/themes/my-listing/assets/dist/icons/icons.css?ver=2.0.11 HTTP/1.1" 200 21979 "-" "Amazon CloudFront"
64.252.113.204 - - [20/Mar/2026:18:30:50 +0000] "GET /wp-content/uploads/elementor/css/post-27.css?ver=1767043303 HTTP/1.1" 200 3319 "-" "Amazon CloudFront"
64.252.111.222 - - [20/Mar/2026:18:30:50 +0000] "GET /wp-content/uploads/elementor/css/global.css?ver=1555758410 HTTP/1.1" 200 683 "-" "Amazon CloudFront"
64.252.111.222 - - [20/Mar/2026:18:30:50 +0000] "GET /wp-content/plugins/contact-form-7/includes/css/styles.css?ver=5.1.1 HTTP/1.1" 200 651 "-" "Amazon CloudFront"
64.252.113.204 - - [20/Mar/2026:18:30:50 +0000] "GET /wp-content/plugins/elementor/assets/lib/eicons/css/elementor-icons.min.css?ver=4.3.0 HTTP/1.1" 200 2536 "-" "Amazon CloudFront"
64.252.113.204 - - [20/Mar/2026:18:30:50 +0000] "GET /wp-content/plugins/woocommerce/assets/css/woocommerce-layout.css?ver=3.6.7 HTTP/1.1" 200 2155 "-" "Amazon CloudFront"
64.252.113.204 - - [20/Mar/2026:18:30:50 +0000] "GET /wp-content/themes/my-listing/assets/dist/frontend/vendor.css?ver=2.0.11 HTTP/1.1" 200 29625 "-" "Amazon CloudFront"
64.252.113.204 - - [20/Mar/2026:18:30:50 +0000] "GET /wp-content/themes/my-listing/style.css?ver=5.1.19 HTTP/1.1" 200 1040 "-" "Amazon CloudFront"
64.252.111.222 - - [20/Mar/2026:18:30:50 +0000] "GET /wp-content/plugins/woocommerce/assets/css/select2.css?ver=3.6.7 HTTP/1.1" 200 1963 "-" "Amazon CloudFront"
64.252.113.204 - - [20/Mar/2026:18:30:50 +0000] "GET /wp-content/plugins/elementor/assets/css/frontend.min.css?ver=2.5.14 HTTP/1.1" 200 13179 "-" "Amazon CloudFront"
64.252.113.103 - - [20/Mar/2026:18:30:50 +0000] "GET /wp-includes/css/dist/block-library/style.min.css?ver=5.1.19 HTTP/1.1" 200 4268 "-" "Amazon CloudFront"
64.252.113.204 - - [20/Mar/2026:18:30:50 +0000] "GET /wp-content/plugins/elementor/assets/lib/animations/animations.min.css?ver=2.5.14 HTTP/1.1" 200 2592 "-" "Amazon CloudFront"
64.252.113.204 - - [20/Mar/2026:18:30:50 +0000] "GET /wp-content/plugins/woocommerce/assets/css/woocommerce.css?ver=3.6.7 HTTP/1.1" 200 8809 "-" "Amazon CloudFront"
64.252.113.103 - - [20/Mar/2026:18:30:50 +0000] "GET /wp-content/plugins/elementor/assets/lib/font-awesome/css/font-awesome.min.css?ver=4.7.0 HTTP/1.1" 200 7050 "-" "Amazon CloudFront"
64.252.113.103 - - [20/Mar/2026:18:30:50 +0000] "GET /wp-content/themes/my-listing/assets/dist/maps/google-maps/google-maps.css?ver=2.0.11 HTTP/1.1" 200 1009 "-" "Amazon CloudFront"
64.252.113.103 - - [20/Mar/2026:18:30:50 +0000] "GET /wp-content/plugins/woocommerce/assets/css/blocks/style.css?ver=3.6.7 HTTP/1.1" 200 933 "-" "Amazon CloudFront"
64.252.113.103 - - [20/Mar/2026:18:30:50 +0000] "GET /wp-content/themes/my-listing-child/style.css?ver=5.1.19 HTTP/1.1" 200 372 "-" "Amazon CloudFront"
64.252.111.222 - - [20/Mar/2026:18:30:50 +0000] "GET /wp-content/uploads/mylisting-dynamic-styles.css?ver=1590799639 HTTP/1.1" 200 5404 "-" "Amazon CloudFront"
64.252.113.204 - - [20/Mar/2026:18:30:50 +0000] "GET /wp-includes/js/jquery/jquery.js?ver=1.12.4 HTTP/1.1" 200 36986 "-" "Amazon CloudFront"
64.252.113.103 - - [20/Mar/2026:18:30:50 +0000] "GET /wp-includes/js/zxcvbn-async.min.js?ver=1.0 HTTP/1.1" 200 3282 "-" "Amazon CloudFront"
64.252.113.103 - - [20/Mar/2026:18:30:50 +0000] "GET /wp-includes/js/jquery/jquery-migrate.min.js?ver=1.4.1 HTTP/1.1" 200 7119 "-" "Amazon CloudFront"
64.252.111.222 - - [20/Mar/2026:18:30:50 +0000] "GET /wp-content/themes/my-listing/assets/dist/frontend/frontend.css?ver=2.0.11 HTTP/1.1" 200 63010 "-" "Amazon CloudFront"
64.252.113.103 - - [20/Mar/2026:18:30:48 +0000] "GET /robots.txt/ HTTP/1.1" 200 23830 "-" "Amazon CloudFront"
64.252.113.204 - - [20/Mar/2026:18:30:51 +0000] "GET /wp-includes/js/wp-emoji-release.min.js?ver=5.1.19 HTTP/1.1" 200 7436 "-" "Amazon CloudFront"
64.252.111.222 - - [20/Mar/2026:18:30:51 +0000] "GET /wp-content/plugins/woocommerce/assets/css/woocommerce-smallscreen.css?ver=3.6.7 HTTP/1.1" 200 1055 "-" "Amazon CloudFront"
64.252.113.204 - - [20/Mar/2026:18:30:52 +0000] "GET /wp-content/plugins/contact-form-7/includes/js/scripts.js?ver=5.1.1 HTTP/1.1" 200 7164 "-" "Amazon CloudFront"
64.252.113.204 - - [20/Mar/2026:18:30:52 +0000] "GET /wp-content/plugins/woocommerce/assets/js/frontend/password-strength-meter.min.js?ver=3.6.7 HTTP/1.1" 200 3833 "-" "Amazon CloudFront"
64.252.111.222 - - [20/Mar/2026:18:30:52 +0000] "GET /wp-content/plugins/woocommerce/assets/js/jquery-blockui/jquery.blockUI.min.js?ver=2.70 HTTP/1.1" 200 6643 "-" "Amazon CloudFront"
64.252.111.222 - - [20/Mar/2026:18:30:52 +0000] "GET /wp-content/plugins/woocommerce/assets/js/js-cookie/js.cookie.min.js?ver=2.1.4 HTTP/1.1" 200 4017 "-" "Amazon CloudFront"
64.252.111.222 - - [20/Mar/2026:18:30:52 +0000] "GET /wp-includes/js/jquery/ui/core.min.js?ver=1.11.4 HTTP/1.1" 200 4888 "-" "Amazon CloudFront"
64.252.113.103 - - [20/Mar/2026:18:30:52 +0000] "GET /wp-content/plugins/woocommerce/assets/js/frontend/cart-fragments.min.js?ver=3.6.7 HTTP/1.1" 200 4113 "-" "Amazon CloudFront"
64.252.113.204 - - [20/Mar/2026:18:30:52 +0000] "GET /wp-content/plugins/woocommerce/assets/js/frontend/woocommerce.min.js?ver=3.6.7 HTTP/1.1" 200 3702 "-" "Amazon CloudFront"
64.252.113.204 - - [20/Mar/2026:18:30:52 +0000] "GET /wp-includes/js/jquery/ui/mouse.min.js?ver=1.11.4 HTTP/1.1" 200 4073 "-" "Amazon CloudFront"
64.252.113.204 - - [20/Mar/2026:18:30:52 +0000] "GET /wp-includes/js/jquery/ui/widget.min.js?ver=1.11.4 HTTP/1.1" 200 5668 "-" "Amazon CloudFront"
64.252.113.204 - - [20/Mar/2026:18:30:52 +0000] "GET /wp-includes/js/jquery/ui/position.min.js?ver=1.11.4 HTTP/1.1" 200 5587 "-" "Amazon CloudFront"
64.252.113.103 - - [20/Mar/2026:18:30:52 +0000] "GET /wp-content/themes/my-listing/assets/dist/maps/google-maps/google-maps.js?ver=2.0.11 HTTP/1.1" 200 15359 "-" "Amazon CloudFront"
64.252.113.103 - - [20/Mar/2026:18:30:52 +0000] "GET /wp-content/plugins/elementor/assets/lib/waypoints/waypoints.min.js?ver=4.0.2 HTTP/1.1" 200 6125 "-" "Amazon CloudFront"
64.252.113.204 - - [20/Mar/2026:18:30:52 +0000] "GET /wp-includes/js/dist/vendor/moment.min.js?ver=2.22.2 HTTP/1.1" 200 20021 "-" "Amazon CloudFront"
64.252.113.103 - - [20/Mar/2026:18:30:52 +0000] "GET /wp-admin/js/password-strength-meter.min.js?ver=5.1.19 HTTP/1.1" 200 3517 "-" "Amazon CloudFront"
64.252.113.103 - - [20/Mar/2026:18:30:52 +0000] "GET /wp-includes/js/jquery/ui/sortable.min.js?ver=1.11.4 HTTP/1.1" 200 9633 "-" "Amazon CloudFront"
64.252.113.204 - - [20/Mar/2026:18:30:52 +0000] "GET /wp-content/themes/my-listing/assets/dist/frontend/frontend.js?ver=2.0.11 HTTP/1.1" 200 16765 "-" "Amazon CloudFront"
64.252.113.204 - - [20/Mar/2026:18:30:52 +0000] "GET /wp-content/plugins/elementor/assets/lib/dialog/dialog.min.js?ver=4.7.1 HTTP/1.1" 200 6534 "-" "Amazon CloudFront"
64.252.113.103 - - [20/Mar/2026:18:30:52 +0000] "GET /wp-content/themes/my-listing/assets/vendor/select2/select2.js?ver=2.0.11 HTTP/1.1" 200 22321 "-" "Amazon CloudFront"
64.252.113.204 - - [20/Mar/2026:18:30:52 +0000] "GET /wp-content/plugins/woocommerce/assets/js/frontend/add-to-cart.min.js?ver=3.6.7 HTTP/1.1" 200 4033 "-" "Amazon CloudFront"
64.252.113.103 - - [20/Mar/2026:18:30:52 +0000] "GET /wp-includes/js/wp-embed.min.js?ver=5.1.19 HTTP/1.1" 200 3822 "-" "Amazon CloudFront"
64.252.111.222 - - [20/Mar/2026:18:30:52 +0000] "GET /wp-content/themes/my-listing/assets/dist/frontend/vendor.js?ver=2.0.11 HTTP/1.1" 200 120384 "-" "Amazon CloudFront"
64.252.113.204 - - [20/Mar/2026:18:30:52 +0000] "GET /wp-content/plugins/elementor/assets/lib/swiper/swiper.min.js?ver=4.4.6 HTTP/1.1" 200 36018 "-" "Amazon CloudFront"
64.252.113.103 - - [20/Mar/2026:18:30:52 +0000] "GET /wp-content/plugins/elementor/assets/js/frontend-modules.min.js?ver=2.5.14 HTTP/1.1" 200 6728 "-" "Amazon CloudFront"
64.252.111.222 - - [20/Mar/2026:18:30:52 +0000] "GET /wp-content/plugins/elementor/assets/js/frontend.min.js?ver=2.5.14 HTTP/1.1" 200 13691 "-" "Amazon CloudFront"
15.158.215.109 - - [20/Mar/2026:18:32:24 +0000] "POST /wp-cron.php?doing_wp_cron=1774031544.6710679531097412109375 HTTP/1.1" 200 - "https://69b4844ae61d4e92bf26ad98af552775-devsite.readyship.co/wp-cron.php?doing_wp_cron=1774031544.6710679531097412109375" "WordPress/5.1.19; https://69b4844ae61d4e92bf26ad98af552775-devsite.readyship.co"
64.252.76.63 - - [20/Mar/2026:18:32:24 +0000] "GET /?p=90498 HTTP/1.1" 200 16093 "-" "Amazon CloudFront"
15.158.215.109 - - [20/Mar/2026:18:34:12 +0000] "POST /wp-cron.php?doing_wp_cron=1774031652.6703920364379882812500 HTTP/1.1" 200 - "https://69b4844ae61d4e92bf26ad98af552775-devsite.readyship.co/wp-cron.php?doing_wp_cron=1774031652.6703920364379882812500" "WordPress/5.1.19; https://69b4844ae61d4e92bf26ad98af552775-devsite.readyship.co"
64.252.76.215 - - [20/Mar/2026:18:34:12 +0000] "GET /?feed=rss2&p=90506 HTTP/1.1" 200 506 "-" "Amazon CloudFront"
64.252.77.92 - - [20/Mar/2026:18:34:16 +0000] "GET /?feed=rss2&p=90534 HTTP/1.1" 200 533 "-" "Amazon CloudFront"
64.252.76.215 - - [20/Mar/2026:18:34:16 +0000] "GET /?feed=rss2&p=90502 HTTP/1.1" 200 512 "-" "Amazon CloudFront"
64.252.66.156 - - [20/Mar/2026:18:34:14 +0000] "GET /?healthcheck_timestamp=1774031447384 HTTP/1.1" 200 178917 "-" "Amazon CloudFront"
15.158.215.109 - - [20/Mar/2026:18:35:29 +0000] "POST /wp-cron.php?doing_wp_cron=1774031729.2905631065368652343750 HTTP/1.1" 200 - "https://69b4844ae61d4e92bf26ad98af552775-devsite.readyship.co/wp-cron.php?doing_wp_cron=1774031729.2905631065368652343750" "WordPress/5.1.19; https://69b4844ae61d4e92bf26ad98af552775-devsite.readyship.co"
64.252.76.215 - - [20/Mar/2026:18:35:29 +0000] "GET /?feed=rss2&p=90522 HTTP/1.1" 200 527 "-" "Amazon CloudFront"
64.252.76.63 - - [20/Mar/2026:18:35:44 +0000] "GET /?feed=rss2&p=90530 HTTP/1.1" 200 512 "-" "Amazon CloudFront"
64.252.76.63 - - [20/Mar/2026:18:35:48 +0000] "GET /?feed=rss2&p=32842 HTTP/1.1" 200 524 "-" "Amazon CloudFront"
64.252.76.63 - - [20/Mar/2026:18:35:56 +0000] "GET /?feed=rss2&p=90500 HTTP/1.1" 200 518 "-" "Amazon CloudFront"
15.158.215.109 - - [20/Mar/2026:18:36:28 +0000] "POST /wp-cron.php?doing_wp_cron=1774031788.4740469455718994140625 HTTP/1.1" 200 - "https://69b4844ae61d4e92bf26ad98af552775-devsite.readyship.co/wp-cron.php?doing_wp_cron=1774031788.4740469455718994140625" "WordPress/5.1.19; https://69b4844ae61d4e92bf26ad98af552775-devsite.readyship.co"
18.68.8.18 - - [20/Mar/2026:18:36:28 +0000] "POST /xmlrpc.php HTTP/1.1" 200 403 "-" "Mozilla/5.0 (Windows NT 10.0; Win64; x64) AppleWebKit/537.36 (KHTML, like Gecko) Chrome/114.0.0.0 Safari/537.36"
18.68.8.18 - - [20/Mar/2026:18:36:36 +0000] "POST /xmlrpc.php HTTP/1.1" 200 403 "-" "Mozilla/5.0 (Windows NT 10.0; Win64; x64) AppleWebKit/537.36 (KHTML, like Gecko) Chrome/114.0.0.0 Safari/537.36"
64.252.76.63 - - [20/Mar/2026:18:37:06 +0000] "GET /?feed=rss2&p=90526 HTTP/1.1" 200 499 "-" "Amazon CloudFront"
64.252.76.215 - - [20/Mar/2026:18:37:10 +0000] "GET /?feed=rss2&p=90510 HTTP/1.1" 200 526 "-" "Amazon CloudFront"
15.158.215.109 - - [20/Mar/2026:18:37:24 +0000] "POST /wp-cron.php?doing_wp_cron=1774031844.3385040760040283203125 HTTP/1.1" 200 - "https://69b4844ae61d4e92bf26ad98af552775-devsite.readyship.co/wp-cron.php?doing_wp_cron=1774031844.3385040760040283203125" "WordPress/5.1.19; https://69b4844ae61d4e92bf26ad98af552775-devsite.readyship.co"
64.252.76.63 - - [20/Mar/2026:18:37:23 +0000] "GET /?feed=rss2&p=90514 HTTP/1.1" 200 528 "-" "Amazon CloudFront"
64.252.77.92 - - [20/Mar/2026:18:37:40 +0000] "GET /?feed=rss2&p=90520 HTTP/1.1" 200 511 "-" "Amazon CloudFront"
15.158.215.109 - - [20/Mar/2026:18:38:36 +0000] "POST /wp-cron.php?doing_wp_cron=1774031916.6244781017303466796875 HTTP/1.1" 200 - "https://69b4844ae61d4e92bf26ad98af552775-devsite.readyship.co/wp-cron.php?doing_wp_cron=1774031916.6244781017303466796875" "WordPress/5.1.19; https://69b4844ae61d4e92bf26ad98af552775-devsite.readyship.co"
64.252.76.63 - - [20/Mar/2026:18:38:36 +0000] "GET /?feed=rss2&p=90524 HTTP/1.1" 200 532 "-" "Amazon CloudFront"
64.252.76.215 - - [20/Mar/2026:18:38:59 +0000] "GET /?p=32840 HTTP/1.1" 200 21301 "-" "Amazon CloudFront"
15.158.215.109 - - [20/Mar/2026:18:39:28 +0000] "POST /wp-cron.php?doing_wp_cron=1774031968.0617759227752685546875 HTTP/1.1" 200 - "https://69b4844ae61d4e92bf26ad98af552775-devsite.readyship.co/wp-cron.php?doing_wp_cron=1774031968.0617759227752685546875" "WordPress/5.1.19; https://69b4844ae61d4e92bf26ad98af552775-devsite.readyship.co"
64.252.68.139 - - [20/Mar/2026:18:39:27 +0000] "GET /?p=25671 HTTP/1.1" 200 17623 "-" "Amazon CloudFront"
64.252.68.139 - - [20/Mar/2026:18:39:34 +0000] "GET /?cat=1&paged=14 HTTP/1.1" 200 11286 "-" "Amazon CloudFront"
64.252.76.63 - - [20/Mar/2026:18:40:18 +0000] "GET /?feed=rss2&p=90528 HTTP/1.1" 200 524 "-" "Amazon CloudFront"
15.158.215.109 - - [20/Mar/2026:18:40:49 +0000] "POST /wp-cron.php?doing_wp_cron=1774032049.6505970954895019531250 HTTP/1.1" 200 - "https://69b4844ae61d4e92bf26ad98af552775-devsite.readyship.co/wp-cron.php?doing_wp_cron=1774032049.6505970954895019531250" "WordPress/5.1.19; https://69b4844ae61d4e92bf26ad98af552775-devsite.readyship.co"
64.252.76.215 - - [20/Mar/2026:18:40:49 +0000] "GET /?feed=rss2&p=90518 HTTP/1.1" 200 608 "-" "Amazon CloudFront"
64.252.76.63 - - [20/Mar/2026:18:40:52 +0000] "GET /?feed=rss2&p=90516 HTTP/1.1" 200 528 "-" "Amazon CloudFront"
64.252.77.92 - - [20/Mar/2026:18:41:02 +0000] "GET /?feed=rss2&p=90512 HTTP/1.1" 200 512 "-" "Amazon CloudFront"
64.252.76.215 - - [20/Mar/2026:18:41:02 +0000] "GET /?feed=rss2&p=90508 HTTP/1.1" 200 643 "-" "Amazon CloudFront"
15.158.215.109 - - [20/Mar/2026:18:41:38 +0000] "POST /wp-cron.php?doing_wp_cron=1774032098.6350579261779785156250 HTTP/1.1" 200 - "https://69b4844ae61d4e92bf26ad98af552775-devsite.readyship.co/wp-cron.php?doing_wp_cron=1774032098.6350579261779785156250" "WordPress/5.1.19; https://69b4844ae61d4e92bf26ad98af552775-devsite.readyship.co"
64.252.68.139 - - [20/Mar/2026:18:41:38 +0000] "GET /?cat=104&paged=105 HTTP/1.1" 200 10924 "-" "Amazon CloudFront"
64.252.76.215 - - [20/Mar/2026:18:41:59 +0000] "GET /?p=90482 HTTP/1.1" 200 16337 "-" "Amazon CloudFront"
64.252.76.215 - - [20/Mar/2026:18:42:09 +0000] "GET /?p=90486 HTTP/1.1" 200 25011 "-" "Amazon CloudFront"
64.252.76.63 - - [20/Mar/2026:18:42:09 +0000] "GET /?p=90488 HTTP/1.1" 200 16318 "-" "Amazon CloudFront"
64.252.76.215 - - [20/Mar/2026:18:42:19 +0000] "GET /?p=90474 HTTP/1.1" 200 17849 "-" "Amazon CloudFront"
64.252.77.92 - - [20/Mar/2026:18:42:20 +0000] "GET /?p=90484 HTTP/1.1" 200 17563 "-" "Amazon CloudFront"
15.158.215.109 - - [20/Mar/2026:18:42:32 +0000] "POST /wp-cron.php?doing_wp_cron=1774032152.0889060497283935546875 HTTP/1.1" 200 - "https://69b4844ae61d4e92bf26ad98af552775-devsite.readyship.co/wp-cron.php?doing_wp_cron=1774032152.0889060497283935546875" "WordPress/5.1.19; https://69b4844ae61d4e92bf26ad98af552775-devsite.readyship.co"
64.252.77.92 - - [20/Mar/2026:18:42:31 +0000] "GET /?p=90472 HTTP/1.1" 200 16346 "-" "Amazon CloudFront"
64.252.77.92 - - [20/Mar/2026:18:42:31 +0000] "GET /?p=90478 HTTP/1.1" 200 25277 "-" "Amazon CloudFront"
15.158.215.109 - - [20/Mar/2026:18:43:22 +0000] "POST /wp-cron.php?doing_wp_cron=1774032202.0015349388122558593750 HTTP/1.1" 200 - "https://69b4844ae61d4e92bf26ad98af552775-devsite.readyship.co/wp-cron.php?doing_wp_cron=1774032202.0015349388122558593750" "WordPress/5.1.19; https://69b4844ae61d4e92bf26ad98af552775-devsite.readyship.co"
64.252.76.63 - - [20/Mar/2026:18:43:22 +0000] "GET /?p=90496 HTTP/1.1" 200 16087 "-" "Amazon CloudFront"
64.252.76.215 - - [20/Mar/2026:18:43:21 +0000] "GET /?p=90460 HTTP/1.1" 200 21345 "-" "Amazon CloudFront"
64.252.76.63 - - [20/Mar/2026:18:43:31 +0000] "GET /?p=90466 HTTP/1.1" 200 16077 "-" "Amazon CloudFront"
64.252.76.215 - - [20/Mar/2026:18:43:32 +0000] "GET /?p=90470 HTTP/1.1" 200 24396 "-" "Amazon CloudFront"
64.252.77.92 - - [20/Mar/2026:18:43:44 +0000] "GET /?feed=rss2&p=90532 HTTP/1.1" 200 500 "-" "Amazon CloudFront"
64.252.76.63 - - [20/Mar/2026:18:44:03 +0000] "GET /?p=90462 HTTP/1.1" 200 17199 "-" "Amazon CloudFront"
64.252.66.156 - - [20/Mar/2026:18:44:20 +0000] "GET /?job_listing_category=outdoor-activities HTTP/1.1" 200 11035 "-" "Amazon CloudFront"
64.252.76.63 - - [20/Mar/2026:18:44:56 +0000] "GET /?p=90492 HTTP/1.1" 200 15383 "-" "Amazon CloudFront"
15.158.215.109 - - [20/Mar/2026:18:44:56 +0000] "POST /wp-cron.php?doing_wp_cron=1774032296.4150040149688720703125 HTTP/1.1" 200 - "https://69b4844ae61d4e92bf26ad98af552775-devsite.readyship.co/wp-cron.php?doing_wp_cron=1774032296.4150040149688720703125" "WordPress/5.1.19; https://69b4844ae61d4e92bf26ad98af552775-devsite.readyship.co"
64.252.76.63 - - [20/Mar/2026:18:45:06 +0000] "GET /?cat=1&paged=317 HTTP/1.1" 200 11370 "-" "Amazon CloudFront"
15.158.215.109 - - [20/Mar/2026:18:45:51 +0000] "POST /wp-cron.php?doing_wp_cron=1774032351.5056960582733154296875 HTTP/1.1" 200 - "https://69b4844ae61d4e92bf26ad98af552775-devsite.readyship.co/wp-cron.php?doing_wp_cron=1774032351.5056960582733154296875" "WordPress/5.1.19; https://69b4844ae61d4e92bf26ad98af552775-devsite.readyship.co"
64.252.77.92 - - [20/Mar/2026:18:45:51 +0000] "GET /?cat=1&paged=318 HTTP/1.1" 200 11152 "-" "Amazon CloudFront"
15.158.215.109 - - [20/Mar/2026:18:46:52 +0000] "POST /wp-cron.php?doing_wp_cron=1774032412.2585248947143554687500 HTTP/1.1" 200 - "https://69b4844ae61d4e92bf26ad98af552775-devsite.readyship.co/wp-cron.php?doing_wp_cron=1774032412.2585248947143554687500" "WordPress/5.1.19; https://69b4844ae61d4e92bf26ad98af552775-devsite.readyship.co"
64.252.76.215 - - [20/Mar/2026:18:46:52 +0000] "GET /?p=90464 HTTP/1.1" 200 15382 "-" "Amazon CloudFront"
64.252.77.92 - - [20/Mar/2026:18:46:51 +0000] "GET /?p=90480 HTTP/1.1" 200 15714 "-" "Amazon CloudFront"
64.252.76.63 - - [20/Mar/2026:18:46:58 +0000] "GET /?p=90458 HTTP/1.1" 200 16310 "-" "Amazon CloudFront"
64.252.76.63 - - [20/Mar/2026:18:46:58 +0000] "GET /?p=90490 HTTP/1.1" 200 18066 "-" "Amazon CloudFront"
64.252.77.92 - - [20/Mar/2026:18:47:09 +0000] "GET /?p=90468 HTTP/1.1" 200 17492 "-" "Amazon CloudFront"
64.252.77.92 - - [20/Mar/2026:18:47:09 +0000] "GET /?p=90494 HTTP/1.1" 200 14856 "-" "Amazon CloudFront"
15.158.215.109 - - [20/Mar/2026:18:48:01 +0000] "POST /wp-cron.php?doing_wp_cron=1774032481.1784040927886962890625 HTTP/1.1" 200 - "https://69b4844ae61d4e92bf26ad98af552775-devsite.readyship.co/wp-cron.php?doing_wp_cron=1774032481.1784040927886962890625" "WordPress/5.1.19; https://69b4844ae61d4e92bf26ad98af552775-devsite.readyship.co"
64.252.76.63 - - [20/Mar/2026:18:48:00 +0000] "GET /?p=17455 HTTP/1.1" 200 14542 "-" "Amazon CloudFront"
15.158.215.109 - - [20/Mar/2026:18:48:29 +0000] "POST /wp-cron.php?doing_wp_cron=1774032509.5510599613189697265625 HTTP/1.1" 200 - "https://69b4844ae61d4e92bf26ad98af552775-devsite.readyship.co/wp-cron.php?doing_wp_cron=1774032509.5510599613189697265625" "WordPress/5.1.19; https://69b4844ae61d4e92bf26ad98af552775-devsite.readyship.co"
64.252.77.92 - - [20/Mar/2026:18:48:29 +0000] "GET /?p=17469 HTTP/1.1" 200 14615 "-" "Amazon CloudFront"
64.252.76.63 - - [20/Mar/2026:18:48:29 +0000] "GET /?p=17481 HTTP/1.1" 200 15704 "-" "Amazon CloudFront"
15.158.215.109 - - [20/Mar/2026:18:49:16 +0000] "POST /wp-cron.php?doing_wp_cron=1774032556.3430290222167968750000 HTTP/1.1" 200 - "https://69b4844ae61d4e92bf26ad98af552775-devsite.readyship.co/wp-cron.php?doing_wp_cron=1774032556.3430290222167968750000" "WordPress/5.1.19; https://69b4844ae61d4e92bf26ad98af552775-devsite.readyship.co"
64.252.76.215 - - [20/Mar/2026:18:49:16 +0000] "GET /?p=17465 HTTP/1.1" 200 14438 "-" "Amazon CloudFront"
64.252.76.215 - - [20/Mar/2026:18:49:16 +0000] "GET /?p=17477 HTTP/1.1" 200 14600 "-" "Amazon CloudFront"
64.252.77.92 - - [20/Mar/2026:18:49:17 +0000] "GET /?p=17461 HTTP/1.1" 200 14419 "-" "Amazon CloudFront"
15.158.215.109 - - [20/Mar/2026:18:49:22 +0000] "POST /wp-cron.php?doing_wp_cron=1774032562.4465630054473876953125 HTTP/1.1" 200 - "https://69b4844ae61d4e92bf26ad98af552775-devsite.readyship.co/wp-cron.php?doing_wp_cron=1774032562.4465630054473876953125" "WordPress/5.1.19; https://69b4844ae61d4e92bf26ad98af552775-devsite.readyship.co"
64.252.68.203 - - [20/Mar/2026:18:49:22 +0000] "GET /?p=13713 HTTP/1.1" 200 13928 "-" "Amazon CloudFront"
64.252.76.63 - - [20/Mar/2026:18:49:41 +0000] "GET /?p=17467 HTTP/1.1" 200 14492 "-" "Amazon CloudFront"
64.252.76.215 - - [20/Mar/2026:18:49:41 +0000] "GET /?p=17463 HTTP/1.1" 200 14049 "-" "Amazon CloudFront"
64.252.77.92 - - [20/Mar/2026:18:49:42 +0000] "GET /?p=17475 HTTP/1.1" 200 15158 "-" "Amazon CloudFront"
15.158.215.109 - - [20/Mar/2026:18:50:23 +0000] "POST /wp-cron.php?doing_wp_cron=1774032623.3565609455108642578125 HTTP/1.1" 200 - "https://69b4844ae61d4e92bf26ad98af552775-devsite.readyship.co/wp-cron.php?doing_wp_cron=1774032623.3565609455108642578125" "WordPress/5.1.19; https://69b4844ae61d4e92bf26ad98af552775-devsite.readyship.co"
64.252.76.215 - - [20/Mar/2026:18:50:23 +0000] "GET /?p=17487 HTTP/1.1" 200 14511 "-" "Amazon CloudFront"
64.252.77.92 - - [20/Mar/2026:18:50:23 +0000] "GET /?p=17451 HTTP/1.1" 200 14456 "-" "Amazon CloudFront"
64.252.68.139 - - [20/Mar/2026:18:50:34 +0000] "GET /?p=38200 HTTP/1.1" 200 14654 "-" "Amazon CloudFront"
64.252.76.63 - - [20/Mar/2026:18:50:39 +0000] "GET /?p=17459 HTTP/1.1" 200 14524 "-" "Amazon CloudFront"
64.252.76.63 - - [20/Mar/2026:18:50:51 +0000] "GET /?p=17485 HTTP/1.1" 200 14795 "-" "Amazon CloudFront"
64.252.76.63 - - [20/Mar/2026:18:51:00 +0000] "GET /?p=17489 HTTP/1.1" 200 14574 "-" "Amazon CloudFront"
64.252.76.215 - - [20/Mar/2026:18:51:00 +0000] "GET /?p=17453 HTTP/1.1" 200 14548 "-" "Amazon CloudFront"
15.158.215.109 - - [20/Mar/2026:18:52:00 +0000] "POST /wp-cron.php?doing_wp_cron=1774032720.7847220897674560546875 HTTP/1.1" 200 - "https://69b4844ae61d4e92bf26ad98af552775-devsite.readyship.co/wp-cron.php?doing_wp_cron=1774032720.7847220897674560546875" "WordPress/5.1.19; https://69b4844ae61d4e92bf26ad98af552775-devsite.readyship.co"
64.252.76.215 - - [20/Mar/2026:18:52:00 +0000] "GET /?p=17473 HTTP/1.1" 200 15773 "-" "Amazon CloudFront"
64.252.77.92 - - [20/Mar/2026:18:52:00 +0000] "GET /?p=17479 HTTP/1.1" 200 14614 "-" "Amazon CloudFront"
64.252.76.63 - - [20/Mar/2026:18:52:01 +0000] "GET /?p=17457 HTTP/1.1" 200 14771 "-" "Amazon CloudFront"
64.252.76.215 - - [20/Mar/2026:18:52:12 +0000] "GET /?feed=rss2&p=17439 HTTP/1.1" 200 524 "-" "Amazon CloudFront"
64.252.76.63 - - [20/Mar/2026:18:52:12 +0000] "GET /?p=17483 HTTP/1.1" 200 14865 "-" "Amazon CloudFront"
64.252.76.215 - - [20/Mar/2026:18:52:13 +0000] "GET /?p=17471 HTTP/1.1" 200 15432 "-" "Amazon CloudFront"
64.252.76.63 - - [20/Mar/2026:18:52:17 +0000] "GET /?feed=rss2&p=17435 HTTP/1.1" 200 514 "-" "Amazon CloudFront"
64.252.76.63 - - [20/Mar/2026:18:52:18 +0000] "GET /?feed=rss2&p=17433 HTTP/1.1" 200 521 "-" "Amazon CloudFront"
64.252.77.92 - - [20/Mar/2026:18:52:18 +0000] "GET /?feed=rss2&p=17445 HTTP/1.1" 200 556 "-" "Amazon CloudFront"
64.252.68.139 - - [20/Mar/2026:18:52:21 +0000] "GET /?p=29448 HTTP/1.1" 200 17289 "-" "Amazon CloudFront"
15.158.215.109 - - [20/Mar/2026:18:52:23 +0000] "POST /wp-cron.php?doing_wp_cron=1774032743.7283968925476074218750 HTTP/1.1" 200 - "https://69b4844ae61d4e92bf26ad98af552775-devsite.readyship.co/wp-cron.php?doing_wp_cron=1774032743.7283968925476074218750" "WordPress/5.1.19; https://69b4844ae61d4e92bf26ad98af552775-devsite.readyship.co"
64.252.68.203 - - [20/Mar/2026:18:52:23 +0000] "GET /?p=11238 HTTP/1.1" 200 16624 "-" "Amazon CloudFront"
64.252.77.92 - - [20/Mar/2026:18:53:02 +0000] "GET /?feed=rss2&p=17437 HTTP/1.1" 200 508 "-" "Amazon CloudFront"
64.252.76.215 - - [20/Mar/2026:18:53:01 +0000] "GET /?feed=rss2&p=17449 HTTP/1.1" 200 513 "-" "Amazon CloudFront"
64.252.76.63 - - [20/Mar/2026:18:53:02 +0000] "GET /?feed=rss2&p=17447 HTTP/1.1" 200 532 "-" "Amazon CloudFront"
64.252.76.63 - - [20/Mar/2026:18:53:39 +0000] "GET /?feed=rss2&p=90504 HTTP/1.1" 200 494 "-" "Amazon CloudFront"
15.158.215.109 - - [20/Mar/2026:18:53:39 +0000] "POST /wp-cron.php?doing_wp_cron=1774032819.7430179119110107421875 HTTP/1.1" 200 - "https://69b4844ae61d4e92bf26ad98af552775-devsite.readyship.co/wp-cron.php?doing_wp_cron=1774032819.7430179119110107421875" "WordPress/5.1.19; https://69b4844ae61d4e92bf26ad98af552775-devsite.readyship.co"
64.252.77.92 - - [20/Mar/2026:18:53:39 +0000] "GET /?feed=rss2&p=90536 HTTP/1.1" 200 560 "-" "Amazon CloudFront"
64.252.76.63 - - [20/Mar/2026:18:53:40 +0000] "GET /?feed=rss2&p=17441 HTTP/1.1" 200 509 "-" "Amazon CloudFront"
64.252.89.111 - - [20/Mar/2026:18:54:18 +0000] "GET /?feed=rss2&p=14913 HTTP/1.1" 200 539 "-" "Amazon CloudFront"
64.252.88.79 - - [20/Mar/2026:18:54:20 +0000] "GET /?feed=rss2&p=14915 HTTP/1.1" 200 498 "-" "Amazon CloudFront"
64.252.76.215 - - [20/Mar/2026:18:54:21 +0000] "GET /?feed=rss2&p=17419 HTTP/1.1" 200 520 "-" "Amazon CloudFront"
15.158.215.109 - - [20/Mar/2026:18:54:22 +0000] "POST /wp-cron.php?doing_wp_cron=1774032862.0229969024658203125000 HTTP/1.1" 200 - "https://69b4844ae61d4e92bf26ad98af552775-devsite.readyship.co/wp-cron.php?doing_wp_cron=1774032862.0229969024658203125000" "WordPress/5.1.19; https://69b4844ae61d4e92bf26ad98af552775-devsite.readyship.co"
64.252.76.63 - - [20/Mar/2026:18:54:21 +0000] "GET /?feed=rss2&p=17423 HTTP/1.1" 200 512 "-" "Amazon CloudFront"
64.252.76.63 - - [20/Mar/2026:18:54:22 +0000] "GET /?feed=rss2&p=17427 HTTP/1.1" 200 518 "-" "Amazon CloudFront"
64.252.88.79 - - [20/Mar/2026:18:54:23 +0000] "GET /?feed=rss2&p=14917 HTTP/1.1" 200 530 "-" "Amazon CloudFront"
64.252.86.96 - - [20/Mar/2026:18:54:25 +0000] "GET /?feed=rss2&p=14919 HTTP/1.1" 200 520 "-" "Amazon CloudFront"
64.252.89.111 - - [20/Mar/2026:18:54:27 +0000] "GET /?feed=rss2&p=14921 HTTP/1.1" 200 506 "-" "Amazon CloudFront"
64.252.89.111 - - [20/Mar/2026:18:54:29 +0000] "GET /?feed=rss2&p=14923 HTTP/1.1" 200 540 "-" "Amazon CloudFront"
64.252.88.79 - - [20/Mar/2026:18:54:32 +0000] "GET /?feed=rss2&p=14925 HTTP/1.1" 200 509 "-" "Amazon CloudFront"
64.252.86.96 - - [20/Mar/2026:18:54:34 +0000] "GET /?feed=rss2&p=14927 HTTP/1.1" 200 516 "-" "Amazon CloudFront"
64.252.88.79 - - [20/Mar/2026:18:54:36 +0000] "GET /?feed=rss2&p=14929 HTTP/1.1" 200 519 "-" "Amazon CloudFront"
64.252.89.111 - - [20/Mar/2026:18:54:38 +0000] "GET /?feed=rss2&p=14931 HTTP/1.1" 200 494 "-" "Amazon CloudFront"
64.252.89.111 - - [20/Mar/2026:18:54:40 +0000] "GET /?feed=rss2&p=14933 HTTP/1.1" 200 538 "-" "Amazon CloudFront"
64.252.76.215 - - [20/Mar/2026:18:54:42 +0000] "GET /?feed=rss2&p=17411 HTTP/1.1" 200 517 "-" "Amazon CloudFront"
64.252.77.92 - - [20/Mar/2026:18:54:43 +0000] "GET /?feed=rss2&p=17443 HTTP/1.1" 200 512 "-" "Amazon CloudFront"
64.252.88.79 - - [20/Mar/2026:18:54:43 +0000] "GET /?feed=rss2&p=14935 HTTP/1.1" 200 544 "-" "Amazon CloudFront"
64.252.88.79 - - [20/Mar/2026:18:54:45 +0000] "GET /?feed=rss2&p=14937 HTTP/1.1" 200 516 "-" "Amazon CloudFront"
64.252.86.96 - - [20/Mar/2026:18:54:47 +0000] "GET /?feed=rss2&p=14939 HTTP/1.1" 200 503 "-" "Amazon CloudFront"
64.252.86.96 - - [20/Mar/2026:18:54:49 +0000] "GET /?feed=rss2&p=14941 HTTP/1.1" 200 495 "-" "Amazon CloudFront"
64.252.89.111 - - [20/Mar/2026:18:54:51 +0000] "GET /?feed=rss2&p=14943 HTTP/1.1" 200 551 "-" "Amazon CloudFront"
64.252.66.156 - - [20/Mar/2026:18:54:52 +0000] "GET /?p=11228 HTTP/1.1" 200 16897 "-" "Amazon CloudFront"
64.252.86.96 - - [20/Mar/2026:18:54:53 +0000] "GET /?feed=rss2&p=14945 HTTP/1.1" 200 501 "-" "Amazon CloudFront"
64.252.88.79 - - [20/Mar/2026:18:54:56 +0000] "GET /?feed=rss2&p=14947 HTTP/1.1" 200 508 "-" "Amazon CloudFront"
64.252.89.111 - - [20/Mar/2026:18:54:58 +0000] "GET /?feed=rss2&p=14949 HTTP/1.1" 200 513 "-" "Amazon CloudFront"
64.252.89.111 - - [20/Mar/2026:18:55:00 +0000] "GET /?feed=rss2&p=24526 HTTP/1.1" 200 514 "-" "Amazon CloudFront"
64.252.76.215 - - [20/Mar/2026:18:55:00 +0000] "GET /?feed=rss2&p=17421 HTTP/1.1" 200 497 "-" "Amazon CloudFront"
64.252.88.79 - - [20/Mar/2026:18:55:02 +0000] "GET /?feed=rss2&p=26177 HTTP/1.1" 200 500 "-" "Amazon CloudFront"
64.252.86.96 - - [20/Mar/2026:18:55:05 +0000] "GET /?feed=rss2&p=26801 HTTP/1.1" 200 498 "-" "Amazon CloudFront"
64.252.86.96 - - [20/Mar/2026:18:55:07 +0000] "GET /?feed=rss2&p=31039 HTTP/1.1" 200 556 "-" "Amazon CloudFront"
64.252.88.79 - - [20/Mar/2026:18:55:09 +0000] "GET /?feed=rss2&p=32838 HTTP/1.1" 200 497 "-" "Amazon CloudFront"
64.252.88.79 - - [20/Mar/2026:18:55:11 +0000] "GET /?feed=rss2&p=34132 HTTP/1.1" 200 519 "-" "Amazon CloudFront"
64.252.86.96 - - [20/Mar/2026:18:55:13 +0000] "GET /?feed=rss2&p=44684 HTTP/1.1" 200 591 "-" "Amazon CloudFront"
64.252.88.79 - - [20/Mar/2026:18:55:15 +0000] "GET /?feed=rss2&p=45497 HTTP/1.1" 200 504 "-" "Amazon CloudFront"
15.158.215.109 - - [20/Mar/2026:18:55:30 +0000] "POST /wp-cron.php?doing_wp_cron=1774032930.5270390510559082031250 HTTP/1.1" 200 - "https://69b4844ae61d4e92bf26ad98af552775-devsite.readyship.co/wp-cron.php?doing_wp_cron=1774032930.5270390510559082031250" "WordPress/5.1.19; https://69b4844ae61d4e92bf26ad98af552775-devsite.readyship.co"
64.252.88.79 - - [20/Mar/2026:18:55:30 +0000] "GET /?feed=rss2&p=46206 HTTP/1.1" 200 527 "-" "Amazon CloudFront"
64.252.86.96 - - [20/Mar/2026:18:55:33 +0000] "GET /?feed=rss2&p=49098 HTTP/1.1" 200 526 "-" "Amazon CloudFront"
64.252.89.111 - - [20/Mar/2026:18:55:35 +0000] "GET /?feed=rss2&p=51346 HTTP/1.1" 200 521 "-" "Amazon CloudFront"
64.252.88.79 - - [20/Mar/2026:18:55:38 +0000] "GET /?feed=rss2&p=70264 HTTP/1.1" 200 488 "-" "Amazon CloudFront"
64.252.76.215 - - [20/Mar/2026:18:55:37 +0000] "GET /?cat=1&paged=3914 HTTP/1.1" 200 11431 "-" "Amazon CloudFront"
64.252.88.79 - - [20/Mar/2026:18:55:40 +0000] "GET /?feed=rss2&p=71102 HTTP/1.1" 200 519 "-" "Amazon CloudFront"
64.252.88.79 - - [20/Mar/2026:18:55:42 +0000] "GET /?feed=rss2&p=72279 HTTP/1.1" 200 491 "-" "Amazon CloudFront"
64.252.77.92 - - [20/Mar/2026:18:55:38 +0000] "GET /?cat=1&paged=3913 HTTP/1.1" 200 11339 "-" "Amazon CloudFront"
64.252.86.96 - - [20/Mar/2026:18:55:44 +0000] "GET /?feed=rss2&p=73054 HTTP/1.1" 200 506 "-" "Amazon CloudFront"
64.252.88.79 - - [20/Mar/2026:18:55:46 +0000] "GET /?p=14951 HTTP/1.1" 200 14594 "-" "Amazon CloudFront"
64.252.89.111 - - [20/Mar/2026:18:55:49 +0000] "GET /?p=14953 HTTP/1.1" 200 14386 "-" "Amazon CloudFront"
64.252.86.96 - - [20/Mar/2026:18:55:51 +0000] "GET /?p=14955 HTTP/1.1" 200 15263 "-" "Amazon CloudFront"
64.252.86.96 - - [20/Mar/2026:18:55:54 +0000] "GET /?p=14957 HTTP/1.1" 200 14637 "-" "Amazon CloudFront"
64.252.86.96 - - [20/Mar/2026:18:55:57 +0000] "GET /?p=14959 HTTP/1.1" 200 14961 "-" "Amazon CloudFront"
64.252.86.96 - - [20/Mar/2026:18:55:59 +0000] "GET /?p=14961 HTTP/1.1" 200 14453 "-" "Amazon CloudFront"
64.252.76.63 - - [20/Mar/2026:18:56:02 +0000] "GET /?feed=rss2&p=17415 HTTP/1.1" 200 541 "-" "Amazon CloudFront"
64.252.76.215 - - [20/Mar/2026:18:56:02 +0000] "GET /?feed=rss2&p=17431 HTTP/1.1" 200 504 "-" "Amazon CloudFront"
64.252.88.79 - - [20/Mar/2026:18:56:02 +0000] "GET /?p=14963 HTTP/1.1" 200 14548 "-" "Amazon CloudFront"
64.252.76.63 - - [20/Mar/2026:18:56:03 +0000] "GET /?feed=rss2&p=17417 HTTP/1.1" 200 501 "-" "Amazon CloudFront"
64.252.89.111 - - [20/Mar/2026:18:56:04 +0000] "GET /?p=14965 HTTP/1.1" 200 14187 "-" "Amazon CloudFront"
64.252.88.79 - - [20/Mar/2026:18:56:07 +0000] "GET /?p=14967 HTTP/1.1" 200 14798 "-" "Amazon CloudFront"
64.252.89.111 - - [20/Mar/2026:18:56:09 +0000] "GET /?p=14969 HTTP/1.1" 200 14469 "-" "Amazon CloudFront"
64.252.86.96 - - [20/Mar/2026:18:56:12 +0000] "GET /?p=14971 HTTP/1.1" 200 15175 "-" "Amazon CloudFront"
64.252.86.96 - - [20/Mar/2026:18:56:15 +0000] "GET /?p=14973 HTTP/1.1" 200 14559 "-" "Amazon CloudFront"
64.252.77.92 - - [20/Mar/2026:18:56:17 +0000] "GET /?feed=rss2&p=17413 HTTP/1.1" 200 505 "-" "Amazon CloudFront"
64.252.76.63 - - [20/Mar/2026:18:56:17 +0000] "GET /?feed=rss2&p=17425 HTTP/1.1" 200 530 "-" "Amazon CloudFront"
64.252.77.92 - - [20/Mar/2026:18:56:17 +0000] "GET /?feed=rss2&p=17429 HTTP/1.1" 200 498 "-" "Amazon CloudFront"
64.252.89.111 - - [20/Mar/2026:18:56:17 +0000] "GET /?p=14975 HTTP/1.1" 200 14758 "-" "Amazon CloudFront"
64.252.86.96 - - [20/Mar/2026:18:56:20 +0000] "GET /?p=14977 HTTP/1.1" 200 14658 "-" "Amazon CloudFront"
15.158.215.109 - - [20/Mar/2026:18:56:23 +0000] "POST /wp-cron.php?doing_wp_cron=1774032983.1935439109802246093750 HTTP/1.1" 200 - "https://69b4844ae61d4e92bf26ad98af552775-devsite.readyship.co/wp-cron.php?doing_wp_cron=1774032983.1935439109802246093750" "WordPress/5.1.19; https://69b4844ae61d4e92bf26ad98af552775-devsite.readyship.co"
64.252.86.96 - - [20/Mar/2026:18:56:22 +0000] "GET /?p=14979 HTTP/1.1" 200 14611 "-" "Amazon CloudFront"
64.252.88.79 - - [20/Mar/2026:18:56:26 +0000] "GET /?p=14981 HTTP/1.1" 200 14259 "-" "Amazon CloudFront"
64.252.86.96 - - [20/Mar/2026:18:56:28 +0000] "GET /?p=14983 HTTP/1.1" 200 14969 "-" "Amazon CloudFront"
64.252.86.96 - - [20/Mar/2026:18:56:31 +0000] "GET /?p=14985 HTTP/1.1" 200 14795 "-" "Amazon CloudFront"
64.252.86.96 - - [20/Mar/2026:18:56:33 +0000] "GET /?p=14987 HTTP/1.1" 200 14455 "-" "Amazon CloudFront"
64.252.86.96 - - [20/Mar/2026:18:56:36 +0000] "GET /?p=14988 HTTP/1.1" 200 15338 "-" "Amazon CloudFront"
64.252.86.96 - - [20/Mar/2026:18:56:39 +0000] "GET /?p=24524 HTTP/1.1" 200 14624 "-" "Amazon CloudFront"
64.252.86.96 - - [20/Mar/2026:18:56:41 +0000] "GET /?p=26179 HTTP/1.1" 200 14375 "-" "Amazon CloudFront"
64.252.86.96 - - [20/Mar/2026:18:56:44 +0000] "GET /?p=26799 HTTP/1.1" 200 21488 "-" "Amazon CloudFront"
64.252.89.111 - - [20/Mar/2026:18:56:47 +0000] "GET /?p=31041 HTTP/1.1" 200 20945 "-" "Amazon CloudFront"
64.252.89.111 - - [20/Mar/2026:18:56:49 +0000] "GET /?p=32836 HTTP/1.1" 200 18060 "-" "Amazon CloudFront"
64.252.86.96 - - [20/Mar/2026:18:56:52 +0000] "GET /?p=34134 HTTP/1.1" 200 16108 "-" "Amazon CloudFront"
64.252.89.111 - - [20/Mar/2026:18:56:55 +0000] "GET /?p=44686 HTTP/1.1" 200 22176 "-" "Amazon CloudFront"
64.252.89.111 - - [20/Mar/2026:18:56:57 +0000] "GET /?p=45495 HTTP/1.1" 200 18018 "-" "Amazon CloudFront"
64.252.88.79 - - [20/Mar/2026:18:57:00 +0000] "GET /?p=46210 HTTP/1.1" 200 16059 "-" "Amazon CloudFront"
64.252.88.79 - - [20/Mar/2026:18:57:03 +0000] "GET /?p=49100 HTTP/1.1" 200 14130 "-" "Amazon CloudFront"
64.252.86.96 - - [20/Mar/2026:18:57:05 +0000] "GET /?p=51344 HTTP/1.1" 200 14389 "-" "Amazon CloudFront"
64.252.89.111 - - [20/Mar/2026:18:57:08 +0000] "GET /?p=54114 HTTP/1.1" 200 14679 "-" "Amazon CloudFront"
64.252.86.96 - - [20/Mar/2026:18:57:10 +0000] "GET /?p=54122 HTTP/1.1" 200 14313 "-" "Amazon CloudFront"
64.252.86.96 - - [20/Mar/2026:18:57:13 +0000] "GET /?p=70046 HTTP/1.1" 200 14148 "-" "Amazon CloudFront"
64.252.89.111 - - [20/Mar/2026:18:57:16 +0000] "GET /?p=70262 HTTP/1.1" 200 14421 "-" "Amazon CloudFront"
64.252.88.79 - - [20/Mar/2026:18:57:18 +0000] "GET /?p=71104 HTTP/1.1" 200 15077 "-" "Amazon CloudFront"
64.252.89.111 - - [20/Mar/2026:18:57:21 +0000] "GET /?p=72277 HTTP/1.1" 200 16809 "-" "Amazon CloudFront"
15.158.215.109 - - [20/Mar/2026:18:57:24 +0000] "POST /wp-cron.php?doing_wp_cron=1774033044.5217669010162353515625 HTTP/1.1" 200 - "https://69b4844ae61d4e92bf26ad98af552775-devsite.readyship.co/wp-cron.php?doing_wp_cron=1774033044.5217669010162353515625" "WordPress/5.1.19; https://69b4844ae61d4e92bf26ad98af552775-devsite.readyship.co"
64.252.89.111 - - [20/Mar/2026:18:57:24 +0000] "GET /?p=73056 HTTP/1.1" 200 16994 "-" "Amazon CloudFront"
64.252.89.111 - - [20/Mar/2026:18:57:27 +0000] "GET /?p=90486 HTTP/1.1" 200 25014 "-" "Amazon CloudFront"
64.252.88.79 - - [20/Mar/2026:18:57:29 +0000] "GET /?p=90488 HTTP/1.1" 200 16297 "-" "Amazon CloudFront"
64.252.89.111 - - [20/Mar/2026:18:57:32 +0000] "GET /?p=90490 HTTP/1.1" 200 18086 "-" "Amazon CloudFront"
64.252.89.111 - - [20/Mar/2026:18:57:35 +0000] "GET /?p=90492 HTTP/1.1" 200 15381 "-" "Amazon CloudFront"
64.252.89.111 - - [20/Mar/2026:18:57:37 +0000] "GET /?p=90494 HTTP/1.1" 200 14857 "-" "Amazon CloudFront"
64.252.89.111 - - [20/Mar/2026:18:57:40 +0000] "GET /?p=90496 HTTP/1.1" 200 16086 "-" "Amazon CloudFront"
64.252.86.96 - - [20/Mar/2026:18:57:43 +0000] "GET /?p=90498 HTTP/1.1" 200 16118 "-" "Amazon CloudFront"
64.252.89.111 - - [20/Mar/2026:18:57:45 +0000] "GET /?p=90500 HTTP/1.1" 200 17420 "-" "Amazon CloudFront"
64.252.86.96 - - [20/Mar/2026:18:57:48 +0000] "GET /?p=90502 HTTP/1.1" 200 15580 "-" "Amazon CloudFront"
64.252.86.96 - - [20/Mar/2026:18:57:50 +0000] "GET /?p=90504 HTTP/1.1" 200 18336 "-" "Amazon CloudFront"
64.252.86.96 - - [20/Mar/2026:18:57:53 +0000] "GET /?p=90506 HTTP/1.1" 200 23496 "-" "Amazon CloudFront"
64.252.88.79 - - [20/Mar/2026:18:57:56 +0000] "GET /?p=90508 HTTP/1.1" 200 24429 "-" "Amazon CloudFront"
64.252.86.96 - - [20/Mar/2026:18:57:59 +0000] "GET /?p=90510 HTTP/1.1" 200 14803 "-" "Amazon CloudFront"
64.252.88.79 - - [20/Mar/2026:18:58:01 +0000] "GET /?p=90512 HTTP/1.1" 200 17693 "-" "Amazon CloudFront"
64.252.89.111 - - [20/Mar/2026:18:58:04 +0000] "GET /?p=90514 HTTP/1.1" 200 20470 "-" "Amazon CloudFront"
64.252.86.96 - - [20/Mar/2026:18:58:06 +0000] "GET /?p=90516 HTTP/1.1" 200 22083 "-" "Amazon CloudFront"
64.252.89.111 - - [20/Mar/2026:18:58:09 +0000] "GET /?p=90518 HTTP/1.1" 200 26597 "-" "Amazon CloudFront"
64.252.88.79 - - [20/Mar/2026:18:58:12 +0000] "GET /?p=90520 HTTP/1.1" 200 17244 "-" "Amazon CloudFront"
64.252.89.111 - - [20/Mar/2026:18:58:14 +0000] "GET /?paged=306&cat=1 HTTP/1.1" 200 11108 "-" "Amazon CloudFront"
64.252.89.111 - - [20/Mar/2026:18:58:17 +0000] "GET /?paged=307&cat=1 HTTP/1.1" 200 11069 "-" "Amazon CloudFront"
64.252.86.96 - - [20/Mar/2026:18:58:20 +0000] "GET /?paged=317&page_id=2807 HTTP/1.1" 200 11393 "-" "Amazon CloudFront"
15.158.215.109 - - [20/Mar/2026:18:58:23 +0000] "POST /wp-cron.php?doing_wp_cron=1774033103.2094879150390625000000 HTTP/1.1" 200 - "https://69b4844ae61d4e92bf26ad98af552775-devsite.readyship.co/wp-cron.php?doing_wp_cron=1774033103.2094879150390625000000" "WordPress/5.1.19; https://69b4844ae61d4e92bf26ad98af552775-devsite.readyship.co"
64.252.86.96 - - [20/Mar/2026:18:58:22 +0000] "GET /?paged=318&page_id=2807 HTTP/1.1" 200 11489 "-" "Amazon CloudFront"
64.252.89.111 - - [20/Mar/2026:18:58:26 +0000] "GET /?paged=4038&cat=1 HTTP/1.1" 200 11321 "-" "Amazon CloudFront"
64.252.86.96 - - [20/Mar/2026:18:58:29 +0000] "GET /?paged=4039&cat=1 HTTP/1.1" 200 11300 "-" "Amazon CloudFront"
64.252.89.111 - - [20/Mar/2026:18:58:31 +0000] "GET /?paged=4193&page_id=2807 HTTP/1.1" 200 11370 "-" "Amazon CloudFront"
