15.158.215.109 - - [20/Mar/2026:21:41:28 +0000] "POST /wp-cron.php?doing_wp_cron=1774042888.6609869003295898437500 HTTP/1.1" 200 - "https://69b4844ae61d4e92bf26ad98af552775-devsite.readyship.co/wp-cron.php?doing_wp_cron=1774042888.6609869003295898437500" "WordPress/5.1.19; https://69b4844ae61d4e92bf26ad98af552775-devsite.readyship.co"
64.252.66.156 - - [20/Mar/2026:21:41:28 +0000] "GET /?p=36076 HTTP/1.1" 200 19205 "-" "Amazon CloudFront"
15.158.215.109 - - [20/Mar/2026:21:43:38 +0000] "POST /wp-cron.php?doing_wp_cron=1774043018.4201979637145996093750 HTTP/1.1" 200 - "https://69b4844ae61d4e92bf26ad98af552775-devsite.readyship.co/wp-cron.php?doing_wp_cron=1774043018.4201979637145996093750" "WordPress/5.1.19; https://69b4844ae61d4e92bf26ad98af552775-devsite.readyship.co"
64.252.68.203 - - [20/Mar/2026:21:43:38 +0000] "GET /?cat=170 HTTP/1.1" 200 10676 "-" "Amazon CloudFront"
15.158.215.109 - - [20/Mar/2026:21:45:00 +0000] "POST /wp-cron.php?doing_wp_cron=1774043100.7379560470581054687500 HTTP/1.1" 200 - "https://69b4844ae61d4e92bf26ad98af552775-devsite.readyship.co/wp-cron.php?doing_wp_cron=1774043100.7379560470581054687500" "WordPress/5.1.19; https://69b4844ae61d4e92bf26ad98af552775-devsite.readyship.co"
64.252.66.156 - - [20/Mar/2026:21:45:00 +0000] "GET /?p=13701 HTTP/1.1" 200 14622 "-" "Amazon CloudFront"
15.158.215.109 - - [20/Mar/2026:21:45:24 +0000] "POST /wp-cron.php?doing_wp_cron=1774043124.7451748847961425781250 HTTP/1.1" 200 - "https://69b4844ae61d4e92bf26ad98af552775-devsite.readyship.co/wp-cron.php?doing_wp_cron=1774043124.7451748847961425781250" "WordPress/5.1.19; https://69b4844ae61d4e92bf26ad98af552775-devsite.readyship.co"
64.252.68.139 - - [20/Mar/2026:21:45:24 +0000] "GET /?page_id=2807&paged=4539 HTTP/1.1" 200 10475 "-" "Amazon CloudFront"
15.158.215.109 - - [20/Mar/2026:21:47:31 +0000] "POST /wp-cron.php?doing_wp_cron=1774043251.5331799983978271484375 HTTP/1.1" 200 - "https://69b4844ae61d4e92bf26ad98af552775-devsite.readyship.co/wp-cron.php?doing_wp_cron=1774043251.5331799983978271484375" "WordPress/5.1.19; https://69b4844ae61d4e92bf26ad98af552775-devsite.readyship.co"
64.252.66.156 - - [20/Mar/2026:21:47:31 +0000] "GET /?p=7919 HTTP/1.1" 200 22315 "-" "Amazon CloudFront"
130.176.187.149 - - [20/Mar/2026:21:47:57 +0000] "GET /wp-login.php HTTP/1.1" 200 1185 "https://69b4844ae61d4e92bf26ad98af552775-devsite.readyship.co/" "Mozilla/5.0 (Windows NT 10.0; Win64; x64) AppleWebKit/537.36 (KHTML, like Gecko) Chrome/143.0.0.0 Safari/537.36"
64.252.103.187 - - [20/Mar/2026:21:47:58 +0000] "GET /wp-includes/css/dashicons.min.css?ver=5.1.19 HTTP/1.1" 200 28661 "-" "Amazon CloudFront"
130.176.187.149 - - [20/Mar/2026:21:48:00 +0000] "POST /wp-login.php HTTP/1.1" 200 1575 "https://69b4844ae61d4e92bf26ad98af552775-devsite.readyship.co/wp-login.php" "Mozilla/5.0 (Windows NT 10.0; Win64; x64) AppleWebKit/537.36 (KHTML, like Gecko) Chrome/143.0.0.0 Safari/537.36"
130.176.187.149 - - [20/Mar/2026:21:48:09 +0000] "POST /xmlrpc.php HTTP/1.1" 200 231 "-" "Mozilla/5.0 (Windows NT 10.0; Win64; x64) AppleWebKit/537.36 (KHTML, like Gecko) Chrome/143.0.0.0 Safari/537.36"
15.158.215.109 - - [20/Mar/2026:21:49:23 +0000] "POST /wp-cron.php?doing_wp_cron=1774043363.2713251113891601562500 HTTP/1.1" 200 - "https://69b4844ae61d4e92bf26ad98af552775-devsite.readyship.co/wp-cron.php?doing_wp_cron=1774043363.2713251113891601562500" "WordPress/5.1.19; https://69b4844ae61d4e92bf26ad98af552775-devsite.readyship.co"
64.252.68.102 - - [20/Mar/2026:21:49:22 +0000] "GET /?p=7904 HTTP/1.1" 200 22699 "-" "Amazon CloudFront"
64.252.77.92 - - [20/Mar/2026:21:49:58 +0000] "GET /?p=38762 HTTP/1.1" 200 16300 "-" "Amazon CloudFront"
15.158.215.109 - - [20/Mar/2026:21:51:34 +0000] "POST /wp-cron.php?doing_wp_cron=1774043494.1730980873107910156250 HTTP/1.1" 200 - "https://69b4844ae61d4e92bf26ad98af552775-devsite.readyship.co/wp-cron.php?doing_wp_cron=1774043494.1730980873107910156250" "WordPress/5.1.19; https://69b4844ae61d4e92bf26ad98af552775-devsite.readyship.co"
64.252.77.92 - - [20/Mar/2026:21:51:33 +0000] "GET /?feed=rss2&p=17495 HTTP/1.1" 200 532 "-" "Amazon CloudFront"
15.158.215.109 - - [20/Mar/2026:21:51:56 +0000] "POST /wp-cron.php?doing_wp_cron=1774043516.1309909820556640625000 HTTP/1.1" 200 - "https://69b4844ae61d4e92bf26ad98af552775-devsite.readyship.co/wp-cron.php?doing_wp_cron=1774043516.1309909820556640625000" "WordPress/5.1.19; https://69b4844ae61d4e92bf26ad98af552775-devsite.readyship.co"
64.252.77.92 - - [20/Mar/2026:21:51:55 +0000] "GET /?feed=rss2&p=17491 HTTP/1.1" 200 529 "-" "Amazon CloudFront"
64.252.77.92 - - [20/Mar/2026:21:51:56 +0000] "GET /?feed=rss2&p=90434 HTTP/1.1" 200 519 "-" "Amazon CloudFront"
15.158.215.109 - - [20/Mar/2026:21:53:22 +0000] "POST /wp-cron.php?doing_wp_cron=1774043602.6162569522857666015625 HTTP/1.1" 200 - "https://69b4844ae61d4e92bf26ad98af552775-devsite.readyship.co/wp-cron.php?doing_wp_cron=1774043602.6162569522857666015625" "WordPress/5.1.19; https://69b4844ae61d4e92bf26ad98af552775-devsite.readyship.co"
64.252.76.63 - - [20/Mar/2026:21:53:22 +0000] "GET /?feed=rss2&p=90436 HTTP/1.1" 200 539 "-" "Amazon CloudFront"
15.158.215.109 - - [20/Mar/2026:21:55:07 +0000] "POST /wp-cron.php?doing_wp_cron=1774043707.1581590175628662109375 HTTP/1.1" 200 - "https://69b4844ae61d4e92bf26ad98af552775-devsite.readyship.co/wp-cron.php?doing_wp_cron=1774043707.1581590175628662109375" "WordPress/5.1.19; https://69b4844ae61d4e92bf26ad98af552775-devsite.readyship.co"
64.252.77.92 - - [20/Mar/2026:21:55:06 +0000] "GET /?feed=rss2&p=90452 HTTP/1.1" 200 533 "-" "Amazon CloudFront"
15.158.215.109 - - [20/Mar/2026:21:55:32 +0000] "POST /wp-cron.php?doing_wp_cron=1774043732.5156750679016113281250 HTTP/1.1" 200 - "https://69b4844ae61d4e92bf26ad98af552775-devsite.readyship.co/wp-cron.php?doing_wp_cron=1774043732.5156750679016113281250" "WordPress/5.1.19; https://69b4844ae61d4e92bf26ad98af552775-devsite.readyship.co"
64.252.76.215 - - [20/Mar/2026:21:55:32 +0000] "GET /?feed=rss2&p=38760 HTTP/1.1" 200 535 "-" "Amazon CloudFront"
64.252.66.156 - - [20/Mar/2026:21:55:32 +0000] "GET /?page_id=2807&paged=13 HTTP/1.1" 200 11263 "-" "Amazon CloudFront"
64.252.68.139 - - [20/Mar/2026:21:55:51 +0000] "GET /?cat=109 HTTP/1.1" 200 9711 "-" "Amazon CloudFront"
15.158.215.109 - - [20/Mar/2026:21:57:49 +0000] "POST /wp-cron.php?doing_wp_cron=1774043869.1953148841857910156250 HTTP/1.1" 200 - "https://69b4844ae61d4e92bf26ad98af552775-devsite.readyship.co/wp-cron.php?doing_wp_cron=1774043869.1953148841857910156250" "WordPress/5.1.19; https://69b4844ae61d4e92bf26ad98af552775-devsite.readyship.co"
64.252.68.203 - - [20/Mar/2026:21:57:48 +0000] "GET /?cat=104&paged=86 HTTP/1.1" 200 11013 "-" "Amazon CloudFront"
64.252.66.156 - - [20/Mar/2026:21:57:55 +0000] "GET /?feed=rss2&p=17501 HTTP/1.1" 200 511 "-" "Amazon CloudFront"
15.158.215.109 - - [20/Mar/2026:21:59:23 +0000] "POST /wp-cron.php?doing_wp_cron=1774043963.2266340255737304687500 HTTP/1.1" 200 - "https://69b4844ae61d4e92bf26ad98af552775-devsite.readyship.co/wp-cron.php?doing_wp_cron=1774043963.2266340255737304687500" "WordPress/5.1.19; https://69b4844ae61d4e92bf26ad98af552775-devsite.readyship.co"
64.252.76.215 - - [20/Mar/2026:21:59:22 +0000] "GET /?feed=rss2&p=90446 HTTP/1.1" 200 526 "-" "Amazon CloudFront"
18.68.8.18 - - [20/Mar/2026:21:59:48 +0000] "POST /xmlrpc.php HTTP/1.1" 200 403 "-" "Mozilla/5.0 (Windows NT 10.0; Win64; x64) AppleWebKit/537.36 (KHTML, like Gecko) Chrome/114.0.0.0 Safari/537.36"
18.68.8.18 - - [20/Mar/2026:21:59:50 +0000] "POST /xmlrpc.php HTTP/1.1" 200 403 "-" "Mozilla/5.0 (Windows NT 10.0; Win64; x64) AppleWebKit/537.36 (KHTML, like Gecko) Chrome/114.0.0.0 Safari/537.36"
64.252.126.50 - - [20/Mar/2026:22:00:09 +0000] "GET /?feed=rss2&p=14951 HTTP/1.1" 200 537 "-" "Amazon CloudFront"
64.252.126.48 - - [20/Mar/2026:22:00:11 +0000] "GET /?feed=rss2&p=14953 HTTP/1.1" 200 501 "-" "Amazon CloudFront"
64.252.66.156 - - [20/Mar/2026:22:00:12 +0000] "GET /?cat=1&paged=4326 HTTP/1.1" 200 11261 "-" "Amazon CloudFront"
64.252.126.120 - - [20/Mar/2026:22:00:15 +0000] "GET /?feed=rss2&p=14955 HTTP/1.1" 200 520 "-" "Amazon CloudFront"
64.252.126.48 - - [20/Mar/2026:22:00:17 +0000] "GET /?feed=rss2&p=14957 HTTP/1.1" 200 542 "-" "Amazon CloudFront"
64.252.126.50 - - [20/Mar/2026:22:00:19 +0000] "GET /?feed=rss2&p=14959 HTTP/1.1" 200 532 "-" "Amazon CloudFront"
15.158.215.109 - - [20/Mar/2026:22:00:22 +0000] "POST /wp-cron.php?doing_wp_cron=1774044022.2431099414825439453125 HTTP/1.1" 200 - "https://69b4844ae61d4e92bf26ad98af552775-devsite.readyship.co/wp-cron.php?doing_wp_cron=1774044022.2431099414825439453125" "WordPress/5.1.19; https://69b4844ae61d4e92bf26ad98af552775-devsite.readyship.co"
64.252.126.50 - - [20/Mar/2026:22:00:21 +0000] "GET /?feed=rss2&p=14961 HTTP/1.1" 200 511 "-" "Amazon CloudFront"
64.252.126.48 - - [20/Mar/2026:22:00:24 +0000] "GET /?feed=rss2&p=14963 HTTP/1.1" 200 537 "-" "Amazon CloudFront"
64.252.126.48 - - [20/Mar/2026:22:00:27 +0000] "GET /?feed=rss2&p=14965 HTTP/1.1" 200 521 "-" "Amazon CloudFront"
64.252.126.120 - - [20/Mar/2026:22:00:29 +0000] "GET /?feed=rss2&p=14967 HTTP/1.1" 200 550 "-" "Amazon CloudFront"
64.252.126.50 - - [20/Mar/2026:22:00:31 +0000] "GET /?feed=rss2&p=14969 HTTP/1.1" 200 520 "-" "Amazon CloudFront"
64.252.126.120 - - [20/Mar/2026:22:00:36 +0000] "GET /?feed=rss2&p=14971 HTTP/1.1" 200 516 "-" "Amazon CloudFront"
64.252.126.50 - - [20/Mar/2026:22:00:38 +0000] "GET /?feed=rss2&p=14973 HTTP/1.1" 200 501 "-" "Amazon CloudFront"
64.252.126.48 - - [20/Mar/2026:22:00:41 +0000] "GET /?feed=rss2&p=14975 HTTP/1.1" 200 502 "-" "Amazon CloudFront"
64.252.126.120 - - [20/Mar/2026:22:00:43 +0000] "GET /?feed=rss2&p=14977 HTTP/1.1" 200 520 "-" "Amazon CloudFront"
64.252.126.120 - - [20/Mar/2026:22:00:45 +0000] "GET /?feed=rss2&p=14979 HTTP/1.1" 200 499 "-" "Amazon CloudFront"
64.252.126.48 - - [20/Mar/2026:22:00:49 +0000] "GET /?feed=rss2&p=14981 HTTP/1.1" 200 540 "-" "Amazon CloudFront"
64.252.126.50 - - [20/Mar/2026:22:00:51 +0000] "GET /?feed=rss2&p=14983 HTTP/1.1" 200 502 "-" "Amazon CloudFront"
64.252.126.120 - - [20/Mar/2026:22:00:53 +0000] "GET /?feed=rss2&p=14985 HTTP/1.1" 200 520 "-" "Amazon CloudFront"
64.252.126.50 - - [20/Mar/2026:22:00:56 +0000] "GET /?feed=rss2&p=14987 HTTP/1.1" 200 514 "-" "Amazon CloudFront"
64.252.126.48 - - [20/Mar/2026:22:00:57 +0000] "GET /?feed=rss2&p=14988 HTTP/1.1" 200 495 "-" "Amazon CloudFront"
64.252.126.50 - - [20/Mar/2026:22:01:00 +0000] "GET /?feed=rss2&p=24524 HTTP/1.1" 200 509 "-" "Amazon CloudFront"
64.252.126.120 - - [20/Mar/2026:22:01:02 +0000] "GET /?feed=rss2&p=26179 HTTP/1.1" 200 506 "-" "Amazon CloudFront"
64.252.126.120 - - [20/Mar/2026:22:01:05 +0000] "GET /?feed=rss2&p=26799 HTTP/1.1" 200 556 "-" "Amazon CloudFront"
64.252.126.48 - - [20/Mar/2026:22:01:07 +0000] "GET /?feed=rss2&p=31041 HTTP/1.1" 200 555 "-" "Amazon CloudFront"
64.252.126.120 - - [20/Mar/2026:22:01:09 +0000] "GET /?feed=rss2&p=32836 HTTP/1.1" 200 526 "-" "Amazon CloudFront"
64.252.126.50 - - [20/Mar/2026:22:01:11 +0000] "GET /?feed=rss2&p=34134 HTTP/1.1" 200 521 "-" "Amazon CloudFront"
64.252.126.48 - - [20/Mar/2026:22:01:13 +0000] "GET /?feed=rss2&p=44686 HTTP/1.1" 200 498 "-" "Amazon CloudFront"
64.252.126.50 - - [20/Mar/2026:22:01:15 +0000] "GET /?feed=rss2&p=45495 HTTP/1.1" 200 479 "-" "Amazon CloudFront"
64.252.126.120 - - [20/Mar/2026:22:01:17 +0000] "GET /?feed=rss2&p=46210 HTTP/1.1" 200 500 "-" "Amazon CloudFront"
64.252.126.48 - - [20/Mar/2026:22:01:19 +0000] "GET /?feed=rss2&p=49100 HTTP/1.1" 200 497 "-" "Amazon CloudFront"
64.252.126.120 - - [20/Mar/2026:22:01:21 +0000] "GET /?feed=rss2&p=51344 HTTP/1.1" 200 513 "-" "Amazon CloudFront"
15.158.215.109 - - [20/Mar/2026:22:01:23 +0000] "POST /wp-cron.php?doing_wp_cron=1774044083.7472050189971923828125 HTTP/1.1" 200 - "https://69b4844ae61d4e92bf26ad98af552775-devsite.readyship.co/wp-cron.php?doing_wp_cron=1774044083.7472050189971923828125" "WordPress/5.1.19; https://69b4844ae61d4e92bf26ad98af552775-devsite.readyship.co"
64.252.126.120 - - [20/Mar/2026:22:01:23 +0000] "GET /?feed=rss2&p=70262 HTTP/1.1" 200 502 "-" "Amazon CloudFront"
64.252.126.50 - - [20/Mar/2026:22:01:26 +0000] "GET /?feed=rss2&p=90512 HTTP/1.1" 200 512 "-" "Amazon CloudFront"
64.252.126.48 - - [20/Mar/2026:22:01:28 +0000] "GET /?feed=rss2&p=90514 HTTP/1.1" 200 528 "-" "Amazon CloudFront"
64.252.126.120 - - [20/Mar/2026:22:01:30 +0000] "GET /?feed=rss2&p=90516 HTTP/1.1" 200 528 "-" "Amazon CloudFront"
64.252.126.48 - - [20/Mar/2026:22:01:32 +0000] "GET /?feed=rss2&p=90518 HTTP/1.1" 200 608 "-" "Amazon CloudFront"
64.252.126.120 - - [20/Mar/2026:22:01:34 +0000] "GET /?feed=rss2&p=90520 HTTP/1.1" 200 511 "-" "Amazon CloudFront"
64.252.126.50 - - [20/Mar/2026:22:01:37 +0000] "GET /?p=14991 HTTP/1.1" 200 14656 "-" "Amazon CloudFront"
64.252.126.120 - - [20/Mar/2026:22:01:39 +0000] "GET /?p=14993 HTTP/1.1" 200 14587 "-" "Amazon CloudFront"
64.252.126.120 - - [20/Mar/2026:22:01:43 +0000] "GET /?p=14995 HTTP/1.1" 200 14478 "-" "Amazon CloudFront"
64.252.126.48 - - [20/Mar/2026:22:01:46 +0000] "GET /?p=14997 HTTP/1.1" 200 15015 "-" "Amazon CloudFront"
64.252.126.120 - - [20/Mar/2026:22:01:48 +0000] "GET /?p=14999 HTTP/1.1" 200 14440 "-" "Amazon CloudFront"
64.252.126.120 - - [20/Mar/2026:22:01:51 +0000] "GET /?p=15001 HTTP/1.1" 200 14526 "-" "Amazon CloudFront"
64.252.126.50 - - [20/Mar/2026:22:01:54 +0000] "GET /?p=15003 HTTP/1.1" 200 14804 "-" "Amazon CloudFront"
64.252.126.120 - - [20/Mar/2026:22:01:57 +0000] "GET /?p=15005 HTTP/1.1" 200 14846 "-" "Amazon CloudFront"
64.252.126.120 - - [20/Mar/2026:22:02:00 +0000] "GET /?p=15007 HTTP/1.1" 200 14344 "-" "Amazon CloudFront"
64.252.126.120 - - [20/Mar/2026:22:02:00 +0000] "GET /?p=15007 HTTP/1.1" 200 14344 "-" "Amazon CloudFront"
64.252.126.48 - - [20/Mar/2026:22:02:04 +0000] "GET /?p=15009 HTTP/1.1" 200 14528 "-" "Amazon CloudFront"
64.252.126.48 - - [20/Mar/2026:22:02:04 +0000] "GET /?p=15009 HTTP/1.1" 200 14528 "-" "Amazon CloudFront"
64.252.126.50 - - [20/Mar/2026:22:02:07 +0000] "GET /?p=15011 HTTP/1.1" 200 14233 "-" "Amazon CloudFront"
64.252.68.139 - - [20/Mar/2026:22:02:09 +0000] "GET /?cat=1&paged=4143 HTTP/1.1" 200 11294 "-" "Amazon CloudFront"
64.252.126.50 - - [20/Mar/2026:22:02:09 +0000] "GET /?p=15013 HTTP/1.1" 200 14439 "-" "Amazon CloudFront"
64.252.126.50 - - [20/Mar/2026:22:02:13 +0000] "GET /?p=15015 HTTP/1.1" 200 14823 "-" "Amazon CloudFront"
64.252.126.50 - - [20/Mar/2026:22:02:16 +0000] "GET /?p=15017 HTTP/1.1" 200 15085 "-" "Amazon CloudFront"
64.252.68.102 - - [20/Mar/2026:22:02:20 +0000] "GET /?p=52038 HTTP/1.1" 200 14675 "-" "Amazon CloudFront"
64.252.126.50 - - [20/Mar/2026:22:02:20 +0000] "GET /?p=15019 HTTP/1.1" 200 14693 "-" "Amazon CloudFront"
15.158.215.109 - - [20/Mar/2026:22:02:25 +0000] "POST /wp-cron.php?doing_wp_cron=1774044145.0318019390106201171875 HTTP/1.1" 200 - "https://69b4844ae61d4e92bf26ad98af552775-devsite.readyship.co/wp-cron.php?doing_wp_cron=1774044145.0318019390106201171875" "WordPress/5.1.19; https://69b4844ae61d4e92bf26ad98af552775-devsite.readyship.co"
64.252.126.50 - - [20/Mar/2026:22:02:24 +0000] "GET /?p=15021 HTTP/1.1" 200 14857 "-" "Amazon CloudFront"
64.252.126.120 - - [20/Mar/2026:22:02:28 +0000] "GET /?p=15023 HTTP/1.1" 200 14095 "-" "Amazon CloudFront"
64.252.126.50 - - [20/Mar/2026:22:02:32 +0000] "GET /?p=15025 HTTP/1.1" 200 14546 "-" "Amazon CloudFront"
64.252.77.92 - - [20/Mar/2026:22:02:35 +0000] "GET /?feed=rss2&p=90430 HTTP/1.1" 200 494 "-" "Amazon CloudFront"
64.252.77.92 - - [20/Mar/2026:22:02:35 +0000] "GET /?feed=rss2&p=17499 HTTP/1.1" 200 533 "-" "Amazon CloudFront"
64.252.126.120 - - [20/Mar/2026:22:02:36 +0000] "GET /?p=15027 HTTP/1.1" 200 14906 "-" "Amazon CloudFront"
64.252.126.120 - - [20/Mar/2026:22:02:39 +0000] "GET /?p=15029 HTTP/1.1" 200 15184 "-" "Amazon CloudFront"
64.252.126.50 - - [20/Mar/2026:22:02:42 +0000] "GET /?p=24522 HTTP/1.1" 200 16128 "-" "Amazon CloudFront"
64.252.126.50 - - [20/Mar/2026:22:02:43 +0000] "GET /?p=24522 HTTP/1.1" 200 16152 "-" "Amazon CloudFront"
64.252.126.120 - - [20/Mar/2026:22:02:45 +0000] "GET /?p=26181 HTTP/1.1" 200 16624 "-" "Amazon CloudFront"
64.252.126.120 - - [20/Mar/2026:22:02:48 +0000] "GET /?p=26797 HTTP/1.1" 200 16461 "-" "Amazon CloudFront"
64.252.126.120 - - [20/Mar/2026:22:02:50 +0000] "GET /?p=31043 HTTP/1.1" 200 17956 "-" "Amazon CloudFront"
64.252.126.50 - - [20/Mar/2026:22:02:53 +0000] "GET /?p=32834 HTTP/1.1" 200 21318 "-" "Amazon CloudFront"
64.252.68.139 - - [20/Mar/2026:22:02:54 +0000] "GET /?p=12949 HTTP/1.1" 200 14488 "-" "Amazon CloudFront"
64.252.126.48 - - [20/Mar/2026:22:02:56 +0000] "GET /?p=34136 HTTP/1.1" 200 14770 "-" "Amazon CloudFront"
64.252.126.48 - - [20/Mar/2026:22:03:00 +0000] "GET /?p=44688 HTTP/1.1" 200 23511 "-" "Amazon CloudFront"
64.252.126.48 - - [20/Mar/2026:22:03:03 +0000] "GET /?p=45493 HTTP/1.1" 200 17417 "-" "Amazon CloudFront"
64.252.126.48 - - [20/Mar/2026:22:03:05 +0000] "GET /?p=46208 HTTP/1.1" 200 17709 "-" "Amazon CloudFront"
64.252.126.50 - - [20/Mar/2026:22:03:08 +0000] "GET /?p=46212 HTTP/1.1" 200 16201 "-" "Amazon CloudFront"
64.252.76.215 - - [20/Mar/2026:22:03:10 +0000] "GET /?feed=rss2&p=90448 HTTP/1.1" 200 516 "-" "Amazon CloudFront"
64.252.126.48 - - [20/Mar/2026:22:03:10 +0000] "GET /?p=49102 HTTP/1.1" 200 14361 "-" "Amazon CloudFront"
64.252.126.120 - - [20/Mar/2026:22:03:13 +0000] "GET /?p=51340 HTTP/1.1" 200 15756 "-" "Amazon CloudFront"
64.252.126.48 - - [20/Mar/2026:22:03:16 +0000] "GET /?p=54108 HTTP/1.1" 200 14375 "-" "Amazon CloudFront"
64.252.126.50 - - [20/Mar/2026:22:03:18 +0000] "GET /?p=54118 HTTP/1.1" 200 14343 "-" "Amazon CloudFront"
64.252.126.50 - - [20/Mar/2026:22:03:21 +0000] "GET /?p=70048 HTTP/1.1" 200 14818 "-" "Amazon CloudFront"
15.158.215.109 - - [20/Mar/2026:22:03:24 +0000] "POST /wp-cron.php?doing_wp_cron=1774044204.2169530391693115234375 HTTP/1.1" 200 - "https://69b4844ae61d4e92bf26ad98af552775-devsite.readyship.co/wp-cron.php?doing_wp_cron=1774044204.2169530391693115234375" "WordPress/5.1.19; https://69b4844ae61d4e92bf26ad98af552775-devsite.readyship.co"
64.252.126.120 - - [20/Mar/2026:22:03:23 +0000] "GET /?p=70260 HTTP/1.1" 200 15750 "-" "Amazon CloudFront"
64.252.126.48 - - [20/Mar/2026:22:03:26 +0000] "GET /?p=71106 HTTP/1.1" 200 14681 "-" "Amazon CloudFront"
64.252.126.50 - - [20/Mar/2026:22:03:30 +0000] "GET /?p=72275 HTTP/1.1" 200 14402 "-" "Amazon CloudFront"
64.252.126.120 - - [20/Mar/2026:22:03:32 +0000] "GET /?p=73058 HTTP/1.1" 200 15218 "-" "Amazon CloudFront"
64.252.126.48 - - [20/Mar/2026:22:03:35 +0000] "GET /?p=90444 HTTP/1.1" 200 15119 "-" "Amazon CloudFront"
64.252.126.120 - - [20/Mar/2026:22:03:38 +0000] "GET /?p=90446 HTTP/1.1" 200 17773 "-" "Amazon CloudFront"
64.252.126.50 - - [20/Mar/2026:22:03:41 +0000] "GET /?p=90448 HTTP/1.1" 200 16360 "-" "Amazon CloudFront"
64.252.126.120 - - [20/Mar/2026:22:03:43 +0000] "GET /?p=90450 HTTP/1.1" 200 17557 "-" "Amazon CloudFront"
64.252.126.120 - - [20/Mar/2026:22:03:46 +0000] "GET /?p=90452 HTTP/1.1" 200 15924 "-" "Amazon CloudFront"
64.252.126.48 - - [20/Mar/2026:22:03:48 +0000] "GET /?p=90454 HTTP/1.1" 200 23781 "-" "Amazon CloudFront"
64.252.126.120 - - [20/Mar/2026:22:03:51 +0000] "GET /?p=90456 HTTP/1.1" 200 17200 "-" "Amazon CloudFront"
64.252.126.48 - - [20/Mar/2026:22:03:54 +0000] "GET /?p=90458 HTTP/1.1" 200 16309 "-" "Amazon CloudFront"
64.252.126.120 - - [20/Mar/2026:22:03:56 +0000] "GET /?p=90460 HTTP/1.1" 200 21343 "-" "Amazon CloudFront"
64.252.126.50 - - [20/Mar/2026:22:03:59 +0000] "GET /?p=90462 HTTP/1.1" 200 17179 "-" "Amazon CloudFront"
64.252.76.63 - - [20/Mar/2026:22:04:01 +0000] "GET /?feed=rss2&p=90440 HTTP/1.1" 200 507 "-" "Amazon CloudFront"
64.252.126.50 - - [20/Mar/2026:22:04:02 +0000] "GET /?p=90464 HTTP/1.1" 200 15381 "-" "Amazon CloudFront"
64.252.126.120 - - [20/Mar/2026:22:04:04 +0000] "GET /?p=90466 HTTP/1.1" 200 16076 "-" "Amazon CloudFront"
64.252.126.50 - - [20/Mar/2026:22:04:07 +0000] "GET /?p=90468 HTTP/1.1" 200 17496 "-" "Amazon CloudFront"
64.252.126.120 - - [20/Mar/2026:22:04:09 +0000] "GET /?p=90470 HTTP/1.1" 200 24589 "-" "Amazon CloudFront"
64.252.126.48 - - [20/Mar/2026:22:04:12 +0000] "GET /?p=90472 HTTP/1.1" 200 16369 "-" "Amazon CloudFront"
64.252.126.48 - - [20/Mar/2026:22:04:14 +0000] "GET /?p=90474 HTTP/1.1" 200 17851 "-" "Amazon CloudFront"
64.252.126.48 - - [20/Mar/2026:22:04:16 +0000] "GET /?p=90478 HTTP/1.1" 200 25279 "-" "Amazon CloudFront"
64.252.126.48 - - [20/Mar/2026:22:04:19 +0000] "GET /?p=90480 HTTP/1.1" 200 15712 "-" "Amazon CloudFront"
15.158.215.109 - - [20/Mar/2026:22:04:22 +0000] "POST /wp-cron.php?doing_wp_cron=1774044262.5326020717620849609375 HTTP/1.1" 200 - "https://69b4844ae61d4e92bf26ad98af552775-devsite.readyship.co/wp-cron.php?doing_wp_cron=1774044262.5326020717620849609375" "WordPress/5.1.19; https://69b4844ae61d4e92bf26ad98af552775-devsite.readyship.co"
64.252.126.120 - - [20/Mar/2026:22:04:22 +0000] "GET /?p=90482 HTTP/1.1" 200 16360 "-" "Amazon CloudFront"
64.252.126.120 - - [20/Mar/2026:22:04:25 +0000] "GET /?p=90484 HTTP/1.1" 200 17544 "-" "Amazon CloudFront"
64.252.126.120 - - [20/Mar/2026:22:04:27 +0000] "GET /?paged=308&cat=1 HTTP/1.1" 200 11280 "-" "Amazon CloudFront"
64.252.126.48 - - [20/Mar/2026:22:04:30 +0000] "GET /?paged=309&cat=1 HTTP/1.1" 200 11280 "-" "Amazon CloudFront"
64.252.126.48 - - [20/Mar/2026:22:04:32 +0000] "GET /?paged=319&page_id=2807 HTTP/1.1" 200 11260 "-" "Amazon CloudFront"
64.252.126.50 - - [20/Mar/2026:22:04:35 +0000] "GET /?paged=320&page_id=2807 HTTP/1.1" 200 11474 "-" "Amazon CloudFront"
64.252.126.48 - - [20/Mar/2026:22:04:37 +0000] "GET /?paged=4036&cat=1 HTTP/1.1" 200 11217 "-" "Amazon CloudFront"
64.252.126.50 - - [20/Mar/2026:22:04:40 +0000] "GET /?paged=4037&cat=1 HTTP/1.1" 200 11293 "-" "Amazon CloudFront"
64.252.126.48 - - [20/Mar/2026:22:04:42 +0000] "GET /?paged=4191&page_id=2807 HTTP/1.1" 200 11436 "-" "Amazon CloudFront"
64.252.126.48 - - [20/Mar/2026:22:04:45 +0000] "GET /?paged=4192&page_id=2807 HTTP/1.1" 200 11314 "-" "Amazon CloudFront"
64.252.76.63 - - [20/Mar/2026:22:05:08 +0000] "GET /?p=17569 HTTP/1.1" 200 14331 "-" "Amazon CloudFront"
64.252.76.215 - - [20/Mar/2026:22:05:08 +0000] "GET /?p=17543 HTTP/1.1" 200 14722 "-" "Amazon CloudFront"
64.252.76.63 - - [20/Mar/2026:22:05:18 +0000] "GET /?p=17567 HTTP/1.1" 200 14939 "-" "Amazon CloudFront"
64.252.76.63 - - [20/Mar/2026:22:05:19 +0000] "GET /?p=90384 HTTP/1.1" 200 18087 "-" "Amazon CloudFront"
64.252.76.63 - - [20/Mar/2026:22:05:20 +0000] "GET /?p=17551 HTTP/1.1" 200 15658 "-" "Amazon CloudFront"
64.252.76.63 - - [20/Mar/2026:22:05:20 +0000] "GET /?p=17535 HTTP/1.1" 200 14690 "-" "Amazon CloudFront"
64.252.76.215 - - [20/Mar/2026:22:05:21 +0000] "GET /?p=17533 HTTP/1.1" 200 14520 "-" "Amazon CloudFront"
15.158.215.109 - - [20/Mar/2026:22:05:53 +0000] "POST /wp-cron.php?doing_wp_cron=1774044353.0342390537261962890625 HTTP/1.1" 200 - "https://69b4844ae61d4e92bf26ad98af552775-devsite.readyship.co/wp-cron.php?doing_wp_cron=1774044353.0342390537261962890625" "WordPress/5.1.19; https://69b4844ae61d4e92bf26ad98af552775-devsite.readyship.co"
64.252.68.203 - - [20/Mar/2026:22:05:52 +0000] "GET /?cat=1&paged=4335 HTTP/1.1" 200 10740 "-" "Amazon CloudFront"
64.252.76.63 - - [20/Mar/2026:22:06:15 +0000] "GET /?p=17565 HTTP/1.1" 200 14314 "-" "Amazon CloudFront"
64.252.77.92 - - [20/Mar/2026:22:06:16 +0000] "GET /?p=17541 HTTP/1.1" 200 14280 "-" "Amazon CloudFront"
64.252.76.215 - - [20/Mar/2026:22:06:17 +0000] "GET /?p=17545 HTTP/1.1" 200 14395 "-" "Amazon CloudFront"
64.252.76.215 - - [20/Mar/2026:22:06:17 +0000] "GET /?p=90404 HTTP/1.1" 200 18356 "-" "Amazon CloudFront"
64.252.76.215 - - [20/Mar/2026:22:06:18 +0000] "GET /?p=90396 HTTP/1.1" 200 24116 "-" "Amazon CloudFront"
15.158.215.109 - - [20/Mar/2026:22:06:36 +0000] "POST /wp-cron.php?doing_wp_cron=1774044396.0750739574432373046875 HTTP/1.1" 200 - "https://69b4844ae61d4e92bf26ad98af552775-devsite.readyship.co/wp-cron.php?doing_wp_cron=1774044396.0750739574432373046875" "WordPress/5.1.19; https://69b4844ae61d4e92bf26ad98af552775-devsite.readyship.co"
64.252.76.63 - - [20/Mar/2026:22:06:36 +0000] "GET /?p=90400 HTTP/1.1" 200 17775 "-" "Amazon CloudFront"
64.252.77.92 - - [20/Mar/2026:22:06:35 +0000] "GET /?p=90386 HTTP/1.1" 200 25936 "-" "Amazon CloudFront"
64.252.76.63 - - [20/Mar/2026:22:06:37 +0000] "GET /?p=90392 HTTP/1.1" 200 16217 "-" "Amazon CloudFront"
64.252.77.92 - - [20/Mar/2026:22:06:38 +0000] "GET /?p=17561 HTTP/1.1" 200 15891 "-" "Amazon CloudFront"
64.252.76.63 - - [20/Mar/2026:22:06:46 +0000] "GET /?p=90410 HTTP/1.1" 200 23547 "-" "Amazon CloudFront"
64.252.76.215 - - [20/Mar/2026:22:06:46 +0000] "GET /?p=17557 HTTP/1.1" 200 15292 "-" "Amazon CloudFront"
64.252.76.215 - - [20/Mar/2026:22:06:47 +0000] "GET /?p=90416 HTTP/1.1" 200 24572 "-" "Amazon CloudFront"
64.252.77.92 - - [20/Mar/2026:22:06:48 +0000] "GET /?p=32836 HTTP/1.1" 200 18047 "-" "Amazon CloudFront"
64.252.76.215 - - [20/Mar/2026:22:06:48 +0000] "GET /?p=17531 HTTP/1.1" 200 14263 "-" "Amazon CloudFront"
18.68.13.14 - - [20/Mar/2026:22:07:53 +0000] "POST /wp-cron.php?doing_wp_cron=1774044473.2140920162200927734375 HTTP/1.1" 200 - "https://69b4844ae61d4e92bf26ad98af552775-devsite.readyship.co/wp-cron.php?doing_wp_cron=1774044473.2140920162200927734375" "WordPress/5.1.19; https://69b4844ae61d4e92bf26ad98af552775-devsite.readyship.co"
64.252.77.92 - - [20/Mar/2026:22:07:53 +0000] "GET /?p=90406 HTTP/1.1" 200 22528 "-" "Amazon CloudFront"
64.252.76.63 - - [20/Mar/2026:22:07:52 +0000] "GET /?p=90414 HTTP/1.1" 200 18182 "-" "Amazon CloudFront"
64.252.77.92 - - [20/Mar/2026:22:07:54 +0000] "GET /?p=17555 HTTP/1.1" 200 14302 "-" "Amazon CloudFront"
64.252.76.63 - - [20/Mar/2026:22:07:54 +0000] "GET /?p=17559 HTTP/1.1" 200 14608 "-" "Amazon CloudFront"
64.252.76.215 - - [20/Mar/2026:22:07:55 +0000] "GET /?p=90412 HTTP/1.1" 200 16052 "-" "Amazon CloudFront"
64.252.77.92 - - [20/Mar/2026:22:08:09 +0000] "GET /?feed=rss2&p=90422 HTTP/1.1" 200 518 "-" "Amazon CloudFront"
64.252.77.92 - - [20/Mar/2026:22:08:09 +0000] "GET /?feed=rss2&p=17529 HTTP/1.1" 200 516 "-" "Amazon CloudFront"
64.252.77.92 - - [20/Mar/2026:22:08:10 +0000] "GET /?feed=rss2&p=17519 HTTP/1.1" 200 520 "-" "Amazon CloudFront"
64.252.76.215 - - [20/Mar/2026:22:08:11 +0000] "GET /?p=90390 HTTP/1.1" 200 23465 "-" "Amazon CloudFront"
64.252.77.92 - - [20/Mar/2026:22:08:10 +0000] "GET /?p=17553 HTTP/1.1" 200 14265 "-" "Amazon CloudFront"
64.252.76.63 - - [20/Mar/2026:22:08:54 +0000] "GET /?feed=rss2&p=17523 HTTP/1.1" 200 513 "-" "Amazon CloudFront"
15.158.215.109 - - [20/Mar/2026:22:08:55 +0000] "POST /wp-cron.php?doing_wp_cron=1774044535.0901970863342285156250 HTTP/1.1" 200 - "https://69b4844ae61d4e92bf26ad98af552775-devsite.readyship.co/wp-cron.php?doing_wp_cron=1774044535.0901970863342285156250" "WordPress/5.1.19; https://69b4844ae61d4e92bf26ad98af552775-devsite.readyship.co"
64.252.76.215 - - [20/Mar/2026:22:08:54 +0000] "GET /?feed=rss2&p=90442 HTTP/1.1" 200 513 "-" "Amazon CloudFront"
64.252.76.63 - - [20/Mar/2026:22:08:55 +0000] "GET /?feed=rss2&p=90450 HTTP/1.1" 200 518 "-" "Amazon CloudFront"
64.252.77.92 - - [20/Mar/2026:22:08:56 +0000] "GET /?feed=rss2&p=90432 HTTP/1.1" 200 532 "-" "Amazon CloudFront"
64.252.76.215 - - [20/Mar/2026:22:08:56 +0000] "GET /?feed=rss2&p=90428 HTTP/1.1" 200 520 "-" "Amazon CloudFront"
64.252.76.63 - - [20/Mar/2026:22:09:00 +0000] "GET /?feed=rss2&p=17527 HTTP/1.1" 200 538 "-" "Amazon CloudFront"
64.252.77.92 - - [20/Mar/2026:22:09:01 +0000] "GET /?feed=rss2&p=17517 HTTP/1.1" 200 503 "-" "Amazon CloudFront"
64.252.77.92 - - [20/Mar/2026:22:09:01 +0000] "GET /?feed=rss2&p=17525 HTTP/1.1" 200 520 "-" "Amazon CloudFront"
64.252.77.92 - - [20/Mar/2026:22:09:02 +0000] "GET /?feed=rss2&p=90418 HTTP/1.1" 200 520 "-" "Amazon CloudFront"
64.252.76.63 - - [20/Mar/2026:22:09:02 +0000] "GET /?feed=rss2&p=17513 HTTP/1.1" 200 535 "-" "Amazon CloudFront"
64.252.66.156 - - [20/Mar/2026:22:09:17 +0000] "GET /?page_id=2807&paged=4307 HTTP/1.1" 200 11380 "-" "Amazon CloudFront"
64.252.76.63 - - [20/Mar/2026:22:09:27 +0000] "GET /?feed=rss2&p=17511 HTTP/1.1" 200 532 "-" "Amazon CloudFront"
15.158.215.109 - - [20/Mar/2026:22:09:27 +0000] "POST /wp-cron.php?doing_wp_cron=1774044567.4306519031524658203125 HTTP/1.1" 200 - "https://69b4844ae61d4e92bf26ad98af552775-devsite.readyship.co/wp-cron.php?doing_wp_cron=1774044567.4306519031524658203125" "WordPress/5.1.19; https://69b4844ae61d4e92bf26ad98af552775-devsite.readyship.co"
64.252.77.92 - - [20/Mar/2026:22:09:26 +0000] "GET /?feed=rss2&p=90456 HTTP/1.1" 200 505 "-" "Amazon CloudFront"
64.252.66.156 - - [20/Mar/2026:22:09:27 +0000] "GET /?cat=103&paged=9 HTTP/1.1" 200 11042 "-" "Amazon CloudFront"
64.252.68.203 - - [20/Mar/2026:22:10:21 +0000] "GET /?p=7165 HTTP/1.1" 200 19708 "-" "Amazon CloudFront"
64.252.76.63 - - [20/Mar/2026:22:10:32 +0000] "GET /?feed=rss2&p=17507 HTTP/1.1" 200 502 "-" "Amazon CloudFront"
15.158.215.109 - - [20/Mar/2026:22:10:32 +0000] "POST /wp-cron.php?doing_wp_cron=1774044632.6374950408935546875000 HTTP/1.1" 200 - "https://69b4844ae61d4e92bf26ad98af552775-devsite.readyship.co/wp-cron.php?doing_wp_cron=1774044632.6374950408935546875000" "WordPress/5.1.19; https://69b4844ae61d4e92bf26ad98af552775-devsite.readyship.co"
64.252.76.63 - - [20/Mar/2026:22:10:32 +0000] "GET /?feed=rss2&p=17505 HTTP/1.1" 200 540 "-" "Amazon CloudFront"
64.252.76.215 - - [20/Mar/2026:22:10:33 +0000] "GET /?feed=rss2&p=17509 HTTP/1.1" 200 515 "-" "Amazon CloudFront"
64.252.76.215 - - [20/Mar/2026:22:10:34 +0000] "GET /?feed=rss2&p=90454 HTTP/1.1" 200 588 "-" "Amazon CloudFront"
64.252.76.63 - - [20/Mar/2026:22:10:36 +0000] "GET /?feed=rss2&p=17503 HTTP/1.1" 200 524 "-" "Amazon CloudFront"
64.252.77.92 - - [20/Mar/2026:22:10:36 +0000] "GET /?cat=1&paged=3910 HTTP/1.1" 200 11398 "-" "Amazon CloudFront"
64.252.76.215 - - [20/Mar/2026:22:10:37 +0000] "GET /?cat=1&paged=3909 HTTP/1.1" 200 11297 "-" "Amazon CloudFront"
64.252.76.63 - - [20/Mar/2026:22:10:46 +0000] "GET /?feed=rss2&p=90444 HTTP/1.1" 200 534 "-" "Amazon CloudFront"
64.252.77.92 - - [20/Mar/2026:22:10:45 +0000] "GET /?cat=1&paged=321 HTTP/1.1" 200 11463 "-" "Amazon CloudFront"
64.252.77.92 - - [20/Mar/2026:22:10:47 +0000] "GET /?feed=rss2&p=17497 HTTP/1.1" 200 560 "-" "Amazon CloudFront"
64.252.76.63 - - [20/Mar/2026:22:11:12 +0000] "GET /?feed=rss2&p=32838 HTTP/1.1" 200 497 "-" "Amazon CloudFront"
64.252.76.215 - - [20/Mar/2026:22:11:13 +0000] "GET /?feed=rss2&p=17493 HTTP/1.1" 200 524 "-" "Amazon CloudFront"
15.158.215.109 - - [20/Mar/2026:22:11:12 +0000] "POST /wp-cron.php?doing_wp_cron=1774044672.8678739070892333984375 HTTP/1.1" 200 - "https://69b4844ae61d4e92bf26ad98af552775-devsite.readyship.co/wp-cron.php?doing_wp_cron=1774044672.8678739070892333984375" "WordPress/5.1.19; https://69b4844ae61d4e92bf26ad98af552775-devsite.readyship.co"
64.252.76.215 - - [20/Mar/2026:22:11:12 +0000] "GET /?cat=1&paged=322 HTTP/1.1" 200 11416 "-" "Amazon CloudFront"
64.252.77.92 - - [20/Mar/2026:22:11:14 +0000] "GET /?feed=rss2&p=17521 HTTP/1.1" 200 522 "-" "Amazon CloudFront"
15.158.215.109 - - [20/Mar/2026:22:11:54 +0000] "POST /wp-cron.php?doing_wp_cron=1774044714.4067749977111816406250 HTTP/1.1" 200 - "https://69b4844ae61d4e92bf26ad98af552775-devsite.readyship.co/wp-cron.php?doing_wp_cron=1774044714.4067749977111816406250" "WordPress/5.1.19; https://69b4844ae61d4e92bf26ad98af552775-devsite.readyship.co"
15.158.215.109 - - [20/Mar/2026:22:11:54 +0000] "POST /wp-cron.php?doing_wp_cron=1774044714.4052329063415527343750 HTTP/1.1" 200 - "https://69b4844ae61d4e92bf26ad98af552775-devsite.readyship.co/wp-cron.php?doing_wp_cron=1774044714.4052329063415527343750" "WordPress/5.1.19; https://69b4844ae61d4e92bf26ad98af552775-devsite.readyship.co"
64.252.76.215 - - [20/Mar/2026:22:11:54 +0000] "GET /?p=90382 HTTP/1.1" 200 17725 "-" "Amazon CloudFront"
64.252.77.92 - - [20/Mar/2026:22:11:54 +0000] "GET /?p=90394 HTTP/1.1" 200 17456 "-" "Amazon CloudFront"
64.252.76.63 - - [20/Mar/2026:22:11:56 +0000] "GET /?p=90388 HTTP/1.1" 200 16134 "-" "Amazon CloudFront"
64.252.76.63 - - [20/Mar/2026:22:11:57 +0000] "GET /?p=17563 HTTP/1.1" 200 15109 "-" "Amazon CloudFront"
64.252.76.63 - - [20/Mar/2026:22:12:04 +0000] "GET /?p=90408 HTTP/1.1" 200 15623 "-" "Amazon CloudFront"
64.252.76.63 - - [20/Mar/2026:22:12:05 +0000] "GET /?p=90398 HTTP/1.1" 200 16813 "-" "Amazon CloudFront"
64.252.76.215 - - [20/Mar/2026:22:12:05 +0000] "GET /?p=17538 HTTP/1.1" 200 14662 "-" "Amazon CloudFront"
64.252.76.215 - - [20/Mar/2026:22:12:06 +0000] "GET /?p=90380 HTTP/1.1" 200 16575 "-" "Amazon CloudFront"
15.158.215.109 - - [20/Mar/2026:22:12:31 +0000] "POST /wp-cron.php?doing_wp_cron=1774044751.8447089195251464843750 HTTP/1.1" 200 - "https://69b4844ae61d4e92bf26ad98af552775-devsite.readyship.co/wp-cron.php?doing_wp_cron=1774044751.8447089195251464843750" "WordPress/5.1.19; https://69b4844ae61d4e92bf26ad98af552775-devsite.readyship.co"
64.252.68.102 - - [20/Mar/2026:22:12:31 +0000] "GET /?page_id=2807&paged=4275 HTTP/1.1" 200 11212 "-" "Amazon CloudFront"
18.68.8.18 - - [20/Mar/2026:22:12:40 +0000] "POST /xmlrpc.php HTTP/1.1" 200 403 "-" "Mozilla/5.0 (Windows NT 10.0; Win64; x64) AppleWebKit/537.36 (KHTML, like Gecko) Chrome/114.0.0.0 Safari/537.36"
18.68.8.18 - - [20/Mar/2026:22:12:41 +0000] "POST /xmlrpc.php HTTP/1.1" 200 403 "-" "Mozilla/5.0 (Windows NT 10.0; Win64; x64) AppleWebKit/537.36 (KHTML, like Gecko) Chrome/114.0.0.0 Safari/537.36"
64.252.76.63 - - [20/Mar/2026:22:13:00 +0000] "GET /?p=90378 HTTP/1.1" 200 23972 "-" "Amazon CloudFront"
64.252.76.215 - - [20/Mar/2026:22:13:01 +0000] "GET /?p=17537 HTTP/1.1" 200 15426 "-" "Amazon CloudFront"
64.252.76.215 - - [20/Mar/2026:22:13:02 +0000] "GET /?p=90402 HTTP/1.1" 200 16441 "-" "Amazon CloudFront"
64.252.76.215 - - [20/Mar/2026:22:13:02 +0000] "GET /?p=17549 HTTP/1.1" 200 14565 "-" "Amazon CloudFront"
64.252.76.63 - - [20/Mar/2026:22:13:03 +0000] "GET /?p=17547 HTTP/1.1" 200 17553 "-" "Amazon CloudFront"
64.252.76.63 - - [20/Mar/2026:22:13:11 +0000] "GET /?feed=rss2&p=90424 HTTP/1.1" 200 511 "-" "Amazon CloudFront"
64.252.76.63 - - [20/Mar/2026:22:13:12 +0000] "GET /?feed=rss2&p=90420 HTTP/1.1" 200 478 "-" "Amazon CloudFront"
64.252.76.215 - - [20/Mar/2026:22:13:11 +0000] "GET /?feed=rss2&p=90426 HTTP/1.1" 200 486 "-" "Amazon CloudFront"
64.252.76.63 - - [20/Mar/2026:22:13:12 +0000] "GET /?feed=rss2&p=17515 HTTP/1.1" 200 509 "-" "Amazon CloudFront"
64.252.77.92 - - [20/Mar/2026:22:13:13 +0000] "GET /?feed=rss2&p=90438 HTTP/1.1" 200 566 "-" "Amazon CloudFront"
15.158.215.109 - - [20/Mar/2026:22:13:47 +0000] "POST /wp-cron.php?doing_wp_cron=1774044827.2670791149139404296875 HTTP/1.1" 200 - "https://69b4844ae61d4e92bf26ad98af552775-devsite.readyship.co/wp-cron.php?doing_wp_cron=1774044827.2670791149139404296875" "WordPress/5.1.19; https://69b4844ae61d4e92bf26ad98af552775-devsite.readyship.co"
64.252.68.102 - - [20/Mar/2026:22:13:46 +0000] "GET /?author=1&paged=4515 HTTP/1.1" 200 11029 "-" "Amazon CloudFront"
64.252.66.156 - - [20/Mar/2026:22:14:10 +0000] "GET /?p=9849 HTTP/1.1" 200 12901 "-" "Amazon CloudFront"
15.158.215.109 - - [20/Mar/2026:22:14:57 +0000] "POST /wp-cron.php?doing_wp_cron=1774044897.2696781158447265625000 HTTP/1.1" 200 - "https://69b4844ae61d4e92bf26ad98af552775-devsite.readyship.co/wp-cron.php?doing_wp_cron=1774044897.2696781158447265625000" "WordPress/5.1.19; https://69b4844ae61d4e92bf26ad98af552775-devsite.readyship.co"
64.252.68.102 - - [20/Mar/2026:22:14:56 +0000] "GET /?p=7896 HTTP/1.1" 200 14462 "-" "Amazon CloudFront"
15.158.215.109 - - [20/Mar/2026:22:17:38 +0000] "POST /wp-cron.php?doing_wp_cron=1774045058.0825839042663574218750 HTTP/1.1" 200 - "https://69b4844ae61d4e92bf26ad98af552775-devsite.readyship.co/wp-cron.php?doing_wp_cron=1774045058.0825839042663574218750" "WordPress/5.1.19; https://69b4844ae61d4e92bf26ad98af552775-devsite.readyship.co"
64.252.66.156 - - [20/Mar/2026:22:17:37 +0000] "GET /?p=42976 HTTP/1.1" 200 14797 "-" "Amazon CloudFront"
15.158.215.109 - - [20/Mar/2026:22:19:03 +0000] "POST /wp-cron.php?doing_wp_cron=1774045143.6305530071258544921875 HTTP/1.1" 200 - "https://69b4844ae61d4e92bf26ad98af552775-devsite.readyship.co/wp-cron.php?doing_wp_cron=1774045143.6305530071258544921875" "WordPress/5.1.19; https://69b4844ae61d4e92bf26ad98af552775-devsite.readyship.co"
64.252.66.156 - - [20/Mar/2026:22:19:03 +0000] "GET /?p=69524 HTTP/1.1" 200 14324 "-" "Amazon CloudFront"
15.158.215.109 - - [20/Mar/2026:22:21:51 +0000] "POST /wp-cron.php?doing_wp_cron=1774045311.7465400695800781250000 HTTP/1.1" 200 - "https://69b4844ae61d4e92bf26ad98af552775-devsite.readyship.co/wp-cron.php?doing_wp_cron=1774045311.7465400695800781250000" "WordPress/5.1.19; https://69b4844ae61d4e92bf26ad98af552775-devsite.readyship.co"
64.252.68.203 - - [20/Mar/2026:22:21:51 +0000] "GET /?cat=104&paged=16 HTTP/1.1" 200 10665 "-" "Amazon CloudFront"
64.252.68.139 - - [20/Mar/2026:22:22:14 +0000] "GET /?page_id=2807&paged=4313 HTTP/1.1" 200 11269 "-" "Amazon CloudFront"
15.158.215.109 - - [20/Mar/2026:22:25:25 +0000] "POST /wp-cron.php?doing_wp_cron=1774045525.6353800296783447265625 HTTP/1.1" 200 - "https://69b4844ae61d4e92bf26ad98af552775-devsite.readyship.co/wp-cron.php?doing_wp_cron=1774045525.6353800296783447265625" "WordPress/5.1.19; https://69b4844ae61d4e92bf26ad98af552775-devsite.readyship.co"
64.252.68.102 - - [20/Mar/2026:22:25:25 +0000] "GET /?p=43876 HTTP/1.1" 200 25393 "-" "Amazon CloudFront"
15.158.215.109 - - [20/Mar/2026:22:27:57 +0000] "POST /wp-cron.php?doing_wp_cron=1774045677.6828849315643310546875 HTTP/1.1" 200 - "https://69b4844ae61d4e92bf26ad98af552775-devsite.readyship.co/wp-cron.php?doing_wp_cron=1774045677.6828849315643310546875" "WordPress/5.1.19; https://69b4844ae61d4e92bf26ad98af552775-devsite.readyship.co"
64.252.68.139 - - [20/Mar/2026:22:27:57 +0000] "GET /?p=25786 HTTP/1.1" 200 14725 "-" "Amazon CloudFront"
15.158.215.109 - - [20/Mar/2026:22:31:01 +0000] "POST /wp-cron.php?doing_wp_cron=1774045861.4167931079864501953125 HTTP/1.1" 200 - "https://69b4844ae61d4e92bf26ad98af552775-devsite.readyship.co/wp-cron.php?doing_wp_cron=1774045861.4167931079864501953125" "WordPress/5.1.19; https://69b4844ae61d4e92bf26ad98af552775-devsite.readyship.co"
64.252.68.139 - - [20/Mar/2026:22:31:01 +0000] "GET /?cat=1&paged=4160 HTTP/1.1" 200 11318 "-" "Amazon CloudFront"
15.158.215.109 - - [20/Mar/2026:22:32:02 +0000] "POST /wp-cron.php?doing_wp_cron=1774045922.5646600723266601562500 HTTP/1.1" 200 - "https://69b4844ae61d4e92bf26ad98af552775-devsite.readyship.co/wp-cron.php?doing_wp_cron=1774045922.5646600723266601562500" "WordPress/5.1.19; https://69b4844ae61d4e92bf26ad98af552775-devsite.readyship.co"
64.252.68.139 - - [20/Mar/2026:22:32:01 +0000] "GET /?p=8331 HTTP/1.1" 200 20978 "-" "Amazon CloudFront"
15.158.215.109 - - [20/Mar/2026:22:32:44 +0000] "POST /wp-cron.php?doing_wp_cron=1774045964.7214620113372802734375 HTTP/1.1" 200 - "https://69b4844ae61d4e92bf26ad98af552775-devsite.readyship.co/wp-cron.php?doing_wp_cron=1774045964.7214620113372802734375" "WordPress/5.1.19; https://69b4844ae61d4e92bf26ad98af552775-devsite.readyship.co"
64.252.68.203 - - [20/Mar/2026:22:32:44 +0000] "GET /?p=81882 HTTP/1.1" 200 14390 "-" "Amazon CloudFront"
64.252.68.102 - - [20/Mar/2026:22:33:09 +0000] "GET /?p=36184 HTTP/1.1" 200 13236 "-" "Amazon CloudFront"
15.158.215.109 - - [20/Mar/2026:22:34:10 +0000] "POST /wp-cron.php?doing_wp_cron=1774046050.5025489330291748046875 HTTP/1.1" 200 - "https://69b4844ae61d4e92bf26ad98af552775-devsite.readyship.co/wp-cron.php?doing_wp_cron=1774046050.5025489330291748046875" "WordPress/5.1.19; https://69b4844ae61d4e92bf26ad98af552775-devsite.readyship.co"
64.252.66.156 - - [20/Mar/2026:22:34:10 +0000] "GET /?healthcheck_timestamp=1774045847263 HTTP/1.1" 200 178916 "-" "Amazon CloudFront"
64.252.68.102 - - [20/Mar/2026:22:34:17 +0000] "GET /?p=82832 HTTP/1.1" 200 22987 "-" "Amazon CloudFront"
15.158.215.109 - - [20/Mar/2026:22:34:37 +0000] "POST /wp-cron.php?doing_wp_cron=1774046077.4150209426879882812500 HTTP/1.1" 200 - "https://69b4844ae61d4e92bf26ad98af552775-devsite.readyship.co/wp-cron.php?doing_wp_cron=1774046077.4150209426879882812500" "WordPress/5.1.19; https://69b4844ae61d4e92bf26ad98af552775-devsite.readyship.co"
64.252.68.203 - - [20/Mar/2026:22:34:37 +0000] "GET /?p=8475 HTTP/1.1" 200 21418 "-" "Amazon CloudFront"
64.252.76.63 - - [20/Mar/2026:22:35:52 +0000] "GET /?feed=rss2&p=26073 HTTP/1.1" 200 532 "-" "Amazon CloudFront"
15.158.215.109 - - [20/Mar/2026:22:35:52 +0000] "POST /wp-cron.php?doing_wp_cron=1774046152.4030559062957763671875 HTTP/1.1" 200 - "https://69b4844ae61d4e92bf26ad98af552775-devsite.readyship.co/wp-cron.php?doing_wp_cron=1774046152.4030559062957763671875" "WordPress/5.1.19; https://69b4844ae61d4e92bf26ad98af552775-devsite.readyship.co"
64.252.76.215 - - [20/Mar/2026:22:35:52 +0000] "GET /?page_id=2807&paged=4247 HTTP/1.1" 200 11448 "-" "Amazon CloudFront"
64.252.68.102 - - [20/Mar/2026:22:36:04 +0000] "GET /?cat=104&paged=2 HTTP/1.1" 200 10721 "-" "Amazon CloudFront"
64.252.66.156 - - [20/Mar/2026:22:36:19 +0000] "GET /?author=1 HTTP/1.1" 200 11066 "-" "Amazon CloudFront"
15.158.215.109 - - [20/Mar/2026:22:37:09 +0000] "POST /wp-cron.php?doing_wp_cron=1774046229.4082970619201660156250 HTTP/1.1" 200 - "https://69b4844ae61d4e92bf26ad98af552775-devsite.readyship.co/wp-cron.php?doing_wp_cron=1774046229.4082970619201660156250" "WordPress/5.1.19; https://69b4844ae61d4e92bf26ad98af552775-devsite.readyship.co"
64.252.76.63 - - [20/Mar/2026:22:37:09 +0000] "GET /?page_id=2807&paged=4246 HTTP/1.1" 200 11418 "-" "Amazon CloudFront"
15.158.215.109 - - [20/Mar/2026:22:38:43 +0000] "POST /wp-cron.php?doing_wp_cron=1774046323.6885609626770019531250 HTTP/1.1" 200 - "https://69b4844ae61d4e92bf26ad98af552775-devsite.readyship.co/wp-cron.php?doing_wp_cron=1774046323.6885609626770019531250" "WordPress/5.1.19; https://69b4844ae61d4e92bf26ad98af552775-devsite.readyship.co"
64.252.77.92 - - [20/Mar/2026:22:38:43 +0000] "GET /?p=26075 HTTP/1.1" 200 14349 "-" "Amazon CloudFront"
64.252.68.203 - - [20/Mar/2026:22:38:57 +0000] "GET /?cat=1&paged=15 HTTP/1.1" 200 11246 "-" "Amazon CloudFront"
15.158.215.109 - - [20/Mar/2026:22:40:27 +0000] "POST /wp-cron.php?doing_wp_cron=1774046427.5449750423431396484375 HTTP/1.1" 200 - "https://69b4844ae61d4e92bf26ad98af552775-devsite.readyship.co/wp-cron.php?doing_wp_cron=1774046427.5449750423431396484375" "WordPress/5.1.19; https://69b4844ae61d4e92bf26ad98af552775-devsite.readyship.co"
64.252.68.139 - - [20/Mar/2026:22:40:27 +0000] "GET /?cat=104&paged=97 HTTP/1.1" 200 10917 "-" "Amazon CloudFront"
64.252.66.156 - - [20/Mar/2026:22:40:32 +0000] "GET /?cat=123 HTTP/1.1" 200 9901 "-" "Amazon CloudFront"
15.158.215.109 - - [20/Mar/2026:22:41:55 +0000] "POST /wp-cron.php?doing_wp_cron=1774046515.7171061038970947265625 HTTP/1.1" 200 - "https://69b4844ae61d4e92bf26ad98af552775-devsite.readyship.co/wp-cron.php?doing_wp_cron=1774046515.7171061038970947265625" "WordPress/5.1.19; https://69b4844ae61d4e92bf26ad98af552775-devsite.readyship.co"
64.252.68.139 - - [20/Mar/2026:22:41:55 +0000] "GET /?p=7819 HTTP/1.1" 200 22203 "-" "Amazon CloudFront"
15.158.215.109 - - [20/Mar/2026:22:44:39 +0000] "POST /wp-cron.php?doing_wp_cron=1774046679.6316030025482177734375 HTTP/1.1" 200 - "https://69b4844ae61d4e92bf26ad98af552775-devsite.readyship.co/wp-cron.php?doing_wp_cron=1774046679.6316030025482177734375" "WordPress/5.1.19; https://69b4844ae61d4e92bf26ad98af552775-devsite.readyship.co"
64.252.68.203 - - [20/Mar/2026:22:44:39 +0000] "GET /?p=87736 HTTP/1.1" 200 18586 "-" "Amazon CloudFront"
64.252.68.203 - - [20/Mar/2026:22:44:59 +0000] "GET /?p=41012 HTTP/1.1" 200 17342 "-" "Amazon CloudFront"
15.158.215.109 - - [20/Mar/2026:22:48:01 +0000] "POST /wp-cron.php?doing_wp_cron=1774046880.9789910316467285156250 HTTP/1.1" 200 - "https://69b4844ae61d4e92bf26ad98af552775-devsite.readyship.co/wp-cron.php?doing_wp_cron=1774046880.9789910316467285156250" "WordPress/5.1.19; https://69b4844ae61d4e92bf26ad98af552775-devsite.readyship.co"
18.68.51.43 - - [20/Mar/2026:22:48:00 +0000] "POST / HTTP/1.1" 200 23858 "-" "Amazon CloudFront"
18.68.51.43 - - [20/Mar/2026:22:48:05 +0000] "POST / HTTP/1.1" 200 23810 "-" "Amazon CloudFront"
64.252.85.91 - - [20/Mar/2026:22:48:11 +0000] "GET /?feed=rss2&p=71104 HTTP/1.1" 200 518 "-" "Amazon CloudFront"
64.252.85.91 - - [20/Mar/2026:22:48:13 +0000] "GET /?feed=rss2&p=90506 HTTP/1.1" 200 506 "-" "Amazon CloudFront"
64.252.85.91 - - [20/Mar/2026:22:48:16 +0000] "GET /?feed=rss2&p=90508 HTTP/1.1" 200 643 "-" "Amazon CloudFront"
64.252.82.241 - - [20/Mar/2026:22:48:18 +0000] "GET /?feed=rss2&p=90510 HTTP/1.1" 200 526 "-" "Amazon CloudFront"
18.68.51.43 - - [20/Mar/2026:22:48:15 +0000] "POST / HTTP/1.1" 200 23816 "-" "Amazon CloudFront"
15.158.215.109 - - [20/Mar/2026:22:48:42 +0000] "POST /wp-cron.php?doing_wp_cron=1774046922.6767089366912841796875 HTTP/1.1" 200 - "https://69b4844ae61d4e92bf26ad98af552775-devsite.readyship.co/wp-cron.php?doing_wp_cron=1774046922.6767089366912841796875" "WordPress/5.1.19; https://69b4844ae61d4e92bf26ad98af552775-devsite.readyship.co"
15.158.12.17 - - [20/Mar/2026:22:48:42 +0000] "POST / HTTP/1.1" 200 23837 "-" "Amazon CloudFront"
15.158.215.109 - - [20/Mar/2026:22:54:19 +0000] "POST /wp-cron.php?doing_wp_cron=1774047259.0285730361938476562500 HTTP/1.1" 200 - "https://69b4844ae61d4e92bf26ad98af552775-devsite.readyship.co/wp-cron.php?doing_wp_cron=1774047259.0285730361938476562500" "WordPress/5.1.19; https://69b4844ae61d4e92bf26ad98af552775-devsite.readyship.co"
64.252.121.140 - - [20/Mar/2026:22:54:18 +0000] "GET / HTTP/1.1" 200 24267 "-" "Amazon CloudFront"
15.158.215.109 - - [20/Mar/2026:22:54:24 +0000] "POST /wp-cron.php?doing_wp_cron=1774047264.7604091167449951171875 HTTP/1.1" 200 - "https://69b4844ae61d4e92bf26ad98af552775-devsite.readyship.co/wp-cron.php?doing_wp_cron=1774047264.7604091167449951171875" "WordPress/5.1.19; https://69b4844ae61d4e92bf26ad98af552775-devsite.readyship.co"
3.172.105.205 - - [20/Mar/2026:22:54:24 +0000] "GET /index.php?rest_route=/ HTTP/1.1" 200 30094 "-" "Mozilla/5.0 (Windows NT 6.1; WOW64; rv:59.0) Gecko/20100101 Firefox/59.0"
15.158.215.109 - - [20/Mar/2026:22:56:10 +0000] "POST /wp-cron.php?doing_wp_cron=1774047370.3887889385223388671875 HTTP/1.1" 200 - "https://69b4844ae61d4e92bf26ad98af552775-devsite.readyship.co/wp-cron.php?doing_wp_cron=1774047370.3887889385223388671875" "WordPress/5.1.19; https://69b4844ae61d4e92bf26ad98af552775-devsite.readyship.co"
64.252.76.63 - - [20/Mar/2026:22:56:10 +0000] "GET /?feed=rss2&p=26759 HTTP/1.1" 200 515 "-" "Amazon CloudFront"
15.158.215.109 - - [20/Mar/2026:22:57:11 +0000] "POST /wp-cron.php?doing_wp_cron=1774047431.7590289115905761718750 HTTP/1.1" 200 - "https://69b4844ae61d4e92bf26ad98af552775-devsite.readyship.co/wp-cron.php?doing_wp_cron=1774047431.7590289115905761718750" "WordPress/5.1.19; https://69b4844ae61d4e92bf26ad98af552775-devsite.readyship.co"
64.252.76.63 - - [20/Mar/2026:22:57:11 +0000] "GET /?p=26757 HTTP/1.1" 200 17805 "-" "Amazon CloudFront"
15.158.215.109 - - [20/Mar/2026:22:58:58 +0000] "POST /wp-cron.php?doing_wp_cron=1774047538.8026299476623535156250 HTTP/1.1" 200 - "https://69b4844ae61d4e92bf26ad98af552775-devsite.readyship.co/wp-cron.php?doing_wp_cron=1774047538.8026299476623535156250" "WordPress/5.1.19; https://69b4844ae61d4e92bf26ad98af552775-devsite.readyship.co"
64.252.68.102 - - [20/Mar/2026:22:58:58 +0000] "GET /?p=10139 HTTP/1.1" 200 14412 "-" "Amazon CloudFront"
15.158.215.109 - - [20/Mar/2026:23:00:46 +0000] "POST /wp-cron.php?doing_wp_cron=1774047646.8658280372619628906250 HTTP/1.1" 200 - "https://69b4844ae61d4e92bf26ad98af552775-devsite.readyship.co/wp-cron.php?doing_wp_cron=1774047646.8658280372619628906250" "WordPress/5.1.19; https://69b4844ae61d4e92bf26ad98af552775-devsite.readyship.co"
64.252.68.102 - - [20/Mar/2026:23:00:46 +0000] "GET /?p=10936 HTTP/1.1" 200 15929 "-" "Amazon CloudFront"
15.158.215.109 - - [20/Mar/2026:23:10:50 +0000] "POST /wp-cron.php?doing_wp_cron=1774048250.7550699710845947265625 HTTP/1.1" 200 - "https://69b4844ae61d4e92bf26ad98af552775-devsite.readyship.co/wp-cron.php?doing_wp_cron=1774048250.7550699710845947265625" "WordPress/5.1.19; https://69b4844ae61d4e92bf26ad98af552775-devsite.readyship.co"
64.252.68.203 - - [20/Mar/2026:23:10:44 +0000] "GET /?p=81402 HTTP/1.1" 200 14268 "-" "Amazon CloudFront"
15.158.215.109 - - [20/Mar/2026:23:12:33 +0000] "POST /wp-cron.php?doing_wp_cron=1774048353.7064270973205566406250 HTTP/1.1" 200 - "https://69b4844ae61d4e92bf26ad98af552775-devsite.readyship.co/wp-cron.php?doing_wp_cron=1774048353.7064270973205566406250" "WordPress/5.1.19; https://69b4844ae61d4e92bf26ad98af552775-devsite.readyship.co"
18.68.8.18 - - [20/Mar/2026:23:12:33 +0000] "POST /xmlrpc.php HTTP/1.1" 200 403 "-" "Mozilla/5.0 (Windows NT 10.0; Win64; x64) AppleWebKit/537.36 (KHTML, like Gecko) Chrome/114.0.0.0 Safari/537.36"
18.68.8.18 - - [20/Mar/2026:23:12:34 +0000] "POST /xmlrpc.php HTTP/1.1" 200 403 "-" "Mozilla/5.0 (Windows NT 10.0; Win64; x64) AppleWebKit/537.36 (KHTML, like Gecko) Chrome/114.0.0.0 Safari/537.36"
15.158.215.109 - - [20/Mar/2026:23:14:47 +0000] "POST /wp-cron.php?doing_wp_cron=1774048487.1529419422149658203125 HTTP/1.1" 200 - "https://69b4844ae61d4e92bf26ad98af552775-devsite.readyship.co/wp-cron.php?doing_wp_cron=1774048487.1529419422149658203125" "WordPress/5.1.19; https://69b4844ae61d4e92bf26ad98af552775-devsite.readyship.co"
64.252.76.215 - - [20/Mar/2026:23:14:46 +0000] "GET /?p=80045 HTTP/1.1" 200 24991 "-" "Amazon CloudFront"
15.158.215.109 - - [20/Mar/2026:23:15:46 +0000] "POST /wp-cron.php?doing_wp_cron=1774048546.5802690982818603515625 HTTP/1.1" 200 - "https://69b4844ae61d4e92bf26ad98af552775-devsite.readyship.co/wp-cron.php?doing_wp_cron=1774048546.5802690982818603515625" "WordPress/5.1.19; https://69b4844ae61d4e92bf26ad98af552775-devsite.readyship.co"
