18.68.19.181 - - [19/Mar/2026:02:41:57 +0000] "POST /xmlrpc.php HTTP/1.1" 200 403 "-" "Mozilla/5.0 (Windows NT 10.0; Win64; x64) AppleWebKit/537.36 (KHTML, like Gecko) Chrome/114.0.0.0 Safari/537.36"
18.68.19.181 - - [19/Mar/2026:02:42:00 +0000] "POST /xmlrpc.php HTTP/1.1" 200 403 "-" "Mozilla/5.0 (Windows NT 10.0; Win64; x64) AppleWebKit/537.36 (KHTML, like Gecko) Chrome/114.0.0.0 Safari/537.36"
15.158.215.109 - - [19/Mar/2026:02:43:51 +0000] "POST /wp-cron.php?doing_wp_cron=1773888231.5528910160064697265625 HTTP/1.1" 200 - "https://69b4844ae61d4e92bf26ad98af552775-devsite.readyship.co/wp-cron.php?doing_wp_cron=1773888231.5528910160064697265625" "WordPress/5.1.19; https://69b4844ae61d4e92bf26ad98af552775-devsite.readyship.co"
64.252.76.215 - - [19/Mar/2026:02:43:51 +0000] "GET /?feed=rss2&p=91457 HTTP/1.1" 200 533 "-" "Amazon CloudFront"
15.158.215.109 - - [19/Mar/2026:02:44:48 +0000] "POST /wp-cron.php?doing_wp_cron=1773888288.5870649814605712890625 HTTP/1.1" 200 - "https://69b4844ae61d4e92bf26ad98af552775-devsite.readyship.co/wp-cron.php?doing_wp_cron=1773888288.5870649814605712890625" "WordPress/5.1.19; https://69b4844ae61d4e92bf26ad98af552775-devsite.readyship.co"
64.252.76.215 - - [19/Mar/2026:02:44:48 +0000] "GET /?feed=rss2&p=38712 HTTP/1.1" 200 498 "-" "Amazon CloudFront"
15.158.215.109 - - [19/Mar/2026:02:46:10 +0000] "POST /wp-cron.php?doing_wp_cron=1773888370.8571588993072509765625 HTTP/1.1" 200 - "https://69b4844ae61d4e92bf26ad98af552775-devsite.readyship.co/wp-cron.php?doing_wp_cron=1773888370.8571588993072509765625" "WordPress/5.1.19; https://69b4844ae61d4e92bf26ad98af552775-devsite.readyship.co"
64.252.76.215 - - [19/Mar/2026:02:46:10 +0000] "GET /?p=38714 HTTP/1.1" 200 15289 "-" "Amazon CloudFront"
15.158.215.109 - - [19/Mar/2026:02:51:27 +0000] "POST /wp-cron.php?doing_wp_cron=1773888687.0991020202636718750000 HTTP/1.1" 200 - "https://69b4844ae61d4e92bf26ad98af552775-devsite.readyship.co/wp-cron.php?doing_wp_cron=1773888687.0991020202636718750000" "WordPress/5.1.19; https://69b4844ae61d4e92bf26ad98af552775-devsite.readyship.co"
64.252.68.203 - - [19/Mar/2026:02:51:26 +0000] "GET /?p=67862 HTTP/1.1" 200 14106 "-" "Amazon CloudFront"
15.158.215.109 - - [19/Mar/2026:02:56:43 +0000] "POST /wp-cron.php?doing_wp_cron=1773889003.3167529106140136718750 HTTP/1.1" 200 - "https://69b4844ae61d4e92bf26ad98af552775-devsite.readyship.co/wp-cron.php?doing_wp_cron=1773889003.3167529106140136718750" "WordPress/5.1.19; https://69b4844ae61d4e92bf26ad98af552775-devsite.readyship.co"
64.252.126.50 - - [19/Mar/2026:02:56:42 +0000] "GET /?feed=rss2&p=14631 HTTP/1.1" 200 523 "-" "Amazon CloudFront"
64.252.126.48 - - [19/Mar/2026:02:56:45 +0000] "GET /?feed=rss2&p=14633 HTTP/1.1" 200 503 "-" "Amazon CloudFront"
64.252.126.15 - - [19/Mar/2026:02:56:48 +0000] "GET /?feed=rss2&p=14635 HTTP/1.1" 200 532 "-" "Amazon CloudFront"
64.252.126.15 - - [19/Mar/2026:02:56:50 +0000] "GET /?feed=rss2&p=14637 HTTP/1.1" 200 515 "-" "Amazon CloudFront"
64.252.126.48 - - [19/Mar/2026:02:56:52 +0000] "GET /?feed=rss2&p=14639 HTTP/1.1" 200 501 "-" "Amazon CloudFront"
64.252.126.48 - - [19/Mar/2026:02:56:54 +0000] "GET /?feed=rss2&p=14641 HTTP/1.1" 200 519 "-" "Amazon CloudFront"
64.252.126.48 - - [19/Mar/2026:02:56:56 +0000] "GET /?feed=rss2&p=14643 HTTP/1.1" 200 546 "-" "Amazon CloudFront"
64.252.126.48 - - [19/Mar/2026:02:56:58 +0000] "GET /?feed=rss2&p=14645 HTTP/1.1" 200 500 "-" "Amazon CloudFront"
64.252.126.48 - - [19/Mar/2026:02:57:00 +0000] "GET /?feed=rss2&p=14647 HTTP/1.1" 200 495 "-" "Amazon CloudFront"
64.252.126.15 - - [19/Mar/2026:02:57:02 +0000] "GET /?feed=rss2&p=14649 HTTP/1.1" 200 497 "-" "Amazon CloudFront"
64.252.126.50 - - [19/Mar/2026:02:57:04 +0000] "GET /?feed=rss2&p=14651 HTTP/1.1" 200 530 "-" "Amazon CloudFront"
64.252.126.50 - - [19/Mar/2026:02:57:06 +0000] "GET /?feed=rss2&p=14653 HTTP/1.1" 200 500 "-" "Amazon CloudFront"
64.252.126.48 - - [19/Mar/2026:02:57:08 +0000] "GET /?feed=rss2&p=14655 HTTP/1.1" 200 504 "-" "Amazon CloudFront"
64.252.126.48 - - [19/Mar/2026:02:57:11 +0000] "GET /?feed=rss2&p=14657 HTTP/1.1" 200 510 "-" "Amazon CloudFront"
64.252.126.50 - - [19/Mar/2026:02:57:13 +0000] "GET /?feed=rss2&p=14659 HTTP/1.1" 200 504 "-" "Amazon CloudFront"
64.252.126.15 - - [19/Mar/2026:02:57:15 +0000] "GET /?feed=rss2&p=14661 HTTP/1.1" 200 539 "-" "Amazon CloudFront"
64.252.126.50 - - [19/Mar/2026:02:57:16 +0000] "GET /?feed=rss2&p=14663 HTTP/1.1" 200 539 "-" "Amazon CloudFront"
64.252.126.50 - - [19/Mar/2026:02:57:18 +0000] "GET /?feed=rss2&p=14665 HTTP/1.1" 200 525 "-" "Amazon CloudFront"
64.252.126.50 - - [19/Mar/2026:02:57:20 +0000] "GET /?feed=rss2&p=14667 HTTP/1.1" 200 514 "-" "Amazon CloudFront"
15.158.215.109 - - [19/Mar/2026:02:57:23 +0000] "POST /wp-cron.php?doing_wp_cron=1773889043.3480699062347412109375 HTTP/1.1" 200 - "https://69b4844ae61d4e92bf26ad98af552775-devsite.readyship.co/wp-cron.php?doing_wp_cron=1773889043.3480699062347412109375" "WordPress/5.1.19; https://69b4844ae61d4e92bf26ad98af552775-devsite.readyship.co"
64.252.126.48 - - [19/Mar/2026:02:57:23 +0000] "GET /?feed=rss2&p=14669 HTTP/1.1" 200 511 "-" "Amazon CloudFront"
64.252.126.15 - - [19/Mar/2026:02:57:25 +0000] "GET /?feed=rss2&p=24540 HTTP/1.1" 200 497 "-" "Amazon CloudFront"
64.252.126.48 - - [19/Mar/2026:02:57:27 +0000] "GET /?feed=rss2&p=26164 HTTP/1.1" 200 486 "-" "Amazon CloudFront"
64.252.126.48 - - [19/Mar/2026:02:57:29 +0000] "GET /?feed=rss2&p=26815 HTTP/1.1" 200 517 "-" "Amazon CloudFront"
64.252.126.15 - - [19/Mar/2026:02:57:31 +0000] "GET /?feed=rss2&p=31025 HTTP/1.1" 200 542 "-" "Amazon CloudFront"
64.252.126.50 - - [19/Mar/2026:02:57:33 +0000] "GET /?feed=rss2&p=32852 HTTP/1.1" 200 474 "-" "Amazon CloudFront"
64.252.126.48 - - [19/Mar/2026:02:57:35 +0000] "GET /?feed=rss2&p=34114 HTTP/1.1" 200 531 "-" "Amazon CloudFront"
64.252.126.48 - - [19/Mar/2026:02:57:37 +0000] "GET /?feed=rss2&p=34118 HTTP/1.1" 200 549 "-" "Amazon CloudFront"
64.252.126.50 - - [19/Mar/2026:02:57:39 +0000] "GET /?feed=rss2&p=44670 HTTP/1.1" 200 548 "-" "Amazon CloudFront"
64.252.126.15 - - [19/Mar/2026:02:57:41 +0000] "GET /?feed=rss2&p=45511 HTTP/1.1" 200 510 "-" "Amazon CloudFront"
64.252.126.120 - - [19/Mar/2026:02:57:43 +0000] "GET /?feed=rss2&p=46192 HTTP/1.1" 200 499 "-" "Amazon CloudFront"
64.252.126.15 - - [19/Mar/2026:02:57:46 +0000] "GET /?feed=rss2&p=49085 HTTP/1.1" 200 525 "-" "Amazon CloudFront"
64.252.126.50 - - [19/Mar/2026:02:57:48 +0000] "GET /?feed=rss2&p=51360 HTTP/1.1" 200 540 "-" "Amazon CloudFront"
64.252.126.50 - - [19/Mar/2026:02:57:49 +0000] "GET /?feed=rss2&p=70278 HTTP/1.1" 200 508 "-" "Amazon CloudFront"
64.252.126.15 - - [19/Mar/2026:02:57:51 +0000] "GET /?feed=rss2&p=71088 HTTP/1.1" 200 516 "-" "Amazon CloudFront"
64.252.126.48 - - [19/Mar/2026:02:57:54 +0000] "GET /?feed=rss2&p=72293 HTTP/1.1" 200 494 "-" "Amazon CloudFront"
64.252.126.50 - - [19/Mar/2026:02:57:56 +0000] "GET /?feed=rss2&p=73037 HTTP/1.1" 200 517 "-" "Amazon CloudFront"
64.252.126.48 - - [19/Mar/2026:02:57:58 +0000] "GET /?p=14671 HTTP/1.1" 200 14481 "-" "Amazon CloudFront"
64.252.126.15 - - [19/Mar/2026:02:58:00 +0000] "GET /?p=14673 HTTP/1.1" 200 13697 "-" "Amazon CloudFront"
64.252.126.48 - - [19/Mar/2026:02:58:03 +0000] "GET /?p=14675 HTTP/1.1" 200 15181 "-" "Amazon CloudFront"
64.252.126.50 - - [19/Mar/2026:02:58:05 +0000] "GET /?p=14677 HTTP/1.1" 200 14323 "-" "Amazon CloudFront"
64.252.126.48 - - [19/Mar/2026:02:58:08 +0000] "GET /?p=14679 HTTP/1.1" 200 14587 "-" "Amazon CloudFront"
64.252.126.50 - - [19/Mar/2026:02:58:10 +0000] "GET /?p=14681 HTTP/1.1" 200 14442 "-" "Amazon CloudFront"
64.252.126.48 - - [19/Mar/2026:02:58:12 +0000] "GET /?p=14683 HTTP/1.1" 200 14701 "-" "Amazon CloudFront"
64.252.126.15 - - [19/Mar/2026:02:58:15 +0000] "GET /?p=14685 HTTP/1.1" 200 14634 "-" "Amazon CloudFront"
64.252.126.15 - - [19/Mar/2026:02:58:17 +0000] "GET /?p=14687 HTTP/1.1" 200 14364 "-" "Amazon CloudFront"
64.252.126.50 - - [19/Mar/2026:02:58:20 +0000] "GET /?p=14689 HTTP/1.1" 200 14709 "-" "Amazon CloudFront"
15.158.215.109 - - [19/Mar/2026:02:58:23 +0000] "POST /wp-cron.php?doing_wp_cron=1773889102.9675650596618652343750 HTTP/1.1" 200 - "https://69b4844ae61d4e92bf26ad98af552775-devsite.readyship.co/wp-cron.php?doing_wp_cron=1773889102.9675650596618652343750" "WordPress/5.1.19; https://69b4844ae61d4e92bf26ad98af552775-devsite.readyship.co"
64.252.126.48 - - [19/Mar/2026:02:58:22 +0000] "GET /?p=14691 HTTP/1.1" 200 16525 "-" "Amazon CloudFront"
64.252.126.48 - - [19/Mar/2026:02:58:25 +0000] "GET /?p=14693 HTTP/1.1" 200 14616 "-" "Amazon CloudFront"
64.252.126.48 - - [19/Mar/2026:02:58:28 +0000] "GET /?p=14695 HTTP/1.1" 200 14419 "-" "Amazon CloudFront"
64.252.126.50 - - [19/Mar/2026:02:58:30 +0000] "GET /?p=14697 HTTP/1.1" 200 14477 "-" "Amazon CloudFront"
64.252.126.48 - - [19/Mar/2026:02:58:33 +0000] "GET /?p=14699 HTTP/1.1" 200 15736 "-" "Amazon CloudFront"
64.252.126.15 - - [19/Mar/2026:02:58:35 +0000] "GET /?p=14701 HTTP/1.1" 200 14366 "-" "Amazon CloudFront"
64.252.126.120 - - [19/Mar/2026:02:58:38 +0000] "GET /?p=14703 HTTP/1.1" 200 14807 "-" "Amazon CloudFront"
64.252.126.50 - - [19/Mar/2026:02:58:40 +0000] "GET /?p=14705 HTTP/1.1" 200 14229 "-" "Amazon CloudFront"
64.252.126.120 - - [19/Mar/2026:02:58:43 +0000] "GET /?p=14707 HTTP/1.1" 200 14422 "-" "Amazon CloudFront"
64.252.126.48 - - [19/Mar/2026:02:58:45 +0000] "GET /?p=14709 HTTP/1.1" 200 14228 "-" "Amazon CloudFront"
64.252.126.48 - - [19/Mar/2026:02:58:48 +0000] "GET /?p=24538 HTTP/1.1" 200 24573 "-" "Amazon CloudFront"
64.252.126.120 - - [19/Mar/2026:02:58:50 +0000] "GET /?p=26163 HTTP/1.1" 200 15116 "-" "Amazon CloudFront"
64.252.126.50 - - [19/Mar/2026:02:58:53 +0000] "GET /?p=26813 HTTP/1.1" 200 17638 "-" "Amazon CloudFront"
64.252.126.48 - - [19/Mar/2026:02:58:55 +0000] "GET /?p=31027 HTTP/1.1" 200 16552 "-" "Amazon CloudFront"
64.252.126.120 - - [19/Mar/2026:02:58:57 +0000] "GET /?p=32850 HTTP/1.1" 200 21161 "-" "Amazon CloudFront"
64.252.126.50 - - [19/Mar/2026:02:59:00 +0000] "GET /?p=34120 HTTP/1.1" 200 14312 "-" "Amazon CloudFront"
64.252.126.120 - - [19/Mar/2026:02:59:02 +0000] "GET /?p=44672 HTTP/1.1" 200 23613 "-" "Amazon CloudFront"
64.252.126.120 - - [19/Mar/2026:02:59:05 +0000] "GET /?p=45509 HTTP/1.1" 200 18038 "-" "Amazon CloudFront"
64.252.126.48 - - [19/Mar/2026:02:59:07 +0000] "GET /?p=46194 HTTP/1.1" 200 16438 "-" "Amazon CloudFront"
64.252.126.48 - - [19/Mar/2026:02:59:10 +0000] "GET /?p=49087 HTTP/1.1" 200 16703 "-" "Amazon CloudFront"
64.252.126.120 - - [19/Mar/2026:02:59:12 +0000] "GET /?p=51358 HTTP/1.1" 200 17266 "-" "Amazon CloudFront"
64.252.126.120 - - [19/Mar/2026:02:59:14 +0000] "GET /?p=54144 HTTP/1.1" 200 14446 "-" "Amazon CloudFront"
64.252.126.50 - - [19/Mar/2026:02:59:17 +0000] "GET /?p=54152 HTTP/1.1" 200 14509 "-" "Amazon CloudFront"
64.252.126.50 - - [19/Mar/2026:02:59:19 +0000] "GET /?p=65157 HTTP/1.1" 200 14270 "-" "Amazon CloudFront"
15.158.215.109 - - [19/Mar/2026:02:59:22 +0000] "POST /wp-cron.php?doing_wp_cron=1773889162.2213070392608642578125 HTTP/1.1" 200 - "https://69b4844ae61d4e92bf26ad98af552775-devsite.readyship.co/wp-cron.php?doing_wp_cron=1773889162.2213070392608642578125" "WordPress/5.1.19; https://69b4844ae61d4e92bf26ad98af552775-devsite.readyship.co"
64.252.126.50 - - [19/Mar/2026:02:59:21 +0000] "GET /?p=65202 HTTP/1.1" 200 14431 "-" "Amazon CloudFront"
64.252.126.48 - - [19/Mar/2026:02:59:25 +0000] "GET /?p=65207 HTTP/1.1" 200 14831 "-" "Amazon CloudFront"
64.252.126.48 - - [19/Mar/2026:02:59:27 +0000] "GET /?p=65323 HTTP/1.1" 200 14147 "-" "Amazon CloudFront"
64.252.126.50 - - [19/Mar/2026:02:59:29 +0000] "GET /?p=70032 HTTP/1.1" 200 14926 "-" "Amazon CloudFront"
64.252.126.48 - - [19/Mar/2026:02:59:31 +0000] "GET /?p=70276 HTTP/1.1" 200 15726 "-" "Amazon CloudFront"
64.252.126.48 - - [19/Mar/2026:02:59:34 +0000] "GET /?p=71090 HTTP/1.1" 200 14492 "-" "Amazon CloudFront"
64.252.126.120 - - [19/Mar/2026:02:59:36 +0000] "GET /?p=72291 HTTP/1.1" 200 14969 "-" "Amazon CloudFront"
64.252.126.120 - - [19/Mar/2026:02:59:39 +0000] "GET /?p=72295 HTTP/1.1" 200 14392 "-" "Amazon CloudFront"
64.252.126.50 - - [19/Mar/2026:02:59:42 +0000] "GET /?p=73042 HTTP/1.1" 200 15035 "-" "Amazon CloudFront"
64.252.126.120 - - [19/Mar/2026:02:59:44 +0000] "GET /?paged=292&cat=1 HTTP/1.1" 200 11238 "-" "Amazon CloudFront"
64.252.126.120 - - [19/Mar/2026:02:59:46 +0000] "GET /?paged=293&cat=1 HTTP/1.1" 200 11117 "-" "Amazon CloudFront"
64.252.126.48 - - [19/Mar/2026:02:59:49 +0000] "GET /?paged=303&page_id=2807 HTTP/1.1" 200 11182 "-" "Amazon CloudFront"
64.252.126.48 - - [19/Mar/2026:02:59:52 +0000] "GET /?paged=304&page_id=2807 HTTP/1.1" 200 11053 "-" "Amazon CloudFront"
64.252.126.48 - - [19/Mar/2026:02:59:54 +0000] "GET /?paged=4052&cat=1 HTTP/1.1" 200 11338 "-" "Amazon CloudFront"
64.252.126.48 - - [19/Mar/2026:02:59:57 +0000] "GET /?paged=4053&cat=1 HTTP/1.1" 200 11256 "-" "Amazon CloudFront"
64.252.126.48 - - [19/Mar/2026:02:59:59 +0000] "GET /?paged=4207&page_id=2807 HTTP/1.1" 200 11311 "-" "Amazon CloudFront"
64.252.126.120 - - [19/Mar/2026:03:00:02 +0000] "GET /?paged=4208&page_id=2807 HTTP/1.1" 200 11312 "-" "Amazon CloudFront"
64.252.68.139 - - [19/Mar/2026:03:00:15 +0000] "GET /?p=89772 HTTP/1.1" 200 16305 "-" "Amazon CloudFront"
15.158.215.109 - - [19/Mar/2026:03:07:25 +0000] "POST /wp-cron.php?doing_wp_cron=1773889645.3799290657043457031250 HTTP/1.1" 200 - "https://69b4844ae61d4e92bf26ad98af552775-devsite.readyship.co/wp-cron.php?doing_wp_cron=1773889645.3799290657043457031250" "WordPress/5.1.19; https://69b4844ae61d4e92bf26ad98af552775-devsite.readyship.co"
18.68.19.181 - - [19/Mar/2026:03:07:18 +0000] "POST /xmlrpc.php HTTP/1.1" 200 403 "-" "Mozilla/5.0 (Windows NT 10.0; Win64; x64) AppleWebKit/537.36 (KHTML, like Gecko) Chrome/114.0.0.0 Safari/537.36"
18.68.19.181 - - [19/Mar/2026:03:07:29 +0000] "POST /xmlrpc.php HTTP/1.1" 200 403 "-" "Mozilla/5.0 (Windows NT 10.0; Win64; x64) AppleWebKit/537.36 (KHTML, like Gecko) Chrome/114.0.0.0 Safari/537.36"
15.158.215.109 - - [19/Mar/2026:03:14:15 +0000] "POST /wp-cron.php?doing_wp_cron=1773890055.4649770259857177734375 HTTP/1.1" 200 - "https://69b4844ae61d4e92bf26ad98af552775-devsite.readyship.co/wp-cron.php?doing_wp_cron=1773890055.4649770259857177734375" "WordPress/5.1.19; https://69b4844ae61d4e92bf26ad98af552775-devsite.readyship.co"
64.252.74.61 - - [19/Mar/2026:03:14:08 +0000] "GET /?p=26020 HTTP/1.1" 200 22764 "-" "Amazon CloudFront"
15.158.215.109 - - [19/Mar/2026:03:17:19 +0000] "POST /wp-cron.php?doing_wp_cron=1773890239.2980079650878906250000 HTTP/1.1" 200 - "https://69b4844ae61d4e92bf26ad98af552775-devsite.readyship.co/wp-cron.php?doing_wp_cron=1773890239.2980079650878906250000" "WordPress/5.1.19; https://69b4844ae61d4e92bf26ad98af552775-devsite.readyship.co"
64.252.76.215 - - [19/Mar/2026:03:17:18 +0000] "GET /?feed=rss2&p=26018 HTTP/1.1" 200 551 "-" "Amazon CloudFront"
15.158.215.109 - - [19/Mar/2026:03:19:57 +0000] "POST /wp-cron.php?doing_wp_cron=1773890397.3871209621429443359375 HTTP/1.1" 200 - "https://69b4844ae61d4e92bf26ad98af552775-devsite.readyship.co/wp-cron.php?doing_wp_cron=1773890397.3871209621429443359375" "WordPress/5.1.19; https://69b4844ae61d4e92bf26ad98af552775-devsite.readyship.co"
64.252.74.218 - - [19/Mar/2026:03:19:57 +0000] "GET /?page_id=2807&paged=4296 HTTP/1.1" 200 11308 "-" "Amazon CloudFront"
15.158.215.109 - - [19/Mar/2026:03:20:39 +0000] "POST /wp-cron.php?doing_wp_cron=1773890439.4050779342651367187500 HTTP/1.1" 200 - "https://69b4844ae61d4e92bf26ad98af552775-devsite.readyship.co/wp-cron.php?doing_wp_cron=1773890439.4050779342651367187500" "WordPress/5.1.19; https://69b4844ae61d4e92bf26ad98af552775-devsite.readyship.co"
15.158.195.67 - - [19/Mar/2026:03:20:39 +0000] "GET /wp-login.php HTTP/1.1" 200 1185 "https://69b4844ae61d4e92bf26ad98af552775-devsite.readyship.co/" "Mozilla/5.0 (Windows NT 10.0; Win64; x64) AppleWebKit/537.36 (KHTML, like Gecko) Chrome/114.0.0.0 YaBrowser/22.7.0 Yowser/2.5 Safari/537.36"
15.158.195.67 - - [19/Mar/2026:03:20:41 +0000] "GET /wp-login.php HTTP/1.1" 200 1185 "https://69b4844ae61d4e92bf26ad98af552775-devsite.readyship.co/wp-login.php" "Mozilla/5.0 (Windows NT 6.3; Win64; x64) AppleWebKit/537.36 (KHTML, like Gecko) Chrome/103.0.0.0 Safari/537.36"
15.158.195.67 - - [19/Mar/2026:03:20:41 +0000] "POST /wp-login.php HTTP/1.1" 200 1583 "https://69b4844ae61d4e92bf26ad98af552775-devsite.readyship.co/wp-login.php" "Mozilla/5.0 (Windows NT 6.3; Win64; x64) AppleWebKit/537.36 (KHTML, like Gecko) Chrome/103.0.0.0 Safari/537.36"
15.158.215.109 - - [19/Mar/2026:03:22:37 +0000] "POST /wp-cron.php?doing_wp_cron=1773890557.7106630802154541015625 HTTP/1.1" 200 - "https://69b4844ae61d4e92bf26ad98af552775-devsite.readyship.co/wp-cron.php?doing_wp_cron=1773890557.7106630802154541015625" "WordPress/5.1.19; https://69b4844ae61d4e92bf26ad98af552775-devsite.readyship.co"
64.252.74.61 - - [19/Mar/2026:03:22:37 +0000] "GET /?page_id=2807&paged=4297 HTTP/1.1" 200 11317 "-" "Amazon CloudFront"
18.68.8.18 - - [19/Mar/2026:03:22:39 +0000] "POST /xmlrpc.php HTTP/1.1" 200 403 "-" "Mozilla/5.0 (Windows NT 10.0; Win64; x64) AppleWebKit/537.36 (KHTML, like Gecko) Chrome/114.0.0.0 Safari/537.36"
18.68.8.18 - - [19/Mar/2026:03:22:40 +0000] "POST /xmlrpc.php HTTP/1.1" 200 403 "-" "Mozilla/5.0 (Windows NT 10.0; Win64; x64) AppleWebKit/537.36 (KHTML, like Gecko) Chrome/114.0.0.0 Safari/537.36"
15.158.215.109 - - [19/Mar/2026:03:23:33 +0000] "POST /wp-cron.php?doing_wp_cron=1773890613.3294529914855957031250 HTTP/1.1" 200 - "https://69b4844ae61d4e92bf26ad98af552775-devsite.readyship.co/wp-cron.php?doing_wp_cron=1773890613.3294529914855957031250" "WordPress/5.1.19; https://69b4844ae61d4e92bf26ad98af552775-devsite.readyship.co"
64.252.74.61 - - [19/Mar/2026:03:23:33 +0000] "GET /?feed=rss2&p=26811 HTTP/1.1" 200 540 "-" "Amazon CloudFront"
64.252.74.218 - - [19/Mar/2026:03:23:50 +0000] "GET /?p=26809 HTTP/1.1" 200 22642 "-" "Amazon CloudFront"
15.158.215.109 - - [19/Mar/2026:03:34:16 +0000] "POST /wp-cron.php?doing_wp_cron=1773891255.9022979736328125000000 HTTP/1.1" 200 - "https://69b4844ae61d4e92bf26ad98af552775-devsite.readyship.co/wp-cron.php?doing_wp_cron=1773891255.9022979736328125000000" "WordPress/5.1.19; https://69b4844ae61d4e92bf26ad98af552775-devsite.readyship.co"
64.252.66.156 - - [19/Mar/2026:03:34:08 +0000] "GET /?healthcheck_timestamp=1773891047221 HTTP/1.1" 200 178919 "-" "Amazon CloudFront"
15.158.215.109 - - [19/Mar/2026:03:34:56 +0000] "POST /wp-cron.php?doing_wp_cron=1773891296.5430209636688232421875 HTTP/1.1" 200 - "https://69b4844ae61d4e92bf26ad98af552775-devsite.readyship.co/wp-cron.php?doing_wp_cron=1773891296.5430209636688232421875" "WordPress/5.1.19; https://69b4844ae61d4e92bf26ad98af552775-devsite.readyship.co"
64.252.74.218 - - [19/Mar/2026:03:34:56 +0000] "GET /?p=79993 HTTP/1.1" 200 24179 "-" "Amazon CloudFront"
15.158.215.109 - - [19/Mar/2026:03:36:06 +0000] "POST /wp-cron.php?doing_wp_cron=1773891366.2666349411010742187500 HTTP/1.1" 200 - "https://69b4844ae61d4e92bf26ad98af552775-devsite.readyship.co/wp-cron.php?doing_wp_cron=1773891366.2666349411010742187500" "WordPress/5.1.19; https://69b4844ae61d4e92bf26ad98af552775-devsite.readyship.co"
64.252.76.215 - - [19/Mar/2026:03:36:05 +0000] "GET /?feed=rss2&p=16539 HTTP/1.1" 200 533 "-" "Amazon CloudFront"
15.158.215.109 - - [19/Mar/2026:03:36:27 +0000] "POST /wp-cron.php?doing_wp_cron=1773891387.9169600009918212890625 HTTP/1.1" 200 - "https://69b4844ae61d4e92bf26ad98af552775-devsite.readyship.co/wp-cron.php?doing_wp_cron=1773891387.9169600009918212890625" "WordPress/5.1.19; https://69b4844ae61d4e92bf26ad98af552775-devsite.readyship.co"
64.252.74.218 - - [19/Mar/2026:03:36:27 +0000] "GET /?feed=rss2&p=79991 HTTP/1.1" 200 514 "-" "Amazon CloudFront"
64.252.74.218 - - [19/Mar/2026:03:37:34 +0000] "GET /?feed=rss2&p=16533 HTTP/1.1" 200 530 "-" "Amazon CloudFront"
15.158.215.109 - - [19/Mar/2026:03:37:34 +0000] "POST /wp-cron.php?doing_wp_cron=1773891454.6341540813446044921875 HTTP/1.1" 200 - "https://69b4844ae61d4e92bf26ad98af552775-devsite.readyship.co/wp-cron.php?doing_wp_cron=1773891454.6341540813446044921875" "WordPress/5.1.19; https://69b4844ae61d4e92bf26ad98af552775-devsite.readyship.co"
64.252.74.61 - - [19/Mar/2026:03:37:34 +0000] "GET /?feed=rss2&p=16535 HTTP/1.1" 200 510 "-" "Amazon CloudFront"
64.252.74.218 - - [19/Mar/2026:03:38:00 +0000] "GET /?feed=rss2&p=16537 HTTP/1.1" 200 534 "-" "Amazon CloudFront"
15.158.215.109 - - [19/Mar/2026:03:39:55 +0000] "POST /wp-cron.php?doing_wp_cron=1773891595.7990698814392089843750 HTTP/1.1" 200 - "https://69b4844ae61d4e92bf26ad98af552775-devsite.readyship.co/wp-cron.php?doing_wp_cron=1773891595.7990698814392089843750" "WordPress/5.1.19; https://69b4844ae61d4e92bf26ad98af552775-devsite.readyship.co"
64.252.66.156 - - [19/Mar/2026:03:39:55 +0000] "GET /?cat=1&paged=4149 HTTP/1.1" 200 11210 "-" "Amazon CloudFront"
15.158.215.109 - - [19/Mar/2026:03:41:39 +0000] "POST /wp-cron.php?doing_wp_cron=1773891699.7852129936218261718750 HTTP/1.1" 200 - "https://69b4844ae61d4e92bf26ad98af552775-devsite.readyship.co/wp-cron.php?doing_wp_cron=1773891699.7852129936218261718750" "WordPress/5.1.19; https://69b4844ae61d4e92bf26ad98af552775-devsite.readyship.co"
64.252.74.218 - - [19/Mar/2026:03:41:39 +0000] "GET /?feed=rss2&p=16545 HTTP/1.1" 200 511 "-" "Amazon CloudFront"
64.252.74.218 - - [19/Mar/2026:03:41:39 +0000] "GET /?feed=rss2&p=16541 HTTP/1.1" 200 516 "-" "Amazon CloudFront"
64.252.74.218 - - [19/Mar/2026:03:42:07 +0000] "GET /?p=16549 HTTP/1.1" 200 15770 "-" "Amazon CloudFront"
15.158.215.109 - - [19/Mar/2026:03:42:59 +0000] "POST /wp-cron.php?doing_wp_cron=1773891779.2344439029693603515625 HTTP/1.1" 200 - "https://69b4844ae61d4e92bf26ad98af552775-devsite.readyship.co/wp-cron.php?doing_wp_cron=1773891779.2344439029693603515625" "WordPress/5.1.19; https://69b4844ae61d4e92bf26ad98af552775-devsite.readyship.co"
64.252.74.218 - - [19/Mar/2026:03:42:58 +0000] "GET /?feed=rss2&p=16547 HTTP/1.1" 200 518 "-" "Amazon CloudFront"
64.252.74.61 - - [19/Mar/2026:03:43:09 +0000] "GET /?feed=rss2&p=16531 HTTP/1.1" 200 501 "-" "Amazon CloudFront"
15.158.215.109 - - [19/Mar/2026:03:57:43 +0000] "POST /wp-cron.php?doing_wp_cron=1773892663.9211869239807128906250 HTTP/1.1" 200 - "https://69b4844ae61d4e92bf26ad98af552775-devsite.readyship.co/wp-cron.php?doing_wp_cron=1773892663.9211869239807128906250" "WordPress/5.1.19; https://69b4844ae61d4e92bf26ad98af552775-devsite.readyship.co"
64.252.68.102 - - [19/Mar/2026:03:57:37 +0000] "GET /?p=96407 HTTP/1.1" 200 14738 "-" "Amazon CloudFront"
15.158.215.109 - - [19/Mar/2026:04:00:33 +0000] "POST /wp-cron.php?doing_wp_cron=1773892833.6610870361328125000000 HTTP/1.1" 200 - "https://69b4844ae61d4e92bf26ad98af552775-devsite.readyship.co/wp-cron.php?doing_wp_cron=1773892833.6610870361328125000000" "WordPress/5.1.19; https://69b4844ae61d4e92bf26ad98af552775-devsite.readyship.co"
64.252.74.218 - - [19/Mar/2026:04:00:33 +0000] "GET /?p=16587 HTTP/1.1" 200 15003 "-" "Amazon CloudFront"
64.252.76.215 - - [19/Mar/2026:04:00:33 +0000] "GET /?p=16593 HTTP/1.1" 200 14319 "-" "Amazon CloudFront"
64.252.74.61 - - [19/Mar/2026:04:00:35 +0000] "GET /?p=16601 HTTP/1.1" 200 14580 "-" "Amazon CloudFront"
64.252.76.215 - - [19/Mar/2026:04:01:04 +0000] "GET /?p=16581 HTTP/1.1" 200 14591 "-" "Amazon CloudFront"
64.252.74.218 - - [19/Mar/2026:04:01:04 +0000] "GET /?p=16573 HTTP/1.1" 200 14638 "-" "Amazon CloudFront"
64.252.74.61 - - [19/Mar/2026:04:01:05 +0000] "GET /?p=16583 HTTP/1.1" 200 14634 "-" "Amazon CloudFront"
64.252.74.218 - - [19/Mar/2026:04:01:06 +0000] "GET /?p=16591 HTTP/1.1" 200 14342 "-" "Amazon CloudFront"
64.252.74.61 - - [19/Mar/2026:04:01:24 +0000] "GET /?p=91397 HTTP/1.1" 200 15028 "-" "Amazon CloudFront"
15.158.215.109 - - [19/Mar/2026:04:01:25 +0000] "POST /wp-cron.php?doing_wp_cron=1773892885.0430650711059570312500 HTTP/1.1" 200 - "https://69b4844ae61d4e92bf26ad98af552775-devsite.readyship.co/wp-cron.php?doing_wp_cron=1773892885.0430650711059570312500" "WordPress/5.1.19; https://69b4844ae61d4e92bf26ad98af552775-devsite.readyship.co"
64.252.74.61 - - [19/Mar/2026:04:01:24 +0000] "GET /?p=91373 HTTP/1.1" 200 17781 "-" "Amazon CloudFront"
64.252.74.218 - - [19/Mar/2026:04:01:25 +0000] "GET /?p=16599 HTTP/1.1" 200 14996 "-" "Amazon CloudFront"
64.252.76.215 - - [19/Mar/2026:04:01:26 +0000] "GET /?p=16571 HTTP/1.1" 200 14612 "-" "Amazon CloudFront"
18.68.19.181 - - [19/Mar/2026:04:01:48 +0000] "POST /xmlrpc.php HTTP/1.1" 200 403 "-" "Mozilla/5.0 (Windows NT 10.0; Win64; x64) AppleWebKit/537.36 (KHTML, like Gecko) Chrome/114.0.0.0 Safari/537.36"
18.68.19.181 - - [19/Mar/2026:04:01:53 +0000] "POST /xmlrpc.php HTTP/1.1" 200 403 "-" "Mozilla/5.0 (Windows NT 10.0; Win64; x64) AppleWebKit/537.36 (KHTML, like Gecko) Chrome/114.0.0.0 Safari/537.36"
64.252.74.61 - - [19/Mar/2026:04:02:20 +0000] "GET /?p=91369 HTTP/1.1" 200 16790 "-" "Amazon CloudFront"
64.252.74.61 - - [19/Mar/2026:04:02:21 +0000] "GET /?p=91379 HTTP/1.1" 200 17066 "-" "Amazon CloudFront"
15.158.215.109 - - [19/Mar/2026:04:02:22 +0000] "POST /wp-cron.php?doing_wp_cron=1773892942.4547269344329833984375 HTTP/1.1" 200 - "https://69b4844ae61d4e92bf26ad98af552775-devsite.readyship.co/wp-cron.php?doing_wp_cron=1773892942.4547269344329833984375" "WordPress/5.1.19; https://69b4844ae61d4e92bf26ad98af552775-devsite.readyship.co"
64.252.76.215 - - [19/Mar/2026:04:02:22 +0000] "GET /?p=91365 HTTP/1.1" 200 17582 "-" "Amazon CloudFront"
64.252.74.218 - - [19/Mar/2026:04:02:22 +0000] "GET /?p=16577 HTTP/1.1" 200 14708 "-" "Amazon CloudFront"
64.252.74.218 - - [19/Mar/2026:04:02:51 +0000] "GET /?p=16585 HTTP/1.1" 200 16978 "-" "Amazon CloudFront"
64.252.74.218 - - [19/Mar/2026:04:02:51 +0000] "GET /?p=91377 HTTP/1.1" 200 18166 "-" "Amazon CloudFront"
64.252.76.215 - - [19/Mar/2026:04:02:52 +0000] "GET /?p=91395 HTTP/1.1" 200 18089 "-" "Amazon CloudFront"
64.252.74.61 - - [19/Mar/2026:04:02:52 +0000] "GET /?p=91387 HTTP/1.1" 200 17049 "-" "Amazon CloudFront"
64.252.74.61 - - [19/Mar/2026:04:03:08 +0000] "GET /?p=91383 HTTP/1.1" 200 15645 "-" "Amazon CloudFront"
64.252.88.79 - - [19/Mar/2026:04:03:06 +0000] "GET / HTTP/1.1" 200 24254 "-" "Amazon CloudFront"
64.252.76.215 - - [19/Mar/2026:04:03:09 +0000] "GET /?p=91385 HTTP/1.1" 200 23274 "-" "Amazon CloudFront"
64.252.76.215 - - [19/Mar/2026:04:03:09 +0000] "GET /?p=91389 HTTP/1.1" 200 23198 "-" "Amazon CloudFront"
64.252.88.79 - - [19/Mar/2026:04:03:10 +0000] "GET /wp-content/wp-content/themes/truelysell/style.css HTTP/1.1" 301 - "-" "Amazon CloudFront"
64.252.76.215 - - [19/Mar/2026:04:03:10 +0000] "GET /?p=91391 HTTP/1.1" 200 16886 "-" "Amazon CloudFront"
64.252.88.79 - - [19/Mar/2026:04:03:11 +0000] "GET /wp-content/wp-content/themes/truelysell/style.css/ HTTP/1.1" 200 23874 "-" "Amazon CloudFront"
64.252.88.79 - - [19/Mar/2026:04:03:15 +0000] "GET /wp-content/plugins/woocommerce-wholesale-lead-capture/css/WWLCCustomFieldsControl.css HTTP/1.1" 301 - "-" "Amazon CloudFront"
64.252.86.96 - - [19/Mar/2026:04:03:16 +0000] "GET /wp-content/plugins/woocommerce-wholesale-lead-capture/css/WWLCCustomFieldsControl.css/ HTTP/1.1" 200 23864 "-" "Amazon CloudFront"
64.252.86.96 - - [19/Mar/2026:04:03:19 +0000] "GET /wp-content/plugins/wedesigntech-ultimate-booking-addon/changelog.txt HTTP/1.1" 301 - "-" "Amazon CloudFront"
64.252.88.79 - - [19/Mar/2026:04:03:20 +0000] "GET /wp-content/plugins/wedesigntech-ultimate-booking-addon/changelog.txt/ HTTP/1.1" 200 23883 "-" "Amazon CloudFront"
15.158.215.109 - - [19/Mar/2026:04:03:25 +0000] "POST /wp-cron.php?doing_wp_cron=1773893005.7509279251098632812500 HTTP/1.1" 200 - "https://69b4844ae61d4e92bf26ad98af552775-devsite.readyship.co/wp-cron.php?doing_wp_cron=1773893005.7509279251098632812500" "WordPress/5.1.19; https://69b4844ae61d4e92bf26ad98af552775-devsite.readyship.co"
64.252.88.79 - - [19/Mar/2026:04:03:25 +0000] "GET /wp-content/plugins/s2member/readme.txt HTTP/1.1" 301 - "-" "Amazon CloudFront"
64.252.88.79 - - [19/Mar/2026:04:03:26 +0000] "GET /wp-content/plugins/s2member/readme.txt/ HTTP/1.1" 200 23838 "-" "Amazon CloudFront"
64.252.86.96 - - [19/Mar/2026:04:03:32 +0000] "GET /wp-content/plugins/kalrav-ai-agent/readme.txt HTTP/1.1" 301 - "-" "Amazon CloudFront"
64.252.89.111 - - [19/Mar/2026:04:03:33 +0000] "GET /wp-content/plugins/kalrav-ai-agent/readme.txt/ HTTP/1.1" 200 23866 "-" "Amazon CloudFront"
64.252.89.111 - - [19/Mar/2026:04:03:37 +0000] "GET /wp-content/plugins/wpvivid-backuprestore/readme.txt HTTP/1.1" 301 - "-" "Amazon CloudFront"
64.252.74.218 - - [19/Mar/2026:04:03:39 +0000] "GET /?p=91381 HTTP/1.1" 200 14792 "-" "Amazon CloudFront"
64.252.74.61 - - [19/Mar/2026:04:03:39 +0000] "GET /?p=16597 HTTP/1.1" 200 14198 "-" "Amazon CloudFront"
64.252.88.79 - - [19/Mar/2026:04:03:37 +0000] "GET /wp-content/plugins/wpvivid-backuprestore/readme.txt/ HTTP/1.1" 200 23880 "-" "Amazon CloudFront"
64.252.74.218 - - [19/Mar/2026:04:03:40 +0000] "GET /?p=91361 HTTP/1.1" 200 17631 "-" "Amazon CloudFront"
64.252.88.79 - - [19/Mar/2026:04:03:41 +0000] "GET /wp-content/plugins/cimy-user-extra-fields/readme.txt HTTP/1.1" 301 - "-" "Amazon CloudFront"
64.252.89.111 - - [19/Mar/2026:04:03:42 +0000] "GET /wp-content/plugins/cimy-user-extra-fields/readme.txt/ HTTP/1.1" 200 23883 "-" "Amazon CloudFront"
64.252.89.111 - - [19/Mar/2026:04:03:46 +0000] "GET /wp-content/plugins/profile-builder/readme.txt HTTP/1.1" 301 - "-" "Amazon CloudFront"
64.252.89.111 - - [19/Mar/2026:04:03:46 +0000] "GET /wp-content/plugins/profile-builder/readme.txt/ HTTP/1.1" 200 23884 "-" "Amazon CloudFront"
64.252.74.61 - - [19/Mar/2026:04:03:49 +0000] "GET /?feed=rss2&p=91407 HTTP/1.1" 200 488 "-" "Amazon CloudFront"
64.252.74.218 - - [19/Mar/2026:04:03:50 +0000] "GET /?feed=rss2&p=91409 HTTP/1.1" 200 565 "-" "Amazon CloudFront"
64.252.74.218 - - [19/Mar/2026:04:03:50 +0000] "GET /?feed=rss2&p=91399 HTTP/1.1" 200 618 "-" "Amazon CloudFront"
64.252.89.111 - - [19/Mar/2026:04:03:50 +0000] "GET /wp-content/plugins/lastudio-element-kit/readme.txt HTTP/1.1" 301 - "-" "Amazon CloudFront"
64.252.74.218 - - [19/Mar/2026:04:03:51 +0000] "GET /?feed=rss2&p=16561 HTTP/1.1" 200 543 "-" "Amazon CloudFront"
64.252.89.111 - - [19/Mar/2026:04:03:51 +0000] "GET /wp-content/plugins/lastudio-element-kit/readme.txt/ HTTP/1.1" 200 23871 "-" "Amazon CloudFront"
64.252.86.96 - - [19/Mar/2026:04:03:55 +0000] "GET /wp-content/plugins/login-customizer/readme.txt HTTP/1.1" 301 - "-" "Amazon CloudFront"
64.252.89.111 - - [19/Mar/2026:04:03:56 +0000] "GET /wp-content/plugins/login-customizer/readme.txt/ HTTP/1.1" 200 23846 "-" "Amazon CloudFront"
64.252.89.111 - - [19/Mar/2026:04:04:00 +0000] "GET /wp-content/plugins/academy/readme.txt HTTP/1.1" 301 - "-" "Amazon CloudFront"
64.252.89.111 - - [19/Mar/2026:04:04:01 +0000] "GET /wp-content/plugins/academy/readme.txt/ HTTP/1.1" 200 23876 "-" "Amazon CloudFront"
64.252.88.79 - - [19/Mar/2026:04:04:05 +0000] "GET /wp-content/plugins/directorist-social-login/assets/public/css/main.css HTTP/1.1" 301 - "-" "Amazon CloudFront"
64.252.86.96 - - [19/Mar/2026:04:04:06 +0000] "GET /wp-content/plugins/directorist-social-login/assets/public/css/main.css/ HTTP/1.1" 200 23849 "-" "Amazon CloudFront"
64.252.89.111 - - [19/Mar/2026:04:04:11 +0000] "GET /wp-content/plugins/acf-frontend-form-element/readme.txt HTTP/1.1" 301 - "-" "Amazon CloudFront"
64.252.86.96 - - [19/Mar/2026:04:04:12 +0000] "GET /wp-content/plugins/acf-frontend-form-element/readme.txt/ HTTP/1.1" 200 23859 "-" "Amazon CloudFront"
64.252.89.111 - - [19/Mar/2026:04:04:16 +0000] "GET /wp-content/themes/workreap/style.css HTTP/1.1" 301 - "-" "Amazon CloudFront"
64.252.88.79 - - [19/Mar/2026:04:04:16 +0000] "GET /wp-content/themes/workreap/style.css/ HTTP/1.1" 200 23851 "-" "Amazon CloudFront"
64.252.88.79 - - [19/Mar/2026:04:04:20 +0000] "GET /wp-content/themes/energia/style.css HTTP/1.1" 301 - "-" "Amazon CloudFront"
64.252.86.96 - - [19/Mar/2026:04:04:21 +0000] "GET /wp-content/themes/energia/style.css/ HTTP/1.1" 200 23850 "-" "Amazon CloudFront"
64.252.74.218 - - [19/Mar/2026:04:04:25 +0000] "GET /?feed=rss2&p=16567 HTTP/1.1" 200 504 "-" "Amazon CloudFront"
64.252.89.111 - - [19/Mar/2026:04:04:25 +0000] "GET /wp-content/plugins/modular-connector/readme.txt HTTP/1.1" 301 - "-" "Amazon CloudFront"
15.158.215.109 - - [19/Mar/2026:04:04:26 +0000] "POST /wp-cron.php?doing_wp_cron=1773893066.0066049098968505859375 HTTP/1.1" 200 - "https://69b4844ae61d4e92bf26ad98af552775-devsite.readyship.co/wp-cron.php?doing_wp_cron=1773893066.0066049098968505859375" "WordPress/5.1.19; https://69b4844ae61d4e92bf26ad98af552775-devsite.readyship.co"
64.252.74.61 - - [19/Mar/2026:04:04:25 +0000] "GET /?feed=rss2&p=91401 HTTP/1.1" 200 546 "-" "Amazon CloudFront"
64.252.74.218 - - [19/Mar/2026:04:04:26 +0000] "GET /?feed=rss2&p=16557 HTTP/1.1" 200 508 "-" "Amazon CloudFront"
64.252.74.61 - - [19/Mar/2026:04:04:27 +0000] "GET /?feed=rss2&p=16569 HTTP/1.1" 200 547 "-" "Amazon CloudFront"
64.252.86.96 - - [19/Mar/2026:04:04:26 +0000] "GET /wp-content/plugins/modular-connector/readme.txt/ HTTP/1.1" 200 23859 "-" "Amazon CloudFront"
64.252.89.111 - - [19/Mar/2026:04:04:30 +0000] "GET /wp-content/plugins/branda-white-labeling/readme.txt HTTP/1.1" 301 - "-" "Amazon CloudFront"
64.252.89.111 - - [19/Mar/2026:04:04:31 +0000] "GET /wp-content/plugins/branda-white-labeling/readme.txt/ HTTP/1.1" 200 23838 "-" "Amazon CloudFront"
64.252.89.111 - - [19/Mar/2026:04:04:38 +0000] "GET /wp-content/themes/doccure/style.css HTTP/1.1" 301 - "-" "Amazon CloudFront"
64.252.86.96 - - [19/Mar/2026:04:04:38 +0000] "GET /wp-content/themes/doccure/style.css/ HTTP/1.1" 200 23846 "-" "Amazon CloudFront"
64.252.89.111 - - [19/Mar/2026:04:04:42 +0000] "GET /wp-content/plugins/fox-lms/README.txt HTTP/1.1" 301 - "-" "Amazon CloudFront"
64.252.89.111 - - [19/Mar/2026:04:04:43 +0000] "GET /wp-content/plugins/fox-lms/README.txt/ HTTP/1.1" 200 23872 "-" "Amazon CloudFront"
64.252.89.111 - - [19/Mar/2026:04:04:47 +0000] "GET /wp-content/plugins/flex-qr-code-generator/readme.txt HTTP/1.1" 301 - "-" "Amazon CloudFront"
64.252.89.111 - - [19/Mar/2026:04:04:48 +0000] "GET /wp-content/plugins/flex-qr-code-generator/readme.txt/ HTTP/1.1" 200 23845 "-" "Amazon CloudFront"
64.252.89.111 - - [19/Mar/2026:04:04:53 +0000] "GET /wp-content/plugins/wpdirectorykit/README.txt HTTP/1.1" 301 - "-" "Amazon CloudFront"
64.252.89.111 - - [19/Mar/2026:04:04:54 +0000] "GET /wp-content/plugins/wpdirectorykit/README.txt/ HTTP/1.1" 200 23859 "-" "Amazon CloudFront"
64.252.88.79 - - [19/Mar/2026:04:04:58 +0000] "GET /wp-content/plugins/user-verification/readme.md HTTP/1.1" 301 - "-" "Amazon CloudFront"
64.252.89.111 - - [19/Mar/2026:04:04:59 +0000] "GET /wp-content/plugins/user-verification/readme.md/ HTTP/1.1" 200 23846 "-" "Amazon CloudFront"
64.252.86.96 - - [19/Mar/2026:04:05:03 +0000] "GET /wp-content/plugins/acf-extended/readme.txt HTTP/1.1" 301 - "-" "Amazon CloudFront"
64.252.86.96 - - [19/Mar/2026:04:05:04 +0000] "GET /wp-content/plugins/acf-extended/readme.txt/ HTTP/1.1" 200 23862 "-" "Amazon CloudFront"
64.252.88.79 - - [19/Mar/2026:04:05:07 +0000] "GET /wp-content/plugins/sneeit-framework/readme.txt HTTP/1.1" 301 - "-" "Amazon CloudFront"
64.252.89.111 - - [19/Mar/2026:04:05:08 +0000] "GET /wp-content/plugins/sneeit-framework/readme.txt/ HTTP/1.1" 200 23851 "-" "Amazon CloudFront"
64.252.76.215 - - [19/Mar/2026:04:05:12 +0000] "GET /?feed=rss2&p=91413 HTTP/1.1" 200 514 "-" "Amazon CloudFront"
64.252.89.111 - - [19/Mar/2026:04:05:13 +0000] "GET /wp-content/plugins/waveplayer/readme.txt HTTP/1.1" 301 - "-" "Amazon CloudFront"
64.252.76.215 - - [19/Mar/2026:04:05:15 +0000] "GET /?feed=rss2&p=91411 HTTP/1.1" 200 542 "-" "Amazon CloudFront"
64.252.74.61 - - [19/Mar/2026:04:05:15 +0000] "GET /?feed=rss2&p=16553 HTTP/1.1" 200 540 "-" "Amazon CloudFront"
64.252.76.215 - - [19/Mar/2026:04:05:16 +0000] "GET /?feed=rss2&p=16551 HTTP/1.1" 200 531 "-" "Amazon CloudFront"
64.252.89.111 - - [19/Mar/2026:04:05:13 +0000] "GET /wp-content/plugins/waveplayer/readme.txt/ HTTP/1.1" 200 23861 "-" "Amazon CloudFront"
64.252.74.218 - - [19/Mar/2026:04:05:16 +0000] "GET /?feed=rss2&p=91417 HTTP/1.1" 200 498 "-" "Amazon CloudFront"
64.252.88.79 - - [19/Mar/2026:04:05:17 +0000] "GET /wp-content/plugins/ecab-taxi-booking-manager/readme.txt HTTP/1.1" 301 - "-" "Amazon CloudFront"
64.252.89.111 - - [19/Mar/2026:04:05:18 +0000] "GET /wp-content/plugins/ecab-taxi-booking-manager/readme.txt/ HTTP/1.1" 200 23840 "-" "Amazon CloudFront"
64.252.74.61 - - [19/Mar/2026:04:05:21 +0000] "GET /?feed=rss2&p=16565 HTTP/1.1" 200 509 "-" "Amazon CloudFront"
64.252.74.218 - - [19/Mar/2026:04:05:21 +0000] "GET /?feed=rss2&p=16563 HTTP/1.1" 200 520 "-" "Amazon CloudFront"
64.252.89.111 - - [19/Mar/2026:04:05:22 +0000] "GET /wp-content/plugins/cpi-wp-migration/readme.txt HTTP/1.1" 301 - "-" "Amazon CloudFront"
15.158.215.109 - - [19/Mar/2026:04:05:22 +0000] "POST /wp-cron.php?doing_wp_cron=1773893122.5296030044555664062500 HTTP/1.1" 200 - "https://69b4844ae61d4e92bf26ad98af552775-devsite.readyship.co/wp-cron.php?doing_wp_cron=1773893122.5296030044555664062500" "WordPress/5.1.19; https://69b4844ae61d4e92bf26ad98af552775-devsite.readyship.co"
64.252.74.61 - - [19/Mar/2026:04:05:22 +0000] "GET /?feed=rss2&p=16554 HTTP/1.1" 200 543 "-" "Amazon CloudFront"
64.252.76.215 - - [19/Mar/2026:04:05:22 +0000] "GET /?p=91363 HTTP/1.1" 200 24347 "-" "Amazon CloudFront"
64.252.89.111 - - [19/Mar/2026:04:05:22 +0000] "GET /wp-content/plugins/cpi-wp-migration/readme.txt/ HTTP/1.1" 200 23864 "-" "Amazon CloudFront"
64.252.89.111 - - [19/Mar/2026:04:05:27 +0000] "GET /wp-content/plugins/king-addons/readme.txt HTTP/1.1" 301 - "-" "Amazon CloudFront"
64.252.86.96 - - [19/Mar/2026:04:05:28 +0000] "GET /wp-content/plugins/king-addons/readme.txt/ HTTP/1.1" 200 23852 "-" "Amazon CloudFront"
64.252.86.96 - - [19/Mar/2026:04:05:32 +0000] "GET /wp-content/plugins/ai-engine/readme.txt HTTP/1.1" 301 - "-" "Amazon CloudFront"
64.252.88.79 - - [19/Mar/2026:04:05:33 +0000] "GET /wp-content/plugins/ai-engine/readme.txt/ HTTP/1.1" 200 23868 "-" "Amazon CloudFront"
64.252.86.96 - - [19/Mar/2026:04:05:37 +0000] "GET /wp-content/plugins/post-smtp/readme.txt HTTP/1.1" 301 - "-" "Amazon CloudFront"
64.252.86.96 - - [19/Mar/2026:04:05:37 +0000] "GET /wp-content/plugins/post-smtp/readme.txt/ HTTP/1.1" 200 23845 "-" "Amazon CloudFront"
64.252.89.111 - - [19/Mar/2026:04:05:42 +0000] "GET /wp-content/plugins/wc-designer-pro/changelog.txt HTTP/1.1" 301 - "-" "Amazon CloudFront"
64.252.74.61 - - [19/Mar/2026:04:05:42 +0000] "GET /?feed=rss2&p=16549 HTTP/1.1" 200 496 "-" "Amazon CloudFront"
64.252.76.215 - - [19/Mar/2026:04:05:43 +0000] "GET /?feed=rss2&p=16543 HTTP/1.1" 200 509 "-" "Amazon CloudFront"
64.252.76.215 - - [19/Mar/2026:04:05:43 +0000] "GET /?feed=rss2&p=91405 HTTP/1.1" 200 511 "-" "Amazon CloudFront"
64.252.74.218 - - [19/Mar/2026:04:05:44 +0000] "GET /?feed=rss2&p=16559 HTTP/1.1" 200 525 "-" "Amazon CloudFront"
64.252.89.111 - - [19/Mar/2026:04:05:42 +0000] "GET /wp-content/plugins/wc-designer-pro/changelog.txt/ HTTP/1.1" 200 23846 "-" "Amazon CloudFront"
64.252.89.111 - - [19/Mar/2026:04:05:47 +0000] "GET /wp-content/themes/miraculous/style.css HTTP/1.1" 301 - "-" "Amazon CloudFront"
64.252.89.111 - - [19/Mar/2026:04:05:48 +0000] "GET /wp-content/themes/miraculous/style.css/ HTTP/1.1" 200 23873 "-" "Amazon CloudFront"
64.252.86.96 - - [19/Mar/2026:04:05:51 +0000] "GET /wp-content/plugins/uni-woo-custom-product-options-premium/readme.txt HTTP/1.1" 301 - "-" "Amazon CloudFront"
64.252.89.111 - - [19/Mar/2026:04:05:52 +0000] "GET /wp-content/plugins/uni-woo-custom-product-options-premium/readme.txt/ HTTP/1.1" 200 23860 "-" "Amazon CloudFront"
64.252.89.111 - - [19/Mar/2026:04:05:56 +0000] "GET /wp-content/plugins/podlove-podcasting-plugin-for-wordpress/readme.txt HTTP/1.1" 301 - "-" "Amazon CloudFront"
64.252.89.111 - - [19/Mar/2026:04:05:57 +0000] "GET /wp-content/plugins/podlove-podcasting-plugin-for-wordpress/readme.txt/ HTTP/1.1" 200 23876 "-" "Amazon CloudFront"
64.252.89.111 - - [19/Mar/2026:04:06:01 +0000] "GET /wp-content/plugins/WooCommerce-Multi-Locations-Inventory-Management/readme.txt HTTP/1.1" 301 - "-" "Amazon CloudFront"
64.252.86.96 - - [19/Mar/2026:04:06:02 +0000] "GET /wp-content/plugins/WooCommerce-Multi-Locations-Inventory-Management/readme.txt/ HTTP/1.1" 200 23891 "-" "Amazon CloudFront"
64.252.88.79 - - [19/Mar/2026:04:06:06 +0000] "GET /wp-content/plugins/wp-event-solution/readme.txt HTTP/1.1" 301 - "-" "Amazon CloudFront"
64.252.89.111 - - [19/Mar/2026:04:06:07 +0000] "GET /wp-content/plugins/wp-event-solution/readme.txt/ HTTP/1.1" 200 23885 "-" "Amazon CloudFront"
64.252.86.96 - - [19/Mar/2026:04:06:11 +0000] "GET /wp-content/themes/freeio/style.css HTTP/1.1" 301 - "-" "Amazon CloudFront"
64.252.89.111 - - [19/Mar/2026:04:06:12 +0000] "GET /wp-content/themes/freeio/style.css/ HTTP/1.1" 200 23825 "-" "Amazon CloudFront"
64.252.88.79 - - [19/Mar/2026:04:06:16 +0000] "GET /wp-content/themes/em4u/style.css HTTP/1.1" 301 - "-" "Amazon CloudFront"
64.252.89.111 - - [19/Mar/2026:04:06:17 +0000] "GET /wp-content/themes/em4u/style.css/ HTTP/1.1" 200 23861 "-" "Amazon CloudFront"
64.252.86.96 - - [19/Mar/2026:04:06:21 +0000] "GET /wp-content/plugins/wp-marketing-automations/readme.txt HTTP/1.1" 301 - "-" "Amazon CloudFront"
64.252.89.111 - - [19/Mar/2026:04:06:21 +0000] "GET /wp-content/plugins/wp-marketing-automations/readme.txt/ HTTP/1.1" 200 23836 "-" "Amazon CloudFront"
15.158.215.109 - - [19/Mar/2026:04:06:26 +0000] "POST /wp-cron.php?doing_wp_cron=1773893186.3988530635833740234375 HTTP/1.1" 200 - "https://69b4844ae61d4e92bf26ad98af552775-devsite.readyship.co/wp-cron.php?doing_wp_cron=1773893186.3988530635833740234375" "WordPress/5.1.19; https://69b4844ae61d4e92bf26ad98af552775-devsite.readyship.co"
64.252.89.111 - - [19/Mar/2026:04:06:26 +0000] "GET /wp-content/plugins/order-delivery-date/readme.txt HTTP/1.1" 301 - "-" "Amazon CloudFront"
64.252.89.111 - - [19/Mar/2026:04:06:27 +0000] "GET /wp-content/plugins/order-delivery-date/readme.txt/ HTTP/1.1" 200 23864 "-" "Amazon CloudFront"
64.252.89.111 - - [19/Mar/2026:04:06:31 +0000] "GET /wp-content/themes/noo-jobmonster/style.css HTTP/1.1" 301 - "-" "Amazon CloudFront"
64.252.86.96 - - [19/Mar/2026:04:06:31 +0000] "GET /wp-content/themes/noo-jobmonster/style.css/ HTTP/1.1" 200 23853 "-" "Amazon CloudFront"
64.252.89.111 - - [19/Mar/2026:04:06:35 +0000] "GET /wp-content/themes/service-finder/style.css HTTP/1.1" 301 - "-" "Amazon CloudFront"
64.252.86.96 - - [19/Mar/2026:04:06:36 +0000] "GET /wp-content/themes/service-finder/style.css/ HTTP/1.1" 200 23845 "-" "Amazon CloudFront"
64.252.74.218 - - [19/Mar/2026:04:06:39 +0000] "GET /?cat=1&paged=3957 HTTP/1.1" 200 11212 "-" "Amazon CloudFront"
64.252.76.215 - - [19/Mar/2026:04:06:40 +0000] "GET /?cat=1&paged=3958 HTTP/1.1" 200 11376 "-" "Amazon CloudFront"
64.252.89.111 - - [19/Mar/2026:04:06:40 +0000] "GET /wp-content/themes/litho/style.css HTTP/1.1" 301 - "-" "Amazon CloudFront"
64.252.74.218 - - [19/Mar/2026:04:06:41 +0000] "GET /?cat=1&paged=274 HTTP/1.1" 200 11255 "-" "Amazon CloudFront"
64.252.74.218 - - [19/Mar/2026:04:06:42 +0000] "GET /?cat=1&paged=273 HTTP/1.1" 200 11322 "-" "Amazon CloudFront"
64.252.88.79 - - [19/Mar/2026:04:06:41 +0000] "GET /wp-content/themes/litho/style.css/ HTTP/1.1" 200 23830 "-" "Amazon CloudFront"
64.252.88.79 - - [19/Mar/2026:04:06:45 +0000] "GET /wp-content/plugins/wp-registration/readme.txt HTTP/1.1" 301 - "-" "Amazon CloudFront"
64.252.76.215 - - [19/Mar/2026:04:06:45 +0000] "GET /?p=16605 HTTP/1.1" 200 15076 "-" "Amazon CloudFront"
64.252.76.215 - - [19/Mar/2026:04:06:46 +0000] "GET /?p=91359 HTTP/1.1" 200 15906 "-" "Amazon CloudFront"
64.252.74.218 - - [19/Mar/2026:04:06:46 +0000] "GET /?p=91393 HTTP/1.1" 200 17183 "-" "Amazon CloudFront"
64.252.89.111 - - [19/Mar/2026:04:06:45 +0000] "GET /wp-content/plugins/wp-registration/readme.txt/ HTTP/1.1" 200 23839 "-" "Amazon CloudFront"
64.252.89.111 - - [19/Mar/2026:04:06:50 +0000] "GET /wp-content/plugins/ht-contactform/readme.txt HTTP/1.1" 301 - "-" "Amazon CloudFront"
64.252.89.111 - - [19/Mar/2026:04:06:51 +0000] "GET /wp-content/plugins/ht-contactform/readme.txt/ HTTP/1.1" 200 23883 "-" "Amazon CloudFront"
64.252.86.96 - - [19/Mar/2026:04:06:55 +0000] "GET /wp-content/themes/alone/style.css HTTP/1.1" 301 - "-" "Amazon CloudFront"
64.252.88.79 - - [19/Mar/2026:04:06:56 +0000] "GET /wp-content/themes/alone/style.css/ HTTP/1.1" 200 23842 "-" "Amazon CloudFront"
64.252.76.215 - - [19/Mar/2026:04:07:10 +0000] "GET /?p=16594 HTTP/1.1" 200 15137 "-" "Amazon CloudFront"
64.252.74.61 - - [19/Mar/2026:04:07:10 +0000] "GET /?p=16603 HTTP/1.1" 200 14351 "-" "Amazon CloudFront"
64.252.74.61 - - [19/Mar/2026:04:07:11 +0000] "GET /?p=16589 HTTP/1.1" 200 14192 "-" "Amazon CloudFront"
15.158.215.109 - - [19/Mar/2026:04:08:01 +0000] "POST /wp-cron.php?doing_wp_cron=1773893281.0262138843536376953125 HTTP/1.1" 200 - "https://69b4844ae61d4e92bf26ad98af552775-devsite.readyship.co/wp-cron.php?doing_wp_cron=1773893281.0262138843536376953125" "WordPress/5.1.19; https://69b4844ae61d4e92bf26ad98af552775-devsite.readyship.co"
64.252.76.215 - - [19/Mar/2026:04:08:00 +0000] "GET /?feed=rss2&p=91403 HTTP/1.1" 200 525 "-" "Amazon CloudFront"
15.158.215.109 - - [19/Mar/2026:04:08:01 +0000] "POST /wp-cron.php?doing_wp_cron=1773893281.0279600620269775390625 HTTP/1.1" 200 - "https://69b4844ae61d4e92bf26ad98af552775-devsite.readyship.co/wp-cron.php?doing_wp_cron=1773893281.0279600620269775390625" "WordPress/5.1.19; https://69b4844ae61d4e92bf26ad98af552775-devsite.readyship.co"
64.252.76.215 - - [19/Mar/2026:04:08:00 +0000] "GET /?feed=rss2&p=91415 HTTP/1.1" 200 487 "-" "Amazon CloudFront"
64.252.74.61 - - [19/Mar/2026:04:08:02 +0000] "GET /?feed=rss2&p=91437 HTTP/1.1" 200 525 "-" "Amazon CloudFront"
64.252.74.218 - - [19/Mar/2026:04:08:07 +0000] "GET /?p=16607 HTTP/1.1" 200 14653 "-" "Amazon CloudFront"
64.252.74.61 - - [19/Mar/2026:04:08:07 +0000] "GET /?p=91371 HTTP/1.1" 200 16499 "-" "Amazon CloudFront"
64.252.74.61 - - [19/Mar/2026:04:08:08 +0000] "GET /?p=16609 HTTP/1.1" 200 14854 "-" "Amazon CloudFront"
64.252.74.61 - - [19/Mar/2026:04:08:09 +0000] "GET /?p=16574 HTTP/1.1" 200 15557 "-" "Amazon CloudFront"
15.158.215.109 - - [19/Mar/2026:04:08:29 +0000] "POST /wp-cron.php?doing_wp_cron=1773893309.7728440761566162109375 HTTP/1.1" 200 - "https://69b4844ae61d4e92bf26ad98af552775-devsite.readyship.co/wp-cron.php?doing_wp_cron=1773893309.7728440761566162109375" "WordPress/5.1.19; https://69b4844ae61d4e92bf26ad98af552775-devsite.readyship.co"
64.252.74.61 - - [19/Mar/2026:04:08:29 +0000] "GET /?p=91367 HTTP/1.1" 200 16421 "-" "Amazon CloudFront"
64.252.74.218 - - [19/Mar/2026:04:08:29 +0000] "GET /?p=16579 HTTP/1.1" 200 15850 "-" "Amazon CloudFront"
64.252.74.218 - - [19/Mar/2026:04:08:30 +0000] "GET /?p=91375 HTTP/1.1" 200 14877 "-" "Amazon CloudFront"
64.252.68.139 - - [19/Mar/2026:04:09:04 +0000] "GET /?case27_job_listing_tags=parking-street HTTP/1.1" 200 13718 "-" "Amazon CloudFront"
15.158.215.109 - - [19/Mar/2026:04:16:47 +0000] "POST /wp-cron.php?doing_wp_cron=1773893807.5326209068298339843750 HTTP/1.1" 200 - "https://69b4844ae61d4e92bf26ad98af552775-devsite.readyship.co/wp-cron.php?doing_wp_cron=1773893807.5326209068298339843750" "WordPress/5.1.19; https://69b4844ae61d4e92bf26ad98af552775-devsite.readyship.co"
64.252.68.203 - - [19/Mar/2026:04:16:40 +0000] "GET /?p=42758 HTTP/1.1" 200 17783 "-" "Amazon CloudFront"
15.158.215.109 - - [19/Mar/2026:04:18:50 +0000] "POST /wp-cron.php?doing_wp_cron=1773893930.5317280292510986328125 HTTP/1.1" 200 - "https://69b4844ae61d4e92bf26ad98af552775-devsite.readyship.co/wp-cron.php?doing_wp_cron=1773893930.5317280292510986328125" "WordPress/5.1.19; https://69b4844ae61d4e92bf26ad98af552775-devsite.readyship.co"
64.252.74.61 - - [19/Mar/2026:04:18:50 +0000] "GET /?feed=rss2&p=91433 HTTP/1.1" 200 540 "-" "Amazon CloudFront"
15.158.215.109 - - [19/Mar/2026:04:19:49 +0000] "POST /wp-cron.php?doing_wp_cron=1773893989.8647089004516601562500 HTTP/1.1" 200 - "https://69b4844ae61d4e92bf26ad98af552775-devsite.readyship.co/wp-cron.php?doing_wp_cron=1773893989.8647089004516601562500" "WordPress/5.1.19; https://69b4844ae61d4e92bf26ad98af552775-devsite.readyship.co"
18.68.19.181 - - [19/Mar/2026:04:19:49 +0000] "POST /xmlrpc.php HTTP/1.1" 200 403 "-" "Mozilla/5.0 (Windows NT 10.0; Win64; x64) AppleWebKit/537.36 (KHTML, like Gecko) Chrome/114.0.0.0 Safari/537.36"
18.68.19.181 - - [19/Mar/2026:04:19:54 +0000] "POST /xmlrpc.php HTTP/1.1" 200 403 "-" "Mozilla/5.0 (Windows NT 10.0; Win64; x64) AppleWebKit/537.36 (KHTML, like Gecko) Chrome/114.0.0.0 Safari/537.36"
64.252.74.218 - - [19/Mar/2026:04:20:07 +0000] "GET /?feed=rss2&p=91435 HTTP/1.1" 200 515 "-" "Amazon CloudFront"
64.252.74.61 - - [19/Mar/2026:04:20:28 +0000] "GET /?feed=rss2&p=91419 HTTP/1.1" 200 497 "-" "Amazon CloudFront"
15.158.215.109 - - [19/Mar/2026:04:20:28 +0000] "POST /wp-cron.php?doing_wp_cron=1773894028.6649808883666992187500 HTTP/1.1" 200 - "https://69b4844ae61d4e92bf26ad98af552775-devsite.readyship.co/wp-cron.php?doing_wp_cron=1773894028.6649808883666992187500" "WordPress/5.1.19; https://69b4844ae61d4e92bf26ad98af552775-devsite.readyship.co"
64.252.74.218 - - [19/Mar/2026:04:20:28 +0000] "GET /?feed=rss2&p=91427 HTTP/1.1" 200 505 "-" "Amazon CloudFront"
64.252.74.218 - - [19/Mar/2026:04:21:36 +0000] "GET /?feed=rss2&p=91431 HTTP/1.1" 200 586 "-" "Amazon CloudFront"
15.158.215.109 - - [19/Mar/2026:04:21:36 +0000] "POST /wp-cron.php?doing_wp_cron=1773894096.3838210105895996093750 HTTP/1.1" 200 - "https://69b4844ae61d4e92bf26ad98af552775-devsite.readyship.co/wp-cron.php?doing_wp_cron=1773894096.3838210105895996093750" "WordPress/5.1.19; https://69b4844ae61d4e92bf26ad98af552775-devsite.readyship.co"
64.252.76.215 - - [19/Mar/2026:04:21:36 +0000] "GET /?feed=rss2&p=91421 HTTP/1.1" 200 542 "-" "Amazon CloudFront"
