64.252.86.96 - - [19/Mar/2026:23:27:47 +0000] "GET / HTTP/1.1" 200 24265 "-" "Amazon CloudFront"
64.252.86.96 - - [19/Mar/2026:23:27:50 +0000] "GET /?page_id=2806 HTTP/1.1" 200 9337 "-" "Amazon CloudFront"
3.172.10.105 - - [19/Mar/2026:23:27:51 +0000] "GET /wp-admin/edit-tags.php?taxonomy=category HTTP/1.1" 302 - "https://69b4844ae61d4e92bf26ad98af552775-devsite.readyship.co/?page_id=2806" "Mozilla/5.0 (Windows NT 6.3; Win64; x64) AppleWebKit/537.36 (KHTML, like Gecko) Chrome/103.0.0.0 Safari/537.36"
3.172.10.105 - - [19/Mar/2026:23:27:52 +0000] "GET /wp-login.php?redirect_to=https%3A%2F%2F69b4844ae61d4e92bf26ad98af552775-devsite.readyship.co%2Fwp-admin%2Fedit-tags.php%3Ftaxonomy%3Dcategory&reauth=1 HTTP/1.1" 200 1206 "https://69b4844ae61d4e92bf26ad98af552775-devsite.readyship.co/wp-admin/edit-tags.php?taxonomy=category" "Mozilla/5.0 (Windows NT 6.3; Win64; x64) AppleWebKit/537.36 (KHTML, like Gecko) Chrome/103.0.0.0 Safari/537.36"
15.158.215.109 - - [19/Mar/2026:23:28:57 +0000] "POST /wp-cron.php?doing_wp_cron=1773962937.5578479766845703125000 HTTP/1.1" 200 - "https://69b4844ae61d4e92bf26ad98af552775-devsite.readyship.co/wp-cron.php?doing_wp_cron=1773962937.5578479766845703125000" "WordPress/5.1.19; https://69b4844ae61d4e92bf26ad98af552775-devsite.readyship.co"
64.252.68.139 - - [19/Mar/2026:23:28:57 +0000] "GET /?p=9869 HTTP/1.1" 200 13994 "-" "Amazon CloudFront"
64.252.74.61 - - [19/Mar/2026:23:29:10 +0000] "GET /?feed=rss2&p=90969 HTTP/1.1" 200 531 "-" "Amazon CloudFront"
64.252.74.218 - - [19/Mar/2026:23:29:09 +0000] "GET /?cat=1&paged=295 HTTP/1.1" 200 11306 "-" "Amazon CloudFront"
64.252.74.61 - - [19/Mar/2026:23:29:13 +0000] "GET /?feed=rss2&p=90960 HTTP/1.1" 200 530 "-" "Amazon CloudFront"
64.252.76.215 - - [19/Mar/2026:23:29:13 +0000] "GET /?feed=rss2&p=90959 HTTP/1.1" 200 511 "-" "Amazon CloudFront"
15.158.215.109 - - [19/Mar/2026:23:29:33 +0000] "POST /wp-cron.php?doing_wp_cron=1773962973.6067509651184082031250 HTTP/1.1" 200 - "https://69b4844ae61d4e92bf26ad98af552775-devsite.readyship.co/wp-cron.php?doing_wp_cron=1773962973.6067509651184082031250" "WordPress/5.1.19; https://69b4844ae61d4e92bf26ad98af552775-devsite.readyship.co"
64.252.68.203 - - [19/Mar/2026:23:29:33 +0000] "GET /?p=9913 HTTP/1.1" 200 14593 "-" "Amazon CloudFront"
64.252.74.61 - - [19/Mar/2026:23:30:04 +0000] "GET /?cat=1&paged=296 HTTP/1.1" 200 11181 "-" "Amazon CloudFront"
64.252.74.61 - - [19/Mar/2026:23:30:35 +0000] "GET /?feed=rss2&p=90967 HTTP/1.1" 200 513 "-" "Amazon CloudFront"
15.158.215.109 - - [19/Mar/2026:23:30:36 +0000] "POST /wp-cron.php?doing_wp_cron=1773963036.0190970897674560546875 HTTP/1.1" 200 - "https://69b4844ae61d4e92bf26ad98af552775-devsite.readyship.co/wp-cron.php?doing_wp_cron=1773963036.0190970897674560546875" "WordPress/5.1.19; https://69b4844ae61d4e92bf26ad98af552775-devsite.readyship.co"
64.252.74.218 - - [19/Mar/2026:23:30:35 +0000] "GET /?feed=rss2&p=90975 HTTP/1.1" 200 518 "-" "Amazon CloudFront"
64.252.76.215 - - [19/Mar/2026:23:30:37 +0000] "GET /?p=90923 HTTP/1.1" 200 26714 "-" "Amazon CloudFront"
64.252.68.102 - - [19/Mar/2026:23:31:01 +0000] "GET /?p=25520 HTTP/1.1" 200 23479 "-" "Amazon CloudFront"
15.158.215.109 - - [19/Mar/2026:23:31:02 +0000] "POST /wp-admin/admin-ajax.php?action=wp_1_wc_privacy_cleanup&nonce=806ddcb80d HTTP/1.1" 200 - "https://69b4844ae61d4e92bf26ad98af552775-devsite.readyship.co/wp-admin/admin-ajax.php?action=wp_1_wc_privacy_cleanup&nonce=806ddcb80d" "WordPress/5.1.19; https://69b4844ae61d4e92bf26ad98af552775-devsite.readyship.co"
15.158.215.109 - - [19/Mar/2026:23:31:02 +0000] "POST /wp-cron.php?doing_wp_cron=1773963062.0341629981994628906250 HTTP/1.1" 200 - "https://69b4844ae61d4e92bf26ad98af552775-devsite.readyship.co/wp-cron.php?doing_wp_cron=1773963062.0341629981994628906250" "WordPress/5.1.19; https://69b4844ae61d4e92bf26ad98af552775-devsite.readyship.co"
15.158.215.109 - - [19/Mar/2026:23:31:05 +0000] "POST /wp-cron.php?doing_wp_cron=1773963065.2338800430297851562500 HTTP/1.1" 200 - "https://69b4844ae61d4e92bf26ad98af552775-devsite.readyship.co/wp-cron.php?doing_wp_cron=1773963065.2338800430297851562500" "WordPress/5.1.19; https://69b4844ae61d4e92bf26ad98af552775-devsite.readyship.co"
64.252.68.102 - - [19/Mar/2026:23:31:04 +0000] "GET /?p=92208 HTTP/1.1" 200 18294 "-" "Amazon CloudFront"
64.252.76.215 - - [19/Mar/2026:23:31:11 +0000] "GET /?p=90929 HTTP/1.1" 200 24590 "-" "Amazon CloudFront"
64.252.74.61 - - [19/Mar/2026:23:31:12 +0000] "GET /?p=90953 HTTP/1.1" 200 22069 "-" "Amazon CloudFront"
64.252.74.218 - - [19/Mar/2026:23:31:13 +0000] "GET /?p=90935 HTTP/1.1" 200 23082 "-" "Amazon CloudFront"
64.252.68.102 - - [19/Mar/2026:23:31:38 +0000] "GET /?page_id=2807&paged=4331 HTTP/1.1" 200 11377 "-" "Amazon CloudFront"
64.252.76.215 - - [19/Mar/2026:23:32:10 +0000] "GET /?p=90925 HTTP/1.1" 200 16150 "-" "Amazon CloudFront"
15.158.215.109 - - [19/Mar/2026:23:32:10 +0000] "POST /wp-cron.php?doing_wp_cron=1773963130.4359540939331054687500 HTTP/1.1" 200 - "https://69b4844ae61d4e92bf26ad98af552775-devsite.readyship.co/wp-cron.php?doing_wp_cron=1773963130.4359540939331054687500" "WordPress/5.1.19; https://69b4844ae61d4e92bf26ad98af552775-devsite.readyship.co"
64.252.76.215 - - [19/Mar/2026:23:32:10 +0000] "GET /?p=90951 HTTP/1.1" 200 17041 "-" "Amazon CloudFront"
64.252.74.218 - - [19/Mar/2026:23:32:11 +0000] "GET /?p=90949 HTTP/1.1" 200 17865 "-" "Amazon CloudFront"
15.158.215.109 - - [19/Mar/2026:23:33:21 +0000] "POST /wp-cron.php?doing_wp_cron=1773963201.3738009929656982421875 HTTP/1.1" 200 - "https://69b4844ae61d4e92bf26ad98af552775-devsite.readyship.co/wp-cron.php?doing_wp_cron=1773963201.3738009929656982421875" "WordPress/5.1.19; https://69b4844ae61d4e92bf26ad98af552775-devsite.readyship.co"
64.252.66.156 - - [19/Mar/2026:23:33:20 +0000] "GET /?p=9140 HTTP/1.1" 200 14753 "-" "Amazon CloudFront"
64.252.66.156 - - [19/Mar/2026:23:33:30 +0000] "GET /?p=8453 HTTP/1.1" 200 22636 "-" "Amazon CloudFront"
64.252.68.203 - - [19/Mar/2026:23:34:07 +0000] "GET /?healthcheck_timestamp=1773963047080 HTTP/1.1" 200 178917 "-" "Amazon CloudFront"
15.158.215.109 - - [19/Mar/2026:23:34:29 +0000] "POST /wp-cron.php?doing_wp_cron=1773963269.7442491054534912109375 HTTP/1.1" 200 - "https://69b4844ae61d4e92bf26ad98af552775-devsite.readyship.co/wp-cron.php?doing_wp_cron=1773963269.7442491054534912109375" "WordPress/5.1.19; https://69b4844ae61d4e92bf26ad98af552775-devsite.readyship.co"
64.252.68.139 - - [19/Mar/2026:23:34:29 +0000] "GET /?p=62343 HTTP/1.1" 200 14785 "-" "Amazon CloudFront"
64.252.66.156 - - [19/Mar/2026:23:34:43 +0000] "GET /?p=8652 HTTP/1.1" 200 16518 "-" "Amazon CloudFront"
64.252.66.156 - - [19/Mar/2026:23:35:10 +0000] "GET /?p=82874 HTTP/1.1" 200 16817 "-" "Amazon CloudFront"
15.158.215.109 - - [19/Mar/2026:23:35:23 +0000] "POST /wp-cron.php?doing_wp_cron=1773963323.8026609420776367187500 HTTP/1.1" 200 - "https://69b4844ae61d4e92bf26ad98af552775-devsite.readyship.co/wp-cron.php?doing_wp_cron=1773963323.8026609420776367187500" "WordPress/5.1.19; https://69b4844ae61d4e92bf26ad98af552775-devsite.readyship.co"
64.252.66.156 - - [19/Mar/2026:23:35:23 +0000] "GET /?p=25256 HTTP/1.1" 200 15715 "-" "Amazon CloudFront"
64.252.68.139 - - [19/Mar/2026:23:35:49 +0000] "GET /?p=92158 HTTP/1.1" 200 22139 "-" "Amazon CloudFront"
15.158.215.109 - - [19/Mar/2026:23:38:33 +0000] "POST /wp-cron.php?doing_wp_cron=1773963513.0592980384826660156250 HTTP/1.1" 200 - "https://69b4844ae61d4e92bf26ad98af552775-devsite.readyship.co/wp-cron.php?doing_wp_cron=1773963513.0592980384826660156250" "WordPress/5.1.19; https://69b4844ae61d4e92bf26ad98af552775-devsite.readyship.co"
18.68.19.181 - - [19/Mar/2026:23:38:32 +0000] "POST /xmlrpc.php HTTP/1.1" 200 403 "-" "Mozilla/5.0 (Windows NT 10.0; Win64; x64) AppleWebKit/537.36 (KHTML, like Gecko) Chrome/114.0.0.0 Safari/537.36"
64.252.68.203 - - [19/Mar/2026:23:38:37 +0000] "GET /?author=1&paged=8 HTTP/1.1" 200 11380 "-" "Amazon CloudFront"
18.68.19.181 - - [19/Mar/2026:23:38:37 +0000] "POST /xmlrpc.php HTTP/1.1" 200 403 "-" "Mozilla/5.0 (Windows NT 10.0; Win64; x64) AppleWebKit/537.36 (KHTML, like Gecko) Chrome/114.0.0.0 Safari/537.36"
64.252.68.203 - - [19/Mar/2026:23:38:42 +0000] "GET /?p=82518 HTTP/1.1" 200 21692 "-" "Amazon CloudFront"
15.158.215.109 - - [19/Mar/2026:23:39:42 +0000] "POST /wp-cron.php?doing_wp_cron=1773963582.9138050079345703125000 HTTP/1.1" 200 - "https://69b4844ae61d4e92bf26ad98af552775-devsite.readyship.co/wp-cron.php?doing_wp_cron=1773963582.9138050079345703125000" "WordPress/5.1.19; https://69b4844ae61d4e92bf26ad98af552775-devsite.readyship.co"
64.252.68.139 - - [19/Mar/2026:23:39:42 +0000] "GET /?p=30549 HTTP/1.1" 200 19373 "-" "Amazon CloudFront"
64.252.68.102 - - [19/Mar/2026:23:40:04 +0000] "GET /?p=13990 HTTP/1.1" 200 15880 "-" "Amazon CloudFront"
64.252.66.156 - - [19/Mar/2026:23:40:14 +0000] "GET /?p=33608 HTTP/1.1" 200 17839 "-" "Amazon CloudFront"
15.158.215.109 - - [19/Mar/2026:23:40:34 +0000] "POST /wp-cron.php?doing_wp_cron=1773963634.4681971073150634765625 HTTP/1.1" 200 - "https://69b4844ae61d4e92bf26ad98af552775-devsite.readyship.co/wp-cron.php?doing_wp_cron=1773963634.4681971073150634765625" "WordPress/5.1.19; https://69b4844ae61d4e92bf26ad98af552775-devsite.readyship.co"
64.252.68.203 - - [19/Mar/2026:23:40:34 +0000] "GET /?p=5911 HTTP/1.1" 200 24423 "-" "Amazon CloudFront"
64.252.68.139 - - [19/Mar/2026:23:41:03 +0000] "GET /?p=7350 HTTP/1.1" 200 21806 "-" "Amazon CloudFront"
64.252.74.61 - - [19/Mar/2026:23:41:12 +0000] "GET /?p=17015 HTTP/1.1" 200 14359 "-" "Amazon CloudFront"
64.252.74.218 - - [19/Mar/2026:23:41:12 +0000] "GET /?p=17023 HTTP/1.1" 200 17113 "-" "Amazon CloudFront"
64.252.68.139 - - [19/Mar/2026:23:41:20 +0000] "GET /?p=6079 HTTP/1.1" 200 23681 "-" "Amazon CloudFront"
15.158.215.109 - - [19/Mar/2026:23:41:47 +0000] "POST /wp-cron.php?doing_wp_cron=1773963707.6200740337371826171875 HTTP/1.1" 200 - "https://69b4844ae61d4e92bf26ad98af552775-devsite.readyship.co/wp-cron.php?doing_wp_cron=1773963707.6200740337371826171875" "WordPress/5.1.19; https://69b4844ae61d4e92bf26ad98af552775-devsite.readyship.co"
64.252.74.218 - - [19/Mar/2026:23:41:47 +0000] "GET /?p=17047 HTTP/1.1" 200 15278 "-" "Amazon CloudFront"
64.252.74.61 - - [19/Mar/2026:23:41:47 +0000] "GET /?p=17049 HTTP/1.1" 200 14889 "-" "Amazon CloudFront"
64.252.74.61 - - [19/Mar/2026:23:41:48 +0000] "GET /?p=17017 HTTP/1.1" 200 14713 "-" "Amazon CloudFront"
64.252.66.156 - - [19/Mar/2026:23:42:18 +0000] "GET /?p=28762 HTTP/1.1" 200 14254 "-" "Amazon CloudFront"
64.252.74.218 - - [19/Mar/2026:23:42:19 +0000] "GET /?p=17037 HTTP/1.1" 200 16318 "-" "Amazon CloudFront"
15.158.215.109 - - [19/Mar/2026:23:42:35 +0000] "POST /wp-cron.php?doing_wp_cron=1773963755.2013950347900390625000 HTTP/1.1" 200 - "https://69b4844ae61d4e92bf26ad98af552775-devsite.readyship.co/wp-cron.php?doing_wp_cron=1773963755.2013950347900390625000" "WordPress/5.1.19; https://69b4844ae61d4e92bf26ad98af552775-devsite.readyship.co"
64.252.68.203 - - [19/Mar/2026:23:42:34 +0000] "GET /?p=88606 HTTP/1.1" 200 15660 "-" "Amazon CloudFront"
64.252.68.139 - - [19/Mar/2026:23:42:37 +0000] "GET /?p=81952 HTTP/1.1" 200 16012 "-" "Amazon CloudFront"
64.252.68.102 - - [19/Mar/2026:23:42:40 +0000] "GET /?p=82738 HTTP/1.1" 200 22244 "-" "Amazon CloudFront"
64.252.74.218 - - [19/Mar/2026:23:42:54 +0000] "GET /?p=17027 HTTP/1.1" 200 14110 "-" "Amazon CloudFront"
15.158.215.109 - - [19/Mar/2026:23:43:12 +0000] "POST /wp-cron.php?doing_wp_cron=1773963792.0703909397125244140625 HTTP/1.1" 200 - "https://69b4844ae61d4e92bf26ad98af552775-devsite.readyship.co/wp-cron.php?doing_wp_cron=1773963792.0703909397125244140625" "WordPress/5.1.19; https://69b4844ae61d4e92bf26ad98af552775-devsite.readyship.co"
64.252.66.156 - - [19/Mar/2026:23:43:11 +0000] "GET /?p=12845 HTTP/1.1" 200 16208 "-" "Amazon CloudFront"
64.252.66.156 - - [19/Mar/2026:23:43:15 +0000] "GET /?p=80147 HTTP/1.1" 200 14935 "-" "Amazon CloudFront"
15.158.215.109 - - [19/Mar/2026:23:43:46 +0000] "POST /wp-cron.php?doing_wp_cron=1773963826.6057260036468505859375 HTTP/1.1" 200 - "https://69b4844ae61d4e92bf26ad98af552775-devsite.readyship.co/wp-cron.php?doing_wp_cron=1773963826.6057260036468505859375" "WordPress/5.1.19; https://69b4844ae61d4e92bf26ad98af552775-devsite.readyship.co"
64.252.68.139 - - [19/Mar/2026:23:43:46 +0000] "GET /?p=8764 HTTP/1.1" 200 20354 "-" "Amazon CloudFront"
64.252.74.61 - - [19/Mar/2026:23:43:49 +0000] "GET /?p=17011 HTTP/1.1" 200 14270 "-" "Amazon CloudFront"
64.252.76.215 - - [19/Mar/2026:23:43:49 +0000] "GET /?p=17041 HTTP/1.1" 200 14419 "-" "Amazon CloudFront"
64.252.76.215 - - [19/Mar/2026:23:43:50 +0000] "GET /?p=17021 HTTP/1.1" 200 15432 "-" "Amazon CloudFront"
64.252.68.102 - - [19/Mar/2026:23:43:52 +0000] "GET /?cat=104&paged=14 HTTP/1.1" 200 11055 "-" "Amazon CloudFront"
64.252.76.215 - - [19/Mar/2026:23:43:55 +0000] "GET /?feed=rss2&p=16985 HTTP/1.1" 200 510 "-" "Amazon CloudFront"
64.252.76.215 - - [19/Mar/2026:23:43:55 +0000] "GET /?feed=rss2&p=17005 HTTP/1.1" 200 531 "-" "Amazon CloudFront"
64.252.66.156 - - [19/Mar/2026:23:44:05 +0000] "GET /?p=43084 HTTP/1.1" 200 15772 "-" "Amazon CloudFront"
64.252.74.61 - - [19/Mar/2026:23:44:22 +0000] "GET /?feed=rss2&p=17009 HTTP/1.1" 200 518 "-" "Amazon CloudFront"
15.158.215.109 - - [19/Mar/2026:23:44:22 +0000] "POST /wp-cron.php?doing_wp_cron=1773963862.4790680408477783203125 HTTP/1.1" 200 - "https://69b4844ae61d4e92bf26ad98af552775-devsite.readyship.co/wp-cron.php?doing_wp_cron=1773963862.4790680408477783203125" "WordPress/5.1.19; https://69b4844ae61d4e92bf26ad98af552775-devsite.readyship.co"
64.252.76.215 - - [19/Mar/2026:23:44:22 +0000] "GET /?feed=rss2&p=16983 HTTP/1.1" 200 505 "-" "Amazon CloudFront"
64.252.74.61 - - [19/Mar/2026:23:44:23 +0000] "GET /?feed=rss2&p=16993 HTTP/1.1" 200 533 "-" "Amazon CloudFront"
64.252.68.102 - - [19/Mar/2026:23:44:25 +0000] "GET /?p=38240 HTTP/1.1" 200 18009 "-" "Amazon CloudFront"
64.252.68.139 - - [19/Mar/2026:23:44:46 +0000] "GET /?p=8660 HTTP/1.1" 200 21152 "-" "Amazon CloudFront"
64.252.66.156 - - [19/Mar/2026:23:44:57 +0000] "GET /?p=7607 HTTP/1.1" 200 22159 "-" "Amazon CloudFront"
64.252.76.215 - - [19/Mar/2026:23:45:15 +0000] "GET /?p=17043 HTTP/1.1" 200 14673 "-" "Amazon CloudFront"
64.252.76.215 - - [19/Mar/2026:23:45:15 +0000] "GET /?p=17013 HTTP/1.1" 200 14546 "-" "Amazon CloudFront"
64.252.74.218 - - [19/Mar/2026:23:45:48 +0000] "GET /?feed=rss2&p=17007 HTTP/1.1" 200 501 "-" "Amazon CloudFront"
64.252.76.215 - - [19/Mar/2026:23:45:49 +0000] "GET /?feed=rss2&p=16997 HTTP/1.1" 200 519 "-" "Amazon CloudFront"
15.158.215.109 - - [19/Mar/2026:23:45:48 +0000] "POST /wp-cron.php?doing_wp_cron=1773963948.5368230342864990234375 HTTP/1.1" 200 - "https://69b4844ae61d4e92bf26ad98af552775-devsite.readyship.co/wp-cron.php?doing_wp_cron=1773963948.5368230342864990234375" "WordPress/5.1.19; https://69b4844ae61d4e92bf26ad98af552775-devsite.readyship.co"
64.252.76.215 - - [19/Mar/2026:23:45:48 +0000] "GET /?feed=rss2&p=16995 HTTP/1.1" 200 510 "-" "Amazon CloudFront"
64.252.76.215 - - [19/Mar/2026:23:45:51 +0000] "GET /?feed=rss2&p=16981 HTTP/1.1" 200 504 "-" "Amazon CloudFront"
64.252.76.215 - - [19/Mar/2026:23:45:51 +0000] "GET /?feed=rss2&p=16979 HTTP/1.1" 200 498 "-" "Amazon CloudFront"
64.252.76.215 - - [19/Mar/2026:23:45:52 +0000] "GET /?feed=rss2&p=16987 HTTP/1.1" 200 538 "-" "Amazon CloudFront"
64.252.74.218 - - [19/Mar/2026:23:45:56 +0000] "GET /?feed=rss2&p=16989 HTTP/1.1" 200 540 "-" "Amazon CloudFront"
64.252.76.215 - - [19/Mar/2026:23:45:56 +0000] "GET /?feed=rss2&p=16971 HTTP/1.1" 200 529 "-" "Amazon CloudFront"
64.252.74.61 - - [19/Mar/2026:23:45:57 +0000] "GET /?feed=rss2&p=17003 HTTP/1.1" 200 504 "-" "Amazon CloudFront"
15.158.215.109 - - [19/Mar/2026:23:46:29 +0000] "POST /wp-cron.php?doing_wp_cron=1773963989.1719000339508056640625 HTTP/1.1" 200 - "https://69b4844ae61d4e92bf26ad98af552775-devsite.readyship.co/wp-cron.php?doing_wp_cron=1773963989.1719000339508056640625" "WordPress/5.1.19; https://69b4844ae61d4e92bf26ad98af552775-devsite.readyship.co"
64.252.66.156 - - [19/Mar/2026:23:46:28 +0000] "GET /?p=12865 HTTP/1.1" 200 15032 "-" "Amazon CloudFront"
64.252.74.218 - - [19/Mar/2026:23:46:33 +0000] "GET /?feed=rss2&p=16977 HTTP/1.1" 200 528 "-" "Amazon CloudFront"
64.252.74.218 - - [19/Mar/2026:23:46:34 +0000] "GET /?feed=rss2&p=16991 HTTP/1.1" 200 509 "-" "Amazon CloudFront"
64.252.74.61 - - [19/Mar/2026:23:46:34 +0000] "GET /?feed=rss2&p=16973 HTTP/1.1" 200 506 "-" "Amazon CloudFront"
64.252.68.139 - - [19/Mar/2026:23:46:38 +0000] "GET /?p=43024 HTTP/1.1" 200 18125 "-" "Amazon CloudFront"
64.252.68.102 - - [19/Mar/2026:23:46:41 +0000] "GET /?cat=1&paged=4167 HTTP/1.1" 200 11429 "-" "Amazon CloudFront"
64.252.66.156 - - [19/Mar/2026:23:46:48 +0000] "GET /?p=8173 HTTP/1.1" 200 22984 "-" "Amazon CloudFront"
64.252.66.156 - - [19/Mar/2026:23:47:06 +0000] "GET /?cat=103&paged=20 HTTP/1.1" 200 11034 "-" "Amazon CloudFront"
64.252.76.215 - - [19/Mar/2026:23:47:08 +0000] "GET /?feed=rss2&p=16999 HTTP/1.1" 200 504 "-" "Amazon CloudFront"
64.252.76.215 - - [19/Mar/2026:23:47:09 +0000] "GET /?feed=rss2&p=17001 HTTP/1.1" 200 503 "-" "Amazon CloudFront"
64.252.74.61 - - [19/Mar/2026:23:47:19 +0000] "GET /?feed=rss2&p=16975 HTTP/1.1" 200 520 "-" "Amazon CloudFront"
15.158.215.109 - - [19/Mar/2026:23:47:31 +0000] "POST /wp-cron.php?doing_wp_cron=1773964051.7445080280303955078125 HTTP/1.1" 200 - "https://69b4844ae61d4e92bf26ad98af552775-devsite.readyship.co/wp-cron.php?doing_wp_cron=1773964051.7445080280303955078125" "WordPress/5.1.19; https://69b4844ae61d4e92bf26ad98af552775-devsite.readyship.co"
64.252.74.61 - - [19/Mar/2026:23:47:31 +0000] "GET /?page_id=2807&paged=4273 HTTP/1.1" 200 11058 "-" "Amazon CloudFront"
64.252.76.215 - - [19/Mar/2026:23:47:31 +0000] "GET /?page_id=2807&paged=4272 HTTP/1.1" 200 11105 "-" "Amazon CloudFront"
64.252.68.203 - - [19/Mar/2026:23:47:44 +0000] "GET /?p=13617 HTTP/1.1" 200 14217 "-" "Amazon CloudFront"
64.252.76.215 - - [19/Mar/2026:23:48:01 +0000] "GET /?cat=1&paged=3936 HTTP/1.1" 200 11295 "-" "Amazon CloudFront"
64.252.68.203 - - [19/Mar/2026:23:48:02 +0000] "GET /?p=43836 HTTP/1.1" 200 22436 "-" "Amazon CloudFront"
64.252.76.215 - - [19/Mar/2026:23:48:01 +0000] "GET /?cat=1&paged=3935 HTTP/1.1" 200 11366 "-" "Amazon CloudFront"
15.158.215.109 - - [19/Mar/2026:23:48:42 +0000] "POST /wp-cron.php?doing_wp_cron=1773964122.1750559806823730468750 HTTP/1.1" 200 - "https://69b4844ae61d4e92bf26ad98af552775-devsite.readyship.co/wp-cron.php?doing_wp_cron=1773964122.1750559806823730468750" "WordPress/5.1.19; https://69b4844ae61d4e92bf26ad98af552775-devsite.readyship.co"
64.252.66.156 - - [19/Mar/2026:23:48:41 +0000] "GET /?p=29980 HTTP/1.1" 200 20958 "-" "Amazon CloudFront"
64.252.66.156 - - [19/Mar/2026:23:48:46 +0000] "GET /?p=28936 HTTP/1.1" 200 15155 "-" "Amazon CloudFront"
64.252.74.218 - - [19/Mar/2026:23:48:47 +0000] "GET /?p=17035 HTTP/1.1" 200 14908 "-" "Amazon CloudFront"
64.252.74.61 - - [19/Mar/2026:23:48:48 +0000] "GET /?p=17033 HTTP/1.1" 200 14547 "-" "Amazon CloudFront"
64.252.74.218 - - [19/Mar/2026:23:48:48 +0000] "GET /?p=17045 HTTP/1.1" 200 14464 "-" "Amazon CloudFront"
64.252.76.215 - - [19/Mar/2026:23:49:02 +0000] "GET /?p=17019 HTTP/1.1" 200 14524 "-" "Amazon CloudFront"
64.252.76.215 - - [19/Mar/2026:23:49:02 +0000] "GET /?p=17029 HTTP/1.1" 200 14515 "-" "Amazon CloudFront"
64.252.68.139 - - [19/Mar/2026:23:49:03 +0000] "GET /?p=29622 HTTP/1.1" 200 16041 "-" "Amazon CloudFront"
64.252.74.218 - - [19/Mar/2026:23:49:03 +0000] "GET /?p=17031 HTTP/1.1" 200 14270 "-" "Amazon CloudFront"
64.252.74.218 - - [19/Mar/2026:23:49:14 +0000] "GET /?p=17025 HTTP/1.1" 200 14380 "-" "Amazon CloudFront"
64.252.74.61 - - [19/Mar/2026:23:49:15 +0000] "GET /?p=17039 HTTP/1.1" 200 14849 "-" "Amazon CloudFront"
15.158.215.109 - - [19/Mar/2026:23:50:31 +0000] "POST /wp-cron.php?doing_wp_cron=1773964231.4325668811798095703125 HTTP/1.1" 200 - "https://69b4844ae61d4e92bf26ad98af552775-devsite.readyship.co/wp-cron.php?doing_wp_cron=1773964231.4325668811798095703125" "WordPress/5.1.19; https://69b4844ae61d4e92bf26ad98af552775-devsite.readyship.co"
64.252.66.156 - - [19/Mar/2026:23:50:31 +0000] "GET /?p=81018 HTTP/1.1" 200 14311 "-" "Amazon CloudFront"
64.252.66.156 - - [19/Mar/2026:23:50:36 +0000] "GET /?p=6609 HTTP/1.1" 200 21088 "-" "Amazon CloudFront"
64.252.68.102 - - [19/Mar/2026:23:50:38 +0000] "GET /?p=83346 HTTP/1.1" 200 20407 "-" "Amazon CloudFront"
64.252.68.139 - - [19/Mar/2026:23:50:55 +0000] "GET /?p=40128 HTTP/1.1" 200 17617 "-" "Amazon CloudFront"
64.252.68.139 - - [19/Mar/2026:23:51:11 +0000] "GET /?p=96417 HTTP/1.1" 200 14575 "-" "Amazon CloudFront"
15.158.215.109 - - [19/Mar/2026:23:52:02 +0000] "POST /wp-cron.php?doing_wp_cron=1773964322.6131610870361328125000 HTTP/1.1" 200 - "https://69b4844ae61d4e92bf26ad98af552775-devsite.readyship.co/wp-cron.php?doing_wp_cron=1773964322.6131610870361328125000" "WordPress/5.1.19; https://69b4844ae61d4e92bf26ad98af552775-devsite.readyship.co"
64.252.68.203 - - [19/Mar/2026:23:52:02 +0000] "GET /?p=81128 HTTP/1.1" 200 21383 "-" "Amazon CloudFront"
15.158.215.109 - - [19/Mar/2026:23:52:25 +0000] "POST /wp-cron.php?doing_wp_cron=1773964345.8621358871459960937500 HTTP/1.1" 200 - "https://69b4844ae61d4e92bf26ad98af552775-devsite.readyship.co/wp-cron.php?doing_wp_cron=1773964345.8621358871459960937500" "WordPress/5.1.19; https://69b4844ae61d4e92bf26ad98af552775-devsite.readyship.co"
3.172.10.105 - - [19/Mar/2026:23:52:25 +0000] "POST /?page_id=2806 HTTP/1.1" 200 8928 "-" "Amazon CloudFront"
3.172.10.105 - - [19/Mar/2026:23:52:27 +0000] "GET /xmlrpc.php HTTP/1.1" 405 60 "https://69b4844ae61d4e92bf26ad98af552775-devsite.readyship.co/" "Mozilla/5.0 (Windows NT 6.3; Win64; x64) AppleWebKit/537.36 (KHTML, like Gecko) Chrome/103.0.0.0 Safari/537.36"
3.172.10.105 - - [19/Mar/2026:23:52:28 +0000] "POST /xmlrpc.php HTTP/1.1" 200 206 "https://69b4844ae61d4e92bf26ad98af552775-devsite.readyship.co/xmlrpc.php" "Mozilla/5.0 (Windows NT 6.3; Win64; x64) AppleWebKit/537.36 (KHTML, like Gecko) Chrome/103.0.0.0 Safari/537.36"
3.172.10.105 - - [19/Mar/2026:23:52:28 +0000] "POST /xmlrpc.php HTTP/1.1" 200 206 "https://69b4844ae61d4e92bf26ad98af552775-devsite.readyship.co/xmlrpc.php" "Mozilla/5.0 (Windows NT 6.3; Win64; x64) AppleWebKit/537.36 (KHTML, like Gecko) Chrome/103.0.0.0 Safari/537.36"
64.252.89.111 - - [19/Mar/2026:23:52:29 +0000] "GET / HTTP/1.1" 200 24261 "-" "Amazon CloudFront"
64.252.89.111 - - [19/Mar/2026:23:52:33 +0000] "GET /?page_id=2806 HTTP/1.1" 200 9341 "-" "Amazon CloudFront"
3.172.10.105 - - [19/Mar/2026:23:52:34 +0000] "GET /wp-admin/edit-tags.php?taxonomy=category HTTP/1.1" 302 - "https://69b4844ae61d4e92bf26ad98af552775-devsite.readyship.co/?page_id=2806" "Mozilla/5.0 (Windows NT 6.3; Win64; x64) AppleWebKit/537.36 (KHTML, like Gecko) Chrome/103.0.0.0 Safari/537.36"
3.172.10.105 - - [19/Mar/2026:23:52:35 +0000] "GET /wp-login.php?redirect_to=https%3A%2F%2F69b4844ae61d4e92bf26ad98af552775-devsite.readyship.co%2Fwp-admin%2Fedit-tags.php%3Ftaxonomy%3Dcategory&reauth=1 HTTP/1.1" 200 1206 "https://69b4844ae61d4e92bf26ad98af552775-devsite.readyship.co/wp-admin/edit-tags.php?taxonomy=category" "Mozilla/5.0 (Windows NT 6.3; Win64; x64) AppleWebKit/537.36 (KHTML, like Gecko) Chrome/103.0.0.0 Safari/537.36"
64.252.68.203 - - [19/Mar/2026:23:52:36 +0000] "GET /?p=62699 HTTP/1.1" 200 14647 "-" "Amazon CloudFront"
64.252.68.203 - - [19/Mar/2026:23:52:39 +0000] "GET /?p=48636 HTTP/1.1" 200 21849 "-" "Amazon CloudFront"
64.252.68.203 - - [19/Mar/2026:23:52:41 +0000] "GET /?p=68598 HTTP/1.1" 200 14574 "-" "Amazon CloudFront"
64.252.68.139 - - [19/Mar/2026:23:52:46 +0000] "GET /?p=45860 HTTP/1.1" 200 16084 "-" "Amazon CloudFront"
15.158.215.109 - - [19/Mar/2026:23:53:24 +0000] "POST /wp-cron.php?doing_wp_cron=1773964404.9218010902404785156250 HTTP/1.1" 200 - "https://69b4844ae61d4e92bf26ad98af552775-devsite.readyship.co/wp-cron.php?doing_wp_cron=1773964404.9218010902404785156250" "WordPress/5.1.19; https://69b4844ae61d4e92bf26ad98af552775-devsite.readyship.co"
64.252.68.139 - - [19/Mar/2026:23:53:24 +0000] "GET /?p=80806 HTTP/1.1" 200 15082 "-" "Amazon CloudFront"
64.252.66.156 - - [19/Mar/2026:23:53:54 +0000] "GET /?p=12283 HTTP/1.1" 200 15594 "-" "Amazon CloudFront"
64.252.68.102 - - [19/Mar/2026:23:54:17 +0000] "GET /?p=42980 HTTP/1.1" 200 19434 "-" "Amazon CloudFront"
15.158.215.109 - - [19/Mar/2026:23:54:35 +0000] "POST /wp-cron.php?doing_wp_cron=1773964475.9227390289306640625000 HTTP/1.1" 200 - "https://69b4844ae61d4e92bf26ad98af552775-devsite.readyship.co/wp-cron.php?doing_wp_cron=1773964475.9227390289306640625000" "WordPress/5.1.19; https://69b4844ae61d4e92bf26ad98af552775-devsite.readyship.co"
64.252.68.203 - - [19/Mar/2026:23:54:35 +0000] "GET /?p=82488 HTTP/1.1" 200 16791 "-" "Amazon CloudFront"
64.252.68.203 - - [19/Mar/2026:23:54:49 +0000] "GET /?p=67774 HTTP/1.1" 200 14692 "-" "Amazon CloudFront"
64.252.68.203 - - [19/Mar/2026:23:54:52 +0000] "GET /?p=11017 HTTP/1.1" 200 16687 "-" "Amazon CloudFront"
64.252.68.102 - - [19/Mar/2026:23:55:07 +0000] "GET /?p=8479 HTTP/1.1" 200 23816 "-" "Amazon CloudFront"
15.158.215.109 - - [19/Mar/2026:23:55:57 +0000] "POST /wp-cron.php?doing_wp_cron=1773964557.8007209300994873046875 HTTP/1.1" 200 - "https://69b4844ae61d4e92bf26ad98af552775-devsite.readyship.co/wp-cron.php?doing_wp_cron=1773964557.8007209300994873046875" "WordPress/5.1.19; https://69b4844ae61d4e92bf26ad98af552775-devsite.readyship.co"
64.252.66.156 - - [19/Mar/2026:23:55:57 +0000] "GET /?p=25512 HTTP/1.1" 200 16201 "-" "Amazon CloudFront"
15.158.215.109 - - [19/Mar/2026:23:56:29 +0000] "POST /wp-cron.php?doing_wp_cron=1773964589.0959661006927490234375 HTTP/1.1" 200 - "https://69b4844ae61d4e92bf26ad98af552775-devsite.readyship.co/wp-cron.php?doing_wp_cron=1773964589.0959661006927490234375" "WordPress/5.1.19; https://69b4844ae61d4e92bf26ad98af552775-devsite.readyship.co"
64.252.68.203 - - [19/Mar/2026:23:56:28 +0000] "GET /?p=12835 HTTP/1.1" 200 16137 "-" "Amazon CloudFront"
64.252.68.102 - - [19/Mar/2026:23:56:38 +0000] "GET /?p=81878 HTTP/1.1" 200 14385 "-" "Amazon CloudFront"
15.158.215.109 - - [19/Mar/2026:23:57:25 +0000] "POST /wp-cron.php?doing_wp_cron=1773964645.2273509502410888671875 HTTP/1.1" 200 - "https://69b4844ae61d4e92bf26ad98af552775-devsite.readyship.co/wp-cron.php?doing_wp_cron=1773964645.2273509502410888671875" "WordPress/5.1.19; https://69b4844ae61d4e92bf26ad98af552775-devsite.readyship.co"
64.252.66.156 - - [19/Mar/2026:23:57:24 +0000] "GET /?p=10633 HTTP/1.1" 200 14351 "-" "Amazon CloudFront"
64.252.68.203 - - [19/Mar/2026:23:57:59 +0000] "GET /?p=10223 HTTP/1.1" 200 14550 "-" "Amazon CloudFront"
64.252.68.203 - - [19/Mar/2026:23:58:14 +0000] "GET /?p=25396 HTTP/1.1" 200 15834 "-" "Amazon CloudFront"
15.158.215.109 - - [19/Mar/2026:23:58:25 +0000] "POST /wp-cron.php?doing_wp_cron=1773964705.5519700050354003906250 HTTP/1.1" 200 - "https://69b4844ae61d4e92bf26ad98af552775-devsite.readyship.co/wp-cron.php?doing_wp_cron=1773964705.5519700050354003906250" "WordPress/5.1.19; https://69b4844ae61d4e92bf26ad98af552775-devsite.readyship.co"
64.252.76.215 - - [19/Mar/2026:23:58:25 +0000] "GET /?p=26044 HTTP/1.1" 200 21697 "-" "Amazon CloudFront"
64.252.66.156 - - [19/Mar/2026:23:58:36 +0000] "GET /?p=9719 HTTP/1.1" 200 14751 "-" "Amazon CloudFront"
64.252.68.203 - - [19/Mar/2026:23:58:52 +0000] "GET /?cat=103&paged=12 HTTP/1.1" 200 11127 "-" "Amazon CloudFront"
64.252.68.102 - - [19/Mar/2026:23:58:55 +0000] "GET /?p=67818 HTTP/1.1" 200 14709 "-" "Amazon CloudFront"
64.252.68.203 - - [19/Mar/2026:23:59:17 +0000] "GET /?p=7635 HTTP/1.1" 200 42361 "-" "Amazon CloudFront"
15.158.215.109 - - [19/Mar/2026:23:59:27 +0000] "POST /wp-cron.php?doing_wp_cron=1773964767.2076001167297363281250 HTTP/1.1" 200 - "https://69b4844ae61d4e92bf26ad98af552775-devsite.readyship.co/wp-cron.php?doing_wp_cron=1773964767.2076001167297363281250" "WordPress/5.1.19; https://69b4844ae61d4e92bf26ad98af552775-devsite.readyship.co"
64.252.66.156 - - [19/Mar/2026:23:59:26 +0000] "GET /?p=10073 HTTP/1.1" 200 14292 "-" "Amazon CloudFront"
64.252.68.139 - - [19/Mar/2026:23:59:57 +0000] "GET /?p=40170 HTTP/1.1" 200 16820 "-" "Amazon CloudFront"
15.158.215.109 - - [20/Mar/2026:00:00:15 +0000] "POST /wp-cron.php?doing_wp_cron=1773964815.2061419486999511718750 HTTP/1.1" 200 - "https://69b4844ae61d4e92bf26ad98af552775-devsite.readyship.co/wp-cron.php?doing_wp_cron=1773964815.2061419486999511718750" "WordPress/5.1.19; https://69b4844ae61d4e92bf26ad98af552775-devsite.readyship.co"
64.252.68.139 - - [20/Mar/2026:00:00:14 +0000] "GET /?p=61630 HTTP/1.1" 200 14524 "-" "Amazon CloudFront"
15.158.215.109 - - [20/Mar/2026:00:00:58 +0000] "POST /wp-cron.php?doing_wp_cron=1773964858.2736220359802246093750 HTTP/1.1" 200 - "https://69b4844ae61d4e92bf26ad98af552775-devsite.readyship.co/wp-cron.php?doing_wp_cron=1773964858.2736220359802246093750" "WordPress/5.1.19; https://69b4844ae61d4e92bf26ad98af552775-devsite.readyship.co"
64.252.68.102 - - [20/Mar/2026:00:00:57 +0000] "GET /?p=13183 HTTP/1.1" 200 14452 "-" "Amazon CloudFront"
18.68.8.18 - - [20/Mar/2026:00:01:17 +0000] "POST /xmlrpc.php HTTP/1.1" 200 403 "-" "Mozilla/5.0 (Windows NT 10.0; Win64; x64) AppleWebKit/537.36 (KHTML, like Gecko) Chrome/114.0.0.0 Safari/537.36"
18.68.8.18 - - [20/Mar/2026:00:01:18 +0000] "POST /xmlrpc.php HTTP/1.1" 200 403 "-" "Mozilla/5.0 (Windows NT 10.0; Win64; x64) AppleWebKit/537.36 (KHTML, like Gecko) Chrome/114.0.0.0 Safari/537.36"
15.158.215.109 - - [20/Mar/2026:00:01:22 +0000] "POST /wp-cron.php?doing_wp_cron=1773964882.5851979255676269531250 HTTP/1.1" 200 - "https://69b4844ae61d4e92bf26ad98af552775-devsite.readyship.co/wp-cron.php?doing_wp_cron=1773964882.5851979255676269531250" "WordPress/5.1.19; https://69b4844ae61d4e92bf26ad98af552775-devsite.readyship.co"
64.252.74.61 - - [20/Mar/2026:00:01:22 +0000] "GET /?feed=rss2&p=80015 HTTP/1.1" 200 603 "-" "Amazon CloudFront"
64.252.68.203 - - [20/Mar/2026:00:01:51 +0000] "GET /?p=96043 HTTP/1.1" 200 16558 "-" "Amazon CloudFront"
64.252.66.156 - - [20/Mar/2026:00:02:00 +0000] "GET /?p=8325 HTTP/1.1" 200 23195 "-" "Amazon CloudFront"
64.252.68.102 - - [20/Mar/2026:00:02:06 +0000] "GET /?p=43734 HTTP/1.1" 200 18129 "-" "Amazon CloudFront"
64.252.68.102 - - [20/Mar/2026:00:02:13 +0000] "GET /?p=82260 HTTP/1.1" 200 17240 "-" "Amazon CloudFront"
15.158.215.109 - - [20/Mar/2026:00:02:26 +0000] "POST /wp-cron.php?doing_wp_cron=1773964945.9845080375671386718750 HTTP/1.1" 200 - "https://69b4844ae61d4e92bf26ad98af552775-devsite.readyship.co/wp-cron.php?doing_wp_cron=1773964945.9845080375671386718750" "WordPress/5.1.19; https://69b4844ae61d4e92bf26ad98af552775-devsite.readyship.co"
64.252.66.156 - - [20/Mar/2026:00:02:25 +0000] "GET /?p=8517 HTTP/1.1" 200 18223 "-" "Amazon CloudFront"
64.252.74.218 - - [20/Mar/2026:00:02:31 +0000] "GET /?p=80017 HTTP/1.1" 200 16960 "-" "Amazon CloudFront"
64.252.66.156 - - [20/Mar/2026:00:03:39 +0000] "GET /?p=43074 HTTP/1.1" 200 15100 "-" "Amazon CloudFront"
15.158.215.109 - - [20/Mar/2026:00:03:39 +0000] "POST /wp-cron.php?doing_wp_cron=1773965019.5025720596313476562500 HTTP/1.1" 200 - "https://69b4844ae61d4e92bf26ad98af552775-devsite.readyship.co/wp-cron.php?doing_wp_cron=1773965019.5025720596313476562500" "WordPress/5.1.19; https://69b4844ae61d4e92bf26ad98af552775-devsite.readyship.co"
64.252.76.215 - - [20/Mar/2026:00:03:39 +0000] "GET /?feed=rss2&p=26042 HTTP/1.1" 200 508 "-" "Amazon CloudFront"
64.252.68.102 - - [20/Mar/2026:00:03:54 +0000] "GET /?p=6390 HTTP/1.1" 200 20876 "-" "Amazon CloudFront"
15.158.215.109 - - [20/Mar/2026:00:04:40 +0000] "POST /wp-cron.php?doing_wp_cron=1773965080.3871059417724609375000 HTTP/1.1" 200 - "https://69b4844ae61d4e92bf26ad98af552775-devsite.readyship.co/wp-cron.php?doing_wp_cron=1773965080.3871059417724609375000" "WordPress/5.1.19; https://69b4844ae61d4e92bf26ad98af552775-devsite.readyship.co"
64.252.68.139 - - [20/Mar/2026:00:04:40 +0000] "GET /?p=8691 HTTP/1.1" 200 22025 "-" "Amazon CloudFront"
15.158.215.109 - - [20/Mar/2026:00:05:33 +0000] "POST /wp-cron.php?doing_wp_cron=1773965133.5567069053649902343750 HTTP/1.1" 200 - "https://69b4844ae61d4e92bf26ad98af552775-devsite.readyship.co/wp-cron.php?doing_wp_cron=1773965133.5567069053649902343750" "WordPress/5.1.19; https://69b4844ae61d4e92bf26ad98af552775-devsite.readyship.co"
64.252.68.102 - - [20/Mar/2026:00:05:33 +0000] "GET /?p=5945 HTTP/1.1" 200 20963 "-" "Amazon CloudFront"
64.252.68.102 - - [20/Mar/2026:00:05:45 +0000] "GET /?p=92122 HTTP/1.1" 200 22696 "-" "Amazon CloudFront"
64.252.66.156 - - [20/Mar/2026:00:05:48 +0000] "GET /?p=13805 HTTP/1.1" 200 15174 "-" "Amazon CloudFront"
64.252.68.203 - - [20/Mar/2026:00:06:20 +0000] "GET /?p=13427 HTTP/1.1" 200 14507 "-" "Amazon CloudFront"
15.158.215.109 - - [20/Mar/2026:00:06:27 +0000] "POST /wp-cron.php?doing_wp_cron=1773965187.6241440773010253906250 HTTP/1.1" 200 - "https://69b4844ae61d4e92bf26ad98af552775-devsite.readyship.co/wp-cron.php?doing_wp_cron=1773965187.6241440773010253906250" "WordPress/5.1.19; https://69b4844ae61d4e92bf26ad98af552775-devsite.readyship.co"
64.252.68.102 - - [20/Mar/2026:00:06:27 +0000] "GET /?page_id=2807&paged=4501 HTTP/1.1" 200 10977 "-" "Amazon CloudFront"
64.252.68.102 - - [20/Mar/2026:00:06:40 +0000] "GET /?p=96257 HTTP/1.1" 200 14548 "-" "Amazon CloudFront"
64.252.68.102 - - [20/Mar/2026:00:06:55 +0000] "GET /?p=61738 HTTP/1.1" 200 14833 "-" "Amazon CloudFront"
64.252.68.102 - - [20/Mar/2026:00:06:57 +0000] "GET /?p=5732 HTTP/1.1" 200 21445 "-" "Amazon CloudFront"
15.158.215.109 - - [20/Mar/2026:00:08:00 +0000] "POST /wp-cron.php?doing_wp_cron=1773965280.3430850505828857421875 HTTP/1.1" 200 - "https://69b4844ae61d4e92bf26ad98af552775-devsite.readyship.co/wp-cron.php?doing_wp_cron=1773965280.3430850505828857421875" "WordPress/5.1.19; https://69b4844ae61d4e92bf26ad98af552775-devsite.readyship.co"
64.252.68.102 - - [20/Mar/2026:00:07:59 +0000] "GET /?p=8786 HTTP/1.1" 200 17000 "-" "Amazon CloudFront"
64.252.68.102 - - [20/Mar/2026:00:08:04 +0000] "GET /?p=86403 HTTP/1.1" 200 17838 "-" "Amazon CloudFront"
15.158.215.109 - - [20/Mar/2026:00:09:11 +0000] "POST /wp-cron.php?doing_wp_cron=1773965351.3460609912872314453125 HTTP/1.1" 200 - "https://69b4844ae61d4e92bf26ad98af552775-devsite.readyship.co/wp-cron.php?doing_wp_cron=1773965351.3460609912872314453125" "WordPress/5.1.19; https://69b4844ae61d4e92bf26ad98af552775-devsite.readyship.co"
64.252.68.139 - - [20/Mar/2026:00:09:11 +0000] "GET /?p=13211 HTTP/1.1" 200 14421 "-" "Amazon CloudFront"
15.158.215.109 - - [20/Mar/2026:00:09:38 +0000] "POST /wp-cron.php?doing_wp_cron=1773965378.8858850002288818359375 HTTP/1.1" 200 - "https://69b4844ae61d4e92bf26ad98af552775-devsite.readyship.co/wp-cron.php?doing_wp_cron=1773965378.8858850002288818359375" "WordPress/5.1.19; https://69b4844ae61d4e92bf26ad98af552775-devsite.readyship.co"
64.252.68.102 - - [20/Mar/2026:00:09:38 +0000] "GET /?p=25633 HTTP/1.1" 200 18184 "-" "Amazon CloudFront"
15.158.215.109 - - [20/Mar/2026:00:10:22 +0000] "POST /wp-cron.php?doing_wp_cron=1773965422.5048830509185791015625 HTTP/1.1" 200 - "https://69b4844ae61d4e92bf26ad98af552775-devsite.readyship.co/wp-cron.php?doing_wp_cron=1773965422.5048830509185791015625" "WordPress/5.1.19; https://69b4844ae61d4e92bf26ad98af552775-devsite.readyship.co"
64.252.68.203 - - [20/Mar/2026:00:10:22 +0000] "GET /?p=7030 HTTP/1.1" 200 14003 "-" "Amazon CloudFront"
64.252.68.102 - - [20/Mar/2026:00:10:30 +0000] "GET /?p=8654 HTTP/1.1" 200 16279 "-" "Amazon CloudFront"
64.252.68.203 - - [20/Mar/2026:00:10:37 +0000] "GET /?p=43318 HTTP/1.1" 200 14646 "-" "Amazon CloudFront"
64.252.68.139 - - [20/Mar/2026:00:10:41 +0000] "GET /?p=10047 HTTP/1.1" 200 14601 "-" "Amazon CloudFront"
64.252.68.102 - - [20/Mar/2026:00:10:43 +0000] "GET /?p=42584 HTTP/1.1" 200 14684 "-" "Amazon CloudFront"
64.252.68.203 - - [20/Mar/2026:00:10:54 +0000] "GET /?p=11353 HTTP/1.1" 200 15228 "-" "Amazon CloudFront"
15.158.215.109 - - [20/Mar/2026:00:11:43 +0000] "POST /wp-cron.php?doing_wp_cron=1773965503.2917289733886718750000 HTTP/1.1" 200 - "https://69b4844ae61d4e92bf26ad98af552775-devsite.readyship.co/wp-cron.php?doing_wp_cron=1773965503.2917289733886718750000" "WordPress/5.1.19; https://69b4844ae61d4e92bf26ad98af552775-devsite.readyship.co"
64.252.68.102 - - [20/Mar/2026:00:11:42 +0000] "GET /?p=68138 HTTP/1.1" 200 14163 "-" "Amazon CloudFront"
64.252.68.203 - - [20/Mar/2026:00:11:51 +0000] "GET /?p=92210 HTTP/1.1" 200 23211 "-" "Amazon CloudFront"
64.252.68.102 - - [20/Mar/2026:00:12:05 +0000] "GET /?p=7934 HTTP/1.1" 200 19360 "-" "Amazon CloudFront"
64.252.66.156 - - [20/Mar/2026:00:12:17 +0000] "GET /?p=7947 HTTP/1.1" 200 29013 "-" "Amazon CloudFront"
15.158.215.109 - - [20/Mar/2026:00:13:09 +0000] "POST /wp-cron.php?doing_wp_cron=1773965589.3980998992919921875000 HTTP/1.1" 200 - "https://69b4844ae61d4e92bf26ad98af552775-devsite.readyship.co/wp-cron.php?doing_wp_cron=1773965589.3980998992919921875000" "WordPress/5.1.19; https://69b4844ae61d4e92bf26ad98af552775-devsite.readyship.co"
64.252.66.156 - - [20/Mar/2026:00:13:09 +0000] "GET /?p=30435 HTTP/1.1" 200 15583 "-" "Amazon CloudFront"
15.158.215.109 - - [20/Mar/2026:00:13:28 +0000] "POST /wp-cron.php?doing_wp_cron=1773965608.8708400726318359375000 HTTP/1.1" 200 - "https://69b4844ae61d4e92bf26ad98af552775-devsite.readyship.co/wp-cron.php?doing_wp_cron=1773965608.8708400726318359375000" "WordPress/5.1.19; https://69b4844ae61d4e92bf26ad98af552775-devsite.readyship.co"
64.252.68.203 - - [20/Mar/2026:00:13:28 +0000] "GET /?p=6439 HTTP/1.1" 200 22603 "-" "Amazon CloudFront"
64.252.66.156 - - [20/Mar/2026:00:13:54 +0000] "GET /?p=43188 HTTP/1.1" 200 17066 "-" "Amazon CloudFront"
15.158.215.109 - - [20/Mar/2026:00:14:29 +0000] "POST /wp-cron.php?doing_wp_cron=1773965669.0867729187011718750000 HTTP/1.1" 200 - "https://69b4844ae61d4e92bf26ad98af552775-devsite.readyship.co/wp-cron.php?doing_wp_cron=1773965669.0867729187011718750000" "WordPress/5.1.19; https://69b4844ae61d4e92bf26ad98af552775-devsite.readyship.co"
64.252.68.203 - - [20/Mar/2026:00:14:28 +0000] "GET /?p=87652 HTTP/1.1" 200 18537 "-" "Amazon CloudFront"
64.252.66.156 - - [20/Mar/2026:00:15:02 +0000] "GET /?p=9030 HTTP/1.1" 200 15538 "-" "Amazon CloudFront"
18.68.19.181 - - [20/Mar/2026:00:15:03 +0000] "POST /xmlrpc.php HTTP/1.1" 200 403 "-" "Mozilla/5.0 (Windows NT 10.0; Win64; x64) AppleWebKit/537.36 (KHTML, like Gecko) Chrome/114.0.0.0 Safari/537.36"
64.252.68.139 - - [20/Mar/2026:00:15:04 +0000] "GET /?p=68611 HTTP/1.1" 200 15152 "-" "Amazon CloudFront"
18.68.19.181 - - [20/Mar/2026:00:15:07 +0000] "POST /xmlrpc.php HTTP/1.1" 200 403 "-" "Mozilla/5.0 (Windows NT 10.0; Win64; x64) AppleWebKit/537.36 (KHTML, like Gecko) Chrome/114.0.0.0 Safari/537.36"
15.158.215.109 - - [20/Mar/2026:00:15:34 +0000] "POST /wp-cron.php?doing_wp_cron=1773965734.3143661022186279296875 HTTP/1.1" 200 - "https://69b4844ae61d4e92bf26ad98af552775-devsite.readyship.co/wp-cron.php?doing_wp_cron=1773965734.3143661022186279296875" "WordPress/5.1.19; https://69b4844ae61d4e92bf26ad98af552775-devsite.readyship.co"
64.252.66.156 - - [20/Mar/2026:00:15:34 +0000] "GET /?p=8999 HTTP/1.1" 200 14870 "-" "Amazon CloudFront"
64.252.68.139 - - [20/Mar/2026:00:15:37 +0000] "GET /?p=51886 HTTP/1.1" 200 14093 "-" "Amazon CloudFront"
64.252.68.139 - - [20/Mar/2026:00:16:06 +0000] "GET /?p=10263 HTTP/1.1" 200 14400 "-" "Amazon CloudFront"
15.158.215.109 - - [20/Mar/2026:00:16:45 +0000] "POST /wp-cron.php?doing_wp_cron=1773965805.1951138973236083984375 HTTP/1.1" 200 - "https://69b4844ae61d4e92bf26ad98af552775-devsite.readyship.co/wp-cron.php?doing_wp_cron=1773965805.1951138973236083984375" "WordPress/5.1.19; https://69b4844ae61d4e92bf26ad98af552775-devsite.readyship.co"
64.252.68.102 - - [20/Mar/2026:00:16:44 +0000] "GET /?p=67874 HTTP/1.1" 200 14567 "-" "Amazon CloudFront"
64.252.68.203 - - [20/Mar/2026:00:17:07 +0000] "GET /?p=8457 HTTP/1.1" 200 22124 "-" "Amazon CloudFront"
15.158.215.109 - - [20/Mar/2026:00:17:29 +0000] "POST /wp-cron.php?doing_wp_cron=1773965849.8679499626159667968750 HTTP/1.1" 200 - "https://69b4844ae61d4e92bf26ad98af552775-devsite.readyship.co/wp-cron.php?doing_wp_cron=1773965849.8679499626159667968750" "WordPress/5.1.19; https://69b4844ae61d4e92bf26ad98af552775-devsite.readyship.co"
64.252.66.156 - - [20/Mar/2026:00:17:29 +0000] "GET /?p=25478 HTTP/1.1" 200 20759 "-" "Amazon CloudFront"
64.252.68.203 - - [20/Mar/2026:00:17:35 +0000] "GET /?p=11019 HTTP/1.1" 200 17070 "-" "Amazon CloudFront"
64.252.68.203 - - [20/Mar/2026:00:17:48 +0000] "GET /?p=62426 HTTP/1.1" 200 14429 "-" "Amazon CloudFront"
64.252.68.139 - - [20/Mar/2026:00:17:50 +0000] "GET /?cat=1 HTTP/1.1" 200 11101 "-" "Amazon CloudFront"
15.158.215.109 - - [20/Mar/2026:00:18:29 +0000] "POST /wp-cron.php?doing_wp_cron=1773965909.7469069957733154296875 HTTP/1.1" 200 - "https://69b4844ae61d4e92bf26ad98af552775-devsite.readyship.co/wp-cron.php?doing_wp_cron=1773965909.7469069957733154296875" "WordPress/5.1.19; https://69b4844ae61d4e92bf26ad98af552775-devsite.readyship.co"
64.252.68.139 - - [20/Mar/2026:00:18:29 +0000] "GET /?p=82638 HTTP/1.1" 200 16559 "-" "Amazon CloudFront"
64.252.76.215 - - [20/Mar/2026:00:18:59 +0000] "GET /?p=38738 HTTP/1.1" 200 17440 "-" "Amazon CloudFront"
64.252.66.156 - - [20/Mar/2026:00:19:06 +0000] "GET /?p=8527 HTTP/1.1" 200 17791 "-" "Amazon CloudFront"
15.158.215.109 - - [20/Mar/2026:00:19:31 +0000] "POST /wp-cron.php?doing_wp_cron=1773965971.0038070678710937500000 HTTP/1.1" 200 - "https://69b4844ae61d4e92bf26ad98af552775-devsite.readyship.co/wp-cron.php?doing_wp_cron=1773965971.0038070678710937500000" "WordPress/5.1.19; https://69b4844ae61d4e92bf26ad98af552775-devsite.readyship.co"
64.252.68.102 - - [20/Mar/2026:00:19:30 +0000] "GET /?p=55362 HTTP/1.1" 200 14263 "-" "Amazon CloudFront"
64.252.66.156 - - [20/Mar/2026:00:19:33 +0000] "GET /?p=13633 HTTP/1.1" 200 14681 "-" "Amazon CloudFront"
64.252.66.156 - - [20/Mar/2026:00:19:35 +0000] "GET /?p=96409 HTTP/1.1" 200 16595 "-" "Amazon CloudFront"
64.252.68.102 - - [20/Mar/2026:00:20:10 +0000] "GET /?p=43100 HTTP/1.1" 200 19879 "-" "Amazon CloudFront"
15.158.215.109 - - [20/Mar/2026:00:21:28 +0000] "POST /wp-cron.php?doing_wp_cron=1773966088.7384901046752929687500 HTTP/1.1" 200 - "https://69b4844ae61d4e92bf26ad98af552775-devsite.readyship.co/wp-cron.php?doing_wp_cron=1773966088.7384901046752929687500" "WordPress/5.1.19; https://69b4844ae61d4e92bf26ad98af552775-devsite.readyship.co"
64.252.68.139 - - [20/Mar/2026:00:21:28 +0000] "GET /?p=82704 HTTP/1.1" 200 15722 "-" "Amazon CloudFront"
64.252.68.203 - - [20/Mar/2026:00:21:38 +0000] "GET /?p=87291 HTTP/1.1" 200 15897 "-" "Amazon CloudFront"
64.252.68.139 - - [20/Mar/2026:00:22:06 +0000] "GET /?p=82536 HTTP/1.1" 200 22910 "-" "Amazon CloudFront"
64.252.74.218 - - [20/Mar/2026:00:22:17 +0000] "GET /?feed=rss2&p=38736 HTTP/1.1" 200 508 "-" "Amazon CloudFront"
15.158.215.109 - - [20/Mar/2026:00:22:36 +0000] "POST /wp-cron.php?doing_wp_cron=1773966156.5060529708862304687500 HTTP/1.1" 200 - "https://69b4844ae61d4e92bf26ad98af552775-devsite.readyship.co/wp-cron.php?doing_wp_cron=1773966156.5060529708862304687500" "WordPress/5.1.19; https://69b4844ae61d4e92bf26ad98af552775-devsite.readyship.co"
64.252.68.102 - - [20/Mar/2026:00:22:36 +0000] "GET /?p=61762 HTTP/1.1" 200 21005 "-" "Amazon CloudFront"
64.252.68.102 - - [20/Mar/2026:00:23:06 +0000] "GET /?p=93991 HTTP/1.1" 200 17274 "-" "Amazon CloudFront"
64.252.68.139 - - [20/Mar/2026:00:23:14 +0000] "GET /?cat=104&paged=30 HTTP/1.1" 200 10928 "-" "Amazon CloudFront"
15.158.215.109 - - [20/Mar/2026:00:23:47 +0000] "POST /wp-cron.php?doing_wp_cron=1773966227.1910989284515380859375 HTTP/1.1" 200 - "https://69b4844ae61d4e92bf26ad98af552775-devsite.readyship.co/wp-cron.php?doing_wp_cron=1773966227.1910989284515380859375" "WordPress/5.1.19; https://69b4844ae61d4e92bf26ad98af552775-devsite.readyship.co"
64.252.66.156 - - [20/Mar/2026:00:23:46 +0000] "GET /?p=7424 HTTP/1.1" 200 22486 "-" "Amazon CloudFront"
64.252.66.156 - - [20/Mar/2026:00:23:49 +0000] "GET /?p=81960 HTTP/1.1" 200 14679 "-" "Amazon CloudFront"
15.158.215.109 - - [20/Mar/2026:00:24:24 +0000] "POST /wp-cron.php?doing_wp_cron=1773966264.3603589534759521484375 HTTP/1.1" 200 - "https://69b4844ae61d4e92bf26ad98af552775-devsite.readyship.co/wp-cron.php?doing_wp_cron=1773966264.3603589534759521484375" "WordPress/5.1.19; https://69b4844ae61d4e92bf26ad98af552775-devsite.readyship.co"
64.252.68.203 - - [20/Mar/2026:00:24:24 +0000] "GET /?p=61840 HTTP/1.1" 200 14488 "-" "Amazon CloudFront"
64.252.68.102 - - [20/Mar/2026:00:24:27 +0000] "GET /?p=10969 HTTP/1.1" 200 16275 "-" "Amazon CloudFront"
64.252.66.156 - - [20/Mar/2026:00:25:12 +0000] "GET /?p=10013 HTTP/1.1" 200 32153 "-" "Amazon CloudFront"
64.252.68.102 - - [20/Mar/2026:00:25:15 +0000] "GET /?p=89566 HTTP/1.1" 200 17425 "-" "Amazon CloudFront"
15.158.215.109 - - [20/Mar/2026:00:25:48 +0000] "POST /wp-cron.php?doing_wp_cron=1773966348.5708250999450683593750 HTTP/1.1" 200 - "https://69b4844ae61d4e92bf26ad98af552775-devsite.readyship.co/wp-cron.php?doing_wp_cron=1773966348.5708250999450683593750" "WordPress/5.1.19; https://69b4844ae61d4e92bf26ad98af552775-devsite.readyship.co"
64.252.68.203 - - [20/Mar/2026:00:25:48 +0000] "GET /?p=89748 HTTP/1.1" 200 14752 "-" "Amazon CloudFront"
15.158.215.109 - - [20/Mar/2026:00:26:23 +0000] "POST /wp-cron.php?doing_wp_cron=1773966383.1665980815887451171875 HTTP/1.1" 200 - "https://69b4844ae61d4e92bf26ad98af552775-devsite.readyship.co/wp-cron.php?doing_wp_cron=1773966383.1665980815887451171875" "WordPress/5.1.19; https://69b4844ae61d4e92bf26ad98af552775-devsite.readyship.co"
64.252.66.156 - - [20/Mar/2026:00:26:22 +0000] "GET /?cat=179 HTTP/1.1" 200 9696 "-" "Amazon CloudFront"
64.252.68.203 - - [20/Mar/2026:00:26:30 +0000] "GET /?p=43228 HTTP/1.1" 200 14584 "-" "Amazon CloudFront"
64.252.66.156 - - [20/Mar/2026:00:26:43 +0000] "GET /?author=1&paged=4527 HTTP/1.1" 200 11229 "-" "Amazon CloudFront"
64.252.68.102 - - [20/Mar/2026:00:27:01 +0000] "GET /?p=96231 HTTP/1.1" 200 18189 "-" "Amazon CloudFront"
64.252.66.156 - - [20/Mar/2026:00:27:06 +0000] "GET /?p=82094 HTTP/1.1" 200 15520 "-" "Amazon CloudFront"
64.252.68.203 - - [20/Mar/2026:00:27:16 +0000] "GET /?p=25328 HTTP/1.1" 200 21873 "-" "Amazon CloudFront"
15.158.215.109 - - [20/Mar/2026:00:27:37 +0000] "POST /wp-cron.php?doing_wp_cron=1773966456.9731690883636474609375 HTTP/1.1" 200 - "https://69b4844ae61d4e92bf26ad98af552775-devsite.readyship.co/wp-cron.php?doing_wp_cron=1773966456.9731690883636474609375" "WordPress/5.1.19; https://69b4844ae61d4e92bf26ad98af552775-devsite.readyship.co"
64.252.68.139 - - [20/Mar/2026:00:27:36 +0000] "GET /?p=6758 HTTP/1.1" 200 34947 "-" "Amazon CloudFront"
64.252.66.156 - - [20/Mar/2026:00:27:54 +0000] "GET /?p=7229 HTTP/1.1" 200 19703 "-" "Amazon CloudFront"
64.252.68.139 - - [20/Mar/2026:00:28:06 +0000] "GET /?p=5726 HTTP/1.1" 200 21464 "-" "Amazon CloudFront"
64.252.66.156 - - [20/Mar/2026:00:28:08 +0000] "GET /?p=11349 HTTP/1.1" 200 16230 "-" "Amazon CloudFront"
15.158.215.109 - - [20/Mar/2026:00:28:52 +0000] "POST /wp-cron.php?doing_wp_cron=1773966532.7709510326385498046875 HTTP/1.1" 200 - "https://69b4844ae61d4e92bf26ad98af552775-devsite.readyship.co/wp-cron.php?doing_wp_cron=1773966532.7709510326385498046875" "WordPress/5.1.19; https://69b4844ae61d4e92bf26ad98af552775-devsite.readyship.co"
64.252.68.203 - - [20/Mar/2026:00:28:52 +0000] "GET /?p=43776 HTTP/1.1" 200 25873 "-" "Amazon CloudFront"
64.252.68.139 - - [20/Mar/2026:00:28:55 +0000] "GET /?p=81084 HTTP/1.1" 200 15204 "-" "Amazon CloudFront"
15.158.215.109 - - [20/Mar/2026:00:29:23 +0000] "POST /wp-cron.php?doing_wp_cron=1773966563.0944089889526367187500 HTTP/1.1" 200 - "https://69b4844ae61d4e92bf26ad98af552775-devsite.readyship.co/wp-cron.php?doing_wp_cron=1773966563.0944089889526367187500" "WordPress/5.1.19; https://69b4844ae61d4e92bf26ad98af552775-devsite.readyship.co"
64.252.66.156 - - [20/Mar/2026:00:29:22 +0000] "GET /?p=93555 HTTP/1.1" 200 14690 "-" "Amazon CloudFront"
64.252.68.203 - - [20/Mar/2026:00:29:42 +0000] "GET /?p=6957 HTTP/1.1" 200 15988 "-" "Amazon CloudFront"
64.252.68.102 - - [20/Mar/2026:00:30:02 +0000] "GET /?p=10355 HTTP/1.1" 200 14675 "-" "Amazon CloudFront"
15.158.215.109 - - [20/Mar/2026:00:30:23 +0000] "POST /wp-cron.php?doing_wp_cron=1773966623.7489099502563476562500 HTTP/1.1" 200 - "https://69b4844ae61d4e92bf26ad98af552775-devsite.readyship.co/wp-cron.php?doing_wp_cron=1773966623.7489099502563476562500" "WordPress/5.1.19; https://69b4844ae61d4e92bf26ad98af552775-devsite.readyship.co"
64.252.68.203 - - [20/Mar/2026:00:30:23 +0000] "GET /?p=81258 HTTP/1.1" 200 14143 "-" "Amazon CloudFront"
64.252.66.156 - - [20/Mar/2026:00:30:43 +0000] "GET /?p=9890 HTTP/1.1" 200 14728 "-" "Amazon CloudFront"
64.252.66.156 - - [20/Mar/2026:00:31:22 +0000] "GET /?p=89790 HTTP/1.1" 200 14443 "-" "Amazon CloudFront"
15.158.215.109 - - [20/Mar/2026:00:31:23 +0000] "POST /wp-cron.php?doing_wp_cron=1773966683.2459650039672851562500 HTTP/1.1" 200 - "https://69b4844ae61d4e92bf26ad98af552775-devsite.readyship.co/wp-cron.php?doing_wp_cron=1773966683.2459650039672851562500" "WordPress/5.1.19; https://69b4844ae61d4e92bf26ad98af552775-devsite.readyship.co"
64.252.68.102 - - [20/Mar/2026:00:31:37 +0000] "GET /?page_id=2807&paged=32 HTTP/1.1" 200 11322 "-" "Amazon CloudFront"
64.252.68.139 - - [20/Mar/2026:00:31:59 +0000] "GET /?p=12479 HTTP/1.1" 200 14836 "-" "Amazon CloudFront"
64.252.68.102 - - [20/Mar/2026:00:32:09 +0000] "GET /?p=82264 HTTP/1.1" 200 17010 "-" "Amazon CloudFront"
64.252.68.102 - - [20/Mar/2026:00:32:19 +0000] "GET /?p=87205 HTTP/1.1" 200 17064 "-" "Amazon CloudFront"
