15.158.243.79 - - [19/Mar/2026:16:11:14 +0000] "GET /wp-login.php HTTP/1.1" 200 1185 "https://69b4844ae61d4e92bf26ad98af552775-devsite.readyship.co/" "Mozilla/5.0 (Windows NT 10.0; Win64; x64) AppleWebKit/537.36 (KHTML, like Gecko) Chrome/114.0.0.0 YaBrowser/22.7.0 Yowser/2.5 Safari/537.36"
15.158.215.109 - - [19/Mar/2026:16:11:21 +0000] "POST /wp-cron.php?doing_wp_cron=1773936681.1369020938873291015625 HTTP/1.1" 200 - "https://69b4844ae61d4e92bf26ad98af552775-devsite.readyship.co/wp-cron.php?doing_wp_cron=1773936681.1369020938873291015625" "WordPress/5.1.19; https://69b4844ae61d4e92bf26ad98af552775-devsite.readyship.co"
15.158.243.79 - - [19/Mar/2026:16:11:23 +0000] "GET /wp-login.php HTTP/1.1" 200 1185 "https://69b4844ae61d4e92bf26ad98af552775-devsite.readyship.co/wp-login.php" "Mozilla/5.0 (Windows NT 6.3; Win64; x64) AppleWebKit/537.36 (KHTML, like Gecko) Chrome/103.0.0.0 Safari/537.36"
15.158.243.79 - - [19/Mar/2026:16:11:24 +0000] "POST /wp-login.php HTTP/1.1" 200 1583 "https://69b4844ae61d4e92bf26ad98af552775-devsite.readyship.co/wp-login.php" "Mozilla/5.0 (Windows NT 6.3; Win64; x64) AppleWebKit/537.36 (KHTML, like Gecko) Chrome/103.0.0.0 Safari/537.36"
15.158.215.109 - - [19/Mar/2026:16:20:48 +0000] "POST /wp-cron.php?doing_wp_cron=1773937248.4222478866577148437500 HTTP/1.1" 200 - "https://69b4844ae61d4e92bf26ad98af552775-devsite.readyship.co/wp-cron.php?doing_wp_cron=1773937248.4222478866577148437500" "WordPress/5.1.19; https://69b4844ae61d4e92bf26ad98af552775-devsite.readyship.co"
64.252.74.218 - - [19/Mar/2026:16:20:41 +0000] "GET /?p=91083 HTTP/1.1" 200 18022 "-" "Amazon CloudFront"
64.252.76.215 - - [19/Mar/2026:16:21:03 +0000] "GET /?p=91089 HTTP/1.1" 200 23744 "-" "Amazon CloudFront"
64.252.74.218 - - [19/Mar/2026:16:21:03 +0000] "GET /?p=91091 HTTP/1.1" 200 16556 "-" "Amazon CloudFront"
64.252.74.218 - - [19/Mar/2026:16:21:04 +0000] "GET /?p=91097 HTTP/1.1" 200 17231 "-" "Amazon CloudFront"
18.68.8.18 - - [19/Mar/2026:16:21:09 +0000] "POST /xmlrpc.php HTTP/1.1" 200 403 "-" "Mozilla/5.0 (Windows NT 10.0; Win64; x64) AppleWebKit/537.36 (KHTML, like Gecko) Chrome/114.0.0.0 Safari/537.36"
18.68.8.18 - - [19/Mar/2026:16:21:10 +0000] "POST /xmlrpc.php HTTP/1.1" 200 403 "-" "Mozilla/5.0 (Windows NT 10.0; Win64; x64) AppleWebKit/537.36 (KHTML, like Gecko) Chrome/114.0.0.0 Safari/537.36"
15.158.215.109 - - [19/Mar/2026:16:21:40 +0000] "POST /wp-cron.php?doing_wp_cron=1773937299.9871609210968017578125 HTTP/1.1" 200 - "https://69b4844ae61d4e92bf26ad98af552775-devsite.readyship.co/wp-cron.php?doing_wp_cron=1773937299.9871609210968017578125" "WordPress/5.1.19; https://69b4844ae61d4e92bf26ad98af552775-devsite.readyship.co"
64.252.74.218 - - [19/Mar/2026:16:21:40 +0000] "GET /?p=91099 HTTP/1.1" 200 25370 "-" "Amazon CloudFront"
64.252.76.215 - - [19/Mar/2026:16:21:39 +0000] "GET /?p=91079 HTTP/1.1" 200 15814 "-" "Amazon CloudFront"
64.252.74.61 - - [19/Mar/2026:16:21:41 +0000] "GET /?p=91085 HTTP/1.1" 200 17311 "-" "Amazon CloudFront"
15.158.215.109 - - [19/Mar/2026:16:22:26 +0000] "POST /wp-cron.php?doing_wp_cron=1773937346.0384879112243652343750 HTTP/1.1" 200 - "https://69b4844ae61d4e92bf26ad98af552775-devsite.readyship.co/wp-cron.php?doing_wp_cron=1773937346.0384879112243652343750" "WordPress/5.1.19; https://69b4844ae61d4e92bf26ad98af552775-devsite.readyship.co"
64.252.74.218 - - [19/Mar/2026:16:22:25 +0000] "GET /?p=91095 HTTP/1.1" 200 23362 "-" "Amazon CloudFront"
64.252.74.61 - - [19/Mar/2026:16:22:25 +0000] "GET /?p=91075 HTTP/1.1" 200 24667 "-" "Amazon CloudFront"
64.252.74.61 - - [19/Mar/2026:16:22:27 +0000] "GET /?p=91087 HTTP/1.1" 200 23811 "-" "Amazon CloudFront"
64.252.76.215 - - [19/Mar/2026:16:23:05 +0000] "GET /?p=91103 HTTP/1.1" 200 23753 "-" "Amazon CloudFront"
64.252.74.61 - - [19/Mar/2026:16:23:05 +0000] "GET /?p=91081 HTTP/1.1" 200 17876 "-" "Amazon CloudFront"
64.252.74.218 - - [19/Mar/2026:16:23:06 +0000] "GET /?p=91093 HTTP/1.1" 200 16359 "-" "Amazon CloudFront"
15.158.215.109 - - [19/Mar/2026:16:23:23 +0000] "POST /wp-cron.php?doing_wp_cron=1773937403.1187169551849365234375 HTTP/1.1" 200 - "https://69b4844ae61d4e92bf26ad98af552775-devsite.readyship.co/wp-cron.php?doing_wp_cron=1773937403.1187169551849365234375" "WordPress/5.1.19; https://69b4844ae61d4e92bf26ad98af552775-devsite.readyship.co"
64.252.74.218 - - [19/Mar/2026:16:23:23 +0000] "GET /?p=91109 HTTP/1.1" 200 17150 "-" "Amazon CloudFront"
64.252.76.215 - - [19/Mar/2026:16:23:22 +0000] "GET /?p=91107 HTTP/1.1" 200 22765 "-" "Amazon CloudFront"
64.252.76.215 - - [19/Mar/2026:16:24:03 +0000] "GET /?p=91115 HTTP/1.1" 200 16988 "-" "Amazon CloudFront"
64.252.74.61 - - [19/Mar/2026:16:24:10 +0000] "GET /?p=91105 HTTP/1.1" 200 17586 "-" "Amazon CloudFront"
64.252.74.218 - - [19/Mar/2026:16:24:10 +0000] "GET /?p=91113 HTTP/1.1" 200 10782 "-" "Amazon CloudFront"
15.158.215.109 - - [19/Mar/2026:16:24:56 +0000] "POST /wp-cron.php?doing_wp_cron=1773937495.9906458854675292968750 HTTP/1.1" 200 - "https://69b4844ae61d4e92bf26ad98af552775-devsite.readyship.co/wp-cron.php?doing_wp_cron=1773937495.9906458854675292968750" "WordPress/5.1.19; https://69b4844ae61d4e92bf26ad98af552775-devsite.readyship.co"
64.252.76.215 - - [19/Mar/2026:16:24:55 +0000] "GET /?feed=rss2&p=91145 HTTP/1.1" 200 483 "-" "Amazon CloudFront"
64.252.74.61 - - [19/Mar/2026:16:24:56 +0000] "GET /?feed=rss2&p=91141 HTTP/1.1" 200 484 "-" "Amazon CloudFront"
64.252.76.215 - - [19/Mar/2026:16:25:07 +0000] "GET /?feed=rss2&p=91135 HTTP/1.1" 200 515 "-" "Amazon CloudFront"
64.252.74.218 - - [19/Mar/2026:16:25:07 +0000] "GET /?feed=rss2&p=91147 HTTP/1.1" 200 522 "-" "Amazon CloudFront"
64.252.74.218 - - [19/Mar/2026:16:25:08 +0000] "GET /?feed=rss2&p=91133 HTTP/1.1" 200 509 "-" "Amazon CloudFront"
64.252.74.218 - - [19/Mar/2026:16:25:28 +0000] "GET /?feed=rss2&p=91149 HTTP/1.1" 200 529 "-" "Amazon CloudFront"
15.158.215.109 - - [19/Mar/2026:16:25:28 +0000] "POST /wp-cron.php?doing_wp_cron=1773937527.9631040096282958984375 HTTP/1.1" 200 - "https://69b4844ae61d4e92bf26ad98af552775-devsite.readyship.co/wp-cron.php?doing_wp_cron=1773937527.9631040096282958984375" "WordPress/5.1.19; https://69b4844ae61d4e92bf26ad98af552775-devsite.readyship.co"
64.252.74.218 - - [19/Mar/2026:16:25:27 +0000] "GET /?feed=rss2&p=91143 HTTP/1.1" 200 521 "-" "Amazon CloudFront"
64.252.76.215 - - [19/Mar/2026:16:25:29 +0000] "GET /?feed=rss2&p=91155 HTTP/1.1" 200 528 "-" "Amazon CloudFront"
64.252.74.61 - - [19/Mar/2026:16:26:09 +0000] "GET /?feed=rss2&p=91123 HTTP/1.1" 200 530 "-" "Amazon CloudFront"
64.252.74.218 - - [19/Mar/2026:16:26:10 +0000] "GET /?feed=rss2&p=91117 HTTP/1.1" 200 510 "-" "Amazon CloudFront"
64.252.74.218 - - [19/Mar/2026:16:26:10 +0000] "GET /?feed=rss2&p=91119 HTTP/1.1" 200 492 "-" "Amazon CloudFront"
15.158.215.109 - - [19/Mar/2026:16:26:25 +0000] "POST /wp-cron.php?doing_wp_cron=1773937584.9970660209655761718750 HTTP/1.1" 200 - "https://69b4844ae61d4e92bf26ad98af552775-devsite.readyship.co/wp-cron.php?doing_wp_cron=1773937584.9970660209655761718750" "WordPress/5.1.19; https://69b4844ae61d4e92bf26ad98af552775-devsite.readyship.co"
64.252.76.215 - - [19/Mar/2026:16:26:25 +0000] "GET /?feed=rss2&p=91137 HTTP/1.1" 200 528 "-" "Amazon CloudFront"
64.252.76.215 - - [19/Mar/2026:16:26:24 +0000] "GET /?feed=rss2&p=91131 HTTP/1.1" 200 517 "-" "Amazon CloudFront"
64.252.74.218 - - [19/Mar/2026:16:26:26 +0000] "GET /?feed=rss2&p=91125 HTTP/1.1" 200 543 "-" "Amazon CloudFront"
64.252.76.215 - - [19/Mar/2026:16:26:39 +0000] "GET /?cat=1&paged=288 HTTP/1.1" 200 11284 "-" "Amazon CloudFront"
64.252.74.218 - - [19/Mar/2026:16:26:40 +0000] "GET /?cat=1&paged=287 HTTP/1.1" 200 11175 "-" "Amazon CloudFront"
64.252.76.215 - - [19/Mar/2026:16:27:01 +0000] "GET /?p=91111 HTTP/1.1" 200 22978 "-" "Amazon CloudFront"
64.252.74.218 - - [19/Mar/2026:16:27:02 +0000] "GET /?p=91101 HTTP/1.1" 200 17249 "-" "Amazon CloudFront"
15.158.215.109 - - [19/Mar/2026:16:27:47 +0000] "POST /wp-cron.php?doing_wp_cron=1773937667.0556008815765380859375 HTTP/1.1" 200 - "https://69b4844ae61d4e92bf26ad98af552775-devsite.readyship.co/wp-cron.php?doing_wp_cron=1773937667.0556008815765380859375" "WordPress/5.1.19; https://69b4844ae61d4e92bf26ad98af552775-devsite.readyship.co"
64.252.76.215 - - [19/Mar/2026:16:27:46 +0000] "GET /?feed=rss2&p=91129 HTTP/1.1" 200 502 "-" "Amazon CloudFront"
15.158.215.109 - - [19/Mar/2026:16:28:23 +0000] "POST /wp-cron.php?doing_wp_cron=1773937703.9155800342559814453125 HTTP/1.1" 200 - "https://69b4844ae61d4e92bf26ad98af552775-devsite.readyship.co/wp-cron.php?doing_wp_cron=1773937703.9155800342559814453125" "WordPress/5.1.19; https://69b4844ae61d4e92bf26ad98af552775-devsite.readyship.co"
64.252.74.61 - - [19/Mar/2026:16:28:24 +0000] "GET /?feed=rss2&p=91127 HTTP/1.1" 200 526 "-" "Amazon CloudFront"
64.252.74.61 - - [19/Mar/2026:16:28:23 +0000] "GET /?feed=rss2&p=91151 HTTP/1.1" 200 519 "-" "Amazon CloudFront"
64.252.74.218 - - [19/Mar/2026:16:28:24 +0000] "GET /?feed=rss2&p=91139 HTTP/1.1" 200 523 "-" "Amazon CloudFront"
64.252.74.61 - - [19/Mar/2026:16:28:25 +0000] "GET /?feed=rss2&p=91153 HTTP/1.1" 200 508 "-" "Amazon CloudFront"
64.252.76.215 - - [19/Mar/2026:16:28:26 +0000] "GET /?feed=rss2&p=91121 HTTP/1.1" 200 494 "-" "Amazon CloudFront"
15.158.215.109 - - [19/Mar/2026:16:34:10 +0000] "POST /wp-cron.php?doing_wp_cron=1773938050.7863430976867675781250 HTTP/1.1" 200 - "https://69b4844ae61d4e92bf26ad98af552775-devsite.readyship.co/wp-cron.php?doing_wp_cron=1773938050.7863430976867675781250" "WordPress/5.1.19; https://69b4844ae61d4e92bf26ad98af552775-devsite.readyship.co"
64.252.68.139 - - [19/Mar/2026:16:34:10 +0000] "GET /?healthcheck_timestamp=1773937847477 HTTP/1.1" 200 178919 "-" "Amazon CloudFront"
15.158.215.109 - - [19/Mar/2026:16:37:11 +0000] "POST /wp-cron.php?doing_wp_cron=1773938231.7534620761871337890625 HTTP/1.1" 200 - "https://69b4844ae61d4e92bf26ad98af552775-devsite.readyship.co/wp-cron.php?doing_wp_cron=1773938231.7534620761871337890625" "WordPress/5.1.19; https://69b4844ae61d4e92bf26ad98af552775-devsite.readyship.co"
64.252.74.61 - - [19/Mar/2026:16:37:11 +0000] "GET /?p=16879 HTTP/1.1" 200 16292 "-" "Amazon CloudFront"
64.252.74.218 - - [19/Mar/2026:16:37:11 +0000] "GET /?p=16869 HTTP/1.1" 200 15756 "-" "Amazon CloudFront"
64.252.74.218 - - [19/Mar/2026:16:37:13 +0000] "GET /?p=16889 HTTP/1.1" 200 15967 "-" "Amazon CloudFront"
15.158.215.109 - - [19/Mar/2026:16:37:22 +0000] "POST /wp-cron.php?doing_wp_cron=1773938242.2248249053955078125000 HTTP/1.1" 200 - "https://69b4844ae61d4e92bf26ad98af552775-devsite.readyship.co/wp-cron.php?doing_wp_cron=1773938242.2248249053955078125000" "WordPress/5.1.19; https://69b4844ae61d4e92bf26ad98af552775-devsite.readyship.co"
64.252.74.218 - - [19/Mar/2026:16:37:22 +0000] "GET /?p=16880 HTTP/1.1" 200 14279 "-" "Amazon CloudFront"
64.252.76.215 - - [19/Mar/2026:16:37:21 +0000] "GET /?p=16853 HTTP/1.1" 200 14837 "-" "Amazon CloudFront"
64.252.76.215 - - [19/Mar/2026:16:37:23 +0000] "GET /?p=16877 HTTP/1.1" 200 15362 "-" "Amazon CloudFront"
64.252.76.215 - - [19/Mar/2026:16:37:27 +0000] "GET /?p=16875 HTTP/1.1" 200 15996 "-" "Amazon CloudFront"
64.252.74.218 - - [19/Mar/2026:16:37:27 +0000] "GET /?p=16867 HTTP/1.1" 200 14672 "-" "Amazon CloudFront"
15.158.215.109 - - [19/Mar/2026:16:38:29 +0000] "POST /wp-cron.php?doing_wp_cron=1773938309.1248719692230224609375 HTTP/1.1" 200 - "https://69b4844ae61d4e92bf26ad98af552775-devsite.readyship.co/wp-cron.php?doing_wp_cron=1773938309.1248719692230224609375" "WordPress/5.1.19; https://69b4844ae61d4e92bf26ad98af552775-devsite.readyship.co"
64.252.76.215 - - [19/Mar/2026:16:38:28 +0000] "GET /?p=16855 HTTP/1.1" 200 14826 "-" "Amazon CloudFront"
64.252.76.215 - - [19/Mar/2026:16:38:53 +0000] "GET /?feed=rss2&p=16809 HTTP/1.1" 200 501 "-" "Amazon CloudFront"
64.252.76.215 - - [19/Mar/2026:16:38:54 +0000] "GET /?p=16861 HTTP/1.1" 200 14781 "-" "Amazon CloudFront"
64.252.76.215 - - [19/Mar/2026:16:38:59 +0000] "GET /?p=16885 HTTP/1.1" 200 15038 "-" "Amazon CloudFront"
64.252.76.215 - - [19/Mar/2026:16:38:59 +0000] "GET /?p=16857 HTTP/1.1" 200 15562 "-" "Amazon CloudFront"
64.252.76.215 - - [19/Mar/2026:16:40:00 +0000] "GET /?feed=rss2&p=16841 HTTP/1.1" 200 519 "-" "Amazon CloudFront"
15.158.215.109 - - [19/Mar/2026:16:40:00 +0000] "POST /wp-cron.php?doing_wp_cron=1773938400.4035909175872802734375 HTTP/1.1" 200 - "https://69b4844ae61d4e92bf26ad98af552775-devsite.readyship.co/wp-cron.php?doing_wp_cron=1773938400.4035909175872802734375" "WordPress/5.1.19; https://69b4844ae61d4e92bf26ad98af552775-devsite.readyship.co"
64.252.74.61 - - [19/Mar/2026:16:40:00 +0000] "GET /?feed=rss2&p=16833 HTTP/1.1" 200 523 "-" "Amazon CloudFront"
64.252.74.61 - - [19/Mar/2026:16:40:01 +0000] "GET /?feed=rss2&p=16845 HTTP/1.1" 200 494 "-" "Amazon CloudFront"
64.252.76.215 - - [19/Mar/2026:16:40:11 +0000] "GET /?feed=rss2&p=16829 HTTP/1.1" 200 530 "-" "Amazon CloudFront"
15.158.215.109 - - [19/Mar/2026:16:40:32 +0000] "POST /wp-cron.php?doing_wp_cron=1773938432.4667489528656005859375 HTTP/1.1" 200 - "https://69b4844ae61d4e92bf26ad98af552775-devsite.readyship.co/wp-cron.php?doing_wp_cron=1773938432.4667489528656005859375" "WordPress/5.1.19; https://69b4844ae61d4e92bf26ad98af552775-devsite.readyship.co"
64.252.76.215 - - [19/Mar/2026:16:40:32 +0000] "GET /?feed=rss2&p=16813 HTTP/1.1" 200 517 "-" "Amazon CloudFront"
64.252.74.218 - - [19/Mar/2026:16:40:32 +0000] "GET /?feed=rss2&p=16843 HTTP/1.1" 200 505 "-" "Amazon CloudFront"
64.252.76.215 - - [19/Mar/2026:16:40:48 +0000] "GET /?feed=rss2&p=16817 HTTP/1.1" 200 533 "-" "Amazon CloudFront"
64.252.74.218 - - [19/Mar/2026:16:40:48 +0000] "GET /?feed=rss2&p=16831 HTTP/1.1" 200 520 "-" "Amazon CloudFront"
64.252.74.218 - - [19/Mar/2026:16:41:14 +0000] "GET /?feed=rss2&p=16825 HTTP/1.1" 200 517 "-" "Amazon CloudFront"
64.252.74.218 - - [19/Mar/2026:16:41:14 +0000] "GET /?feed=rss2&p=16819 HTTP/1.1" 200 560 "-" "Amazon CloudFront"
15.158.215.109 - - [19/Mar/2026:16:41:41 +0000] "POST /wp-cron.php?doing_wp_cron=1773938501.1927659511566162109375 HTTP/1.1" 200 - "https://69b4844ae61d4e92bf26ad98af552775-devsite.readyship.co/wp-cron.php?doing_wp_cron=1773938501.1927659511566162109375" "WordPress/5.1.19; https://69b4844ae61d4e92bf26ad98af552775-devsite.readyship.co"
64.252.74.61 - - [19/Mar/2026:16:41:40 +0000] "GET /?feed=rss2&p=16821 HTTP/1.1" 200 520 "-" "Amazon CloudFront"
64.252.76.215 - - [19/Mar/2026:16:42:00 +0000] "GET /?cat=1&paged=3943 HTTP/1.1" 200 11349 "-" "Amazon CloudFront"
64.252.74.218 - - [19/Mar/2026:16:42:00 +0000] "GET /?cat=1&paged=3944 HTTP/1.1" 200 11323 "-" "Amazon CloudFront"
64.252.74.61 - - [19/Mar/2026:16:42:18 +0000] "GET /?feed=rss2&p=16815 HTTP/1.1" 200 541 "-" "Amazon CloudFront"
64.252.74.218 - - [19/Mar/2026:16:42:18 +0000] "GET /?feed=rss2&p=16827 HTTP/1.1" 200 517 "-" "Amazon CloudFront"
15.158.215.109 - - [19/Mar/2026:16:42:42 +0000] "POST /wp-cron.php?doing_wp_cron=1773938562.9544050693511962890625 HTTP/1.1" 200 - "https://69b4844ae61d4e92bf26ad98af552775-devsite.readyship.co/wp-cron.php?doing_wp_cron=1773938562.9544050693511962890625" "WordPress/5.1.19; https://69b4844ae61d4e92bf26ad98af552775-devsite.readyship.co"
64.252.74.218 - - [19/Mar/2026:16:42:42 +0000] "GET /?page_id=2807&paged=4281 HTTP/1.1" 200 11280 "-" "Amazon CloudFront"
64.252.76.215 - - [19/Mar/2026:16:42:42 +0000] "GET /?page_id=2807&paged=4280 HTTP/1.1" 200 11330 "-" "Amazon CloudFront"
64.252.76.215 - - [19/Mar/2026:16:43:19 +0000] "GET /?p=16859 HTTP/1.1" 200 14823 "-" "Amazon CloudFront"
64.252.74.218 - - [19/Mar/2026:16:43:44 +0000] "GET /?p=16851 HTTP/1.1" 200 16318 "-" "Amazon CloudFront"
15.158.215.109 - - [19/Mar/2026:16:43:45 +0000] "POST /wp-cron.php?doing_wp_cron=1773938624.9204719066619873046875 HTTP/1.1" 200 - "https://69b4844ae61d4e92bf26ad98af552775-devsite.readyship.co/wp-cron.php?doing_wp_cron=1773938624.9204719066619873046875" "WordPress/5.1.19; https://69b4844ae61d4e92bf26ad98af552775-devsite.readyship.co"
64.252.76.215 - - [19/Mar/2026:16:43:44 +0000] "GET /?p=16863 HTTP/1.1" 200 14218 "-" "Amazon CloudFront"
64.252.74.61 - - [19/Mar/2026:16:43:45 +0000] "GET /?p=16887 HTTP/1.1" 200 14698 "-" "Amazon CloudFront"
64.252.76.215 - - [19/Mar/2026:16:44:00 +0000] "GET /?feed=rss2&p=16849 HTTP/1.1" 200 521 "-" "Amazon CloudFront"
64.252.74.61 - - [19/Mar/2026:16:44:00 +0000] "GET /?feed=rss2&p=16835 HTTP/1.1" 200 549 "-" "Amazon CloudFront"
64.252.74.61 - - [19/Mar/2026:16:44:00 +0000] "GET /?feed=rss2&p=16847 HTTP/1.1" 200 518 "-" "Amazon CloudFront"
64.252.76.215 - - [19/Mar/2026:16:44:15 +0000] "GET /?feed=rss2&p=16823 HTTP/1.1" 200 511 "-" "Amazon CloudFront"
64.252.74.218 - - [19/Mar/2026:16:44:15 +0000] "GET /?feed=rss2&p=16839 HTTP/1.1" 200 512 "-" "Amazon CloudFront"
64.252.74.61 - - [19/Mar/2026:16:44:16 +0000] "GET /?feed=rss2&p=16837 HTTP/1.1" 200 535 "-" "Amazon CloudFront"
15.158.215.109 - - [19/Mar/2026:16:44:42 +0000] "POST /wp-cron.php?doing_wp_cron=1773938682.6322851181030273437500 HTTP/1.1" 200 - "https://69b4844ae61d4e92bf26ad98af552775-devsite.readyship.co/wp-cron.php?doing_wp_cron=1773938682.6322851181030273437500" "WordPress/5.1.19; https://69b4844ae61d4e92bf26ad98af552775-devsite.readyship.co"
64.252.74.218 - - [19/Mar/2026:16:44:42 +0000] "GET /?p=16871 HTTP/1.1" 200 14785 "-" "Amazon CloudFront"
64.252.76.215 - - [19/Mar/2026:16:44:42 +0000] "GET /?p=16873 HTTP/1.1" 200 14597 "-" "Amazon CloudFront"
64.252.76.215 - - [19/Mar/2026:16:44:43 +0000] "GET /?p=16883 HTTP/1.1" 200 14711 "-" "Amazon CloudFront"
15.158.215.109 - - [19/Mar/2026:16:45:23 +0000] "POST /wp-cron.php?doing_wp_cron=1773938723.0957489013671875000000 HTTP/1.1" 200 - "https://69b4844ae61d4e92bf26ad98af552775-devsite.readyship.co/wp-cron.php?doing_wp_cron=1773938723.0957489013671875000000" "WordPress/5.1.19; https://69b4844ae61d4e92bf26ad98af552775-devsite.readyship.co"
64.252.76.215 - - [19/Mar/2026:16:45:22 +0000] "GET /?p=16865 HTTP/1.1" 200 14336 "-" "Amazon CloudFront"
15.158.215.109 - - [19/Mar/2026:17:00:08 +0000] "POST /wp-cron.php?doing_wp_cron=1773939608.6741049289703369140625 HTTP/1.1" 200 - "https://69b4844ae61d4e92bf26ad98af552775-devsite.readyship.co/wp-cron.php?doing_wp_cron=1773939608.6741049289703369140625" "WordPress/5.1.19; https://69b4844ae61d4e92bf26ad98af552775-devsite.readyship.co"
64.252.76.215 - - [19/Mar/2026:17:00:01 +0000] "GET /?p=26036 HTTP/1.1" 200 17216 "-" "Amazon CloudFront"
15.158.215.109 - - [19/Mar/2026:17:01:24 +0000] "POST /wp-cron.php?doing_wp_cron=1773939684.2673990726470947265625 HTTP/1.1" 200 - "https://69b4844ae61d4e92bf26ad98af552775-devsite.readyship.co/wp-cron.php?doing_wp_cron=1773939684.2673990726470947265625" "WordPress/5.1.19; https://69b4844ae61d4e92bf26ad98af552775-devsite.readyship.co"
64.252.74.218 - - [19/Mar/2026:17:01:24 +0000] "GET /?feed=rss2&p=26034 HTTP/1.1" 200 483 "-" "Amazon CloudFront"
64.252.74.61 - - [19/Mar/2026:17:01:23 +0000] "GET /?p=80009 HTTP/1.1" 200 17844 "-" "Amazon CloudFront"
15.158.215.109 - - [19/Mar/2026:17:02:40 +0000] "POST /wp-cron.php?doing_wp_cron=1773939760.6290769577026367187500 HTTP/1.1" 200 - "https://69b4844ae61d4e92bf26ad98af552775-devsite.readyship.co/wp-cron.php?doing_wp_cron=1773939760.6290769577026367187500" "WordPress/5.1.19; https://69b4844ae61d4e92bf26ad98af552775-devsite.readyship.co"
64.252.74.218 - - [19/Mar/2026:17:02:41 +0000] "GET /?feed=rss2&p=80007 HTTP/1.1" 200 496 "-" "Amazon CloudFront"
64.252.88.79 - - [19/Mar/2026:17:02:40 +0000] "GET /?page_id=3450 HTTP/1.1" 200 10125 "-" "Amazon CloudFront"
15.158.215.109 - - [19/Mar/2026:17:03:36 +0000] "POST /wp-cron.php?doing_wp_cron=1773939816.7613320350646972656250 HTTP/1.1" 200 - "https://69b4844ae61d4e92bf26ad98af552775-devsite.readyship.co/wp-cron.php?doing_wp_cron=1773939816.7613320350646972656250" "WordPress/5.1.19; https://69b4844ae61d4e92bf26ad98af552775-devsite.readyship.co"
18.68.51.43 - - [19/Mar/2026:17:03:36 +0000] "POST / HTTP/1.1" 200 23847 "-" "Amazon CloudFront"
18.68.51.43 - - [19/Mar/2026:17:03:40 +0000] "POST / HTTP/1.1" 200 23824 "-" "Amazon CloudFront"
18.68.51.43 - - [19/Mar/2026:17:03:48 +0000] "POST / HTTP/1.1" 200 23841 "-" "Amazon CloudFront"
18.68.51.43 - - [19/Mar/2026:17:04:08 +0000] "POST / HTTP/1.1" 200 177569 "-" "Amazon CloudFront"
15.158.215.109 - - [19/Mar/2026:17:04:55 +0000] "POST /wp-cron.php?doing_wp_cron=1773939895.1004889011383056640625 HTTP/1.1" 200 - "https://69b4844ae61d4e92bf26ad98af552775-devsite.readyship.co/wp-cron.php?doing_wp_cron=1773939895.1004889011383056640625" "WordPress/5.1.19; https://69b4844ae61d4e92bf26ad98af552775-devsite.readyship.co"
64.252.76.215 - - [19/Mar/2026:17:04:54 +0000] "GET /?feed=rss2&p=38728 HTTP/1.1" 200 527 "-" "Amazon CloudFront"
15.158.215.109 - - [19/Mar/2026:17:06:47 +0000] "POST /wp-cron.php?doing_wp_cron=1773940007.4601669311523437500000 HTTP/1.1" 200 - "https://69b4844ae61d4e92bf26ad98af552775-devsite.readyship.co/wp-cron.php?doing_wp_cron=1773940007.4601669311523437500000" "WordPress/5.1.19; https://69b4844ae61d4e92bf26ad98af552775-devsite.readyship.co"
64.252.74.218 - - [19/Mar/2026:17:06:47 +0000] "GET /?p=38730 HTTP/1.1" 200 17639 "-" "Amazon CloudFront"
15.158.215.109 - - [19/Mar/2026:17:12:53 +0000] "POST /wp-cron.php?doing_wp_cron=1773940373.5510289669036865234375 HTTP/1.1" 200 - "https://69b4844ae61d4e92bf26ad98af552775-devsite.readyship.co/wp-cron.php?doing_wp_cron=1773940373.5510289669036865234375" "WordPress/5.1.19; https://69b4844ae61d4e92bf26ad98af552775-devsite.readyship.co"
64.252.88.79 - - [19/Mar/2026:17:12:53 +0000] "GET /?p=23378 HTTP/1.1" 200 111852 "-" "Amazon CloudFront"
18.68.51.43 - - [19/Mar/2026:17:12:56 +0000] "POST /xmlrpc.php HTTP/1.1" 200 403 "https://69b4844ae61d4e92bf26ad98af552775-devsite.readyship.co/?p=23378" "PHP/6.2.37"
15.158.215.109 - - [19/Mar/2026:17:17:39 +0000] "POST /wp-cron.php?doing_wp_cron=1773940659.3104610443115234375000 HTTP/1.1" 200 - "https://69b4844ae61d4e92bf26ad98af552775-devsite.readyship.co/wp-cron.php?doing_wp_cron=1773940659.3104610443115234375000" "WordPress/5.1.19; https://69b4844ae61d4e92bf26ad98af552775-devsite.readyship.co"
18.68.8.18 - - [19/Mar/2026:17:17:38 +0000] "POST /xmlrpc.php HTTP/1.1" 200 403 "-" "Mozilla/5.0 (Windows NT 10.0; Win64; x64) AppleWebKit/537.36 (KHTML, like Gecko) Chrome/114.0.0.0 Safari/537.36"
18.68.8.18 - - [19/Mar/2026:17:17:41 +0000] "POST /xmlrpc.php HTTP/1.1" 200 403 "-" "Mozilla/5.0 (Windows NT 10.0; Win64; x64) AppleWebKit/537.36 (KHTML, like Gecko) Chrome/114.0.0.0 Safari/537.36"
15.158.215.109 - - [19/Mar/2026:17:19:54 +0000] "POST /wp-cron.php?doing_wp_cron=1773940794.9696490764617919921875 HTTP/1.1" 200 - "https://69b4844ae61d4e92bf26ad98af552775-devsite.readyship.co/wp-cron.php?doing_wp_cron=1773940794.9696490764617919921875" "WordPress/5.1.19; https://69b4844ae61d4e92bf26ad98af552775-devsite.readyship.co"
64.252.76.215 - - [19/Mar/2026:17:19:54 +0000] "GET /?feed=rss2&p=26795 HTTP/1.1" 200 507 "-" "Amazon CloudFront"
15.158.215.109 - - [19/Mar/2026:17:21:58 +0000] "POST /wp-cron.php?doing_wp_cron=1773940918.8615179061889648437500 HTTP/1.1" 200 - "https://69b4844ae61d4e92bf26ad98af552775-devsite.readyship.co/wp-cron.php?doing_wp_cron=1773940918.8615179061889648437500" "WordPress/5.1.19; https://69b4844ae61d4e92bf26ad98af552775-devsite.readyship.co"
64.252.76.215 - - [19/Mar/2026:17:21:58 +0000] "GET /?p=26793 HTTP/1.1" 200 17060 "-" "Amazon CloudFront"
15.158.215.109 - - [19/Mar/2026:17:34:19 +0000] "POST /wp-cron.php?doing_wp_cron=1773941659.8049020767211914062500 HTTP/1.1" 200 - "https://69b4844ae61d4e92bf26ad98af552775-devsite.readyship.co/wp-cron.php?doing_wp_cron=1773941659.8049020767211914062500" "WordPress/5.1.19; https://69b4844ae61d4e92bf26ad98af552775-devsite.readyship.co"
64.252.68.203 - - [19/Mar/2026:17:34:12 +0000] "GET /?healthcheck_timestamp=1773941447332 HTTP/1.1" 200 178918 "-" "Amazon CloudFront"
15.158.215.109 - - [19/Mar/2026:18:01:08 +0000] "POST /wp-cron.php?doing_wp_cron=1773943268.1191360950469970703125 HTTP/1.1" 200 - "https://69b4844ae61d4e92bf26ad98af552775-devsite.readyship.co/wp-cron.php?doing_wp_cron=1773943268.1191360950469970703125" "WordPress/5.1.19; https://69b4844ae61d4e92bf26ad98af552775-devsite.readyship.co"
64.252.74.61 - - [19/Mar/2026:18:01:01 +0000] "GET /?p=91071 HTTP/1.1" 200 17138 "-" "Amazon CloudFront"
64.252.98.209 - - [19/Mar/2026:18:01:35 +0000] "GET /wp-admin/js/password-strength-meter.min.js?ver=5.1.19 HTTP/1.1" 200 3517 "-" "Amazon CloudFront"
15.158.215.109 - - [19/Mar/2026:18:01:37 +0000] "POST /wp-cron.php?doing_wp_cron=1773943297.0611178874969482421875 HTTP/1.1" 200 - "https://69b4844ae61d4e92bf26ad98af552775-devsite.readyship.co/wp-cron.php?doing_wp_cron=1773943297.0611178874969482421875" "WordPress/5.1.19; https://69b4844ae61d4e92bf26ad98af552775-devsite.readyship.co"
64.252.74.61 - - [19/Mar/2026:18:01:37 +0000] "GET /?p=91073 HTTP/1.1" 200 23384 "-" "Amazon CloudFront"
64.252.100.147 - - [19/Mar/2026:18:01:38 +0000] "GET /wp-admin/js/password-strength-meter.min.js?action=register HTTP/1.1" 200 3517 "-" "Amazon CloudFront"
64.252.76.215 - - [19/Mar/2026:18:01:36 +0000] "GET /?p=91063 HTTP/1.1" 200 17164 "-" "Amazon CloudFront"
64.252.76.215 - - [19/Mar/2026:18:01:38 +0000] "GET /?p=91076 HTTP/1.1" 200 17201 "-" "Amazon CloudFront"
130.176.184.108 - - [19/Mar/2026:18:01:44 +0000] "POST /xmlrpc.php HTTP/1.1" 200 206 "https://69b4844ae61d4e92bf26ad98af552775-devsite.readyship.co/?p=23378" "PHP/7.3.54"
64.252.74.218 - - [19/Mar/2026:18:02:12 +0000] "GET /?p=91055 HTTP/1.1" 200 18162 "-" "Amazon CloudFront"
64.252.74.61 - - [19/Mar/2026:18:02:12 +0000] "GET /?p=91037 HTTP/1.1" 200 14907 "-" "Amazon CloudFront"
64.252.74.218 - - [19/Mar/2026:18:02:13 +0000] "GET /?p=91049 HTTP/1.1" 200 23664 "-" "Amazon CloudFront"
15.158.215.109 - - [19/Mar/2026:18:02:38 +0000] "POST /wp-cron.php?doing_wp_cron=1773943358.8966789245605468750000 HTTP/1.1" 200 - "https://69b4844ae61d4e92bf26ad98af552775-devsite.readyship.co/wp-cron.php?doing_wp_cron=1773943358.8966789245605468750000" "WordPress/5.1.19; https://69b4844ae61d4e92bf26ad98af552775-devsite.readyship.co"
64.252.74.61 - - [19/Mar/2026:18:02:38 +0000] "GET /?p=91065 HTTP/1.1" 200 23906 "-" "Amazon CloudFront"
64.252.76.215 - - [19/Mar/2026:18:02:38 +0000] "GET /?p=91041 HTTP/1.1" 200 18317 "-" "Amazon CloudFront"
64.252.74.218 - - [19/Mar/2026:18:02:39 +0000] "GET /?p=91045 HTTP/1.1" 200 24644 "-" "Amazon CloudFront"
64.252.74.218 - - [19/Mar/2026:18:02:57 +0000] "GET /?feed=rss2&p=91083 HTTP/1.1" 200 519 "-" "Amazon CloudFront"
64.252.74.218 - - [19/Mar/2026:18:02:58 +0000] "GET /?p=91047 HTTP/1.1" 200 17094 "-" "Amazon CloudFront"
64.252.76.215 - - [19/Mar/2026:18:02:58 +0000] "GET /?p=91039 HTTP/1.1" 200 17850 "-" "Amazon CloudFront"
15.158.215.109 - - [19/Mar/2026:18:03:29 +0000] "POST /wp-cron.php?doing_wp_cron=1773943409.5287311077117919921875 HTTP/1.1" 200 - "https://69b4844ae61d4e92bf26ad98af552775-devsite.readyship.co/wp-cron.php?doing_wp_cron=1773943409.5287311077117919921875" "WordPress/5.1.19; https://69b4844ae61d4e92bf26ad98af552775-devsite.readyship.co"
64.252.74.61 - - [19/Mar/2026:18:03:29 +0000] "GET /?feed=rss2&p=91089 HTTP/1.1" 200 510 "-" "Amazon CloudFront"
64.252.74.61 - - [19/Mar/2026:18:03:29 +0000] "GET /?feed=rss2&p=91091 HTTP/1.1" 200 520 "-" "Amazon CloudFront"
64.252.74.218 - - [19/Mar/2026:18:03:30 +0000] "GET /?feed=rss2&p=91097 HTTP/1.1" 200 500 "-" "Amazon CloudFront"
64.252.74.218 - - [19/Mar/2026:18:04:04 +0000] "GET /?feed=rss2&p=91075 HTTP/1.1" 200 527 "-" "Amazon CloudFront"
64.252.76.215 - - [19/Mar/2026:18:04:04 +0000] "GET /?feed=rss2&p=91095 HTTP/1.1" 200 521 "-" "Amazon CloudFront"
64.252.74.218 - - [19/Mar/2026:18:04:05 +0000] "GET /?feed=rss2&p=91087 HTTP/1.1" 200 529 "-" "Amazon CloudFront"
64.252.76.215 - - [19/Mar/2026:18:04:25 +0000] "GET /?feed=rss2&p=91081 HTTP/1.1" 200 521 "-" "Amazon CloudFront"
15.158.215.109 - - [19/Mar/2026:18:04:25 +0000] "POST /wp-cron.php?doing_wp_cron=1773943465.8562459945678710937500 HTTP/1.1" 200 - "https://69b4844ae61d4e92bf26ad98af552775-devsite.readyship.co/wp-cron.php?doing_wp_cron=1773943465.8562459945678710937500" "WordPress/5.1.19; https://69b4844ae61d4e92bf26ad98af552775-devsite.readyship.co"
64.252.74.61 - - [19/Mar/2026:18:04:25 +0000] "GET /?feed=rss2&p=91103 HTTP/1.1" 200 513 "-" "Amazon CloudFront"
64.252.76.215 - - [19/Mar/2026:18:04:26 +0000] "GET /?feed=rss2&p=91093 HTTP/1.1" 200 535 "-" "Amazon CloudFront"
64.252.74.61 - - [19/Mar/2026:18:04:31 +0000] "GET /?feed=rss2&p=91113 HTTP/1.1" 200 476 "-" "Amazon CloudFront"
64.252.76.215 - - [19/Mar/2026:18:04:31 +0000] "GET /?feed=rss2&p=91107 HTTP/1.1" 200 517 "-" "Amazon CloudFront"
64.252.76.215 - - [19/Mar/2026:18:04:32 +0000] "GET /?feed=rss2&p=91109 HTTP/1.1" 200 508 "-" "Amazon CloudFront"
64.252.76.215 - - [19/Mar/2026:18:05:20 +0000] "GET /?feed=rss2&p=91111 HTTP/1.1" 200 478 "-" "Amazon CloudFront"
64.252.74.218 - - [19/Mar/2026:18:05:21 +0000] "GET /?feed=rss2&p=91101 HTTP/1.1" 200 526 "-" "Amazon CloudFront"
15.158.215.109 - - [19/Mar/2026:18:05:28 +0000] "POST /wp-cron.php?doing_wp_cron=1773943528.4361588954925537109375 HTTP/1.1" 200 - "https://69b4844ae61d4e92bf26ad98af552775-devsite.readyship.co/wp-cron.php?doing_wp_cron=1773943528.4361588954925537109375" "WordPress/5.1.19; https://69b4844ae61d4e92bf26ad98af552775-devsite.readyship.co"
64.252.74.61 - - [19/Mar/2026:18:05:28 +0000] "GET /?cat=1&paged=290 HTTP/1.1" 200 11125 "-" "Amazon CloudFront"
64.252.74.218 - - [19/Mar/2026:18:05:28 +0000] "GET /?cat=1&paged=289 HTTP/1.1" 200 11268 "-" "Amazon CloudFront"
64.252.74.218 - - [19/Mar/2026:18:06:20 +0000] "GET /?feed=rss2&p=91115 HTTP/1.1" 200 522 "-" "Amazon CloudFront"
15.158.215.109 - - [19/Mar/2026:18:06:50 +0000] "POST /wp-cron.php?doing_wp_cron=1773943610.7718780040740966796875 HTTP/1.1" 200 - "https://69b4844ae61d4e92bf26ad98af552775-devsite.readyship.co/wp-cron.php?doing_wp_cron=1773943610.7718780040740966796875" "WordPress/5.1.19; https://69b4844ae61d4e92bf26ad98af552775-devsite.readyship.co"
64.252.74.218 - - [19/Mar/2026:18:06:50 +0000] "GET /?p=91051 HTTP/1.1" 200 17302 "-" "Amazon CloudFront"
64.252.74.61 - - [19/Mar/2026:18:06:51 +0000] "GET /?p=91061 HTTP/1.1" 200 24315 "-" "Amazon CloudFront"
64.252.74.61 - - [19/Mar/2026:18:07:15 +0000] "GET /?p=91057 HTTP/1.1" 200 17053 "-" "Amazon CloudFront"
64.252.74.61 - - [19/Mar/2026:18:07:15 +0000] "GET /?p=91043 HTTP/1.1" 200 17705 "-" "Amazon CloudFront"
64.252.76.215 - - [19/Mar/2026:18:07:17 +0000] "GET /?p=91059 HTTP/1.1" 200 23192 "-" "Amazon CloudFront"
15.158.215.109 - - [19/Mar/2026:18:07:22 +0000] "POST /wp-cron.php?doing_wp_cron=1773943642.8550910949707031250000 HTTP/1.1" 200 - "https://69b4844ae61d4e92bf26ad98af552775-devsite.readyship.co/wp-cron.php?doing_wp_cron=1773943642.8550910949707031250000" "WordPress/5.1.19; https://69b4844ae61d4e92bf26ad98af552775-devsite.readyship.co"
64.252.74.218 - - [19/Mar/2026:18:07:22 +0000] "GET /?feed=rss2&p=91105 HTTP/1.1" 200 569 "-" "Amazon CloudFront"
64.252.74.218 - - [19/Mar/2026:18:08:02 +0000] "GET /?p=91067 HTTP/1.1" 200 16912 "-" "Amazon CloudFront"
64.252.74.218 - - [19/Mar/2026:18:08:03 +0000] "GET /?p=91053 HTTP/1.1" 200 23596 "-" "Amazon CloudFront"
64.252.74.218 - - [19/Mar/2026:18:08:04 +0000] "GET /?p=91069 HTTP/1.1" 200 22802 "-" "Amazon CloudFront"
64.252.74.61 - - [19/Mar/2026:18:08:39 +0000] "GET /?feed=rss2&p=91099 HTTP/1.1" 200 566 "-" "Amazon CloudFront"
64.252.76.215 - - [19/Mar/2026:18:08:39 +0000] "GET /?feed=rss2&p=91079 HTTP/1.1" 200 515 "-" "Amazon CloudFront"
15.158.215.109 - - [19/Mar/2026:18:08:40 +0000] "POST /wp-cron.php?doing_wp_cron=1773943719.9470860958099365234375 HTTP/1.1" 200 - "https://69b4844ae61d4e92bf26ad98af552775-devsite.readyship.co/wp-cron.php?doing_wp_cron=1773943719.9470860958099365234375" "WordPress/5.1.19; https://69b4844ae61d4e92bf26ad98af552775-devsite.readyship.co"
64.252.76.215 - - [19/Mar/2026:18:08:40 +0000] "GET /?feed=rss2&p=91085 HTTP/1.1" 200 492 "-" "Amazon CloudFront"
18.68.8.18 - - [19/Mar/2026:18:14:52 +0000] "POST /xmlrpc.php HTTP/1.1" 200 403 "-" "Mozilla/5.0 (Windows NT 10.0; Win64; x64) AppleWebKit/537.36 (KHTML, like Gecko) Chrome/114.0.0.0 Safari/537.36"
15.158.215.109 - - [19/Mar/2026:18:14:59 +0000] "POST /wp-cron.php?doing_wp_cron=1773944099.2970960140228271484375 HTTP/1.1" 200 - "https://69b4844ae61d4e92bf26ad98af552775-devsite.readyship.co/wp-cron.php?doing_wp_cron=1773944099.2970960140228271484375" "WordPress/5.1.19; https://69b4844ae61d4e92bf26ad98af552775-devsite.readyship.co"
18.68.8.18 - - [19/Mar/2026:18:15:01 +0000] "POST /xmlrpc.php HTTP/1.1" 200 403 "-" "Mozilla/5.0 (Windows NT 10.0; Win64; x64) AppleWebKit/537.36 (KHTML, like Gecko) Chrome/114.0.0.0 Safari/537.36"
15.158.215.109 - - [19/Mar/2026:18:18:18 +0000] "POST /wp-cron.php?doing_wp_cron=1773944298.4700880050659179687500 HTTP/1.1" 200 - "https://69b4844ae61d4e92bf26ad98af552775-devsite.readyship.co/wp-cron.php?doing_wp_cron=1773944298.4700880050659179687500" "WordPress/5.1.19; https://69b4844ae61d4e92bf26ad98af552775-devsite.readyship.co"
64.252.74.61 - - [19/Mar/2026:18:18:18 +0000] "GET /?p=16893 HTTP/1.1" 200 17177 "-" "Amazon CloudFront"
64.252.74.218 - - [19/Mar/2026:18:18:18 +0000] "GET /?p=16897 HTTP/1.1" 200 14907 "-" "Amazon CloudFront"
15.158.215.109 - - [19/Mar/2026:18:19:14 +0000] "POST /wp-cron.php?doing_wp_cron=1773944354.5414619445800781250000 HTTP/1.1" 200 - "https://69b4844ae61d4e92bf26ad98af552775-devsite.readyship.co/wp-cron.php?doing_wp_cron=1773944354.5414619445800781250000" "WordPress/5.1.19; https://69b4844ae61d4e92bf26ad98af552775-devsite.readyship.co"
15.158.215.109 - - [19/Mar/2026:18:19:14 +0000] "POST /wp-cron.php?doing_wp_cron=1773944354.5490500926971435546875 HTTP/1.1" 200 - "https://69b4844ae61d4e92bf26ad98af552775-devsite.readyship.co/wp-cron.php?doing_wp_cron=1773944354.5490500926971435546875" "WordPress/5.1.19; https://69b4844ae61d4e92bf26ad98af552775-devsite.readyship.co"
64.252.74.218 - - [19/Mar/2026:18:19:14 +0000] "GET /?p=16895 HTTP/1.1" 200 14142 "-" "Amazon CloudFront"
64.252.74.218 - - [19/Mar/2026:18:19:14 +0000] "GET /?p=16899 HTTP/1.1" 200 14547 "-" "Amazon CloudFront"
64.252.74.218 - - [19/Mar/2026:18:19:19 +0000] "GET /?p=16907 HTTP/1.1" 200 14454 "-" "Amazon CloudFront"
64.252.74.218 - - [19/Mar/2026:18:19:20 +0000] "GET /?p=16909 HTTP/1.1" 200 14711 "-" "Amazon CloudFront"
15.158.215.109 - - [19/Mar/2026:18:19:36 +0000] "POST /wp-cron.php?doing_wp_cron=1773944376.7980310916900634765625 HTTP/1.1" 200 - "https://69b4844ae61d4e92bf26ad98af552775-devsite.readyship.co/wp-cron.php?doing_wp_cron=1773944376.7980310916900634765625" "WordPress/5.1.19; https://69b4844ae61d4e92bf26ad98af552775-devsite.readyship.co"
15.158.215.109 - - [19/Mar/2026:18:19:36 +0000] "POST /wp-cron.php?doing_wp_cron=1773944376.8118379116058349609375 HTTP/1.1" 200 - "https://69b4844ae61d4e92bf26ad98af552775-devsite.readyship.co/wp-cron.php?doing_wp_cron=1773944376.8118379116058349609375" "WordPress/5.1.19; https://69b4844ae61d4e92bf26ad98af552775-devsite.readyship.co"
64.252.74.61 - - [19/Mar/2026:18:19:36 +0000] "GET /?p=16919 HTTP/1.1" 200 14171 "-" "Amazon CloudFront"
64.252.74.61 - - [19/Mar/2026:18:19:36 +0000] "GET /?p=16929 HTTP/1.1" 200 14678 "-" "Amazon CloudFront"
64.252.74.218 - - [19/Mar/2026:18:19:38 +0000] "GET /?p=16901 HTTP/1.1" 200 14236 "-" "Amazon CloudFront"
15.158.215.109 - - [19/Mar/2026:18:20:32 +0000] "POST /wp-cron.php?doing_wp_cron=1773944432.7069659233093261718750 HTTP/1.1" 200 - "https://69b4844ae61d4e92bf26ad98af552775-devsite.readyship.co/wp-cron.php?doing_wp_cron=1773944432.7069659233093261718750" "WordPress/5.1.19; https://69b4844ae61d4e92bf26ad98af552775-devsite.readyship.co"
64.252.76.215 - - [19/Mar/2026:18:20:32 +0000] "GET /?p=16891 HTTP/1.1" 200 14600 "-" "Amazon CloudFront"
64.252.74.218 - - [19/Mar/2026:18:20:32 +0000] "GET /?p=16923 HTTP/1.1" 200 14496 "-" "Amazon CloudFront"
64.252.76.215 - - [19/Mar/2026:18:20:57 +0000] "GET /?p=16927 HTTP/1.1" 200 15748 "-" "Amazon CloudFront"
64.252.74.218 - - [19/Mar/2026:18:20:57 +0000] "GET /?p=16917 HTTP/1.1" 200 17022 "-" "Amazon CloudFront"
15.158.215.109 - - [19/Mar/2026:18:21:23 +0000] "POST /wp-cron.php?doing_wp_cron=1773944483.7896149158477783203125 HTTP/1.1" 200 - "https://69b4844ae61d4e92bf26ad98af552775-devsite.readyship.co/wp-cron.php?doing_wp_cron=1773944483.7896149158477783203125" "WordPress/5.1.19; https://69b4844ae61d4e92bf26ad98af552775-devsite.readyship.co"
15.158.215.109 - - [19/Mar/2026:18:21:23 +0000] "POST /wp-cron.php?doing_wp_cron=1773944483.7859640121459960937500 HTTP/1.1" 200 - "https://69b4844ae61d4e92bf26ad98af552775-devsite.readyship.co/wp-cron.php?doing_wp_cron=1773944483.7859640121459960937500" "WordPress/5.1.19; https://69b4844ae61d4e92bf26ad98af552775-devsite.readyship.co"
64.252.74.61 - - [19/Mar/2026:18:21:23 +0000] "GET /?p=16911 HTTP/1.1" 200 15268 "-" "Amazon CloudFront"
64.252.74.61 - - [19/Mar/2026:18:21:23 +0000] "GET /?p=16903 HTTP/1.1" 200 15138 "-" "Amazon CloudFront"
64.252.74.61 - - [19/Mar/2026:18:21:25 +0000] "GET /?p=16915 HTTP/1.1" 200 15387 "-" "Amazon CloudFront"
64.252.76.215 - - [19/Mar/2026:18:22:12 +0000] "GET /?feed=rss2&p=16883 HTTP/1.1" 200 521 "-" "Amazon CloudFront"
64.252.74.218 - - [19/Mar/2026:18:22:13 +0000] "GET /?feed=rss2&p=16865 HTTP/1.1" 200 529 "-" "Amazon CloudFront"
64.252.74.61 - - [19/Mar/2026:18:22:13 +0000] "GET /?p=16921 HTTP/1.1" 200 14575 "-" "Amazon CloudFront"
64.252.74.218 - - [19/Mar/2026:18:22:35 +0000] "GET /?feed=rss2&p=16873 HTTP/1.1" 200 505 "-" "Amazon CloudFront"
15.158.215.109 - - [19/Mar/2026:18:22:35 +0000] "POST /wp-cron.php?doing_wp_cron=1773944555.3703019618988037109375 HTTP/1.1" 200 - "https://69b4844ae61d4e92bf26ad98af552775-devsite.readyship.co/wp-cron.php?doing_wp_cron=1773944555.3703019618988037109375" "WordPress/5.1.19; https://69b4844ae61d4e92bf26ad98af552775-devsite.readyship.co"
64.252.74.61 - - [19/Mar/2026:18:22:35 +0000] "GET /?feed=rss2&p=16889 HTTP/1.1" 200 492 "-" "Amazon CloudFront"
64.252.74.61 - - [19/Mar/2026:18:22:36 +0000] "GET /?feed=rss2&p=16871 HTTP/1.1" 200 506 "-" "Amazon CloudFront"
64.252.74.218 - - [19/Mar/2026:18:23:06 +0000] "GET /?feed=rss2&p=16880 HTTP/1.1" 200 554 "-" "Amazon CloudFront"
64.252.74.61 - - [19/Mar/2026:18:23:06 +0000] "GET /?feed=rss2&p=16877 HTTP/1.1" 200 507 "-" "Amazon CloudFront"
64.252.76.215 - - [19/Mar/2026:18:23:12 +0000] "GET /?feed=rss2&p=16885 HTTP/1.1" 200 536 "-" "Amazon CloudFront"
64.252.76.215 - - [19/Mar/2026:18:23:12 +0000] "GET /?feed=rss2&p=16857 HTTP/1.1" 200 531 "-" "Amazon CloudFront"
15.158.215.109 - - [19/Mar/2026:18:24:09 +0000] "POST /wp-cron.php?doing_wp_cron=1773944649.9105930328369140625000 HTTP/1.1" 200 - "https://69b4844ae61d4e92bf26ad98af552775-devsite.readyship.co/wp-cron.php?doing_wp_cron=1773944649.9105930328369140625000" "WordPress/5.1.19; https://69b4844ae61d4e92bf26ad98af552775-devsite.readyship.co"
64.252.74.61 - - [19/Mar/2026:18:24:09 +0000] "GET /?feed=rss2&p=16855 HTTP/1.1" 200 525 "-" "Amazon CloudFront"
64.252.76.215 - - [19/Mar/2026:18:24:21 +0000] "GET /?feed=rss2&p=16875 HTTP/1.1" 200 503 "-" "Amazon CloudFront"
64.252.76.215 - - [19/Mar/2026:18:24:46 +0000] "GET /?feed=rss2&p=16851 HTTP/1.1" 200 525 "-" "Amazon CloudFront"
15.158.215.109 - - [19/Mar/2026:18:24:46 +0000] "POST /wp-cron.php?doing_wp_cron=1773944686.6830708980560302734375 HTTP/1.1" 200 - "https://69b4844ae61d4e92bf26ad98af552775-devsite.readyship.co/wp-cron.php?doing_wp_cron=1773944686.6830708980560302734375" "WordPress/5.1.19; https://69b4844ae61d4e92bf26ad98af552775-devsite.readyship.co"
64.252.74.218 - - [19/Mar/2026:18:24:46 +0000] "GET /?feed=rss2&p=16861 HTTP/1.1" 200 520 "-" "Amazon CloudFront"
64.252.76.215 - - [19/Mar/2026:18:25:11 +0000] "GET /?cat=1&paged=3942 HTTP/1.1" 200 11420 "-" "Amazon CloudFront"
64.252.74.61 - - [19/Mar/2026:18:25:11 +0000] "GET /?cat=1&paged=3941 HTTP/1.1" 200 11357 "-" "Amazon CloudFront"
64.252.74.218 - - [19/Mar/2026:18:25:37 +0000] "GET /?feed=rss2&p=16879 HTTP/1.1" 200 545 "-" "Amazon CloudFront"
15.158.215.109 - - [19/Mar/2026:18:25:37 +0000] "POST /wp-cron.php?doing_wp_cron=1773944737.8061869144439697265625 HTTP/1.1" 200 - "https://69b4844ae61d4e92bf26ad98af552775-devsite.readyship.co/wp-cron.php?doing_wp_cron=1773944737.8061869144439697265625" "WordPress/5.1.19; https://69b4844ae61d4e92bf26ad98af552775-devsite.readyship.co"
64.252.74.218 - - [19/Mar/2026:18:25:37 +0000] "GET /?feed=rss2&p=16869 HTTP/1.1" 200 512 "-" "Amazon CloudFront"
64.252.74.61 - - [19/Mar/2026:18:25:48 +0000] "GET /?feed=rss2&p=16887 HTTP/1.1" 200 549 "-" "Amazon CloudFront"
64.252.76.215 - - [19/Mar/2026:18:25:48 +0000] "GET /?feed=rss2&p=16863 HTTP/1.1" 200 505 "-" "Amazon CloudFront"
15.158.215.109 - - [19/Mar/2026:18:26:51 +0000] "POST /wp-cron.php?doing_wp_cron=1773944811.2808120250701904296875 HTTP/1.1" 200 - "https://69b4844ae61d4e92bf26ad98af552775-devsite.readyship.co/wp-cron.php?doing_wp_cron=1773944811.2808120250701904296875" "WordPress/5.1.19; https://69b4844ae61d4e92bf26ad98af552775-devsite.readyship.co"
64.252.76.215 - - [19/Mar/2026:18:26:50 +0000] "GET /?page_id=2807&paged=4279 HTTP/1.1" 200 11259 "-" "Amazon CloudFront"
64.252.76.215 - - [19/Mar/2026:18:26:50 +0000] "GET /?page_id=2807&paged=4278 HTTP/1.1" 200 11243 "-" "Amazon CloudFront"
15.158.215.109 - - [19/Mar/2026:18:27:32 +0000] "POST /wp-cron.php?doing_wp_cron=1773944852.2640209197998046875000 HTTP/1.1" 200 - "https://69b4844ae61d4e92bf26ad98af552775-devsite.readyship.co/wp-cron.php?doing_wp_cron=1773944852.2640209197998046875000" "WordPress/5.1.19; https://69b4844ae61d4e92bf26ad98af552775-devsite.readyship.co"
64.252.76.215 - - [19/Mar/2026:18:27:33 +0000] "GET /?p=16905 HTTP/1.1" 200 14652 "-" "Amazon CloudFront"
64.252.74.61 - - [19/Mar/2026:18:27:32 +0000] "GET /?p=16913 HTTP/1.1" 200 14371 "-" "Amazon CloudFront"
64.252.76.215 - - [19/Mar/2026:18:27:31 +0000] "GET /?p=16925 HTTP/1.1" 200 14622 "-" "Amazon CloudFront"
64.252.74.61 - - [19/Mar/2026:18:27:46 +0000] "GET /?feed=rss2&p=16867 HTTP/1.1" 200 557 "-" "Amazon CloudFront"
64.252.74.61 - - [19/Mar/2026:18:27:47 +0000] "GET /?feed=rss2&p=16853 HTTP/1.1" 200 535 "-" "Amazon CloudFront"
15.158.215.109 - - [19/Mar/2026:18:30:28 +0000] "POST /wp-cron.php?doing_wp_cron=1773945028.2906150817871093750000 HTTP/1.1" 200 - "https://69b4844ae61d4e92bf26ad98af552775-devsite.readyship.co/wp-cron.php?doing_wp_cron=1773945028.2906150817871093750000" "WordPress/5.1.19; https://69b4844ae61d4e92bf26ad98af552775-devsite.readyship.co"
64.252.74.61 - - [19/Mar/2026:18:30:27 +0000] "GET /?feed=rss2&p=16859 HTTP/1.1" 200 550 "-" "Amazon CloudFront"
15.158.215.109 - - [19/Mar/2026:18:34:14 +0000] "POST /wp-cron.php?doing_wp_cron=1773945254.8739659786224365234375 HTTP/1.1" 200 - "https://69b4844ae61d4e92bf26ad98af552775-devsite.readyship.co/wp-cron.php?doing_wp_cron=1773945254.8739659786224365234375" "WordPress/5.1.19; https://69b4844ae61d4e92bf26ad98af552775-devsite.readyship.co"
64.252.66.156 - - [19/Mar/2026:18:34:14 +0000] "GET /?healthcheck_timestamp=1773945047699 HTTP/1.1" 200 178919 "-" "Amazon CloudFront"
15.158.215.109 - - [19/Mar/2026:18:37:13 +0000] "POST /wp-cron.php?doing_wp_cron=1773945433.5924069881439208984375 HTTP/1.1" 200 - "https://69b4844ae61d4e92bf26ad98af552775-devsite.readyship.co/wp-cron.php?doing_wp_cron=1773945433.5924069881439208984375" "WordPress/5.1.19; https://69b4844ae61d4e92bf26ad98af552775-devsite.readyship.co"
64.252.74.218 - - [19/Mar/2026:18:37:13 +0000] "GET /?feed=rss2&p=26036 HTTP/1.1" 200 532 "-" "Amazon CloudFront"
15.158.215.109 - - [19/Mar/2026:18:39:13 +0000] "POST /wp-cron.php?doing_wp_cron=1773945553.9219779968261718750000 HTTP/1.1" 200 - "https://69b4844ae61d4e92bf26ad98af552775-devsite.readyship.co/wp-cron.php?doing_wp_cron=1773945553.9219779968261718750000" "WordPress/5.1.19; https://69b4844ae61d4e92bf26ad98af552775-devsite.readyship.co"
64.252.74.218 - - [19/Mar/2026:18:39:13 +0000] "GET /?p=26038 HTTP/1.1" 200 22479 "-" "Amazon CloudFront"
15.158.215.109 - - [19/Mar/2026:18:41:18 +0000] "POST /wp-cron.php?doing_wp_cron=1773945678.4797849655151367187500 HTTP/1.1" 200 - "https://69b4844ae61d4e92bf26ad98af552775-devsite.readyship.co/wp-cron.php?doing_wp_cron=1773945678.4797849655151367187500" "WordPress/5.1.19; https://69b4844ae61d4e92bf26ad98af552775-devsite.readyship.co"
64.252.74.218 - - [19/Mar/2026:18:41:18 +0000] "GET /?feed=rss2&p=80009 HTTP/1.1" 200 527 "-" "Amazon CloudFront"
15.158.215.109 - - [19/Mar/2026:18:44:14 +0000] "POST /wp-cron.php?doing_wp_cron=1773945854.8940598964691162109375 HTTP/1.1" 200 - "https://69b4844ae61d4e92bf26ad98af552775-devsite.readyship.co/wp-cron.php?doing_wp_cron=1773945854.8940598964691162109375" "WordPress/5.1.19; https://69b4844ae61d4e92bf26ad98af552775-devsite.readyship.co"
64.252.74.218 - - [19/Mar/2026:18:44:14 +0000] "GET /?p=80011 HTTP/1.1" 200 21773 "-" "Amazon CloudFront"
15.158.215.109 - - [19/Mar/2026:18:58:43 +0000] "POST /wp-cron.php?doing_wp_cron=1773946723.6830570697784423828125 HTTP/1.1" 200 - "https://69b4844ae61d4e92bf26ad98af552775-devsite.readyship.co/wp-cron.php?doing_wp_cron=1773946723.6830570697784423828125" "WordPress/5.1.19; https://69b4844ae61d4e92bf26ad98af552775-devsite.readyship.co"
64.252.74.61 - - [19/Mar/2026:18:58:36 +0000] "GET /?p=26791 HTTP/1.1" 200 17731 "-" "Amazon CloudFront"
15.158.215.109 - - [19/Mar/2026:18:59:44 +0000] "POST /wp-cron.php?doing_wp_cron=1773946784.1548390388488769531250 HTTP/1.1" 200 - "https://69b4844ae61d4e92bf26ad98af552775-devsite.readyship.co/wp-cron.php?doing_wp_cron=1773946784.1548390388488769531250" "WordPress/5.1.19; https://69b4844ae61d4e92bf26ad98af552775-devsite.readyship.co"
64.252.74.218 - - [19/Mar/2026:18:59:43 +0000] "GET /?feed=rss2&p=26793 HTTP/1.1" 200 591 "-" "Amazon CloudFront"
64.252.76.215 - - [19/Mar/2026:19:00:06 +0000] "GET /?p=38732 HTTP/1.1" 200 17480 "-" "Amazon CloudFront"
15.158.215.109 - - [19/Mar/2026:19:02:53 +0000] "POST /wp-cron.php?doing_wp_cron=1773946973.0238950252532958984375 HTTP/1.1" 200 - "https://69b4844ae61d4e92bf26ad98af552775-devsite.readyship.co/wp-cron.php?doing_wp_cron=1773946973.0238950252532958984375" "WordPress/5.1.19; https://69b4844ae61d4e92bf26ad98af552775-devsite.readyship.co"
64.252.74.61 - - [19/Mar/2026:19:02:52 +0000] "GET /?feed=rss2&p=38730 HTTP/1.1" 200 530 "-" "Amazon CloudFront"
15.158.215.109 - - [19/Mar/2026:19:14:18 +0000] "POST /wp-cron.php?doing_wp_cron=1773947658.5845999717712402343750 HTTP/1.1" 200 - "https://69b4844ae61d4e92bf26ad98af552775-devsite.readyship.co/wp-cron.php?doing_wp_cron=1773947658.5845999717712402343750" "WordPress/5.1.19; https://69b4844ae61d4e92bf26ad98af552775-devsite.readyship.co"
18.68.8.18 - - [19/Mar/2026:19:14:11 +0000] "POST /xmlrpc.php HTTP/1.1" 200 403 "-" "Mozilla/5.0 (Windows NT 10.0; Win64; x64) AppleWebKit/537.36 (KHTML, like Gecko) Chrome/114.0.0.0 Safari/537.36"
18.68.8.18 - - [19/Mar/2026:19:14:21 +0000] "POST /xmlrpc.php HTTP/1.1" 200 403 "-" "Mozilla/5.0 (Windows NT 10.0; Win64; x64) AppleWebKit/537.36 (KHTML, like Gecko) Chrome/114.0.0.0 Safari/537.36"
15.158.215.109 - - [19/Mar/2026:19:14:45 +0000] "POST /wp-cron.php?doing_wp_cron=1773947685.3450989723205566406250 HTTP/1.1" 200 - "https://69b4844ae61d4e92bf26ad98af552775-devsite.readyship.co/wp-cron.php?doing_wp_cron=1773947685.3450989723205566406250" "WordPress/5.1.19; https://69b4844ae61d4e92bf26ad98af552775-devsite.readyship.co"
64.252.66.156 - - [19/Mar/2026:19:14:45 +0000] "GET /?p=10645 HTTP/1.1" 200 14238 "-" "Amazon CloudFront"
18.68.23.9 - - [19/Mar/2026:19:25:16 +0000] "GET /wp-login.php HTTP/1.1" 200 1185 "https://69b4844ae61d4e92bf26ad98af552775-devsite.readyship.co/" "Mozilla/5.0 (Windows NT 10.0; Win64; x64) AppleWebKit/537.36 (KHTML, like Gecko) Chrome/142.0.0.0 Safari/537.36"
15.158.215.109 - - [19/Mar/2026:19:25:22 +0000] "POST /wp-cron.php?doing_wp_cron=1773948322.7631120681762695312500 HTTP/1.1" 200 - "https://69b4844ae61d4e92bf26ad98af552775-devsite.readyship.co/wp-cron.php?doing_wp_cron=1773948322.7631120681762695312500" "WordPress/5.1.19; https://69b4844ae61d4e92bf26ad98af552775-devsite.readyship.co"
18.68.23.9 - - [19/Mar/2026:19:25:28 +0000] "POST /wp-login.php HTTP/1.1" 200 1575 "https://69b4844ae61d4e92bf26ad98af552775-devsite.readyship.co/wp-login.php" "Mozilla/5.0 (Windows NT 10.0; Win64; x64) AppleWebKit/537.36 (KHTML, like Gecko) Chrome/142.0.0.0 Safari/537.36"
18.68.23.9 - - [19/Mar/2026:19:25:31 +0000] "POST /xmlrpc.php HTTP/1.1" 200 231 "https://69b4844ae61d4e92bf26ad98af552775-devsite.readyship.co/" "Mozilla/5.0 (Windows NT 10.0; Win64; x64) AppleWebKit/537.36 (KHTML, like Gecko) Chrome/122.0.0.0 Safari/537.36"
15.158.215.109 - - [19/Mar/2026:19:34:15 +0000] "POST /wp-cron.php?doing_wp_cron=1773948855.4966709613800048828125 HTTP/1.1" 200 - "https://69b4844ae61d4e92bf26ad98af552775-devsite.readyship.co/wp-cron.php?doing_wp_cron=1773948855.4966709613800048828125" "WordPress/5.1.19; https://69b4844ae61d4e92bf26ad98af552775-devsite.readyship.co"
64.252.66.156 - - [19/Mar/2026:19:34:08 +0000] "GET /?healthcheck_timestamp=1773948647455 HTTP/1.1" 200 178918 "-" "Amazon CloudFront"
15.158.243.79 - - [19/Mar/2026:19:41:25 +0000] "GET /wp-login.php HTTP/1.1" 200 1185 "https://69b4844ae61d4e92bf26ad98af552775-devsite.readyship.co/" "Mozilla/5.0 (Windows NT 10.0; Win64; x64) AppleWebKit/537.36 (KHTML, like Gecko) Chrome/114.0.0.0 YaBrowser/22.7.0 Yowser/2.5 Safari/537.36"
15.158.215.109 - - [19/Mar/2026:19:41:32 +0000] "POST /wp-cron.php?doing_wp_cron=1773949292.7114689350128173828125 HTTP/1.1" 200 - "https://69b4844ae61d4e92bf26ad98af552775-devsite.readyship.co/wp-cron.php?doing_wp_cron=1773949292.7114689350128173828125" "WordPress/5.1.19; https://69b4844ae61d4e92bf26ad98af552775-devsite.readyship.co"
15.158.243.79 - - [19/Mar/2026:19:41:34 +0000] "GET /wp-login.php HTTP/1.1" 200 1185 "https://69b4844ae61d4e92bf26ad98af552775-devsite.readyship.co/wp-login.php" "Mozilla/5.0 (Windows NT 6.3; Win64; x64) AppleWebKit/537.36 (KHTML, like Gecko) Chrome/103.0.0.0 Safari/537.36"
