64.252.66.156 - - [20/Mar/2026:04:11:41 +0000] "GET /?p=8491 HTTP/1.1" 200 20812 "-" "Amazon CloudFront"
64.252.68.102 - - [20/Mar/2026:04:12:17 +0000] "GET /?p=13170 HTTP/1.1" 200 14522 "-" "Amazon CloudFront"
15.158.215.109 - - [20/Mar/2026:04:12:34 +0000] "POST /wp-cron.php?doing_wp_cron=1773979954.3630599975585937500000 HTTP/1.1" 200 - "https://69b4844ae61d4e92bf26ad98af552775-devsite.readyship.co/wp-cron.php?doing_wp_cron=1773979954.3630599975585937500000" "WordPress/5.1.19; https://69b4844ae61d4e92bf26ad98af552775-devsite.readyship.co"
64.252.66.156 - - [20/Mar/2026:04:12:34 +0000] "GET /?p=88626 HTTP/1.1" 200 23210 "-" "Amazon CloudFront"
64.252.68.102 - - [20/Mar/2026:04:12:37 +0000] "GET /?p=10357 HTTP/1.1" 200 14305 "-" "Amazon CloudFront"
64.252.68.102 - - [20/Mar/2026:04:12:59 +0000] "GET /?p=10901 HTTP/1.1" 200 17747 "-" "Amazon CloudFront"
64.252.68.102 - - [20/Mar/2026:04:13:02 +0000] "GET /?p=62905 HTTP/1.1" 200 14425 "-" "Amazon CloudFront"
64.252.68.102 - - [20/Mar/2026:04:13:17 +0000] "GET /?p=69546 HTTP/1.1" 200 14661 "-" "Amazon CloudFront"
64.252.66.156 - - [20/Mar/2026:04:13:19 +0000] "GET /?p=25416 HTTP/1.1" 200 17879 "-" "Amazon CloudFront"
15.158.215.109 - - [20/Mar/2026:04:13:42 +0000] "POST /wp-cron.php?doing_wp_cron=1773980022.7903819084167480468750 HTTP/1.1" 200 - "https://69b4844ae61d4e92bf26ad98af552775-devsite.readyship.co/wp-cron.php?doing_wp_cron=1773980022.7903819084167480468750" "WordPress/5.1.19; https://69b4844ae61d4e92bf26ad98af552775-devsite.readyship.co"
64.252.68.102 - - [20/Mar/2026:04:13:42 +0000] "GET /?p=39487 HTTP/1.1" 200 20791 "-" "Amazon CloudFront"
64.252.68.139 - - [20/Mar/2026:04:13:50 +0000] "GET /?p=10821 HTTP/1.1" 200 14987 "-" "Amazon CloudFront"
15.158.215.109 - - [20/Mar/2026:04:14:25 +0000] "POST /wp-cron.php?doing_wp_cron=1773980065.7552950382232666015625 HTTP/1.1" 200 - "https://69b4844ae61d4e92bf26ad98af552775-devsite.readyship.co/wp-cron.php?doing_wp_cron=1773980065.7552950382232666015625" "WordPress/5.1.19; https://69b4844ae61d4e92bf26ad98af552775-devsite.readyship.co"
64.252.68.139 - - [20/Mar/2026:04:14:25 +0000] "GET /?p=25665 HTTP/1.1" 200 17024 "-" "Amazon CloudFront"
64.252.66.156 - - [20/Mar/2026:04:14:43 +0000] "GET /?p=13665 HTTP/1.1" 200 14531 "-" "Amazon CloudFront"
64.252.68.102 - - [20/Mar/2026:04:14:45 +0000] "GET /?p=61805 HTTP/1.1" 200 14111 "-" "Amazon CloudFront"
64.252.68.102 - - [20/Mar/2026:04:15:04 +0000] "GET /?p=81984 HTTP/1.1" 200 14244 "-" "Amazon CloudFront"
64.252.68.102 - - [20/Mar/2026:04:15:16 +0000] "GET /?p=79901 HTTP/1.1" 200 17062 "-" "Amazon CloudFront"
64.252.68.139 - - [20/Mar/2026:04:15:20 +0000] "GET /?p=6949 HTTP/1.1" 200 16083 "-" "Amazon CloudFront"
15.158.215.109 - - [20/Mar/2026:04:15:25 +0000] "POST /wp-cron.php?doing_wp_cron=1773980125.3853609561920166015625 HTTP/1.1" 200 - "https://69b4844ae61d4e92bf26ad98af552775-devsite.readyship.co/wp-cron.php?doing_wp_cron=1773980125.3853609561920166015625" "WordPress/5.1.19; https://69b4844ae61d4e92bf26ad98af552775-devsite.readyship.co"
64.252.68.139 - - [20/Mar/2026:04:15:25 +0000] "GET /?p=88218 HTTP/1.1" 200 22223 "-" "Amazon CloudFront"
64.252.68.203 - - [20/Mar/2026:04:15:35 +0000] "GET /?p=87501 HTTP/1.1" 200 16404 "-" "Amazon CloudFront"
64.252.68.139 - - [20/Mar/2026:04:15:51 +0000] "GET /?p=48575 HTTP/1.1" 200 21741 "-" "Amazon CloudFront"
64.252.68.203 - - [20/Mar/2026:04:15:53 +0000] "GET /?page_id=2807&paged=4270 HTTP/1.1" 200 11305 "-" "Amazon CloudFront"
64.252.68.102 - - [20/Mar/2026:04:16:04 +0000] "GET /?p=96319 HTTP/1.1" 200 16905 "-" "Amazon CloudFront"
64.252.68.203 - - [20/Mar/2026:04:16:06 +0000] "GET /?p=9982 HTTP/1.1" 200 15351 "-" "Amazon CloudFront"
64.252.66.156 - - [20/Mar/2026:04:16:18 +0000] "GET /?p=40988 HTTP/1.1" 200 17253 "-" "Amazon CloudFront"
15.158.215.109 - - [20/Mar/2026:04:17:06 +0000] "POST /wp-cron.php?doing_wp_cron=1773980226.2390770912170410156250 HTTP/1.1" 200 - "https://69b4844ae61d4e92bf26ad98af552775-devsite.readyship.co/wp-cron.php?doing_wp_cron=1773980226.2390770912170410156250" "WordPress/5.1.19; https://69b4844ae61d4e92bf26ad98af552775-devsite.readyship.co"
64.252.68.139 - - [20/Mar/2026:04:17:05 +0000] "GET /?p=91928 HTTP/1.1" 200 15206 "-" "Amazon CloudFront"
64.252.66.156 - - [20/Mar/2026:04:17:16 +0000] "GET /?p=40956 HTTP/1.1" 200 17509 "-" "Amazon CloudFront"
15.158.215.109 - - [20/Mar/2026:04:17:25 +0000] "POST /wp-cron.php?doing_wp_cron=1773980245.5926029682159423828125 HTTP/1.1" 200 - "https://69b4844ae61d4e92bf26ad98af552775-devsite.readyship.co/wp-cron.php?doing_wp_cron=1773980245.5926029682159423828125" "WordPress/5.1.19; https://69b4844ae61d4e92bf26ad98af552775-devsite.readyship.co"
64.252.66.156 - - [20/Mar/2026:04:17:25 +0000] "GET /?p=30050 HTTP/1.1" 200 23466 "-" "Amazon CloudFront"
64.252.68.203 - - [20/Mar/2026:04:17:42 +0000] "GET /?p=96251 HTTP/1.1" 200 17843 "-" "Amazon CloudFront"
64.252.68.102 - - [20/Mar/2026:04:17:45 +0000] "GET /?cat=159 HTTP/1.1" 200 9569 "-" "Amazon CloudFront"
64.252.68.139 - - [20/Mar/2026:04:18:09 +0000] "GET /?p=8433 HTTP/1.1" 200 22168 "-" "Amazon CloudFront"
15.158.215.109 - - [20/Mar/2026:04:18:24 +0000] "POST /wp-cron.php?doing_wp_cron=1773980304.9515049457550048828125 HTTP/1.1" 200 - "https://69b4844ae61d4e92bf26ad98af552775-devsite.readyship.co/wp-cron.php?doing_wp_cron=1773980304.9515049457550048828125" "WordPress/5.1.19; https://69b4844ae61d4e92bf26ad98af552775-devsite.readyship.co"
64.252.68.102 - - [20/Mar/2026:04:18:24 +0000] "GET /?p=12955 HTTP/1.1" 200 14936 "-" "Amazon CloudFront"
64.252.68.139 - - [20/Mar/2026:04:18:28 +0000] "GET /?p=69544 HTTP/1.1" 200 15149 "-" "Amazon CloudFront"
64.252.68.139 - - [20/Mar/2026:04:18:58 +0000] "GET /?p=92236 HTTP/1.1" 200 21920 "-" "Amazon CloudFront"
64.252.68.139 - - [20/Mar/2026:04:19:05 +0000] "GET /?p=42556 HTTP/1.1" 200 24179 "-" "Amazon CloudFront"
64.252.68.139 - - [20/Mar/2026:04:19:09 +0000] "GET /?p=90819 HTTP/1.1" 200 14866 "-" "Amazon CloudFront"
64.252.66.156 - - [20/Mar/2026:04:19:20 +0000] "GET /?p=74361 HTTP/1.1" 200 14589 "-" "Amazon CloudFront"
15.158.215.109 - - [20/Mar/2026:04:19:37 +0000] "POST /wp-cron.php?doing_wp_cron=1773980377.1190559864044189453125 HTTP/1.1" 200 - "https://69b4844ae61d4e92bf26ad98af552775-devsite.readyship.co/wp-cron.php?doing_wp_cron=1773980377.1190559864044189453125" "WordPress/5.1.19; https://69b4844ae61d4e92bf26ad98af552775-devsite.readyship.co"
64.252.68.139 - - [20/Mar/2026:04:19:36 +0000] "GET /?page_id=2807&paged=4291 HTTP/1.1" 200 11329 "-" "Amazon CloudFront"
64.252.68.102 - - [20/Mar/2026:04:19:40 +0000] "GET /?p=29162 HTTP/1.1" 200 15316 "-" "Amazon CloudFront"
64.252.66.156 - - [20/Mar/2026:04:19:47 +0000] "GET /?p=13557 HTTP/1.1" 200 14416 "-" "Amazon CloudFront"
64.252.68.139 - - [20/Mar/2026:04:20:18 +0000] "GET /?p=42540 HTTP/1.1" 200 15115 "-" "Amazon CloudFront"
15.158.215.109 - - [20/Mar/2026:04:20:24 +0000] "POST /wp-cron.php?doing_wp_cron=1773980424.7661859989166259765625 HTTP/1.1" 200 - "https://69b4844ae61d4e92bf26ad98af552775-devsite.readyship.co/wp-cron.php?doing_wp_cron=1773980424.7661859989166259765625" "WordPress/5.1.19; https://69b4844ae61d4e92bf26ad98af552775-devsite.readyship.co"
64.252.68.139 - - [20/Mar/2026:04:20:24 +0000] "GET /?p=90801 HTTP/1.1" 200 15171 "-" "Amazon CloudFront"
64.252.66.156 - - [20/Mar/2026:04:21:18 +0000] "GET /?p=81772 HTTP/1.1" 200 14971 "-" "Amazon CloudFront"
15.158.215.109 - - [20/Mar/2026:04:21:34 +0000] "POST /wp-cron.php?doing_wp_cron=1773980494.4213728904724121093750 HTTP/1.1" 200 - "https://69b4844ae61d4e92bf26ad98af552775-devsite.readyship.co/wp-cron.php?doing_wp_cron=1773980494.4213728904724121093750" "WordPress/5.1.19; https://69b4844ae61d4e92bf26ad98af552775-devsite.readyship.co"
64.252.68.203 - - [20/Mar/2026:04:21:34 +0000] "GET /?p=96451 HTTP/1.1" 200 14737 "-" "Amazon CloudFront"
64.252.68.203 - - [20/Mar/2026:04:21:54 +0000] "GET /?p=13067 HTTP/1.1" 200 14844 "-" "Amazon CloudFront"
64.252.68.203 - - [20/Mar/2026:04:22:12 +0000] "GET /?p=37676 HTTP/1.1" 200 15889 "-" "Amazon CloudFront"
15.158.215.109 - - [20/Mar/2026:04:22:55 +0000] "POST /wp-cron.php?doing_wp_cron=1773980575.8706910610198974609375 HTTP/1.1" 200 - "https://69b4844ae61d4e92bf26ad98af552775-devsite.readyship.co/wp-cron.php?doing_wp_cron=1773980575.8706910610198974609375" "WordPress/5.1.19; https://69b4844ae61d4e92bf26ad98af552775-devsite.readyship.co"
64.252.66.156 - - [20/Mar/2026:04:22:55 +0000] "GET /?p=13771 HTTP/1.1" 200 14415 "-" "Amazon CloudFront"
15.158.215.109 - - [20/Mar/2026:04:23:23 +0000] "POST /wp-cron.php?doing_wp_cron=1773980603.2597060203552246093750 HTTP/1.1" 200 - "https://69b4844ae61d4e92bf26ad98af552775-devsite.readyship.co/wp-cron.php?doing_wp_cron=1773980603.2597060203552246093750" "WordPress/5.1.19; https://69b4844ae61d4e92bf26ad98af552775-devsite.readyship.co"
64.252.68.139 - - [20/Mar/2026:04:23:22 +0000] "GET /?p=6718 HTTP/1.1" 200 34711 "-" "Amazon CloudFront"
64.252.68.139 - - [20/Mar/2026:04:23:56 +0000] "GET /?p=29442 HTTP/1.1" 200 13999 "-" "Amazon CloudFront"
64.252.68.102 - - [20/Mar/2026:04:24:08 +0000] "GET /?p=8974 HTTP/1.1" 200 15821 "-" "Amazon CloudFront"
64.252.66.156 - - [20/Mar/2026:04:24:21 +0000] "GET /?p=43102 HTTP/1.1" 200 14376 "-" "Amazon CloudFront"
15.158.215.109 - - [20/Mar/2026:04:24:32 +0000] "POST /wp-cron.php?doing_wp_cron=1773980672.3228099346160888671875 HTTP/1.1" 200 - "https://69b4844ae61d4e92bf26ad98af552775-devsite.readyship.co/wp-cron.php?doing_wp_cron=1773980672.3228099346160888671875" "WordPress/5.1.19; https://69b4844ae61d4e92bf26ad98af552775-devsite.readyship.co"
64.252.68.102 - - [20/Mar/2026:04:24:31 +0000] "GET /?p=81052 HTTP/1.1" 200 16450 "-" "Amazon CloudFront"
64.252.68.203 - - [20/Mar/2026:04:24:38 +0000] "GET /?p=10611 HTTP/1.1" 200 14442 "-" "Amazon CloudFront"
64.252.66.156 - - [20/Mar/2026:04:24:40 +0000] "GET /?p=93593 HTTP/1.1" 200 17143 "-" "Amazon CloudFront"
64.252.68.139 - - [20/Mar/2026:04:24:57 +0000] "GET /?p=7409 HTTP/1.1" 200 15498 "-" "Amazon CloudFront"
64.252.68.102 - - [20/Mar/2026:04:25:18 +0000] "GET /?p=29106 HTTP/1.1" 200 14316 "-" "Amazon CloudFront"
15.158.215.109 - - [20/Mar/2026:04:25:40 +0000] "POST /wp-cron.php?doing_wp_cron=1773980740.5788850784301757812500 HTTP/1.1" 200 - "https://69b4844ae61d4e92bf26ad98af552775-devsite.readyship.co/wp-cron.php?doing_wp_cron=1773980740.5788850784301757812500" "WordPress/5.1.19; https://69b4844ae61d4e92bf26ad98af552775-devsite.readyship.co"
64.252.68.102 - - [20/Mar/2026:04:25:40 +0000] "GET /?p=94027 HTTP/1.1" 200 25129 "-" "Amazon CloudFront"
64.252.68.139 - - [20/Mar/2026:04:25:57 +0000] "GET /?p=12683 HTTP/1.1" 200 15264 "-" "Amazon CloudFront"
15.158.215.109 - - [20/Mar/2026:04:26:37 +0000] "POST /wp-cron.php?doing_wp_cron=1773980797.0496609210968017578125 HTTP/1.1" 200 - "https://69b4844ae61d4e92bf26ad98af552775-devsite.readyship.co/wp-cron.php?doing_wp_cron=1773980797.0496609210968017578125" "WordPress/5.1.19; https://69b4844ae61d4e92bf26ad98af552775-devsite.readyship.co"
64.252.66.156 - - [20/Mar/2026:04:26:36 +0000] "GET /?p=8350 HTTP/1.1" 200 15776 "-" "Amazon CloudFront"
64.252.68.102 - - [20/Mar/2026:04:26:57 +0000] "GET /?p=81180 HTTP/1.1" 200 14864 "-" "Amazon CloudFront"
64.252.68.102 - - [20/Mar/2026:04:27:01 +0000] "GET /?p=10981 HTTP/1.1" 200 16557 "-" "Amazon CloudFront"
64.252.68.102 - - [20/Mar/2026:04:27:14 +0000] "GET /?p=82592 HTTP/1.1" 200 17320 "-" "Amazon CloudFront"
15.158.215.109 - - [20/Mar/2026:04:27:38 +0000] "POST /wp-cron.php?doing_wp_cron=1773980858.6841011047363281250000 HTTP/1.1" 200 - "https://69b4844ae61d4e92bf26ad98af552775-devsite.readyship.co/wp-cron.php?doing_wp_cron=1773980858.6841011047363281250000" "WordPress/5.1.19; https://69b4844ae61d4e92bf26ad98af552775-devsite.readyship.co"
64.252.66.156 - - [20/Mar/2026:04:27:38 +0000] "GET /?p=81764 HTTP/1.1" 200 14697 "-" "Amazon CloudFront"
64.252.66.156 - - [20/Mar/2026:04:27:42 +0000] "GET /?p=7623 HTTP/1.1" 200 14354 "-" "Amazon CloudFront"
64.252.76.215 - - [20/Mar/2026:04:27:57 +0000] "GET /?p=90820 HTTP/1.1" 200 17829 "-" "Amazon CloudFront"
64.252.74.61 - - [20/Mar/2026:04:27:57 +0000] "GET /?p=90819 HTTP/1.1" 200 14865 "-" "Amazon CloudFront"
64.252.66.156 - - [20/Mar/2026:04:28:14 +0000] "GET /?p=93633 HTTP/1.1" 200 24095 "-" "Amazon CloudFront"
64.252.74.218 - - [20/Mar/2026:04:28:15 +0000] "GET /?p=90825 HTTP/1.1" 200 17622 "-" "Amazon CloudFront"
64.252.76.215 - - [20/Mar/2026:04:28:15 +0000] "GET /?p=90829 HTTP/1.1" 200 21163 "-" "Amazon CloudFront"
64.252.68.139 - - [20/Mar/2026:04:28:19 +0000] "GET /?p=55400 HTTP/1.1" 200 14466 "-" "Amazon CloudFront"
15.158.215.109 - - [20/Mar/2026:04:28:26 +0000] "POST /wp-cron.php?doing_wp_cron=1773980906.4468479156494140625000 HTTP/1.1" 200 - "https://69b4844ae61d4e92bf26ad98af552775-devsite.readyship.co/wp-cron.php?doing_wp_cron=1773980906.4468479156494140625000" "WordPress/5.1.19; https://69b4844ae61d4e92bf26ad98af552775-devsite.readyship.co"
64.252.68.139 - - [20/Mar/2026:04:28:26 +0000] "GET /?p=56328 HTTP/1.1" 200 21838 "-" "Amazon CloudFront"
64.252.68.203 - - [20/Mar/2026:04:28:43 +0000] "GET /?p=96599 HTTP/1.1" 200 14885 "-" "Amazon CloudFront"
64.252.68.102 - - [20/Mar/2026:04:28:49 +0000] "GET /?p=41230 HTTP/1.1" 200 23494 "-" "Amazon CloudFront"
18.68.19.181 - - [20/Mar/2026:04:29:01 +0000] "POST /wp-login.php HTTP/1.1" 200 1575 "-" "Python/3.13 aiohttp/3.13.3"
64.252.68.102 - - [20/Mar/2026:04:29:04 +0000] "GET /?p=40286 HTTP/1.1" 200 17626 "-" "Amazon CloudFront"
18.68.19.181 - - [20/Mar/2026:04:29:07 +0000] "POST /xmlrpc.php HTTP/1.1" 200 403 "-" "Mozilla/5.0 (Windows NT 10.0; Win64; x64) AppleWebKit/537.36 (KHTML, like Gecko) Chrome/114.0.0.0 Safari/537.36"
18.68.19.181 - - [20/Mar/2026:04:29:08 +0000] "POST /xmlrpc.php HTTP/1.1" 200 403 "-" "Mozilla/5.0 (Windows NT 10.0; Win64; x64) AppleWebKit/537.36 (KHTML, like Gecko) Chrome/114.0.0.0 Safari/537.36"
64.252.68.139 - - [20/Mar/2026:04:29:19 +0000] "GET /?p=10141 HTTP/1.1" 200 16976 "-" "Amazon CloudFront"
15.158.215.109 - - [20/Mar/2026:04:29:25 +0000] "POST /wp-cron.php?doing_wp_cron=1773980965.6870400905609130859375 HTTP/1.1" 200 - "https://69b4844ae61d4e92bf26ad98af552775-devsite.readyship.co/wp-cron.php?doing_wp_cron=1773980965.6870400905609130859375" "WordPress/5.1.19; https://69b4844ae61d4e92bf26ad98af552775-devsite.readyship.co"
64.252.74.218 - - [20/Mar/2026:04:29:25 +0000] "GET /?p=90815 HTTP/1.1" 200 17343 "-" "Amazon CloudFront"
64.252.76.215 - - [20/Mar/2026:04:29:25 +0000] "GET /?p=90811 HTTP/1.1" 200 17529 "-" "Amazon CloudFront"
64.252.74.61 - - [20/Mar/2026:04:29:46 +0000] "GET /?feed=rss2&p=90845 HTTP/1.1" 200 497 "-" "Amazon CloudFront"
64.252.76.215 - - [20/Mar/2026:04:29:46 +0000] "GET /?feed=rss2&p=90835 HTTP/1.1" 200 511 "-" "Amazon CloudFront"
64.252.74.61 - - [20/Mar/2026:04:29:52 +0000] "GET /?feed=rss2&p=90873 HTTP/1.1" 200 506 "-" "Amazon CloudFront"
64.252.68.139 - - [20/Mar/2026:04:29:54 +0000] "GET /?p=13499 HTTP/1.1" 200 14634 "-" "Amazon CloudFront"
64.252.76.215 - - [20/Mar/2026:04:30:08 +0000] "GET /?feed=rss2&p=90865 HTTP/1.1" 200 527 "-" "Amazon CloudFront"
15.158.215.109 - - [20/Mar/2026:04:30:41 +0000] "POST /wp-cron.php?doing_wp_cron=1773981041.1637539863586425781250 HTTP/1.1" 200 - "https://69b4844ae61d4e92bf26ad98af552775-devsite.readyship.co/wp-cron.php?doing_wp_cron=1773981041.1637539863586425781250" "WordPress/5.1.19; https://69b4844ae61d4e92bf26ad98af552775-devsite.readyship.co"
64.252.68.203 - - [20/Mar/2026:04:30:40 +0000] "GET /?p=81250 HTTP/1.1" 200 16116 "-" "Amazon CloudFront"
64.252.66.156 - - [20/Mar/2026:04:30:54 +0000] "GET /?p=13409 HTTP/1.1" 200 15047 "-" "Amazon CloudFront"
64.252.76.215 - - [20/Mar/2026:04:31:11 +0000] "GET /?feed=rss2&p=90871 HTTP/1.1" 200 493 "-" "Amazon CloudFront"
64.252.74.218 - - [20/Mar/2026:04:31:11 +0000] "GET /?feed=rss2&p=90867 HTTP/1.1" 200 519 "-" "Amazon CloudFront"
64.252.74.61 - - [20/Mar/2026:04:31:22 +0000] "GET /?feed=rss2&p=90837 HTTP/1.1" 200 517 "-" "Amazon CloudFront"
64.252.74.61 - - [20/Mar/2026:04:31:22 +0000] "GET /?feed=rss2&p=90853 HTTP/1.1" 200 492 "-" "Amazon CloudFront"
15.158.215.109 - - [20/Mar/2026:04:31:22 +0000] "POST /wp-cron.php?doing_wp_cron=1773981082.7129909992218017578125 HTTP/1.1" 200 - "https://69b4844ae61d4e92bf26ad98af552775-devsite.readyship.co/wp-cron.php?doing_wp_cron=1773981082.7129909992218017578125" "WordPress/5.1.19; https://69b4844ae61d4e92bf26ad98af552775-devsite.readyship.co"
64.252.68.139 - - [20/Mar/2026:04:31:22 +0000] "GET /?p=9641 HTTP/1.1" 200 17634 "-" "Amazon CloudFront"
64.252.74.61 - - [20/Mar/2026:04:31:26 +0000] "GET /?feed=rss2&p=90839 HTTP/1.1" 200 506 "-" "Amazon CloudFront"
64.252.76.215 - - [20/Mar/2026:04:31:26 +0000] "GET /?feed=rss2&p=90859 HTTP/1.1" 200 498 "-" "Amazon CloudFront"
64.252.68.139 - - [20/Mar/2026:04:31:28 +0000] "GET /?p=7974 HTTP/1.1" 200 22172 "-" "Amazon CloudFront"
64.252.68.102 - - [20/Mar/2026:04:31:33 +0000] "GET /?p=8062 HTTP/1.1" 200 22304 "-" "Amazon CloudFront"
64.252.68.203 - - [20/Mar/2026:04:31:40 +0000] "GET /?p=11128 HTTP/1.1" 200 14516 "-" "Amazon CloudFront"
64.252.66.156 - - [20/Mar/2026:04:31:45 +0000] "GET /?p=7906 HTTP/1.1" 200 22842 "-" "Amazon CloudFront"
64.252.68.102 - - [20/Mar/2026:04:31:54 +0000] "GET /?p=7127 HTTP/1.1" 200 42443 "-" "Amazon CloudFront"
64.252.74.218 - - [20/Mar/2026:04:31:59 +0000] "GET /?feed=rss2&p=90861 HTTP/1.1" 200 514 "-" "Amazon CloudFront"
64.252.68.102 - - [20/Mar/2026:04:32:03 +0000] "GET /?p=28926 HTTP/1.1" 200 23813 "-" "Amazon CloudFront"
64.252.68.139 - - [20/Mar/2026:04:32:06 +0000] "GET /?p=25643 HTTP/1.1" 200 15428 "-" "Amazon CloudFront"
15.158.215.109 - - [20/Mar/2026:04:32:36 +0000] "POST /wp-cron.php?doing_wp_cron=1773981156.2146270275115966796875 HTTP/1.1" 200 - "https://69b4844ae61d4e92bf26ad98af552775-devsite.readyship.co/wp-cron.php?doing_wp_cron=1773981156.2146270275115966796875" "WordPress/5.1.19; https://69b4844ae61d4e92bf26ad98af552775-devsite.readyship.co"
64.252.74.218 - - [20/Mar/2026:04:32:35 +0000] "GET /?feed=rss2&p=90857 HTTP/1.1" 200 517 "-" "Amazon CloudFront"
64.252.66.156 - - [20/Mar/2026:04:32:46 +0000] "GET /?p=67412 HTTP/1.1" 200 14997 "-" "Amazon CloudFront"
64.252.74.218 - - [20/Mar/2026:04:32:57 +0000] "GET /?cat=1&paged=301 HTTP/1.1" 200 11133 "-" "Amazon CloudFront"
64.252.68.139 - - [20/Mar/2026:04:33:02 +0000] "GET /?p=57898 HTTP/1.1" 200 21463 "-" "Amazon CloudFront"
64.252.68.102 - - [20/Mar/2026:04:33:20 +0000] "GET /?p=37734 HTTP/1.1" 200 14616 "-" "Amazon CloudFront"
15.158.215.109 - - [20/Mar/2026:04:33:31 +0000] "POST /wp-cron.php?doing_wp_cron=1773981211.6136269569396972656250 HTTP/1.1" 200 - "https://69b4844ae61d4e92bf26ad98af552775-devsite.readyship.co/wp-cron.php?doing_wp_cron=1773981211.6136269569396972656250" "WordPress/5.1.19; https://69b4844ae61d4e92bf26ad98af552775-devsite.readyship.co"
64.252.74.61 - - [20/Mar/2026:04:33:31 +0000] "GET /?p=90823 HTTP/1.1" 200 18001 "-" "Amazon CloudFront"
64.252.74.61 - - [20/Mar/2026:04:33:31 +0000] "GET /?p=90813 HTTP/1.1" 200 18342 "-" "Amazon CloudFront"
64.252.68.102 - - [20/Mar/2026:04:33:42 +0000] "GET /?p=9781 HTTP/1.1" 200 16114 "-" "Amazon CloudFront"
3.172.10.105 - - [20/Mar/2026:04:33:46 +0000] "POST /?page_id=2806 HTTP/1.1" 200 8925 "-" "Amazon CloudFront"
3.172.10.105 - - [20/Mar/2026:04:33:48 +0000] "GET /xmlrpc.php HTTP/1.1" 405 60 "https://69b4844ae61d4e92bf26ad98af552775-devsite.readyship.co/" "Mozilla/5.0 (Windows NT 6.3; Win64; x64) AppleWebKit/537.36 (KHTML, like Gecko) Chrome/103.0.0.0 Safari/537.36"
3.172.10.105 - - [20/Mar/2026:04:33:48 +0000] "POST /xmlrpc.php HTTP/1.1" 200 206 "https://69b4844ae61d4e92bf26ad98af552775-devsite.readyship.co/xmlrpc.php" "Mozilla/5.0 (Windows NT 6.3; Win64; x64) AppleWebKit/537.36 (KHTML, like Gecko) Chrome/103.0.0.0 Safari/537.36"
3.172.10.105 - - [20/Mar/2026:04:33:49 +0000] "POST /xmlrpc.php HTTP/1.1" 200 206 "https://69b4844ae61d4e92bf26ad98af552775-devsite.readyship.co/xmlrpc.php" "Mozilla/5.0 (Windows NT 6.3; Win64; x64) AppleWebKit/537.36 (KHTML, like Gecko) Chrome/103.0.0.0 Safari/537.36"
64.252.89.111 - - [20/Mar/2026:04:33:50 +0000] "GET / HTTP/1.1" 200 24268 "-" "Amazon CloudFront"
64.252.66.156 - - [20/Mar/2026:04:33:53 +0000] "GET /?p=9123 HTTP/1.1" 200 16433 "-" "Amazon CloudFront"
64.252.89.111 - - [20/Mar/2026:04:33:54 +0000] "GET /?page_id=2806 HTTP/1.1" 200 9338 "-" "Amazon CloudFront"
3.172.10.105 - - [20/Mar/2026:04:33:55 +0000] "GET /wp-admin/edit-tags.php?taxonomy=category HTTP/1.1" 302 - "https://69b4844ae61d4e92bf26ad98af552775-devsite.readyship.co/?page_id=2806" "Mozilla/5.0 (Windows NT 6.3; Win64; x64) AppleWebKit/537.36 (KHTML, like Gecko) Chrome/103.0.0.0 Safari/537.36"
3.172.10.105 - - [20/Mar/2026:04:33:56 +0000] "GET /wp-login.php?redirect_to=https%3A%2F%2F69b4844ae61d4e92bf26ad98af552775-devsite.readyship.co%2Fwp-admin%2Fedit-tags.php%3Ftaxonomy%3Dcategory&reauth=1 HTTP/1.1" 200 1206 "https://69b4844ae61d4e92bf26ad98af552775-devsite.readyship.co/wp-admin/edit-tags.php?taxonomy=category" "Mozilla/5.0 (Windows NT 6.3; Win64; x64) AppleWebKit/537.36 (KHTML, like Gecko) Chrome/103.0.0.0 Safari/537.36"
64.252.68.139 - - [20/Mar/2026:04:34:06 +0000] "GET /?healthcheck_timestamp=1773981047138 HTTP/1.1" 200 178914 "-" "Amazon CloudFront"
64.252.74.61 - - [20/Mar/2026:04:34:13 +0000] "GET /?p=90827 HTTP/1.1" 200 18045 "-" "Amazon CloudFront"
64.252.74.61 - - [20/Mar/2026:04:34:13 +0000] "GET /?p=90817 HTTP/1.1" 200 17839 "-" "Amazon CloudFront"
15.158.215.109 - - [20/Mar/2026:04:34:23 +0000] "POST /wp-cron.php?doing_wp_cron=1773981263.2045431137084960937500 HTTP/1.1" 200 - "https://69b4844ae61d4e92bf26ad98af552775-devsite.readyship.co/wp-cron.php?doing_wp_cron=1773981263.2045431137084960937500" "WordPress/5.1.19; https://69b4844ae61d4e92bf26ad98af552775-devsite.readyship.co"
64.252.66.156 - - [20/Mar/2026:04:34:22 +0000] "GET /?p=10429 HTTP/1.1" 200 16641 "-" "Amazon CloudFront"
64.252.76.215 - - [20/Mar/2026:04:34:28 +0000] "GET /?feed=rss2&p=90869 HTTP/1.1" 200 492 "-" "Amazon CloudFront"
64.252.66.156 - - [20/Mar/2026:04:35:08 +0000] "GET /?p=7730 HTTP/1.1" 200 29728 "-" "Amazon CloudFront"
64.252.68.102 - - [20/Mar/2026:04:35:11 +0000] "GET /?p=12471 HTTP/1.1" 200 15101 "-" "Amazon CloudFront"
64.252.68.203 - - [20/Mar/2026:04:35:14 +0000] "GET /?p=13649 HTTP/1.1" 200 14523 "-" "Amazon CloudFront"
64.252.68.139 - - [20/Mar/2026:04:35:20 +0000] "GET /?author=1&paged=4510 HTTP/1.1" 200 11036 "-" "Amazon CloudFront"
15.158.215.109 - - [20/Mar/2026:04:36:09 +0000] "POST /wp-cron.php?doing_wp_cron=1773981369.7075860500335693359375 HTTP/1.1" 200 - "https://69b4844ae61d4e92bf26ad98af552775-devsite.readyship.co/wp-cron.php?doing_wp_cron=1773981369.7075860500335693359375" "WordPress/5.1.19; https://69b4844ae61d4e92bf26ad98af552775-devsite.readyship.co"
15.158.239.104 - - [20/Mar/2026:04:36:09 +0000] "GET /wp-login.php HTTP/1.1" 200 1185 "-" "Mozilla/5.0 (Macintosh; Intel Mac OS X 10_15_7) AppleWebKit/537.36 (KHTML, like Gecko) Chrome/120.0.0.0 Safari/537.36"
15.158.239.104 - - [20/Mar/2026:04:36:10 +0000] "POST /wp-login.php HTTP/1.1" 200 1575 "-" "Mozilla/5.0 (Macintosh; Intel Mac OS X 10_15_7) AppleWebKit/537.36 (KHTML, like Gecko) Chrome/120.0.0.0 Safari/537.36"
64.252.66.156 - - [20/Mar/2026:04:36:13 +0000] "GET /?p=69538 HTTP/1.1" 200 14613 "-" "Amazon CloudFront"
64.252.66.156 - - [20/Mar/2026:04:36:16 +0000] "GET /?p=89496 HTTP/1.1" 200 16056 "-" "Amazon CloudFront"
64.252.68.139 - - [20/Mar/2026:04:36:21 +0000] "GET /?p=12277 HTTP/1.1" 200 15013 "-" "Amazon CloudFront"
15.158.215.109 - - [20/Mar/2026:04:36:27 +0000] "POST /wp-cron.php?doing_wp_cron=1773981387.3405001163482666015625 HTTP/1.1" 200 - "https://69b4844ae61d4e92bf26ad98af552775-devsite.readyship.co/wp-cron.php?doing_wp_cron=1773981387.3405001163482666015625" "WordPress/5.1.19; https://69b4844ae61d4e92bf26ad98af552775-devsite.readyship.co"
64.252.68.203 - - [20/Mar/2026:04:36:27 +0000] "GET /?p=8952 HTTP/1.1" 200 14806 "-" "Amazon CloudFront"
64.252.68.139 - - [20/Mar/2026:04:36:32 +0000] "GET /?p=45878 HTTP/1.1" 200 15862 "-" "Amazon CloudFront"
64.252.68.203 - - [20/Mar/2026:04:36:39 +0000] "GET /?p=8289 HTTP/1.1" 200 151564 "-" "Amazon CloudFront"
64.252.66.156 - - [20/Mar/2026:04:36:48 +0000] "GET /?p=83122 HTTP/1.1" 200 25015 "-" "Amazon CloudFront"
18.68.4.75 - - [20/Mar/2026:04:36:51 +0000] "POST /wp-login.php HTTP/1.1" 200 1575 "-" "Python/3.13 aiohttp/3.13.3"
64.252.68.203 - - [20/Mar/2026:04:36:51 +0000] "GET /?p=43468 HTTP/1.1" 200 17241 "-" "Amazon CloudFront"
64.252.68.139 - - [20/Mar/2026:04:36:56 +0000] "GET /?p=96717 HTTP/1.1" 200 14780 "-" "Amazon CloudFront"
64.252.66.156 - - [20/Mar/2026:04:37:00 +0000] "GET /?p=13885 HTTP/1.1" 200 15325 "-" "Amazon CloudFront"
15.158.215.109 - - [20/Mar/2026:04:37:23 +0000] "POST /wp-cron.php?doing_wp_cron=1773981443.0118699073791503906250 HTTP/1.1" 200 - "https://69b4844ae61d4e92bf26ad98af552775-devsite.readyship.co/wp-cron.php?doing_wp_cron=1773981443.0118699073791503906250" "WordPress/5.1.19; https://69b4844ae61d4e92bf26ad98af552775-devsite.readyship.co"
64.252.68.139 - - [20/Mar/2026:04:37:22 +0000] "GET /?p=96233 HTTP/1.1" 200 16466 "-" "Amazon CloudFront"
64.252.68.139 - - [20/Mar/2026:04:37:30 +0000] "GET /?p=6937 HTTP/1.1" 200 22166 "-" "Amazon CloudFront"
64.252.66.156 - - [20/Mar/2026:04:37:47 +0000] "GET /?p=43926 HTTP/1.1" 200 20949 "-" "Amazon CloudFront"
3.172.43.75 - - [20/Mar/2026:04:38:17 +0000] "GET /wp-login.php HTTP/1.1" 200 1185 "-" "Mozilla/5.0 (Macintosh; Intel Mac OS X 10_15_7) AppleWebKit/537.36 (KHTML, like Gecko) Chrome/120.0.0.0 Safari/537.36"
3.172.43.75 - - [20/Mar/2026:04:38:18 +0000] "POST /wp-login.php HTTP/1.1" 200 1575 "-" "Mozilla/5.0 (Macintosh; Intel Mac OS X 10_15_7) AppleWebKit/537.36 (KHTML, like Gecko) Chrome/120.0.0.0 Safari/537.36"
15.158.215.109 - - [20/Mar/2026:04:38:28 +0000] "POST /wp-cron.php?doing_wp_cron=1773981507.9997420310974121093750 HTTP/1.1" 200 - "https://69b4844ae61d4e92bf26ad98af552775-devsite.readyship.co/wp-cron.php?doing_wp_cron=1773981507.9997420310974121093750" "WordPress/5.1.19; https://69b4844ae61d4e92bf26ad98af552775-devsite.readyship.co"
18.68.8.18 - - [20/Mar/2026:04:38:27 +0000] "POST /xmlrpc.php HTTP/1.1" 200 403 "-" "Mozilla/5.0 (Windows NT 10.0; Win64; x64) AppleWebKit/537.36 (KHTML, like Gecko) Chrome/114.0.0.0 Safari/537.36"
18.68.8.18 - - [20/Mar/2026:04:38:30 +0000] "POST /xmlrpc.php HTTP/1.1" 200 403 "-" "Mozilla/5.0 (Windows NT 10.0; Win64; x64) AppleWebKit/537.36 (KHTML, like Gecko) Chrome/114.0.0.0 Safari/537.36"
64.252.68.203 - - [20/Mar/2026:04:39:02 +0000] "GET /?p=96255 HTTP/1.1" 200 17154 "-" "Amazon CloudFront"
15.158.215.109 - - [20/Mar/2026:04:39:23 +0000] "POST /wp-cron.php?doing_wp_cron=1773981563.7770209312438964843750 HTTP/1.1" 200 - "https://69b4844ae61d4e92bf26ad98af552775-devsite.readyship.co/wp-cron.php?doing_wp_cron=1773981563.7770209312438964843750" "WordPress/5.1.19; https://69b4844ae61d4e92bf26ad98af552775-devsite.readyship.co"
64.252.68.102 - - [20/Mar/2026:04:39:23 +0000] "GET /?p=6429 HTTP/1.1" 200 22676 "-" "Amazon CloudFront"
64.252.68.139 - - [20/Mar/2026:04:39:27 +0000] "GET /?p=6493 HTTP/1.1" 200 22072 "-" "Amazon CloudFront"
64.252.68.139 - - [20/Mar/2026:04:39:50 +0000] "GET /?p=13477 HTTP/1.1" 200 14494 "-" "Amazon CloudFront"
15.158.215.109 - - [20/Mar/2026:04:40:23 +0000] "POST /wp-cron.php?doing_wp_cron=1773981623.6418230533599853515625 HTTP/1.1" 200 - "https://69b4844ae61d4e92bf26ad98af552775-devsite.readyship.co/wp-cron.php?doing_wp_cron=1773981623.6418230533599853515625" "WordPress/5.1.19; https://69b4844ae61d4e92bf26ad98af552775-devsite.readyship.co"
64.252.68.102 - - [20/Mar/2026:04:40:23 +0000] "GET /?p=82640 HTTP/1.1" 200 16613 "-" "Amazon CloudFront"
64.252.68.203 - - [20/Mar/2026:04:40:30 +0000] "GET /?p=87125 HTTP/1.1" 200 23234 "-" "Amazon CloudFront"
64.252.66.156 - - [20/Mar/2026:04:40:39 +0000] "GET /?p=80788 HTTP/1.1" 200 17058 "-" "Amazon CloudFront"
64.252.66.156 - - [20/Mar/2026:04:40:43 +0000] "GET /?p=80851 HTTP/1.1" 200 14696 "-" "Amazon CloudFront"
64.252.74.218 - - [20/Mar/2026:04:40:45 +0000] "GET /?feed=rss2&p=90841 HTTP/1.1" 200 505 "-" "Amazon CloudFront"
64.252.68.102 - - [20/Mar/2026:04:40:45 +0000] "GET /?p=88290 HTTP/1.1" 200 18111 "-" "Amazon CloudFront"
64.252.66.156 - - [20/Mar/2026:04:41:05 +0000] "GET /?p=86369 HTTP/1.1" 200 17966 "-" "Amazon CloudFront"
64.252.66.156 - - [20/Mar/2026:04:41:20 +0000] "GET /?p=10807 HTTP/1.1" 200 14295 "-" "Amazon CloudFront"
64.252.68.139 - - [20/Mar/2026:04:41:41 +0000] "GET /?p=43124 HTTP/1.1" 200 14230 "-" "Amazon CloudFront"
15.158.215.109 - - [20/Mar/2026:04:41:41 +0000] "POST /wp-cron.php?doing_wp_cron=1773981701.6679670810699462890625 HTTP/1.1" 200 - "https://69b4844ae61d4e92bf26ad98af552775-devsite.readyship.co/wp-cron.php?doing_wp_cron=1773981701.6679670810699462890625" "WordPress/5.1.19; https://69b4844ae61d4e92bf26ad98af552775-devsite.readyship.co"
64.252.68.139 - - [20/Mar/2026:04:41:49 +0000] "GET /?p=96399 HTTP/1.1" 200 16450 "-" "Amazon CloudFront"
64.252.68.102 - - [20/Mar/2026:04:42:01 +0000] "GET /?p=72660 HTTP/1.1" 200 15405 "-" "Amazon CloudFront"
15.158.215.109 - - [20/Mar/2026:04:43:02 +0000] "POST /wp-cron.php?doing_wp_cron=1773981782.3727259635925292968750 HTTP/1.1" 200 - "https://69b4844ae61d4e92bf26ad98af552775-devsite.readyship.co/wp-cron.php?doing_wp_cron=1773981782.3727259635925292968750" "WordPress/5.1.19; https://69b4844ae61d4e92bf26ad98af552775-devsite.readyship.co"
64.252.66.156 - - [20/Mar/2026:04:43:02 +0000] "GET /?p=13509 HTTP/1.1" 200 14767 "-" "Amazon CloudFront"
15.158.215.109 - - [20/Mar/2026:04:43:40 +0000] "POST /wp-cron.php?doing_wp_cron=1773981820.8471190929412841796875 HTTP/1.1" 200 - "https://69b4844ae61d4e92bf26ad98af552775-devsite.readyship.co/wp-cron.php?doing_wp_cron=1773981820.8471190929412841796875" "WordPress/5.1.19; https://69b4844ae61d4e92bf26ad98af552775-devsite.readyship.co"
64.252.66.156 - - [20/Mar/2026:04:43:40 +0000] "GET /?p=28162 HTTP/1.1" 200 22522 "-" "Amazon CloudFront"
64.252.68.203 - - [20/Mar/2026:04:43:48 +0000] "GET /?p=55342 HTTP/1.1" 200 14603 "-" "Amazon CloudFront"
15.158.215.109 - - [20/Mar/2026:04:43:52 +0000] "POST /wp-cron.php?doing_wp_cron=1773981832.2710230350494384765625 HTTP/1.1" 200 - "https://69b4844ae61d4e92bf26ad98af552775-devsite.readyship.co/wp-cron.php?doing_wp_cron=1773981832.2710230350494384765625" "WordPress/5.1.19; https://69b4844ae61d4e92bf26ad98af552775-devsite.readyship.co"
64.252.68.139 - - [20/Mar/2026:04:43:51 +0000] "GET /?p=83260 HTTP/1.1" 200 17192 "-" "Amazon CloudFront"
64.252.68.203 - - [20/Mar/2026:04:43:56 +0000] "GET /?p=25655 HTTP/1.1" 200 17909 "-" "Amazon CloudFront"
64.252.68.139 - - [20/Mar/2026:04:44:02 +0000] "GET /?p=13997 HTTP/1.1" 200 13654 "-" "Amazon CloudFront"
64.252.66.156 - - [20/Mar/2026:04:44:10 +0000] "GET /?p=39551 HTTP/1.1" 200 16037 "-" "Amazon CloudFront"
64.252.68.203 - - [20/Mar/2026:04:44:21 +0000] "GET /?p=13287 HTTP/1.1" 200 14619 "-" "Amazon CloudFront"
15.158.215.109 - - [20/Mar/2026:04:44:25 +0000] "POST /wp-cron.php?doing_wp_cron=1773981865.2913999557495117187500 HTTP/1.1" 200 - "https://69b4844ae61d4e92bf26ad98af552775-devsite.readyship.co/wp-cron.php?doing_wp_cron=1773981865.2913999557495117187500" "WordPress/5.1.19; https://69b4844ae61d4e92bf26ad98af552775-devsite.readyship.co"
64.252.68.102 - - [20/Mar/2026:04:44:25 +0000] "GET /?p=90845 HTTP/1.1" 200 17471 "-" "Amazon CloudFront"
64.252.68.139 - - [20/Mar/2026:04:44:53 +0000] "GET /?p=27413 HTTP/1.1" 200 14346 "-" "Amazon CloudFront"
64.252.68.102 - - [20/Mar/2026:04:44:58 +0000] "GET /?p=42522 HTTP/1.1" 200 16628 "-" "Amazon CloudFront"
64.252.76.215 - - [20/Mar/2026:04:45:08 +0000] "GET /?p=90797 HTTP/1.1" 200 17150 "-" "Amazon CloudFront"
64.252.76.215 - - [20/Mar/2026:04:45:08 +0000] "GET /?p=90809 HTTP/1.1" 200 17918 "-" "Amazon CloudFront"
64.252.74.218 - - [20/Mar/2026:04:45:09 +0000] "GET /?p=90751 HTTP/1.1" 200 14649 "-" "Amazon CloudFront"
64.252.68.203 - - [20/Mar/2026:04:45:21 +0000] "GET /?p=9761 HTTP/1.1" 200 16175 "-" "Amazon CloudFront"
15.158.215.109 - - [20/Mar/2026:04:45:38 +0000] "POST /wp-cron.php?doing_wp_cron=1773981938.5902500152587890625000 HTTP/1.1" 200 - "https://69b4844ae61d4e92bf26ad98af552775-devsite.readyship.co/wp-cron.php?doing_wp_cron=1773981938.5902500152587890625000" "WordPress/5.1.19; https://69b4844ae61d4e92bf26ad98af552775-devsite.readyship.co"
64.252.74.61 - - [20/Mar/2026:04:45:38 +0000] "GET /?p=90795 HTTP/1.1" 200 22431 "-" "Amazon CloudFront"
64.252.74.61 - - [20/Mar/2026:04:45:38 +0000] "GET /?p=90793 HTTP/1.1" 200 17867 "-" "Amazon CloudFront"
64.252.76.215 - - [20/Mar/2026:04:45:39 +0000] "GET /?p=90799 HTTP/1.1" 200 22493 "-" "Amazon CloudFront"
64.252.68.139 - - [20/Mar/2026:04:45:41 +0000] "GET /?p=42574 HTTP/1.1" 200 21554 "-" "Amazon CloudFront"
64.252.68.102 - - [20/Mar/2026:04:45:44 +0000] "GET /?p=5968 HTTP/1.1" 200 21800 "-" "Amazon CloudFront"
64.252.66.156 - - [20/Mar/2026:04:45:58 +0000] "GET /?p=94263 HTTP/1.1" 200 23282 "-" "Amazon CloudFront"
15.158.215.109 - - [20/Mar/2026:04:46:47 +0000] "POST /wp-cron.php?doing_wp_cron=1773982007.0130620002746582031250 HTTP/1.1" 200 - "https://69b4844ae61d4e92bf26ad98af552775-devsite.readyship.co/wp-cron.php?doing_wp_cron=1773982007.0130620002746582031250" "WordPress/5.1.19; https://69b4844ae61d4e92bf26ad98af552775-devsite.readyship.co"
64.252.74.218 - - [20/Mar/2026:04:46:46 +0000] "GET /?p=90805 HTTP/1.1" 200 18355 "-" "Amazon CloudFront"
64.252.76.215 - - [20/Mar/2026:04:47:00 +0000] "GET /?feed=rss2&p=90847 HTTP/1.1" 200 494 "-" "Amazon CloudFront"
64.252.74.61 - - [20/Mar/2026:04:47:00 +0000] "GET /?feed=rss2&p=17119 HTTP/1.1" 200 506 "-" "Amazon CloudFront"
64.252.76.215 - - [20/Mar/2026:04:47:12 +0000] "GET /?feed=rss2&p=90831 HTTP/1.1" 200 532 "-" "Amazon CloudFront"
64.252.74.61 - - [20/Mar/2026:04:47:12 +0000] "GET /?feed=rss2&p=17121 HTTP/1.1" 200 517 "-" "Amazon CloudFront"
64.252.68.139 - - [20/Mar/2026:04:47:19 +0000] "GET /?p=96263 HTTP/1.1" 200 16680 "-" "Amazon CloudFront"
64.252.68.102 - - [20/Mar/2026:04:47:21 +0000] "GET /?p=12619 HTTP/1.1" 200 15098 "-" "Amazon CloudFront"
15.158.215.109 - - [20/Mar/2026:04:47:26 +0000] "POST /wp-cron.php?doing_wp_cron=1773982046.1587328910827636718750 HTTP/1.1" 200 - "https://69b4844ae61d4e92bf26ad98af552775-devsite.readyship.co/wp-cron.php?doing_wp_cron=1773982046.1587328910827636718750" "WordPress/5.1.19; https://69b4844ae61d4e92bf26ad98af552775-devsite.readyship.co"
64.252.68.102 - - [20/Mar/2026:04:47:25 +0000] "GET /?p=87594 HTTP/1.1" 200 15568 "-" "Amazon CloudFront"
64.252.76.215 - - [20/Mar/2026:04:47:27 +0000] "GET /?feed=rss2&p=17127 HTTP/1.1" 200 504 "-" "Amazon CloudFront"
64.252.74.218 - - [20/Mar/2026:04:47:27 +0000] "GET /?feed=rss2&p=90851 HTTP/1.1" 200 522 "-" "Amazon CloudFront"
64.252.66.156 - - [20/Mar/2026:04:47:57 +0000] "GET /?p=68650 HTTP/1.1" 200 14715 "-" "Amazon CloudFront"
64.252.66.156 - - [20/Mar/2026:04:47:59 +0000] "GET /?p=90843 HTTP/1.1" 200 21472 "-" "Amazon CloudFront"
64.252.68.203 - - [20/Mar/2026:04:48:17 +0000] "GET /?p=6793 HTTP/1.1" 200 51671 "-" "Amazon CloudFront"
64.252.74.61 - - [20/Mar/2026:04:48:19 +0000] "GET /?feed=rss2&p=17125 HTTP/1.1" 200 508 "-" "Amazon CloudFront"
64.252.76.215 - - [20/Mar/2026:04:48:19 +0000] "GET /?feed=rss2&p=17123 HTTP/1.1" 200 505 "-" "Amazon CloudFront"
64.252.68.102 - - [20/Mar/2026:04:48:19 +0000] "GET /?p=30415 HTTP/1.1" 200 15718 "-" "Amazon CloudFront"
15.158.215.109 - - [20/Mar/2026:04:48:26 +0000] "POST /wp-cron.php?doing_wp_cron=1773982106.2378790378570556640625 HTTP/1.1" 200 - "https://69b4844ae61d4e92bf26ad98af552775-devsite.readyship.co/wp-cron.php?doing_wp_cron=1773982106.2378790378570556640625" "WordPress/5.1.19; https://69b4844ae61d4e92bf26ad98af552775-devsite.readyship.co"
64.252.68.139 - - [20/Mar/2026:04:48:25 +0000] "GET /?p=6977 HTTP/1.1" 200 13633 "-" "Amazon CloudFront"
64.252.74.218 - - [20/Mar/2026:04:48:40 +0000] "GET /?feed=rss2&p=80021 HTTP/1.1" 200 512 "-" "Amazon CloudFront"
64.252.74.218 - - [20/Mar/2026:04:48:40 +0000] "GET /?cat=1&paged=302 HTTP/1.1" 200 11144 "-" "Amazon CloudFront"
64.252.68.102 - - [20/Mar/2026:04:48:41 +0000] "GET /?p=6927 HTTP/1.1" 200 19269 "-" "Amazon CloudFront"
64.252.74.218 - - [20/Mar/2026:04:48:44 +0000] "GET /?feed=rss2&p=17117 HTTP/1.1" 200 502 "-" "Amazon CloudFront"
64.252.68.203 - - [20/Mar/2026:04:48:49 +0000] "GET /?p=30010 HTTP/1.1" 200 22085 "-" "Amazon CloudFront"
64.252.68.102 - - [20/Mar/2026:04:48:54 +0000] "GET /?p=62618 HTTP/1.1" 200 14488 "-" "Amazon CloudFront"
64.252.68.139 - - [20/Mar/2026:04:49:04 +0000] "GET /?p=5903 HTTP/1.1" 200 24014 "-" "Amazon CloudFront"
64.252.74.218 - - [20/Mar/2026:04:49:05 +0000] "GET /?page_id=2807&paged=4267 HTTP/1.1" 200 11156 "-" "Amazon CloudFront"
15.158.215.109 - - [20/Mar/2026:04:49:23 +0000] "POST /wp-cron.php?doing_wp_cron=1773982163.6454188823699951171875 HTTP/1.1" 200 - "https://69b4844ae61d4e92bf26ad98af552775-devsite.readyship.co/wp-cron.php?doing_wp_cron=1773982163.6454188823699951171875" "WordPress/5.1.19; https://69b4844ae61d4e92bf26ad98af552775-devsite.readyship.co"
64.252.68.102 - - [20/Mar/2026:04:49:23 +0000] "GET /?p=70722 HTTP/1.1" 200 14383 "-" "Amazon CloudFront"
64.252.66.156 - - [20/Mar/2026:04:49:27 +0000] "GET /?p=7845 HTTP/1.1" 200 14749 "-" "Amazon CloudFront"
64.252.68.203 - - [20/Mar/2026:04:49:37 +0000] "GET /?p=9825 HTTP/1.1" 200 17109 "-" "Amazon CloudFront"
64.252.66.156 - - [20/Mar/2026:04:49:44 +0000] "GET /?p=12273 HTTP/1.1" 200 15196 "-" "Amazon CloudFront"
64.252.68.139 - - [20/Mar/2026:04:50:03 +0000] "GET /?p=67789 HTTP/1.1" 200 14428 "-" "Amazon CloudFront"
64.252.74.61 - - [20/Mar/2026:04:50:06 +0000] "GET /?feed=rss2&p=17105 HTTP/1.1" 200 504 "-" "Amazon CloudFront"
64.252.76.215 - - [20/Mar/2026:04:50:06 +0000] "GET /?feed=rss2&p=17107 HTTP/1.1" 200 496 "-" "Amazon CloudFront"
64.252.76.215 - - [20/Mar/2026:04:50:16 +0000] "GET /?p=80025 HTTP/1.1" 200 16986 "-" "Amazon CloudFront"
15.158.215.109 - - [20/Mar/2026:04:50:23 +0000] "POST /wp-cron.php?doing_wp_cron=1773982223.2496869564056396484375 HTTP/1.1" 200 - "https://69b4844ae61d4e92bf26ad98af552775-devsite.readyship.co/wp-cron.php?doing_wp_cron=1773982223.2496869564056396484375" "WordPress/5.1.19; https://69b4844ae61d4e92bf26ad98af552775-devsite.readyship.co"
3.172.10.105 - - [20/Mar/2026:04:50:22 +0000] "POST /?page_id=2806 HTTP/1.1" 200 8927 "-" "Amazon CloudFront"
3.172.10.105 - - [20/Mar/2026:04:50:24 +0000] "GET /xmlrpc.php HTTP/1.1" 405 60 "https://69b4844ae61d4e92bf26ad98af552775-devsite.readyship.co/" "Mozilla/5.0 (Windows NT 6.3; Win64; x64) AppleWebKit/537.36 (KHTML, like Gecko) Chrome/103.0.0.0 Safari/537.36"
64.252.74.61 - - [20/Mar/2026:04:50:24 +0000] "GET /?p=90791 HTTP/1.1" 200 21129 "-" "Amazon CloudFront"
3.172.10.105 - - [20/Mar/2026:04:50:25 +0000] "POST /xmlrpc.php HTTP/1.1" 200 206 "https://69b4844ae61d4e92bf26ad98af552775-devsite.readyship.co/xmlrpc.php" "Mozilla/5.0 (Windows NT 6.3; Win64; x64) AppleWebKit/537.36 (KHTML, like Gecko) Chrome/103.0.0.0 Safari/537.36"
64.252.74.218 - - [20/Mar/2026:04:50:25 +0000] "GET /?p=90789 HTTP/1.1" 200 17358 "-" "Amazon CloudFront"
3.172.10.105 - - [20/Mar/2026:04:50:26 +0000] "POST /xmlrpc.php HTTP/1.1" 200 206 "https://69b4844ae61d4e92bf26ad98af552775-devsite.readyship.co/xmlrpc.php" "Mozilla/5.0 (Windows NT 6.3; Win64; x64) AppleWebKit/537.36 (KHTML, like Gecko) Chrome/103.0.0.0 Safari/537.36"
64.252.88.79 - - [20/Mar/2026:04:50:27 +0000] "GET / HTTP/1.1" 200 24273 "-" "Amazon CloudFront"
64.252.89.111 - - [20/Mar/2026:04:50:30 +0000] "GET /?page_id=2806 HTTP/1.1" 200 9335 "-" "Amazon CloudFront"
3.172.10.105 - - [20/Mar/2026:04:50:31 +0000] "GET /wp-admin/edit-tags.php?taxonomy=category HTTP/1.1" 302 - "https://69b4844ae61d4e92bf26ad98af552775-devsite.readyship.co/?page_id=2806" "Mozilla/5.0 (Windows NT 6.3; Win64; x64) AppleWebKit/537.36 (KHTML, like Gecko) Chrome/103.0.0.0 Safari/537.36"
3.172.10.105 - - [20/Mar/2026:04:50:32 +0000] "GET /wp-login.php?redirect_to=https%3A%2F%2F69b4844ae61d4e92bf26ad98af552775-devsite.readyship.co%2Fwp-admin%2Fedit-tags.php%3Ftaxonomy%3Dcategory&reauth=1 HTTP/1.1" 200 1206 "https://69b4844ae61d4e92bf26ad98af552775-devsite.readyship.co/wp-admin/edit-tags.php?taxonomy=category" "Mozilla/5.0 (Windows NT 6.3; Win64; x64) AppleWebKit/537.36 (KHTML, like Gecko) Chrome/103.0.0.0 Safari/537.36"
64.252.66.156 - - [20/Mar/2026:04:50:41 +0000] "GET /?p=8555 HTTP/1.1" 200 21064 "-" "Amazon CloudFront"
15.158.215.109 - - [20/Mar/2026:04:51:29 +0000] "POST /wp-cron.php?doing_wp_cron=1773982289.1413040161132812500000 HTTP/1.1" 200 - "https://69b4844ae61d4e92bf26ad98af552775-devsite.readyship.co/wp-cron.php?doing_wp_cron=1773982289.1413040161132812500000" "WordPress/5.1.19; https://69b4844ae61d4e92bf26ad98af552775-devsite.readyship.co"
64.252.68.102 - - [20/Mar/2026:04:51:28 +0000] "GET /?p=88242 HTTP/1.1" 200 15321 "-" "Amazon CloudFront"
64.252.74.218 - - [20/Mar/2026:04:51:33 +0000] "GET /?feed=rss2&p=17097 HTTP/1.1" 200 528 "-" "Amazon CloudFront"
64.252.74.61 - - [20/Mar/2026:04:51:43 +0000] "GET /?p=90803 HTTP/1.1" 200 13682 "-" "Amazon CloudFront"
64.252.76.215 - - [20/Mar/2026:04:51:43 +0000] "GET /?p=90807 HTTP/1.1" 200 18238 "-" "Amazon CloudFront"
64.252.68.203 - - [20/Mar/2026:04:51:43 +0000] "GET /?p=43650 HTTP/1.1" 200 23952 "-" "Amazon CloudFront"
64.252.76.215 - - [20/Mar/2026:04:51:48 +0000] "GET /?feed=rss2&p=17091 HTTP/1.1" 200 530 "-" "Amazon CloudFront"
64.252.66.156 - - [20/Mar/2026:04:51:52 +0000] "GET /?p=87151 HTTP/1.1" 200 14617 "-" "Amazon CloudFront"
64.252.68.102 - - [20/Mar/2026:04:52:05 +0000] "GET /?p=87612 HTTP/1.1" 200 16199 "-" "Amazon CloudFront"
64.252.68.203 - - [20/Mar/2026:04:52:16 +0000] "GET /?p=5704 HTTP/1.1" 200 15909 "-" "Amazon CloudFront"
64.252.66.156 - - [20/Mar/2026:04:52:19 +0000] "GET /?p=7629 HTTP/1.1" 200 35049 "-" "Amazon CloudFront"
15.158.215.109 - - [20/Mar/2026:04:52:22 +0000] "POST /wp-cron.php?doing_wp_cron=1773982342.7387230396270751953125 HTTP/1.1" 200 - "https://69b4844ae61d4e92bf26ad98af552775-devsite.readyship.co/wp-cron.php?doing_wp_cron=1773982342.7387230396270751953125" "WordPress/5.1.19; https://69b4844ae61d4e92bf26ad98af552775-devsite.readyship.co"
64.252.68.102 - - [20/Mar/2026:04:52:22 +0000] "GET /?p=43474 HTTP/1.1" 200 14689 "-" "Amazon CloudFront"
64.252.68.102 - - [20/Mar/2026:04:52:24 +0000] "GET /?p=8800 HTTP/1.1" 200 17178 "-" "Amazon CloudFront"
64.252.68.139 - - [20/Mar/2026:04:52:26 +0000] "GET /?p=40932 HTTP/1.1" 200 17763 "-" "Amazon CloudFront"
64.252.66.156 - - [20/Mar/2026:04:52:28 +0000] "GET /?p=9194 HTTP/1.1" 200 19893 "-" "Amazon CloudFront"
64.252.66.156 - - [20/Mar/2026:04:52:53 +0000] "GET /?p=9633 HTTP/1.1" 200 14496 "-" "Amazon CloudFront"
64.252.66.156 - - [20/Mar/2026:04:52:58 +0000] "GET /?p=88118 HTTP/1.1" 200 16077 "-" "Amazon CloudFront"
64.252.68.203 - - [20/Mar/2026:04:53:04 +0000] "GET /?cat=103&paged=8 HTTP/1.1" 200 11103 "-" "Amazon CloudFront"
64.252.74.61 - - [20/Mar/2026:04:53:10 +0000] "GET /?feed=rss2&p=90843 HTTP/1.1" 200 519 "-" "Amazon CloudFront"
64.252.74.61 - - [20/Mar/2026:04:53:10 +0000] "GET /?feed=rss2&p=17095 HTTP/1.1" 200 506 "-" "Amazon CloudFront"
64.252.74.61 - - [20/Mar/2026:04:53:13 +0000] "GET /?feed=rss2&p=17103 HTTP/1.1" 200 506 "-" "Amazon CloudFront"
64.252.74.218 - - [20/Mar/2026:04:53:13 +0000] "GET /?feed=rss2&p=17115 HTTP/1.1" 200 513 "-" "Amazon CloudFront"
64.252.74.61 - - [20/Mar/2026:04:53:18 +0000] "GET /?feed=rss2&p=90863 HTTP/1.1" 200 506 "-" "Amazon CloudFront"
64.252.74.218 - - [20/Mar/2026:04:53:19 +0000] "GET /?feed=rss2&p=90849 HTTP/1.1" 200 515 "-" "Amazon CloudFront"
15.158.215.109 - - [20/Mar/2026:04:53:38 +0000] "POST /wp-cron.php?doing_wp_cron=1773982418.1716558933258056640625 HTTP/1.1" 200 - "https://69b4844ae61d4e92bf26ad98af552775-devsite.readyship.co/wp-cron.php?doing_wp_cron=1773982418.1716558933258056640625" "WordPress/5.1.19; https://69b4844ae61d4e92bf26ad98af552775-devsite.readyship.co"
64.252.68.102 - - [20/Mar/2026:04:53:37 +0000] "GET /?p=30555 HTTP/1.1" 200 16234 "-" "Amazon CloudFront"
64.252.74.218 - - [20/Mar/2026:04:53:54 +0000] "GET /?p=17161 HTTP/1.1" 200 14296 "-" "Amazon CloudFront"
64.252.68.102 - - [20/Mar/2026:04:54:07 +0000] "GET /?p=67958 HTTP/1.1" 200 14864 "-" "Amazon CloudFront"
15.158.215.109 - - [20/Mar/2026:04:54:23 +0000] "POST /wp-cron.php?doing_wp_cron=1773982463.0272541046142578125000 HTTP/1.1" 200 - "https://69b4844ae61d4e92bf26ad98af552775-devsite.readyship.co/wp-cron.php?doing_wp_cron=1773982463.0272541046142578125000" "WordPress/5.1.19; https://69b4844ae61d4e92bf26ad98af552775-devsite.readyship.co"
64.252.68.102 - - [20/Mar/2026:04:54:22 +0000] "GET /?p=36175 HTTP/1.1" 200 20644 "-" "Amazon CloudFront"
64.252.76.215 - - [20/Mar/2026:04:54:46 +0000] "GET /?p=17151 HTTP/1.1" 200 15202 "-" "Amazon CloudFront"
64.252.74.218 - - [20/Mar/2026:04:54:46 +0000] "GET /?p=17153 HTTP/1.1" 200 14162 "-" "Amazon CloudFront"
64.252.66.156 - - [20/Mar/2026:04:55:09 +0000] "GET /?p=43548 HTTP/1.1" 200 22971 "-" "Amazon CloudFront"
64.252.76.215 - - [20/Mar/2026:04:55:16 +0000] "GET /?p=17167 HTTP/1.1" 200 14375 "-" "Amazon CloudFront"
15.158.215.109 - - [20/Mar/2026:04:55:29 +0000] "POST /wp-cron.php?doing_wp_cron=1773982529.6467430591583251953125 HTTP/1.1" 200 - "https://69b4844ae61d4e92bf26ad98af552775-devsite.readyship.co/wp-cron.php?doing_wp_cron=1773982529.6467430591583251953125" "WordPress/5.1.19; https://69b4844ae61d4e92bf26ad98af552775-devsite.readyship.co"
64.252.68.139 - - [20/Mar/2026:04:55:29 +0000] "GET /?p=43636 HTTP/1.1" 200 16753 "-" "Amazon CloudFront"
64.252.74.218 - - [20/Mar/2026:04:55:46 +0000] "GET /?p=17157 HTTP/1.1" 200 14813 "-" "Amazon CloudFront"
64.252.66.156 - - [20/Mar/2026:04:56:01 +0000] "GET /?cat=103&paged=47 HTTP/1.1" 200 9947 "-" "Amazon CloudFront"
64.252.68.203 - - [20/Mar/2026:04:56:04 +0000] "GET /?cat=1&paged=4354 HTTP/1.1" 200 11212 "-" "Amazon CloudFront"
64.252.74.218 - - [20/Mar/2026:04:56:13 +0000] "GET /?p=17169 HTTP/1.1" 200 14924 "-" "Amazon CloudFront"
64.252.68.102 - - [20/Mar/2026:04:56:14 +0000] "GET /?p=13597 HTTP/1.1" 200 14588 "-" "Amazon CloudFront"
64.252.66.156 - - [20/Mar/2026:04:56:20 +0000] "GET /?p=10613 HTTP/1.1" 200 15283 "-" "Amazon CloudFront"
15.158.215.109 - - [20/Mar/2026:04:56:35 +0000] "POST /wp-cron.php?doing_wp_cron=1773982595.1801710128784179687500 HTTP/1.1" 200 - "https://69b4844ae61d4e92bf26ad98af552775-devsite.readyship.co/wp-cron.php?doing_wp_cron=1773982595.1801710128784179687500" "WordPress/5.1.19; https://69b4844ae61d4e92bf26ad98af552775-devsite.readyship.co"
64.252.74.218 - - [20/Mar/2026:04:56:34 +0000] "GET /?p=17159 HTTP/1.1" 200 14945 "-" "Amazon CloudFront"
64.252.66.156 - - [20/Mar/2026:04:56:41 +0000] "GET /?p=8869 HTTP/1.1" 200 20609 "-" "Amazon CloudFront"
64.252.68.203 - - [20/Mar/2026:04:56:43 +0000] "GET /?p=10607 HTTP/1.1" 200 14972 "-" "Amazon CloudFront"
64.252.66.156 - - [20/Mar/2026:04:56:46 +0000] "GET /?cat=124 HTTP/1.1" 200 10777 "-" "Amazon CloudFront"
64.252.68.203 - - [20/Mar/2026:04:56:48 +0000] "GET /?p=13285 HTTP/1.1" 200 14441 "-" "Amazon CloudFront"
64.252.68.102 - - [20/Mar/2026:04:56:51 +0000] "GET /?p=96517 HTTP/1.1" 200 16984 "-" "Amazon CloudFront"
64.252.66.156 - - [20/Mar/2026:04:56:53 +0000] "GET /?p=45749 HTTP/1.1" 200 14535 "-" "Amazon CloudFront"
64.252.66.156 - - [20/Mar/2026:04:56:58 +0000] "GET /?p=82084 HTTP/1.1" 200 22515 "-" "Amazon CloudFront"
64.252.74.61 - - [20/Mar/2026:04:57:15 +0000] "GET /?p=17165 HTTP/1.1" 200 16187 "-" "Amazon CloudFront"
64.252.66.156 - - [20/Mar/2026:04:57:20 +0000] "GET /?p=87750 HTTP/1.1" 200 21418 "-" "Amazon CloudFront"
15.158.215.109 - - [20/Mar/2026:04:57:38 +0000] "POST /wp-cron.php?doing_wp_cron=1773982658.8032610416412353515625 HTTP/1.1" 200 - "https://69b4844ae61d4e92bf26ad98af552775-devsite.readyship.co/wp-cron.php?doing_wp_cron=1773982658.8032610416412353515625" "WordPress/5.1.19; https://69b4844ae61d4e92bf26ad98af552775-devsite.readyship.co"
64.252.66.156 - - [20/Mar/2026:04:57:38 +0000] "GET /?p=67984 HTTP/1.1" 200 17474 "-" "Amazon CloudFront"
64.252.76.215 - - [20/Mar/2026:04:57:46 +0000] "GET /?p=17163 HTTP/1.1" 200 14582 "-" "Amazon CloudFront"
64.252.74.61 - - [20/Mar/2026:04:57:59 +0000] "GET /?feed=rss2&p=17099 HTTP/1.1" 200 511 "-" "Amazon CloudFront"
15.158.215.109 - - [20/Mar/2026:04:58:27 +0000] "POST /wp-cron.php?doing_wp_cron=1773982707.6510989665985107421875 HTTP/1.1" 200 - "https://69b4844ae61d4e92bf26ad98af552775-devsite.readyship.co/wp-cron.php?doing_wp_cron=1773982707.6510989665985107421875" "WordPress/5.1.19; https://69b4844ae61d4e92bf26ad98af552775-devsite.readyship.co"
64.252.68.139 - - [20/Mar/2026:04:58:27 +0000] "GET /?p=7266 HTTP/1.1" 200 21713 "-" "Amazon CloudFront"
64.252.68.203 - - [20/Mar/2026:04:58:31 +0000] "GET /?p=87497 HTTP/1.1" 200 15343 "-" "Amazon CloudFront"
64.252.74.218 - - [20/Mar/2026:04:58:43 +0000] "GET /?feed=rss2&p=17093 HTTP/1.1" 200 513 "-" "Amazon CloudFront"
15.158.215.109 - - [20/Mar/2026:04:59:26 +0000] "POST /wp-cron.php?doing_wp_cron=1773982766.0289490222930908203125 HTTP/1.1" 200 - "https://69b4844ae61d4e92bf26ad98af552775-devsite.readyship.co/wp-cron.php?doing_wp_cron=1773982766.0289490222930908203125" "WordPress/5.1.19; https://69b4844ae61d4e92bf26ad98af552775-devsite.readyship.co"
64.252.68.203 - - [20/Mar/2026:04:59:25 +0000] "GET /?p=7913 HTTP/1.1" 200 21418 "-" "Amazon CloudFront"
64.252.68.139 - - [20/Mar/2026:04:59:43 +0000] "GET /?p=13533 HTTP/1.1" 200 14610 "-" "Amazon CloudFront"
64.252.74.61 - - [20/Mar/2026:04:59:45 +0000] "GET /?feed=rss2&p=17111 HTTP/1.1" 200 520 "-" "Amazon CloudFront"
64.252.68.203 - - [20/Mar/2026:04:59:47 +0000] "GET /?p=96663 HTTP/1.1" 200 15488 "-" "Amazon CloudFront"
64.252.68.102 - - [20/Mar/2026:04:59:54 +0000] "GET /?p=13851 HTTP/1.1" 200 14460 "-" "Amazon CloudFront"
