64.252.82.152 - - [19/Mar/2026:00:23:42 +0000] "GET /?p=70278 HTTP/1.1" 200 14867 "-" "Amazon CloudFront"
64.252.74.218 - - [19/Mar/2026:00:23:44 +0000] "GET /?feed=rss2&p=16475 HTTP/1.1" 200 528 "-" "Amazon CloudFront"
64.252.85.152 - - [19/Mar/2026:00:23:44 +0000] "GET /?p=71088 HTTP/1.1" 200 14534 "-" "Amazon CloudFront"
64.252.82.241 - - [19/Mar/2026:00:23:47 +0000] "GET /?p=72293 HTTP/1.1" 200 17374 "-" "Amazon CloudFront"
64.252.82.241 - - [19/Mar/2026:00:23:49 +0000] "GET /?p=73037 HTTP/1.1" 200 16829 "-" "Amazon CloudFront"
64.252.82.241 - - [19/Mar/2026:00:23:52 +0000] "GET /?paged=290&cat=1 HTTP/1.1" 200 11122 "-" "Amazon CloudFront"
64.252.85.152 - - [19/Mar/2026:00:23:54 +0000] "GET /?paged=291&cat=1 HTTP/1.1" 200 11263 "-" "Amazon CloudFront"
64.252.82.152 - - [19/Mar/2026:00:23:57 +0000] "GET /?paged=301&page_id=2807 HTTP/1.1" 200 11182 "-" "Amazon CloudFront"
64.252.82.152 - - [19/Mar/2026:00:24:00 +0000] "GET /?paged=302&page_id=2807 HTTP/1.1" 200 11183 "-" "Amazon CloudFront"
64.252.82.152 - - [19/Mar/2026:00:24:02 +0000] "GET /?paged=4054&cat=1 HTTP/1.1" 200 11218 "-" "Amazon CloudFront"
64.252.82.241 - - [19/Mar/2026:00:24:05 +0000] "GET /?paged=4055&cat=1 HTTP/1.1" 200 11225 "-" "Amazon CloudFront"
64.252.85.152 - - [19/Mar/2026:00:24:07 +0000] "GET /?paged=4209&page_id=2807 HTTP/1.1" 200 11425 "-" "Amazon CloudFront"
64.252.76.215 - - [19/Mar/2026:00:24:11 +0000] "GET /?feed=rss2&p=16467 HTTP/1.1" 200 519 "-" "Amazon CloudFront"
64.252.82.152 - - [19/Mar/2026:00:24:10 +0000] "GET /?paged=4210&page_id=2807 HTTP/1.1" 200 11314 "-" "Amazon CloudFront"
64.252.74.218 - - [19/Mar/2026:00:24:17 +0000] "GET /?feed=rss2&p=16453 HTTP/1.1" 200 524 "-" "Amazon CloudFront"
15.158.215.109 - - [19/Mar/2026:00:25:30 +0000] "POST /wp-cron.php?doing_wp_cron=1773879930.3590669631958007812500 HTTP/1.1" 200 - "https://69b4844ae61d4e92bf26ad98af552775-devsite.readyship.co/wp-cron.php?doing_wp_cron=1773879930.3590669631958007812500" "WordPress/5.1.19; https://69b4844ae61d4e92bf26ad98af552775-devsite.readyship.co"
64.252.74.218 - - [19/Mar/2026:00:25:29 +0000] "GET /?feed=rss2&p=16483 HTTP/1.1" 200 524 "-" "Amazon CloudFront"
64.252.74.61 - - [19/Mar/2026:00:26:01 +0000] "GET /?feed=rss2&p=16485 HTTP/1.1" 200 542 "-" "Amazon CloudFront"
15.158.215.109 - - [19/Mar/2026:00:26:51 +0000] "POST /wp-cron.php?doing_wp_cron=1773880011.4711120128631591796875 HTTP/1.1" 200 - "https://69b4844ae61d4e92bf26ad98af552775-devsite.readyship.co/wp-cron.php?doing_wp_cron=1773880011.4711120128631591796875" "WordPress/5.1.19; https://69b4844ae61d4e92bf26ad98af552775-devsite.readyship.co"
64.252.74.61 - - [19/Mar/2026:00:26:51 +0000] "GET /?feed=rss2&p=16491 HTTP/1.1" 200 505 "-" "Amazon CloudFront"
64.252.74.218 - - [19/Mar/2026:00:27:03 +0000] "GET /?feed=rss2&p=16457 HTTP/1.1" 200 533 "-" "Amazon CloudFront"
64.252.76.215 - - [19/Mar/2026:00:27:06 +0000] "GET /?feed=rss2&p=16463 HTTP/1.1" 200 529 "-" "Amazon CloudFront"
64.252.74.61 - - [19/Mar/2026:00:27:06 +0000] "GET /?feed=rss2&p=16459 HTTP/1.1" 200 530 "-" "Amazon CloudFront"
15.158.215.109 - - [19/Mar/2026:00:28:08 +0000] "POST /wp-cron.php?doing_wp_cron=1773880088.3909740447998046875000 HTTP/1.1" 200 - "https://69b4844ae61d4e92bf26ad98af552775-devsite.readyship.co/wp-cron.php?doing_wp_cron=1773880088.3909740447998046875000" "WordPress/5.1.19; https://69b4844ae61d4e92bf26ad98af552775-devsite.readyship.co"
64.252.76.215 - - [19/Mar/2026:00:28:08 +0000] "GET /?p=79989 HTTP/1.1" 200 23983 "-" "Amazon CloudFront"
64.252.76.215 - - [19/Mar/2026:00:28:08 +0000] "GET /?p=16509 HTTP/1.1" 200 15169 "-" "Amazon CloudFront"
15.158.215.109 - - [19/Mar/2026:00:29:30 +0000] "POST /wp-cron.php?doing_wp_cron=1773880170.6870520114898681640625 HTTP/1.1" 200 - "https://69b4844ae61d4e92bf26ad98af552775-devsite.readyship.co/wp-cron.php?doing_wp_cron=1773880170.6870520114898681640625" "WordPress/5.1.19; https://69b4844ae61d4e92bf26ad98af552775-devsite.readyship.co"
64.252.76.215 - - [19/Mar/2026:00:29:30 +0000] "GET /?feed=rss2&p=16455 HTTP/1.1" 200 515 "-" "Amazon CloudFront"
64.252.74.61 - - [19/Mar/2026:00:29:41 +0000] "GET /?p=16505 HTTP/1.1" 200 14071 "-" "Amazon CloudFront"
15.158.215.109 - - [19/Mar/2026:00:30:32 +0000] "POST /wp-cron.php?doing_wp_cron=1773880232.5710411071777343750000 HTTP/1.1" 200 - "https://69b4844ae61d4e92bf26ad98af552775-devsite.readyship.co/wp-cron.php?doing_wp_cron=1773880232.5710411071777343750000" "WordPress/5.1.19; https://69b4844ae61d4e92bf26ad98af552775-devsite.readyship.co"
64.252.74.61 - - [19/Mar/2026:00:30:32 +0000] "GET /?p=16503 HTTP/1.1" 200 14552 "-" "Amazon CloudFront"
64.252.74.61 - - [19/Mar/2026:00:30:32 +0000] "GET /?p=16493 HTTP/1.1" 200 14936 "-" "Amazon CloudFront"
64.252.76.215 - - [19/Mar/2026:00:30:57 +0000] "GET /?p=16501 HTTP/1.1" 200 15640 "-" "Amazon CloudFront"
15.158.215.109 - - [19/Mar/2026:00:31:25 +0000] "POST /wp-cron.php?doing_wp_cron=1773880285.5009789466857910156250 HTTP/1.1" 200 - "https://69b4844ae61d4e92bf26ad98af552775-devsite.readyship.co/wp-cron.php?doing_wp_cron=1773880285.5009789466857910156250" "WordPress/5.1.19; https://69b4844ae61d4e92bf26ad98af552775-devsite.readyship.co"
64.252.74.61 - - [19/Mar/2026:00:31:25 +0000] "GET /?cat=1&paged=3962 HTTP/1.1" 200 11278 "-" "Amazon CloudFront"
64.252.74.218 - - [19/Mar/2026:00:31:44 +0000] "GET /?p=16507 HTTP/1.1" 200 14739 "-" "Amazon CloudFront"
64.252.74.218 - - [19/Mar/2026:00:31:44 +0000] "GET /?p=16499 HTTP/1.1" 200 14732 "-" "Amazon CloudFront"
15.158.215.109 - - [19/Mar/2026:00:33:08 +0000] "POST /wp-cron.php?doing_wp_cron=1773880388.5487608909606933593750 HTTP/1.1" 200 - "https://69b4844ae61d4e92bf26ad98af552775-devsite.readyship.co/wp-cron.php?doing_wp_cron=1773880388.5487608909606933593750" "WordPress/5.1.19; https://69b4844ae61d4e92bf26ad98af552775-devsite.readyship.co"
64.252.74.218 - - [19/Mar/2026:00:33:08 +0000] "GET /?p=16497 HTTP/1.1" 200 18104 "-" "Amazon CloudFront"
15.158.215.109 - - [19/Mar/2026:00:34:09 +0000] "POST /wp-cron.php?doing_wp_cron=1773880449.7176139354705810546875 HTTP/1.1" 200 - "https://69b4844ae61d4e92bf26ad98af552775-devsite.readyship.co/wp-cron.php?doing_wp_cron=1773880449.7176139354705810546875" "WordPress/5.1.19; https://69b4844ae61d4e92bf26ad98af552775-devsite.readyship.co"
64.252.68.139 - - [19/Mar/2026:00:34:09 +0000] "GET /?healthcheck_timestamp=1773880247415 HTTP/1.1" 200 178915 "-" "Amazon CloudFront"
15.158.215.109 - - [19/Mar/2026:00:34:33 +0000] "POST /wp-cron.php?doing_wp_cron=1773880473.5136609077453613281250 HTTP/1.1" 200 - "https://69b4844ae61d4e92bf26ad98af552775-devsite.readyship.co/wp-cron.php?doing_wp_cron=1773880473.5136609077453613281250" "WordPress/5.1.19; https://69b4844ae61d4e92bf26ad98af552775-devsite.readyship.co"
64.252.74.218 - - [19/Mar/2026:00:34:33 +0000] "GET /?p=16495 HTTP/1.1" 200 14947 "-" "Amazon CloudFront"
15.158.215.109 - - [19/Mar/2026:00:35:46 +0000] "POST /wp-cron.php?doing_wp_cron=1773880546.6790509223937988281250 HTTP/1.1" 200 - "https://69b4844ae61d4e92bf26ad98af552775-devsite.readyship.co/wp-cron.php?doing_wp_cron=1773880546.6790509223937988281250" "WordPress/5.1.19; https://69b4844ae61d4e92bf26ad98af552775-devsite.readyship.co"
64.252.74.218 - - [19/Mar/2026:00:35:46 +0000] "GET /?p=16523 HTTP/1.1" 200 15391 "-" "Amazon CloudFront"
15.158.215.109 - - [19/Mar/2026:00:36:47 +0000] "POST /wp-cron.php?doing_wp_cron=1773880607.9163360595703125000000 HTTP/1.1" 200 - "https://69b4844ae61d4e92bf26ad98af552775-devsite.readyship.co/wp-cron.php?doing_wp_cron=1773880607.9163360595703125000000" "WordPress/5.1.19; https://69b4844ae61d4e92bf26ad98af552775-devsite.readyship.co"
64.252.74.61 - - [19/Mar/2026:00:36:47 +0000] "GET /?p=16519 HTTP/1.1" 200 14866 "-" "Amazon CloudFront"
64.252.74.218 - - [19/Mar/2026:00:36:47 +0000] "GET /?p=16513 HTTP/1.1" 200 14319 "-" "Amazon CloudFront"
64.252.74.218 - - [19/Mar/2026:00:36:57 +0000] "GET /?p=16525 HTTP/1.1" 200 14516 "-" "Amazon CloudFront"
64.252.74.61 - - [19/Mar/2026:00:36:57 +0000] "GET /?p=16517 HTTP/1.1" 200 14893 "-" "Amazon CloudFront"
64.252.74.218 - - [19/Mar/2026:00:37:02 +0000] "GET /?p=16511 HTTP/1.1" 200 15303 "-" "Amazon CloudFront"
64.252.74.61 - - [19/Mar/2026:00:37:03 +0000] "GET /?p=16527 HTTP/1.1" 200 14895 "-" "Amazon CloudFront"
64.252.76.215 - - [19/Mar/2026:00:37:09 +0000] "GET /?p=91477 HTTP/1.1" 200 17375 "-" "Amazon CloudFront"
15.158.215.109 - - [19/Mar/2026:00:38:01 +0000] "POST /wp-cron.php?doing_wp_cron=1773880681.6230919361114501953125 HTTP/1.1" 200 - "https://69b4844ae61d4e92bf26ad98af552775-devsite.readyship.co/wp-cron.php?doing_wp_cron=1773880681.6230919361114501953125" "WordPress/5.1.19; https://69b4844ae61d4e92bf26ad98af552775-devsite.readyship.co"
64.252.74.61 - - [19/Mar/2026:00:38:01 +0000] "GET /?p=16521 HTTP/1.1" 200 15235 "-" "Amazon CloudFront"
64.252.76.215 - - [19/Mar/2026:00:38:20 +0000] "GET /?feed=rss2&p=91513 HTTP/1.1" 200 515 "-" "Amazon CloudFront"
64.252.74.61 - - [19/Mar/2026:00:38:20 +0000] "GET /?feed=rss2&p=16487 HTTP/1.1" 200 522 "-" "Amazon CloudFront"
64.252.74.61 - - [19/Mar/2026:00:38:23 +0000] "GET /?feed=rss2&p=16461 HTTP/1.1" 200 516 "-" "Amazon CloudFront"
15.158.215.109 - - [19/Mar/2026:00:38:23 +0000] "POST /wp-cron.php?doing_wp_cron=1773880703.6530809402465820312500 HTTP/1.1" 200 - "https://69b4844ae61d4e92bf26ad98af552775-devsite.readyship.co/wp-cron.php?doing_wp_cron=1773880703.6530809402465820312500" "WordPress/5.1.19; https://69b4844ae61d4e92bf26ad98af552775-devsite.readyship.co"
64.252.76.215 - - [19/Mar/2026:00:38:23 +0000] "GET /?feed=rss2&p=91503 HTTP/1.1" 200 490 "-" "Amazon CloudFront"
64.252.76.215 - - [19/Mar/2026:00:39:18 +0000] "GET /?feed=rss2&p=91483 HTTP/1.1" 200 528 "-" "Amazon CloudFront"
64.252.76.215 - - [19/Mar/2026:00:39:18 +0000] "GET /?feed=rss2&p=91505 HTTP/1.1" 200 510 "-" "Amazon CloudFront"
64.252.76.215 - - [19/Mar/2026:00:39:37 +0000] "GET /?feed=rss2&p=91499 HTTP/1.1" 200 546 "-" "Amazon CloudFront"
15.158.215.109 - - [19/Mar/2026:00:39:37 +0000] "POST /wp-cron.php?doing_wp_cron=1773880777.7270450592041015625000 HTTP/1.1" 200 - "https://69b4844ae61d4e92bf26ad98af552775-devsite.readyship.co/wp-cron.php?doing_wp_cron=1773880777.7270450592041015625000" "WordPress/5.1.19; https://69b4844ae61d4e92bf26ad98af552775-devsite.readyship.co"
64.252.74.61 - - [19/Mar/2026:00:39:37 +0000] "GET /?feed=rss2&p=91479 HTTP/1.1" 200 539 "-" "Amazon CloudFront"
64.252.74.218 - - [19/Mar/2026:00:39:42 +0000] "GET /?feed=rss2&p=91487 HTTP/1.1" 200 513 "-" "Amazon CloudFront"
64.252.74.61 - - [19/Mar/2026:00:39:43 +0000] "GET /?feed=rss2&p=91501 HTTP/1.1" 200 507 "-" "Amazon CloudFront"
64.252.76.215 - - [19/Mar/2026:00:40:10 +0000] "GET /?cat=1&paged=3961 HTTP/1.1" 200 11345 "-" "Amazon CloudFront"
64.252.74.61 - - [19/Mar/2026:00:41:21 +0000] "GET /?feed=rss2&p=16471 HTTP/1.1" 200 494 "-" "Amazon CloudFront"
15.158.215.109 - - [19/Mar/2026:00:41:21 +0000] "POST /wp-cron.php?doing_wp_cron=1773880881.5765140056610107421875 HTTP/1.1" 200 - "https://69b4844ae61d4e92bf26ad98af552775-devsite.readyship.co/wp-cron.php?doing_wp_cron=1773880881.5765140056610107421875" "WordPress/5.1.19; https://69b4844ae61d4e92bf26ad98af552775-devsite.readyship.co"
64.252.76.215 - - [19/Mar/2026:00:41:21 +0000] "GET /?feed=rss2&p=91517 HTTP/1.1" 200 534 "-" "Amazon CloudFront"
64.252.76.215 - - [19/Mar/2026:00:41:32 +0000] "GET /?feed=rss2&p=91489 HTTP/1.1" 200 527 "-" "Amazon CloudFront"
64.252.76.215 - - [19/Mar/2026:00:41:32 +0000] "GET /?feed=rss2&p=16469 HTTP/1.1" 200 500 "-" "Amazon CloudFront"
64.252.76.215 - - [19/Mar/2026:00:42:19 +0000] "GET /?p=16528 HTTP/1.1" 200 14708 "-" "Amazon CloudFront"
15.158.215.109 - - [19/Mar/2026:00:42:45 +0000] "POST /wp-cron.php?doing_wp_cron=1773880965.9260909557342529296875 HTTP/1.1" 200 - "https://69b4844ae61d4e92bf26ad98af552775-devsite.readyship.co/wp-cron.php?doing_wp_cron=1773880965.9260909557342529296875" "WordPress/5.1.19; https://69b4844ae61d4e92bf26ad98af552775-devsite.readyship.co"
64.252.76.215 - - [19/Mar/2026:00:42:45 +0000] "GET /?p=16515 HTTP/1.1" 200 14544 "-" "Amazon CloudFront"
64.252.76.215 - - [19/Mar/2026:00:42:49 +0000] "GET /?feed=rss2&p=16479 HTTP/1.1" 200 536 "-" "Amazon CloudFront"
64.252.74.218 - - [19/Mar/2026:00:42:49 +0000] "GET /?feed=rss2&p=16473 HTTP/1.1" 200 536 "-" "Amazon CloudFront"
15.158.215.109 - - [19/Mar/2026:00:44:01 +0000] "POST /wp-cron.php?doing_wp_cron=1773881041.2332739830017089843750 HTTP/1.1" 200 - "https://69b4844ae61d4e92bf26ad98af552775-devsite.readyship.co/wp-cron.php?doing_wp_cron=1773881041.2332739830017089843750" "WordPress/5.1.19; https://69b4844ae61d4e92bf26ad98af552775-devsite.readyship.co"
64.252.74.218 - - [19/Mar/2026:00:44:00 +0000] "GET /?feed=rss2&p=91509 HTTP/1.1" 200 514 "-" "Amazon CloudFront"
15.158.215.109 - - [19/Mar/2026:00:48:43 +0000] "POST /wp-cron.php?doing_wp_cron=1773881323.4381499290466308593750 HTTP/1.1" 200 - "https://69b4844ae61d4e92bf26ad98af552775-devsite.readyship.co/wp-cron.php?doing_wp_cron=1773881323.4381499290466308593750" "WordPress/5.1.19; https://69b4844ae61d4e92bf26ad98af552775-devsite.readyship.co"
64.252.74.218 - - [19/Mar/2026:00:48:43 +0000] "GET /?feed=rss2&p=91507 HTTP/1.1" 200 495 "-" "Amazon CloudFront"
64.252.74.218 - - [19/Mar/2026:00:49:04 +0000] "GET /?feed=rss2&p=91515 HTTP/1.1" 200 577 "-" "Amazon CloudFront"
15.158.215.109 - - [19/Mar/2026:00:49:55 +0000] "POST /wp-cron.php?doing_wp_cron=1773881395.6893301010131835937500 HTTP/1.1" 200 - "https://69b4844ae61d4e92bf26ad98af552775-devsite.readyship.co/wp-cron.php?doing_wp_cron=1773881395.6893301010131835937500" "WordPress/5.1.19; https://69b4844ae61d4e92bf26ad98af552775-devsite.readyship.co"
64.252.74.218 - - [19/Mar/2026:00:49:55 +0000] "GET /?p=91471 HTTP/1.1" 200 15428 "-" "Amazon CloudFront"
64.252.74.218 - - [19/Mar/2026:00:50:16 +0000] "GET /?p=91445 HTTP/1.1" 200 22639 "-" "Amazon CloudFront"
64.252.74.61 - - [19/Mar/2026:00:50:16 +0000] "GET /?p=91473 HTTP/1.1" 200 24484 "-" "Amazon CloudFront"
15.158.215.109 - - [19/Mar/2026:00:50:26 +0000] "POST /wp-cron.php?doing_wp_cron=1773881426.7914121150970458984375 HTTP/1.1" 200 - "https://69b4844ae61d4e92bf26ad98af552775-devsite.readyship.co/wp-cron.php?doing_wp_cron=1773881426.7914121150970458984375" "WordPress/5.1.19; https://69b4844ae61d4e92bf26ad98af552775-devsite.readyship.co"
64.252.74.61 - - [19/Mar/2026:00:50:26 +0000] "GET /?p=91467 HTTP/1.1" 200 16751 "-" "Amazon CloudFront"
64.252.74.218 - - [19/Mar/2026:00:50:26 +0000] "GET /?p=91475 HTTP/1.1" 200 16912 "-" "Amazon CloudFront"
64.252.74.61 - - [19/Mar/2026:00:50:53 +0000] "GET /?p=91447 HTTP/1.1" 200 16629 "-" "Amazon CloudFront"
64.252.76.215 - - [19/Mar/2026:00:50:53 +0000] "GET /?p=91455 HTTP/1.1" 200 22541 "-" "Amazon CloudFront"
15.158.215.109 - - [19/Mar/2026:00:51:38 +0000] "POST /wp-cron.php?doing_wp_cron=1773881498.2670929431915283203125 HTTP/1.1" 200 - "https://69b4844ae61d4e92bf26ad98af552775-devsite.readyship.co/wp-cron.php?doing_wp_cron=1773881498.2670929431915283203125" "WordPress/5.1.19; https://69b4844ae61d4e92bf26ad98af552775-devsite.readyship.co"
64.252.74.218 - - [19/Mar/2026:00:51:37 +0000] "GET /?p=91439 HTTP/1.1" 200 16119 "-" "Amazon CloudFront"
64.252.74.61 - - [19/Mar/2026:00:51:37 +0000] "GET /?p=91453 HTTP/1.1" 200 16687 "-" "Amazon CloudFront"
64.252.74.61 - - [19/Mar/2026:00:51:44 +0000] "GET /?p=91451 HTTP/1.1" 200 17040 "-" "Amazon CloudFront"
64.252.74.218 - - [19/Mar/2026:00:51:44 +0000] "GET /?p=91461 HTTP/1.1" 200 17329 "-" "Amazon CloudFront"
64.252.76.215 - - [19/Mar/2026:00:51:55 +0000] "GET /?feed=rss2&p=91485 HTTP/1.1" 200 517 "-" "Amazon CloudFront"
64.252.74.61 - - [19/Mar/2026:00:51:55 +0000] "GET /?feed=rss2&p=91491 HTTP/1.1" 200 557 "-" "Amazon CloudFront"
64.252.76.215 - - [19/Mar/2026:00:52:20 +0000] "GET /?feed=rss2&p=91493 HTTP/1.1" 200 543 "-" "Amazon CloudFront"
15.158.215.109 - - [19/Mar/2026:00:52:52 +0000] "POST /wp-cron.php?doing_wp_cron=1773881572.8990430831909179687500 HTTP/1.1" 200 - "https://69b4844ae61d4e92bf26ad98af552775-devsite.readyship.co/wp-cron.php?doing_wp_cron=1773881572.8990430831909179687500" "WordPress/5.1.19; https://69b4844ae61d4e92bf26ad98af552775-devsite.readyship.co"
64.252.74.218 - - [19/Mar/2026:00:52:52 +0000] "GET /?feed=rss2&p=91496 HTTP/1.1" 200 498 "-" "Amazon CloudFront"
64.252.74.61 - - [19/Mar/2026:00:53:12 +0000] "GET /?feed=rss2&p=91495 HTTP/1.1" 200 522 "-" "Amazon CloudFront"
15.158.215.109 - - [19/Mar/2026:00:53:29 +0000] "POST /wp-cron.php?doing_wp_cron=1773881609.2510669231414794921875 HTTP/1.1" 200 - "https://69b4844ae61d4e92bf26ad98af552775-devsite.readyship.co/wp-cron.php?doing_wp_cron=1773881609.2510669231414794921875" "WordPress/5.1.19; https://69b4844ae61d4e92bf26ad98af552775-devsite.readyship.co"
64.252.74.218 - - [19/Mar/2026:00:53:28 +0000] "GET /?feed=rss2&p=91511 HTTP/1.1" 200 529 "-" "Amazon CloudFront"
64.252.74.61 - - [19/Mar/2026:00:53:55 +0000] "GET /?cat=1&paged=270 HTTP/1.1" 200 11424 "-" "Amazon CloudFront"
64.252.68.203 - - [19/Mar/2026:00:54:04 +0000] "GET /?p=43780 HTTP/1.1" 200 23740 "-" "Amazon CloudFront"
15.158.215.109 - - [19/Mar/2026:00:54:12 +0000] "POST /wp-cron.php?doing_wp_cron=1773881652.8206770420074462890625 HTTP/1.1" 200 - "https://69b4844ae61d4e92bf26ad98af552775-devsite.readyship.co/wp-cron.php?doing_wp_cron=1773881652.8206770420074462890625" "WordPress/5.1.19; https://69b4844ae61d4e92bf26ad98af552775-devsite.readyship.co"
64.252.74.218 - - [19/Mar/2026:00:54:14 +0000] "GET /?cat=1&paged=269 HTTP/1.1" 200 11329 "-" "Amazon CloudFront"
64.252.122.183 - - [19/Mar/2026:00:54:12 +0000] "GET / HTTP/1.1" 200 24274 "-" "Amazon CloudFront"
64.252.126.120 - - [19/Mar/2026:00:54:13 +0000] "GET / HTTP/1.1" 200 24296 "-" "Amazon CloudFront"
3.172.43.75 - - [19/Mar/2026:00:54:23 +0000] "GET /wp-login.php HTTP/1.1" 200 1185 "-" "Mozilla/5.0 (Windows NT 10.0; Win64; x64) AppleWebKit/537.36 (KHTML, like Gecko) Chrome/120.0.0.0 Safari/537.36"
15.158.215.109 - - [19/Mar/2026:00:54:23 +0000] "POST /wp-cron.php?doing_wp_cron=1773881663.5930140018463134765625 HTTP/1.1" 200 - "https://69b4844ae61d4e92bf26ad98af552775-devsite.readyship.co/wp-cron.php?doing_wp_cron=1773881663.5930140018463134765625" "WordPress/5.1.19; https://69b4844ae61d4e92bf26ad98af552775-devsite.readyship.co"
3.172.43.75 - - [19/Mar/2026:00:54:30 +0000] "POST /wp-login.php HTTP/1.1" 200 1575 "https://69b4844ae61d4e92bf26ad98af552775-devsite.readyship.co/wp-login.php" "Mozilla/5.0 (Windows NT 10.0; Win64; x64) AppleWebKit/537.36 (KHTML, like Gecko) Chrome/120.0.0.0 Safari/537.36"
3.172.43.75 - - [19/Mar/2026:00:54:37 +0000] "POST /wp-login.php HTTP/1.1" 200 1575 "https://69b4844ae61d4e92bf26ad98af552775-devsite.readyship.co/wp-login.php" "Mozilla/5.0 (Windows NT 10.0; Win64; x64) AppleWebKit/537.36 (KHTML, like Gecko) Chrome/120.0.0.0 Safari/537.36"
64.252.76.215 - - [19/Mar/2026:00:54:44 +0000] "GET /?feed=rss2&p=91481 HTTP/1.1" 200 544 "-" "Amazon CloudFront"
3.172.43.75 - - [19/Mar/2026:00:54:53 +0000] "POST /wp-login.php HTTP/1.1" 200 1575 "https://69b4844ae61d4e92bf26ad98af552775-devsite.readyship.co/wp-login.php" "Mozilla/5.0 (Windows NT 10.0; Win64; x64) AppleWebKit/537.36 (KHTML, like Gecko) Chrome/120.0.0.0 Safari/537.36"
3.172.43.75 - - [19/Mar/2026:00:54:55 +0000] "POST /xmlrpc.php HTTP/1.1" 200 231 "-" "WordPress/5.0; https://69b4844ae61d4e92bf26ad98af552775-devsite.readyship.co"
64.252.74.218 - - [19/Mar/2026:00:54:57 +0000] "GET /?p=91441 HTTP/1.1" 200 24593 "-" "Amazon CloudFront"
64.252.74.61 - - [19/Mar/2026:00:54:57 +0000] "GET /?p=91463 HTTP/1.1" 200 18207 "-" "Amazon CloudFront"
15.158.215.109 - - [19/Mar/2026:00:55:27 +0000] "POST /wp-cron.php?doing_wp_cron=1773881727.1491830348968505859375 HTTP/1.1" 200 - "https://69b4844ae61d4e92bf26ad98af552775-devsite.readyship.co/wp-cron.php?doing_wp_cron=1773881727.1491830348968505859375" "WordPress/5.1.19; https://69b4844ae61d4e92bf26ad98af552775-devsite.readyship.co"
64.252.76.215 - - [19/Mar/2026:00:55:27 +0000] "GET /?p=91443 HTTP/1.1" 200 16837 "-" "Amazon CloudFront"
64.252.74.218 - - [19/Mar/2026:00:55:26 +0000] "GET /?p=91457 HTTP/1.1" 200 24727 "-" "Amazon CloudFront"
64.252.74.61 - - [19/Mar/2026:00:56:16 +0000] "GET /?p=91468 HTTP/1.1" 200 18021 "-" "Amazon CloudFront"
64.252.74.61 - - [19/Mar/2026:00:56:16 +0000] "GET /?p=91465 HTTP/1.1" 200 23689 "-" "Amazon CloudFront"
64.252.74.61 - - [19/Mar/2026:00:56:19 +0000] "GET /?p=91449 HTTP/1.1" 200 17113 "-" "Amazon CloudFront"
64.252.74.61 - - [19/Mar/2026:00:56:20 +0000] "GET /?p=91459 HTTP/1.1" 200 15653 "-" "Amazon CloudFront"
64.252.122.183 - - [19/Mar/2026:01:01:11 +0000] "GET /favicon.ico HTTP/1.1" 200 - "-" "Amazon CloudFront"
15.158.215.109 - - [19/Mar/2026:01:02:42 +0000] "POST /wp-cron.php?doing_wp_cron=1773882161.8983540534973144531250 HTTP/1.1" 200 - "https://69b4844ae61d4e92bf26ad98af552775-devsite.readyship.co/wp-cron.php?doing_wp_cron=1773882161.8983540534973144531250" "WordPress/5.1.19; https://69b4844ae61d4e92bf26ad98af552775-devsite.readyship.co"
3.172.10.105 - - [19/Mar/2026:01:02:41 +0000] "POST /xmlrpc.php HTTP/1.1" 200 403 "-" "Mozilla/5.0 (X11; Linux x86_64) AppleWebKit/537.36 (KHTML, like Gecko) Chrome/114.0.0.0 Safari/537.36"
3.172.10.105 - - [19/Mar/2026:01:02:44 +0000] "POST /xmlrpc.php HTTP/1.1" 200 403 "-" "Mozilla/5.0 (X11; Linux x86_64) AppleWebKit/537.36 (KHTML, like Gecko) Chrome/114.0.0.0 Safari/537.36"
3.172.10.105 - - [19/Mar/2026:01:02:45 +0000] "POST /xmlrpc.php HTTP/1.1" 200 403 "-" "Mozilla/5.0 (X11; Linux x86_64) AppleWebKit/537.36 (KHTML, like Gecko) Chrome/114.0.0.0 Safari/537.36"
3.172.10.105 - - [19/Mar/2026:01:02:47 +0000] "POST /xmlrpc.php HTTP/1.1" 200 403 "-" "Mozilla/5.0 (X11; Linux x86_64) AppleWebKit/537.36 (KHTML, like Gecko) Chrome/114.0.0.0 Safari/537.36"
15.158.215.109 - - [19/Mar/2026:01:07:15 +0000] "POST /wp-cron.php?doing_wp_cron=1773882435.0827779769897460937500 HTTP/1.1" 200 - "https://69b4844ae61d4e92bf26ad98af552775-devsite.readyship.co/wp-cron.php?doing_wp_cron=1773882435.0827779769897460937500" "WordPress/5.1.19; https://69b4844ae61d4e92bf26ad98af552775-devsite.readyship.co"
18.68.51.43 - - [19/Mar/2026:01:07:14 +0000] "POST /xmlrpc.php HTTP/1.1" 200 403 "-" "Mozilla/5.0 (compatible; Googlebot/2.1; +http://www.google.com/bot.html)"
15.158.215.109 - - [19/Mar/2026:01:10:39 +0000] "POST /wp-cron.php?doing_wp_cron=1773882638.9825460910797119140625 HTTP/1.1" 200 - "https://69b4844ae61d4e92bf26ad98af552775-devsite.readyship.co/wp-cron.php?doing_wp_cron=1773882638.9825460910797119140625" "WordPress/5.1.19; https://69b4844ae61d4e92bf26ad98af552775-devsite.readyship.co"
64.252.76.215 - - [19/Mar/2026:01:10:38 +0000] "GET /?feed=rss2&p=38710 HTTP/1.1" 200 510 "-" "Amazon CloudFront"
15.158.215.109 - - [19/Mar/2026:01:13:03 +0000] "POST /wp-cron.php?doing_wp_cron=1773882783.9090490341186523437500 HTTP/1.1" 200 - "https://69b4844ae61d4e92bf26ad98af552775-devsite.readyship.co/wp-cron.php?doing_wp_cron=1773882783.9090490341186523437500" "WordPress/5.1.19; https://69b4844ae61d4e92bf26ad98af552775-devsite.readyship.co"
64.252.66.156 - - [19/Mar/2026:01:13:03 +0000] "GET /?p=10979 HTTP/1.1" 200 16925 "-" "Amazon CloudFront"
15.158.215.109 - - [19/Mar/2026:01:13:29 +0000] "POST /wp-cron.php?doing_wp_cron=1773882809.9337990283966064453125 HTTP/1.1" 200 - "https://69b4844ae61d4e92bf26ad98af552775-devsite.readyship.co/wp-cron.php?doing_wp_cron=1773882809.9337990283966064453125" "WordPress/5.1.19; https://69b4844ae61d4e92bf26ad98af552775-devsite.readyship.co"
64.252.74.218 - - [19/Mar/2026:01:13:29 +0000] "GET /?p=38712 HTTP/1.1" 200 17970 "-" "Amazon CloudFront"
15.158.215.109 - - [19/Mar/2026:01:21:59 +0000] "POST /wp-cron.php?doing_wp_cron=1773883319.7055289745330810546875 HTTP/1.1" 200 - "https://69b4844ae61d4e92bf26ad98af552775-devsite.readyship.co/wp-cron.php?doing_wp_cron=1773883319.7055289745330810546875" "WordPress/5.1.19; https://69b4844ae61d4e92bf26ad98af552775-devsite.readyship.co"
18.68.8.18 - - [19/Mar/2026:01:21:53 +0000] "POST /xmlrpc.php HTTP/1.1" 200 403 "-" "Mozilla/5.0 (Windows NT 10.0; Win64; x64) AppleWebKit/537.36 (KHTML, like Gecko) Chrome/114.0.0.0 Safari/537.36"
18.68.8.18 - - [19/Mar/2026:01:22:04 +0000] "POST /xmlrpc.php HTTP/1.1" 200 403 "-" "Mozilla/5.0 (Windows NT 10.0; Win64; x64) AppleWebKit/537.36 (KHTML, like Gecko) Chrome/114.0.0.0 Safari/537.36"
15.158.215.109 - - [19/Mar/2026:01:32:07 +0000] "POST /wp-cron.php?doing_wp_cron=1773883927.4006190299987792968750 HTTP/1.1" 200 - "https://69b4844ae61d4e92bf26ad98af552775-devsite.readyship.co/wp-cron.php?doing_wp_cron=1773883927.4006190299987792968750" "WordPress/5.1.19; https://69b4844ae61d4e92bf26ad98af552775-devsite.readyship.co"
64.252.76.215 - - [19/Mar/2026:01:31:59 +0000] "GET /?p=26018 HTTP/1.1" 200 15578 "-" "Amazon CloudFront"
15.158.215.109 - - [19/Mar/2026:01:33:40 +0000] "POST /wp-cron.php?doing_wp_cron=1773884020.0996830463409423828125 HTTP/1.1" 200 - "https://69b4844ae61d4e92bf26ad98af552775-devsite.readyship.co/wp-cron.php?doing_wp_cron=1773884020.0996830463409423828125" "WordPress/5.1.19; https://69b4844ae61d4e92bf26ad98af552775-devsite.readyship.co"
64.252.74.218 - - [19/Mar/2026:01:33:39 +0000] "GET /?feed=rss2&p=26016 HTTP/1.1" 200 568 "-" "Amazon CloudFront"
64.252.68.203 - - [19/Mar/2026:01:34:09 +0000] "GET /?healthcheck_timestamp=1773883847619 HTTP/1.1" 200 178917 "-" "Amazon CloudFront"
64.252.74.61 - - [19/Mar/2026:01:34:14 +0000] "GET /?page_id=2807&paged=4298 HTTP/1.1" 200 11282 "-" "Amazon CloudFront"
15.158.215.109 - - [19/Mar/2026:01:36:00 +0000] "POST /wp-cron.php?doing_wp_cron=1773884160.2430229187011718750000 HTTP/1.1" 200 - "https://69b4844ae61d4e92bf26ad98af552775-devsite.readyship.co/wp-cron.php?doing_wp_cron=1773884160.2430229187011718750000" "WordPress/5.1.19; https://69b4844ae61d4e92bf26ad98af552775-devsite.readyship.co"
64.252.74.218 - - [19/Mar/2026:01:35:59 +0000] "GET /?p=26811 HTTP/1.1" 200 16934 "-" "Amazon CloudFront"
15.158.215.109 - - [19/Mar/2026:01:36:47 +0000] "POST /wp-cron.php?doing_wp_cron=1773884207.5249121189117431640625 HTTP/1.1" 200 - "https://69b4844ae61d4e92bf26ad98af552775-devsite.readyship.co/wp-cron.php?doing_wp_cron=1773884207.5249121189117431640625" "WordPress/5.1.19; https://69b4844ae61d4e92bf26ad98af552775-devsite.readyship.co"
64.252.74.218 - - [19/Mar/2026:01:36:47 +0000] "GET /?page_id=2807&paged=4299 HTTP/1.1" 200 11327 "-" "Amazon CloudFront"
15.158.215.109 - - [19/Mar/2026:01:37:51 +0000] "POST /wp-cron.php?doing_wp_cron=1773884271.2089409828186035156250 HTTP/1.1" 200 - "https://69b4844ae61d4e92bf26ad98af552775-devsite.readyship.co/wp-cron.php?doing_wp_cron=1773884271.2089409828186035156250" "WordPress/5.1.19; https://69b4844ae61d4e92bf26ad98af552775-devsite.readyship.co"
18.68.19.181 - - [19/Mar/2026:01:37:50 +0000] "POST /xmlrpc.php HTTP/1.1" 200 403 "-" "Mozilla/5.0 (Windows NT 10.0; Win64; x64) AppleWebKit/537.36 (KHTML, like Gecko) Chrome/114.0.0.0 Safari/537.36"
18.68.19.181 - - [19/Mar/2026:01:37:53 +0000] "POST /xmlrpc.php HTTP/1.1" 200 403 "-" "Mozilla/5.0 (Windows NT 10.0; Win64; x64) AppleWebKit/537.36 (KHTML, like Gecko) Chrome/114.0.0.0 Safari/537.36"
15.158.215.109 - - [19/Mar/2026:01:38:23 +0000] "POST /wp-cron.php?doing_wp_cron=1773884303.0157639980316162109375 HTTP/1.1" 200 - "https://69b4844ae61d4e92bf26ad98af552775-devsite.readyship.co/wp-cron.php?doing_wp_cron=1773884303.0157639980316162109375" "WordPress/5.1.19; https://69b4844ae61d4e92bf26ad98af552775-devsite.readyship.co"
64.252.76.215 - - [19/Mar/2026:01:38:22 +0000] "GET /?feed=rss2&p=26813 HTTP/1.1" 200 508 "-" "Amazon CloudFront"
64.252.89.111 - - [19/Mar/2026:01:39:17 +0000] "GET /sitemap.xml HTTP/1.1" 301 - "-" "Amazon CloudFront"
64.252.89.111 - - [19/Mar/2026:01:39:17 +0000] "GET /sitemap.xml/ HTTP/1.1" 200 23841 "-" "Amazon CloudFront"
64.252.76.215 - - [19/Mar/2026:01:49:01 +0000] "GET /?feed=rss2&p=16489 HTTP/1.1" 200 499 "-" "Amazon CloudFront"
15.158.215.109 - - [19/Mar/2026:01:49:08 +0000] "POST /wp-cron.php?doing_wp_cron=1773884948.2156920433044433593750 HTTP/1.1" 200 - "https://69b4844ae61d4e92bf26ad98af552775-devsite.readyship.co/wp-cron.php?doing_wp_cron=1773884948.2156920433044433593750" "WordPress/5.1.19; https://69b4844ae61d4e92bf26ad98af552775-devsite.readyship.co"
15.158.215.109 - - [19/Mar/2026:01:53:44 +0000] "POST /wp-cron.php?doing_wp_cron=1773885224.3376080989837646484375 HTTP/1.1" 200 - "https://69b4844ae61d4e92bf26ad98af552775-devsite.readyship.co/wp-cron.php?doing_wp_cron=1773885224.3376080989837646484375" "WordPress/5.1.19; https://69b4844ae61d4e92bf26ad98af552775-devsite.readyship.co"
18.68.51.43 - - [19/Mar/2026:01:53:44 +0000] "POST / HTTP/1.1" 200 23853 "-" "Amazon CloudFront"
18.68.51.43 - - [19/Mar/2026:01:53:48 +0000] "POST / HTTP/1.1" 200 23835 "-" "Amazon CloudFront"
18.68.51.43 - - [19/Mar/2026:01:53:51 +0000] "POST / HTTP/1.1" 200 23829 "-" "Amazon CloudFront"
18.68.51.43 - - [19/Mar/2026:01:53:55 +0000] "POST / HTTP/1.1" 200 23818 "-" "Amazon CloudFront"
18.68.51.43 - - [19/Mar/2026:01:53:59 +0000] "POST / HTTP/1.1" 200 23831 "-" "Amazon CloudFront"
18.68.51.43 - - [19/Mar/2026:01:54:03 +0000] "POST / HTTP/1.1" 200 23792 "-" "Amazon CloudFront"
18.68.51.43 - - [19/Mar/2026:01:54:06 +0000] "POST / HTTP/1.1" 200 23845 "-" "Amazon CloudFront"
18.68.51.43 - - [19/Mar/2026:01:54:10 +0000] "POST / HTTP/1.1" 200 23836 "-" "Amazon CloudFront"
15.158.215.109 - - [19/Mar/2026:01:54:14 +0000] "POST /wp-cron.php?doing_wp_cron=1773885254.0429840087890625000000 HTTP/1.1" 200 - "https://69b4844ae61d4e92bf26ad98af552775-devsite.readyship.co/wp-cron.php?doing_wp_cron=1773885254.0429840087890625000000" "WordPress/5.1.19; https://69b4844ae61d4e92bf26ad98af552775-devsite.readyship.co"
18.68.51.43 - - [19/Mar/2026:01:54:13 +0000] "POST / HTTP/1.1" 200 23824 "-" "Amazon CloudFront"
18.68.51.43 - - [19/Mar/2026:01:54:18 +0000] "POST / HTTP/1.1" 200 23850 "-" "Amazon CloudFront"
15.158.215.109 - - [19/Mar/2026:01:54:22 +0000] "POST /wp-cron.php?doing_wp_cron=1773885262.5030310153961181640625 HTTP/1.1" 200 - "https://69b4844ae61d4e92bf26ad98af552775-devsite.readyship.co/wp-cron.php?doing_wp_cron=1773885262.5030310153961181640625" "WordPress/5.1.19; https://69b4844ae61d4e92bf26ad98af552775-devsite.readyship.co"
18.68.51.43 - - [19/Mar/2026:01:54:22 +0000] "POST / HTTP/1.1" 200 23817 "-" "Amazon CloudFront"
18.68.51.43 - - [19/Mar/2026:01:54:26 +0000] "POST / HTTP/1.1" 200 23840 "-" "Amazon CloudFront"
18.68.51.43 - - [19/Mar/2026:01:54:30 +0000] "POST / HTTP/1.1" 200 23823 "-" "Amazon CloudFront"
18.68.51.43 - - [19/Mar/2026:01:54:34 +0000] "POST / HTTP/1.1" 200 23823 "-" "Amazon CloudFront"
18.68.51.43 - - [19/Mar/2026:01:54:38 +0000] "POST / HTTP/1.1" 200 23831 "-" "Amazon CloudFront"
15.158.215.109 - - [19/Mar/2026:02:00:48 +0000] "POST /wp-cron.php?doing_wp_cron=1773885648.4856569766998291015625 HTTP/1.1" 200 - "https://69b4844ae61d4e92bf26ad98af552775-devsite.readyship.co/wp-cron.php?doing_wp_cron=1773885648.4856569766998291015625" "WordPress/5.1.19; https://69b4844ae61d4e92bf26ad98af552775-devsite.readyship.co"
64.252.74.218 - - [19/Mar/2026:02:00:48 +0000] "GET /?p=16539 HTTP/1.1" 200 15231 "-" "Amazon CloudFront"
64.252.74.61 - - [19/Mar/2026:02:00:47 +0000] "GET /?p=79991 HTTP/1.1" 200 21501 "-" "Amazon CloudFront"
64.252.76.215 - - [19/Mar/2026:02:01:07 +0000] "GET /?p=16533 HTTP/1.1" 200 14211 "-" "Amazon CloudFront"
64.252.74.218 - - [19/Mar/2026:02:01:08 +0000] "GET /?p=16541 HTTP/1.1" 200 14533 "-" "Amazon CloudFront"
64.252.74.61 - - [19/Mar/2026:02:01:13 +0000] "GET /?p=16545 HTTP/1.1" 200 15296 "-" "Amazon CloudFront"
15.158.215.109 - - [19/Mar/2026:02:01:54 +0000] "POST /wp-cron.php?doing_wp_cron=1773885714.9031329154968261718750 HTTP/1.1" 200 - "https://69b4844ae61d4e92bf26ad98af552775-devsite.readyship.co/wp-cron.php?doing_wp_cron=1773885714.9031329154968261718750" "WordPress/5.1.19; https://69b4844ae61d4e92bf26ad98af552775-devsite.readyship.co"
64.252.74.218 - - [19/Mar/2026:02:01:54 +0000] "GET /?p=16535 HTTP/1.1" 200 14985 "-" "Amazon CloudFront"
64.252.76.215 - - [19/Mar/2026:02:01:54 +0000] "GET /?p=16547 HTTP/1.1" 200 14762 "-" "Amazon CloudFront"
64.252.74.218 - - [19/Mar/2026:02:02:55 +0000] "GET /?p=16537 HTTP/1.1" 200 14938 "-" "Amazon CloudFront"
15.158.215.109 - - [19/Mar/2026:02:02:55 +0000] "POST /wp-cron.php?doing_wp_cron=1773885775.4360990524291992187500 HTTP/1.1" 200 - "https://69b4844ae61d4e92bf26ad98af552775-devsite.readyship.co/wp-cron.php?doing_wp_cron=1773885775.4360990524291992187500" "WordPress/5.1.19; https://69b4844ae61d4e92bf26ad98af552775-devsite.readyship.co"
64.252.74.218 - - [19/Mar/2026:02:02:58 +0000] "GET /?p=16531 HTTP/1.1" 200 14725 "-" "Amazon CloudFront"
64.252.74.61 - - [19/Mar/2026:02:03:09 +0000] "GET /?feed=rss2&p=79989 HTTP/1.1" 200 590 "-" "Amazon CloudFront"
15.158.215.109 - - [19/Mar/2026:02:03:46 +0000] "POST /wp-cron.php?doing_wp_cron=1773885826.2988259792327880859375 HTTP/1.1" 200 - "https://69b4844ae61d4e92bf26ad98af552775-devsite.readyship.co/wp-cron.php?doing_wp_cron=1773885826.2988259792327880859375" "WordPress/5.1.19; https://69b4844ae61d4e92bf26ad98af552775-devsite.readyship.co"
64.252.74.61 - - [19/Mar/2026:02:03:46 +0000] "GET /?feed=rss2&p=16499 HTTP/1.1" 200 528 "-" "Amazon CloudFront"
64.252.74.61 - - [19/Mar/2026:02:03:45 +0000] "GET /?feed=rss2&p=16503 HTTP/1.1" 200 514 "-" "Amazon CloudFront"
64.252.68.102 - - [19/Mar/2026:02:04:02 +0000] "GET /?p=25530 HTTP/1.1" 200 16668 "-" "Amazon CloudFront"
3.172.10.105 - - [19/Mar/2026:02:04:19 +0000] "POST /xmlrpc.php HTTP/1.1" 200 206 "https://69b4844ae61d4e92bf26ad98af552775-devsite.readyship.co/?p=23378" "PHP/5.3.89"
15.158.215.109 - - [19/Mar/2026:02:04:26 +0000] "POST /wp-cron.php?doing_wp_cron=1773885866.8616418838500976562500 HTTP/1.1" 200 - "https://69b4844ae61d4e92bf26ad98af552775-devsite.readyship.co/wp-cron.php?doing_wp_cron=1773885866.8616418838500976562500" "WordPress/5.1.19; https://69b4844ae61d4e92bf26ad98af552775-devsite.readyship.co"
64.252.76.215 - - [19/Mar/2026:02:04:26 +0000] "GET /?feed=rss2&p=16519 HTTP/1.1" 200 526 "-" "Amazon CloudFront"
64.252.76.215 - - [19/Mar/2026:02:04:26 +0000] "GET /?feed=rss2&p=16505 HTTP/1.1" 200 498 "-" "Amazon CloudFront"
64.252.76.215 - - [19/Mar/2026:02:04:32 +0000] "GET /?feed=rss2&p=16507 HTTP/1.1" 200 502 "-" "Amazon CloudFront"
64.252.76.215 - - [19/Mar/2026:02:04:33 +0000] "GET /?feed=rss2&p=16509 HTTP/1.1" 200 526 "-" "Amazon CloudFront"
64.252.76.215 - - [19/Mar/2026:02:05:03 +0000] "GET /?feed=rss2&p=16525 HTTP/1.1" 200 512 "-" "Amazon CloudFront"
64.252.74.218 - - [19/Mar/2026:02:05:03 +0000] "GET /?feed=rss2&p=16517 HTTP/1.1" 200 523 "-" "Amazon CloudFront"
64.252.74.61 - - [19/Mar/2026:02:05:48 +0000] "GET /?feed=rss2&p=16527 HTTP/1.1" 200 516 "-" "Amazon CloudFront"
15.158.215.109 - - [19/Mar/2026:02:05:48 +0000] "POST /wp-cron.php?doing_wp_cron=1773885948.8683850765228271484375 HTTP/1.1" 200 - "https://69b4844ae61d4e92bf26ad98af552775-devsite.readyship.co/wp-cron.php?doing_wp_cron=1773885948.8683850765228271484375" "WordPress/5.1.19; https://69b4844ae61d4e92bf26ad98af552775-devsite.readyship.co"
64.252.74.218 - - [19/Mar/2026:02:05:48 +0000] "GET /?feed=rss2&p=16511 HTTP/1.1" 200 532 "-" "Amazon CloudFront"
64.252.76.215 - - [19/Mar/2026:02:06:20 +0000] "GET /?feed=rss2&p=91477 HTTP/1.1" 200 493 "-" "Amazon CloudFront"
64.252.74.218 - - [19/Mar/2026:02:07:20 +0000] "GET /?feed=rss2&p=16493 HTTP/1.1" 200 524 "-" "Amazon CloudFront"
15.158.215.109 - - [19/Mar/2026:02:07:20 +0000] "POST /wp-cron.php?doing_wp_cron=1773886040.4844450950622558593750 HTTP/1.1" 200 - "https://69b4844ae61d4e92bf26ad98af552775-devsite.readyship.co/wp-cron.php?doing_wp_cron=1773886040.4844450950622558593750" "WordPress/5.1.19; https://69b4844ae61d4e92bf26ad98af552775-devsite.readyship.co"
64.252.74.61 - - [19/Mar/2026:02:07:20 +0000] "GET /?cat=1&paged=3960 HTTP/1.1" 200 11353 "-" "Amazon CloudFront"
15.158.215.109 - - [19/Mar/2026:02:07:46 +0000] "POST /wp-cron.php?doing_wp_cron=1773886066.1288609504699707031250 HTTP/1.1" 200 - "https://69b4844ae61d4e92bf26ad98af552775-devsite.readyship.co/wp-cron.php?doing_wp_cron=1773886066.1288609504699707031250" "WordPress/5.1.19; https://69b4844ae61d4e92bf26ad98af552775-devsite.readyship.co"
64.252.68.139 - - [19/Mar/2026:02:07:46 +0000] "GET /?p=16543 HTTP/1.1" 200 15873 "-" "Amazon CloudFront"
64.252.68.203 - - [19/Mar/2026:02:07:45 +0000] "GET /?p=16549 HTTP/1.1" 200 15773 "-" "Amazon CloudFront"
15.158.215.109 - - [19/Mar/2026:02:08:32 +0000] "POST /wp-cron.php?doing_wp_cron=1773886112.2938969135284423828125 HTTP/1.1" 200 - "https://69b4844ae61d4e92bf26ad98af552775-devsite.readyship.co/wp-cron.php?doing_wp_cron=1773886112.2938969135284423828125" "WordPress/5.1.19; https://69b4844ae61d4e92bf26ad98af552775-devsite.readyship.co"
64.252.76.215 - - [19/Mar/2026:02:08:31 +0000] "GET /?feed=rss2&p=16495 HTTP/1.1" 200 541 "-" "Amazon CloudFront"
64.252.76.215 - - [19/Mar/2026:02:16:05 +0000] "GET /?feed=rss2&p=16523 HTTP/1.1" 200 499 "-" "Amazon CloudFront"
15.158.215.109 - - [19/Mar/2026:02:16:12 +0000] "POST /wp-cron.php?doing_wp_cron=1773886572.2866299152374267578125 HTTP/1.1" 200 - "https://69b4844ae61d4e92bf26ad98af552775-devsite.readyship.co/wp-cron.php?doing_wp_cron=1773886572.2866299152374267578125" "WordPress/5.1.19; https://69b4844ae61d4e92bf26ad98af552775-devsite.readyship.co"
15.158.215.109 - - [19/Mar/2026:02:16:32 +0000] "POST /wp-cron.php?doing_wp_cron=1773886592.0296659469604492187500 HTTP/1.1" 200 - "https://69b4844ae61d4e92bf26ad98af552775-devsite.readyship.co/wp-cron.php?doing_wp_cron=1773886592.0296659469604492187500" "WordPress/5.1.19; https://69b4844ae61d4e92bf26ad98af552775-devsite.readyship.co"
64.252.76.215 - - [19/Mar/2026:02:16:31 +0000] "GET /?p=91399 HTTP/1.1" 200 16137 "-" "Amazon CloudFront"
64.252.74.61 - - [19/Mar/2026:02:16:31 +0000] "GET /?p=16557 HTTP/1.1" 200 14731 "-" "Amazon CloudFront"
64.252.76.215 - - [19/Mar/2026:02:16:33 +0000] "GET /?p=16569 HTTP/1.1" 200 15057 "-" "Amazon CloudFront"
15.158.215.109 - - [19/Mar/2026:02:17:43 +0000] "POST /wp-cron.php?doing_wp_cron=1773886663.2367920875549316406250 HTTP/1.1" 200 - "https://69b4844ae61d4e92bf26ad98af552775-devsite.readyship.co/wp-cron.php?doing_wp_cron=1773886663.2367920875549316406250" "WordPress/5.1.19; https://69b4844ae61d4e92bf26ad98af552775-devsite.readyship.co"
64.252.76.215 - - [19/Mar/2026:02:17:42 +0000] "GET /?p=16554 HTTP/1.1" 200 14866 "-" "Amazon CloudFront"
64.252.74.61 - - [19/Mar/2026:02:17:48 +0000] "GET /?p=16561 HTTP/1.1" 200 14664 "-" "Amazon CloudFront"
64.252.76.215 - - [19/Mar/2026:02:17:49 +0000] "GET /?p=16565 HTTP/1.1" 200 15150 "-" "Amazon CloudFront"
64.252.74.218 - - [19/Mar/2026:02:17:50 +0000] "GET /?p=16563 HTTP/1.1" 200 14127 "-" "Amazon CloudFront"
64.252.74.218 - - [19/Mar/2026:02:18:19 +0000] "GET /?p=91407 HTTP/1.1" 200 17328 "-" "Amazon CloudFront"
64.252.76.215 - - [19/Mar/2026:02:18:19 +0000] "GET /?p=91409 HTTP/1.1" 200 23170 "-" "Amazon CloudFront"
64.252.74.218 - - [19/Mar/2026:02:18:20 +0000] "GET /?p=16567 HTTP/1.1" 200 15502 "-" "Amazon CloudFront"
15.158.215.109 - - [19/Mar/2026:02:18:37 +0000] "POST /wp-cron.php?doing_wp_cron=1773886717.2589309215545654296875 HTTP/1.1" 200 - "https://69b4844ae61d4e92bf26ad98af552775-devsite.readyship.co/wp-cron.php?doing_wp_cron=1773886717.2589309215545654296875" "WordPress/5.1.19; https://69b4844ae61d4e92bf26ad98af552775-devsite.readyship.co"
64.252.76.215 - - [19/Mar/2026:02:18:36 +0000] "GET /?p=91437 HTTP/1.1" 200 17924 "-" "Amazon CloudFront"
64.252.76.215 - - [19/Mar/2026:02:19:11 +0000] "GET /?p=91405 HTTP/1.1" 200 16370 "-" "Amazon CloudFront"
64.252.76.215 - - [19/Mar/2026:02:19:11 +0000] "GET /?p=91401 HTTP/1.1" 200 23056 "-" "Amazon CloudFront"
64.252.74.218 - - [19/Mar/2026:02:19:12 +0000] "GET /?p=16559 HTTP/1.1" 200 14512 "-" "Amazon CloudFront"
64.252.74.218 - - [19/Mar/2026:02:19:16 +0000] "GET /?p=91415 HTTP/1.1" 200 22634 "-" "Amazon CloudFront"
64.252.74.61 - - [19/Mar/2026:02:19:17 +0000] "GET /?p=91403 HTTP/1.1" 200 22884 "-" "Amazon CloudFront"
15.158.215.109 - - [19/Mar/2026:02:19:42 +0000] "POST /wp-cron.php?doing_wp_cron=1773886782.5324521064758300781250 HTTP/1.1" 200 - "https://69b4844ae61d4e92bf26ad98af552775-devsite.readyship.co/wp-cron.php?doing_wp_cron=1773886782.5324521064758300781250" "WordPress/5.1.19; https://69b4844ae61d4e92bf26ad98af552775-devsite.readyship.co"
64.252.76.215 - - [19/Mar/2026:02:19:42 +0000] "GET /?p=91413 HTTP/1.1" 200 17955 "-" "Amazon CloudFront"
64.252.74.218 - - [19/Mar/2026:02:19:47 +0000] "GET /?p=16553 HTTP/1.1" 200 16209 "-" "Amazon CloudFront"
64.252.76.215 - - [19/Mar/2026:02:19:47 +0000] "GET /?p=91417 HTTP/1.1" 200 16782 "-" "Amazon CloudFront"
64.252.74.218 - - [19/Mar/2026:02:19:48 +0000] "GET /?p=16551 HTTP/1.1" 200 14878 "-" "Amazon CloudFront"
64.252.76.215 - - [19/Mar/2026:02:21:05 +0000] "GET /?feed=rss2&p=16501 HTTP/1.1" 200 521 "-" "Amazon CloudFront"
15.158.215.109 - - [19/Mar/2026:02:21:05 +0000] "POST /wp-cron.php?doing_wp_cron=1773886865.8830149173736572265625 HTTP/1.1" 200 - "https://69b4844ae61d4e92bf26ad98af552775-devsite.readyship.co/wp-cron.php?doing_wp_cron=1773886865.8830149173736572265625" "WordPress/5.1.19; https://69b4844ae61d4e92bf26ad98af552775-devsite.readyship.co"
64.252.74.218 - - [19/Mar/2026:02:21:05 +0000] "GET /?feed=rss2&p=91471 HTTP/1.1" 200 558 "-" "Amazon CloudFront"
64.252.74.61 - - [19/Mar/2026:02:21:06 +0000] "GET /?p=91411 HTTP/1.1" 200 15897 "-" "Amazon CloudFront"
64.252.74.61 - - [19/Mar/2026:02:21:16 +0000] "GET /?feed=rss2&p=91463 HTTP/1.1" 200 526 "-" "Amazon CloudFront"
64.252.74.61 - - [19/Mar/2026:02:21:16 +0000] "GET /?feed=rss2&p=91441 HTTP/1.1" 200 530 "-" "Amazon CloudFront"
64.252.76.215 - - [19/Mar/2026:02:21:17 +0000] "GET /?feed=rss2&p=16528 HTTP/1.1" 200 524 "-" "Amazon CloudFront"
64.252.74.218 - - [19/Mar/2026:02:21:20 +0000] "GET /?feed=rss2&p=91475 HTTP/1.1" 200 534 "-" "Amazon CloudFront"
64.252.74.61 - - [19/Mar/2026:02:21:21 +0000] "GET /?feed=rss2&p=91467 HTTP/1.1" 200 511 "-" "Amazon CloudFront"
15.158.215.109 - - [19/Mar/2026:02:21:22 +0000] "POST /wp-cron.php?doing_wp_cron=1773886882.1228590011596679687500 HTTP/1.1" 200 - "https://69b4844ae61d4e92bf26ad98af552775-devsite.readyship.co/wp-cron.php?doing_wp_cron=1773886882.1228590011596679687500" "WordPress/5.1.19; https://69b4844ae61d4e92bf26ad98af552775-devsite.readyship.co"
64.252.74.218 - - [19/Mar/2026:02:21:21 +0000] "GET /?feed=rss2&p=91453 HTTP/1.1" 200 521 "-" "Amazon CloudFront"
64.252.76.215 - - [19/Mar/2026:02:21:47 +0000] "GET /?feed=rss2&p=91439 HTTP/1.1" 200 523 "-" "Amazon CloudFront"
64.252.76.215 - - [19/Mar/2026:02:21:47 +0000] "GET /?feed=rss2&p=91445 HTTP/1.1" 200 503 "-" "Amazon CloudFront"
64.252.74.218 - - [19/Mar/2026:02:21:48 +0000] "GET /?feed=rss2&p=91473 HTTP/1.1" 200 538 "-" "Amazon CloudFront"
18.68.8.18 - - [19/Mar/2026:02:22:19 +0000] "POST /xmlrpc.php HTTP/1.1" 200 403 "-" "Mozilla/5.0 (Windows NT 10.0; Win64; x64) AppleWebKit/537.36 (KHTML, like Gecko) Chrome/114.0.0.0 Safari/537.36"
15.158.215.109 - - [19/Mar/2026:02:22:22 +0000] "POST /wp-cron.php?doing_wp_cron=1773886942.4493300914764404296875 HTTP/1.1" 200 - "https://69b4844ae61d4e92bf26ad98af552775-devsite.readyship.co/wp-cron.php?doing_wp_cron=1773886942.4493300914764404296875" "WordPress/5.1.19; https://69b4844ae61d4e92bf26ad98af552775-devsite.readyship.co"
18.68.8.18 - - [19/Mar/2026:02:22:21 +0000] "POST /xmlrpc.php HTTP/1.1" 200 403 "-" "Mozilla/5.0 (Windows NT 10.0; Win64; x64) AppleWebKit/537.36 (KHTML, like Gecko) Chrome/114.0.0.0 Safari/537.36"
64.252.76.215 - - [19/Mar/2026:02:22:38 +0000] "GET /?feed=rss2&p=16513 HTTP/1.1" 200 500 "-" "Amazon CloudFront"
64.252.76.215 - - [19/Mar/2026:02:22:38 +0000] "GET /?feed=rss2&p=91455 HTTP/1.1" 200 545 "-" "Amazon CloudFront"
64.252.74.61 - - [19/Mar/2026:02:22:39 +0000] "GET /?feed=rss2&p=91447 HTTP/1.1" 200 528 "-" "Amazon CloudFront"
64.252.74.61 - - [19/Mar/2026:02:22:43 +0000] "GET /?feed=rss2&p=91461 HTTP/1.1" 200 532 "-" "Amazon CloudFront"
64.252.76.215 - - [19/Mar/2026:02:22:44 +0000] "GET /?feed=rss2&p=16515 HTTP/1.1" 200 518 "-" "Amazon CloudFront"
64.252.76.215 - - [19/Mar/2026:02:22:44 +0000] "GET /?feed=rss2&p=16497 HTTP/1.1" 200 497 "-" "Amazon CloudFront"
64.252.76.215 - - [19/Mar/2026:02:23:10 +0000] "GET /?feed=rss2&p=16521 HTTP/1.1" 200 515 "-" "Amazon CloudFront"
64.252.74.218 - - [19/Mar/2026:02:23:10 +0000] "GET /?feed=rss2&p=91451 HTTP/1.1" 200 503 "-" "Amazon CloudFront"
64.252.74.61 - - [19/Mar/2026:02:23:51 +0000] "GET /?cat=1&paged=272 HTTP/1.1" 200 11311 "-" "Amazon CloudFront"
15.158.215.109 - - [19/Mar/2026:02:23:51 +0000] "POST /wp-cron.php?doing_wp_cron=1773887031.6585218906402587890625 HTTP/1.1" 200 - "https://69b4844ae61d4e92bf26ad98af552775-devsite.readyship.co/wp-cron.php?doing_wp_cron=1773887031.6585218906402587890625" "WordPress/5.1.19; https://69b4844ae61d4e92bf26ad98af552775-devsite.readyship.co"
64.252.74.61 - - [19/Mar/2026:02:23:51 +0000] "GET /?cat=1&paged=3959 HTTP/1.1" 200 11308 "-" "Amazon CloudFront"
64.252.74.61 - - [19/Mar/2026:02:23:53 +0000] "GET /?cat=1&paged=271 HTTP/1.1" 200 11345 "-" "Amazon CloudFront"
64.252.76.215 - - [19/Mar/2026:02:24:07 +0000] "GET /?feed=rss2&p=91443 HTTP/1.1" 200 525 "-" "Amazon CloudFront"
64.252.74.218 - - [19/Mar/2026:02:24:07 +0000] "GET /?feed=rss2&p=91449 HTTP/1.1" 200 537 "-" "Amazon CloudFront"
64.252.74.61 - - [19/Mar/2026:02:24:08 +0000] "GET /?feed=rss2&p=91459 HTTP/1.1" 200 523 "-" "Amazon CloudFront"
64.252.76.215 - - [19/Mar/2026:02:24:54 +0000] "GET /?feed=rss2&p=91465 HTTP/1.1" 200 522 "-" "Amazon CloudFront"
15.158.215.109 - - [19/Mar/2026:02:24:54 +0000] "POST /wp-cron.php?doing_wp_cron=1773887094.4749190807342529296875 HTTP/1.1" 200 - "https://69b4844ae61d4e92bf26ad98af552775-devsite.readyship.co/wp-cron.php?doing_wp_cron=1773887094.4749190807342529296875" "WordPress/5.1.19; https://69b4844ae61d4e92bf26ad98af552775-devsite.readyship.co"
64.252.74.218 - - [19/Mar/2026:02:24:54 +0000] "GET /?feed=rss2&p=91468 HTTP/1.1" 200 521 "-" "Amazon CloudFront"
15.158.215.109 - - [19/Mar/2026:02:26:15 +0000] "POST /wp-cron.php?doing_wp_cron=1773887175.1645638942718505859375 HTTP/1.1" 200 - "https://69b4844ae61d4e92bf26ad98af552775-devsite.readyship.co/wp-cron.php?doing_wp_cron=1773887175.1645638942718505859375" "WordPress/5.1.19; https://69b4844ae61d4e92bf26ad98af552775-devsite.readyship.co"
18.68.19.181 - - [19/Mar/2026:02:26:14 +0000] "POST /xmlrpc.php HTTP/1.1" 200 403 "-" "Mozilla/5.0 (Windows NT 10.0; Win64; x64) AppleWebKit/537.36 (KHTML, like Gecko) Chrome/114.0.0.0 Safari/537.36"
18.68.19.181 - - [19/Mar/2026:02:26:19 +0000] "POST /xmlrpc.php HTTP/1.1" 200 403 "-" "Mozilla/5.0 (Windows NT 10.0; Win64; x64) AppleWebKit/537.36 (KHTML, like Gecko) Chrome/114.0.0.0 Safari/537.36"
15.158.215.109 - - [19/Mar/2026:02:33:42 +0000] "POST /wp-cron.php?doing_wp_cron=1773887622.5925779342651367187500 HTTP/1.1" 200 - "https://69b4844ae61d4e92bf26ad98af552775-devsite.readyship.co/wp-cron.php?doing_wp_cron=1773887622.5925779342651367187500" "WordPress/5.1.19; https://69b4844ae61d4e92bf26ad98af552775-devsite.readyship.co"
64.252.74.61 - - [19/Mar/2026:02:33:37 +0000] "GET /?p=91429 HTTP/1.1" 200 22955 "-" "Amazon CloudFront"
64.252.74.61 - - [19/Mar/2026:02:33:36 +0000] "GET /?p=91419 HTTP/1.1" 200 18133 "-" "Amazon CloudFront"
64.252.68.139 - - [19/Mar/2026:02:34:11 +0000] "GET /?healthcheck_timestamp=1773887446912 HTTP/1.1" 200 178917 "-" "Amazon CloudFront"
15.158.215.109 - - [19/Mar/2026:02:35:25 +0000] "POST /wp-cron.php?doing_wp_cron=1773887725.5756490230560302734375 HTTP/1.1" 200 - "https://69b4844ae61d4e92bf26ad98af552775-devsite.readyship.co/wp-cron.php?doing_wp_cron=1773887725.5756490230560302734375" "WordPress/5.1.19; https://69b4844ae61d4e92bf26ad98af552775-devsite.readyship.co"
64.252.74.218 - - [19/Mar/2026:02:35:25 +0000] "GET /?p=91427 HTTP/1.1" 200 17325 "-" "Amazon CloudFront"
15.158.215.109 - - [19/Mar/2026:02:36:40 +0000] "POST /wp-cron.php?doing_wp_cron=1773887800.3362150192260742187500 HTTP/1.1" 200 - "https://69b4844ae61d4e92bf26ad98af552775-devsite.readyship.co/wp-cron.php?doing_wp_cron=1773887800.3362150192260742187500" "WordPress/5.1.19; https://69b4844ae61d4e92bf26ad98af552775-devsite.readyship.co"
64.252.74.218 - - [19/Mar/2026:02:36:39 +0000] "GET /?p=91433 HTTP/1.1" 200 14778 "-" "Amazon CloudFront"
15.158.215.109 - - [19/Mar/2026:02:37:46 +0000] "POST /wp-cron.php?doing_wp_cron=1773887866.2390840053558349609375 HTTP/1.1" 200 - "https://69b4844ae61d4e92bf26ad98af552775-devsite.readyship.co/wp-cron.php?doing_wp_cron=1773887866.2390840053558349609375" "WordPress/5.1.19; https://69b4844ae61d4e92bf26ad98af552775-devsite.readyship.co"
64.252.74.218 - - [19/Mar/2026:02:37:45 +0000] "GET /?p=91425 HTTP/1.1" 200 22399 "-" "Amazon CloudFront"
64.252.74.218 - - [19/Mar/2026:02:38:06 +0000] "GET /?p=91435 HTTP/1.1" 200 17426 "-" "Amazon CloudFront"
15.158.215.109 - - [19/Mar/2026:02:40:35 +0000] "POST /wp-cron.php?doing_wp_cron=1773888035.7676730155944824218750 HTTP/1.1" 200 - "https://69b4844ae61d4e92bf26ad98af552775-devsite.readyship.co/wp-cron.php?doing_wp_cron=1773888035.7676730155944824218750" "WordPress/5.1.19; https://69b4844ae61d4e92bf26ad98af552775-devsite.readyship.co"
64.252.68.102 - - [19/Mar/2026:02:40:35 +0000] "GET /?p=51936 HTTP/1.1" 200 15361 "-" "Amazon CloudFront"
64.252.74.218 - - [19/Mar/2026:02:40:39 +0000] "GET /?p=91431 HTTP/1.1" 200 14685 "-" "Amazon CloudFront"
64.252.76.215 - - [19/Mar/2026:02:40:45 +0000] "GET /?p=91421 HTTP/1.1" 200 22198 "-" "Amazon CloudFront"
64.252.74.218 - - [19/Mar/2026:02:40:45 +0000] "GET /?p=91423 HTTP/1.1" 200 23575 "-" "Amazon CloudFront"
15.158.215.109 - - [19/Mar/2026:02:41:57 +0000] "POST /wp-cron.php?doing_wp_cron=1773888117.6379959583282470703125 HTTP/1.1" 200 - "https://69b4844ae61d4e92bf26ad98af552775-devsite.readyship.co/wp-cron.php?doing_wp_cron=1773888117.6379959583282470703125" "WordPress/5.1.19; https://69b4844ae61d4e92bf26ad98af552775-devsite.readyship.co"
