18.68.13.24 - - [06/Apr/2026:22:32:22 +0000] "GET /index.php?format=xml&rest_route=%2Foembed%2F1.0%2Fembed&url=https%3A%2F%2F69b4844ae61d4e92bf26ad98af552775-devsite.readyship.co%2F%3Fp%3D92092 HTTP/1.1" 403 - "https://69b4844ae61d4e92bf26ad98af552775-devsite.readyship.co/?p=92092" "Mozilla/5.0 AppleWebKit/537.36 (KHTML, like Gecko; compatible; GPTBot/1.3; +https://openai.com/gptbot)"
15.158.215.109 - - [06/Apr/2026:22:32:23 +0000] "POST /wp-cron.php?doing_wp_cron=1775514743.1590199470520019531250 HTTP/1.1" 200 - "https://69b4844ae61d4e92bf26ad98af552775-devsite.readyship.co/wp-cron.php?doing_wp_cron=1775514743.1590199470520019531250" "WordPress/5.1.19; https://69b4844ae61d4e92bf26ad98af552775-devsite.readyship.co"
64.252.67.128 - - [06/Apr/2026:22:32:22 +0000] "GET /?p=92066 HTTP/1.1" 200 18468 "-" "Amazon CloudFront"
64.252.66.105 - - [06/Apr/2026:22:32:24 +0000] "GET /?p=92094 HTTP/1.1" 200 22969 "-" "Amazon CloudFront"
64.252.66.105 - - [06/Apr/2026:22:32:25 +0000] "GET /?feed=rss2&p=92088 HTTP/1.1" 200 527 "-" "Amazon CloudFront"
64.252.69.192 - - [06/Apr/2026:22:32:27 +0000] "GET /?feed=rss2&p=92080 HTTP/1.1" 200 484 "-" "Amazon CloudFront"
64.252.68.163 - - [06/Apr/2026:22:32:26 +0000] "GET /?feed=rss2&p=92136 HTTP/1.1" 200 537 "-" "Amazon CloudFront"
64.252.69.192 - - [06/Apr/2026:22:32:27 +0000] "GET /?feed=rss2&p=92130 HTTP/1.1" 200 577 "-" "Amazon CloudFront"
64.252.69.192 - - [06/Apr/2026:22:32:28 +0000] "GET /?feed=rss2&p=92070 HTTP/1.1" 200 543 "-" "Amazon CloudFront"
64.252.66.105 - - [06/Apr/2026:22:32:29 +0000] "GET /?feed=rss2&p=92107 HTTP/1.1" 200 527 "-" "Amazon CloudFront"
64.252.68.163 - - [06/Apr/2026:22:32:30 +0000] "GET /?feed=rss2&p=92102 HTTP/1.1" 200 528 "-" "Amazon CloudFront"
64.252.66.105 - - [06/Apr/2026:22:32:30 +0000] "GET /?feed=rss2&p=92140 HTTP/1.1" 200 517 "-" "Amazon CloudFront"
64.252.68.163 - - [06/Apr/2026:22:32:31 +0000] "GET /?feed=rss2&p=92096 HTTP/1.1" 200 499 "-" "Amazon CloudFront"
18.68.13.41 - - [06/Apr/2026:22:32:32 +0000] "GET /index.php?format=xml&rest_route=%2Foembed%2F1.0%2Fembed&url=https%3A%2F%2F69b4844ae61d4e92bf26ad98af552775-devsite.readyship.co%2F%3Fp%3D92066 HTTP/1.1" 403 - "https://69b4844ae61d4e92bf26ad98af552775-devsite.readyship.co/?p=92066" "Mozilla/5.0 AppleWebKit/537.36 (KHTML, like Gecko; compatible; GPTBot/1.3; +https://openai.com/gptbot)"
18.68.13.53 - - [06/Apr/2026:22:32:33 +0000] "GET /index.php?format=xml&rest_route=%2Foembed%2F1.0%2Fembed&url=https%3A%2F%2F69b4844ae61d4e92bf26ad98af552775-devsite.readyship.co%2F%3Fp%3D92094 HTTP/1.1" 403 - "https://69b4844ae61d4e92bf26ad98af552775-devsite.readyship.co/?p=92094" "Mozilla/5.0 AppleWebKit/537.36 (KHTML, like Gecko; compatible; GPTBot/1.3; +https://openai.com/gptbot)"
64.252.68.163 - - [06/Apr/2026:22:32:33 +0000] "GET /?feed=rss2&p=92066 HTTP/1.1" 200 524 "-" "Amazon CloudFront"
64.252.67.128 - - [06/Apr/2026:22:32:34 +0000] "GET /?feed=rss2&p=92090 HTTP/1.1" 200 510 "-" "Amazon CloudFront"
64.252.68.163 - - [06/Apr/2026:22:32:35 +0000] "GET /?feed=rss2&p=92092 HTTP/1.1" 200 502 "-" "Amazon CloudFront"
64.252.69.192 - - [06/Apr/2026:22:32:35 +0000] "GET /?feed=rss2&p=92098 HTTP/1.1" 200 518 "-" "Amazon CloudFront"
64.252.69.192 - - [06/Apr/2026:22:32:36 +0000] "GET /?feed=rss2&p=92094 HTTP/1.1" 200 488 "-" "Amazon CloudFront"
64.252.68.163 - - [06/Apr/2026:22:32:38 +0000] "GET /?feed=rss2&p=92138 HTTP/1.1" 200 522 "-" "Amazon CloudFront"
64.252.67.128 - - [06/Apr/2026:22:32:37 +0000] "GET /?feed=rss2&p=92106 HTTP/1.1" 200 533 "-" "Amazon CloudFront"
64.252.68.163 - - [06/Apr/2026:22:32:38 +0000] "GET /?feed=rss2&p=92134 HTTP/1.1" 200 500 "-" "Amazon CloudFront"
64.252.69.192 - - [06/Apr/2026:22:32:39 +0000] "GET /?feed=rss2&p=92082 HTTP/1.1" 200 513 "-" "Amazon CloudFront"
64.252.69.192 - - [06/Apr/2026:22:32:40 +0000] "GET /?feed=rss2&p=92072 HTTP/1.1" 200 542 "-" "Amazon CloudFront"
64.252.66.105 - - [06/Apr/2026:22:32:41 +0000] "GET /?feed=rss2&p=92100 HTTP/1.1" 200 495 "-" "Amazon CloudFront"
64.252.69.192 - - [06/Apr/2026:22:32:41 +0000] "GET /?p=92078 HTTP/1.1" 200 22552 "-" "Amazon CloudFront"
64.252.66.105 - - [06/Apr/2026:22:32:42 +0000] "GET /?p=92104 HTTP/1.1" 200 18183 "-" "Amazon CloudFront"
64.252.68.163 - - [06/Apr/2026:22:32:43 +0000] "GET /?p=92064 HTTP/1.1" 200 22573 "-" "Amazon CloudFront"
64.252.66.105 - - [06/Apr/2026:22:32:45 +0000] "GET /?p=92074 HTTP/1.1" 200 18280 "-" "Amazon CloudFront"
64.252.68.163 - - [06/Apr/2026:22:32:46 +0000] "GET /?p=92084 HTTP/1.1" 200 23495 "-" "Amazon CloudFront"
64.252.69.192 - - [06/Apr/2026:22:32:47 +0000] "GET /?p=92068 HTTP/1.1" 200 22360 "-" "Amazon CloudFront"
64.252.69.192 - - [06/Apr/2026:22:32:48 +0000] "GET /?p=92086 HTTP/1.1" 200 18434 "-" "Amazon CloudFront"
64.252.69.192 - - [06/Apr/2026:22:32:49 +0000] "GET /?p=92076 HTTP/1.1" 200 24444 "-" "Amazon CloudFront"
64.252.69.192 - - [06/Apr/2026:22:32:50 +0000] "GET /?author=2&paged=240 HTTP/1.1" 200 11328 "-" "Amazon CloudFront"
64.252.68.163 - - [06/Apr/2026:22:32:51 +0000] "GET /?author=1&paged=191 HTTP/1.1" 200 11243 "-" "Amazon CloudFront"
64.252.76.63 - - [06/Apr/2026:22:32:53 +0000] "GET /prizes/57971581 HTTP/1.1" 301 - "-" "Amazon CloudFront"
64.252.68.163 - - [06/Apr/2026:22:32:53 +0000] "GET /?author=2&paged=239 HTTP/1.1" 200 11241 "-" "Amazon CloudFront"
18.68.13.14 - - [06/Apr/2026:22:32:54 +0000] "GET /index.php?format=xml&rest_route=%2Foembed%2F1.0%2Fembed&url=https%3A%2F%2F69b4844ae61d4e92bf26ad98af552775-devsite.readyship.co%2F%3Fp%3D92078 HTTP/1.1" 403 - "https://69b4844ae61d4e92bf26ad98af552775-devsite.readyship.co/?p=92078" "Mozilla/5.0 AppleWebKit/537.36 (KHTML, like Gecko; compatible; GPTBot/1.3; +https://openai.com/gptbot)"
18.68.13.14 - - [06/Apr/2026:22:32:54 +0000] "GET /index.php?format=xml&rest_route=%2Foembed%2F1.0%2Fembed&url=https%3A%2F%2F69b4844ae61d4e92bf26ad98af552775-devsite.readyship.co%2F%3Fp%3D92104 HTTP/1.1" 403 - "https://69b4844ae61d4e92bf26ad98af552775-devsite.readyship.co/?p=92104" "Mozilla/5.0 AppleWebKit/537.36 (KHTML, like Gecko; compatible; GPTBot/1.3; +https://openai.com/gptbot)"
18.68.13.41 - - [06/Apr/2026:22:32:55 +0000] "GET /index.php?format=xml&rest_route=%2Foembed%2F1.0%2Fembed&url=https%3A%2F%2F69b4844ae61d4e92bf26ad98af552775-devsite.readyship.co%2F%3Fp%3D92064 HTTP/1.1" 403 - "https://69b4844ae61d4e92bf26ad98af552775-devsite.readyship.co/?p=92064" "Mozilla/5.0 AppleWebKit/537.36 (KHTML, like Gecko; compatible; GPTBot/1.3; +https://openai.com/gptbot)"
18.68.13.41 - - [06/Apr/2026:22:32:55 +0000] "GET /index.php?format=xml&rest_route=%2Foembed%2F1.0%2Fembed&url=https%3A%2F%2F69b4844ae61d4e92bf26ad98af552775-devsite.readyship.co%2F%3Fp%3D92074 HTTP/1.1" 403 - "https://69b4844ae61d4e92bf26ad98af552775-devsite.readyship.co/?p=92074" "Mozilla/5.0 AppleWebKit/537.36 (KHTML, like Gecko; compatible; GPTBot/1.3; +https://openai.com/gptbot)"
18.68.13.41 - - [06/Apr/2026:22:32:56 +0000] "GET /index.php?format=xml&rest_route=%2Foembed%2F1.0%2Fembed&url=https%3A%2F%2F69b4844ae61d4e92bf26ad98af552775-devsite.readyship.co%2F%3Fp%3D92084 HTTP/1.1" 403 - "https://69b4844ae61d4e92bf26ad98af552775-devsite.readyship.co/?p=92084" "Mozilla/5.0 AppleWebKit/537.36 (KHTML, like Gecko; compatible; GPTBot/1.3; +https://openai.com/gptbot)"
18.68.13.38 - - [06/Apr/2026:22:32:56 +0000] "GET /index.php?format=xml&rest_route=%2Foembed%2F1.0%2Fembed&url=https%3A%2F%2F69b4844ae61d4e92bf26ad98af552775-devsite.readyship.co%2F%3Fp%3D92068 HTTP/1.1" 403 - "https://69b4844ae61d4e92bf26ad98af552775-devsite.readyship.co/?p=92068" "Mozilla/5.0 AppleWebKit/537.36 (KHTML, like Gecko; compatible; GPTBot/1.3; +https://openai.com/gptbot)"
18.68.13.38 - - [06/Apr/2026:22:32:57 +0000] "GET /index.php?format=xml&rest_route=%2Foembed%2F1.0%2Fembed&url=https%3A%2F%2F69b4844ae61d4e92bf26ad98af552775-devsite.readyship.co%2F%3Fp%3D92086 HTTP/1.1" 403 - "https://69b4844ae61d4e92bf26ad98af552775-devsite.readyship.co/?p=92086" "Mozilla/5.0 AppleWebKit/537.36 (KHTML, like Gecko; compatible; GPTBot/1.3; +https://openai.com/gptbot)"
64.252.76.63 - - [06/Apr/2026:22:32:53 +0000] "GET /prizes/57971581/ HTTP/1.1" 200 24275 "-" "Amazon CloudFront"
18.68.13.38 - - [06/Apr/2026:22:32:57 +0000] "GET /index.php?format=xml&rest_route=%2Foembed%2F1.0%2Fembed&url=https%3A%2F%2F69b4844ae61d4e92bf26ad98af552775-devsite.readyship.co%2F%3Fp%3D92076 HTTP/1.1" 403 - "https://69b4844ae61d4e92bf26ad98af552775-devsite.readyship.co/?p=92076" "Mozilla/5.0 AppleWebKit/537.36 (KHTML, like Gecko; compatible; GPTBot/1.3; +https://openai.com/gptbot)"
64.252.67.128 - - [06/Apr/2026:22:32:58 +0000] "GET /?p=92062 HTTP/1.1" 200 23290 "-" "Amazon CloudFront"
64.252.68.163 - - [06/Apr/2026:22:32:59 +0000] "GET /?p=92030 HTTP/1.1" 200 22237 "-" "Amazon CloudFront"
64.252.66.105 - - [06/Apr/2026:22:33:00 +0000] "GET /?p=92042 HTTP/1.1" 200 21745 "-" "Amazon CloudFront"
64.252.68.163 - - [06/Apr/2026:22:33:01 +0000] "GET /?p=92052 HTTP/1.1" 200 22212 "-" "Amazon CloudFront"
64.252.76.63 - - [06/Apr/2026:22:33:03 +0000] "GET /sitemap383.xml HTTP/1.1" 200 4841 "-" "Amazon CloudFront"
64.252.68.163 - - [06/Apr/2026:22:33:03 +0000] "GET /?p=92060 HTTP/1.1" 200 16960 "-" "Amazon CloudFront"
64.252.68.163 - - [06/Apr/2026:22:33:04 +0000] "GET /?p=92026 HTTP/1.1" 200 22657 "-" "Amazon CloudFront"
64.252.68.163 - - [06/Apr/2026:22:33:05 +0000] "GET /?p=92050 HTTP/1.1" 200 22558 "-" "Amazon CloudFront"
64.252.66.105 - - [06/Apr/2026:22:33:06 +0000] "GET /?p=92040 HTTP/1.1" 200 16912 "-" "Amazon CloudFront"
64.252.69.192 - - [06/Apr/2026:22:33:07 +0000] "GET /?p=92044 HTTP/1.1" 200 23355 "-" "Amazon CloudFront"
64.252.67.128 - - [06/Apr/2026:22:33:08 +0000] "GET /?p=92032 HTTP/1.1" 200 21859 "-" "Amazon CloudFront"
64.252.66.105 - - [06/Apr/2026:22:33:09 +0000] "GET /?p=92028 HTTP/1.1" 200 21887 "-" "Amazon CloudFront"
18.68.13.14 - - [06/Apr/2026:22:33:11 +0000] "GET /index.php?format=xml&rest_route=%2Foembed%2F1.0%2Fembed&url=https%3A%2F%2F69b4844ae61d4e92bf26ad98af552775-devsite.readyship.co%2F%3Fp%3D92062 HTTP/1.1" 403 - "https://69b4844ae61d4e92bf26ad98af552775-devsite.readyship.co/?p=92062" "Mozilla/5.0 AppleWebKit/537.36 (KHTML, like Gecko; compatible; GPTBot/1.3; +https://openai.com/gptbot)"
18.68.13.41 - - [06/Apr/2026:22:33:11 +0000] "GET /index.php?format=xml&rest_route=%2Foembed%2F1.0%2Fembed&url=https%3A%2F%2F69b4844ae61d4e92bf26ad98af552775-devsite.readyship.co%2F%3Fp%3D92030 HTTP/1.1" 403 - "https://69b4844ae61d4e92bf26ad98af552775-devsite.readyship.co/?p=92030" "Mozilla/5.0 AppleWebKit/537.36 (KHTML, like Gecko; compatible; GPTBot/1.3; +https://openai.com/gptbot)"
18.68.13.53 - - [06/Apr/2026:22:33:12 +0000] "GET /index.php?format=xml&rest_route=%2Foembed%2F1.0%2Fembed&url=https%3A%2F%2F69b4844ae61d4e92bf26ad98af552775-devsite.readyship.co%2F%3Fp%3D92052 HTTP/1.1" 403 - "https://69b4844ae61d4e92bf26ad98af552775-devsite.readyship.co/?p=92052" "Mozilla/5.0 AppleWebKit/537.36 (KHTML, like Gecko; compatible; GPTBot/1.3; +https://openai.com/gptbot)"
18.68.13.41 - - [06/Apr/2026:22:33:12 +0000] "GET /index.php?format=xml&rest_route=%2Foembed%2F1.0%2Fembed&url=https%3A%2F%2F69b4844ae61d4e92bf26ad98af552775-devsite.readyship.co%2F%3Fp%3D92042 HTTP/1.1" 403 - "https://69b4844ae61d4e92bf26ad98af552775-devsite.readyship.co/?p=92042" "Mozilla/5.0 AppleWebKit/537.36 (KHTML, like Gecko; compatible; GPTBot/1.3; +https://openai.com/gptbot)"
18.68.13.38 - - [06/Apr/2026:22:33:13 +0000] "GET /index.php?format=xml&rest_route=%2Foembed%2F1.0%2Fembed&url=https%3A%2F%2F69b4844ae61d4e92bf26ad98af552775-devsite.readyship.co%2F%3Fp%3D92060 HTTP/1.1" 403 - "https://69b4844ae61d4e92bf26ad98af552775-devsite.readyship.co/?p=92060" "Mozilla/5.0 AppleWebKit/537.36 (KHTML, like Gecko; compatible; GPTBot/1.3; +https://openai.com/gptbot)"
18.68.13.53 - - [06/Apr/2026:22:33:13 +0000] "GET /index.php?format=xml&rest_route=%2Foembed%2F1.0%2Fembed&url=https%3A%2F%2F69b4844ae61d4e92bf26ad98af552775-devsite.readyship.co%2F%3Fp%3D92026 HTTP/1.1" 403 - "https://69b4844ae61d4e92bf26ad98af552775-devsite.readyship.co/?p=92026" "Mozilla/5.0 AppleWebKit/537.36 (KHTML, like Gecko; compatible; GPTBot/1.3; +https://openai.com/gptbot)"
18.68.13.41 - - [06/Apr/2026:22:33:14 +0000] "GET /index.php?format=xml&rest_route=%2Foembed%2F1.0%2Fembed&url=https%3A%2F%2F69b4844ae61d4e92bf26ad98af552775-devsite.readyship.co%2F%3Fp%3D92050 HTTP/1.1" 403 - "https://69b4844ae61d4e92bf26ad98af552775-devsite.readyship.co/?p=92050" "Mozilla/5.0 AppleWebKit/537.36 (KHTML, like Gecko; compatible; GPTBot/1.3; +https://openai.com/gptbot)"
18.68.13.53 - - [06/Apr/2026:22:33:14 +0000] "GET /index.php?format=xml&rest_route=%2Foembed%2F1.0%2Fembed&url=https%3A%2F%2F69b4844ae61d4e92bf26ad98af552775-devsite.readyship.co%2F%3Fp%3D92040 HTTP/1.1" 403 - "https://69b4844ae61d4e92bf26ad98af552775-devsite.readyship.co/?p=92040" "Mozilla/5.0 AppleWebKit/537.36 (KHTML, like Gecko; compatible; GPTBot/1.3; +https://openai.com/gptbot)"
18.68.13.38 - - [06/Apr/2026:22:33:15 +0000] "GET /index.php?format=xml&rest_route=%2Foembed%2F1.0%2Fembed&url=https%3A%2F%2F69b4844ae61d4e92bf26ad98af552775-devsite.readyship.co%2F%3Fp%3D92044 HTTP/1.1" 403 - "https://69b4844ae61d4e92bf26ad98af552775-devsite.readyship.co/?p=92044" "Mozilla/5.0 AppleWebKit/537.36 (KHTML, like Gecko; compatible; GPTBot/1.3; +https://openai.com/gptbot)"
18.68.13.24 - - [06/Apr/2026:22:33:16 +0000] "GET /index.php?format=xml&rest_route=%2Foembed%2F1.0%2Fembed&url=https%3A%2F%2F69b4844ae61d4e92bf26ad98af552775-devsite.readyship.co%2F%3Fp%3D92028 HTTP/1.1" 403 - "https://69b4844ae61d4e92bf26ad98af552775-devsite.readyship.co/?p=92028" "Mozilla/5.0 AppleWebKit/537.36 (KHTML, like Gecko; compatible; GPTBot/1.3; +https://openai.com/gptbot)"
18.68.13.53 - - [06/Apr/2026:22:33:16 +0000] "GET /index.php?format=xml&rest_route=%2Foembed%2F1.0%2Fembed&url=https%3A%2F%2F69b4844ae61d4e92bf26ad98af552775-devsite.readyship.co%2F%3Fp%3D92032 HTTP/1.1" 403 - "https://69b4844ae61d4e92bf26ad98af552775-devsite.readyship.co/?p=92032" "Mozilla/5.0 AppleWebKit/537.36 (KHTML, like Gecko; compatible; GPTBot/1.3; +https://openai.com/gptbot)"
64.252.66.105 - - [06/Apr/2026:22:33:17 +0000] "GET /?p=92024 HTTP/1.1" 200 22884 "-" "Amazon CloudFront"
64.252.67.128 - - [06/Apr/2026:22:33:18 +0000] "GET /?feed=rss2&p=92040 HTTP/1.1" 200 492 "-" "Amazon CloudFront"
64.252.69.192 - - [06/Apr/2026:22:33:19 +0000] "GET /?feed=rss2&p=92050 HTTP/1.1" 200 533 "-" "Amazon CloudFront"
64.252.67.128 - - [06/Apr/2026:22:33:19 +0000] "GET /?feed=rss2&p=92074 HTTP/1.1" 200 510 "-" "Amazon CloudFront"
64.252.66.105 - - [06/Apr/2026:22:33:20 +0000] "GET /?feed=rss2&p=92062 HTTP/1.1" 200 467 "-" "Amazon CloudFront"
64.252.68.163 - - [06/Apr/2026:22:33:21 +0000] "GET /?feed=rss2&p=92052 HTTP/1.1" 200 541 "-" "Amazon CloudFront"
15.158.215.109 - - [06/Apr/2026:22:33:22 +0000] "POST /wp-cron.php?doing_wp_cron=1775514802.2790908813476562500000 HTTP/1.1" 200 - "https://69b4844ae61d4e92bf26ad98af552775-devsite.readyship.co/wp-cron.php?doing_wp_cron=1775514802.2790908813476562500000" "WordPress/5.1.19; https://69b4844ae61d4e92bf26ad98af552775-devsite.readyship.co"
64.252.68.163 - - [06/Apr/2026:22:33:21 +0000] "GET /?feed=rss2&p=92028 HTTP/1.1" 200 519 "-" "Amazon CloudFront"
64.252.67.128 - - [06/Apr/2026:22:33:23 +0000] "GET /?feed=rss2&p=92026 HTTP/1.1" 200 538 "-" "Amazon CloudFront"
64.252.66.105 - - [06/Apr/2026:22:33:23 +0000] "GET /?feed=rss2&p=92076 HTTP/1.1" 200 522 "-" "Amazon CloudFront"
64.252.67.128 - - [06/Apr/2026:22:33:24 +0000] "GET /?feed=rss2&p=92044 HTTP/1.1" 200 543 "-" "Amazon CloudFront"
64.252.69.192 - - [06/Apr/2026:22:33:25 +0000] "GET /?feed=rss2&p=92032 HTTP/1.1" 200 523 "-" "Amazon CloudFront"
18.68.13.41 - - [06/Apr/2026:22:33:25 +0000] "GET /index.php?format=xml&rest_route=%2Foembed%2F1.0%2Fembed&url=https%3A%2F%2F69b4844ae61d4e92bf26ad98af552775-devsite.readyship.co%2F%3Fp%3D92024 HTTP/1.1" 403 - "https://69b4844ae61d4e92bf26ad98af552775-devsite.readyship.co/?p=92024" "Mozilla/5.0 AppleWebKit/537.36 (KHTML, like Gecko; compatible; GPTBot/1.3; +https://openai.com/gptbot)"
64.252.68.163 - - [06/Apr/2026:22:33:26 +0000] "GET /?feed=rss2&p=92042 HTTP/1.1" 200 505 "-" "Amazon CloudFront"
64.252.68.163 - - [06/Apr/2026:22:33:26 +0000] "GET /?p=79995 HTTP/1.1" 200 17182 "-" "Amazon CloudFront"
64.252.66.105 - - [06/Apr/2026:22:33:27 +0000] "GET /?feed=rss2&p=92030 HTTP/1.1" 200 523 "-" "Amazon CloudFront"
64.252.66.105 - - [06/Apr/2026:22:33:27 +0000] "GET /?feed=rss2&p=92064 HTTP/1.1" 200 537 "-" "Amazon CloudFront"
64.252.69.192 - - [06/Apr/2026:22:33:28 +0000] "GET /?feed=rss2&p=92078 HTTP/1.1" 200 509 "-" "Amazon CloudFront"
64.252.68.163 - - [06/Apr/2026:22:33:29 +0000] "GET /?feed=rss2&p=92060 HTTP/1.1" 200 481 "-" "Amazon CloudFront"
64.252.69.192 - - [06/Apr/2026:22:33:30 +0000] "GET /?feed=rss2&p=92086 HTTP/1.1" 200 543 "-" "Amazon CloudFront"
64.252.68.163 - - [06/Apr/2026:22:33:31 +0000] "GET /?feed=rss2&p=92084 HTTP/1.1" 200 523 "-" "Amazon CloudFront"
64.252.67.128 - - [06/Apr/2026:22:33:32 +0000] "GET /?feed=rss2&p=92024 HTTP/1.1" 200 545 "-" "Amazon CloudFront"
64.252.68.163 - - [06/Apr/2026:22:33:32 +0000] "GET /?feed=rss2&p=92068 HTTP/1.1" 200 554 "-" "Amazon CloudFront"
64.252.69.192 - - [06/Apr/2026:22:33:33 +0000] "GET /?feed=rss2&p=92104 HTTP/1.1" 200 527 "-" "Amazon CloudFront"
64.252.69.192 - - [06/Apr/2026:22:33:34 +0000] "GET /?p=92036 HTTP/1.1" 200 21660 "-" "Amazon CloudFront"
64.252.68.163 - - [06/Apr/2026:22:33:35 +0000] "GET /?p=92034 HTTP/1.1" 200 18357 "-" "Amazon CloudFront"
64.252.66.105 - - [06/Apr/2026:22:33:36 +0000] "GET /?p=92046 HTTP/1.1" 200 21972 "-" "Amazon CloudFront"
64.252.66.105 - - [06/Apr/2026:22:33:37 +0000] "GET /?p=92058 HTTP/1.1" 200 21979 "-" "Amazon CloudFront"
64.252.66.105 - - [06/Apr/2026:22:33:38 +0000] "GET /?p=92056 HTTP/1.1" 200 22415 "-" "Amazon CloudFront"
64.252.68.163 - - [06/Apr/2026:22:33:39 +0000] "GET /?p=92054 HTTP/1.1" 200 18235 "-" "Amazon CloudFront"
64.252.66.105 - - [06/Apr/2026:22:33:40 +0000] "GET /?p=92038 HTTP/1.1" 200 23202 "-" "Amazon CloudFront"
64.252.76.63 - - [06/Apr/2026:22:33:41 +0000] "GET /sitemap880.xml HTTP/1.1" 200 4841 "-" "Amazon CloudFront"
64.252.66.105 - - [06/Apr/2026:22:33:42 +0000] "GET /?p=92048 HTTP/1.1" 200 23149 "-" "Amazon CloudFront"
64.252.67.128 - - [06/Apr/2026:22:33:43 +0000] "GET /?author=1&paged=193 HTTP/1.1" 200 11343 "-" "Amazon CloudFront"
64.252.69.192 - - [06/Apr/2026:22:33:44 +0000] "GET /?author=2&paged=241 HTTP/1.1" 200 11453 "-" "Amazon CloudFront"
64.252.68.163 - - [06/Apr/2026:22:33:45 +0000] "GET /?author=1&paged=192 HTTP/1.1" 200 11189 "-" "Amazon CloudFront"
18.68.13.14 - - [06/Apr/2026:22:33:47 +0000] "GET /index.php?format=xml&rest_route=%2Foembed%2F1.0%2Fembed&url=https%3A%2F%2F69b4844ae61d4e92bf26ad98af552775-devsite.readyship.co%2F%3Fp%3D92036 HTTP/1.1" 403 - "https://69b4844ae61d4e92bf26ad98af552775-devsite.readyship.co/?p=92036" "Mozilla/5.0 AppleWebKit/537.36 (KHTML, like Gecko; compatible; GPTBot/1.3; +https://openai.com/gptbot)"
18.68.13.14 - - [06/Apr/2026:22:33:47 +0000] "GET /index.php?format=xml&rest_route=%2Foembed%2F1.0%2Fembed&url=https%3A%2F%2F69b4844ae61d4e92bf26ad98af552775-devsite.readyship.co%2F%3Fp%3D92034 HTTP/1.1" 403 - "https://69b4844ae61d4e92bf26ad98af552775-devsite.readyship.co/?p=92034" "Mozilla/5.0 AppleWebKit/537.36 (KHTML, like Gecko; compatible; GPTBot/1.3; +https://openai.com/gptbot)"
18.68.13.53 - - [06/Apr/2026:22:33:48 +0000] "GET /index.php?format=xml&rest_route=%2Foembed%2F1.0%2Fembed&url=https%3A%2F%2F69b4844ae61d4e92bf26ad98af552775-devsite.readyship.co%2F%3Fp%3D92046 HTTP/1.1" 403 - "https://69b4844ae61d4e92bf26ad98af552775-devsite.readyship.co/?p=92046" "Mozilla/5.0 AppleWebKit/537.36 (KHTML, like Gecko; compatible; GPTBot/1.3; +https://openai.com/gptbot)"
18.68.13.41 - - [06/Apr/2026:22:33:48 +0000] "GET /index.php?format=xml&rest_route=%2Foembed%2F1.0%2Fembed&url=https%3A%2F%2F69b4844ae61d4e92bf26ad98af552775-devsite.readyship.co%2F%3Fp%3D92058 HTTP/1.1" 403 - "https://69b4844ae61d4e92bf26ad98af552775-devsite.readyship.co/?p=92058" "Mozilla/5.0 AppleWebKit/537.36 (KHTML, like Gecko; compatible; GPTBot/1.3; +https://openai.com/gptbot)"
18.68.13.53 - - [06/Apr/2026:22:33:49 +0000] "GET /index.php?format=xml&rest_route=%2Foembed%2F1.0%2Fembed&url=https%3A%2F%2F69b4844ae61d4e92bf26ad98af552775-devsite.readyship.co%2F%3Fp%3D92056 HTTP/1.1" 403 - "https://69b4844ae61d4e92bf26ad98af552775-devsite.readyship.co/?p=92056" "Mozilla/5.0 AppleWebKit/537.36 (KHTML, like Gecko; compatible; GPTBot/1.3; +https://openai.com/gptbot)"
18.68.13.53 - - [06/Apr/2026:22:33:49 +0000] "GET /index.php?format=xml&rest_route=%2Foembed%2F1.0%2Fembed&url=https%3A%2F%2F69b4844ae61d4e92bf26ad98af552775-devsite.readyship.co%2F%3Fp%3D92054 HTTP/1.1" 403 - "https://69b4844ae61d4e92bf26ad98af552775-devsite.readyship.co/?p=92054" "Mozilla/5.0 AppleWebKit/537.36 (KHTML, like Gecko; compatible; GPTBot/1.3; +https://openai.com/gptbot)"
18.68.13.53 - - [06/Apr/2026:22:33:50 +0000] "GET /index.php?format=xml&rest_route=%2Foembed%2F1.0%2Fembed&url=https%3A%2F%2F69b4844ae61d4e92bf26ad98af552775-devsite.readyship.co%2F%3Fp%3D92038 HTTP/1.1" 403 - "https://69b4844ae61d4e92bf26ad98af552775-devsite.readyship.co/?p=92038" "Mozilla/5.0 AppleWebKit/537.36 (KHTML, like Gecko; compatible; GPTBot/1.3; +https://openai.com/gptbot)"
18.68.13.53 - - [06/Apr/2026:22:33:50 +0000] "GET /index.php?format=xml&rest_route=%2Foembed%2F1.0%2Fembed&url=https%3A%2F%2F69b4844ae61d4e92bf26ad98af552775-devsite.readyship.co%2F%3Fp%3D92048 HTTP/1.1" 403 - "https://69b4844ae61d4e92bf26ad98af552775-devsite.readyship.co/?p=92048" "Mozilla/5.0 AppleWebKit/537.36 (KHTML, like Gecko; compatible; GPTBot/1.3; +https://openai.com/gptbot)"
64.252.66.105 - - [06/Apr/2026:22:33:51 +0000] "GET /?feed=rss2&p=92058 HTTP/1.1" 200 520 "-" "Amazon CloudFront"
64.252.66.105 - - [06/Apr/2026:22:33:52 +0000] "GET /?p=92020 HTTP/1.1" 200 22244 "-" "Amazon CloudFront"
64.252.66.105 - - [06/Apr/2026:22:33:53 +0000] "GET /?p=92010 HTTP/1.1" 200 21854 "-" "Amazon CloudFront"
64.252.67.128 - - [06/Apr/2026:22:33:54 +0000] "GET /?p=92012 HTTP/1.1" 200 23650 "-" "Amazon CloudFront"
64.252.68.163 - - [06/Apr/2026:22:33:56 +0000] "GET /?p=92008 HTTP/1.1" 200 17727 "-" "Amazon CloudFront"
64.252.69.192 - - [06/Apr/2026:22:33:57 +0000] "GET /?feed=rss2&p=92048 HTTP/1.1" 200 507 "-" "Amazon CloudFront"
64.252.69.192 - - [06/Apr/2026:22:33:58 +0000] "GET /?feed=rss2&p=92038 HTTP/1.1" 200 549 "-" "Amazon CloudFront"
64.252.68.163 - - [06/Apr/2026:22:33:58 +0000] "GET /?feed=rss2&p=92054 HTTP/1.1" 200 520 "-" "Amazon CloudFront"
64.252.67.128 - - [06/Apr/2026:22:33:59 +0000] "GET /?feed=rss2&p=92034 HTTP/1.1" 200 514 "-" "Amazon CloudFront"
64.252.66.105 - - [06/Apr/2026:22:34:00 +0000] "GET /?feed=rss2&p=92046 HTTP/1.1" 200 536 "-" "Amazon CloudFront"
64.252.66.105 - - [06/Apr/2026:22:34:01 +0000] "GET /?feed=rss2&p=92056 HTTP/1.1" 200 519 "-" "Amazon CloudFront"
18.68.13.14 - - [06/Apr/2026:22:34:01 +0000] "GET /index.php?format=xml&rest_route=%2Foembed%2F1.0%2Fembed&url=https%3A%2F%2F69b4844ae61d4e92bf26ad98af552775-devsite.readyship.co%2F%3Fp%3D92020 HTTP/1.1" 403 - "https://69b4844ae61d4e92bf26ad98af552775-devsite.readyship.co/?p=92020" "Mozilla/5.0 AppleWebKit/537.36 (KHTML, like Gecko; compatible; GPTBot/1.3; +https://openai.com/gptbot)"
18.68.13.53 - - [06/Apr/2026:22:34:02 +0000] "GET /index.php?format=xml&rest_route=%2Foembed%2F1.0%2Fembed&url=https%3A%2F%2F69b4844ae61d4e92bf26ad98af552775-devsite.readyship.co%2F%3Fp%3D92010 HTTP/1.1" 403 - "https://69b4844ae61d4e92bf26ad98af552775-devsite.readyship.co/?p=92010" "Mozilla/5.0 AppleWebKit/537.36 (KHTML, like Gecko; compatible; GPTBot/1.3; +https://openai.com/gptbot)"
18.68.13.53 - - [06/Apr/2026:22:34:02 +0000] "GET /index.php?rest_route=%2Foembed%2F1.0%2Fembed&url=https%3A%2F%2F69b4844ae61d4e92bf26ad98af552775-devsite.readyship.co%2F%3Fp%3D92020 HTTP/1.1" 403 - "https://69b4844ae61d4e92bf26ad98af552775-devsite.readyship.co/?p=92020" "Mozilla/5.0 AppleWebKit/537.36 (KHTML, like Gecko; compatible; GPTBot/1.3; +https://openai.com/gptbot)"
18.68.13.38 - - [06/Apr/2026:22:34:03 +0000] "GET /index.php?format=xml&rest_route=%2Foembed%2F1.0%2Fembed&url=https%3A%2F%2F69b4844ae61d4e92bf26ad98af552775-devsite.readyship.co%2F%3Fp%3D92006 HTTP/1.1" 403 - "https://69b4844ae61d4e92bf26ad98af552775-devsite.readyship.co/?p=92006" "Mozilla/5.0 AppleWebKit/537.36 (KHTML, like Gecko; compatible; GPTBot/1.3; +https://openai.com/gptbot)"
18.68.13.53 - - [06/Apr/2026:22:34:03 +0000] "GET /index.php?format=xml&rest_route=%2Foembed%2F1.0%2Fembed&url=https%3A%2F%2F69b4844ae61d4e92bf26ad98af552775-devsite.readyship.co%2F%3Fp%3D92012 HTTP/1.1" 403 - "https://69b4844ae61d4e92bf26ad98af552775-devsite.readyship.co/?p=92012" "Mozilla/5.0 AppleWebKit/537.36 (KHTML, like Gecko; compatible; GPTBot/1.3; +https://openai.com/gptbot)"
18.68.13.38 - - [06/Apr/2026:22:34:04 +0000] "GET /index.php?format=xml&rest_route=%2Foembed%2F1.0%2Fembed&url=https%3A%2F%2F69b4844ae61d4e92bf26ad98af552775-devsite.readyship.co%2F%3Fp%3D92008 HTTP/1.1" 403 - "https://69b4844ae61d4e92bf26ad98af552775-devsite.readyship.co/?p=92008" "Mozilla/5.0 AppleWebKit/537.36 (KHTML, like Gecko; compatible; GPTBot/1.3; +https://openai.com/gptbot)"
64.252.68.163 - - [06/Apr/2026:22:34:04 +0000] "GET /?p=92004 HTTP/1.1" 200 18046 "-" "Amazon CloudFront"
64.252.69.192 - - [06/Apr/2026:22:34:06 +0000] "GET /?feed=rss2&p=92012 HTTP/1.1" 200 522 "-" "Amazon CloudFront"
64.252.68.163 - - [06/Apr/2026:22:34:06 +0000] "GET /?feed=rss2&p=92006 HTTP/1.1" 200 512 "-" "Amazon CloudFront"
64.252.67.128 - - [06/Apr/2026:22:34:07 +0000] "GET /?feed=rss2&p=92020 HTTP/1.1" 200 531 "-" "Amazon CloudFront"
64.252.69.192 - - [06/Apr/2026:22:34:08 +0000] "GET /?feed=rss2&p=92010 HTTP/1.1" 200 517 "-" "Amazon CloudFront"
64.252.66.105 - - [06/Apr/2026:22:34:09 +0000] "GET /?feed=rss2&p=92036 HTTP/1.1" 200 519 "-" "Amazon CloudFront"
64.252.67.128 - - [06/Apr/2026:22:34:09 +0000] "GET /?feed=rss2&p=92008 HTTP/1.1" 200 553 "-" "Amazon CloudFront"
64.252.76.63 - - [06/Apr/2026:22:34:10 +0000] "GET /prizes/90768834 HTTP/1.1" 301 - "-" "Amazon CloudFront"
64.252.66.105 - - [06/Apr/2026:22:34:10 +0000] "GET /?p=92014 HTTP/1.1" 200 16880 "-" "Amazon CloudFront"
64.252.68.163 - - [06/Apr/2026:22:34:11 +0000] "GET /?p=92016 HTTP/1.1" 200 18317 "-" "Amazon CloudFront"
64.252.69.192 - - [06/Apr/2026:22:34:12 +0000] "GET /?p=92018 HTTP/1.1" 200 17964 "-" "Amazon CloudFront"
64.252.76.215 - - [06/Apr/2026:22:34:11 +0000] "GET /prizes/90768834/ HTTP/1.1" 200 24312 "-" "Amazon CloudFront"
18.68.13.14 - - [06/Apr/2026:22:34:15 +0000] "GET /index.php?format=xml&rest_route=%2Foembed%2F1.0%2Fembed&url=https%3A%2F%2F69b4844ae61d4e92bf26ad98af552775-devsite.readyship.co%2F%3Fp%3D92004 HTTP/1.1" 403 - "https://69b4844ae61d4e92bf26ad98af552775-devsite.readyship.co/?p=92004" "Mozilla/5.0 AppleWebKit/537.36 (KHTML, like Gecko; compatible; GPTBot/1.3; +https://openai.com/gptbot)"
64.252.69.192 - - [06/Apr/2026:22:34:11 +0000] "GET /?healthcheck_timestamp=1775514647249 HTTP/1.1" 200 178919 "-" "Amazon CloudFront"
64.252.67.128 - - [06/Apr/2026:22:34:14 +0000] "GET /?author=1&paged=195 HTTP/1.1" 200 11287 "-" "Amazon CloudFront"
64.252.67.128 - - [06/Apr/2026:22:34:16 +0000] "GET /?p=92000 HTTP/1.1" 200 22656 "-" "Amazon CloudFront"
64.252.68.163 - - [06/Apr/2026:22:34:17 +0000] "GET /?feed=rss2&p=92004 HTTP/1.1" 200 530 "-" "Amazon CloudFront"
64.252.69.192 - - [06/Apr/2026:22:34:17 +0000] "GET /?author=2&paged=243 HTTP/1.1" 200 11314 "-" "Amazon CloudFront"
64.252.69.192 - - [06/Apr/2026:22:34:19 +0000] "GET /?author=1&paged=194 HTTP/1.1" 200 11724 "-" "Amazon CloudFront"
64.252.69.192 - - [06/Apr/2026:22:34:20 +0000] "GET /?author=2&paged=242 HTTP/1.1" 200 11360 "-" "Amazon CloudFront"
15.158.215.109 - - [06/Apr/2026:22:34:22 +0000] "POST /wp-cron.php?doing_wp_cron=1775514862.1882600784301757812500 HTTP/1.1" 200 - "https://69b4844ae61d4e92bf26ad98af552775-devsite.readyship.co/wp-cron.php?doing_wp_cron=1775514862.1882600784301757812500" "WordPress/5.1.19; https://69b4844ae61d4e92bf26ad98af552775-devsite.readyship.co"
64.252.66.105 - - [06/Apr/2026:22:34:21 +0000] "GET /prizes/185185248 HTTP/1.1" 301 - "-" "Amazon CloudFront"
18.68.13.14 - - [06/Apr/2026:22:34:26 +0000] "GET /index.php?format=xml&rest_route=%2Foembed%2F1.0%2Fembed&url=https%3A%2F%2F69b4844ae61d4e92bf26ad98af552775-devsite.readyship.co%2F%3Fp%3D92014 HTTP/1.1" 403 - "https://69b4844ae61d4e92bf26ad98af552775-devsite.readyship.co/?p=92014" "Mozilla/5.0 AppleWebKit/537.36 (KHTML, like Gecko; compatible; GPTBot/1.3; +https://openai.com/gptbot)"
64.252.68.163 - - [06/Apr/2026:22:34:23 +0000] "GET /prizes/185185248/ HTTP/1.1" 200 24283 "-" "Amazon CloudFront"
18.68.13.14 - - [06/Apr/2026:22:34:26 +0000] "GET /index.php?format=xml&rest_route=%2Foembed%2F1.0%2Fembed&url=https%3A%2F%2F69b4844ae61d4e92bf26ad98af552775-devsite.readyship.co%2F%3Fp%3D92016 HTTP/1.1" 403 - "https://69b4844ae61d4e92bf26ad98af552775-devsite.readyship.co/?p=92016" "Mozilla/5.0 AppleWebKit/537.36 (KHTML, like Gecko; compatible; GPTBot/1.3; +https://openai.com/gptbot)"
64.252.69.192 - - [06/Apr/2026:22:34:27 +0000] "GET /?feed=rss2&p=92016 HTTP/1.1" 200 499 "-" "Amazon CloudFront"
64.252.68.163 - - [06/Apr/2026:22:34:28 +0000] "GET /?feed=rss2&p=92014 HTTP/1.1" 200 507 "-" "Amazon CloudFront"
64.252.68.163 - - [06/Apr/2026:22:34:28 +0000] "GET /?feed=rss2&p=92018 HTTP/1.1" 200 526 "-" "Amazon CloudFront"
64.252.66.105 - - [06/Apr/2026:22:34:29 +0000] "GET /?feed=rss2&p=92000 HTTP/1.1" 200 532 "-" "Amazon CloudFront"
64.252.68.163 - - [06/Apr/2026:22:34:30 +0000] "GET /?p=92002 HTTP/1.1" 200 23369 "-" "Amazon CloudFront"
64.252.67.128 - - [06/Apr/2026:22:34:31 +0000] "GET /?p=91974 HTTP/1.1" 200 17535 "-" "Amazon CloudFront"
64.252.68.163 - - [06/Apr/2026:22:34:33 +0000] "GET /?p=91968 HTTP/1.1" 200 15923 "-" "Amazon CloudFront"
64.252.66.105 - - [06/Apr/2026:22:34:34 +0000] "GET /?p=91966 HTTP/1.1" 200 17790 "-" "Amazon CloudFront"
64.252.66.105 - - [06/Apr/2026:22:34:35 +0000] "GET /?p=91984 HTTP/1.1" 200 15114 "-" "Amazon CloudFront"
64.252.67.128 - - [06/Apr/2026:22:34:37 +0000] "GET /?p=91980 HTTP/1.1" 200 22374 "-" "Amazon CloudFront"
64.252.67.128 - - [06/Apr/2026:22:34:38 +0000] "GET /?p=91986 HTTP/1.1" 200 17801 "-" "Amazon CloudFront"
18.68.13.14 - - [06/Apr/2026:22:34:39 +0000] "GET /index.php?format=xml&rest_route=%2Foembed%2F1.0%2Fembed&url=https%3A%2F%2F69b4844ae61d4e92bf26ad98af552775-devsite.readyship.co%2F%3Fp%3D92002 HTTP/1.1" 403 - "https://69b4844ae61d4e92bf26ad98af552775-devsite.readyship.co/?p=92002" "Mozilla/5.0 AppleWebKit/537.36 (KHTML, like Gecko; compatible; GPTBot/1.3; +https://openai.com/gptbot)"
64.252.68.163 - - [06/Apr/2026:22:34:40 +0000] "GET /?p=91988 HTTP/1.1" 200 16970 "-" "Amazon CloudFront"
18.68.13.14 - - [06/Apr/2026:22:34:41 +0000] "GET /index.php?format=xml&rest_route=%2Foembed%2F1.0%2Fembed&url=https%3A%2F%2F69b4844ae61d4e92bf26ad98af552775-devsite.readyship.co%2F%3Fp%3D91974 HTTP/1.1" 403 - "https://69b4844ae61d4e92bf26ad98af552775-devsite.readyship.co/?p=91974" "Mozilla/5.0 AppleWebKit/537.36 (KHTML, like Gecko; compatible; GPTBot/1.3; +https://openai.com/gptbot)"
18.68.13.53 - - [06/Apr/2026:22:34:41 +0000] "GET /index.php?format=xml&rest_route=%2Foembed%2F1.0%2Fembed&url=https%3A%2F%2F69b4844ae61d4e92bf26ad98af552775-devsite.readyship.co%2F%3Fp%3D91972 HTTP/1.1" 403 - "https://69b4844ae61d4e92bf26ad98af552775-devsite.readyship.co/?p=91972" "Mozilla/5.0 AppleWebKit/537.36 (KHTML, like Gecko; compatible; GPTBot/1.3; +https://openai.com/gptbot)"
18.68.13.53 - - [06/Apr/2026:22:34:42 +0000] "GET /index.php?format=xml&rest_route=%2Foembed%2F1.0%2Fembed&url=https%3A%2F%2F69b4844ae61d4e92bf26ad98af552775-devsite.readyship.co%2F%3Fp%3D91976 HTTP/1.1" 403 - "https://69b4844ae61d4e92bf26ad98af552775-devsite.readyship.co/?p=91976" "Mozilla/5.0 AppleWebKit/537.36 (KHTML, like Gecko; compatible; GPTBot/1.3; +https://openai.com/gptbot)"
18.68.13.53 - - [06/Apr/2026:22:34:42 +0000] "GET /index.php?format=xml&rest_route=%2Foembed%2F1.0%2Fembed&url=https%3A%2F%2F69b4844ae61d4e92bf26ad98af552775-devsite.readyship.co%2F%3Fp%3D91970 HTTP/1.1" 403 - "https://69b4844ae61d4e92bf26ad98af552775-devsite.readyship.co/?p=91970" "Mozilla/5.0 AppleWebKit/537.36 (KHTML, like Gecko; compatible; GPTBot/1.3; +https://openai.com/gptbot)"
18.68.13.38 - - [06/Apr/2026:22:34:43 +0000] "GET /index.php?format=xml&rest_route=%2Foembed%2F1.0%2Fembed&url=https%3A%2F%2F69b4844ae61d4e92bf26ad98af552775-devsite.readyship.co%2F%3Fp%3D91966 HTTP/1.1" 403 - "https://69b4844ae61d4e92bf26ad98af552775-devsite.readyship.co/?p=91966" "Mozilla/5.0 AppleWebKit/537.36 (KHTML, like Gecko; compatible; GPTBot/1.3; +https://openai.com/gptbot)"
18.68.13.41 - - [06/Apr/2026:22:34:43 +0000] "GET /index.php?format=xml&rest_route=%2Foembed%2F1.0%2Fembed&url=https%3A%2F%2F69b4844ae61d4e92bf26ad98af552775-devsite.readyship.co%2F%3Fp%3D91968 HTTP/1.1" 403 - "https://69b4844ae61d4e92bf26ad98af552775-devsite.readyship.co/?p=91968" "Mozilla/5.0 AppleWebKit/537.36 (KHTML, like Gecko; compatible; GPTBot/1.3; +https://openai.com/gptbot)"
18.68.13.41 - - [06/Apr/2026:22:34:44 +0000] "GET /index.php?format=xml&rest_route=%2Foembed%2F1.0%2Fembed&url=https%3A%2F%2F69b4844ae61d4e92bf26ad98af552775-devsite.readyship.co%2F%3Fp%3D91984 HTTP/1.1" 403 - "https://69b4844ae61d4e92bf26ad98af552775-devsite.readyship.co/?p=91984" "Mozilla/5.0 AppleWebKit/537.36 (KHTML, like Gecko; compatible; GPTBot/1.3; +https://openai.com/gptbot)"
18.68.13.41 - - [06/Apr/2026:22:34:44 +0000] "GET /index.php?format=xml&rest_route=%2Foembed%2F1.0%2Fembed&url=https%3A%2F%2F69b4844ae61d4e92bf26ad98af552775-devsite.readyship.co%2F%3Fp%3D91980 HTTP/1.1" 403 - "https://69b4844ae61d4e92bf26ad98af552775-devsite.readyship.co/?p=91980" "Mozilla/5.0 AppleWebKit/537.36 (KHTML, like Gecko; compatible; GPTBot/1.3; +https://openai.com/gptbot)"
18.68.13.24 - - [06/Apr/2026:22:34:45 +0000] "GET /index.php?format=xml&rest_route=%2Foembed%2F1.0%2Fembed&url=https%3A%2F%2F69b4844ae61d4e92bf26ad98af552775-devsite.readyship.co%2F%3Fp%3D91982 HTTP/1.1" 403 - "https://69b4844ae61d4e92bf26ad98af552775-devsite.readyship.co/?p=91982" "Mozilla/5.0 AppleWebKit/537.36 (KHTML, like Gecko; compatible; GPTBot/1.3; +https://openai.com/gptbot)"
18.68.13.53 - - [06/Apr/2026:22:34:45 +0000] "GET /index.php?format=xml&rest_route=%2Foembed%2F1.0%2Fembed&url=https%3A%2F%2F69b4844ae61d4e92bf26ad98af552775-devsite.readyship.co%2F%3Fp%3D91986 HTTP/1.1" 403 - "https://69b4844ae61d4e92bf26ad98af552775-devsite.readyship.co/?p=91986" "Mozilla/5.0 AppleWebKit/537.36 (KHTML, like Gecko; compatible; GPTBot/1.3; +https://openai.com/gptbot)"
64.252.67.128 - - [06/Apr/2026:22:34:46 +0000] "GET /?p=91964 HTTP/1.1" 200 16754 "-" "Amazon CloudFront"
18.68.13.41 - - [06/Apr/2026:22:34:47 +0000] "GET /index.php?format=xml&rest_route=%2Foembed%2F1.0%2Fembed&url=https%3A%2F%2F69b4844ae61d4e92bf26ad98af552775-devsite.readyship.co%2F%3Fp%3D91988 HTTP/1.1" 403 - "https://69b4844ae61d4e92bf26ad98af552775-devsite.readyship.co/?p=91988" "Mozilla/5.0 AppleWebKit/537.36 (KHTML, like Gecko; compatible; GPTBot/1.3; +https://openai.com/gptbot)"
64.252.68.163 - - [06/Apr/2026:22:34:48 +0000] "GET /?p=91978 HTTP/1.1" 200 17558 "-" "Amazon CloudFront"
18.68.13.24 - - [06/Apr/2026:22:34:49 +0000] "GET /index.php?rest_route=%2Foembed%2F1.0%2Fembed&url=https%3A%2F%2F69b4844ae61d4e92bf26ad98af552775-devsite.readyship.co%2F%3Fp%3D91968 HTTP/1.1" 403 - "https://69b4844ae61d4e92bf26ad98af552775-devsite.readyship.co/?p=91968" "Mozilla/5.0 AppleWebKit/537.36 (KHTML, like Gecko; compatible; GPTBot/1.3; +https://openai.com/gptbot)"
64.252.67.128 - - [06/Apr/2026:22:34:49 +0000] "GET /?feed=rss2&p=91976 HTTP/1.1" 200 507 "-" "Amazon CloudFront"
64.252.69.192 - - [06/Apr/2026:22:34:50 +0000] "GET /?feed=rss2&p=91968 HTTP/1.1" 200 597 "-" "Amazon CloudFront"
64.252.68.163 - - [06/Apr/2026:22:34:51 +0000] "GET /?feed=rss2&p=91966 HTTP/1.1" 200 528 "-" "Amazon CloudFront"
64.252.66.105 - - [06/Apr/2026:22:34:51 +0000] "GET /?feed=rss2&p=91988 HTTP/1.1" 200 522 "-" "Amazon CloudFront"
64.252.66.105 - - [06/Apr/2026:22:34:52 +0000] "GET /?feed=rss2&p=91972 HTTP/1.1" 200 520 "-" "Amazon CloudFront"
64.252.68.163 - - [06/Apr/2026:22:34:52 +0000] "GET /?feed=rss2&p=91986 HTTP/1.1" 200 539 "-" "Amazon CloudFront"
64.252.69.192 - - [06/Apr/2026:22:34:53 +0000] "GET /?feed=rss2&p=91982 HTTP/1.1" 200 503 "-" "Amazon CloudFront"
18.68.13.53 - - [06/Apr/2026:22:34:54 +0000] "GET /index.php?format=xml&rest_route=%2Foembed%2F1.0%2Fembed&url=https%3A%2F%2F69b4844ae61d4e92bf26ad98af552775-devsite.readyship.co%2F%3Fp%3D91964 HTTP/1.1" 403 - "https://69b4844ae61d4e92bf26ad98af552775-devsite.readyship.co/?p=91964" "Mozilla/5.0 AppleWebKit/537.36 (KHTML, like Gecko; compatible; GPTBot/1.3; +https://openai.com/gptbot)"
64.252.66.105 - - [06/Apr/2026:22:34:55 +0000] "GET /?p=91962 HTTP/1.1" 200 23984 "-" "Amazon CloudFront"
64.252.67.128 - - [06/Apr/2026:22:34:56 +0000] "GET /?feed=rss2&p=91970 HTTP/1.1" 200 509 "-" "Amazon CloudFront"
18.68.13.53 - - [06/Apr/2026:22:34:56 +0000] "GET /index.php?format=xml&rest_route=%2Foembed%2F1.0%2Fembed&url=https%3A%2F%2F69b4844ae61d4e92bf26ad98af552775-devsite.readyship.co%2F%3Fp%3D91978 HTTP/1.1" 403 - "https://69b4844ae61d4e92bf26ad98af552775-devsite.readyship.co/?p=91978" "Mozilla/5.0 AppleWebKit/537.36 (KHTML, like Gecko; compatible; GPTBot/1.3; +https://openai.com/gptbot)"
64.252.66.105 - - [06/Apr/2026:22:34:58 +0000] "GET /?feed=rss2&p=91974 HTTP/1.1" 200 486 "-" "Amazon CloudFront"
64.252.68.163 - - [06/Apr/2026:22:34:57 +0000] "GET /?feed=rss2&p=91978 HTTP/1.1" 200 476 "-" "Amazon CloudFront"
64.252.66.105 - - [06/Apr/2026:22:34:58 +0000] "GET /?feed=rss2&p=91980 HTTP/1.1" 200 500 "-" "Amazon CloudFront"
64.252.69.192 - - [06/Apr/2026:22:34:59 +0000] "GET /?feed=rss2&p=92002 HTTP/1.1" 200 494 "-" "Amazon CloudFront"
64.252.67.128 - - [06/Apr/2026:22:35:00 +0000] "GET /?feed=rss2&p=91964 HTTP/1.1" 200 524 "-" "Amazon CloudFront"
64.252.69.192 - - [06/Apr/2026:22:35:01 +0000] "GET /?feed=rss2&p=91984 HTTP/1.1" 200 529 "-" "Amazon CloudFront"
64.252.67.128 - - [06/Apr/2026:22:35:01 +0000] "GET /?author=2&paged=244 HTTP/1.1" 200 11313 "-" "Amazon CloudFront"
18.68.13.14 - - [06/Apr/2026:22:35:04 +0000] "GET /index.php?format=xml&rest_route=%2Foembed%2F1.0%2Fembed&url=https%3A%2F%2F69b4844ae61d4e92bf26ad98af552775-devsite.readyship.co%2F%3Fp%3D91962 HTTP/1.1" 403 - "https://69b4844ae61d4e92bf26ad98af552775-devsite.readyship.co/?p=91962" "Mozilla/5.0 AppleWebKit/537.36 (KHTML, like Gecko; compatible; GPTBot/1.3; +https://openai.com/gptbot)"
64.252.67.128 - - [06/Apr/2026:22:35:03 +0000] "GET /?author=1&paged=196 HTTP/1.1" 200 11242 "-" "Amazon CloudFront"
64.252.69.192 - - [06/Apr/2026:22:35:06 +0000] "GET /?feed=rss2&p=91962 HTTP/1.1" 200 528 "-" "Amazon CloudFront"
64.252.67.128 - - [06/Apr/2026:22:35:04 +0000] "GET /?p=91960 HTTP/1.1" 200 14683 "-" "Amazon CloudFront"
64.252.69.192 - - [06/Apr/2026:22:35:06 +0000] "GET /?author=1&paged=197 HTTP/1.1" 200 11255 "-" "Amazon CloudFront"
64.252.76.215 - - [06/Apr/2026:22:35:08 +0000] "GET /prizes/128080460 HTTP/1.1" 301 - "-" "Amazon CloudFront"
64.252.68.163 - - [06/Apr/2026:22:35:09 +0000] "GET /prizes/101016672 HTTP/1.1" 301 - "-" "Amazon CloudFront"
64.252.69.192 - - [06/Apr/2026:22:35:07 +0000] "GET /?author=2&paged=245 HTTP/1.1" 200 11333 "-" "Amazon CloudFront"
64.252.76.100 - - [06/Apr/2026:22:35:09 +0000] "GET /prizes/128080460/ HTTP/1.1" 200 24260 "-" "Amazon CloudFront"
64.252.69.192 - - [06/Apr/2026:22:35:09 +0000] "GET /prizes/101016672/ HTTP/1.1" 200 24285 "-" "Amazon CloudFront"
64.252.69.192 - - [06/Apr/2026:22:35:13 +0000] "GET /prizes/120646460 HTTP/1.1" 301 - "-" "Amazon CloudFront"
64.252.66.105 - - [06/Apr/2026:22:35:13 +0000] "GET /prizes/120646460/ HTTP/1.1" 200 24288 "-" "Amazon CloudFront"
64.252.69.192 - - [06/Apr/2026:22:35:17 +0000] "GET /prizes/324724733 HTTP/1.1" 301 - "-" "Amazon CloudFront"
64.252.69.192 - - [06/Apr/2026:22:35:18 +0000] "GET /prizes/324724733/ HTTP/1.1" 200 24276 "-" "Amazon CloudFront"
64.252.67.128 - - [06/Apr/2026:22:35:21 +0000] "GET /prizes/228086228 HTTP/1.1" 301 - "-" "Amazon CloudFront"
15.158.215.109 - - [06/Apr/2026:22:35:22 +0000] "POST /wp-cron.php?doing_wp_cron=1775514922.5868670940399169921875 HTTP/1.1" 200 - "https://69b4844ae61d4e92bf26ad98af552775-devsite.readyship.co/wp-cron.php?doing_wp_cron=1775514922.5868670940399169921875" "WordPress/5.1.19; https://69b4844ae61d4e92bf26ad98af552775-devsite.readyship.co"
64.252.66.105 - - [06/Apr/2026:22:35:22 +0000] "GET /prizes/228086228/ HTTP/1.1" 200 24289 "-" "Amazon CloudFront"
64.252.68.163 - - [06/Apr/2026:22:35:26 +0000] "GET /?p=91956 HTTP/1.1" 200 17405 "-" "Amazon CloudFront"
64.252.68.163 - - [06/Apr/2026:22:35:27 +0000] "GET /?p=91952 HTTP/1.1" 200 17005 "-" "Amazon CloudFront"
64.252.66.105 - - [06/Apr/2026:22:35:28 +0000] "GET /?p=91954 HTTP/1.1" 200 16240 "-" "Amazon CloudFront"
18.68.13.14 - - [06/Apr/2026:22:35:29 +0000] "GET /index.php?format=xml&rest_route=%2Foembed%2F1.0%2Fembed&url=https%3A%2F%2F69b4844ae61d4e92bf26ad98af552775-devsite.readyship.co%2F%3Fp%3D91960 HTTP/1.1" 403 - "https://69b4844ae61d4e92bf26ad98af552775-devsite.readyship.co/?p=91960" "Mozilla/5.0 AppleWebKit/537.36 (KHTML, like Gecko; compatible; GPTBot/1.3; +https://openai.com/gptbot)"
64.252.67.128 - - [06/Apr/2026:22:35:29 +0000] "GET /?p=91946 HTTP/1.1" 200 23753 "-" "Amazon CloudFront"
64.252.69.192 - - [06/Apr/2026:22:35:31 +0000] "GET /?p=91934 HTTP/1.1" 200 21408 "-" "Amazon CloudFront"
64.252.68.163 - - [06/Apr/2026:22:35:32 +0000] "GET /?p=91932 HTTP/1.1" 200 23107 "-" "Amazon CloudFront"
64.252.68.163 - - [06/Apr/2026:22:35:34 +0000] "GET /?p=91942 HTTP/1.1" 200 17498 "-" "Amazon CloudFront"
64.252.68.163 - - [06/Apr/2026:22:35:35 +0000] "GET /?p=91938 HTTP/1.1" 200 17900 "-" "Amazon CloudFront"
18.68.13.14 - - [06/Apr/2026:22:35:36 +0000] "GET /index.php?format=xml&rest_route=%2Foembed%2F1.0%2Fembed&url=https%3A%2F%2F69b4844ae61d4e92bf26ad98af552775-devsite.readyship.co%2F%3Fp%3D91956 HTTP/1.1" 403 - "https://69b4844ae61d4e92bf26ad98af552775-devsite.readyship.co/?p=91956" "Mozilla/5.0 AppleWebKit/537.36 (KHTML, like Gecko; compatible; GPTBot/1.3; +https://openai.com/gptbot)"
18.68.13.14 - - [06/Apr/2026:22:35:36 +0000] "GET /index.php?format=xml&rest_route=%2Foembed%2F1.0%2Fembed&url=https%3A%2F%2F69b4844ae61d4e92bf26ad98af552775-devsite.readyship.co%2F%3Fp%3D91952 HTTP/1.1" 403 - "https://69b4844ae61d4e92bf26ad98af552775-devsite.readyship.co/?p=91952" "Mozilla/5.0 AppleWebKit/537.36 (KHTML, like Gecko; compatible; GPTBot/1.3; +https://openai.com/gptbot)"
18.68.13.41 - - [06/Apr/2026:22:35:37 +0000] "GET /index.php?format=xml&rest_route=%2Foembed%2F1.0%2Fembed&url=https%3A%2F%2F69b4844ae61d4e92bf26ad98af552775-devsite.readyship.co%2F%3Fp%3D91954 HTTP/1.1" 403 - "https://69b4844ae61d4e92bf26ad98af552775-devsite.readyship.co/?p=91954" "Mozilla/5.0 AppleWebKit/537.36 (KHTML, like Gecko; compatible; GPTBot/1.3; +https://openai.com/gptbot)"
64.252.69.192 - - [06/Apr/2026:22:35:38 +0000] "GET /?p=91926 HTTP/1.1" 200 23186 "-" "Amazon CloudFront"
18.68.13.53 - - [06/Apr/2026:22:35:39 +0000] "GET /index.php?format=xml&rest_route=%2Foembed%2F1.0%2Fembed&url=https%3A%2F%2F69b4844ae61d4e92bf26ad98af552775-devsite.readyship.co%2F%3Fp%3D91950 HTTP/1.1" 403 - "https://69b4844ae61d4e92bf26ad98af552775-devsite.readyship.co/?p=91950" "Mozilla/5.0 AppleWebKit/537.36 (KHTML, like Gecko; compatible; GPTBot/1.3; +https://openai.com/gptbot)"
18.68.13.53 - - [06/Apr/2026:22:35:40 +0000] "GET /index.php?format=xml&rest_route=%2Foembed%2F1.0%2Fembed&url=https%3A%2F%2F69b4844ae61d4e92bf26ad98af552775-devsite.readyship.co%2F%3Fp%3D91930 HTTP/1.1" 403 - "https://69b4844ae61d4e92bf26ad98af552775-devsite.readyship.co/?p=91930" "Mozilla/5.0 AppleWebKit/537.36 (KHTML, like Gecko; compatible; GPTBot/1.3; +https://openai.com/gptbot)"
18.68.13.53 - - [06/Apr/2026:22:35:40 +0000] "GET /index.php?format=xml&rest_route=%2Foembed%2F1.0%2Fembed&url=https%3A%2F%2F69b4844ae61d4e92bf26ad98af552775-devsite.readyship.co%2F%3Fp%3D91934 HTTP/1.1" 403 - "https://69b4844ae61d4e92bf26ad98af552775-devsite.readyship.co/?p=91934" "Mozilla/5.0 AppleWebKit/537.36 (KHTML, like Gecko; compatible; GPTBot/1.3; +https://openai.com/gptbot)"
18.68.13.41 - - [06/Apr/2026:22:35:41 +0000] "GET /index.php?format=xml&rest_route=%2Foembed%2F1.0%2Fembed&url=https%3A%2F%2F69b4844ae61d4e92bf26ad98af552775-devsite.readyship.co%2F%3Fp%3D91932 HTTP/1.1" 403 - "https://69b4844ae61d4e92bf26ad98af552775-devsite.readyship.co/?p=91932" "Mozilla/5.0 AppleWebKit/537.36 (KHTML, like Gecko; compatible; GPTBot/1.3; +https://openai.com/gptbot)"
18.68.13.53 - - [06/Apr/2026:22:35:41 +0000] "GET /index.php?format=xml&rest_route=%2Foembed%2F1.0%2Fembed&url=https%3A%2F%2F69b4844ae61d4e92bf26ad98af552775-devsite.readyship.co%2F%3Fp%3D91942 HTTP/1.1" 403 - "https://69b4844ae61d4e92bf26ad98af552775-devsite.readyship.co/?p=91942" "Mozilla/5.0 AppleWebKit/537.36 (KHTML, like Gecko; compatible; GPTBot/1.3; +https://openai.com/gptbot)"
18.68.13.38 - - [06/Apr/2026:22:35:42 +0000] "GET /index.php?format=xml&rest_route=%2Foembed%2F1.0%2Fembed&url=https%3A%2F%2F69b4844ae61d4e92bf26ad98af552775-devsite.readyship.co%2F%3Fp%3D91946 HTTP/1.1" 403 - "https://69b4844ae61d4e92bf26ad98af552775-devsite.readyship.co/?p=91946" "Mozilla/5.0 AppleWebKit/537.36 (KHTML, like Gecko; compatible; GPTBot/1.3; +https://openai.com/gptbot)"
18.68.13.24 - - [06/Apr/2026:22:35:42 +0000] "GET /index.php?format=xml&rest_route=%2Foembed%2F1.0%2Fembed&url=https%3A%2F%2F69b4844ae61d4e92bf26ad98af552775-devsite.readyship.co%2F%3Fp%3D91938 HTTP/1.1" 403 - "https://69b4844ae61d4e92bf26ad98af552775-devsite.readyship.co/?p=91938" "Mozilla/5.0 AppleWebKit/537.36 (KHTML, like Gecko; compatible; GPTBot/1.3; +https://openai.com/gptbot)"
64.252.68.163 - - [06/Apr/2026:22:35:43 +0000] "GET /?p=91928 HTTP/1.1" 200 15207 "-" "Amazon CloudFront"
18.68.13.41 - - [06/Apr/2026:22:35:44 +0000] "GET /index.php?format=xml&rest_route=%2Foembed%2F1.0%2Fembed&url=https%3A%2F%2F69b4844ae61d4e92bf26ad98af552775-devsite.readyship.co%2F%3Fp%3D91944 HTTP/1.1" 403 - "https://69b4844ae61d4e92bf26ad98af552775-devsite.readyship.co/?p=91944" "Mozilla/5.0 AppleWebKit/537.36 (KHTML, like Gecko; compatible; GPTBot/1.3; +https://openai.com/gptbot)"
64.252.68.163 - - [06/Apr/2026:22:35:44 +0000] "GET /?p=91936 HTTP/1.1" 200 16891 "-" "Amazon CloudFront"
64.252.69.192 - - [06/Apr/2026:22:35:45 +0000] "GET /?p=91948 HTTP/1.1" 200 17457 "-" "Amazon CloudFront"
18.68.13.41 - - [06/Apr/2026:22:35:46 +0000] "GET /index.php?format=xml&rest_route=%2Foembed%2F1.0%2Fembed&url=https%3A%2F%2F69b4844ae61d4e92bf26ad98af552775-devsite.readyship.co%2F%3Fp%3D91926 HTTP/1.1" 403 - "https://69b4844ae61d4e92bf26ad98af552775-devsite.readyship.co/?p=91926" "Mozilla/5.0 AppleWebKit/537.36 (KHTML, like Gecko; compatible; GPTBot/1.3; +https://openai.com/gptbot)"
64.252.68.163 - - [06/Apr/2026:22:35:47 +0000] "GET /?p=91958 HTTP/1.1" 200 15706 "-" "Amazon CloudFront"
64.252.67.128 - - [06/Apr/2026:22:35:49 +0000] "GET /?feed=rss2&p=91956 HTTP/1.1" 200 512 "-" "Amazon CloudFront"
64.252.66.105 - - [06/Apr/2026:22:35:50 +0000] "GET /?feed=rss2&p=91952 HTTP/1.1" 200 501 "-" "Amazon CloudFront"
64.252.66.105 - - [06/Apr/2026:22:35:51 +0000] "GET /?feed=rss2&p=91954 HTTP/1.1" 200 501 "-" "Amazon CloudFront"
64.252.67.128 - - [06/Apr/2026:22:35:51 +0000] "GET /?feed=rss2&p=91946 HTTP/1.1" 200 519 "-" "Amazon CloudFront"
18.68.13.41 - - [06/Apr/2026:22:35:52 +0000] "GET /index.php?format=xml&rest_route=%2Foembed%2F1.0%2Fembed&url=https%3A%2F%2F69b4844ae61d4e92bf26ad98af552775-devsite.readyship.co%2F%3Fp%3D91928 HTTP/1.1" 403 - "https://69b4844ae61d4e92bf26ad98af552775-devsite.readyship.co/?p=91928" "Mozilla/5.0 AppleWebKit/537.36 (KHTML, like Gecko; compatible; GPTBot/1.3; +https://openai.com/gptbot)"
18.68.13.41 - - [06/Apr/2026:22:35:53 +0000] "GET /index.php?format=xml&rest_route=%2Foembed%2F1.0%2Fembed&url=https%3A%2F%2F69b4844ae61d4e92bf26ad98af552775-devsite.readyship.co%2F%3Fp%3D91936 HTTP/1.1" 403 - "https://69b4844ae61d4e92bf26ad98af552775-devsite.readyship.co/?p=91936" "Mozilla/5.0 AppleWebKit/537.36 (KHTML, like Gecko; compatible; GPTBot/1.3; +https://openai.com/gptbot)"
64.252.67.128 - - [06/Apr/2026:22:35:53 +0000] "GET /?feed=rss2&p=91928 HTTP/1.1" 200 513 "-" "Amazon CloudFront"
18.68.13.38 - - [06/Apr/2026:22:35:54 +0000] "GET /index.php?format=xml&rest_route=%2Foembed%2F1.0%2Fembed&url=https%3A%2F%2F69b4844ae61d4e92bf26ad98af552775-devsite.readyship.co%2F%3Fp%3D91948 HTTP/1.1" 403 - "https://69b4844ae61d4e92bf26ad98af552775-devsite.readyship.co/?p=91948" "Mozilla/5.0 AppleWebKit/537.36 (KHTML, like Gecko; compatible; GPTBot/1.3; +https://openai.com/gptbot)"
18.68.13.41 - - [06/Apr/2026:22:35:54 +0000] "GET /index.php?format=xml&rest_route=%2Foembed%2F1.0%2Fembed&url=https%3A%2F%2F69b4844ae61d4e92bf26ad98af552775-devsite.readyship.co%2F%3Fp%3D91924 HTTP/1.1" 403 - "https://69b4844ae61d4e92bf26ad98af552775-devsite.readyship.co/?p=91924" "Mozilla/5.0 AppleWebKit/537.36 (KHTML, like Gecko; compatible; GPTBot/1.3; +https://openai.com/gptbot)"
64.252.68.163 - - [06/Apr/2026:22:35:55 +0000] "GET /?p=91922 HTTP/1.1" 200 18118 "-" "Amazon CloudFront"
18.68.13.41 - - [06/Apr/2026:22:35:56 +0000] "GET /index.php?format=xml&rest_route=%2Foembed%2F1.0%2Fembed&url=https%3A%2F%2F69b4844ae61d4e92bf26ad98af552775-devsite.readyship.co%2F%3Fp%3D91958 HTTP/1.1" 403 - "https://69b4844ae61d4e92bf26ad98af552775-devsite.readyship.co/?p=91958" "Mozilla/5.0 AppleWebKit/537.36 (KHTML, like Gecko; compatible; GPTBot/1.3; +https://openai.com/gptbot)"
