15.158.235.66 - - [06/Apr/2026:21:41:31 +0000] "GET /index.php?format=xml&rest_route=%2Foembed%2F1.0%2Fembed&url=https%3A%2F%2F69b4844ae61d4e92bf26ad98af552775-devsite.readyship.co%2F%3Fp%3D94561 HTTP/1.1" 403 - "https://69b4844ae61d4e92bf26ad98af552775-devsite.readyship.co/?p=94561" "Mozilla/5.0 AppleWebKit/537.36 (KHTML, like Gecko; compatible; GPTBot/1.3; +https://openai.com/gptbot)"
15.158.235.100 - - [06/Apr/2026:21:41:31 +0000] "GET /index.php?format=xml&rest_route=%2Foembed%2F1.0%2Fembed&url=https%3A%2F%2F69b4844ae61d4e92bf26ad98af552775-devsite.readyship.co%2F%3Fp%3D94563 HTTP/1.1" 403 - "https://69b4844ae61d4e92bf26ad98af552775-devsite.readyship.co/?p=94563" "Mozilla/5.0 AppleWebKit/537.36 (KHTML, like Gecko; compatible; GPTBot/1.3; +https://openai.com/gptbot)"
15.158.235.66 - - [06/Apr/2026:21:41:32 +0000] "GET /index.php?format=xml&rest_route=%2Foembed%2F1.0%2Fembed&url=https%3A%2F%2F69b4844ae61d4e92bf26ad98af552775-devsite.readyship.co%2F%3Fp%3D94537 HTTP/1.1" 403 - "https://69b4844ae61d4e92bf26ad98af552775-devsite.readyship.co/?p=94537" "Mozilla/5.0 AppleWebKit/537.36 (KHTML, like Gecko; compatible; GPTBot/1.3; +https://openai.com/gptbot)"
64.252.76.63 - - [06/Apr/2026:21:41:32 +0000] "GET /prizes/239054965 HTTP/1.1" 301 - "-" "Amazon CloudFront"
64.252.76.63 - - [06/Apr/2026:21:41:33 +0000] "GET /?p=94525 HTTP/1.1" 200 15908 "-" "Amazon CloudFront"
64.252.76.215 - - [06/Apr/2026:21:41:34 +0000] "GET /?feed=rss2&p=94527 HTTP/1.1" 200 512 "-" "Amazon CloudFront"
64.252.76.63 - - [06/Apr/2026:21:41:34 +0000] "GET /?p=94487 HTTP/1.1" 200 16061 "-" "Amazon CloudFront"
64.252.76.63 - - [06/Apr/2026:21:41:33 +0000] "GET /prizes/239054965/ HTTP/1.1" 200 24281 "-" "Amazon CloudFront"
64.252.76.63 - - [06/Apr/2026:21:41:36 +0000] "GET /?p=94497 HTTP/1.1" 200 23761 "-" "Amazon CloudFront"
64.252.76.100 - - [06/Apr/2026:21:41:37 +0000] "GET /?p=94515 HTTP/1.1" 200 17940 "-" "Amazon CloudFront"
64.252.76.63 - - [06/Apr/2026:21:41:38 +0000] "GET /?p=94511 HTTP/1.1" 200 17979 "-" "Amazon CloudFront"
64.252.76.63 - - [06/Apr/2026:21:41:39 +0000] "GET /?p=94519 HTTP/1.1" 200 15816 "-" "Amazon CloudFront"
64.252.76.100 - - [06/Apr/2026:21:41:40 +0000] "GET /?p=94495 HTTP/1.1" 200 17576 "-" "Amazon CloudFront"
64.252.76.100 - - [06/Apr/2026:21:41:41 +0000] "GET /?p=94489 HTTP/1.1" 200 14648 "-" "Amazon CloudFront"
64.252.76.100 - - [06/Apr/2026:21:41:42 +0000] "GET /?p=94491 HTTP/1.1" 200 15580 "-" "Amazon CloudFront"
64.252.76.215 - - [06/Apr/2026:21:41:43 +0000] "GET /?p=94509 HTTP/1.1" 200 15666 "-" "Amazon CloudFront"
15.158.235.110 - - [06/Apr/2026:21:41:45 +0000] "GET /index.php?format=xml&rest_route=%2Foembed%2F1.0%2Fembed&url=https%3A%2F%2F69b4844ae61d4e92bf26ad98af552775-devsite.readyship.co%2F%3Fp%3D94525 HTTP/1.1" 403 - "https://69b4844ae61d4e92bf26ad98af552775-devsite.readyship.co/?p=94525" "Mozilla/5.0 AppleWebKit/537.36 (KHTML, like Gecko; compatible; GPTBot/1.3; +https://openai.com/gptbot)"
64.252.76.100 - - [06/Apr/2026:21:41:45 +0000] "GET /?p=94505 HTTP/1.1" 200 15540 "-" "Amazon CloudFront"
15.158.235.110 - - [06/Apr/2026:21:41:46 +0000] "GET /index.php?format=xml&rest_route=%2Foembed%2F1.0%2Fembed&url=https%3A%2F%2F69b4844ae61d4e92bf26ad98af552775-devsite.readyship.co%2F%3Fp%3D94487 HTTP/1.1" 403 - "https://69b4844ae61d4e92bf26ad98af552775-devsite.readyship.co/?p=94487" "Mozilla/5.0 AppleWebKit/537.36 (KHTML, like Gecko; compatible; GPTBot/1.3; +https://openai.com/gptbot)"
64.252.76.63 - - [06/Apr/2026:21:41:46 +0000] "GET /prizes/78806470 HTTP/1.1" 301 - "-" "Amazon CloudFront"
15.158.235.66 - - [06/Apr/2026:21:41:47 +0000] "GET /index.php?format=xml&rest_route=%2Foembed%2F1.0%2Fembed&url=https%3A%2F%2F69b4844ae61d4e92bf26ad98af552775-devsite.readyship.co%2F%3Fp%3D94515 HTTP/1.1" 403 - "https://69b4844ae61d4e92bf26ad98af552775-devsite.readyship.co/?p=94515" "Mozilla/5.0 AppleWebKit/537.36 (KHTML, like Gecko; compatible; GPTBot/1.3; +https://openai.com/gptbot)"
15.158.235.100 - - [06/Apr/2026:21:41:47 +0000] "GET /index.php?format=xml&rest_route=%2Foembed%2F1.0%2Fembed&url=https%3A%2F%2F69b4844ae61d4e92bf26ad98af552775-devsite.readyship.co%2F%3Fp%3D94497 HTTP/1.1" 403 - "https://69b4844ae61d4e92bf26ad98af552775-devsite.readyship.co/?p=94497" "Mozilla/5.0 AppleWebKit/537.36 (KHTML, like Gecko; compatible; GPTBot/1.3; +https://openai.com/gptbot)"
15.158.235.103 - - [06/Apr/2026:21:41:48 +0000] "GET /index.php?format=xml&rest_route=%2Foembed%2F1.0%2Fembed&url=https%3A%2F%2F69b4844ae61d4e92bf26ad98af552775-devsite.readyship.co%2F%3Fp%3D94511 HTTP/1.1" 403 - "https://69b4844ae61d4e92bf26ad98af552775-devsite.readyship.co/?p=94511" "Mozilla/5.0 AppleWebKit/537.36 (KHTML, like Gecko; compatible; GPTBot/1.3; +https://openai.com/gptbot)"
15.158.235.103 - - [06/Apr/2026:21:41:48 +0000] "GET /index.php?format=xml&rest_route=%2Foembed%2F1.0%2Fembed&url=https%3A%2F%2F69b4844ae61d4e92bf26ad98af552775-devsite.readyship.co%2F%3Fp%3D94519 HTTP/1.1" 403 - "https://69b4844ae61d4e92bf26ad98af552775-devsite.readyship.co/?p=94519" "Mozilla/5.0 AppleWebKit/537.36 (KHTML, like Gecko; compatible; GPTBot/1.3; +https://openai.com/gptbot)"
15.158.235.103 - - [06/Apr/2026:21:41:49 +0000] "GET /index.php?format=xml&rest_route=%2Foembed%2F1.0%2Fembed&url=https%3A%2F%2F69b4844ae61d4e92bf26ad98af552775-devsite.readyship.co%2F%3Fp%3D94495 HTTP/1.1" 403 - "https://69b4844ae61d4e92bf26ad98af552775-devsite.readyship.co/?p=94495" "Mozilla/5.0 AppleWebKit/537.36 (KHTML, like Gecko; compatible; GPTBot/1.3; +https://openai.com/gptbot)"
15.158.235.103 - - [06/Apr/2026:21:41:49 +0000] "GET /index.php?format=xml&rest_route=%2Foembed%2F1.0%2Fembed&url=https%3A%2F%2F69b4844ae61d4e92bf26ad98af552775-devsite.readyship.co%2F%3Fp%3D94489 HTTP/1.1" 403 - "https://69b4844ae61d4e92bf26ad98af552775-devsite.readyship.co/?p=94489" "Mozilla/5.0 AppleWebKit/537.36 (KHTML, like Gecko; compatible; GPTBot/1.3; +https://openai.com/gptbot)"
64.252.76.100 - - [06/Apr/2026:21:41:46 +0000] "GET /prizes/78806470/ HTTP/1.1" 200 24287 "-" "Amazon CloudFront"
15.158.235.100 - - [06/Apr/2026:21:41:50 +0000] "GET /index.php?format=xml&rest_route=%2Foembed%2F1.0%2Fembed&url=https%3A%2F%2F69b4844ae61d4e92bf26ad98af552775-devsite.readyship.co%2F%3Fp%3D94491 HTTP/1.1" 403 - "https://69b4844ae61d4e92bf26ad98af552775-devsite.readyship.co/?p=94491" "Mozilla/5.0 AppleWebKit/537.36 (KHTML, like Gecko; compatible; GPTBot/1.3; +https://openai.com/gptbot)"
15.158.235.68 - - [06/Apr/2026:21:41:50 +0000] "GET /index.php?format=xml&rest_route=%2Foembed%2F1.0%2Fembed&url=https%3A%2F%2F69b4844ae61d4e92bf26ad98af552775-devsite.readyship.co%2F%3Fp%3D94509 HTTP/1.1" 403 - "https://69b4844ae61d4e92bf26ad98af552775-devsite.readyship.co/?p=94509" "Mozilla/5.0 AppleWebKit/537.36 (KHTML, like Gecko; compatible; GPTBot/1.3; +https://openai.com/gptbot)"
64.252.76.215 - - [06/Apr/2026:21:41:51 +0000] "GET /?p=94493 HTTP/1.1" 200 23297 "-" "Amazon CloudFront"
15.158.235.103 - - [06/Apr/2026:21:41:52 +0000] "GET /index.php?format=xml&rest_route=%2Foembed%2F1.0%2Fembed&url=https%3A%2F%2F69b4844ae61d4e92bf26ad98af552775-devsite.readyship.co%2F%3Fp%3D94505 HTTP/1.1" 403 - "https://69b4844ae61d4e92bf26ad98af552775-devsite.readyship.co/?p=94505" "Mozilla/5.0 AppleWebKit/537.36 (KHTML, like Gecko; compatible; GPTBot/1.3; +https://openai.com/gptbot)"
64.252.76.100 - - [06/Apr/2026:21:41:52 +0000] "GET /prizes/96484844 HTTP/1.1" 301 - "-" "Amazon CloudFront"
64.252.76.215 - - [06/Apr/2026:21:41:53 +0000] "GET /?p=94485 HTTP/1.1" 200 25323 "-" "Amazon CloudFront"
64.252.76.100 - - [06/Apr/2026:21:41:54 +0000] "GET /?feed=rss2&p=94505 HTTP/1.1" 200 503 "-" "Amazon CloudFront"
64.252.76.100 - - [06/Apr/2026:21:41:54 +0000] "GET /?feed=rss2&p=94515 HTTP/1.1" 200 544 "-" "Amazon CloudFront"
64.252.76.63 - - [06/Apr/2026:21:41:55 +0000] "GET /?feed=rss2&p=94487 HTTP/1.1" 200 525 "-" "Amazon CloudFront"
64.252.76.100 - - [06/Apr/2026:21:41:53 +0000] "GET /prizes/96484844/ HTTP/1.1" 200 24283 "-" "Amazon CloudFront"
64.252.76.100 - - [06/Apr/2026:21:41:56 +0000] "GET /?feed=rss2&p=94495 HTTP/1.1" 200 575 "-" "Amazon CloudFront"
64.252.76.63 - - [06/Apr/2026:21:41:57 +0000] "GET /?feed=rss2&p=94511 HTTP/1.1" 200 513 "-" "Amazon CloudFront"
64.252.76.63 - - [06/Apr/2026:21:41:57 +0000] "GET /?feed=rss2&p=94489 HTTP/1.1" 200 493 "-" "Amazon CloudFront"
64.252.76.215 - - [06/Apr/2026:21:41:58 +0000] "GET /?feed=rss2&p=94519 HTTP/1.1" 200 523 "-" "Amazon CloudFront"
64.252.76.100 - - [06/Apr/2026:21:41:59 +0000] "GET /?feed=rss2&p=94509 HTTP/1.1" 200 524 "-" "Amazon CloudFront"
15.158.235.66 - - [06/Apr/2026:21:42:00 +0000] "GET /index.php?format=xml&rest_route=%2Foembed%2F1.0%2Fembed&url=https%3A%2F%2F69b4844ae61d4e92bf26ad98af552775-devsite.readyship.co%2F%3Fp%3D94493 HTTP/1.1" 403 - "https://69b4844ae61d4e92bf26ad98af552775-devsite.readyship.co/?p=94493" "Mozilla/5.0 AppleWebKit/537.36 (KHTML, like Gecko; compatible; GPTBot/1.3; +https://openai.com/gptbot)"
64.252.76.100 - - [06/Apr/2026:21:41:59 +0000] "GET /?feed=rss2&p=94497 HTTP/1.1" 200 498 "-" "Amazon CloudFront"
15.158.235.66 - - [06/Apr/2026:21:42:01 +0000] "GET /index.php?format=xml&rest_route=%2Foembed%2F1.0%2Fembed&url=https%3A%2F%2F69b4844ae61d4e92bf26ad98af552775-devsite.readyship.co%2F%3Fp%3D94485 HTTP/1.1" 403 - "https://69b4844ae61d4e92bf26ad98af552775-devsite.readyship.co/?p=94485" "Mozilla/5.0 AppleWebKit/537.36 (KHTML, like Gecko; compatible; GPTBot/1.3; +https://openai.com/gptbot)"
64.252.76.215 - - [06/Apr/2026:21:42:01 +0000] "GET /?p=94483 HTTP/1.1" 200 15687 "-" "Amazon CloudFront"
64.252.76.63 - - [06/Apr/2026:21:42:02 +0000] "GET /?feed=rss2&p=94485 HTTP/1.1" 200 565 "-" "Amazon CloudFront"
64.252.76.63 - - [06/Apr/2026:21:42:03 +0000] "GET /?feed=rss2&p=94491 HTTP/1.1" 200 521 "-" "Amazon CloudFront"
64.252.76.215 - - [06/Apr/2026:21:42:04 +0000] "GET /?feed=rss2&p=94525 HTTP/1.1" 200 543 "-" "Amazon CloudFront"
64.252.76.63 - - [06/Apr/2026:21:42:04 +0000] "GET /prizes/331237571 HTTP/1.1" 301 - "-" "Amazon CloudFront"
64.252.76.63 - - [06/Apr/2026:21:42:05 +0000] "GET /?feed=rss2&p=94493 HTTP/1.1" 200 475 "-" "Amazon CloudFront"
64.252.76.100 - - [06/Apr/2026:21:42:05 +0000] "GET /?p=94517 HTTP/1.1" 200 15868 "-" "Amazon CloudFront"
64.252.76.63 - - [06/Apr/2026:21:42:05 +0000] "GET /prizes/331237571/ HTTP/1.1" 200 24281 "-" "Amazon CloudFront"
64.252.76.100 - - [06/Apr/2026:21:42:06 +0000] "GET /?p=94521 HTTP/1.1" 200 14662 "-" "Amazon CloudFront"
64.252.76.100 - - [06/Apr/2026:21:42:08 +0000] "GET /?p=94507 HTTP/1.1" 200 17072 "-" "Amazon CloudFront"
64.252.76.215 - - [06/Apr/2026:21:42:09 +0000] "GET /?p=94513 HTTP/1.1" 200 17477 "-" "Amazon CloudFront"
64.252.76.215 - - [06/Apr/2026:21:42:10 +0000] "GET /?p=94501 HTTP/1.1" 200 14284 "-" "Amazon CloudFront"
64.252.76.215 - - [06/Apr/2026:21:42:11 +0000] "GET /prizes/69856218 HTTP/1.1" 301 - "-" "Amazon CloudFront"
15.158.235.110 - - [06/Apr/2026:21:42:12 +0000] "GET /index.php?format=xml&rest_route=%2Foembed%2F1.0%2Fembed&url=https%3A%2F%2F69b4844ae61d4e92bf26ad98af552775-devsite.readyship.co%2F%3Fp%3D94483 HTTP/1.1" 403 - "https://69b4844ae61d4e92bf26ad98af552775-devsite.readyship.co/?p=94483" "Mozilla/5.0 AppleWebKit/537.36 (KHTML, like Gecko; compatible; GPTBot/1.3; +https://openai.com/gptbot)"
64.252.76.100 - - [06/Apr/2026:21:42:11 +0000] "GET /?p=94503 HTTP/1.1" 200 15542 "-" "Amazon CloudFront"
64.252.76.215 - - [06/Apr/2026:21:42:13 +0000] "GET /?p=94481 HTTP/1.1" 200 23371 "-" "Amazon CloudFront"
64.252.76.63 - - [06/Apr/2026:21:42:11 +0000] "GET /prizes/69856218/ HTTP/1.1" 200 24289 "-" "Amazon CloudFront"
64.252.76.215 - - [06/Apr/2026:21:42:14 +0000] "GET /?feed=rss2&p=94483 HTTP/1.1" 200 520 "-" "Amazon CloudFront"
64.252.76.63 - - [06/Apr/2026:21:42:15 +0000] "GET /?p=94523 HTTP/1.1" 200 16901 "-" "Amazon CloudFront"
64.252.76.100 - - [06/Apr/2026:21:42:16 +0000] "GET /?author=1&paged=116 HTTP/1.1" 200 11357 "-" "Amazon CloudFront"
15.158.235.110 - - [06/Apr/2026:21:42:17 +0000] "GET /index.php?format=xml&rest_route=%2Foembed%2F1.0%2Fembed&url=https%3A%2F%2F69b4844ae61d4e92bf26ad98af552775-devsite.readyship.co%2F%3Fp%3D94517 HTTP/1.1" 403 - "https://69b4844ae61d4e92bf26ad98af552775-devsite.readyship.co/?p=94517" "Mozilla/5.0 AppleWebKit/537.36 (KHTML, like Gecko; compatible; GPTBot/1.3; +https://openai.com/gptbot)"
15.158.235.100 - - [06/Apr/2026:21:42:17 +0000] "GET /index.php?format=xml&rest_route=%2Foembed%2F1.0%2Fembed&url=https%3A%2F%2F69b4844ae61d4e92bf26ad98af552775-devsite.readyship.co%2F%3Fp%3D94521 HTTP/1.1" 403 - "https://69b4844ae61d4e92bf26ad98af552775-devsite.readyship.co/?p=94521" "Mozilla/5.0 AppleWebKit/537.36 (KHTML, like Gecko; compatible; GPTBot/1.3; +https://openai.com/gptbot)"
15.158.235.66 - - [06/Apr/2026:21:42:18 +0000] "GET /index.php?format=xml&rest_route=%2Foembed%2F1.0%2Fembed&url=https%3A%2F%2F69b4844ae61d4e92bf26ad98af552775-devsite.readyship.co%2F%3Fp%3D94507 HTTP/1.1" 403 - "https://69b4844ae61d4e92bf26ad98af552775-devsite.readyship.co/?p=94507" "Mozilla/5.0 AppleWebKit/537.36 (KHTML, like Gecko; compatible; GPTBot/1.3; +https://openai.com/gptbot)"
15.158.235.100 - - [06/Apr/2026:21:42:18 +0000] "GET /index.php?format=xml&rest_route=%2Foembed%2F1.0%2Fembed&url=https%3A%2F%2F69b4844ae61d4e92bf26ad98af552775-devsite.readyship.co%2F%3Fp%3D94513 HTTP/1.1" 403 - "https://69b4844ae61d4e92bf26ad98af552775-devsite.readyship.co/?p=94513" "Mozilla/5.0 AppleWebKit/537.36 (KHTML, like Gecko; compatible; GPTBot/1.3; +https://openai.com/gptbot)"
15.158.235.103 - - [06/Apr/2026:21:42:19 +0000] "GET /index.php?format=xml&rest_route=%2Foembed%2F1.0%2Fembed&url=https%3A%2F%2F69b4844ae61d4e92bf26ad98af552775-devsite.readyship.co%2F%3Fp%3D94501 HTTP/1.1" 403 - "https://69b4844ae61d4e92bf26ad98af552775-devsite.readyship.co/?p=94501" "Mozilla/5.0 AppleWebKit/537.36 (KHTML, like Gecko; compatible; GPTBot/1.3; +https://openai.com/gptbot)"
15.158.235.100 - - [06/Apr/2026:21:42:20 +0000] "GET /index.php?format=xml&rest_route=%2Foembed%2F1.0%2Fembed&url=https%3A%2F%2F69b4844ae61d4e92bf26ad98af552775-devsite.readyship.co%2F%3Fp%3D94503 HTTP/1.1" 403 - "https://69b4844ae61d4e92bf26ad98af552775-devsite.readyship.co/?p=94503" "Mozilla/5.0 AppleWebKit/537.36 (KHTML, like Gecko; compatible; GPTBot/1.3; +https://openai.com/gptbot)"
15.158.235.66 - - [06/Apr/2026:21:42:21 +0000] "GET /index.php?format=xml&rest_route=%2Foembed%2F1.0%2Fembed&url=https%3A%2F%2F69b4844ae61d4e92bf26ad98af552775-devsite.readyship.co%2F%3Fp%3D94481 HTTP/1.1" 403 - "https://69b4844ae61d4e92bf26ad98af552775-devsite.readyship.co/?p=94481" "Mozilla/5.0 AppleWebKit/537.36 (KHTML, like Gecko; compatible; GPTBot/1.3; +https://openai.com/gptbot)"
64.252.76.63 - - [06/Apr/2026:21:42:20 +0000] "GET /?feed=rss2&p=94521 HTTP/1.1" 200 531 "-" "Amazon CloudFront"
15.158.215.109 - - [06/Apr/2026:21:42:22 +0000] "POST /wp-cron.php?doing_wp_cron=1775511742.1612660884857177734375 HTTP/1.1" 200 - "https://69b4844ae61d4e92bf26ad98af552775-devsite.readyship.co/wp-cron.php?doing_wp_cron=1775511742.1612660884857177734375" "WordPress/5.1.19; https://69b4844ae61d4e92bf26ad98af552775-devsite.readyship.co"
64.252.76.215 - - [06/Apr/2026:21:42:21 +0000] "GET /?p=94479 HTTP/1.1" 200 17944 "-" "Amazon CloudFront"
15.158.235.103 - - [06/Apr/2026:21:42:23 +0000] "GET /index.php?format=xml&rest_route=%2Foembed%2F1.0%2Fembed&url=https%3A%2F%2F69b4844ae61d4e92bf26ad98af552775-devsite.readyship.co%2F%3Fp%3D94523 HTTP/1.1" 403 - "https://69b4844ae61d4e92bf26ad98af552775-devsite.readyship.co/?p=94523" "Mozilla/5.0 AppleWebKit/537.36 (KHTML, like Gecko; compatible; GPTBot/1.3; +https://openai.com/gptbot)"
64.252.76.100 - - [06/Apr/2026:21:42:23 +0000] "GET /?feed=rss2&p=94481 HTTP/1.1" 200 539 "-" "Amazon CloudFront"
64.252.76.215 - - [06/Apr/2026:21:42:24 +0000] "GET /?feed=rss2&p=94523 HTTP/1.1" 200 510 "-" "Amazon CloudFront"
64.252.76.63 - - [06/Apr/2026:21:42:25 +0000] "GET /?author=1&paged=117 HTTP/1.1" 200 11341 "-" "Amazon CloudFront"
64.252.76.215 - - [06/Apr/2026:21:42:26 +0000] "GET /?author=2&paged=120 HTTP/1.1" 200 11373 "-" "Amazon CloudFront"
64.252.76.63 - - [06/Apr/2026:21:42:27 +0000] "GET /?author=1&paged=115 HTTP/1.1" 200 11398 "-" "Amazon CloudFront"
64.252.76.100 - - [06/Apr/2026:21:42:29 +0000] "GET /?author=2&paged=119 HTTP/1.1" 200 11363 "-" "Amazon CloudFront"
64.252.76.100 - - [06/Apr/2026:21:42:30 +0000] "GET /?author=1&paged=118 HTTP/1.1" 200 11314 "-" "Amazon CloudFront"
64.252.76.215 - - [06/Apr/2026:21:42:32 +0000] "GET /prizes/342727218 HTTP/1.1" 301 - "-" "Amazon CloudFront"
64.252.76.63 - - [06/Apr/2026:21:42:32 +0000] "GET /prizes/342727218/ HTTP/1.1" 200 24292 "-" "Amazon CloudFront"
15.158.235.110 - - [06/Apr/2026:21:42:36 +0000] "GET /index.php?format=xml&rest_route=%2Foembed%2F1.0%2Fembed&url=https%3A%2F%2F69b4844ae61d4e92bf26ad98af552775-devsite.readyship.co%2F%3Fp%3D94479 HTTP/1.1" 403 - "https://69b4844ae61d4e92bf26ad98af552775-devsite.readyship.co/?p=94479" "Mozilla/5.0 AppleWebKit/537.36 (KHTML, like Gecko; compatible; GPTBot/1.3; +https://openai.com/gptbot)"
64.252.76.100 - - [06/Apr/2026:21:42:37 +0000] "GET /?p=94477 HTTP/1.1" 200 23557 "-" "Amazon CloudFront"
64.252.76.63 - - [06/Apr/2026:21:42:38 +0000] "GET /?feed=rss2&p=94479 HTTP/1.1" 200 508 "-" "Amazon CloudFront"
64.252.76.215 - - [06/Apr/2026:21:42:39 +0000] "GET /?author=1&paged=119 HTTP/1.1" 200 11362 "-" "Amazon CloudFront"
64.252.76.100 - - [06/Apr/2026:21:42:40 +0000] "GET /?p=94449 HTTP/1.1" 200 25404 "-" "Amazon CloudFront"
64.252.76.63 - - [06/Apr/2026:21:42:41 +0000] "GET /?p=94447 HTTP/1.1" 200 24602 "-" "Amazon CloudFront"
64.252.76.215 - - [06/Apr/2026:21:42:42 +0000] "GET /?p=94469 HTTP/1.1" 200 15640 "-" "Amazon CloudFront"
64.252.76.215 - - [06/Apr/2026:21:42:43 +0000] "GET /?p=94473 HTTP/1.1" 200 23720 "-" "Amazon CloudFront"
64.252.76.63 - - [06/Apr/2026:21:42:44 +0000] "GET /?p=94455 HTTP/1.1" 200 23862 "-" "Amazon CloudFront"
64.252.76.215 - - [06/Apr/2026:21:42:46 +0000] "GET /?p=94461 HTTP/1.1" 200 17072 "-" "Amazon CloudFront"
64.252.76.100 - - [06/Apr/2026:21:42:47 +0000] "GET /?p=94470 HTTP/1.1" 200 22717 "-" "Amazon CloudFront"
15.158.235.110 - - [06/Apr/2026:21:42:49 +0000] "GET /index.php?format=xml&rest_route=%2Foembed%2F1.0%2Fembed&url=https%3A%2F%2F69b4844ae61d4e92bf26ad98af552775-devsite.readyship.co%2F%3Fp%3D94477 HTTP/1.1" 403 - "https://69b4844ae61d4e92bf26ad98af552775-devsite.readyship.co/?p=94477" "Mozilla/5.0 AppleWebKit/537.36 (KHTML, like Gecko; compatible; GPTBot/1.3; +https://openai.com/gptbot)"
64.252.76.215 - - [06/Apr/2026:21:42:48 +0000] "GET /?p=94465 HTTP/1.1" 200 24553 "-" "Amazon CloudFront"
64.252.76.215 - - [06/Apr/2026:21:42:49 +0000] "GET /?p=94459 HTTP/1.1" 200 24753 "-" "Amazon CloudFront"
64.252.76.63 - - [06/Apr/2026:21:42:51 +0000] "GET /?p=94467 HTTP/1.1" 200 17650 "-" "Amazon CloudFront"
64.252.76.63 - - [06/Apr/2026:21:42:52 +0000] "GET /?feed=rss2&p=94449 HTTP/1.1" 200 547 "-" "Amazon CloudFront"
64.252.76.100 - - [06/Apr/2026:21:42:52 +0000] "GET /?p=94445 HTTP/1.1" 200 15939 "-" "Amazon CloudFront"
15.158.235.110 - - [06/Apr/2026:21:42:54 +0000] "GET /index.php?format=xml&rest_route=%2Foembed%2F1.0%2Fembed&url=https%3A%2F%2F69b4844ae61d4e92bf26ad98af552775-devsite.readyship.co%2F%3Fp%3D94469 HTTP/1.1" 403 - "https://69b4844ae61d4e92bf26ad98af552775-devsite.readyship.co/?p=94469" "Mozilla/5.0 AppleWebKit/537.36 (KHTML, like Gecko; compatible; GPTBot/1.3; +https://openai.com/gptbot)"
15.158.235.110 - - [06/Apr/2026:21:42:54 +0000] "GET /index.php?format=xml&rest_route=%2Foembed%2F1.0%2Fembed&url=https%3A%2F%2F69b4844ae61d4e92bf26ad98af552775-devsite.readyship.co%2F%3Fp%3D94473 HTTP/1.1" 403 - "https://69b4844ae61d4e92bf26ad98af552775-devsite.readyship.co/?p=94473" "Mozilla/5.0 AppleWebKit/537.36 (KHTML, like Gecko; compatible; GPTBot/1.3; +https://openai.com/gptbot)"
15.158.235.100 - - [06/Apr/2026:21:42:55 +0000] "GET /index.php?format=xml&rest_route=%2Foembed%2F1.0%2Fembed&url=https%3A%2F%2F69b4844ae61d4e92bf26ad98af552775-devsite.readyship.co%2F%3Fp%3D94455 HTTP/1.1" 403 - "https://69b4844ae61d4e92bf26ad98af552775-devsite.readyship.co/?p=94455" "Mozilla/5.0 AppleWebKit/537.36 (KHTML, like Gecko; compatible; GPTBot/1.3; +https://openai.com/gptbot)"
15.158.235.66 - - [06/Apr/2026:21:42:55 +0000] "GET /index.php?format=xml&rest_route=%2Foembed%2F1.0%2Fembed&url=https%3A%2F%2F69b4844ae61d4e92bf26ad98af552775-devsite.readyship.co%2F%3Fp%3D94461 HTTP/1.1" 403 - "https://69b4844ae61d4e92bf26ad98af552775-devsite.readyship.co/?p=94461" "Mozilla/5.0 AppleWebKit/537.36 (KHTML, like Gecko; compatible; GPTBot/1.3; +https://openai.com/gptbot)"
15.158.235.103 - - [06/Apr/2026:21:42:56 +0000] "GET /index.php?format=xml&rest_route=%2Foembed%2F1.0%2Fembed&url=https%3A%2F%2F69b4844ae61d4e92bf26ad98af552775-devsite.readyship.co%2F%3Fp%3D94470 HTTP/1.1" 403 - "https://69b4844ae61d4e92bf26ad98af552775-devsite.readyship.co/?p=94470" "Mozilla/5.0 AppleWebKit/537.36 (KHTML, like Gecko; compatible; GPTBot/1.3; +https://openai.com/gptbot)"
64.252.76.215 - - [06/Apr/2026:21:42:56 +0000] "GET /?feed=rss2&p=94447 HTTP/1.1" 200 537 "-" "Amazon CloudFront"
15.158.235.103 - - [06/Apr/2026:21:42:57 +0000] "GET /index.php?format=xml&rest_route=%2Foembed%2F1.0%2Fembed&url=https%3A%2F%2F69b4844ae61d4e92bf26ad98af552775-devsite.readyship.co%2F%3Fp%3D94465 HTTP/1.1" 403 - "https://69b4844ae61d4e92bf26ad98af552775-devsite.readyship.co/?p=94465" "Mozilla/5.0 AppleWebKit/537.36 (KHTML, like Gecko; compatible; GPTBot/1.3; +https://openai.com/gptbot)"
15.158.235.66 - - [06/Apr/2026:21:42:58 +0000] "GET /index.php?format=xml&rest_route=%2Foembed%2F1.0%2Fembed&url=https%3A%2F%2F69b4844ae61d4e92bf26ad98af552775-devsite.readyship.co%2F%3Fp%3D94459 HTTP/1.1" 403 - "https://69b4844ae61d4e92bf26ad98af552775-devsite.readyship.co/?p=94459" "Mozilla/5.0 AppleWebKit/537.36 (KHTML, like Gecko; compatible; GPTBot/1.3; +https://openai.com/gptbot)"
15.158.235.66 - - [06/Apr/2026:21:42:58 +0000] "GET /index.php?format=xml&rest_route=%2Foembed%2F1.0%2Fembed&url=https%3A%2F%2F69b4844ae61d4e92bf26ad98af552775-devsite.readyship.co%2F%3Fp%3D94467 HTTP/1.1" 403 - "https://69b4844ae61d4e92bf26ad98af552775-devsite.readyship.co/?p=94467" "Mozilla/5.0 AppleWebKit/537.36 (KHTML, like Gecko; compatible; GPTBot/1.3; +https://openai.com/gptbot)"
64.252.76.63 - - [06/Apr/2026:21:42:59 +0000] "GET /?p=94457 HTTP/1.1" 200 15973 "-" "Amazon CloudFront"
64.252.76.215 - - [06/Apr/2026:21:43:00 +0000] "GET /?p=94443 HTTP/1.1" 200 23308 "-" "Amazon CloudFront"
64.252.76.215 - - [06/Apr/2026:21:43:01 +0000] "GET /?feed=rss2&p=94445 HTTP/1.1" 200 548 "-" "Amazon CloudFront"
64.252.76.63 - - [06/Apr/2026:21:43:02 +0000] "GET /?p=94475 HTTP/1.1" 200 16144 "-" "Amazon CloudFront"
64.252.76.63 - - [06/Apr/2026:21:43:03 +0000] "GET /?p=94453 HTTP/1.1" 200 17767 "-" "Amazon CloudFront"
64.252.76.63 - - [06/Apr/2026:21:43:04 +0000] "GET /?p=94463 HTTP/1.1" 200 15961 "-" "Amazon CloudFront"
64.252.76.100 - - [06/Apr/2026:21:43:05 +0000] "GET /?p=94451 HTTP/1.1" 200 16108 "-" "Amazon CloudFront"
64.252.76.215 - - [06/Apr/2026:21:43:06 +0000] "GET /?feed=rss2&p=94455 HTTP/1.1" 200 540 "-" "Amazon CloudFront"
64.252.76.63 - - [06/Apr/2026:21:43:07 +0000] "GET /?feed=rss2&p=94459 HTTP/1.1" 200 553 "-" "Amazon CloudFront"
64.252.76.63 - - [06/Apr/2026:21:43:08 +0000] "GET /?feed=rss2&p=94461 HTTP/1.1" 200 532 "-" "Amazon CloudFront"
64.252.76.100 - - [06/Apr/2026:21:43:09 +0000] "GET /?feed=rss2&p=94467 HTTP/1.1" 200 504 "-" "Amazon CloudFront"
15.158.235.110 - - [06/Apr/2026:21:43:09 +0000] "GET /index.php?format=xml&rest_route=%2Foembed%2F1.0%2Fembed&url=https%3A%2F%2F69b4844ae61d4e92bf26ad98af552775-devsite.readyship.co%2F%3Fp%3D94457 HTTP/1.1" 403 - "https://69b4844ae61d4e92bf26ad98af552775-devsite.readyship.co/?p=94457" "Mozilla/5.0 AppleWebKit/537.36 (KHTML, like Gecko; compatible; GPTBot/1.3; +https://openai.com/gptbot)"
64.252.76.100 - - [06/Apr/2026:21:43:10 +0000] "GET /?p=94441 HTTP/1.1" 200 23836 "-" "Amazon CloudFront"
64.252.76.63 - - [06/Apr/2026:21:43:11 +0000] "GET /prizes/53716955 HTTP/1.1" 301 - "-" "Amazon CloudFront"
64.252.76.63 - - [06/Apr/2026:21:43:11 +0000] "GET /?feed=rss2&p=94443 HTTP/1.1" 200 529 "-" "Amazon CloudFront"
15.158.235.110 - - [06/Apr/2026:21:43:12 +0000] "GET /index.php?format=xml&rest_route=%2Foembed%2F1.0%2Fembed&url=https%3A%2F%2F69b4844ae61d4e92bf26ad98af552775-devsite.readyship.co%2F%3Fp%3D94475 HTTP/1.1" 403 - "https://69b4844ae61d4e92bf26ad98af552775-devsite.readyship.co/?p=94475" "Mozilla/5.0 AppleWebKit/537.36 (KHTML, like Gecko; compatible; GPTBot/1.3; +https://openai.com/gptbot)"
15.158.235.100 - - [06/Apr/2026:21:43:12 +0000] "GET /index.php?format=xml&rest_route=%2Foembed%2F1.0%2Fembed&url=https%3A%2F%2F69b4844ae61d4e92bf26ad98af552775-devsite.readyship.co%2F%3Fp%3D94453 HTTP/1.1" 403 - "https://69b4844ae61d4e92bf26ad98af552775-devsite.readyship.co/?p=94453" "Mozilla/5.0 AppleWebKit/537.36 (KHTML, like Gecko; compatible; GPTBot/1.3; +https://openai.com/gptbot)"
15.158.235.100 - - [06/Apr/2026:21:43:13 +0000] "GET /index.php?format=xml&rest_route=%2Foembed%2F1.0%2Fembed&url=https%3A%2F%2F69b4844ae61d4e92bf26ad98af552775-devsite.readyship.co%2F%3Fp%3D94463 HTTP/1.1" 403 - "https://69b4844ae61d4e92bf26ad98af552775-devsite.readyship.co/?p=94463" "Mozilla/5.0 AppleWebKit/537.36 (KHTML, like Gecko; compatible; GPTBot/1.3; +https://openai.com/gptbot)"
15.158.235.103 - - [06/Apr/2026:21:43:14 +0000] "GET /index.php?format=xml&rest_route=%2Foembed%2F1.0%2Fembed&url=https%3A%2F%2F69b4844ae61d4e92bf26ad98af552775-devsite.readyship.co%2F%3Fp%3D94451 HTTP/1.1" 403 - "https://69b4844ae61d4e92bf26ad98af552775-devsite.readyship.co/?p=94451" "Mozilla/5.0 AppleWebKit/537.36 (KHTML, like Gecko; compatible; GPTBot/1.3; +https://openai.com/gptbot)"
64.252.76.63 - - [06/Apr/2026:21:43:15 +0000] "GET /?feed=rss2&p=94477 HTTP/1.1" 200 510 "-" "Amazon CloudFront"
64.252.76.100 - - [06/Apr/2026:21:43:14 +0000] "GET /?feed=rss2&p=94465 HTTP/1.1" 200 557 "-" "Amazon CloudFront"
64.252.76.63 - - [06/Apr/2026:21:43:12 +0000] "GET /prizes/53716955/ HTTP/1.1" 200 24289 "-" "Amazon CloudFront"
64.252.76.100 - - [06/Apr/2026:21:43:16 +0000] "GET /?feed=rss2&p=94463 HTTP/1.1" 200 529 "-" "Amazon CloudFront"
64.252.76.63 - - [06/Apr/2026:21:43:16 +0000] "GET /?feed=rss2&p=94457 HTTP/1.1" 200 524 "-" "Amazon CloudFront"
64.252.76.215 - - [06/Apr/2026:21:43:17 +0000] "GET /?feed=rss2&p=94451 HTTP/1.1" 200 499 "-" "Amazon CloudFront"
64.252.76.100 - - [06/Apr/2026:21:43:18 +0000] "GET /?feed=rss2&p=94441 HTTP/1.1" 200 573 "-" "Amazon CloudFront"
64.252.76.215 - - [06/Apr/2026:21:43:19 +0000] "GET /?p=94439 HTTP/1.1" 200 24855 "-" "Amazon CloudFront"
64.252.76.63 - - [06/Apr/2026:21:43:20 +0000] "GET /?feed=rss2&p=94473 HTTP/1.1" 200 518 "-" "Amazon CloudFront"
64.252.76.63 - - [06/Apr/2026:21:43:20 +0000] "GET /?feed=rss2&p=94475 HTTP/1.1" 200 524 "-" "Amazon CloudFront"
15.158.215.109 - - [06/Apr/2026:21:43:22 +0000] "POST /wp-cron.php?doing_wp_cron=1775511802.0390419960021972656250 HTTP/1.1" 200 - "https://69b4844ae61d4e92bf26ad98af552775-devsite.readyship.co/wp-cron.php?doing_wp_cron=1775511802.0390419960021972656250" "WordPress/5.1.19; https://69b4844ae61d4e92bf26ad98af552775-devsite.readyship.co"
64.252.76.215 - - [06/Apr/2026:21:43:21 +0000] "GET /?feed=rss2&p=94469 HTTP/1.1" 200 516 "-" "Amazon CloudFront"
64.252.76.63 - - [06/Apr/2026:21:43:22 +0000] "GET /?feed=rss2&p=94470 HTTP/1.1" 200 527 "-" "Amazon CloudFront"
64.252.76.215 - - [06/Apr/2026:21:43:23 +0000] "GET /?feed=rss2&p=94453 HTTP/1.1" 200 522 "-" "Amazon CloudFront"
64.252.76.215 - - [06/Apr/2026:21:43:24 +0000] "GET /?author=2&paged=122 HTTP/1.1" 200 11275 "-" "Amazon CloudFront"
64.252.76.63 - - [06/Apr/2026:21:43:25 +0000] "GET /?author=1&paged=120 HTTP/1.1" 200 11369 "-" "Amazon CloudFront"
64.252.76.215 - - [06/Apr/2026:21:43:26 +0000] "GET /?author=1&paged=121 HTTP/1.1" 200 11438 "-" "Amazon CloudFront"
64.252.76.215 - - [06/Apr/2026:21:43:27 +0000] "GET /?author=2&paged=121 HTTP/1.1" 200 11420 "-" "Amazon CloudFront"
64.252.76.215 - - [06/Apr/2026:21:43:29 +0000] "GET /prizes/103716915 HTTP/1.1" 301 - "-" "Amazon CloudFront"
64.252.76.100 - - [06/Apr/2026:21:43:29 +0000] "GET /prizes/146521460 HTTP/1.1" 301 - "-" "Amazon CloudFront"
64.252.76.63 - - [06/Apr/2026:21:43:29 +0000] "GET /prizes/103716915/ HTTP/1.1" 200 24291 "-" "Amazon CloudFront"
64.252.76.63 - - [06/Apr/2026:21:43:29 +0000] "GET /prizes/146521460/ HTTP/1.1" 200 24299 "-" "Amazon CloudFront"
15.158.235.110 - - [06/Apr/2026:21:43:33 +0000] "GET /index.php?format=xml&rest_route=%2Foembed%2F1.0%2Fembed&url=https%3A%2F%2F69b4844ae61d4e92bf26ad98af552775-devsite.readyship.co%2F%3Fp%3D94439 HTTP/1.1" 403 - "https://69b4844ae61d4e92bf26ad98af552775-devsite.readyship.co/?p=94439" "Mozilla/5.0 AppleWebKit/537.36 (KHTML, like Gecko; compatible; GPTBot/1.3; +https://openai.com/gptbot)"
15.158.235.110 - - [06/Apr/2026:21:43:35 +0000] "GET /index.php?rest_route=%2Foembed%2F1.0%2Fembed&url=https%3A%2F%2F69b4844ae61d4e92bf26ad98af552775-devsite.readyship.co%2F%3Fp%3D94439 HTTP/1.1" 403 - "https://69b4844ae61d4e92bf26ad98af552775-devsite.readyship.co/?p=94439" "Mozilla/5.0 AppleWebKit/537.36 (KHTML, like Gecko; compatible; GPTBot/1.3; +https://openai.com/gptbot)"
64.252.76.63 - - [06/Apr/2026:21:43:33 +0000] "GET /?p=94435 HTTP/1.1" 200 15640 "-" "Amazon CloudFront"
64.252.76.215 - - [06/Apr/2026:21:43:35 +0000] "GET /?feed=rss2&p=94439 HTTP/1.1" 200 513 "-" "Amazon CloudFront"
64.252.76.215 - - [06/Apr/2026:21:43:36 +0000] "GET /prizes/326126147/ HTTP/1.1" 200 24290 "-" "Amazon CloudFront"
64.252.76.215 - - [06/Apr/2026:21:43:40 +0000] "GET /prizes/196549652 HTTP/1.1" 301 - "-" "Amazon CloudFront"
64.252.76.100 - - [06/Apr/2026:21:43:40 +0000] "GET /prizes/196549652/ HTTP/1.1" 200 24283 "-" "Amazon CloudFront"
64.252.76.100 - - [06/Apr/2026:21:43:44 +0000] "GET /?author=2&paged=124 HTTP/1.1" 200 11228 "-" "Amazon CloudFront"
64.252.76.215 - - [06/Apr/2026:21:43:45 +0000] "GET /?p=94417 HTTP/1.1" 200 17144 "-" "Amazon CloudFront"
64.252.76.215 - - [06/Apr/2026:21:43:46 +0000] "GET /?p=94433 HTTP/1.1" 200 26507 "-" "Amazon CloudFront"
64.252.76.215 - - [06/Apr/2026:21:43:47 +0000] "GET /?p=94407 HTTP/1.1" 200 16825 "-" "Amazon CloudFront"
64.252.76.215 - - [06/Apr/2026:21:43:48 +0000] "GET /?p=94411 HTTP/1.1" 200 15535 "-" "Amazon CloudFront"
64.252.76.100 - - [06/Apr/2026:21:43:49 +0000] "GET /?p=94425 HTTP/1.1" 200 15913 "-" "Amazon CloudFront"
15.158.235.110 - - [06/Apr/2026:21:43:51 +0000] "GET /index.php?format=xml&rest_route=%2Foembed%2F1.0%2Fembed&url=https%3A%2F%2F69b4844ae61d4e92bf26ad98af552775-devsite.readyship.co%2F%3Fp%3D94435 HTTP/1.1" 403 - "https://69b4844ae61d4e92bf26ad98af552775-devsite.readyship.co/?p=94435" "Mozilla/5.0 AppleWebKit/537.36 (KHTML, like Gecko; compatible; GPTBot/1.3; +https://openai.com/gptbot)"
64.252.76.100 - - [06/Apr/2026:21:43:51 +0000] "GET /?p=94415 HTTP/1.1" 200 23274 "-" "Amazon CloudFront"
64.252.76.100 - - [06/Apr/2026:21:43:52 +0000] "GET /?p=94409 HTTP/1.1" 200 17990 "-" "Amazon CloudFront"
64.252.76.215 - - [06/Apr/2026:21:43:53 +0000] "GET /?p=94419 HTTP/1.1" 200 25539 "-" "Amazon CloudFront"
64.252.76.100 - - [06/Apr/2026:21:43:55 +0000] "GET /?p=94413 HTTP/1.1" 200 23521 "-" "Amazon CloudFront"
15.158.235.110 - - [06/Apr/2026:21:43:57 +0000] "GET /index.php?format=xml&rest_route=%2Foembed%2F1.0%2Fembed&url=https%3A%2F%2F69b4844ae61d4e92bf26ad98af552775-devsite.readyship.co%2F%3Fp%3D94417 HTTP/1.1" 403 - "https://69b4844ae61d4e92bf26ad98af552775-devsite.readyship.co/?p=94417" "Mozilla/5.0 AppleWebKit/537.36 (KHTML, like Gecko; compatible; GPTBot/1.3; +https://openai.com/gptbot)"
15.158.235.110 - - [06/Apr/2026:21:43:57 +0000] "GET /index.php?format=xml&rest_route=%2Foembed%2F1.0%2Fembed&url=https%3A%2F%2F69b4844ae61d4e92bf26ad98af552775-devsite.readyship.co%2F%3Fp%3D94433 HTTP/1.1" 403 - "https://69b4844ae61d4e92bf26ad98af552775-devsite.readyship.co/?p=94433" "Mozilla/5.0 AppleWebKit/537.36 (KHTML, like Gecko; compatible; GPTBot/1.3; +https://openai.com/gptbot)"
64.252.76.100 - - [06/Apr/2026:21:43:56 +0000] "GET /?p=94369 HTTP/1.1" 200 25141 "-" "Amazon CloudFront"
15.158.235.66 - - [06/Apr/2026:21:43:58 +0000] "GET /index.php?format=xml&rest_route=%2Foembed%2F1.0%2Fembed&url=https%3A%2F%2F69b4844ae61d4e92bf26ad98af552775-devsite.readyship.co%2F%3Fp%3D94407 HTTP/1.1" 403 - "https://69b4844ae61d4e92bf26ad98af552775-devsite.readyship.co/?p=94407" "Mozilla/5.0 AppleWebKit/537.36 (KHTML, like Gecko; compatible; GPTBot/1.3; +https://openai.com/gptbot)"
15.158.235.66 - - [06/Apr/2026:21:43:58 +0000] "GET /index.php?format=xml&rest_route=%2Foembed%2F1.0%2Fembed&url=https%3A%2F%2F69b4844ae61d4e92bf26ad98af552775-devsite.readyship.co%2F%3Fp%3D94411 HTTP/1.1" 403 - "https://69b4844ae61d4e92bf26ad98af552775-devsite.readyship.co/?p=94411" "Mozilla/5.0 AppleWebKit/537.36 (KHTML, like Gecko; compatible; GPTBot/1.3; +https://openai.com/gptbot)"
15.158.235.100 - - [06/Apr/2026:21:43:59 +0000] "GET /index.php?format=xml&rest_route=%2Foembed%2F1.0%2Fembed&url=https%3A%2F%2F69b4844ae61d4e92bf26ad98af552775-devsite.readyship.co%2F%3Fp%3D94425 HTTP/1.1" 403 - "https://69b4844ae61d4e92bf26ad98af552775-devsite.readyship.co/?p=94425" "Mozilla/5.0 AppleWebKit/537.36 (KHTML, like Gecko; compatible; GPTBot/1.3; +https://openai.com/gptbot)"
64.252.76.215 - - [06/Apr/2026:21:43:59 +0000] "GET /?p=94377 HTTP/1.1" 200 16689 "-" "Amazon CloudFront"
15.158.235.66 - - [06/Apr/2026:21:44:03 +0000] "GET /index.php?format=xml&rest_route=%2Foembed%2F1.0%2Fembed&url=https%3A%2F%2F69b4844ae61d4e92bf26ad98af552775-devsite.readyship.co%2F%3Fp%3D94415 HTTP/1.1" 403 - "https://69b4844ae61d4e92bf26ad98af552775-devsite.readyship.co/?p=94415" "Mozilla/5.0 AppleWebKit/537.36 (KHTML, like Gecko; compatible; GPTBot/1.3; +https://openai.com/gptbot)"
15.158.235.100 - - [06/Apr/2026:21:44:04 +0000] "GET /index.php?format=xml&rest_route=%2Foembed%2F1.0%2Fembed&url=https%3A%2F%2F69b4844ae61d4e92bf26ad98af552775-devsite.readyship.co%2F%3Fp%3D94409 HTTP/1.1" 403 - "https://69b4844ae61d4e92bf26ad98af552775-devsite.readyship.co/?p=94409" "Mozilla/5.0 AppleWebKit/537.36 (KHTML, like Gecko; compatible; GPTBot/1.3; +https://openai.com/gptbot)"
15.158.235.100 - - [06/Apr/2026:21:44:04 +0000] "GET /index.php?format=xml&rest_route=%2Foembed%2F1.0%2Fembed&url=https%3A%2F%2F69b4844ae61d4e92bf26ad98af552775-devsite.readyship.co%2F%3Fp%3D94419 HTTP/1.1" 403 - "https://69b4844ae61d4e92bf26ad98af552775-devsite.readyship.co/?p=94419" "Mozilla/5.0 AppleWebKit/537.36 (KHTML, like Gecko; compatible; GPTBot/1.3; +https://openai.com/gptbot)"
15.158.235.66 - - [06/Apr/2026:21:44:05 +0000] "GET /index.php?format=xml&rest_route=%2Foembed%2F1.0%2Fembed&url=https%3A%2F%2F69b4844ae61d4e92bf26ad98af552775-devsite.readyship.co%2F%3Fp%3D94413 HTTP/1.1" 403 - "https://69b4844ae61d4e92bf26ad98af552775-devsite.readyship.co/?p=94413" "Mozilla/5.0 AppleWebKit/537.36 (KHTML, like Gecko; compatible; GPTBot/1.3; +https://openai.com/gptbot)"
64.252.76.63 - - [06/Apr/2026:21:44:05 +0000] "GET /?p=94379 HTTP/1.1" 200 23987 "-" "Amazon CloudFront"
15.158.235.100 - - [06/Apr/2026:21:44:07 +0000] "GET /index.php?format=xml&rest_route=%2Foembed%2F1.0%2Fembed&url=https%3A%2F%2F69b4844ae61d4e92bf26ad98af552775-devsite.readyship.co%2F%3Fp%3D94369 HTTP/1.1" 403 - "https://69b4844ae61d4e92bf26ad98af552775-devsite.readyship.co/?p=94369" "Mozilla/5.0 AppleWebKit/537.36 (KHTML, like Gecko; compatible; GPTBot/1.3; +https://openai.com/gptbot)"
64.252.76.63 - - [06/Apr/2026:21:44:07 +0000] "GET /prizes/331722783 HTTP/1.1" 301 - "-" "Amazon CloudFront"
64.252.76.100 - - [06/Apr/2026:21:44:07 +0000] "GET /?p=94421 HTTP/1.1" 200 16665 "-" "Amazon CloudFront"
64.252.76.63 - - [06/Apr/2026:21:44:09 +0000] "GET /?p=94423 HTTP/1.1" 200 25501 "-" "Amazon CloudFront"
64.252.76.100 - - [06/Apr/2026:21:44:10 +0000] "GET /?p=94429 HTTP/1.1" 200 23254 "-" "Amazon CloudFront"
64.252.76.100 - - [06/Apr/2026:21:44:11 +0000] "GET /?p=94427 HTTP/1.1" 200 16737 "-" "Amazon CloudFront"
64.252.76.100 - - [06/Apr/2026:21:44:08 +0000] "GET /prizes/331722783/ HTTP/1.1" 200 24294 "-" "Amazon CloudFront"
64.252.76.100 - - [06/Apr/2026:21:44:12 +0000] "GET /?p=94383 HTTP/1.1" 200 23003 "-" "Amazon CloudFront"
15.158.235.66 - - [06/Apr/2026:21:44:13 +0000] "GET /index.php?format=xml&rest_route=%2Foembed%2F1.0%2Fembed&url=https%3A%2F%2F69b4844ae61d4e92bf26ad98af552775-devsite.readyship.co%2F%3Fp%3D94377 HTTP/1.1" 403 - "https://69b4844ae61d4e92bf26ad98af552775-devsite.readyship.co/?p=94377" "Mozilla/5.0 AppleWebKit/537.36 (KHTML, like Gecko; compatible; GPTBot/1.3; +https://openai.com/gptbot)"
64.252.76.63 - - [06/Apr/2026:21:44:14 +0000] "GET /?p=94437 HTTP/1.1" 200 23040 "-" "Amazon CloudFront"
64.252.76.100 - - [06/Apr/2026:21:44:15 +0000] "GET /?p=94431 HTTP/1.1" 200 24833 "-" "Amazon CloudFront"
15.158.235.66 - - [06/Apr/2026:21:44:17 +0000] "GET /index.php?format=xml&rest_route=%2Foembed%2F1.0%2Fembed&url=https%3A%2F%2F69b4844ae61d4e92bf26ad98af552775-devsite.readyship.co%2F%3Fp%3D94379 HTTP/1.1" 403 - "https://69b4844ae61d4e92bf26ad98af552775-devsite.readyship.co/?p=94379" "Mozilla/5.0 AppleWebKit/537.36 (KHTML, like Gecko; compatible; GPTBot/1.3; +https://openai.com/gptbot)"
64.252.76.100 - - [06/Apr/2026:21:44:16 +0000] "GET /?p=94405 HTTP/1.1" 200 22665 "-" "Amazon CloudFront"
64.252.76.215 - - [06/Apr/2026:21:44:18 +0000] "GET /?p=94374 HTTP/1.1" 200 16206 "-" "Amazon CloudFront"
15.158.235.66 - - [06/Apr/2026:21:44:19 +0000] "GET /index.php?format=xml&rest_route=%2Foembed%2F1.0%2Fembed&url=https%3A%2F%2F69b4844ae61d4e92bf26ad98af552775-devsite.readyship.co%2F%3Fp%3D94421 HTTP/1.1" 403 - "https://69b4844ae61d4e92bf26ad98af552775-devsite.readyship.co/?p=94421" "Mozilla/5.0 AppleWebKit/537.36 (KHTML, like Gecko; compatible; GPTBot/1.3; +https://openai.com/gptbot)"
15.158.235.66 - - [06/Apr/2026:21:44:19 +0000] "GET /index.php?format=xml&rest_route=%2Foembed%2F1.0%2Fembed&url=https%3A%2F%2F69b4844ae61d4e92bf26ad98af552775-devsite.readyship.co%2F%3Fp%3D94423 HTTP/1.1" 403 - "https://69b4844ae61d4e92bf26ad98af552775-devsite.readyship.co/?p=94423" "Mozilla/5.0 AppleWebKit/537.36 (KHTML, like Gecko; compatible; GPTBot/1.3; +https://openai.com/gptbot)"
15.158.235.66 - - [06/Apr/2026:21:44:20 +0000] "GET /index.php?format=xml&rest_route=%2Foembed%2F1.0%2Fembed&url=https%3A%2F%2F69b4844ae61d4e92bf26ad98af552775-devsite.readyship.co%2F%3Fp%3D94429 HTTP/1.1" 403 - "https://69b4844ae61d4e92bf26ad98af552775-devsite.readyship.co/?p=94429" "Mozilla/5.0 AppleWebKit/537.36 (KHTML, like Gecko; compatible; GPTBot/1.3; +https://openai.com/gptbot)"
15.158.235.100 - - [06/Apr/2026:21:44:21 +0000] "GET /index.php?format=xml&rest_route=%2Foembed%2F1.0%2Fembed&url=https%3A%2F%2F69b4844ae61d4e92bf26ad98af552775-devsite.readyship.co%2F%3Fp%3D94427 HTTP/1.1" 403 - "https://69b4844ae61d4e92bf26ad98af552775-devsite.readyship.co/?p=94427" "Mozilla/5.0 AppleWebKit/537.36 (KHTML, like Gecko; compatible; GPTBot/1.3; +https://openai.com/gptbot)"
64.252.76.100 - - [06/Apr/2026:21:44:21 +0000] "GET /?p=94373 HTTP/1.1" 200 18358 "-" "Amazon CloudFront"
15.158.235.100 - - [06/Apr/2026:21:44:22 +0000] "GET /index.php?format=xml&rest_route=%2Foembed%2F1.0%2Fembed&url=https%3A%2F%2F69b4844ae61d4e92bf26ad98af552775-devsite.readyship.co%2F%3Fp%3D94383 HTTP/1.1" 403 - "https://69b4844ae61d4e92bf26ad98af552775-devsite.readyship.co/?p=94383" "Mozilla/5.0 AppleWebKit/537.36 (KHTML, like Gecko; compatible; GPTBot/1.3; +https://openai.com/gptbot)"
15.158.235.103 - - [06/Apr/2026:21:44:23 +0000] "GET /index.php?format=xml&rest_route=%2Foembed%2F1.0%2Fembed&url=https%3A%2F%2F69b4844ae61d4e92bf26ad98af552775-devsite.readyship.co%2F%3Fp%3D94431 HTTP/1.1" 403 - "https://69b4844ae61d4e92bf26ad98af552775-devsite.readyship.co/?p=94431" "Mozilla/5.0 AppleWebKit/537.36 (KHTML, like Gecko; compatible; GPTBot/1.3; +https://openai.com/gptbot)"
15.158.235.100 - - [06/Apr/2026:21:44:23 +0000] "GET /index.php?format=xml&rest_route=%2Foembed%2F1.0%2Fembed&url=https%3A%2F%2F69b4844ae61d4e92bf26ad98af552775-devsite.readyship.co%2F%3Fp%3D94437 HTTP/1.1" 403 - "https://69b4844ae61d4e92bf26ad98af552775-devsite.readyship.co/?p=94437" "Mozilla/5.0 AppleWebKit/537.36 (KHTML, like Gecko; compatible; GPTBot/1.3; +https://openai.com/gptbot)"
15.158.235.68 - - [06/Apr/2026:21:44:24 +0000] "GET /index.php?format=xml&rest_route=%2Foembed%2F1.0%2Fembed&url=https%3A%2F%2F69b4844ae61d4e92bf26ad98af552775-devsite.readyship.co%2F%3Fp%3D94405 HTTP/1.1" 403 - "https://69b4844ae61d4e92bf26ad98af552775-devsite.readyship.co/?p=94405" "Mozilla/5.0 AppleWebKit/537.36 (KHTML, like Gecko; compatible; GPTBot/1.3; +https://openai.com/gptbot)"
15.158.215.109 - - [06/Apr/2026:21:44:25 +0000] "POST /wp-cron.php?doing_wp_cron=1775511865.1336510181427001953125 HTTP/1.1" 200 - "https://69b4844ae61d4e92bf26ad98af552775-devsite.readyship.co/wp-cron.php?doing_wp_cron=1775511865.1336510181427001953125" "WordPress/5.1.19; https://69b4844ae61d4e92bf26ad98af552775-devsite.readyship.co"
64.252.76.215 - - [06/Apr/2026:21:44:24 +0000] "GET /?p=94403 HTTP/1.1" 200 18023 "-" "Amazon CloudFront"
15.158.235.100 - - [06/Apr/2026:21:44:26 +0000] "GET /index.php?rest_route=%2Foembed%2F1.0%2Fembed&url=https%3A%2F%2F69b4844ae61d4e92bf26ad98af552775-devsite.readyship.co%2F%3Fp%3D94415 HTTP/1.1" 403 - "https://69b4844ae61d4e92bf26ad98af552775-devsite.readyship.co/?p=94415" "Mozilla/5.0 AppleWebKit/537.36 (KHTML, like Gecko; compatible; GPTBot/1.3; +https://openai.com/gptbot)"
15.158.235.100 - - [06/Apr/2026:21:44:26 +0000] "GET /index.php?format=xml&rest_route=%2Foembed%2F1.0%2Fembed&url=https%3A%2F%2F69b4844ae61d4e92bf26ad98af552775-devsite.readyship.co%2F%3Fp%3D94374 HTTP/1.1" 403 - "https://69b4844ae61d4e92bf26ad98af552775-devsite.readyship.co/?p=94374" "Mozilla/5.0 AppleWebKit/537.36 (KHTML, like Gecko; compatible; GPTBot/1.3; +https://openai.com/gptbot)"
64.252.76.63 - - [06/Apr/2026:21:44:27 +0000] "GET /?feed=rss2&p=94431 HTTP/1.1" 200 527 "-" "Amazon CloudFront"
64.252.76.100 - - [06/Apr/2026:21:44:28 +0000] "GET /?feed=rss2&p=94411 HTTP/1.1" 200 511 "-" "Amazon CloudFront"
64.252.76.63 - - [06/Apr/2026:21:44:28 +0000] "GET /?feed=rss2&p=94425 HTTP/1.1" 200 557 "-" "Amazon CloudFront"
64.252.76.215 - - [06/Apr/2026:21:44:29 +0000] "GET /?feed=rss2&p=94407 HTTP/1.1" 200 535 "-" "Amazon CloudFront"
15.158.235.66 - - [06/Apr/2026:21:44:30 +0000] "GET /index.php?format=xml&rest_route=%2Foembed%2F1.0%2Fembed&url=https%3A%2F%2F69b4844ae61d4e92bf26ad98af552775-devsite.readyship.co%2F%3Fp%3D94373 HTTP/1.1" 403 - "https://69b4844ae61d4e92bf26ad98af552775-devsite.readyship.co/?p=94373" "Mozilla/5.0 AppleWebKit/537.36 (KHTML, like Gecko; compatible; GPTBot/1.3; +https://openai.com/gptbot)"
64.252.76.63 - - [06/Apr/2026:21:44:30 +0000] "GET /?feed=rss2&p=94427 HTTP/1.1" 200 536 "-" "Amazon CloudFront"
64.252.76.215 - - [06/Apr/2026:21:44:31 +0000] "GET /?feed=rss2&p=94379 HTTP/1.1" 200 523 "-" "Amazon CloudFront"
64.252.76.215 - - [06/Apr/2026:21:44:32 +0000] "GET /?feed=rss2&p=94435 HTTP/1.1" 200 564 "-" "Amazon CloudFront"
64.252.76.63 - - [06/Apr/2026:21:44:33 +0000] "GET /?feed=rss2&p=94383 HTTP/1.1" 200 499 "-" "Amazon CloudFront"
15.158.235.100 - - [06/Apr/2026:21:44:33 +0000] "GET /index.php?format=xml&rest_route=%2Foembed%2F1.0%2Fembed&url=https%3A%2F%2F69b4844ae61d4e92bf26ad98af552775-devsite.readyship.co%2F%3Fp%3D94403 HTTP/1.1" 403 - "https://69b4844ae61d4e92bf26ad98af552775-devsite.readyship.co/?p=94403" "Mozilla/5.0 AppleWebKit/537.36 (KHTML, like Gecko; compatible; GPTBot/1.3; +https://openai.com/gptbot)"
64.252.76.63 - - [06/Apr/2026:21:44:34 +0000] "GET /?p=94401 HTTP/1.1" 200 16568 "-" "Amazon CloudFront"
64.252.76.215 - - [06/Apr/2026:21:44:35 +0000] "GET /?feed=rss2&p=94421 HTTP/1.1" 200 520 "-" "Amazon CloudFront"
64.252.76.63 - - [06/Apr/2026:21:44:36 +0000] "GET /?feed=rss2&p=94429 HTTP/1.1" 200 503 "-" "Amazon CloudFront"
64.252.76.63 - - [06/Apr/2026:21:44:37 +0000] "GET /?feed=rss2&p=94409 HTTP/1.1" 200 513 "-" "Amazon CloudFront"
64.252.76.100 - - [06/Apr/2026:21:44:37 +0000] "GET /?feed=rss2&p=94405 HTTP/1.1" 200 521 "-" "Amazon CloudFront"
64.252.76.100 - - [06/Apr/2026:21:44:38 +0000] "GET /?feed=rss2&p=94373 HTTP/1.1" 200 493 "-" "Amazon CloudFront"
64.252.76.215 - - [06/Apr/2026:21:44:39 +0000] "GET /?feed=rss2&p=94423 HTTP/1.1" 200 544 "-" "Amazon CloudFront"
64.252.76.63 - - [06/Apr/2026:21:44:40 +0000] "GET /?feed=rss2&p=94417 HTTP/1.1" 200 508 "-" "Amazon CloudFront"
64.252.76.215 - - [06/Apr/2026:21:44:40 +0000] "GET /?feed=rss2&p=94413 HTTP/1.1" 200 506 "-" "Amazon CloudFront"
64.252.76.215 - - [06/Apr/2026:21:44:41 +0000] "GET /?feed=rss2&p=94433 HTTP/1.1" 200 538 "-" "Amazon CloudFront"
64.252.76.215 - - [06/Apr/2026:21:44:42 +0000] "GET /?feed=rss2&p=94403 HTTP/1.1" 200 517 "-" "Amazon CloudFront"
15.158.235.110 - - [06/Apr/2026:21:44:42 +0000] "GET /index.php?format=xml&rest_route=%2Foembed%2F1.0%2Fembed&url=https%3A%2F%2F69b4844ae61d4e92bf26ad98af552775-devsite.readyship.co%2F%3Fp%3D94401 HTTP/1.1" 403 - "https://69b4844ae61d4e92bf26ad98af552775-devsite.readyship.co/?p=94401" "Mozilla/5.0 AppleWebKit/537.36 (KHTML, like Gecko; compatible; GPTBot/1.3; +https://openai.com/gptbot)"
64.252.76.100 - - [06/Apr/2026:21:44:43 +0000] "GET /?feed=rss2&p=94401 HTTP/1.1" 200 508 "-" "Amazon CloudFront"
64.252.76.215 - - [06/Apr/2026:21:44:44 +0000] "GET /?feed=rss2&p=94415 HTTP/1.1" 200 519 "-" "Amazon CloudFront"
64.252.76.63 - - [06/Apr/2026:21:44:44 +0000] "GET /?feed=rss2&p=94377 HTTP/1.1" 200 540 "-" "Amazon CloudFront"
64.252.76.215 - - [06/Apr/2026:21:44:45 +0000] "GET /?feed=rss2&p=94369 HTTP/1.1" 200 504 "-" "Amazon CloudFront"
64.252.76.215 - - [06/Apr/2026:21:44:46 +0000] "GET /?feed=rss2&p=94374 HTTP/1.1" 200 495 "-" "Amazon CloudFront"
64.252.76.63 - - [06/Apr/2026:21:44:47 +0000] "GET /?feed=rss2&p=94419 HTTP/1.1" 200 511 "-" "Amazon CloudFront"
64.252.76.215 - - [06/Apr/2026:21:44:47 +0000] "GET /prizes/236271612 HTTP/1.1" 301 - "-" "Amazon CloudFront"
64.252.76.100 - - [06/Apr/2026:21:44:47 +0000] "GET /?feed=rss2&p=94437 HTTP/1.1" 200 530 "-" "Amazon CloudFront"
64.252.76.215 - - [06/Apr/2026:21:44:48 +0000] "GET /?p=94381 HTTP/1.1" 200 16182 "-" "Amazon CloudFront"
64.252.76.100 - - [06/Apr/2026:21:44:49 +0000] "GET /?p=94371 HTTP/1.1" 200 23324 "-" "Amazon CloudFront"
64.252.76.63 - - [06/Apr/2026:21:44:50 +0000] "GET /?p=94385 HTTP/1.1" 200 16252 "-" "Amazon CloudFront"
64.252.76.100 - - [06/Apr/2026:21:44:48 +0000] "GET /prizes/236271612/ HTTP/1.1" 200 24306 "-" "Amazon CloudFront"
64.252.76.63 - - [06/Apr/2026:21:44:51 +0000] "GET /?p=94367 HTTP/1.1" 200 16806 "-" "Amazon CloudFront"
64.252.76.63 - - [06/Apr/2026:21:44:53 +0000] "GET /?author=2&paged=126 HTTP/1.1" 200 11289 "-" "Amazon CloudFront"
64.252.76.100 - - [06/Apr/2026:21:44:54 +0000] "GET /?author=2&paged=123 HTTP/1.1" 200 11309 "-" "Amazon CloudFront"
64.252.76.100 - - [06/Apr/2026:21:44:55 +0000] "GET /?author=2&paged=125 HTTP/1.1" 200 11436 "-" "Amazon CloudFront"
64.252.76.63 - - [06/Apr/2026:21:44:56 +0000] "GET /?author=1&paged=123 HTTP/1.1" 200 11310 "-" "Amazon CloudFront"
64.252.67.128 - - [06/Apr/2026:21:44:57 +0000] "GET /?p=13949 HTTP/1.1" 200 14354 "-" "Amazon CloudFront"
64.252.76.63 - - [06/Apr/2026:21:44:57 +0000] "GET /?author=1&paged=122 HTTP/1.1" 200 11274 "-" "Amazon CloudFront"
64.252.76.100 - - [06/Apr/2026:21:44:59 +0000] "GET /prizes/280728016/ HTTP/1.1" 200 24276 "-" "Amazon CloudFront"
64.252.76.215 - - [06/Apr/2026:21:45:02 +0000] "GET /wp-includes/js/wp-embed.min.js?ver=5.1.19 HTTP/1.1" 200 3746 "-" "Amazon CloudFront"
15.158.235.110 - - [06/Apr/2026:21:45:03 +0000] "GET /index.php?format=xml&rest_route=%2Foembed%2F1.0%2Fembed&url=https%3A%2F%2F69b4844ae61d4e92bf26ad98af552775-devsite.readyship.co%2F%3Fp%3D94381 HTTP/1.1" 403 - "https://69b4844ae61d4e92bf26ad98af552775-devsite.readyship.co/?p=94381" "Mozilla/5.0 AppleWebKit/537.36 (KHTML, like Gecko; compatible; GPTBot/1.3; +https://openai.com/gptbot)"
15.158.235.110 - - [06/Apr/2026:21:45:03 +0000] "GET /index.php?format=xml&rest_route=%2Foembed%2F1.0%2Fembed&url=https%3A%2F%2F69b4844ae61d4e92bf26ad98af552775-devsite.readyship.co%2F%3Fp%3D94371 HTTP/1.1" 403 - "https://69b4844ae61d4e92bf26ad98af552775-devsite.readyship.co/?p=94371" "Mozilla/5.0 AppleWebKit/537.36 (KHTML, like Gecko; compatible; GPTBot/1.3; +https://openai.com/gptbot)"
15.158.235.100 - - [06/Apr/2026:21:45:04 +0000] "GET /index.php?format=xml&rest_route=%2Foembed%2F1.0%2Fembed&url=https%3A%2F%2F69b4844ae61d4e92bf26ad98af552775-devsite.readyship.co%2F%3Fp%3D94367 HTTP/1.1" 403 - "https://69b4844ae61d4e92bf26ad98af552775-devsite.readyship.co/?p=94367" "Mozilla/5.0 AppleWebKit/537.36 (KHTML, like Gecko; compatible; GPTBot/1.3; +https://openai.com/gptbot)"
15.158.235.66 - - [06/Apr/2026:21:45:04 +0000] "GET /index.php?format=xml&rest_route=%2Foembed%2F1.0%2Fembed&url=https%3A%2F%2F69b4844ae61d4e92bf26ad98af552775-devsite.readyship.co%2F%3Fp%3D94385 HTTP/1.1" 403 - "https://69b4844ae61d4e92bf26ad98af552775-devsite.readyship.co/?p=94385" "Mozilla/5.0 AppleWebKit/537.36 (KHTML, like Gecko; compatible; GPTBot/1.3; +https://openai.com/gptbot)"
64.252.76.63 - - [06/Apr/2026:21:45:05 +0000] "GET /?p=94333 HTTP/1.1" 200 16497 "-" "Amazon CloudFront"
15.158.195.67 - - [06/Apr/2026:21:45:03 +0000] "POST / HTTP/1.1" 200 23818 "-" "Amazon CloudFront"
64.252.76.215 - - [06/Apr/2026:21:45:06 +0000] "GET /?p=94395 HTTP/1.1" 200 17569 "-" "Amazon CloudFront"
64.252.76.215 - - [06/Apr/2026:21:45:07 +0000] "GET /?p=94335 HTTP/1.1" 200 24469 "-" "Amazon CloudFront"
64.252.76.100 - - [06/Apr/2026:21:45:08 +0000] "GET /?p=94389 HTTP/1.1" 200 23289 "-" "Amazon CloudFront"
15.158.195.67 - - [06/Apr/2026:21:45:07 +0000] "POST / HTTP/1.1" 200 23827 "-" "Amazon CloudFront"
64.252.76.100 - - [06/Apr/2026:21:45:09 +0000] "GET /?p=94349 HTTP/1.1" 200 22705 "-" "Amazon CloudFront"
64.252.76.100 - - [06/Apr/2026:21:45:11 +0000] "GET /?p=94393 HTTP/1.1" 200 23509 "-" "Amazon CloudFront"
