64.252.76.100 - - [06/Apr/2026:21:33:37 +0000] "GET /prizes/145670521 HTTP/1.1" 301 - "-" "Amazon CloudFront"
64.252.76.215 - - [06/Apr/2026:21:33:36 +0000] "GET /prizes/56396713/ HTTP/1.1" 200 24260 "-" "Amazon CloudFront"
64.252.76.63 - - [06/Apr/2026:21:33:37 +0000] "GET /prizes/231734470/ HTTP/1.1" 200 24307 "-" "Amazon CloudFront"
64.252.76.63 - - [06/Apr/2026:21:33:41 +0000] "GET /prizes/341368430 HTTP/1.1" 301 - "-" "Amazon CloudFront"
64.252.76.100 - - [06/Apr/2026:21:33:40 +0000] "GET /prizes/90961763 HTTP/1.1" 301 - "-" "Amazon CloudFront"
64.252.76.63 - - [06/Apr/2026:21:33:38 +0000] "GET /prizes/145670521/ HTTP/1.1" 200 24297 "-" "Amazon CloudFront"
64.252.76.100 - - [06/Apr/2026:21:33:41 +0000] "GET /prizes/90961763/ HTTP/1.1" 200 24258 "-" "Amazon CloudFront"
64.252.76.215 - - [06/Apr/2026:21:33:41 +0000] "GET /prizes/341368430/ HTTP/1.1" 200 24282 "-" "Amazon CloudFront"
64.252.76.63 - - [06/Apr/2026:21:33:42 +0000] "GET /prizes/129218410/ HTTP/1.1" 200 24285 "-" "Amazon CloudFront"
64.252.76.63 - - [06/Apr/2026:21:33:46 +0000] "GET /prizes/99182713 HTTP/1.1" 301 - "-" "Amazon CloudFront"
64.252.76.100 - - [06/Apr/2026:21:33:49 +0000] "GET /prizes/118085066 HTTP/1.1" 301 - "-" "Amazon CloudFront"
64.252.76.63 - - [06/Apr/2026:21:33:46 +0000] "GET /prizes/99182713/ HTTP/1.1" 200 24302 "-" "Amazon CloudFront"
64.252.76.100 - - [06/Apr/2026:21:33:49 +0000] "GET /prizes/118085066/ HTTP/1.1" 200 24271 "-" "Amazon CloudFront"
64.252.76.100 - - [06/Apr/2026:21:33:53 +0000] "GET /prizes/125724834 HTTP/1.1" 301 - "-" "Amazon CloudFront"
64.252.76.100 - - [06/Apr/2026:21:33:51 +0000] "GET /prizes/61998642/ HTTP/1.1" 200 24289 "-" "Amazon CloudFront"
64.252.76.215 - - [06/Apr/2026:21:33:56 +0000] "GET /prizes/85443975 HTTP/1.1" 301 - "-" "Amazon CloudFront"
64.252.76.100 - - [06/Apr/2026:21:33:54 +0000] "GET /prizes/125724834/ HTTP/1.1" 200 24292 "-" "Amazon CloudFront"
64.252.76.215 - - [06/Apr/2026:21:33:57 +0000] "GET /prizes/85443975/ HTTP/1.1" 200 24266 "-" "Amazon CloudFront"
64.252.76.215 - - [06/Apr/2026:21:34:03 +0000] "GET /prizes/136838369 HTTP/1.1" 301 - "-" "Amazon CloudFront"
64.252.76.100 - - [06/Apr/2026:21:34:03 +0000] "GET /prizes/74905430 HTTP/1.1" 301 - "-" "Amazon CloudFront"
64.252.76.100 - - [06/Apr/2026:21:34:04 +0000] "GET /prizes/74905430/ HTTP/1.1" 200 24281 "-" "Amazon CloudFront"
64.252.76.63 - - [06/Apr/2026:21:34:04 +0000] "GET /prizes/136838369/ HTTP/1.1" 200 24288 "-" "Amazon CloudFront"
64.252.76.215 - - [06/Apr/2026:21:34:08 +0000] "GET /prizes/345132915 HTTP/1.1" 301 - "-" "Amazon CloudFront"
64.252.76.215 - - [06/Apr/2026:21:34:09 +0000] "GET /prizes/76162622 HTTP/1.1" 301 - "-" "Amazon CloudFront"
64.252.76.100 - - [06/Apr/2026:21:34:09 +0000] "GET /prizes/345132915/ HTTP/1.1" 200 24279 "-" "Amazon CloudFront"
64.252.76.215 - - [06/Apr/2026:21:34:10 +0000] "GET /prizes/76162622/ HTTP/1.1" 200 24282 "-" "Amazon CloudFront"
64.252.76.63 - - [06/Apr/2026:21:34:12 +0000] "GET /prizes/281514268 HTTP/1.1" 301 - "-" "Amazon CloudFront"
64.252.76.100 - - [06/Apr/2026:21:34:13 +0000] "GET /prizes/93750753 HTTP/1.1" 301 - "-" "Amazon CloudFront"
64.252.76.100 - - [06/Apr/2026:21:34:13 +0000] "GET /prizes/281514268/ HTTP/1.1" 200 24304 "-" "Amazon CloudFront"
64.252.76.63 - - [06/Apr/2026:21:34:14 +0000] "GET /prizes/93750753/ HTTP/1.1" 200 24292 "-" "Amazon CloudFront"
64.252.68.163 - - [06/Apr/2026:21:34:15 +0000] "GET /?healthcheck_timestamp=1775511047288 HTTP/1.1" 200 178918 "-" "Amazon CloudFront"
64.252.76.215 - - [06/Apr/2026:21:34:19 +0000] "GET /prizes/51082086 HTTP/1.1" 301 - "-" "Amazon CloudFront"
64.252.76.215 - - [06/Apr/2026:21:34:20 +0000] "GET /prizes/56449703 HTTP/1.1" 301 - "-" "Amazon CloudFront"
15.158.215.109 - - [06/Apr/2026:21:34:22 +0000] "POST /wp-cron.php?doing_wp_cron=1775511262.5576090812683105468750 HTTP/1.1" 200 - "https://69b4844ae61d4e92bf26ad98af552775-devsite.readyship.co/wp-cron.php?doing_wp_cron=1775511262.5576090812683105468750" "WordPress/5.1.19; https://69b4844ae61d4e92bf26ad98af552775-devsite.readyship.co"
64.252.76.63 - - [06/Apr/2026:21:34:22 +0000] "GET /prizes/93546450 HTTP/1.1" 301 - "-" "Amazon CloudFront"
64.252.76.100 - - [06/Apr/2026:21:34:21 +0000] "GET /prizes/56449703/ HTTP/1.1" 200 24299 "-" "Amazon CloudFront"
64.252.76.215 - - [06/Apr/2026:21:34:25 +0000] "GET /prizes/62906410 HTTP/1.1" 301 - "-" "Amazon CloudFront"
64.252.76.63 - - [06/Apr/2026:21:34:23 +0000] "GET /prizes/93546450/ HTTP/1.1" 200 24273 "-" "Amazon CloudFront"
64.252.76.215 - - [06/Apr/2026:21:34:25 +0000] "GET /prizes/62906410/ HTTP/1.1" 200 24276 "-" "Amazon CloudFront"
64.252.76.215 - - [06/Apr/2026:21:34:29 +0000] "GET /prizes/71955672 HTTP/1.1" 301 - "-" "Amazon CloudFront"
64.252.76.63 - - [06/Apr/2026:21:34:31 +0000] "GET /prizes/271301177 HTTP/1.1" 301 - "-" "Amazon CloudFront"
64.252.76.63 - - [06/Apr/2026:21:34:31 +0000] "GET /prizes/271301177/ HTTP/1.1" 200 2255 "-" "Amazon CloudFront"
64.252.76.215 - - [06/Apr/2026:21:34:30 +0000] "GET /prizes/71955672/ HTTP/1.1" 200 24280 "-" "Amazon CloudFront"
64.252.76.100 - - [06/Apr/2026:21:34:35 +0000] "GET /prizes/74172480/ HTTP/1.1" 200 24296 "-" "Amazon CloudFront"
64.252.76.100 - - [06/Apr/2026:21:34:38 +0000] "GET /prizes/70757228 HTTP/1.1" 301 - "-" "Amazon CloudFront"
64.252.68.163 - - [06/Apr/2026:21:34:39 +0000] "GET /?p=80790 HTTP/1.1" 200 14546 "-" "Amazon CloudFront"
64.252.76.215 - - [06/Apr/2026:21:34:42 +0000] "GET /prizes/271874824 HTTP/1.1" 301 - "-" "Amazon CloudFront"
64.252.76.215 - - [06/Apr/2026:21:34:39 +0000] "GET /prizes/70757228/ HTTP/1.1" 200 24291 "-" "Amazon CloudFront"
64.252.76.215 - - [06/Apr/2026:21:34:43 +0000] "GET /prizes/81874137/ HTTP/1.1" 200 24302 "-" "Amazon CloudFront"
64.252.76.215 - - [06/Apr/2026:21:34:46 +0000] "GET /wp-includes/js/jquery/ui/sortable.min.js?ver=1.11.4 HTTP/1.1" 200 9543 "-" "Amazon CloudFront"
64.252.76.100 - - [06/Apr/2026:21:34:42 +0000] "GET /prizes/271874824/ HTTP/1.1" 200 24280 "-" "Amazon CloudFront"
64.252.76.63 - - [06/Apr/2026:21:34:47 +0000] "GET /wp-content/plugins/woocommerce/assets/images/icons/loader.svg HTTP/1.1" 200 158 "-" "Amazon CloudFront"
64.252.76.63 - - [06/Apr/2026:21:34:47 +0000] "GET /prizes/134691319 HTTP/1.1" 301 - "-" "Amazon CloudFront"
64.252.76.63 - - [06/Apr/2026:21:34:48 +0000] "GET /prizes/248237905 HTTP/1.1" 301 - "-" "Amazon CloudFront"
64.252.76.63 - - [06/Apr/2026:21:34:50 +0000] "GET /wp-content/plugins/elementor/assets/lib/waypoints/waypoints.min.js?ver=4.0.2 HTTP/1.1" 200 6038 "-" "Amazon CloudFront"
64.252.76.63 - - [06/Apr/2026:21:34:49 +0000] "GET /?feed=rss2&region=london HTTP/1.1" 200 2438 "-" "Amazon CloudFront"
15.158.235.110 - - [06/Apr/2026:21:34:51 +0000] "GET /index.php?format=xml&rest_route=%2Foembed%2F1.0%2Fembed&url=https%3A%2F%2F69b4844ae61d4e92bf26ad98af552775-devsite.readyship.co%2F%3Fp%3D114 HTTP/1.1" 403 - "https://69b4844ae61d4e92bf26ad98af552775-devsite.readyship.co/?p=114" "Mozilla/5.0 AppleWebKit/537.36 (KHTML, like Gecko; compatible; GPTBot/1.3; +https://openai.com/gptbot)"
64.252.76.215 - - [06/Apr/2026:21:34:47 +0000] "GET /prizes/134691319/ HTTP/1.1" 200 24297 "-" "Amazon CloudFront"
15.158.235.110 - - [06/Apr/2026:21:34:51 +0000] "GET /index.php?rest_route=%2Foembed%2F1.0%2Fembed&url=https%3A%2F%2F69b4844ae61d4e92bf26ad98af552775-devsite.readyship.co%2F%3Fjob_listing%3Dmuseum-of-london HTTP/1.1" 403 - "https://69b4844ae61d4e92bf26ad98af552775-devsite.readyship.co/?job_listing=museum-of-london" "Mozilla/5.0 AppleWebKit/537.36 (KHTML, like Gecko; compatible; GPTBot/1.3; +https://openai.com/gptbot)"
64.252.76.215 - - [06/Apr/2026:21:34:49 +0000] "GET /prizes/248237905/ HTTP/1.1" 200 21251 "-" "Amazon CloudFront"
64.252.76.100 - - [06/Apr/2026:21:34:52 +0000] "GET /wp-content/plugins/elementor/assets/lib/dialog/dialog.min.js?ver=4.7.1 HTTP/1.1" 200 6448 "-" "Amazon CloudFront"
64.252.76.100 - - [06/Apr/2026:21:34:54 +0000] "GET /?author=2&paged=100 HTTP/1.1" 200 11278 "-" "Amazon CloudFront"
64.252.76.215 - - [06/Apr/2026:21:34:55 +0000] "GET /?author=2&paged=101 HTTP/1.1" 200 11393 "-" "Amazon CloudFront"
64.252.76.63 - - [06/Apr/2026:21:34:56 +0000] "GET /?author=1&paged=101 HTTP/1.1" 200 11394 "-" "Amazon CloudFront"
64.252.76.215 - - [06/Apr/2026:21:34:57 +0000] "GET /?author=1&paged=100 HTTP/1.1" 200 11277 "-" "Amazon CloudFront"
15.158.235.110 - - [06/Apr/2026:21:34:59 +0000] "GET /index.php?format=xml&rest_route=%2Foembed%2F1.0%2Fembed&url=https%3A%2F%2F69b4844ae61d4e92bf26ad98af552775-devsite.readyship.co%2F%3Fpage_id%3D17 HTTP/1.1" 403 - "https://69b4844ae61d4e92bf26ad98af552775-devsite.readyship.co/?page_id=17" "Mozilla/5.0 AppleWebKit/537.36 (KHTML, like Gecko; compatible; GPTBot/1.3; +https://openai.com/gptbot)"
64.252.76.215 - - [06/Apr/2026:21:34:59 +0000] "GET /?feed=rss2&job_listing_category=restaurants HTTP/1.1" 200 1701 "-" "Amazon CloudFront"
64.252.76.215 - - [06/Apr/2026:21:35:00 +0000] "GET /?job_listing=bmw-316-d-facelift HTTP/1.1" 200 16272 "-" "Amazon CloudFront"
64.252.76.63 - - [06/Apr/2026:21:35:01 +0000] "GET /prizes/176160268 HTTP/1.1" 301 - "-" "Amazon CloudFront"
64.252.76.215 - - [06/Apr/2026:21:35:02 +0000] "GET /prizes/268686349 HTTP/1.1" 301 - "-" "Amazon CloudFront"
64.252.76.215 - - [06/Apr/2026:21:35:02 +0000] "GET /prizes/176160268/ HTTP/1.1" 200 24305 "-" "Amazon CloudFront"
64.252.76.63 - - [06/Apr/2026:21:35:03 +0000] "GET /prizes/268686349/ HTTP/1.1" 200 24301 "-" "Amazon CloudFront"
64.252.76.100 - - [06/Apr/2026:21:35:07 +0000] "GET /prizes/342342915 HTTP/1.1" 301 - "-" "Amazon CloudFront"
64.252.76.63 - - [06/Apr/2026:21:35:09 +0000] "GET /prizes/274741218 HTTP/1.1" 301 - "-" "Amazon CloudFront"
64.252.76.63 - - [06/Apr/2026:21:35:11 +0000] "GET /prizes/284328450 HTTP/1.1" 301 - "-" "Amazon CloudFront"
64.252.76.100 - - [06/Apr/2026:21:35:07 +0000] "GET /prizes/342342915/ HTTP/1.1" 200 24305 "-" "Amazon CloudFront"
64.252.76.215 - - [06/Apr/2026:21:35:10 +0000] "GET /prizes/274741218/ HTTP/1.1" 200 24299 "-" "Amazon CloudFront"
64.252.76.63 - - [06/Apr/2026:21:35:11 +0000] "GET /prizes/284328450/ HTTP/1.1" 200 24297 "-" "Amazon CloudFront"
64.252.76.215 - - [06/Apr/2026:21:35:15 +0000] "GET /?author=2&paged=102 HTTP/1.1" 200 11293 "-" "Amazon CloudFront"
64.252.76.215 - - [06/Apr/2026:21:35:16 +0000] "GET /?author=2&paged=103 HTTP/1.1" 200 11299 "-" "Amazon CloudFront"
64.252.76.63 - - [06/Apr/2026:21:35:17 +0000] "GET /?author=1&paged=102 HTTP/1.1" 200 11292 "-" "Amazon CloudFront"
64.252.76.100 - - [06/Apr/2026:21:35:18 +0000] "GET /?author=1&paged=103 HTTP/1.1" 200 11298 "-" "Amazon CloudFront"
64.252.76.63 - - [06/Apr/2026:21:35:19 +0000] "GET /prizes/121216389 HTTP/1.1" 301 - "-" "Amazon CloudFront"
64.252.76.63 - - [06/Apr/2026:21:35:20 +0000] "GET /prizes/121216389/ HTTP/1.1" 200 24315 "-" "Amazon CloudFront"
15.158.215.109 - - [06/Apr/2026:21:35:24 +0000] "POST /wp-cron.php?doing_wp_cron=1775511324.4471108913421630859375 HTTP/1.1" 200 - "https://69b4844ae61d4e92bf26ad98af552775-devsite.readyship.co/wp-cron.php?doing_wp_cron=1775511324.4471108913421630859375" "WordPress/5.1.19; https://69b4844ae61d4e92bf26ad98af552775-devsite.readyship.co"
64.252.76.215 - - [06/Apr/2026:21:35:24 +0000] "GET /prizes/147539147 HTTP/1.1" 301 - "-" "Amazon CloudFront"
64.252.76.100 - - [06/Apr/2026:21:35:25 +0000] "GET /prizes/147539147/ HTTP/1.1" 200 24286 "-" "Amazon CloudFront"
64.252.76.215 - - [06/Apr/2026:21:35:28 +0000] "GET /?job_listing_category=compact HTTP/1.1" 200 10876 "-" "Amazon CloudFront"
64.252.76.63 - - [06/Apr/2026:21:35:29 +0000] "GET /?p=3399 HTTP/1.1" 301 - "-" "Amazon CloudFront"
64.252.76.63 - - [06/Apr/2026:21:35:30 +0000] "GET /?feed=rss2&p=3399 HTTP/1.1" 301 - "-" "Amazon CloudFront"
15.158.235.110 - - [06/Apr/2026:21:35:32 +0000] "GET /index.php?format=xml&rest_route=%2Foembed%2F1.0%2Fembed&url=https%3A%2F%2F69b4844ae61d4e92bf26ad98af552775-devsite.readyship.co%2F%3Fjob_listing%3Dbmw-316-d-facelift HTTP/1.1" 403 - "https://69b4844ae61d4e92bf26ad98af552775-devsite.readyship.co/?job_listing=bmw-316-d-facelift" "Mozilla/5.0 AppleWebKit/537.36 (KHTML, like Gecko; compatible; GPTBot/1.3; +https://openai.com/gptbot)"
64.252.76.63 - - [06/Apr/2026:21:35:31 +0000] "GET /?job_listing=bmw-316-d-facelift&feed=rss2 HTTP/1.1" 200 489 "-" "Amazon CloudFront"
64.252.76.100 - - [06/Apr/2026:21:35:32 +0000] "GET /prizes/130250258 HTTP/1.1" 301 - "-" "Amazon CloudFront"
64.252.76.63 - - [06/Apr/2026:21:35:34 +0000] "GET /prizes/239105713 HTTP/1.1" 301 - "-" "Amazon CloudFront"
64.252.76.215 - - [06/Apr/2026:21:35:33 +0000] "GET /prizes/130250258/ HTTP/1.1" 200 24278 "-" "Amazon CloudFront"
64.252.76.63 - - [06/Apr/2026:21:35:35 +0000] "GET /prizes/239105713/ HTTP/1.1" 200 24301 "-" "Amazon CloudFront"
64.252.76.100 - - [06/Apr/2026:21:35:36 +0000] "GET /?author=2&paged=104 HTTP/1.1" 200 11360 "-" "Amazon CloudFront"
64.252.76.100 - - [06/Apr/2026:21:35:38 +0000] "GET /?author=2&paged=105 HTTP/1.1" 200 11354 "-" "Amazon CloudFront"
64.252.76.215 - - [06/Apr/2026:21:35:39 +0000] "GET /?p=94789 HTTP/1.1" 200 16685 "-" "Amazon CloudFront"
64.252.76.100 - - [06/Apr/2026:21:35:40 +0000] "GET /?p=94793 HTTP/1.1" 200 15360 "-" "Amazon CloudFront"
64.252.76.100 - - [06/Apr/2026:21:35:41 +0000] "GET /?p=94787 HTTP/1.1" 200 16328 "-" "Amazon CloudFront"
64.252.76.215 - - [06/Apr/2026:21:35:42 +0000] "GET /?p=94791 HTTP/1.1" 200 24316 "-" "Amazon CloudFront"
64.252.76.63 - - [06/Apr/2026:21:35:43 +0000] "GET /?feed=rss2&job_listing_category=compact HTTP/1.1" 200 1041 "-" "Amazon CloudFront"
64.252.76.63 - - [06/Apr/2026:21:35:44 +0000] "GET /?p=94797 HTTP/1.1" 200 16887 "-" "Amazon CloudFront"
64.252.76.215 - - [06/Apr/2026:21:35:45 +0000] "GET /?p=94795 HTTP/1.1" 200 14717 "-" "Amazon CloudFront"
64.252.76.63 - - [06/Apr/2026:21:35:46 +0000] "GET /?author=1&paged=105 HTTP/1.1" 200 11356 "-" "Amazon CloudFront"
64.252.76.63 - - [06/Apr/2026:21:35:48 +0000] "GET /prizes/196236238 HTTP/1.1" 301 - "-" "Amazon CloudFront"
64.252.76.63 - - [06/Apr/2026:21:35:49 +0000] "GET /prizes/293823238 HTTP/1.1" 301 - "-" "Amazon CloudFront"
64.252.76.63 - - [06/Apr/2026:21:35:50 +0000] "GET /prizes/293823238/ HTTP/1.1" 200 2255 "-" "Amazon CloudFront"
64.252.76.100 - - [06/Apr/2026:21:35:48 +0000] "GET /prizes/196236238/ HTTP/1.1" 200 24272 "-" "Amazon CloudFront"
64.252.76.215 - - [06/Apr/2026:21:35:52 +0000] "GET /?author=1&paged=104 HTTP/1.1" 200 11359 "-" "Amazon CloudFront"
64.252.76.100 - - [06/Apr/2026:21:35:53 +0000] "GET /?p=94777 HTTP/1.1" 200 16698 "-" "Amazon CloudFront"
15.158.235.110 - - [06/Apr/2026:21:35:55 +0000] "GET /index.php?format=xml&rest_route=%2Foembed%2F1.0%2Fembed&url=https%3A%2F%2F69b4844ae61d4e92bf26ad98af552775-devsite.readyship.co%2F%3Fp%3D94789 HTTP/1.1" 403 - "https://69b4844ae61d4e92bf26ad98af552775-devsite.readyship.co/?p=94789" "Mozilla/5.0 AppleWebKit/537.36 (KHTML, like Gecko; compatible; GPTBot/1.3; +https://openai.com/gptbot)"
15.158.235.110 - - [06/Apr/2026:21:35:55 +0000] "GET /index.php?format=xml&rest_route=%2Foembed%2F1.0%2Fembed&url=https%3A%2F%2F69b4844ae61d4e92bf26ad98af552775-devsite.readyship.co%2F%3Fp%3D94793 HTTP/1.1" 403 - "https://69b4844ae61d4e92bf26ad98af552775-devsite.readyship.co/?p=94793" "Mozilla/5.0 AppleWebKit/537.36 (KHTML, like Gecko; compatible; GPTBot/1.3; +https://openai.com/gptbot)"
15.158.235.100 - - [06/Apr/2026:21:35:55 +0000] "GET /index.php?format=xml&rest_route=%2Foembed%2F1.0%2Fembed&url=https%3A%2F%2F69b4844ae61d4e92bf26ad98af552775-devsite.readyship.co%2F%3Fp%3D94787 HTTP/1.1" 403 - "https://69b4844ae61d4e92bf26ad98af552775-devsite.readyship.co/?p=94787" "Mozilla/5.0 AppleWebKit/537.36 (KHTML, like Gecko; compatible; GPTBot/1.3; +https://openai.com/gptbot)"
15.158.235.100 - - [06/Apr/2026:21:35:56 +0000] "GET /index.php?format=xml&rest_route=%2Foembed%2F1.0%2Fembed&url=https%3A%2F%2F69b4844ae61d4e92bf26ad98af552775-devsite.readyship.co%2F%3Fp%3D94791 HTTP/1.1" 403 - "https://69b4844ae61d4e92bf26ad98af552775-devsite.readyship.co/?p=94791" "Mozilla/5.0 AppleWebKit/537.36 (KHTML, like Gecko; compatible; GPTBot/1.3; +https://openai.com/gptbot)"
15.158.235.100 - - [06/Apr/2026:21:35:58 +0000] "GET /index.php?format=xml&rest_route=%2Foembed%2F1.0%2Fembed&url=https%3A%2F%2F69b4844ae61d4e92bf26ad98af552775-devsite.readyship.co%2F%3Fp%3D94797 HTTP/1.1" 403 - "https://69b4844ae61d4e92bf26ad98af552775-devsite.readyship.co/?p=94797" "Mozilla/5.0 AppleWebKit/537.36 (KHTML, like Gecko; compatible; GPTBot/1.3; +https://openai.com/gptbot)"
15.158.235.103 - - [06/Apr/2026:21:35:58 +0000] "GET /index.php?format=xml&rest_route=%2Foembed%2F1.0%2Fembed&url=https%3A%2F%2F69b4844ae61d4e92bf26ad98af552775-devsite.readyship.co%2F%3Fp%3D94795 HTTP/1.1" 403 - "https://69b4844ae61d4e92bf26ad98af552775-devsite.readyship.co/?p=94795" "Mozilla/5.0 AppleWebKit/537.36 (KHTML, like Gecko; compatible; GPTBot/1.3; +https://openai.com/gptbot)"
64.252.76.63 - - [06/Apr/2026:21:35:57 +0000] "GET /?author=2&paged=106 HTTP/1.1" 200 11319 "-" "Amazon CloudFront"
64.252.76.215 - - [06/Apr/2026:21:35:58 +0000] "GET /prizes/172737783 HTTP/1.1" 301 - "-" "Amazon CloudFront"
64.252.76.215 - - [06/Apr/2026:21:35:59 +0000] "GET /?author=2&paged=107 HTTP/1.1" 200 11341 "-" "Amazon CloudFront"
64.252.76.100 - - [06/Apr/2026:21:36:00 +0000] "GET /prizes/297806521 HTTP/1.1" 301 - "-" "Amazon CloudFront"
64.252.76.215 - - [06/Apr/2026:21:36:00 +0000] "GET /?p=94769 HTTP/1.1" 200 15912 "-" "Amazon CloudFront"
64.252.76.100 - - [06/Apr/2026:21:36:01 +0000] "GET /?p=94757 HTTP/1.1" 200 14850 "-" "Amazon CloudFront"
64.252.76.63 - - [06/Apr/2026:21:35:59 +0000] "GET /prizes/172737783/ HTTP/1.1" 200 24295 "-" "Amazon CloudFront"
64.252.76.63 - - [06/Apr/2026:21:36:02 +0000] "GET /?p=94755 HTTP/1.1" 200 18138 "-" "Amazon CloudFront"
64.252.76.63 - - [06/Apr/2026:21:36:04 +0000] "GET /?feed=rss2&p=94777 HTTP/1.1" 200 568 "-" "Amazon CloudFront"
64.252.76.215 - - [06/Apr/2026:21:36:04 +0000] "GET /?p=94773 HTTP/1.1" 200 17731 "-" "Amazon CloudFront"
64.252.76.63 - - [06/Apr/2026:21:36:01 +0000] "GET /prizes/297806521/ HTTP/1.1" 200 24307 "-" "Amazon CloudFront"
64.252.76.215 - - [06/Apr/2026:21:36:05 +0000] "GET /?p=94775 HTTP/1.1" 200 15516 "-" "Amazon CloudFront"
64.252.76.100 - - [06/Apr/2026:21:36:07 +0000] "GET /?p=94771 HTTP/1.1" 200 16798 "-" "Amazon CloudFront"
64.252.76.215 - - [06/Apr/2026:21:36:08 +0000] "GET /?author=2&paged=108 HTTP/1.1" 200 11364 "-" "Amazon CloudFront"
64.252.76.215 - - [06/Apr/2026:21:36:09 +0000] "GET /prizes/119751753 HTTP/1.1" 301 - "-" "Amazon CloudFront"
64.252.76.100 - - [06/Apr/2026:21:36:09 +0000] "GET /?p=94734 HTTP/1.1" 200 17857 "-" "Amazon CloudFront"
64.252.76.63 - - [06/Apr/2026:21:36:10 +0000] "GET /?p=94743 HTTP/1.1" 200 14741 "-" "Amazon CloudFront"
64.252.76.100 - - [06/Apr/2026:21:36:11 +0000] "GET /?author=2&paged=109 HTTP/1.1" 200 11341 "-" "Amazon CloudFront"
15.158.235.110 - - [06/Apr/2026:21:36:13 +0000] "GET /index.php?format=xml&rest_route=%2Foembed%2F1.0%2Fembed&url=https%3A%2F%2F69b4844ae61d4e92bf26ad98af552775-devsite.readyship.co%2F%3Fp%3D94769 HTTP/1.1" 403 - "https://69b4844ae61d4e92bf26ad98af552775-devsite.readyship.co/?p=94769" "Mozilla/5.0 AppleWebKit/537.36 (KHTML, like Gecko; compatible; GPTBot/1.3; +https://openai.com/gptbot)"
64.252.76.100 - - [06/Apr/2026:21:36:10 +0000] "GET /prizes/119751753/ HTTP/1.1" 200 24272 "-" "Amazon CloudFront"
15.158.235.110 - - [06/Apr/2026:21:36:13 +0000] "GET /index.php?format=xml&rest_route=%2Foembed%2F1.0%2Fembed&url=https%3A%2F%2F69b4844ae61d4e92bf26ad98af552775-devsite.readyship.co%2F%3Fp%3D94757 HTTP/1.1" 403 - "https://69b4844ae61d4e92bf26ad98af552775-devsite.readyship.co/?p=94757" "Mozilla/5.0 AppleWebKit/537.36 (KHTML, like Gecko; compatible; GPTBot/1.3; +https://openai.com/gptbot)"
15.158.235.100 - - [06/Apr/2026:21:36:14 +0000] "GET /index.php?format=xml&rest_route=%2Foembed%2F1.0%2Fembed&url=https%3A%2F%2F69b4844ae61d4e92bf26ad98af552775-devsite.readyship.co%2F%3Fp%3D94755 HTTP/1.1" 403 - "https://69b4844ae61d4e92bf26ad98af552775-devsite.readyship.co/?p=94755" "Mozilla/5.0 AppleWebKit/537.36 (KHTML, like Gecko; compatible; GPTBot/1.3; +https://openai.com/gptbot)"
15.158.235.66 - - [06/Apr/2026:21:36:15 +0000] "GET /index.php?format=xml&rest_route=%2Foembed%2F1.0%2Fembed&url=https%3A%2F%2F69b4844ae61d4e92bf26ad98af552775-devsite.readyship.co%2F%3Fp%3D94773 HTTP/1.1" 403 - "https://69b4844ae61d4e92bf26ad98af552775-devsite.readyship.co/?p=94773" "Mozilla/5.0 AppleWebKit/537.36 (KHTML, like Gecko; compatible; GPTBot/1.3; +https://openai.com/gptbot)"
64.252.76.63 - - [06/Apr/2026:21:36:14 +0000] "GET /?p=94709 HTTP/1.1" 200 17359 "-" "Amazon CloudFront"
15.158.235.103 - - [06/Apr/2026:21:36:16 +0000] "GET /index.php?format=xml&rest_route=%2Foembed%2F1.0%2Fembed&url=https%3A%2F%2F69b4844ae61d4e92bf26ad98af552775-devsite.readyship.co%2F%3Fp%3D94771 HTTP/1.1" 403 - "https://69b4844ae61d4e92bf26ad98af552775-devsite.readyship.co/?p=94771" "Mozilla/5.0 AppleWebKit/537.36 (KHTML, like Gecko; compatible; GPTBot/1.3; +https://openai.com/gptbot)"
15.158.235.100 - - [06/Apr/2026:21:36:16 +0000] "GET /index.php?format=xml&rest_route=%2Foembed%2F1.0%2Fembed&url=https%3A%2F%2F69b4844ae61d4e92bf26ad98af552775-devsite.readyship.co%2F%3Fp%3D94775 HTTP/1.1" 403 - "https://69b4844ae61d4e92bf26ad98af552775-devsite.readyship.co/?p=94775" "Mozilla/5.0 AppleWebKit/537.36 (KHTML, like Gecko; compatible; GPTBot/1.3; +https://openai.com/gptbot)"
64.252.76.100 - - [06/Apr/2026:21:36:17 +0000] "GET /?p=94691 HTTP/1.1" 200 18205 "-" "Amazon CloudFront"
15.158.235.66 - - [06/Apr/2026:21:36:18 +0000] "GET /index.php?format=xml&rest_route=%2Foembed%2F1.0%2Fembed&url=https%3A%2F%2F69b4844ae61d4e92bf26ad98af552775-devsite.readyship.co%2F%3Fp%3D94734 HTTP/1.1" 403 - "https://69b4844ae61d4e92bf26ad98af552775-devsite.readyship.co/?p=94734" "Mozilla/5.0 AppleWebKit/537.36 (KHTML, like Gecko; compatible; GPTBot/1.3; +https://openai.com/gptbot)"
15.158.235.100 - - [06/Apr/2026:21:36:18 +0000] "GET /index.php?format=xml&rest_route=%2Foembed%2F1.0%2Fembed&url=https%3A%2F%2F69b4844ae61d4e92bf26ad98af552775-devsite.readyship.co%2F%3Fp%3D94743 HTTP/1.1" 403 - "https://69b4844ae61d4e92bf26ad98af552775-devsite.readyship.co/?p=94743" "Mozilla/5.0 AppleWebKit/537.36 (KHTML, like Gecko; compatible; GPTBot/1.3; +https://openai.com/gptbot)"
64.252.76.215 - - [06/Apr/2026:21:36:19 +0000] "GET /?p=94697 HTTP/1.1" 200 16648 "-" "Amazon CloudFront"
64.252.76.63 - - [06/Apr/2026:21:36:20 +0000] "GET /?p=94669 HTTP/1.1" 200 14154 "-" "Amazon CloudFront"
15.158.215.109 - - [06/Apr/2026:21:36:22 +0000] "POST /wp-cron.php?doing_wp_cron=1775511382.2990269660949707031250 HTTP/1.1" 200 - "https://69b4844ae61d4e92bf26ad98af552775-devsite.readyship.co/wp-cron.php?doing_wp_cron=1775511382.2990269660949707031250" "WordPress/5.1.19; https://69b4844ae61d4e92bf26ad98af552775-devsite.readyship.co"
64.252.76.100 - - [06/Apr/2026:21:36:21 +0000] "GET /?p=94707 HTTP/1.1" 200 15525 "-" "Amazon CloudFront"
64.252.76.215 - - [06/Apr/2026:21:36:23 +0000] "GET /?p=94729 HTTP/1.1" 200 16808 "-" "Amazon CloudFront"
15.158.235.66 - - [06/Apr/2026:21:36:24 +0000] "GET /index.php?format=xml&rest_route=%2Foembed%2F1.0%2Fembed&url=https%3A%2F%2F69b4844ae61d4e92bf26ad98af552775-devsite.readyship.co%2F%3Fp%3D94709 HTTP/1.1" 403 - "https://69b4844ae61d4e92bf26ad98af552775-devsite.readyship.co/?p=94709" "Mozilla/5.0 AppleWebKit/537.36 (KHTML, like Gecko; compatible; GPTBot/1.3; +https://openai.com/gptbot)"
64.252.76.215 - - [06/Apr/2026:21:36:25 +0000] "GET /?p=94733 HTTP/1.1" 200 15913 "-" "Amazon CloudFront"
64.252.76.63 - - [06/Apr/2026:21:36:26 +0000] "GET /prizes/131306521 HTTP/1.1" 301 - "-" "Amazon CloudFront"
64.252.76.100 - - [06/Apr/2026:21:36:26 +0000] "GET /?p=94717 HTTP/1.1" 200 26222 "-" "Amazon CloudFront"
64.252.76.63 - - [06/Apr/2026:21:36:27 +0000] "GET /?p=94677 HTTP/1.1" 200 16361 "-" "Amazon CloudFront"
64.252.76.63 - - [06/Apr/2026:21:36:28 +0000] "GET /?p=94727 HTTP/1.1" 200 17985 "-" "Amazon CloudFront"
15.158.235.110 - - [06/Apr/2026:21:36:29 +0000] "GET /index.php?format=xml&rest_route=%2Foembed%2F1.0%2Fembed&url=https%3A%2F%2F69b4844ae61d4e92bf26ad98af552775-devsite.readyship.co%2F%3Fp%3D94691 HTTP/1.1" 403 - "https://69b4844ae61d4e92bf26ad98af552775-devsite.readyship.co/?p=94691" "Mozilla/5.0 AppleWebKit/537.36 (KHTML, like Gecko; compatible; GPTBot/1.3; +https://openai.com/gptbot)"
64.252.76.215 - - [06/Apr/2026:21:36:26 +0000] "GET /prizes/131306521/ HTTP/1.1" 200 24293 "-" "Amazon CloudFront"
64.252.76.215 - - [06/Apr/2026:21:36:30 +0000] "GET /?p=94767 HTTP/1.1" 200 25856 "-" "Amazon CloudFront"
15.158.235.66 - - [06/Apr/2026:21:36:31 +0000] "GET /index.php?format=xml&rest_route=%2Foembed%2F1.0%2Fembed&url=https%3A%2F%2F69b4844ae61d4e92bf26ad98af552775-devsite.readyship.co%2F%3Fp%3D94697 HTTP/1.1" 403 - "https://69b4844ae61d4e92bf26ad98af552775-devsite.readyship.co/?p=94697" "Mozilla/5.0 AppleWebKit/537.36 (KHTML, like Gecko; compatible; GPTBot/1.3; +https://openai.com/gptbot)"
15.158.235.66 - - [06/Apr/2026:21:36:31 +0000] "GET /index.php?format=xml&rest_route=%2Foembed%2F1.0%2Fembed&url=https%3A%2F%2F69b4844ae61d4e92bf26ad98af552775-devsite.readyship.co%2F%3Fp%3D94669 HTTP/1.1" 403 - "https://69b4844ae61d4e92bf26ad98af552775-devsite.readyship.co/?p=94669" "Mozilla/5.0 AppleWebKit/537.36 (KHTML, like Gecko; compatible; GPTBot/1.3; +https://openai.com/gptbot)"
15.158.235.100 - - [06/Apr/2026:21:36:32 +0000] "GET /index.php?format=xml&rest_route=%2Foembed%2F1.0%2Fembed&url=https%3A%2F%2F69b4844ae61d4e92bf26ad98af552775-devsite.readyship.co%2F%3Fp%3D94707 HTTP/1.1" 403 - "https://69b4844ae61d4e92bf26ad98af552775-devsite.readyship.co/?p=94707" "Mozilla/5.0 AppleWebKit/537.36 (KHTML, like Gecko; compatible; GPTBot/1.3; +https://openai.com/gptbot)"
64.252.76.63 - - [06/Apr/2026:21:36:32 +0000] "GET /?p=94695 HTTP/1.1" 200 14944 "-" "Amazon CloudFront"
15.158.235.100 - - [06/Apr/2026:21:36:34 +0000] "GET /index.php?format=xml&rest_route=%2Foembed%2F1.0%2Fembed&url=https%3A%2F%2F69b4844ae61d4e92bf26ad98af552775-devsite.readyship.co%2F%3Fp%3D94729 HTTP/1.1" 403 - "https://69b4844ae61d4e92bf26ad98af552775-devsite.readyship.co/?p=94729" "Mozilla/5.0 AppleWebKit/537.36 (KHTML, like Gecko; compatible; GPTBot/1.3; +https://openai.com/gptbot)"
15.158.235.66 - - [06/Apr/2026:21:36:34 +0000] "GET /index.php?format=xml&rest_route=%2Foembed%2F1.0%2Fembed&url=https%3A%2F%2F69b4844ae61d4e92bf26ad98af552775-devsite.readyship.co%2F%3Fp%3D94733 HTTP/1.1" 403 - "https://69b4844ae61d4e92bf26ad98af552775-devsite.readyship.co/?p=94733" "Mozilla/5.0 AppleWebKit/537.36 (KHTML, like Gecko; compatible; GPTBot/1.3; +https://openai.com/gptbot)"
15.158.235.103 - - [06/Apr/2026:21:36:35 +0000] "GET /index.php?format=xml&rest_route=%2Foembed%2F1.0%2Fembed&url=https%3A%2F%2F69b4844ae61d4e92bf26ad98af552775-devsite.readyship.co%2F%3Fp%3D94717 HTTP/1.1" 403 - "https://69b4844ae61d4e92bf26ad98af552775-devsite.readyship.co/?p=94717" "Mozilla/5.0 AppleWebKit/537.36 (KHTML, like Gecko; compatible; GPTBot/1.3; +https://openai.com/gptbot)"
15.158.235.66 - - [06/Apr/2026:21:36:35 +0000] "GET /index.php?format=xml&rest_route=%2Foembed%2F1.0%2Fembed&url=https%3A%2F%2F69b4844ae61d4e92bf26ad98af552775-devsite.readyship.co%2F%3Fp%3D94677 HTTP/1.1" 403 - "https://69b4844ae61d4e92bf26ad98af552775-devsite.readyship.co/?p=94677" "Mozilla/5.0 AppleWebKit/537.36 (KHTML, like Gecko; compatible; GPTBot/1.3; +https://openai.com/gptbot)"
64.252.76.63 - - [06/Apr/2026:21:36:36 +0000] "GET /?p=94719 HTTP/1.1" 200 15250 "-" "Amazon CloudFront"
15.158.235.103 - - [06/Apr/2026:21:36:37 +0000] "GET /index.php?format=xml&rest_route=%2Foembed%2F1.0%2Fembed&url=https%3A%2F%2F69b4844ae61d4e92bf26ad98af552775-devsite.readyship.co%2F%3Fp%3D94727 HTTP/1.1" 403 - "https://69b4844ae61d4e92bf26ad98af552775-devsite.readyship.co/?p=94727" "Mozilla/5.0 AppleWebKit/537.36 (KHTML, like Gecko; compatible; GPTBot/1.3; +https://openai.com/gptbot)"
64.252.76.63 - - [06/Apr/2026:21:36:37 +0000] "GET /?p=94745 HTTP/1.1" 200 15579 "-" "Amazon CloudFront"
15.158.235.100 - - [06/Apr/2026:21:36:38 +0000] "GET /index.php?format=xml&rest_route=%2Foembed%2F1.0%2Fembed&url=https%3A%2F%2F69b4844ae61d4e92bf26ad98af552775-devsite.readyship.co%2F%3Fp%3D94767 HTTP/1.1" 403 - "https://69b4844ae61d4e92bf26ad98af552775-devsite.readyship.co/?p=94767" "Mozilla/5.0 AppleWebKit/537.36 (KHTML, like Gecko; compatible; GPTBot/1.3; +https://openai.com/gptbot)"
64.252.76.215 - - [06/Apr/2026:21:36:39 +0000] "GET /?p=94779 HTTP/1.1" 200 16028 "-" "Amazon CloudFront"
64.252.76.63 - - [06/Apr/2026:21:36:40 +0000] "GET /?p=94759 HTTP/1.1" 200 16128 "-" "Amazon CloudFront"
64.252.76.63 - - [06/Apr/2026:21:36:41 +0000] "GET /?feed=rss2&p=94779 HTTP/1.1" 200 526 "-" "Amazon CloudFront"
15.158.235.103 - - [06/Apr/2026:21:36:42 +0000] "GET /index.php?format=xml&rest_route=%2Foembed%2F1.0%2Fembed&url=https%3A%2F%2F69b4844ae61d4e92bf26ad98af552775-devsite.readyship.co%2F%3Fp%3D94695 HTTP/1.1" 403 - "https://69b4844ae61d4e92bf26ad98af552775-devsite.readyship.co/?p=94695" "Mozilla/5.0 AppleWebKit/537.36 (KHTML, like Gecko; compatible; GPTBot/1.3; +https://openai.com/gptbot)"
15.158.235.103 - - [06/Apr/2026:21:36:43 +0000] "GET /index.php?rest_route=%2Foembed%2F1.0%2Fembed&url=https%3A%2F%2F69b4844ae61d4e92bf26ad98af552775-devsite.readyship.co%2F%3Fp%3D94779 HTTP/1.1" 403 - "https://69b4844ae61d4e92bf26ad98af552775-devsite.readyship.co/?p=94779" "Mozilla/5.0 AppleWebKit/537.36 (KHTML, like Gecko; compatible; GPTBot/1.3; +https://openai.com/gptbot)"
64.252.76.63 - - [06/Apr/2026:21:36:43 +0000] "GET /?p=94747 HTTP/1.1" 200 17926 "-" "Amazon CloudFront"
64.252.76.100 - - [06/Apr/2026:21:36:44 +0000] "GET /?p=94679 HTTP/1.1" 200 17205 "-" "Amazon CloudFront"
64.252.76.63 - - [06/Apr/2026:21:36:45 +0000] "GET /?p=94667 HTTP/1.1" 200 15729 "-" "Amazon CloudFront"
64.252.76.215 - - [06/Apr/2026:21:36:47 +0000] "GET /?p=94737 HTTP/1.1" 200 16501 "-" "Amazon CloudFront"
15.158.235.100 - - [06/Apr/2026:21:36:48 +0000] "GET /index.php?format=xml&rest_route=%2Foembed%2F1.0%2Fembed&url=https%3A%2F%2F69b4844ae61d4e92bf26ad98af552775-devsite.readyship.co%2F%3Fp%3D94719 HTTP/1.1" 403 - "https://69b4844ae61d4e92bf26ad98af552775-devsite.readyship.co/?p=94719" "Mozilla/5.0 AppleWebKit/537.36 (KHTML, like Gecko; compatible; GPTBot/1.3; +https://openai.com/gptbot)"
64.252.76.215 - - [06/Apr/2026:21:36:48 +0000] "GET /?p=94711 HTTP/1.1" 200 17035 "-" "Amazon CloudFront"
64.252.76.100 - - [06/Apr/2026:21:36:49 +0000] "GET /prizes/336261612 HTTP/1.1" 301 - "-" "Amazon CloudFront"
64.252.76.100 - - [06/Apr/2026:21:36:49 +0000] "GET /?p=94689 HTTP/1.1" 200 15907 "-" "Amazon CloudFront"
15.158.235.66 - - [06/Apr/2026:21:36:51 +0000] "GET /index.php?format=xml&rest_route=%2Foembed%2F1.0%2Fembed&url=https%3A%2F%2F69b4844ae61d4e92bf26ad98af552775-devsite.readyship.co%2F%3Fp%3D94745 HTTP/1.1" 403 - "https://69b4844ae61d4e92bf26ad98af552775-devsite.readyship.co/?p=94745" "Mozilla/5.0 AppleWebKit/537.36 (KHTML, like Gecko; compatible; GPTBot/1.3; +https://openai.com/gptbot)"
15.158.235.66 - - [06/Apr/2026:21:36:51 +0000] "GET /index.php?format=xml&rest_route=%2Foembed%2F1.0%2Fembed&url=https%3A%2F%2F69b4844ae61d4e92bf26ad98af552775-devsite.readyship.co%2F%3Fp%3D94779 HTTP/1.1" 403 - "https://69b4844ae61d4e92bf26ad98af552775-devsite.readyship.co/?p=94779" "Mozilla/5.0 AppleWebKit/537.36 (KHTML, like Gecko; compatible; GPTBot/1.3; +https://openai.com/gptbot)"
15.158.235.66 - - [06/Apr/2026:21:36:52 +0000] "GET /index.php?format=xml&rest_route=%2Foembed%2F1.0%2Fembed&url=https%3A%2F%2F69b4844ae61d4e92bf26ad98af552775-devsite.readyship.co%2F%3Fp%3D94779 HTTP/1.1" 403 - "https://69b4844ae61d4e92bf26ad98af552775-devsite.readyship.co/?p=94779" "Mozilla/5.0 AppleWebKit/537.36 (KHTML, like Gecko; compatible; GPTBot/1.3; +https://openai.com/gptbot)"
15.158.235.66 - - [06/Apr/2026:21:36:52 +0000] "GET /index.php?format=xml&rest_route=%2Foembed%2F1.0%2Fembed&url=https%3A%2F%2F69b4844ae61d4e92bf26ad98af552775-devsite.readyship.co%2F%3Fp%3D94759 HTTP/1.1" 403 - "https://69b4844ae61d4e92bf26ad98af552775-devsite.readyship.co/?p=94759" "Mozilla/5.0 AppleWebKit/537.36 (KHTML, like Gecko; compatible; GPTBot/1.3; +https://openai.com/gptbot)"
64.252.76.100 - - [06/Apr/2026:21:36:50 +0000] "GET /prizes/336261612/ HTTP/1.1" 200 24282 "-" "Amazon CloudFront"
64.252.76.215 - - [06/Apr/2026:21:36:53 +0000] "GET /?p=94741 HTTP/1.1" 200 24220 "-" "Amazon CloudFront"
15.158.235.103 - - [06/Apr/2026:21:36:54 +0000] "GET /index.php?format=xml&rest_route=%2Foembed%2F1.0%2Fembed&url=https%3A%2F%2F69b4844ae61d4e92bf26ad98af552775-devsite.readyship.co%2F%3Fp%3D94747 HTTP/1.1" 403 - "https://69b4844ae61d4e92bf26ad98af552775-devsite.readyship.co/?p=94747" "Mozilla/5.0 AppleWebKit/537.36 (KHTML, like Gecko; compatible; GPTBot/1.3; +https://openai.com/gptbot)"
15.158.235.66 - - [06/Apr/2026:21:36:54 +0000] "GET /index.php?format=xml&rest_route=%2Foembed%2F1.0%2Fembed&url=https%3A%2F%2F69b4844ae61d4e92bf26ad98af552775-devsite.readyship.co%2F%3Fp%3D94679 HTTP/1.1" 403 - "https://69b4844ae61d4e92bf26ad98af552775-devsite.readyship.co/?p=94679" "Mozilla/5.0 AppleWebKit/537.36 (KHTML, like Gecko; compatible; GPTBot/1.3; +https://openai.com/gptbot)"
15.158.235.103 - - [06/Apr/2026:21:36:55 +0000] "GET /index.php?format=xml&rest_route=%2Foembed%2F1.0%2Fembed&url=https%3A%2F%2F69b4844ae61d4e92bf26ad98af552775-devsite.readyship.co%2F%3Fp%3D94667 HTTP/1.1" 403 - "https://69b4844ae61d4e92bf26ad98af552775-devsite.readyship.co/?p=94667" "Mozilla/5.0 AppleWebKit/537.36 (KHTML, like Gecko; compatible; GPTBot/1.3; +https://openai.com/gptbot)"
64.252.76.63 - - [06/Apr/2026:21:36:55 +0000] "GET /?p=94665 HTTP/1.1" 200 23767 "-" "Amazon CloudFront"
15.158.235.103 - - [06/Apr/2026:21:36:57 +0000] "GET /index.php?format=xml&rest_route=%2Foembed%2F1.0%2Fembed&url=https%3A%2F%2F69b4844ae61d4e92bf26ad98af552775-devsite.readyship.co%2F%3Fp%3D94737 HTTP/1.1" 403 - "https://69b4844ae61d4e92bf26ad98af552775-devsite.readyship.co/?p=94737" "Mozilla/5.0 AppleWebKit/537.36 (KHTML, like Gecko; compatible; GPTBot/1.3; +https://openai.com/gptbot)"
15.158.235.100 - - [06/Apr/2026:21:36:57 +0000] "GET /index.php?format=xml&rest_route=%2Foembed%2F1.0%2Fembed&url=https%3A%2F%2F69b4844ae61d4e92bf26ad98af552775-devsite.readyship.co%2F%3Fp%3D94711 HTTP/1.1" 403 - "https://69b4844ae61d4e92bf26ad98af552775-devsite.readyship.co/?p=94711" "Mozilla/5.0 AppleWebKit/537.36 (KHTML, like Gecko; compatible; GPTBot/1.3; +https://openai.com/gptbot)"
15.158.235.66 - - [06/Apr/2026:21:36:58 +0000] "GET /index.php?format=xml&rest_route=%2Foembed%2F1.0%2Fembed&url=https%3A%2F%2F69b4844ae61d4e92bf26ad98af552775-devsite.readyship.co%2F%3Fp%3D94689 HTTP/1.1" 403 - "https://69b4844ae61d4e92bf26ad98af552775-devsite.readyship.co/?p=94689" "Mozilla/5.0 AppleWebKit/537.36 (KHTML, like Gecko; compatible; GPTBot/1.3; +https://openai.com/gptbot)"
64.252.76.63 - - [06/Apr/2026:21:36:58 +0000] "GET /?p=94693 HTTP/1.1" 200 24056 "-" "Amazon CloudFront"
64.252.76.63 - - [06/Apr/2026:21:36:59 +0000] "GET /?p=94749 HTTP/1.1" 200 16983 "-" "Amazon CloudFront"
15.158.235.66 - - [06/Apr/2026:21:37:02 +0000] "GET /index.php?format=xml&rest_route=%2Foembed%2F1.0%2Fembed&url=https%3A%2F%2F69b4844ae61d4e92bf26ad98af552775-devsite.readyship.co%2F%3Fp%3D94741 HTTP/1.1" 403 - "https://69b4844ae61d4e92bf26ad98af552775-devsite.readyship.co/?p=94741" "Mozilla/5.0 AppleWebKit/537.36 (KHTML, like Gecko; compatible; GPTBot/1.3; +https://openai.com/gptbot)"
64.252.76.215 - - [06/Apr/2026:21:37:00 +0000] "GET /?author=2&paged=111 HTTP/1.1" 200 11364 "-" "Amazon CloudFront"
15.158.235.100 - - [06/Apr/2026:21:37:02 +0000] "GET /index.php?rest_route=%2Foembed%2F1.0%2Fembed&url=https%3A%2F%2F69b4844ae61d4e92bf26ad98af552775-devsite.readyship.co%2F%3Fp%3D94679 HTTP/1.1" 403 - "https://69b4844ae61d4e92bf26ad98af552775-devsite.readyship.co/?p=94679" "Mozilla/5.0 AppleWebKit/537.36 (KHTML, like Gecko; compatible; GPTBot/1.3; +https://openai.com/gptbot)"
64.252.76.100 - - [06/Apr/2026:21:37:03 +0000] "GET /?feed=rss2&p=94745 HTTP/1.1" 200 538 "-" "Amazon CloudFront"
64.252.76.63 - - [06/Apr/2026:21:37:04 +0000] "GET /?feed=rss2&p=94717 HTTP/1.1" 200 530 "-" "Amazon CloudFront"
15.158.235.100 - - [06/Apr/2026:21:37:04 +0000] "GET /index.php?format=xml&rest_route=%2Foembed%2F1.0%2Fembed&url=https%3A%2F%2F69b4844ae61d4e92bf26ad98af552775-devsite.readyship.co%2F%3Fp%3D94665 HTTP/1.1" 403 - "https://69b4844ae61d4e92bf26ad98af552775-devsite.readyship.co/?p=94665" "Mozilla/5.0 AppleWebKit/537.36 (KHTML, like Gecko; compatible; GPTBot/1.3; +https://openai.com/gptbot)"
64.252.76.100 - - [06/Apr/2026:21:37:05 +0000] "GET /?p=94663 HTTP/1.1" 200 14540 "-" "Amazon CloudFront"
64.252.76.63 - - [06/Apr/2026:21:37:06 +0000] "GET /?feed=rss2&p=94729 HTTP/1.1" 200 505 "-" "Amazon CloudFront"
64.252.76.100 - - [06/Apr/2026:21:37:07 +0000] "GET /?feed=rss2&p=94791 HTTP/1.1" 200 538 "-" "Amazon CloudFront"
15.158.235.103 - - [06/Apr/2026:21:37:08 +0000] "GET /index.php?format=xml&rest_route=%2Foembed%2F1.0%2Fembed&url=https%3A%2F%2F69b4844ae61d4e92bf26ad98af552775-devsite.readyship.co%2F%3Fp%3D94749 HTTP/1.1" 403 - "https://69b4844ae61d4e92bf26ad98af552775-devsite.readyship.co/?p=94749" "Mozilla/5.0 AppleWebKit/537.36 (KHTML, like Gecko; compatible; GPTBot/1.3; +https://openai.com/gptbot)"
15.158.235.100 - - [06/Apr/2026:21:37:08 +0000] "GET /index.php?format=xml&rest_route=%2Foembed%2F1.0%2Fembed&url=https%3A%2F%2F69b4844ae61d4e92bf26ad98af552775-devsite.readyship.co%2F%3Fp%3D94693 HTTP/1.1" 403 - "https://69b4844ae61d4e92bf26ad98af552775-devsite.readyship.co/?p=94693" "Mozilla/5.0 AppleWebKit/537.36 (KHTML, like Gecko; compatible; GPTBot/1.3; +https://openai.com/gptbot)"
64.252.76.215 - - [06/Apr/2026:21:37:09 +0000] "GET /?p=94629 HTTP/1.1" 200 21906 "-" "Amazon CloudFront"
64.252.76.100 - - [06/Apr/2026:21:37:10 +0000] "GET /?p=94643 HTTP/1.1" 200 15031 "-" "Amazon CloudFront"
64.252.76.63 - - [06/Apr/2026:21:37:11 +0000] "GET /?p=94645 HTTP/1.1" 200 15989 "-" "Amazon CloudFront"
64.252.76.63 - - [06/Apr/2026:21:37:12 +0000] "GET /?p=94633 HTTP/1.1" 200 17103 "-" "Amazon CloudFront"
64.252.76.63 - - [06/Apr/2026:21:37:13 +0000] "GET /?p=94641 HTTP/1.1" 200 15536 "-" "Amazon CloudFront"
15.158.235.66 - - [06/Apr/2026:21:37:14 +0000] "GET /index.php?rest_route=%2Foembed%2F1.0%2Fembed&url=https%3A%2F%2F69b4844ae61d4e92bf26ad98af552775-devsite.readyship.co%2F%3Fp%3D94633 HTTP/1.1" 403 - "https://69b4844ae61d4e92bf26ad98af552775-devsite.readyship.co/?p=94633" "Mozilla/5.0 AppleWebKit/537.36 (KHTML, like Gecko; compatible; GPTBot/1.3; +https://openai.com/gptbot)"
64.252.76.63 - - [06/Apr/2026:21:37:15 +0000] "GET /?feed=rss2&p=94633 HTTP/1.1" 200 501 "-" "Amazon CloudFront"
64.252.76.100 - - [06/Apr/2026:21:37:16 +0000] "GET /?p=94639 HTTP/1.1" 200 16613 "-" "Amazon CloudFront"
15.158.235.100 - - [06/Apr/2026:21:37:17 +0000] "GET /index.php?format=xml&rest_route=%2Foembed%2F1.0%2Fembed&url=https%3A%2F%2F69b4844ae61d4e92bf26ad98af552775-devsite.readyship.co%2F%3Fp%3D94663 HTTP/1.1" 403 - "https://69b4844ae61d4e92bf26ad98af552775-devsite.readyship.co/?p=94663" "Mozilla/5.0 AppleWebKit/537.36 (KHTML, like Gecko; compatible; GPTBot/1.3; +https://openai.com/gptbot)"
64.252.76.100 - - [06/Apr/2026:21:37:17 +0000] "GET /?p=94659 HTTP/1.1" 200 16656 "-" "Amazon CloudFront"
15.158.235.66 - - [06/Apr/2026:21:37:19 +0000] "GET /index.php?rest_route=%2Foembed%2F1.0%2Fembed&url=https%3A%2F%2F69b4844ae61d4e92bf26ad98af552775-devsite.readyship.co%2F%3Fp%3D94659 HTTP/1.1" 403 - "https://69b4844ae61d4e92bf26ad98af552775-devsite.readyship.co/?p=94659" "Mozilla/5.0 AppleWebKit/537.36 (KHTML, like Gecko; compatible; GPTBot/1.3; +https://openai.com/gptbot)"
64.252.76.215 - - [06/Apr/2026:21:37:18 +0000] "GET /?feed=rss2&p=94759 HTTP/1.1" 200 514 "-" "Amazon CloudFront"
64.252.76.100 - - [06/Apr/2026:21:37:20 +0000] "GET /?feed=rss2&p=94659 HTTP/1.1" 200 521 "-" "Amazon CloudFront"
64.252.76.63 - - [06/Apr/2026:21:37:20 +0000] "GET /?p=94654 HTTP/1.1" 200 15862 "-" "Amazon CloudFront"
15.158.215.109 - - [06/Apr/2026:21:37:22 +0000] "POST /wp-cron.php?doing_wp_cron=1775511442.5090990066528320312500 HTTP/1.1" 200 - "https://69b4844ae61d4e92bf26ad98af552775-devsite.readyship.co/wp-cron.php?doing_wp_cron=1775511442.5090990066528320312500" "WordPress/5.1.19; https://69b4844ae61d4e92bf26ad98af552775-devsite.readyship.co"
64.252.76.63 - - [06/Apr/2026:21:37:22 +0000] "GET /?p=94661 HTTP/1.1" 200 15979 "-" "Amazon CloudFront"
64.252.76.63 - - [06/Apr/2026:21:37:23 +0000] "GET /?feed=rss2&p=94743 HTTP/1.1" 200 508 "-" "Amazon CloudFront"
64.252.76.215 - - [06/Apr/2026:21:37:24 +0000] "GET /?feed=rss2&p=94663 HTTP/1.1" 200 515 "-" "Amazon CloudFront"
15.158.235.110 - - [06/Apr/2026:21:37:25 +0000] "GET /index.php?format=xml&rest_route=%2Foembed%2F1.0%2Fembed&url=https%3A%2F%2F69b4844ae61d4e92bf26ad98af552775-devsite.readyship.co%2F%3Fp%3D94629 HTTP/1.1" 403 - "https://69b4844ae61d4e92bf26ad98af552775-devsite.readyship.co/?p=94629" "Mozilla/5.0 AppleWebKit/537.36 (KHTML, like Gecko; compatible; GPTBot/1.3; +https://openai.com/gptbot)"
15.158.235.100 - - [06/Apr/2026:21:37:25 +0000] "GET /index.php?format=xml&rest_route=%2Foembed%2F1.0%2Fembed&url=https%3A%2F%2F69b4844ae61d4e92bf26ad98af552775-devsite.readyship.co%2F%3Fp%3D94643 HTTP/1.1" 403 - "https://69b4844ae61d4e92bf26ad98af552775-devsite.readyship.co/?p=94643" "Mozilla/5.0 AppleWebKit/537.36 (KHTML, like Gecko; compatible; GPTBot/1.3; +https://openai.com/gptbot)"
15.158.235.66 - - [06/Apr/2026:21:37:26 +0000] "GET /index.php?format=xml&rest_route=%2Foembed%2F1.0%2Fembed&url=https%3A%2F%2F69b4844ae61d4e92bf26ad98af552775-devsite.readyship.co%2F%3Fp%3D94645 HTTP/1.1" 403 - "https://69b4844ae61d4e92bf26ad98af552775-devsite.readyship.co/?p=94645" "Mozilla/5.0 AppleWebKit/537.36 (KHTML, like Gecko; compatible; GPTBot/1.3; +https://openai.com/gptbot)"
15.158.235.66 - - [06/Apr/2026:21:37:26 +0000] "GET /index.php?format=xml&rest_route=%2Foembed%2F1.0%2Fembed&url=https%3A%2F%2F69b4844ae61d4e92bf26ad98af552775-devsite.readyship.co%2F%3Fp%3D94633 HTTP/1.1" 403 - "https://69b4844ae61d4e92bf26ad98af552775-devsite.readyship.co/?p=94633" "Mozilla/5.0 AppleWebKit/537.36 (KHTML, like Gecko; compatible; GPTBot/1.3; +https://openai.com/gptbot)"
15.158.235.103 - - [06/Apr/2026:21:37:27 +0000] "GET /index.php?format=xml&rest_route=%2Foembed%2F1.0%2Fembed&url=https%3A%2F%2F69b4844ae61d4e92bf26ad98af552775-devsite.readyship.co%2F%3Fp%3D94641 HTTP/1.1" 403 - "https://69b4844ae61d4e92bf26ad98af552775-devsite.readyship.co/?p=94641" "Mozilla/5.0 AppleWebKit/537.36 (KHTML, like Gecko; compatible; GPTBot/1.3; +https://openai.com/gptbot)"
15.158.235.100 - - [06/Apr/2026:21:37:27 +0000] "GET /index.php?format=xml&rest_route=%2Foembed%2F1.0%2Fembed&url=https%3A%2F%2F69b4844ae61d4e92bf26ad98af552775-devsite.readyship.co%2F%3Fp%3D94633 HTTP/1.1" 403 - "https://69b4844ae61d4e92bf26ad98af552775-devsite.readyship.co/?p=94633" "Mozilla/5.0 AppleWebKit/537.36 (KHTML, like Gecko; compatible; GPTBot/1.3; +https://openai.com/gptbot)"
15.158.235.103 - - [06/Apr/2026:21:37:28 +0000] "GET /index.php?format=xml&rest_route=%2Foembed%2F1.0%2Fembed&url=https%3A%2F%2F69b4844ae61d4e92bf26ad98af552775-devsite.readyship.co%2F%3Fp%3D94639 HTTP/1.1" 403 - "https://69b4844ae61d4e92bf26ad98af552775-devsite.readyship.co/?p=94639" "Mozilla/5.0 AppleWebKit/537.36 (KHTML, like Gecko; compatible; GPTBot/1.3; +https://openai.com/gptbot)"
64.252.76.215 - - [06/Apr/2026:21:37:28 +0000] "GET /?p=94647 HTTP/1.1" 200 14838 "-" "Amazon CloudFront"
15.158.235.100 - - [06/Apr/2026:21:37:29 +0000] "GET /index.php?format=xml&rest_route=%2Foembed%2F1.0%2Fembed&url=https%3A%2F%2F69b4844ae61d4e92bf26ad98af552775-devsite.readyship.co%2F%3Fp%3D94659 HTTP/1.1" 403 - "https://69b4844ae61d4e92bf26ad98af552775-devsite.readyship.co/?p=94659" "Mozilla/5.0 AppleWebKit/537.36 (KHTML, like Gecko; compatible; GPTBot/1.3; +https://openai.com/gptbot)"
15.158.235.68 - - [06/Apr/2026:21:37:30 +0000] "GET /index.php?format=xml&rest_route=%2Foembed%2F1.0%2Fembed&url=https%3A%2F%2F69b4844ae61d4e92bf26ad98af552775-devsite.readyship.co%2F%3Fp%3D94659 HTTP/1.1" 403 - "https://69b4844ae61d4e92bf26ad98af552775-devsite.readyship.co/?p=94659" "Mozilla/5.0 AppleWebKit/537.36 (KHTML, like Gecko; compatible; GPTBot/1.3; +https://openai.com/gptbot)"
15.158.235.100 - - [06/Apr/2026:21:37:31 +0000] "GET /index.php?format=xml&rest_route=%2Foembed%2F1.0%2Fembed&url=https%3A%2F%2F69b4844ae61d4e92bf26ad98af552775-devsite.readyship.co%2F%3Fp%3D94661 HTTP/1.1" 403 - "https://69b4844ae61d4e92bf26ad98af552775-devsite.readyship.co/?p=94661" "Mozilla/5.0 AppleWebKit/537.36 (KHTML, like Gecko; compatible; GPTBot/1.3; +https://openai.com/gptbot)"
15.158.235.100 - - [06/Apr/2026:21:37:31 +0000] "GET /index.php?format=xml&rest_route=%2Foembed%2F1.0%2Fembed&url=https%3A%2F%2F69b4844ae61d4e92bf26ad98af552775-devsite.readyship.co%2F%3Fp%3D94654 HTTP/1.1" 403 - "https://69b4844ae61d4e92bf26ad98af552775-devsite.readyship.co/?p=94654" "Mozilla/5.0 AppleWebKit/537.36 (KHTML, like Gecko; compatible; GPTBot/1.3; +https://openai.com/gptbot)"
64.252.76.215 - - [06/Apr/2026:21:37:31 +0000] "GET /prizes/123111349 HTTP/1.1" 301 - "-" "Amazon CloudFront"
64.252.76.215 - - [06/Apr/2026:21:37:32 +0000] "GET /?feed=rss2&p=94661 HTTP/1.1" 200 530 "-" "Amazon CloudFront"
64.252.76.215 - - [06/Apr/2026:21:37:33 +0000] "GET /?feed=rss2&p=94629 HTTP/1.1" 200 518 "-" "Amazon CloudFront"
64.252.76.63 - - [06/Apr/2026:21:37:34 +0000] "GET /?feed=rss2&p=94667 HTTP/1.1" 200 533 "-" "Amazon CloudFront"
64.252.76.63 - - [06/Apr/2026:21:37:34 +0000] "GET /?feed=rss2&p=94665 HTTP/1.1" 200 546 "-" "Amazon CloudFront"
64.252.76.215 - - [06/Apr/2026:21:37:32 +0000] "GET /prizes/123111349/ HTTP/1.1" 200 24295 "-" "Amazon CloudFront"
64.252.76.215 - - [06/Apr/2026:21:37:35 +0000] "GET /?feed=rss2&p=94645 HTTP/1.1" 200 577 "-" "Amazon CloudFront"
64.252.76.100 - - [06/Apr/2026:21:37:36 +0000] "GET /?feed=rss2&p=94771 HTTP/1.1" 200 500 "-" "Amazon CloudFront"
15.158.235.100 - - [06/Apr/2026:21:37:37 +0000] "GET /index.php?format=xml&rest_route=%2Foembed%2F1.0%2Fembed&url=https%3A%2F%2F69b4844ae61d4e92bf26ad98af552775-devsite.readyship.co%2F%3Fp%3D94647 HTTP/1.1" 403 - "https://69b4844ae61d4e92bf26ad98af552775-devsite.readyship.co/?p=94647" "Mozilla/5.0 AppleWebKit/537.36 (KHTML, like Gecko; compatible; GPTBot/1.3; +https://openai.com/gptbot)"
64.252.76.215 - - [06/Apr/2026:21:37:37 +0000] "GET /?p=94649 HTTP/1.1" 200 17222 "-" "Amazon CloudFront"
64.252.76.100 - - [06/Apr/2026:21:37:38 +0000] "GET /?feed=rss2&p=94711 HTTP/1.1" 200 518 "-" "Amazon CloudFront"
64.252.76.100 - - [06/Apr/2026:21:37:39 +0000] "GET /?feed=rss2&p=94749 HTTP/1.1" 200 525 "-" "Amazon CloudFront"
64.252.76.63 - - [06/Apr/2026:21:37:39 +0000] "GET /?feed=rss2&p=94755 HTTP/1.1" 200 529 "-" "Amazon CloudFront"
64.252.68.163 - - [06/Apr/2026:21:37:39 +0000] "GET /?p=29108 HTTP/1.1" 200 17165 "-" "Amazon CloudFront"
64.252.76.215 - - [06/Apr/2026:21:37:40 +0000] "GET /?feed=rss2&p=94733 HTTP/1.1" 200 543 "-" "Amazon CloudFront"
64.252.76.215 - - [06/Apr/2026:21:37:41 +0000] "GET /?feed=rss2&p=94641 HTTP/1.1" 200 530 "-" "Amazon CloudFront"
64.252.76.215 - - [06/Apr/2026:21:37:42 +0000] "GET /?feed=rss2&p=94787 HTTP/1.1" 200 509 "-" "Amazon CloudFront"
64.252.76.215 - - [06/Apr/2026:21:37:42 +0000] "GET /?feed=rss2&p=94697 HTTP/1.1" 200 518 "-" "Amazon CloudFront"
64.252.76.63 - - [06/Apr/2026:21:37:43 +0000] "GET /?feed=rss2&p=94643 HTTP/1.1" 200 541 "-" "Amazon CloudFront"
64.252.76.215 - - [06/Apr/2026:21:37:44 +0000] "GET /?feed=rss2&p=94709 HTTP/1.1" 200 528 "-" "Amazon CloudFront"
64.252.76.215 - - [06/Apr/2026:21:37:45 +0000] "GET /?feed=rss2&p=94677 HTTP/1.1" 200 523 "-" "Amazon CloudFront"
64.252.76.100 - - [06/Apr/2026:21:37:45 +0000] "GET /?feed=rss2&p=94773 HTTP/1.1" 200 515 "-" "Amazon CloudFront"
15.158.235.110 - - [06/Apr/2026:21:37:46 +0000] "GET /index.php?format=xml&rest_route=%2Foembed%2F1.0%2Fembed&url=https%3A%2F%2F69b4844ae61d4e92bf26ad98af552775-devsite.readyship.co%2F%3Fp%3D94649 HTTP/1.1" 403 - "https://69b4844ae61d4e92bf26ad98af552775-devsite.readyship.co/?p=94649" "Mozilla/5.0 AppleWebKit/537.36 (KHTML, like Gecko; compatible; GPTBot/1.3; +https://openai.com/gptbot)"
64.252.76.63 - - [06/Apr/2026:21:37:46 +0000] "GET /?feed=rss2&p=94719 HTTP/1.1" 200 519 "-" "Amazon CloudFront"
64.252.76.215 - - [06/Apr/2026:21:37:47 +0000] "GET /?feed=rss2&p=94797 HTTP/1.1" 200 517 "-" "Amazon CloudFront"
64.252.76.100 - - [06/Apr/2026:21:37:48 +0000] "GET /?feed=rss2&p=94689 HTTP/1.1" 200 519 "-" "Amazon CloudFront"
64.252.76.215 - - [06/Apr/2026:21:37:49 +0000] "GET /?feed=rss2&p=94693 HTTP/1.1" 200 528 "-" "Amazon CloudFront"
64.252.76.215 - - [06/Apr/2026:21:37:49 +0000] "GET /?feed=rss2&p=94727 HTTP/1.1" 200 534 "-" "Amazon CloudFront"
64.252.76.63 - - [06/Apr/2026:21:37:50 +0000] "GET /?feed=rss2&p=94789 HTTP/1.1" 200 502 "-" "Amazon CloudFront"
64.252.76.63 - - [06/Apr/2026:21:37:51 +0000] "GET /?feed=rss2&p=94707 HTTP/1.1" 200 546 "-" "Amazon CloudFront"
64.252.76.100 - - [06/Apr/2026:21:37:51 +0000] "GET /?feed=rss2&p=94669 HTTP/1.1" 200 536 "-" "Amazon CloudFront"
64.252.76.100 - - [06/Apr/2026:21:37:52 +0000] "GET /?feed=rss2&p=94639 HTTP/1.1" 200 534 "-" "Amazon CloudFront"
64.252.76.100 - - [06/Apr/2026:21:37:53 +0000] "GET /?feed=rss2&p=94757 HTTP/1.1" 200 521 "-" "Amazon CloudFront"
64.252.76.215 - - [06/Apr/2026:21:37:54 +0000] "GET /?feed=rss2&p=94734 HTTP/1.1" 200 499 "-" "Amazon CloudFront"
64.252.76.63 - - [06/Apr/2026:21:37:54 +0000] "GET /?feed=rss2&p=94679 HTTP/1.1" 200 513 "-" "Amazon CloudFront"
64.252.76.100 - - [06/Apr/2026:21:37:55 +0000] "GET /?feed=rss2&p=94767 HTTP/1.1" 200 513 "-" "Amazon CloudFront"
64.252.76.63 - - [06/Apr/2026:21:37:56 +0000] "GET /?feed=rss2&p=94741 HTTP/1.1" 200 532 "-" "Amazon CloudFront"
64.252.76.63 - - [06/Apr/2026:21:37:56 +0000] "GET /?feed=rss2&p=94775 HTTP/1.1" 200 503 "-" "Amazon CloudFront"
