15.158.239.103 - - [08/Apr/2026:10:00:38 +0000] "GET /index.php?rest_route=%2Foembed%2F1.0%2Fembed&url=https%3A%2F%2F69b4844ae61d4e92bf26ad98af552775-devsite.readyship.co%2F%3Fp%3D65222 HTTP/1.1" 403 - "https://69b4844ae61d4e92bf26ad98af552775-devsite.readyship.co/?p=65222" "Mozilla/5.0 AppleWebKit/537.36 (KHTML, like Gecko; compatible; GPTBot/1.3; +https://openai.com/gptbot)"
64.252.74.231 - - [08/Apr/2026:10:00:38 +0000] "GET /?author=2&paged=1750 HTTP/1.1" 200 11294 "-" "Amazon CloudFront"
64.252.76.63 - - [08/Apr/2026:10:00:39 +0000] "GET /?feed=rss2&p=42964 HTTP/1.1" 200 520 "-" "Amazon CloudFront"
64.252.76.63 - - [08/Apr/2026:10:00:40 +0000] "GET /?feed=rss2&p=29980 HTTP/1.1" 200 520 "-" "Amazon CloudFront"
64.252.76.63 - - [08/Apr/2026:10:00:41 +0000] "GET /?p=42962 HTTP/1.1" 200 18351 "-" "Amazon CloudFront"
64.252.74.231 - - [08/Apr/2026:10:00:42 +0000] "GET /?p=29978 HTTP/1.1" 200 23864 "-" "Amazon CloudFront"
64.252.76.63 - - [08/Apr/2026:10:00:43 +0000] "GET /?author=2&paged=1751 HTTP/1.1" 200 11299 "-" "Amazon CloudFront"
64.252.76.100 - - [08/Apr/2026:10:00:44 +0000] "GET /?p=62000 HTTP/1.1" 200 14246 "-" "Amazon CloudFront"
18.68.8.18 - - [08/Apr/2026:10:00:45 +0000] "GET /wp-login.php HTTP/1.1" 200 1185 "-" "Mozilla/5.0 (Windows NT 10.0; Win64; x64) AppleWebKit/537.36 (KHTML, like Gecko) Chrome/124.0.6367.207 Safari/537.36"
64.252.74.231 - - [08/Apr/2026:10:00:45 +0000] "GET /?feed=rss2&p=43692 HTTP/1.1" 200 551 "-" "Amazon CloudFront"
64.252.74.231 - - [08/Apr/2026:10:00:46 +0000] "GET /?p=43694 HTTP/1.1" 200 24852 "-" "Amazon CloudFront"
64.252.76.63 - - [08/Apr/2026:10:00:47 +0000] "GET /?p=76999 HTTP/1.1" 200 14348 "-" "Amazon CloudFront"
64.252.76.100 - - [08/Apr/2026:10:00:48 +0000] "GET /?p=80444 HTTP/1.1" 200 15781 "-" "Amazon CloudFront"
64.252.76.63 - - [08/Apr/2026:10:00:49 +0000] "GET /?p=61716 HTTP/1.1" 200 14938 "-" "Amazon CloudFront"
64.252.76.100 - - [08/Apr/2026:10:00:50 +0000] "GET /?p=61718 HTTP/1.1" 200 15987 "-" "Amazon CloudFront"
64.252.66.105 - - [08/Apr/2026:10:00:51 +0000] "GET /?p=12691 HTTP/1.1" 200 15373 "-" "Amazon CloudFront"
64.252.74.231 - - [08/Apr/2026:10:00:51 +0000] "GET /?p=61710 HTTP/1.1" 200 14482 "-" "Amazon CloudFront"
64.252.76.63 - - [08/Apr/2026:10:00:53 +0000] "GET /?feed=rss2&p=42962 HTTP/1.1" 200 504 "-" "Amazon CloudFront"
64.252.76.100 - - [08/Apr/2026:10:00:53 +0000] "GET /?feed=rss2&p=29978 HTTP/1.1" 200 499 "-" "Amazon CloudFront"
64.252.76.63 - - [08/Apr/2026:10:00:54 +0000] "GET /?p=29976 HTTP/1.1" 200 16645 "-" "Amazon CloudFront"
64.252.76.100 - - [08/Apr/2026:10:00:55 +0000] "GET /?p=61684 HTTP/1.1" 200 14563 "-" "Amazon CloudFront"
64.252.76.63 - - [08/Apr/2026:10:00:56 +0000] "GET /?p=61714 HTTP/1.1" 200 14574 "-" "Amazon CloudFront"
64.252.76.63 - - [08/Apr/2026:10:00:57 +0000] "GET /?feed=rss2&p=43694 HTTP/1.1" 200 525 "-" "Amazon CloudFront"
64.252.76.100 - - [08/Apr/2026:10:00:58 +0000] "GET /?feed=rss2&p=76999 HTTP/1.1" 200 507 "-" "Amazon CloudFront"
64.252.76.100 - - [08/Apr/2026:10:00:59 +0000] "GET /?feed=rss2&p=80444 HTTP/1.1" 200 520 "-" "Amazon CloudFront"
64.252.67.128 - - [08/Apr/2026:10:00:59 +0000] "GET /?p=40948 HTTP/1.1" 200 17846 "-" "Amazon CloudFront"
64.252.76.63 - - [08/Apr/2026:10:00:59 +0000] "GET /?p=61683 HTTP/1.1" 200 14399 "-" "Amazon CloudFront"
64.252.74.231 - - [08/Apr/2026:10:01:01 +0000] "GET /?p=61681 HTTP/1.1" 200 14935 "-" "Amazon CloudFront"
15.158.239.104 - - [08/Apr/2026:10:01:02 +0000] "GET /index.php?rest_route=%2Foembed%2F1.0%2Fembed&url=https%3A%2F%2F69b4844ae61d4e92bf26ad98af552775-devsite.readyship.co%2F%3Fp%3D61710 HTTP/1.1" 403 - "https://69b4844ae61d4e92bf26ad98af552775-devsite.readyship.co/?p=61710" "Mozilla/5.0 AppleWebKit/537.36 (KHTML, like Gecko; compatible; GPTBot/1.3; +https://openai.com/gptbot)"
64.252.76.63 - - [08/Apr/2026:10:01:02 +0000] "GET /?p=61685 HTTP/1.1" 200 14692 "-" "Amazon CloudFront"
64.252.74.231 - - [08/Apr/2026:10:01:04 +0000] "GET /?p=43696 HTTP/1.1" 200 16592 "-" "Amazon CloudFront"
64.252.76.63 - - [08/Apr/2026:10:01:05 +0000] "GET /?feed=rss2&p=29976 HTTP/1.1" 200 534 "-" "Amazon CloudFront"
64.252.76.100 - - [08/Apr/2026:10:01:05 +0000] "GET /?p=29974 HTTP/1.1" 200 16246 "-" "Amazon CloudFront"
64.252.76.63 - - [08/Apr/2026:10:01:06 +0000] "GET /?p=61689 HTTP/1.1" 200 14513 "-" "Amazon CloudFront"
64.252.76.100 - - [08/Apr/2026:10:01:08 +0000] "GET /?p=61717 HTTP/1.1" 200 14632 "-" "Amazon CloudFront"
64.252.74.231 - - [08/Apr/2026:10:01:09 +0000] "GET /?p=61715 HTTP/1.1" 200 14028 "-" "Amazon CloudFront"
64.252.76.63 - - [08/Apr/2026:10:01:10 +0000] "GET /?p=61682 HTTP/1.1" 200 15404 "-" "Amazon CloudFront"
64.252.69.192 - - [08/Apr/2026:10:01:10 +0000] "GET /?p=43180 HTTP/1.1" 200 16433 "-" "Amazon CloudFront"
64.252.74.231 - - [08/Apr/2026:10:01:11 +0000] "GET /?p=42960 HTTP/1.1" 200 15251 "-" "Amazon CloudFront"
64.252.74.231 - - [08/Apr/2026:10:01:12 +0000] "GET /?p=61709 HTTP/1.1" 200 14526 "-" "Amazon CloudFront"
64.252.68.163 - - [08/Apr/2026:10:01:12 +0000] "GET /?p=48656 HTTP/1.1" 200 17321 "-" "Amazon CloudFront"
15.158.239.104 - - [08/Apr/2026:10:01:13 +0000] "GET /index.php?rest_route=%2Foembed%2F1.0%2Fembed&url=https%3A%2F%2F69b4844ae61d4e92bf26ad98af552775-devsite.readyship.co%2F%3Fp%3D76999 HTTP/1.1" 403 - "https://69b4844ae61d4e92bf26ad98af552775-devsite.readyship.co/?p=76999" "Mozilla/5.0 AppleWebKit/537.36 (KHTML, like Gecko; compatible; GPTBot/1.3; +https://openai.com/gptbot)"
15.158.239.104 - - [08/Apr/2026:10:01:14 +0000] "GET /index.php?rest_route=%2Foembed%2F1.0%2Fembed&url=https%3A%2F%2F69b4844ae61d4e92bf26ad98af552775-devsite.readyship.co%2F%3Fp%3D80444 HTTP/1.1" 403 - "https://69b4844ae61d4e92bf26ad98af552775-devsite.readyship.co/?p=80444" "Mozilla/5.0 AppleWebKit/537.36 (KHTML, like Gecko; compatible; GPTBot/1.3; +https://openai.com/gptbot)"
64.252.76.63 - - [08/Apr/2026:10:01:14 +0000] "GET /?feed=rss2&p=43696 HTTP/1.1" 200 525 "-" "Amazon CloudFront"
64.252.74.231 - - [08/Apr/2026:10:01:15 +0000] "GET /?p=43698 HTTP/1.1" 200 23374 "-" "Amazon CloudFront"
64.252.76.63 - - [08/Apr/2026:10:01:16 +0000] "GET /?feed=rss2&p=29974 HTTP/1.1" 200 539 "-" "Amazon CloudFront"
64.252.74.231 - - [08/Apr/2026:10:01:17 +0000] "GET /?p=29972 HTTP/1.1" 200 21476 "-" "Amazon CloudFront"
15.158.239.104 - - [08/Apr/2026:10:01:18 +0000] "GET /index.php?rest_route=%2Foembed%2F1.0%2Fembed&url=https%3A%2F%2F69b4844ae61d4e92bf26ad98af552775-devsite.readyship.co%2F%3Fp%3D62000 HTTP/1.1" 403 - "https://69b4844ae61d4e92bf26ad98af552775-devsite.readyship.co/?p=62000" "Mozilla/5.0 AppleWebKit/537.36 (KHTML, like Gecko; compatible; GPTBot/1.3; +https://openai.com/gptbot)"
64.252.74.231 - - [08/Apr/2026:10:01:19 +0000] "GET /?author=2&paged=1753 HTTP/1.1" 200 11258 "-" "Amazon CloudFront"
64.252.76.63 - - [08/Apr/2026:10:01:20 +0000] "GET /?author=2&paged=1752 HTTP/1.1" 200 11414 "-" "Amazon CloudFront"
15.158.215.109 - - [08/Apr/2026:10:01:22 +0000] "POST /wp-cron.php?doing_wp_cron=1775642482.0773160457611083984375 HTTP/1.1" 200 - "https://69b4844ae61d4e92bf26ad98af552775-devsite.readyship.co/wp-cron.php?doing_wp_cron=1775642482.0773160457611083984375" "WordPress/5.1.19; https://69b4844ae61d4e92bf26ad98af552775-devsite.readyship.co"
64.252.74.231 - - [08/Apr/2026:10:01:21 +0000] "GET /?feed=rss2&p=42960 HTTP/1.1" 200 537 "-" "Amazon CloudFront"
64.252.76.100 - - [08/Apr/2026:10:01:23 +0000] "GET /?p=42958 HTTP/1.1" 200 17741 "-" "Amazon CloudFront"
64.252.76.100 - - [08/Apr/2026:10:01:24 +0000] "GET /?p=77749 HTTP/1.1" 200 18324 "-" "Amazon CloudFront"
64.252.76.63 - - [08/Apr/2026:10:01:25 +0000] "GET /?p=66604 HTTP/1.1" 200 16871 "-" "Amazon CloudFront"
64.252.74.231 - - [08/Apr/2026:10:01:26 +0000] "GET /?p=80007 HTTP/1.1" 200 17797 "-" "Amazon CloudFront"
64.252.74.231 - - [08/Apr/2026:10:01:27 +0000] "GET /?p=43700 HTTP/1.1" 200 17582 "-" "Amazon CloudFront"
64.252.74.231 - - [08/Apr/2026:10:01:28 +0000] "GET /?p=61777 HTTP/1.1" 200 14469 "-" "Amazon CloudFront"
64.252.67.128 - - [08/Apr/2026:10:01:28 +0000] "GET /?p=80816 HTTP/1.1" 200 16462 "-" "Amazon CloudFront"
64.252.76.100 - - [08/Apr/2026:10:01:29 +0000] "GET /?feed=rss2&p=29972 HTTP/1.1" 200 504 "-" "Amazon CloudFront"
64.252.76.100 - - [08/Apr/2026:10:01:30 +0000] "GET /?p=29970 HTTP/1.1" 200 25301 "-" "Amazon CloudFront"
64.252.74.231 - - [08/Apr/2026:10:01:31 +0000] "GET /?p=61644 HTTP/1.1" 200 14381 "-" "Amazon CloudFront"
64.252.74.231 - - [08/Apr/2026:10:01:32 +0000] "GET /?p=61672 HTTP/1.1" 200 14436 "-" "Amazon CloudFront"
64.252.68.163 - - [08/Apr/2026:10:01:33 +0000] "GET /?p=12205 HTTP/1.1" 200 15633 "-" "Amazon CloudFront"
64.252.76.63 - - [08/Apr/2026:10:01:33 +0000] "GET /?p=61675 HTTP/1.1" 200 15428 "-" "Amazon CloudFront"
64.252.76.63 - - [08/Apr/2026:10:01:35 +0000] "GET /?feed=rss2&p=42958 HTTP/1.1" 200 509 "-" "Amazon CloudFront"
64.252.74.231 - - [08/Apr/2026:10:01:35 +0000] "GET /?feed=rss2&p=77749 HTTP/1.1" 200 508 "-" "Amazon CloudFront"
64.252.76.100 - - [08/Apr/2026:10:01:36 +0000] "GET /?p=61677 HTTP/1.1" 200 14793 "-" "Amazon CloudFront"
64.252.66.105 - - [08/Apr/2026:10:01:36 +0000] "GET /?p=43830 HTTP/1.1" 200 16624 "-" "Amazon CloudFront"
64.252.76.63 - - [08/Apr/2026:10:01:37 +0000] "GET /?feed=rss2&p=80007 HTTP/1.1" 200 496 "-" "Amazon CloudFront"
64.252.76.63 - - [08/Apr/2026:10:01:38 +0000] "GET /?feed=rss2&p=43700 HTTP/1.1" 200 522 "-" "Amazon CloudFront"
64.252.74.231 - - [08/Apr/2026:10:01:39 +0000] "GET /?p=61647 HTTP/1.1" 200 14565 "-" "Amazon CloudFront"
64.252.76.63 - - [08/Apr/2026:10:01:40 +0000] "GET /?p=61674 HTTP/1.1" 200 14670 "-" "Amazon CloudFront"
64.252.74.231 - - [08/Apr/2026:10:01:41 +0000] "GET /?feed=rss2&p=29970 HTTP/1.1" 200 517 "-" "Amazon CloudFront"
64.252.74.231 - - [08/Apr/2026:10:01:41 +0000] "GET /?p=61634 HTTP/1.1" 200 14677 "-" "Amazon CloudFront"
64.252.76.100 - - [08/Apr/2026:10:01:42 +0000] "GET /?p=61645 HTTP/1.1" 200 14386 "-" "Amazon CloudFront"
64.252.76.100 - - [08/Apr/2026:10:01:44 +0000] "GET /?p=29968 HTTP/1.1" 200 16847 "-" "Amazon CloudFront"
64.252.76.100 - - [08/Apr/2026:10:01:45 +0000] "GET /?p=61649 HTTP/1.1" 200 14641 "-" "Amazon CloudFront"
64.252.76.100 - - [08/Apr/2026:10:01:46 +0000] "GET /?p=61648 HTTP/1.1" 200 14729 "-" "Amazon CloudFront"
64.252.76.100 - - [08/Apr/2026:10:01:47 +0000] "GET /?p=61690 HTTP/1.1" 200 14653 "-" "Amazon CloudFront"
64.252.74.231 - - [08/Apr/2026:10:01:48 +0000] "GET /?p=61691 HTTP/1.1" 200 14534 "-" "Amazon CloudFront"
64.252.69.192 - - [08/Apr/2026:10:01:48 +0000] "GET /?p=96623 HTTP/1.1" 200 17664 "-" "Amazon CloudFront"
64.252.74.231 - - [08/Apr/2026:10:01:49 +0000] "GET /?p=61655 HTTP/1.1" 200 15456 "-" "Amazon CloudFront"
64.252.76.63 - - [08/Apr/2026:10:01:50 +0000] "GET /?p=61650 HTTP/1.1" 200 14301 "-" "Amazon CloudFront"
64.252.76.100 - - [08/Apr/2026:10:01:51 +0000] "GET /?p=61673 HTTP/1.1" 200 16638 "-" "Amazon CloudFront"
64.252.74.231 - - [08/Apr/2026:10:01:53 +0000] "GET /?p=42956 HTTP/1.1" 200 17755 "-" "Amazon CloudFront"
64.252.76.100 - - [08/Apr/2026:10:01:54 +0000] "GET /?p=61619 HTTP/1.1" 200 13877 "-" "Amazon CloudFront"
64.252.76.63 - - [08/Apr/2026:10:01:55 +0000] "GET /?p=43702 HTTP/1.1" 200 16154 "-" "Amazon CloudFront"
64.252.76.63 - - [08/Apr/2026:10:01:56 +0000] "GET /?feed=rss2&p=29968 HTTP/1.1" 200 511 "-" "Amazon CloudFront"
64.252.76.100 - - [08/Apr/2026:10:01:57 +0000] "GET /?p=29966 HTTP/1.1" 200 18129 "-" "Amazon CloudFront"
15.158.239.104 - - [08/Apr/2026:10:01:58 +0000] "GET /index.php?rest_route=%2Foembed%2F1.0%2Fembed&url=https%3A%2F%2F69b4844ae61d4e92bf26ad98af552775-devsite.readyship.co%2F%3Fp%3D61777 HTTP/1.1" 403 - "https://69b4844ae61d4e92bf26ad98af552775-devsite.readyship.co/?p=61777" "Mozilla/5.0 AppleWebKit/537.36 (KHTML, like Gecko; compatible; GPTBot/1.3; +https://openai.com/gptbot)"
15.158.239.104 - - [08/Apr/2026:10:01:59 +0000] "GET /index.php?rest_route=%2Foembed%2F1.0%2Fembed&url=https%3A%2F%2F69b4844ae61d4e92bf26ad98af552775-devsite.readyship.co%2F%3Fp%3D77749 HTTP/1.1" 403 - "https://69b4844ae61d4e92bf26ad98af552775-devsite.readyship.co/?p=77749" "Mozilla/5.0 AppleWebKit/537.36 (KHTML, like Gecko; compatible; GPTBot/1.3; +https://openai.com/gptbot)"
15.158.239.104 - - [08/Apr/2026:10:01:59 +0000] "GET /index.php?rest_route=%2Foembed%2F1.0%2Fembed&url=https%3A%2F%2F69b4844ae61d4e92bf26ad98af552775-devsite.readyship.co%2F%3Fp%3D66604 HTTP/1.1" 403 - "https://69b4844ae61d4e92bf26ad98af552775-devsite.readyship.co/?p=66604" "Mozilla/5.0 AppleWebKit/537.36 (KHTML, like Gecko; compatible; GPTBot/1.3; +https://openai.com/gptbot)"
15.158.239.65 - - [08/Apr/2026:10:02:01 +0000] "GET /index.php?format=xml&rest_route=%2Foembed%2F1.0%2Fembed&url=https%3A%2F%2F69b4844ae61d4e92bf26ad98af552775-devsite.readyship.co%2F%3Fp%3D61655 HTTP/1.1" 403 - "https://69b4844ae61d4e92bf26ad98af552775-devsite.readyship.co/?p=61655" "Mozilla/5.0 AppleWebKit/537.36 (KHTML, like Gecko; compatible; GPTBot/1.3; +https://openai.com/gptbot)"
15.158.239.101 - - [08/Apr/2026:10:02:01 +0000] "GET /index.php?rest_route=%2Foembed%2F1.0%2Fembed&url=https%3A%2F%2F69b4844ae61d4e92bf26ad98af552775-devsite.readyship.co%2F%3Fp%3D80007 HTTP/1.1" 403 - "https://69b4844ae61d4e92bf26ad98af552775-devsite.readyship.co/?p=80007" "Mozilla/5.0 AppleWebKit/537.36 (KHTML, like Gecko; compatible; GPTBot/1.3; +https://openai.com/gptbot)"
64.252.76.100 - - [08/Apr/2026:10:02:00 +0000] "GET /?p=61657 HTTP/1.1" 200 14725 "-" "Amazon CloudFront"
64.252.74.231 - - [08/Apr/2026:10:02:02 +0000] "GET /?feed=rss2&p=42956 HTTP/1.1" 200 518 "-" "Amazon CloudFront"
64.252.76.100 - - [08/Apr/2026:10:02:03 +0000] "GET /?p=42954 HTTP/1.1" 200 17844 "-" "Amazon CloudFront"
64.252.74.231 - - [08/Apr/2026:10:02:04 +0000] "GET /?feed=rss2&p=43702 HTTP/1.1" 200 518 "-" "Amazon CloudFront"
64.252.74.231 - - [08/Apr/2026:10:02:04 +0000] "GET /?p=43704 HTTP/1.1" 200 15447 "-" "Amazon CloudFront"
64.252.74.231 - - [08/Apr/2026:10:02:06 +0000] "GET /?p=61604 HTTP/1.1" 200 14968 "-" "Amazon CloudFront"
64.252.76.63 - - [08/Apr/2026:10:02:07 +0000] "GET /?feed=rss2&p=29966 HTTP/1.1" 200 507 "-" "Amazon CloudFront"
64.252.76.100 - - [08/Apr/2026:10:02:08 +0000] "GET /?p=29964 HTTP/1.1" 200 22856 "-" "Amazon CloudFront"
64.252.76.63 - - [08/Apr/2026:10:02:09 +0000] "GET /?p=61630 HTTP/1.1" 200 14523 "-" "Amazon CloudFront"
64.252.74.231 - - [08/Apr/2026:10:02:10 +0000] "GET /?author=2&paged=1754 HTTP/1.1" 200 11266 "-" "Amazon CloudFront"
64.252.76.100 - - [08/Apr/2026:10:02:11 +0000] "GET /?author=2&paged=1755 HTTP/1.1" 200 11124 "-" "Amazon CloudFront"
64.252.76.63 - - [08/Apr/2026:10:02:12 +0000] "GET /?p=77725 HTTP/1.1" 200 14585 "-" "Amazon CloudFront"
64.252.74.231 - - [08/Apr/2026:10:02:13 +0000] "GET /?p=20003 HTTP/1.1" 200 15073 "-" "Amazon CloudFront"
64.252.76.100 - - [08/Apr/2026:10:02:15 +0000] "GET /?feed=rss2&p=42954 HTTP/1.1" 200 494 "-" "Amazon CloudFront"
64.252.76.100 - - [08/Apr/2026:10:02:15 +0000] "GET /?p=42952 HTTP/1.1" 200 15076 "-" "Amazon CloudFront"
64.252.76.100 - - [08/Apr/2026:10:02:17 +0000] "GET /?feed=rss2&p=43704 HTTP/1.1" 200 557 "-" "Amazon CloudFront"
64.252.74.231 - - [08/Apr/2026:10:02:17 +0000] "GET /?p=61608 HTTP/1.1" 200 14256 "-" "Amazon CloudFront"
64.252.74.231 - - [08/Apr/2026:10:02:18 +0000] "GET /?p=43706 HTTP/1.1" 200 17276 "-" "Amazon CloudFront"
64.252.74.231 - - [08/Apr/2026:10:02:19 +0000] "GET /?feed=rss2&p=29964 HTTP/1.1" 200 493 "-" "Amazon CloudFront"
64.252.67.128 - - [08/Apr/2026:10:02:19 +0000] "GET /?p=13429 HTTP/1.1" 200 14253 "-" "Amazon CloudFront"
64.252.76.63 - - [08/Apr/2026:10:02:20 +0000] "GET /?p=29962 HTTP/1.1" 200 16766 "-" "Amazon CloudFront"
64.252.66.105 - - [08/Apr/2026:10:02:21 +0000] "GET /?p=8311 HTTP/1.1" 200 25736 "-" "Amazon CloudFront"
15.158.215.109 - - [08/Apr/2026:10:02:22 +0000] "POST /wp-cron.php?doing_wp_cron=1775642542.2736020088195800781250 HTTP/1.1" 200 - "https://69b4844ae61d4e92bf26ad98af552775-devsite.readyship.co/wp-cron.php?doing_wp_cron=1775642542.2736020088195800781250" "WordPress/5.1.19; https://69b4844ae61d4e92bf26ad98af552775-devsite.readyship.co"
64.252.74.231 - - [08/Apr/2026:10:02:21 +0000] "GET /?p=61653 HTTP/1.1" 200 14612 "-" "Amazon CloudFront"
64.252.76.63 - - [08/Apr/2026:10:02:23 +0000] "GET /?p=61596 HTTP/1.1" 200 14286 "-" "Amazon CloudFront"
64.252.74.231 - - [08/Apr/2026:10:02:25 +0000] "GET /?feed=rss2&p=77725 HTTP/1.1" 200 528 "-" "Amazon CloudFront"
64.252.74.231 - - [08/Apr/2026:10:02:25 +0000] "GET /?feed=rss2&p=20003 HTTP/1.1" 200 501 "-" "Amazon CloudFront"
64.252.76.100 - - [08/Apr/2026:10:02:26 +0000] "GET /?p=61613 HTTP/1.1" 200 15253 "-" "Amazon CloudFront"
64.252.76.100 - - [08/Apr/2026:10:02:27 +0000] "GET /?feed=rss2&p=42952 HTTP/1.1" 200 534 "-" "Amazon CloudFront"
64.252.76.63 - - [08/Apr/2026:10:02:28 +0000] "GET /?p=61631 HTTP/1.1" 200 14196 "-" "Amazon CloudFront"
64.252.76.100 - - [08/Apr/2026:10:02:29 +0000] "GET /?p=61651 HTTP/1.1" 200 14444 "-" "Amazon CloudFront"
64.252.74.231 - - [08/Apr/2026:10:02:30 +0000] "GET /?p=61610 HTTP/1.1" 200 14311 "-" "Amazon CloudFront"
64.252.66.105 - - [08/Apr/2026:10:02:30 +0000] "GET /?p=96517 HTTP/1.1" 200 16984 "-" "Amazon CloudFront"
64.252.76.100 - - [08/Apr/2026:10:02:31 +0000] "GET /?p=61614 HTTP/1.1" 200 14331 "-" "Amazon CloudFront"
64.252.76.63 - - [08/Apr/2026:10:02:32 +0000] "GET /?feed=rss2&p=29962 HTTP/1.1" 200 512 "-" "Amazon CloudFront"
64.252.76.63 - - [08/Apr/2026:10:02:33 +0000] "GET /?p=29960 HTTP/1.1" 200 17276 "-" "Amazon CloudFront"
64.252.74.231 - - [08/Apr/2026:10:02:34 +0000] "GET /?p=61609 HTTP/1.1" 200 15570 "-" "Amazon CloudFront"
64.252.76.63 - - [08/Apr/2026:10:02:35 +0000] "GET /?p=61652 HTTP/1.1" 200 14743 "-" "Amazon CloudFront"
64.252.74.231 - - [08/Apr/2026:10:02:37 +0000] "GET /?p=61595 HTTP/1.1" 200 14398 "-" "Amazon CloudFront"
64.252.76.63 - - [08/Apr/2026:10:02:38 +0000] "GET /?p=61617 HTTP/1.1" 200 15591 "-" "Amazon CloudFront"
64.252.74.231 - - [08/Apr/2026:10:02:39 +0000] "GET /?p=43708 HTTP/1.1" 200 16193 "-" "Amazon CloudFront"
64.252.76.100 - - [08/Apr/2026:10:02:40 +0000] "GET /?p=61593 HTTP/1.1" 200 16276 "-" "Amazon CloudFront"
64.252.74.231 - - [08/Apr/2026:10:02:41 +0000] "GET /?p=61598 HTTP/1.1" 200 16468 "-" "Amazon CloudFront"
64.252.76.100 - - [08/Apr/2026:10:02:42 +0000] "GET /?p=61597 HTTP/1.1" 200 14373 "-" "Amazon CloudFront"
64.252.76.100 - - [08/Apr/2026:10:02:43 +0000] "GET /?p=42950 HTTP/1.1" 200 18101 "-" "Amazon CloudFront"
64.252.76.63 - - [08/Apr/2026:10:02:44 +0000] "GET /?p=61592 HTTP/1.1" 200 14899 "-" "Amazon CloudFront"
64.252.76.63 - - [08/Apr/2026:10:02:46 +0000] "GET /?feed=rss2&p=29960 HTTP/1.1" 200 536 "-" "Amazon CloudFront"
64.252.76.100 - - [08/Apr/2026:10:02:46 +0000] "GET /?p=29958 HTTP/1.1" 200 16597 "-" "Amazon CloudFront"
15.158.239.104 - - [08/Apr/2026:10:02:47 +0000] "GET /index.php?rest_route=%2Foembed%2F1.0%2Fembed&url=https%3A%2F%2F69b4844ae61d4e92bf26ad98af552775-devsite.readyship.co%2F%3Fp%3D20003 HTTP/1.1" 403 - "https://69b4844ae61d4e92bf26ad98af552775-devsite.readyship.co/?p=20003" "Mozilla/5.0 AppleWebKit/537.36 (KHTML, like Gecko; compatible; GPTBot/1.3; +https://openai.com/gptbot)"
15.158.239.104 - - [08/Apr/2026:10:02:48 +0000] "GET /index.php?rest_route=%2Foembed%2F1.0%2Fembed&url=https%3A%2F%2F69b4844ae61d4e92bf26ad98af552775-devsite.readyship.co%2F%3Fp%3D77725 HTTP/1.1" 403 - "https://69b4844ae61d4e92bf26ad98af552775-devsite.readyship.co/?p=77725" "Mozilla/5.0 AppleWebKit/537.36 (KHTML, like Gecko; compatible; GPTBot/1.3; +https://openai.com/gptbot)"
64.252.76.63 - - [08/Apr/2026:10:02:48 +0000] "GET /?author=2&paged=1756 HTTP/1.1" 200 11294 "-" "Amazon CloudFront"
64.252.76.63 - - [08/Apr/2026:10:02:50 +0000] "GET /?p=43710 HTTP/1.1" 200 24447 "-" "Amazon CloudFront"
64.252.76.100 - - [08/Apr/2026:10:02:51 +0000] "GET /?author=2&paged=1757 HTTP/1.1" 200 11204 "-" "Amazon CloudFront"
64.252.74.231 - - [08/Apr/2026:10:02:52 +0000] "GET /?p=77745 HTTP/1.1" 200 14035 "-" "Amazon CloudFront"
64.252.76.63 - - [08/Apr/2026:10:02:53 +0000] "GET /?p=22204 HTTP/1.1" 200 14979 "-" "Amazon CloudFront"
64.252.76.100 - - [08/Apr/2026:10:02:54 +0000] "GET /?feed=rss2&p=42950 HTTP/1.1" 200 510 "-" "Amazon CloudFront"
64.252.76.100 - - [08/Apr/2026:10:02:55 +0000] "GET /?p=42948 HTTP/1.1" 200 14950 "-" "Amazon CloudFront"
64.252.76.63 - - [08/Apr/2026:10:02:56 +0000] "GET /?p=61580 HTTP/1.1" 200 14720 "-" "Amazon CloudFront"
64.252.74.231 - - [08/Apr/2026:10:02:57 +0000] "GET /?feed=rss2&p=29958 HTTP/1.1" 200 536 "-" "Amazon CloudFront"
64.252.74.231 - - [08/Apr/2026:10:02:58 +0000] "GET /?p=29956 HTTP/1.1" 200 26025 "-" "Amazon CloudFront"
64.252.74.231 - - [08/Apr/2026:10:02:59 +0000] "GET /?p=22212 HTTP/1.1" 200 16168 "-" "Amazon CloudFront"
64.252.74.231 - - [08/Apr/2026:10:03:00 +0000] "GET /?p=61585 HTTP/1.1" 200 14554 "-" "Amazon CloudFront"
64.252.76.63 - - [08/Apr/2026:10:03:01 +0000] "GET /prizes/52104723 HTTP/1.1" 301 - "-" "Amazon CloudFront"
64.252.74.231 - - [08/Apr/2026:10:03:01 +0000] "GET /?p=61602 HTTP/1.1" 200 14660 "-" "Amazon CloudFront"
64.252.76.100 - - [08/Apr/2026:10:03:02 +0000] "GET /?p=61569 HTTP/1.1" 200 14353 "-" "Amazon CloudFront"
64.252.76.100 - - [08/Apr/2026:10:03:04 +0000] "GET /?feed=rss2&p=77745 HTTP/1.1" 200 494 "-" "Amazon CloudFront"
64.252.76.100 - - [08/Apr/2026:10:03:01 +0000] "GET /prizes/52104723/ HTTP/1.1" 200 24280 "-" "Amazon CloudFront"
64.252.76.63 - - [08/Apr/2026:10:03:04 +0000] "GET /?feed=rss2&p=22204 HTTP/1.1" 200 528 "-" "Amazon CloudFront"
64.252.74.231 - - [08/Apr/2026:10:03:05 +0000] "GET /?p=61576 HTTP/1.1" 200 14439 "-" "Amazon CloudFront"
64.252.76.100 - - [08/Apr/2026:10:03:06 +0000] "GET /?feed=rss2&p=42948 HTTP/1.1" 200 537 "-" "Amazon CloudFront"
64.252.76.100 - - [08/Apr/2026:10:03:07 +0000] "GET /?p=42946 HTTP/1.1" 200 14447 "-" "Amazon CloudFront"
64.252.76.100 - - [08/Apr/2026:10:03:08 +0000] "GET /?p=61575 HTTP/1.1" 200 14492 "-" "Amazon CloudFront"
64.252.74.231 - - [08/Apr/2026:10:03:09 +0000] "GET /?feed=rss2&p=29956 HTTP/1.1" 200 537 "-" "Amazon CloudFront"
64.252.69.192 - - [08/Apr/2026:10:03:09 +0000] "GET /?p=28778 HTTP/1.1" 200 14733 "-" "Amazon CloudFront"
64.252.74.231 - - [08/Apr/2026:10:03:10 +0000] "GET /?feed=rss2&p=22212 HTTP/1.1" 200 501 "-" "Amazon CloudFront"
64.252.76.100 - - [08/Apr/2026:10:03:10 +0000] "GET /?p=29954 HTTP/1.1" 200 21429 "-" "Amazon CloudFront"
64.252.76.63 - - [08/Apr/2026:10:03:12 +0000] "GET /?p=61571 HTTP/1.1" 200 14329 "-" "Amazon CloudFront"
64.252.74.231 - - [08/Apr/2026:10:03:13 +0000] "GET /?p=61561 HTTP/1.1" 200 14492 "-" "Amazon CloudFront"
64.252.76.100 - - [08/Apr/2026:10:03:14 +0000] "GET /?p=61600 HTTP/1.1" 200 14887 "-" "Amazon CloudFront"
64.252.74.231 - - [08/Apr/2026:10:03:15 +0000] "GET /?p=61603 HTTP/1.1" 200 14248 "-" "Amazon CloudFront"
64.252.76.100 - - [08/Apr/2026:10:03:16 +0000] "GET /?p=61599 HTTP/1.1" 200 14554 "-" "Amazon CloudFront"
64.252.76.63 - - [08/Apr/2026:10:03:17 +0000] "GET /?p=61564 HTTP/1.1" 200 14607 "-" "Amazon CloudFront"
64.252.76.63 - - [08/Apr/2026:10:03:18 +0000] "GET /?feed=rss2&p=42946 HTTP/1.1" 200 549 "-" "Amazon CloudFront"
64.252.76.100 - - [08/Apr/2026:10:03:19 +0000] "GET /?p=61591 HTTP/1.1" 200 14399 "-" "Amazon CloudFront"
64.252.74.231 - - [08/Apr/2026:10:03:20 +0000] "GET /?p=61574 HTTP/1.1" 200 14542 "-" "Amazon CloudFront"
15.158.215.109 - - [08/Apr/2026:10:03:22 +0000] "POST /wp-cron.php?doing_wp_cron=1775642602.2691640853881835937500 HTTP/1.1" 200 - "https://69b4844ae61d4e92bf26ad98af552775-devsite.readyship.co/wp-cron.php?doing_wp_cron=1775642602.2691640853881835937500" "WordPress/5.1.19; https://69b4844ae61d4e92bf26ad98af552775-devsite.readyship.co"
64.252.76.63 - - [08/Apr/2026:10:03:21 +0000] "GET /?p=61590 HTTP/1.1" 200 14362 "-" "Amazon CloudFront"
64.252.74.231 - - [08/Apr/2026:10:03:23 +0000] "GET /?feed=rss2&p=29954 HTTP/1.1" 200 531 "-" "Amazon CloudFront"
64.252.68.163 - - [08/Apr/2026:10:03:23 +0000] "GET /?p=12999 HTTP/1.1" 200 14184 "-" "Amazon CloudFront"
64.252.74.231 - - [08/Apr/2026:10:03:24 +0000] "GET /?p=29952 HTTP/1.1" 200 15879 "-" "Amazon CloudFront"
64.252.74.231 - - [08/Apr/2026:10:03:25 +0000] "GET /?p=61551 HTTP/1.1" 200 15837 "-" "Amazon CloudFront"
64.252.74.231 - - [08/Apr/2026:10:03:26 +0000] "GET /?p=61572 HTTP/1.1" 200 14372 "-" "Amazon CloudFront"
64.252.76.63 - - [08/Apr/2026:10:03:27 +0000] "GET /?p=61570 HTTP/1.1" 200 14519 "-" "Amazon CloudFront"
64.252.74.231 - - [08/Apr/2026:10:03:28 +0000] "GET /?p=61573 HTTP/1.1" 200 14107 "-" "Amazon CloudFront"
64.252.74.231 - - [08/Apr/2026:10:03:29 +0000] "GET /?p=43712 HTTP/1.1" 200 15626 "-" "Amazon CloudFront"
64.252.76.63 - - [08/Apr/2026:10:03:30 +0000] "GET /?p=61589 HTTP/1.1" 200 14548 "-" "Amazon CloudFront"
15.158.239.104 - - [08/Apr/2026:10:03:31 +0000] "GET /index.php?rest_route=%2Foembed%2F1.0%2Fembed&url=https%3A%2F%2F69b4844ae61d4e92bf26ad98af552775-devsite.readyship.co%2F%3Fp%3D22212 HTTP/1.1" 403 - "https://69b4844ae61d4e92bf26ad98af552775-devsite.readyship.co/?p=22212" "Mozilla/5.0 AppleWebKit/537.36 (KHTML, like Gecko; compatible; GPTBot/1.3; +https://openai.com/gptbot)"
15.158.239.104 - - [08/Apr/2026:10:03:32 +0000] "GET /index.php?rest_route=%2Foembed%2F1.0%2Fembed&url=https%3A%2F%2F69b4844ae61d4e92bf26ad98af552775-devsite.readyship.co%2F%3Fp%3D22204 HTTP/1.1" 403 - "https://69b4844ae61d4e92bf26ad98af552775-devsite.readyship.co/?p=22204" "Mozilla/5.0 AppleWebKit/537.36 (KHTML, like Gecko; compatible; GPTBot/1.3; +https://openai.com/gptbot)"
15.158.239.65 - - [08/Apr/2026:10:03:32 +0000] "GET /index.php?rest_route=%2Foembed%2F1.0%2Fembed&url=https%3A%2F%2F69b4844ae61d4e92bf26ad98af552775-devsite.readyship.co%2F%3Fp%3D77745 HTTP/1.1" 403 - "https://69b4844ae61d4e92bf26ad98af552775-devsite.readyship.co/?p=77745" "Mozilla/5.0 AppleWebKit/537.36 (KHTML, like Gecko; compatible; GPTBot/1.3; +https://openai.com/gptbot)"
64.252.68.163 - - [08/Apr/2026:10:03:32 +0000] "GET /?p=95763 HTTP/1.1" 200 16819 "-" "Amazon CloudFront"
64.252.76.63 - - [08/Apr/2026:10:03:33 +0000] "GET /?author=2&paged=1759 HTTP/1.1" 200 11178 "-" "Amazon CloudFront"
64.252.76.63 - - [08/Apr/2026:10:03:34 +0000] "GET /?feed=rss2&p=29952 HTTP/1.1" 200 526 "-" "Amazon CloudFront"
64.252.76.100 - - [08/Apr/2026:10:03:35 +0000] "GET /?p=29950 HTTP/1.1" 200 16303 "-" "Amazon CloudFront"
64.252.76.100 - - [08/Apr/2026:10:03:36 +0000] "GET /?p=61558 HTTP/1.1" 200 14383 "-" "Amazon CloudFront"
64.252.76.100 - - [08/Apr/2026:10:03:37 +0000] "GET /?p=61547 HTTP/1.1" 200 15516 "-" "Amazon CloudFront"
64.252.76.63 - - [08/Apr/2026:10:03:38 +0000] "GET /?author=2&paged=1758 HTTP/1.1" 200 11255 "-" "Amazon CloudFront"
64.252.76.100 - - [08/Apr/2026:10:03:39 +0000] "GET /?feed=rss2&p=43712 HTTP/1.1" 200 548 "-" "Amazon CloudFront"
64.252.76.100 - - [08/Apr/2026:10:03:40 +0000] "GET /?p=43714 HTTP/1.1" 200 23807 "-" "Amazon CloudFront"
64.252.76.63 - - [08/Apr/2026:10:03:41 +0000] "GET /?p=17779 HTTP/1.1" 200 14588 "-" "Amazon CloudFront"
64.252.76.63 - - [08/Apr/2026:10:03:42 +0000] "GET /?p=22200 HTTP/1.1" 200 13849 "-" "Amazon CloudFront"
64.252.74.231 - - [08/Apr/2026:10:03:43 +0000] "GET /?p=62221 HTTP/1.1" 200 15274 "-" "Amazon CloudFront"
15.158.239.104 - - [08/Apr/2026:10:03:44 +0000] "GET /index.php?format=xml&rest_route=%2Foembed%2F1.0%2Fembed&url=https%3A%2F%2F69b4844ae61d4e92bf26ad98af552775-devsite.readyship.co%2F%3Fp%3D22200 HTTP/1.1" 403 - "https://69b4844ae61d4e92bf26ad98af552775-devsite.readyship.co/?p=22200" "Mozilla/5.0 AppleWebKit/537.36 (KHTML, like Gecko; compatible; GPTBot/1.3; +https://openai.com/gptbot)"
15.158.239.104 - - [08/Apr/2026:10:03:45 +0000] "GET /index.php?rest_route=%2Foembed%2F1.0%2Fembed&url=https%3A%2F%2F69b4844ae61d4e92bf26ad98af552775-devsite.readyship.co%2F%3Fp%3D22200 HTTP/1.1" 403 - "https://69b4844ae61d4e92bf26ad98af552775-devsite.readyship.co/?p=22200" "Mozilla/5.0 AppleWebKit/537.36 (KHTML, like Gecko; compatible; GPTBot/1.3; +https://openai.com/gptbot)"
64.252.74.231 - - [08/Apr/2026:10:03:46 +0000] "GET /?p=61535 HTTP/1.1" 200 14080 "-" "Amazon CloudFront"
64.252.76.100 - - [08/Apr/2026:10:03:47 +0000] "GET /?p=61545 HTTP/1.1" 200 14995 "-" "Amazon CloudFront"
64.252.74.231 - - [08/Apr/2026:10:03:48 +0000] "GET /?feed=rss2&p=29950 HTTP/1.1" 200 495 "-" "Amazon CloudFront"
64.252.76.63 - - [08/Apr/2026:10:03:49 +0000] "GET /?p=61544 HTTP/1.1" 200 14241 "-" "Amazon CloudFront"
64.252.74.231 - - [08/Apr/2026:10:03:50 +0000] "GET /?p=61525 HTTP/1.1" 200 15606 "-" "Amazon CloudFront"
64.252.74.231 - - [08/Apr/2026:10:03:51 +0000] "GET /?p=61560 HTTP/1.1" 200 15433 "-" "Amazon CloudFront"
64.252.76.63 - - [08/Apr/2026:10:03:52 +0000] "GET /?p=61559 HTTP/1.1" 200 14197 "-" "Amazon CloudFront"
64.252.74.231 - - [08/Apr/2026:10:03:53 +0000] "GET /?feed=rss2&p=43714 HTTP/1.1" 200 522 "-" "Amazon CloudFront"
64.252.74.231 - - [08/Apr/2026:10:03:54 +0000] "GET /?feed=rss2&p=17779 HTTP/1.1" 200 501 "-" "Amazon CloudFront"
64.252.74.231 - - [08/Apr/2026:10:03:55 +0000] "GET /?feed=rss2&p=22200 HTTP/1.1" 200 540 "-" "Amazon CloudFront"
64.252.68.163 - - [08/Apr/2026:10:03:54 +0000] "GET /?p=43720 HTTP/1.1" 200 21344 "-" "Amazon CloudFront"
64.252.74.231 - - [08/Apr/2026:10:03:55 +0000] "GET /?p=61541 HTTP/1.1" 200 14326 "-" "Amazon CloudFront"
64.252.76.100 - - [08/Apr/2026:10:03:57 +0000] "GET /?p=29948 HTTP/1.1" 200 16980 "-" "Amazon CloudFront"
64.252.76.63 - - [08/Apr/2026:10:03:58 +0000] "GET /?p=61546 HTTP/1.1" 200 14419 "-" "Amazon CloudFront"
64.252.76.63 - - [08/Apr/2026:10:03:59 +0000] "GET /?p=61536 HTTP/1.1" 200 14542 "-" "Amazon CloudFront"
64.252.76.63 - - [08/Apr/2026:10:04:01 +0000] "GET /?p=61538 HTTP/1.1" 200 14923 "-" "Amazon CloudFront"
64.252.74.231 - - [08/Apr/2026:10:04:02 +0000] "GET /?p=61521 HTTP/1.1" 200 14768 "-" "Amazon CloudFront"
64.252.76.63 - - [08/Apr/2026:10:04:03 +0000] "GET /?p=61534 HTTP/1.1" 200 14620 "-" "Amazon CloudFront"
64.252.74.231 - - [08/Apr/2026:10:04:04 +0000] "GET /?p=61542 HTTP/1.1" 200 14636 "-" "Amazon CloudFront"
64.252.74.231 - - [08/Apr/2026:10:04:05 +0000] "GET /?p=61543 HTTP/1.1" 200 14532 "-" "Amazon CloudFront"
64.252.76.100 - - [08/Apr/2026:10:04:06 +0000] "GET /?p=61539 HTTP/1.1" 200 14475 "-" "Amazon CloudFront"
64.252.76.63 - - [08/Apr/2026:10:04:07 +0000] "GET /?p=61540 HTTP/1.1" 200 17025 "-" "Amazon CloudFront"
64.252.76.63 - - [08/Apr/2026:10:04:08 +0000] "GET /?p=61537 HTTP/1.1" 200 14750 "-" "Amazon CloudFront"
64.252.76.100 - - [08/Apr/2026:10:04:10 +0000] "GET /?feed=rss2&p=29948 HTTP/1.1" 200 525 "-" "Amazon CloudFront"
64.252.76.63 - - [08/Apr/2026:10:04:10 +0000] "GET /?p=29946 HTTP/1.1" 200 24166 "-" "Amazon CloudFront"
64.252.74.231 - - [08/Apr/2026:10:04:12 +0000] "GET /?p=43716 HTTP/1.1" 200 17048 "-" "Amazon CloudFront"
15.158.239.104 - - [08/Apr/2026:10:04:13 +0000] "GET /index.php?rest_route=%2Foembed%2F1.0%2Fembed&url=https%3A%2F%2F69b4844ae61d4e92bf26ad98af552775-devsite.readyship.co%2F%3Fp%3D17779 HTTP/1.1" 403 - "https://69b4844ae61d4e92bf26ad98af552775-devsite.readyship.co/?p=17779" "Mozilla/5.0 AppleWebKit/537.36 (KHTML, like Gecko; compatible; GPTBot/1.3; +https://openai.com/gptbot)"
64.252.76.100 - - [08/Apr/2026:10:04:13 +0000] "GET /?p=61524 HTTP/1.1" 200 14329 "-" "Amazon CloudFront"
15.158.239.104 - - [08/Apr/2026:10:04:14 +0000] "GET /index.php?rest_route=%2Foembed%2F1.0%2Fembed&url=https%3A%2F%2F69b4844ae61d4e92bf26ad98af552775-devsite.readyship.co%2F%3Fp%3D62221 HTTP/1.1" 403 - "https://69b4844ae61d4e92bf26ad98af552775-devsite.readyship.co/?p=62221" "Mozilla/5.0 AppleWebKit/537.36 (KHTML, like Gecko; compatible; GPTBot/1.3; +https://openai.com/gptbot)"
64.252.76.100 - - [08/Apr/2026:10:04:15 +0000] "GET /?author=2&paged=1760 HTTP/1.1" 200 11349 "-" "Amazon CloudFront"
64.252.76.100 - - [08/Apr/2026:10:04:16 +0000] "GET /?author=2&paged=1761 HTTP/1.1" 200 11190 "-" "Amazon CloudFront"
64.252.76.63 - - [08/Apr/2026:10:04:17 +0000] "GET /?p=67776 HTTP/1.1" 200 14243 "-" "Amazon CloudFront"
64.252.76.63 - - [08/Apr/2026:10:04:18 +0000] "GET /?p=21444 HTTP/1.1" 200 15092 "-" "Amazon CloudFront"
64.252.76.100 - - [08/Apr/2026:10:04:20 +0000] "GET /?p=16999 HTTP/1.1" 200 18706 "-" "Amazon CloudFront"
64.252.76.100 - - [08/Apr/2026:10:04:21 +0000] "GET /?p=22286 HTTP/1.1" 200 17503 "-" "Amazon CloudFront"
15.158.215.109 - - [08/Apr/2026:10:04:22 +0000] "POST /wp-cron.php?doing_wp_cron=1775642662.6864190101623535156250 HTTP/1.1" 200 - "https://69b4844ae61d4e92bf26ad98af552775-devsite.readyship.co/wp-cron.php?doing_wp_cron=1775642662.6864190101623535156250" "WordPress/5.1.19; https://69b4844ae61d4e92bf26ad98af552775-devsite.readyship.co"
64.252.76.100 - - [08/Apr/2026:10:04:22 +0000] "GET /?feed=rss2&p=29946 HTTP/1.1" 200 513 "-" "Amazon CloudFront"
64.252.74.231 - - [08/Apr/2026:10:04:23 +0000] "GET /?p=29944 HTTP/1.1" 200 16646 "-" "Amazon CloudFront"
64.252.76.63 - - [08/Apr/2026:10:04:24 +0000] "GET /?p=43718 HTTP/1.1" 200 16480 "-" "Amazon CloudFront"
64.252.74.231 - - [08/Apr/2026:10:04:25 +0000] "GET /?p=63336 HTTP/1.1" 200 14344 "-" "Amazon CloudFront"
64.252.74.231 - - [08/Apr/2026:10:04:27 +0000] "GET /?p=61502 HTTP/1.1" 200 14396 "-" "Amazon CloudFront"
64.252.74.231 - - [08/Apr/2026:10:04:28 +0000] "GET /?p=61500 HTTP/1.1" 200 14480 "-" "Amazon CloudFront"
64.252.76.63 - - [08/Apr/2026:10:04:29 +0000] "GET /?p=61477 HTTP/1.1" 200 14509 "-" "Amazon CloudFront"
64.252.76.100 - - [08/Apr/2026:10:04:30 +0000] "GET /?feed=rss2&p=67776 HTTP/1.1" 200 531 "-" "Amazon CloudFront"
64.252.74.231 - - [08/Apr/2026:10:04:31 +0000] "GET /?p=61496 HTTP/1.1" 200 14576 "-" "Amazon CloudFront"
64.252.74.231 - - [08/Apr/2026:10:04:32 +0000] "GET /?feed=rss2&p=16999 HTTP/1.1" 200 503 "-" "Amazon CloudFront"
64.252.76.63 - - [08/Apr/2026:10:04:32 +0000] "GET /?feed=rss2&p=22286 HTTP/1.1" 200 549 "-" "Amazon CloudFront"
64.252.69.192 - - [08/Apr/2026:10:04:32 +0000] "GET /?p=68550 HTTP/1.1" 200 14493 "-" "Amazon CloudFront"
64.252.74.231 - - [08/Apr/2026:10:04:33 +0000] "GET /?p=61481 HTTP/1.1" 200 15111 "-" "Amazon CloudFront"
64.252.76.63 - - [08/Apr/2026:10:04:34 +0000] "GET /?feed=rss2&p=29944 HTTP/1.1" 200 512 "-" "Amazon CloudFront"
64.252.68.163 - - [08/Apr/2026:10:04:35 +0000] "GET /?p=12957 HTTP/1.1" 200 14204 "-" "Amazon CloudFront"
64.252.74.231 - - [08/Apr/2026:10:04:35 +0000] "GET /?p=29942 HTTP/1.1" 200 24724 "-" "Amazon CloudFront"
64.252.76.63 - - [08/Apr/2026:10:04:36 +0000] "GET /?p=61501 HTTP/1.1" 200 14691 "-" "Amazon CloudFront"
64.252.74.231 - - [08/Apr/2026:10:04:37 +0000] "GET /?p=61484 HTTP/1.1" 200 14467 "-" "Amazon CloudFront"
64.252.74.231 - - [08/Apr/2026:10:04:39 +0000] "GET /?p=61494 HTTP/1.1" 200 14397 "-" "Amazon CloudFront"
64.252.76.63 - - [08/Apr/2026:10:04:40 +0000] "GET /?p=61512 HTTP/1.1" 200 16544 "-" "Amazon CloudFront"
64.252.76.100 - - [08/Apr/2026:10:04:41 +0000] "GET /?p=61474 HTTP/1.1" 200 14507 "-" "Amazon CloudFront"
64.252.74.231 - - [08/Apr/2026:10:04:42 +0000] "GET /?p=61479 HTTP/1.1" 200 14994 "-" "Amazon CloudFront"
64.252.74.231 - - [08/Apr/2026:10:04:43 +0000] "GET /?p=61483 HTTP/1.1" 200 14764 "-" "Amazon CloudFront"
64.252.74.231 - - [08/Apr/2026:10:04:44 +0000] "GET /?p=61497 HTTP/1.1" 200 14339 "-" "Amazon CloudFront"
64.252.74.231 - - [08/Apr/2026:10:04:45 +0000] "GET /?p=61523 HTTP/1.1" 200 14846 "-" "Amazon CloudFront"
64.252.76.63 - - [08/Apr/2026:10:04:47 +0000] "GET /?p=61492 HTTP/1.1" 200 14401 "-" "Amazon CloudFront"
64.252.76.63 - - [08/Apr/2026:10:04:48 +0000] "GET /?feed=rss2&p=29942 HTTP/1.1" 200 528 "-" "Amazon CloudFront"
64.252.76.63 - - [08/Apr/2026:10:04:48 +0000] "GET /?p=29940 HTTP/1.1" 200 16041 "-" "Amazon CloudFront"
64.252.74.231 - - [08/Apr/2026:10:04:50 +0000] "GET /?p=61478 HTTP/1.1" 200 14815 "-" "Amazon CloudFront"
64.252.74.231 - - [08/Apr/2026:10:04:51 +0000] "GET /?p=61493 HTTP/1.1" 200 14295 "-" "Amazon CloudFront"
64.252.74.231 - - [08/Apr/2026:10:04:52 +0000] "GET /?p=61482 HTTP/1.1" 200 14265 "-" "Amazon CloudFront"
64.252.76.100 - - [08/Apr/2026:10:04:53 +0000] "GET /?p=61447 HTTP/1.1" 200 14426 "-" "Amazon CloudFront"
64.252.76.100 - - [08/Apr/2026:10:04:54 +0000] "GET /?p=43720 HTTP/1.1" 200 21413 "-" "Amazon CloudFront"
64.252.74.231 - - [08/Apr/2026:10:04:55 +0000] "GET /?p=61489 HTTP/1.1" 200 14635 "-" "Amazon CloudFront"
15.158.239.104 - - [08/Apr/2026:10:04:58 +0000] "GET /index.php?rest_route=%2Foembed%2F1.0%2Fembed&url=https%3A%2F%2F69b4844ae61d4e92bf26ad98af552775-devsite.readyship.co%2F%3Fp%3D67776 HTTP/1.1" 403 - "https://69b4844ae61d4e92bf26ad98af552775-devsite.readyship.co/?p=67776" "Mozilla/5.0 AppleWebKit/537.36 (KHTML, like Gecko; compatible; GPTBot/1.3; +https://openai.com/gptbot)"
15.158.239.104 - - [08/Apr/2026:10:04:58 +0000] "GET /index.php?rest_route=%2Foembed%2F1.0%2Fembed&url=https%3A%2F%2F69b4844ae61d4e92bf26ad98af552775-devsite.readyship.co%2F%3Fp%3D16999 HTTP/1.1" 403 - "https://69b4844ae61d4e92bf26ad98af552775-devsite.readyship.co/?p=16999" "Mozilla/5.0 AppleWebKit/537.36 (KHTML, like Gecko; compatible; GPTBot/1.3; +https://openai.com/gptbot)"
64.252.76.100 - - [08/Apr/2026:10:04:56 +0000] "GET /?p=61495 HTTP/1.1" 200 15091 "-" "Amazon CloudFront"
15.158.239.104 - - [08/Apr/2026:10:04:59 +0000] "GET /index.php?rest_route=%2Foembed%2F1.0%2Fembed&url=https%3A%2F%2F69b4844ae61d4e92bf26ad98af552775-devsite.readyship.co%2F%3Fp%3D21444 HTTP/1.1" 403 - "https://69b4844ae61d4e92bf26ad98af552775-devsite.readyship.co/?p=21444" "Mozilla/5.0 AppleWebKit/537.36 (KHTML, like Gecko; compatible; GPTBot/1.3; +https://openai.com/gptbot)"
64.252.76.63 - - [08/Apr/2026:10:04:59 +0000] "GET /?feed=rss2&p=29940 HTTP/1.1" 200 527 "-" "Amazon CloudFront"
64.252.76.100 - - [08/Apr/2026:10:05:00 +0000] "GET /?p=29938 HTTP/1.1" 200 16061 "-" "Amazon CloudFront"
15.158.239.101 - - [08/Apr/2026:10:05:01 +0000] "GET /index.php?format=xml&rest_route=%2Foembed%2F1.0%2Fembed&url=https%3A%2F%2F69b4844ae61d4e92bf26ad98af552775-devsite.readyship.co%2F%3Fp%3D61493 HTTP/1.1" 403 - "https://69b4844ae61d4e92bf26ad98af552775-devsite.readyship.co/?p=61493" "Mozilla/5.0 AppleWebKit/537.36 (KHTML, like Gecko; compatible; GPTBot/1.3; +https://openai.com/gptbot)"
15.158.239.101 - - [08/Apr/2026:10:05:02 +0000] "GET /index.php?rest_route=%2Foembed%2F1.0%2Fembed&url=https%3A%2F%2F69b4844ae61d4e92bf26ad98af552775-devsite.readyship.co%2F%3Fp%3D63336 HTTP/1.1" 403 - "https://69b4844ae61d4e92bf26ad98af552775-devsite.readyship.co/?p=63336" "Mozilla/5.0 AppleWebKit/537.36 (KHTML, like Gecko; compatible; GPTBot/1.3; +https://openai.com/gptbot)"
64.252.74.231 - - [08/Apr/2026:10:05:02 +0000] "GET /?p=61468 HTTP/1.1" 200 14234 "-" "Amazon CloudFront"
64.252.69.192 - - [08/Apr/2026:10:05:02 +0000] "GET /?p=25575 HTTP/1.1" 200 22507 "-" "Amazon CloudFront"
64.252.76.63 - - [08/Apr/2026:10:05:03 +0000] "GET /?feed=rss2&p=43720 HTTP/1.1" 200 520 "-" "Amazon CloudFront"
64.252.76.63 - - [08/Apr/2026:10:05:04 +0000] "GET /?p=43722 HTTP/1.1" 200 22210 "-" "Amazon CloudFront"
64.252.74.231 - - [08/Apr/2026:10:05:05 +0000] "GET /?p=61425 HTTP/1.1" 200 14452 "-" "Amazon CloudFront"
15.158.239.101 - - [08/Apr/2026:10:05:06 +0000] "GET /index.php?rest_route=%2Foembed%2F1.0%2Fembed&url=https%3A%2F%2F69b4844ae61d4e92bf26ad98af552775-devsite.readyship.co%2F%3Fp%3D22286 HTTP/1.1" 403 - "https://69b4844ae61d4e92bf26ad98af552775-devsite.readyship.co/?p=22286" "Mozilla/5.0 AppleWebKit/537.36 (KHTML, like Gecko; compatible; GPTBot/1.3; +https://openai.com/gptbot)"
64.252.76.63 - - [08/Apr/2026:10:05:07 +0000] "GET /?author=2&paged=1763 HTTP/1.1" 200 11343 "-" "Amazon CloudFront"
64.252.74.231 - - [08/Apr/2026:10:05:08 +0000] "GET /?feed=rss2&p=21444 HTTP/1.1" 200 507 "-" "Amazon CloudFront"
64.252.74.231 - - [08/Apr/2026:10:05:09 +0000] "GET /?author=2&paged=1762 HTTP/1.1" 200 11235 "-" "Amazon CloudFront"
64.252.76.63 - - [08/Apr/2026:10:05:10 +0000] "GET /?feed=rss2&p=29938 HTTP/1.1" 200 517 "-" "Amazon CloudFront"
64.252.76.63 - - [08/Apr/2026:10:05:11 +0000] "GET /?p=29936 HTTP/1.1" 200 21980 "-" "Amazon CloudFront"
64.252.74.231 - - [08/Apr/2026:10:05:12 +0000] "GET /?p=22254 HTTP/1.1" 200 15195 "-" "Amazon CloudFront"
64.252.76.63 - - [08/Apr/2026:10:05:13 +0000] "GET /?p=66642 HTTP/1.1" 200 14389 "-" "Amazon CloudFront"
64.252.76.63 - - [08/Apr/2026:10:05:14 +0000] "GET /?p=73000 HTTP/1.1" 200 17459 "-" "Amazon CloudFront"
64.252.76.63 - - [08/Apr/2026:10:05:15 +0000] "GET /?feed=rss2&p=43722 HTTP/1.1" 200 551 "-" "Amazon CloudFront"
64.252.74.231 - - [08/Apr/2026:10:05:16 +0000] "GET /?p=43724 HTTP/1.1" 200 16529 "-" "Amazon CloudFront"
64.252.74.231 - - [08/Apr/2026:10:05:17 +0000] "GET /?p=61416 HTTP/1.1" 200 16091 "-" "Amazon CloudFront"
64.252.74.231 - - [08/Apr/2026:10:05:18 +0000] "GET /?p=61431 HTTP/1.1" 200 14547 "-" "Amazon CloudFront"
64.252.76.100 - - [08/Apr/2026:10:05:19 +0000] "GET /?p=61434 HTTP/1.1" 200 14871 "-" "Amazon CloudFront"
64.252.76.100 - - [08/Apr/2026:10:05:20 +0000] "GET /?p=61486 HTTP/1.1" 200 14375 "-" "Amazon CloudFront"
15.158.215.109 - - [08/Apr/2026:10:05:22 +0000] "POST /wp-cron.php?doing_wp_cron=1775642722.4283070564270019531250 HTTP/1.1" 200 - "https://69b4844ae61d4e92bf26ad98af552775-devsite.readyship.co/wp-cron.php?doing_wp_cron=1775642722.4283070564270019531250" "WordPress/5.1.19; https://69b4844ae61d4e92bf26ad98af552775-devsite.readyship.co"
64.252.69.192 - - [08/Apr/2026:10:05:22 +0000] "GET /?p=8083 HTTP/1.1" 200 11419 "-" "Amazon CloudFront"
64.252.74.231 - - [08/Apr/2026:10:05:22 +0000] "GET /?p=61469 HTTP/1.1" 200 14105 "-" "Amazon CloudFront"
64.252.76.100 - - [08/Apr/2026:10:05:23 +0000] "GET /?feed=rss2&p=29936 HTTP/1.1" 200 510 "-" "Amazon CloudFront"
64.252.74.231 - - [08/Apr/2026:10:05:24 +0000] "GET /?feed=rss2&p=22254 HTTP/1.1" 200 507 "-" "Amazon CloudFront"
64.252.76.100 - - [08/Apr/2026:10:05:25 +0000] "GET /?p=61488 HTTP/1.1" 200 14720 "-" "Amazon CloudFront"
64.252.67.128 - - [08/Apr/2026:10:05:25 +0000] "GET /?p=5949 HTTP/1.1" 200 25228 "-" "Amazon CloudFront"
64.252.76.100 - - [08/Apr/2026:10:05:26 +0000] "GET /?feed=rss2&p=73000 HTTP/1.1" 200 565 "-" "Amazon CloudFront"
64.252.76.63 - - [08/Apr/2026:10:05:27 +0000] "GET /?p=61433 HTTP/1.1" 200 14980 "-" "Amazon CloudFront"
64.252.74.231 - - [08/Apr/2026:10:05:28 +0000] "GET /?feed=rss2&p=43724 HTTP/1.1" 200 529 "-" "Amazon CloudFront"
64.252.76.63 - - [08/Apr/2026:10:05:29 +0000] "GET /?p=61422 HTTP/1.1" 200 15692 "-" "Amazon CloudFront"
64.252.76.63 - - [08/Apr/2026:10:05:30 +0000] "GET /?p=61406 HTTP/1.1" 200 14370 "-" "Amazon CloudFront"
64.252.74.231 - - [08/Apr/2026:10:05:31 +0000] "GET /?p=61471 HTTP/1.1" 200 14867 "-" "Amazon CloudFront"
64.252.76.63 - - [08/Apr/2026:10:05:32 +0000] "GET /?p=29934 HTTP/1.1" 200 16737 "-" "Amazon CloudFront"
64.252.76.63 - - [08/Apr/2026:10:05:33 +0000] "GET /?p=61429 HTTP/1.1" 200 13499 "-" "Amazon CloudFront"
64.252.76.100 - - [08/Apr/2026:10:05:35 +0000] "GET /?p=61473 HTTP/1.1" 200 13980 "-" "Amazon CloudFront"
64.252.76.63 - - [08/Apr/2026:10:05:36 +0000] "GET /?p=43726 HTTP/1.1" 200 16030 "-" "Amazon CloudFront"
64.252.66.105 - - [08/Apr/2026:10:05:36 +0000] "GET /?p=27205 HTTP/1.1" 200 14709 "-" "Amazon CloudFront"
64.252.74.231 - - [08/Apr/2026:10:05:37 +0000] "GET /?p=61487 HTTP/1.1" 200 14629 "-" "Amazon CloudFront"
64.252.76.100 - - [08/Apr/2026:10:05:38 +0000] "GET /?p=61428 HTTP/1.1" 200 14233 "-" "Amazon CloudFront"
64.252.69.192 - - [08/Apr/2026:10:05:38 +0000] "GET /?p=96343 HTTP/1.1" 200 14434 "-" "Amazon CloudFront"
64.252.74.231 - - [08/Apr/2026:10:05:39 +0000] "GET /?p=61470 HTTP/1.1" 200 14445 "-" "Amazon CloudFront"
64.252.76.63 - - [08/Apr/2026:10:05:40 +0000] "GET /?p=61435 HTTP/1.1" 200 14250 "-" "Amazon CloudFront"
64.252.74.231 - - [08/Apr/2026:10:05:41 +0000] "GET /?p=61485 HTTP/1.1" 200 14610 "-" "Amazon CloudFront"
64.252.76.100 - - [08/Apr/2026:10:05:42 +0000] "GET /?p=61404 HTTP/1.1" 200 14203 "-" "Amazon CloudFront"
64.252.76.63 - - [08/Apr/2026:10:05:44 +0000] "GET /?p=61472 HTTP/1.1" 200 14463 "-" "Amazon CloudFront"
64.252.76.63 - - [08/Apr/2026:10:05:45 +0000] "GET /?feed=rss2&p=29934 HTTP/1.1" 200 533 "-" "Amazon CloudFront"
64.252.74.231 - - [08/Apr/2026:10:05:45 +0000] "GET /?p=29932 HTTP/1.1" 200 17154 "-" "Amazon CloudFront"
64.252.76.63 - - [08/Apr/2026:10:05:46 +0000] "GET /?p=61430 HTTP/1.1" 200 14579 "-" "Amazon CloudFront"
64.252.74.231 - - [08/Apr/2026:10:05:48 +0000] "GET /?feed=rss2&p=43726 HTTP/1.1" 200 509 "-" "Amazon CloudFront"
64.252.76.100 - - [08/Apr/2026:10:05:48 +0000] "GET /?p=43728 HTTP/1.1" 200 22725 "-" "Amazon CloudFront"
64.252.76.63 - - [08/Apr/2026:10:05:49 +0000] "GET /?p=61432 HTTP/1.1" 200 14768 "-" "Amazon CloudFront"
64.252.76.63 - - [08/Apr/2026:10:05:51 +0000] "GET /?p=61407 HTTP/1.1" 200 15078 "-" "Amazon CloudFront"
15.158.239.104 - - [08/Apr/2026:10:05:52 +0000] "GET /index.php?rest_route=%2Foembed%2F1.0%2Fembed&url=https%3A%2F%2F69b4844ae61d4e92bf26ad98af552775-devsite.readyship.co%2F%3Fp%3D73000 HTTP/1.1" 403 - "https://69b4844ae61d4e92bf26ad98af552775-devsite.readyship.co/?p=73000" "Mozilla/5.0 AppleWebKit/537.36 (KHTML, like Gecko; compatible; GPTBot/1.3; +https://openai.com/gptbot)"
15.158.239.104 - - [08/Apr/2026:10:05:52 +0000] "GET /index.php?rest_route=%2Foembed%2F1.0%2Fembed&url=https%3A%2F%2F69b4844ae61d4e92bf26ad98af552775-devsite.readyship.co%2F%3Fp%3D22254 HTTP/1.1" 403 - "https://69b4844ae61d4e92bf26ad98af552775-devsite.readyship.co/?p=22254" "Mozilla/5.0 AppleWebKit/537.36 (KHTML, like Gecko; compatible; GPTBot/1.3; +https://openai.com/gptbot)"
64.252.74.231 - - [08/Apr/2026:10:05:53 +0000] "GET /?p=61392 HTTP/1.1" 200 14231 "-" "Amazon CloudFront"
15.158.239.104 - - [08/Apr/2026:10:05:54 +0000] "GET /index.php?rest_route=%2Foembed%2F1.0%2Fembed&url=https%3A%2F%2F69b4844ae61d4e92bf26ad98af552775-devsite.readyship.co%2F%3Fp%3D66642 HTTP/1.1" 403 - "https://69b4844ae61d4e92bf26ad98af552775-devsite.readyship.co/?p=66642" "Mozilla/5.0 AppleWebKit/537.36 (KHTML, like Gecko; compatible; GPTBot/1.3; +https://openai.com/gptbot)"
64.252.76.100 - - [08/Apr/2026:10:05:54 +0000] "GET /?author=2&paged=1765 HTTP/1.1" 200 11278 "-" "Amazon CloudFront"
64.252.76.100 - - [08/Apr/2026:10:05:56 +0000] "GET /?feed=rss2&p=29932 HTTP/1.1" 200 513 "-" "Amazon CloudFront"
15.158.239.104 - - [08/Apr/2026:10:05:57 +0000] "GET /index.php?rest_route=%2Foembed%2F1.0%2Fembed&url=https%3A%2F%2F69b4844ae61d4e92bf26ad98af552775-devsite.readyship.co%2F%3Fp%3D61430 HTTP/1.1" 403 - "https://69b4844ae61d4e92bf26ad98af552775-devsite.readyship.co/?p=61430" "Mozilla/5.0 AppleWebKit/537.36 (KHTML, like Gecko; compatible; GPTBot/1.3; +https://openai.com/gptbot)"
64.252.76.100 - - [08/Apr/2026:10:05:57 +0000] "GET /?p=29930 HTTP/1.1" 200 21093 "-" "Amazon CloudFront"
64.252.76.100 - - [08/Apr/2026:10:05:58 +0000] "GET /?feed=rss2&p=43728 HTTP/1.1" 200 517 "-" "Amazon CloudFront"
64.252.76.63 - - [08/Apr/2026:10:05:59 +0000] "GET /?p=43730 HTTP/1.1" 200 25274 "-" "Amazon CloudFront"
64.252.69.192 - - [08/Apr/2026:10:06:00 +0000] "GET /?p=25244 HTTP/1.1" 200 13945 "-" "Amazon CloudFront"
64.252.76.63 - - [08/Apr/2026:10:06:00 +0000] "GET /?author=2&paged=1764 HTTP/1.1" 200 11370 "-" "Amazon CloudFront"
64.252.76.63 - - [08/Apr/2026:10:06:02 +0000] "GET /?p=23332 HTTP/1.1" 200 18014 "-" "Amazon CloudFront"
64.252.76.63 - - [08/Apr/2026:10:06:03 +0000] "GET /?p=70222 HTTP/1.1" 200 14768 "-" "Amazon CloudFront"
64.252.76.63 - - [08/Apr/2026:10:06:04 +0000] "GET /?p=68000 HTTP/1.1" 200 14738 "-" "Amazon CloudFront"
64.252.76.63 - - [08/Apr/2026:10:06:06 +0000] "GET /?p=61384 HTTP/1.1" 200 14901 "-" "Amazon CloudFront"
64.252.76.100 - - [08/Apr/2026:10:06:07 +0000] "GET /?p=61413 HTTP/1.1" 200 14431 "-" "Amazon CloudFront"
64.252.76.100 - - [08/Apr/2026:10:06:08 +0000] "GET /?p=61424 HTTP/1.1" 200 14088 "-" "Amazon CloudFront"
64.252.74.231 - - [08/Apr/2026:10:06:09 +0000] "GET /?p=61412 HTTP/1.1" 200 14406 "-" "Amazon CloudFront"
64.252.74.231 - - [08/Apr/2026:10:06:10 +0000] "GET /?feed=rss2&p=29930 HTTP/1.1" 200 529 "-" "Amazon CloudFront"
64.252.74.231 - - [08/Apr/2026:10:06:11 +0000] "GET /?p=29928 HTTP/1.1" 200 16115 "-" "Amazon CloudFront"
64.252.76.100 - - [08/Apr/2026:10:06:12 +0000] "GET /?feed=rss2&p=43730 HTTP/1.1" 200 534 "-" "Amazon CloudFront"
64.252.76.100 - - [08/Apr/2026:10:06:13 +0000] "GET /?p=61441 HTTP/1.1" 200 14537 "-" "Amazon CloudFront"
64.252.76.63 - - [08/Apr/2026:10:06:14 +0000] "GET /?feed=rss2&p=23332 HTTP/1.1" 200 514 "-" "Amazon CloudFront"
64.252.76.100 - - [08/Apr/2026:10:06:15 +0000] "GET /?feed=rss2&p=70222 HTTP/1.1" 200 509 "-" "Amazon CloudFront"
64.252.76.63 - - [08/Apr/2026:10:06:16 +0000] "GET /?feed=rss2&p=68000 HTTP/1.1" 200 533 "-" "Amazon CloudFront"
64.252.76.100 - - [08/Apr/2026:10:06:16 +0000] "GET /?p=61443 HTTP/1.1" 200 14556 "-" "Amazon CloudFront"
64.252.67.128 - - [08/Apr/2026:10:06:16 +0000] "GET /?job-qualification=certificate HTTP/1.1" 200 10843 "-" "Amazon CloudFront"
64.252.74.231 - - [08/Apr/2026:10:06:17 +0000] "GET /?p=61440 HTTP/1.1" 200 14419 "-" "Amazon CloudFront"
64.252.76.63 - - [08/Apr/2026:10:06:19 +0000] "GET /?p=61446 HTTP/1.1" 200 15808 "-" "Amazon CloudFront"
64.252.74.231 - - [08/Apr/2026:10:06:20 +0000] "GET /?p=61436 HTTP/1.1" 200 14686 "-" "Amazon CloudFront"
64.252.76.63 - - [08/Apr/2026:10:06:21 +0000] "GET /?p=61442 HTTP/1.1" 200 14301 "-" "Amazon CloudFront"
15.158.215.109 - - [08/Apr/2026:10:06:22 +0000] "POST /wp-cron.php?doing_wp_cron=1775642782.8620629310607910156250 HTTP/1.1" 200 - "https://69b4844ae61d4e92bf26ad98af552775-devsite.readyship.co/wp-cron.php?doing_wp_cron=1775642782.8620629310607910156250" "WordPress/5.1.19; https://69b4844ae61d4e92bf26ad98af552775-devsite.readyship.co"
64.252.74.231 - - [08/Apr/2026:10:06:22 +0000] "GET /?feed=rss2&p=29928 HTTP/1.1" 200 503 "-" "Amazon CloudFront"
64.252.76.100 - - [08/Apr/2026:10:06:23 +0000] "GET /?p=29926 HTTP/1.1" 200 23673 "-" "Amazon CloudFront"
64.252.66.105 - - [08/Apr/2026:10:06:24 +0000] "GET /?p=11106 HTTP/1.1" 200 16844 "-" "Amazon CloudFront"
64.252.76.63 - - [08/Apr/2026:10:06:24 +0000] "GET /?p=61410 HTTP/1.1" 200 15490 "-" "Amazon CloudFront"
