64.252.66.105 - - [08/Apr/2026:09:23:01 +0000] "GET /?p=62615 HTTP/1.1" 200 14209 "-" "Amazon CloudFront"
64.252.83.165 - - [08/Apr/2026:09:23:02 +0000] "GET /?p=63775 HTTP/1.1" 200 15763 "-" "Amazon CloudFront"
64.252.83.165 - - [08/Apr/2026:09:23:03 +0000] "GET /?p=63770 HTTP/1.1" 200 14552 "-" "Amazon CloudFront"
64.252.85.152 - - [08/Apr/2026:09:23:04 +0000] "GET /?p=63771 HTTP/1.1" 200 14785 "-" "Amazon CloudFront"
64.252.85.152 - - [08/Apr/2026:09:23:05 +0000] "GET /?p=63756 HTTP/1.1" 200 14558 "-" "Amazon CloudFront"
64.252.83.165 - - [08/Apr/2026:09:23:07 +0000] "GET /?p=63773 HTTP/1.1" 200 15217 "-" "Amazon CloudFront"
64.252.85.152 - - [08/Apr/2026:09:23:08 +0000] "GET /?p=63758 HTTP/1.1" 200 15726 "-" "Amazon CloudFront"
64.252.85.152 - - [08/Apr/2026:09:23:09 +0000] "GET /?p=63741 HTTP/1.1" 200 14569 "-" "Amazon CloudFront"
64.252.85.152 - - [08/Apr/2026:09:23:10 +0000] "GET /?p=63740 HTTP/1.1" 200 14551 "-" "Amazon CloudFront"
64.252.85.152 - - [08/Apr/2026:09:23:12 +0000] "GET /?author=2&paged=1649 HTTP/1.1" 200 11189 "-" "Amazon CloudFront"
64.252.82.241 - - [08/Apr/2026:09:23:13 +0000] "GET /?author=2&paged=1648 HTTP/1.1" 200 11399 "-" "Amazon CloudFront"
64.252.83.165 - - [08/Apr/2026:09:23:14 +0000] "GET /?feed=rss2&p=17171 HTTP/1.1" 200 539 "-" "Amazon CloudFront"
64.252.85.152 - - [08/Apr/2026:09:23:15 +0000] "GET /?feed=rss2&p=74747 HTTP/1.1" 200 507 "-" "Amazon CloudFront"
64.252.82.241 - - [08/Apr/2026:09:23:16 +0000] "GET /?p=69696 HTTP/1.1" 200 14687 "-" "Amazon CloudFront"
15.158.243.79 - - [08/Apr/2026:09:23:17 +0000] "GET /index.php?format=xml&rest_route=%2Foembed%2F1.0%2Fembed&url=https%3A%2F%2F69b4844ae61d4e92bf26ad98af552775-devsite.readyship.co%2F%3Fp%3D63771 HTTP/1.1" 403 - "https://69b4844ae61d4e92bf26ad98af552775-devsite.readyship.co/?p=63771" "Mozilla/5.0 AppleWebKit/537.36 (KHTML, like Gecko; compatible; GPTBot/1.3; +https://openai.com/gptbot)"
64.252.83.165 - - [08/Apr/2026:09:23:18 +0000] "GET /?p=63707 HTTP/1.1" 200 14584 "-" "Amazon CloudFront"
64.252.85.152 - - [08/Apr/2026:09:23:19 +0000] "GET /?p=63721 HTTP/1.1" 200 14926 "-" "Amazon CloudFront"
64.252.85.152 - - [08/Apr/2026:09:23:20 +0000] "GET /?p=21212 HTTP/1.1" 200 14493 "-" "Amazon CloudFront"
64.252.66.105 - - [08/Apr/2026:09:23:21 +0000] "GET /?p=41676 HTTP/1.1" 200 23461 "-" "Amazon CloudFront"
15.158.215.109 - - [08/Apr/2026:09:23:22 +0000] "POST /wp-cron.php?doing_wp_cron=1775640202.3852899074554443359375 HTTP/1.1" 200 - "https://69b4844ae61d4e92bf26ad98af552775-devsite.readyship.co/wp-cron.php?doing_wp_cron=1775640202.3852899074554443359375" "WordPress/5.1.19; https://69b4844ae61d4e92bf26ad98af552775-devsite.readyship.co"
64.252.82.241 - - [08/Apr/2026:09:23:21 +0000] "GET /?p=73737 HTTP/1.1" 200 15100 "-" "Amazon CloudFront"
64.252.82.241 - - [08/Apr/2026:09:23:23 +0000] "GET /?p=18181 HTTP/1.1" 200 15085 "-" "Amazon CloudFront"
64.252.82.241 - - [08/Apr/2026:09:23:25 +0000] "GET /?p=63692 HTTP/1.1" 200 14478 "-" "Amazon CloudFront"
64.252.85.152 - - [08/Apr/2026:09:23:26 +0000] "GET /?p=63694 HTTP/1.1" 200 14609 "-" "Amazon CloudFront"
64.252.85.152 - - [08/Apr/2026:09:23:27 +0000] "GET /?p=63693 HTTP/1.1" 200 14571 "-" "Amazon CloudFront"
64.252.68.163 - - [08/Apr/2026:09:23:28 +0000] "GET /?p=40908 HTTP/1.1" 200 16990 "-" "Amazon CloudFront"
64.252.83.165 - - [08/Apr/2026:09:23:28 +0000] "GET /?p=63760 HTTP/1.1" 200 14540 "-" "Amazon CloudFront"
64.252.82.241 - - [08/Apr/2026:09:23:29 +0000] "GET /?p=63764 HTTP/1.1" 200 14614 "-" "Amazon CloudFront"
15.158.243.79 - - [08/Apr/2026:09:23:31 +0000] "GET /index.php?format=xml&rest_route=%2Foembed%2F1.0%2Fembed&url=https%3A%2F%2F69b4844ae61d4e92bf26ad98af552775-devsite.readyship.co%2F%3Fp%3D63760 HTTP/1.1" 403 - "https://69b4844ae61d4e92bf26ad98af552775-devsite.readyship.co/?p=63760" "Mozilla/5.0 AppleWebKit/537.36 (KHTML, like Gecko; compatible; GPTBot/1.3; +https://openai.com/gptbot)"
15.158.243.79 - - [08/Apr/2026:09:23:31 +0000] "GET /index.php?rest_route=%2Foembed%2F1.0%2Fembed&url=https%3A%2F%2F69b4844ae61d4e92bf26ad98af552775-devsite.readyship.co%2F%3Fp%3D63760 HTTP/1.1" 403 - "https://69b4844ae61d4e92bf26ad98af552775-devsite.readyship.co/?p=63760" "Mozilla/5.0 AppleWebKit/537.36 (KHTML, like Gecko; compatible; GPTBot/1.3; +https://openai.com/gptbot)"
64.252.83.165 - - [08/Apr/2026:09:23:32 +0000] "GET /?p=63698 HTTP/1.1" 200 14546 "-" "Amazon CloudFront"
64.252.83.165 - - [08/Apr/2026:09:23:33 +0000] "GET /?p=63699 HTTP/1.1" 200 14544 "-" "Amazon CloudFront"
64.252.85.152 - - [08/Apr/2026:09:23:34 +0000] "GET /?p=63722 HTTP/1.1" 200 14515 "-" "Amazon CloudFront"
64.252.83.165 - - [08/Apr/2026:09:23:35 +0000] "GET /?p=63697 HTTP/1.1" 200 14363 "-" "Amazon CloudFront"
64.252.83.165 - - [08/Apr/2026:09:23:37 +0000] "GET /?p=63762 HTTP/1.1" 200 14694 "-" "Amazon CloudFront"
64.252.85.152 - - [08/Apr/2026:09:23:38 +0000] "GET /?p=63700 HTTP/1.1" 200 14459 "-" "Amazon CloudFront"
64.252.83.165 - - [08/Apr/2026:09:23:39 +0000] "GET /?p=63769 HTTP/1.1" 200 16782 "-" "Amazon CloudFront"
64.252.68.163 - - [08/Apr/2026:09:23:40 +0000] "GET /?cat=108 HTTP/1.1" 200 9589 "-" "Amazon CloudFront"
64.252.82.241 - - [08/Apr/2026:09:23:40 +0000] "GET /?p=63767 HTTP/1.1" 200 14658 "-" "Amazon CloudFront"
64.252.85.152 - - [08/Apr/2026:09:23:42 +0000] "GET /?p=63768 HTTP/1.1" 200 14763 "-" "Amazon CloudFront"
64.252.82.241 - - [08/Apr/2026:09:23:43 +0000] "GET /?p=63719 HTTP/1.1" 200 14756 "-" "Amazon CloudFront"
64.252.83.165 - - [08/Apr/2026:09:23:44 +0000] "GET /?p=63701 HTTP/1.1" 200 14109 "-" "Amazon CloudFront"
64.252.82.241 - - [08/Apr/2026:09:23:45 +0000] "GET /?p=63759 HTTP/1.1" 200 14840 "-" "Amazon CloudFront"
64.252.83.165 - - [08/Apr/2026:09:23:47 +0000] "GET /?author=2&paged=1650 HTTP/1.1" 200 11402 "-" "Amazon CloudFront"
64.252.85.152 - - [08/Apr/2026:09:23:48 +0000] "GET /?feed=rss2&p=18181 HTTP/1.1" 200 497 "-" "Amazon CloudFront"
64.252.82.241 - - [08/Apr/2026:09:23:49 +0000] "GET /?feed=rss2&p=21212 HTTP/1.1" 200 512 "-" "Amazon CloudFront"
64.252.83.165 - - [08/Apr/2026:09:23:50 +0000] "GET /?feed=rss2&p=73737 HTTP/1.1" 200 519 "-" "Amazon CloudFront"
64.252.69.192 - - [08/Apr/2026:09:23:49 +0000] "GET /?p=7609 HTTP/1.1" 200 46942 "-" "Amazon CloudFront"
64.252.85.152 - - [08/Apr/2026:09:23:50 +0000] "GET /?author=2&paged=1651 HTTP/1.1" 200 11334 "-" "Amazon CloudFront"
64.252.66.105 - - [08/Apr/2026:09:23:51 +0000] "GET /?p=90813 HTTP/1.1" 200 18322 "-" "Amazon CloudFront"
64.252.85.152 - - [08/Apr/2026:09:23:52 +0000] "GET /?p=25252 HTTP/1.1" 200 14666 "-" "Amazon CloudFront"
64.252.85.152 - - [08/Apr/2026:09:23:53 +0000] "GET /?p=76767 HTTP/1.1" 200 21011 "-" "Amazon CloudFront"
64.252.83.165 - - [08/Apr/2026:09:23:54 +0000] "GET /?p=43434 HTTP/1.1" 200 14613 "-" "Amazon CloudFront"
15.158.243.79 - - [08/Apr/2026:09:23:55 +0000] "GET /index.php?rest_route=%2Foembed%2F1.0%2Fembed&url=https%3A%2F%2F69b4844ae61d4e92bf26ad98af552775-devsite.readyship.co%2F%3Fp%3D63719 HTTP/1.1" 403 - "https://69b4844ae61d4e92bf26ad98af552775-devsite.readyship.co/?p=63719" "Mozilla/5.0 AppleWebKit/537.36 (KHTML, like Gecko; compatible; GPTBot/1.3; +https://openai.com/gptbot)"
64.252.83.165 - - [08/Apr/2026:09:23:56 +0000] "GET /?p=63675 HTTP/1.1" 200 14444 "-" "Amazon CloudFront"
64.252.67.128 - - [08/Apr/2026:09:23:57 +0000] "GET /?p=44316 HTTP/1.1" 200 21485 "-" "Amazon CloudFront"
64.252.85.152 - - [08/Apr/2026:09:23:57 +0000] "GET /?p=68686 HTTP/1.1" 200 14139 "-" "Amazon CloudFront"
64.252.85.152 - - [08/Apr/2026:09:23:59 +0000] "GET /?p=63706 HTTP/1.1" 200 14335 "-" "Amazon CloudFront"
64.252.82.241 - - [08/Apr/2026:09:24:00 +0000] "GET /?p=63703 HTTP/1.1" 200 14388 "-" "Amazon CloudFront"
64.252.83.165 - - [08/Apr/2026:09:24:01 +0000] "GET /?p=63678 HTTP/1.1" 200 14374 "-" "Amazon CloudFront"
64.252.82.241 - - [08/Apr/2026:09:24:02 +0000] "GET /?p=63682 HTTP/1.1" 200 15562 "-" "Amazon CloudFront"
64.252.85.152 - - [08/Apr/2026:09:24:04 +0000] "GET /?p=63690 HTTP/1.1" 200 14688 "-" "Amazon CloudFront"
64.252.85.152 - - [08/Apr/2026:09:24:05 +0000] "GET /?p=63695 HTTP/1.1" 200 14643 "-" "Amazon CloudFront"
64.252.83.165 - - [08/Apr/2026:09:24:06 +0000] "GET /?p=63685 HTTP/1.1" 200 15796 "-" "Amazon CloudFront"
64.252.82.241 - - [08/Apr/2026:09:24:07 +0000] "GET /?p=43436 HTTP/1.1" 200 22541 "-" "Amazon CloudFront"
64.252.83.165 - - [08/Apr/2026:09:24:09 +0000] "GET /?p=63687 HTTP/1.1" 200 15300 "-" "Amazon CloudFront"
64.252.85.152 - - [08/Apr/2026:09:24:10 +0000] "GET /?p=63647 HTTP/1.1" 200 14326 "-" "Amazon CloudFront"
64.252.83.165 - - [08/Apr/2026:09:24:11 +0000] "GET /?p=63683 HTTP/1.1" 200 14468 "-" "Amazon CloudFront"
64.252.82.241 - - [08/Apr/2026:09:24:12 +0000] "GET /?p=63671 HTTP/1.1" 200 14061 "-" "Amazon CloudFront"
64.252.83.165 - - [08/Apr/2026:09:24:14 +0000] "GET /?p=63689 HTTP/1.1" 200 14632 "-" "Amazon CloudFront"
64.252.67.128 - - [08/Apr/2026:09:24:15 +0000] "GET /?p=8675 HTTP/1.1" 200 20901 "-" "Amazon CloudFront"
64.252.82.241 - - [08/Apr/2026:09:24:15 +0000] "GET /?p=63691 HTTP/1.1" 200 14163 "-" "Amazon CloudFront"
64.252.85.152 - - [08/Apr/2026:09:24:16 +0000] "GET /?p=63702 HTTP/1.1" 200 14753 "-" "Amazon CloudFront"
64.252.82.241 - - [08/Apr/2026:09:24:17 +0000] "GET /?p=63705 HTTP/1.1" 200 14493 "-" "Amazon CloudFront"
64.252.68.163 - - [08/Apr/2026:09:24:17 +0000] "GET /?p=37710 HTTP/1.1" 200 15828 "-" "Amazon CloudFront"
64.252.85.152 - - [08/Apr/2026:09:24:19 +0000] "GET /?p=63704 HTTP/1.1" 200 14379 "-" "Amazon CloudFront"
64.252.83.165 - - [08/Apr/2026:09:24:20 +0000] "GET /?author=2&paged=1653 HTTP/1.1" 200 11330 "-" "Amazon CloudFront"
15.158.215.109 - - [08/Apr/2026:09:24:22 +0000] "POST /wp-cron.php?doing_wp_cron=1775640262.1045069694519042968750 HTTP/1.1" 200 - "https://69b4844ae61d4e92bf26ad98af552775-devsite.readyship.co/wp-cron.php?doing_wp_cron=1775640262.1045069694519042968750" "WordPress/5.1.19; https://69b4844ae61d4e92bf26ad98af552775-devsite.readyship.co"
64.252.83.165 - - [08/Apr/2026:09:24:21 +0000] "GET /?feed=rss2&p=43436 HTTP/1.1" 200 511 "-" "Amazon CloudFront"
64.252.66.105 - - [08/Apr/2026:09:24:21 +0000] "GET /?p=29580 HTTP/1.1" 200 18388 "-" "Amazon CloudFront"
64.252.82.241 - - [08/Apr/2026:09:24:23 +0000] "GET /?p=43438 HTTP/1.1" 200 14446 "-" "Amazon CloudFront"
64.252.85.152 - - [08/Apr/2026:09:24:24 +0000] "GET /?p=63684 HTTP/1.1" 200 14296 "-" "Amazon CloudFront"
64.252.82.241 - - [08/Apr/2026:09:24:25 +0000] "GET /?feed=rss2&p=76767 HTTP/1.1" 200 522 "-" "Amazon CloudFront"
64.252.82.241 - - [08/Apr/2026:09:24:26 +0000] "GET /?feed=rss2&p=25252 HTTP/1.1" 200 509 "-" "Amazon CloudFront"
64.252.85.152 - - [08/Apr/2026:09:24:27 +0000] "GET /?feed=rss2&p=43434 HTTP/1.1" 200 530 "-" "Amazon CloudFront"
64.252.85.152 - - [08/Apr/2026:09:24:27 +0000] "GET /?author=2&paged=1652 HTTP/1.1" 200 11327 "-" "Amazon CloudFront"
15.158.243.79 - - [08/Apr/2026:09:24:29 +0000] "GET /index.php?rest_route=%2Foembed%2F1.0%2Fembed&url=https%3A%2F%2F69b4844ae61d4e92bf26ad98af552775-devsite.readyship.co%2F%3Fp%3D63702 HTTP/1.1" 403 - "https://69b4844ae61d4e92bf26ad98af552775-devsite.readyship.co/?p=63702" "Mozilla/5.0 AppleWebKit/537.36 (KHTML, like Gecko; compatible; GPTBot/1.3; +https://openai.com/gptbot)"
64.252.82.241 - - [08/Apr/2026:09:24:29 +0000] "GET /?p=19191 HTTP/1.1" 200 14349 "-" "Amazon CloudFront"
64.252.83.165 - - [08/Apr/2026:09:24:31 +0000] "GET /?p=16161 HTTP/1.1" 200 14627 "-" "Amazon CloudFront"
64.252.83.165 - - [08/Apr/2026:09:24:32 +0000] "GET /?p=63628 HTTP/1.1" 200 14545 "-" "Amazon CloudFront"
64.252.85.152 - - [08/Apr/2026:09:24:33 +0000] "GET /?p=63638 HTTP/1.1" 200 14533 "-" "Amazon CloudFront"
64.252.82.241 - - [08/Apr/2026:09:24:34 +0000] "GET /?feed=rss2&p=43438 HTTP/1.1" 200 548 "-" "Amazon CloudFront"
64.252.83.165 - - [08/Apr/2026:09:24:35 +0000] "GET /?p=63634 HTTP/1.1" 200 17643 "-" "Amazon CloudFront"
64.252.83.165 - - [08/Apr/2026:09:24:37 +0000] "GET /?p=63630 HTTP/1.1" 200 14750 "-" "Amazon CloudFront"
64.252.67.128 - - [08/Apr/2026:09:24:37 +0000] "GET /?p=9543 HTTP/1.1" 200 15826 "-" "Amazon CloudFront"
64.252.82.241 - - [08/Apr/2026:09:24:38 +0000] "GET /?p=63654 HTTP/1.1" 200 14477 "-" "Amazon CloudFront"
64.252.83.165 - - [08/Apr/2026:09:24:39 +0000] "GET /?p=63653 HTTP/1.1" 200 14359 "-" "Amazon CloudFront"
64.252.83.165 - - [08/Apr/2026:09:24:40 +0000] "GET /?p=63627 HTTP/1.1" 200 15477 "-" "Amazon CloudFront"
64.252.82.241 - - [08/Apr/2026:09:24:42 +0000] "GET /?p=63623 HTTP/1.1" 200 14858 "-" "Amazon CloudFront"
64.252.82.241 - - [08/Apr/2026:09:24:43 +0000] "GET /?p=63635 HTTP/1.1" 200 14875 "-" "Amazon CloudFront"
64.252.83.165 - - [08/Apr/2026:09:24:44 +0000] "GET /?p=63629 HTTP/1.1" 200 14703 "-" "Amazon CloudFront"
64.252.82.241 - - [08/Apr/2026:09:24:45 +0000] "GET /?author=2&paged=1654 HTTP/1.1" 200 11287 "-" "Amazon CloudFront"
64.252.85.152 - - [08/Apr/2026:09:24:47 +0000] "GET /?feed=rss2&p=16161 HTTP/1.1" 200 511 "-" "Amazon CloudFront"
64.252.83.165 - - [08/Apr/2026:09:24:47 +0000] "GET /?feed=rss2&p=19191 HTTP/1.1" 200 514 "-" "Amazon CloudFront"
64.252.83.165 - - [08/Apr/2026:09:24:48 +0000] "GET /?p=63610 HTTP/1.1" 200 14778 "-" "Amazon CloudFront"
64.252.83.165 - - [08/Apr/2026:09:24:49 +0000] "GET /?author=2&paged=1655 HTTP/1.1" 200 11226 "-" "Amazon CloudFront"
64.252.83.165 - - [08/Apr/2026:09:24:51 +0000] "GET /?p=63636 HTTP/1.1" 200 15780 "-" "Amazon CloudFront"
64.252.82.241 - - [08/Apr/2026:09:24:52 +0000] "GET /prizes/76545450 HTTP/1.1" 301 - "-" "Amazon CloudFront"
64.252.83.165 - - [08/Apr/2026:09:24:53 +0000] "GET /prizes/76545450/ HTTP/1.1" 200 24283 "-" "Amazon CloudFront"
64.252.83.165 - - [08/Apr/2026:09:24:56 +0000] "GET /?job_listing_category=marketing HTTP/1.1" 200 10162 "-" "Amazon CloudFront"
64.252.82.241 - - [08/Apr/2026:09:24:58 +0000] "GET /?feed=rss2&p=63623 HTTP/1.1" 200 500 "-" "Amazon CloudFront"
64.252.83.165 - - [08/Apr/2026:09:24:59 +0000] "GET /?p=9999 HTTP/1.1" 200 14631 "-" "Amazon CloudFront"
64.252.85.152 - - [08/Apr/2026:09:25:00 +0000] "GET /?p=7777 HTTP/1.1" 200 22835 "-" "Amazon CloudFront"
64.252.82.241 - - [08/Apr/2026:09:25:01 +0000] "GET /?p=63615 HTTP/1.1" 200 14128 "-" "Amazon CloudFront"
64.252.83.165 - - [08/Apr/2026:09:25:03 +0000] "GET /?p=63617 HTTP/1.1" 200 14280 "-" "Amazon CloudFront"
64.252.83.165 - - [08/Apr/2026:09:25:04 +0000] "GET /?p=63620 HTTP/1.1" 200 13097 "-" "Amazon CloudFront"
64.252.83.165 - - [08/Apr/2026:09:25:05 +0000] "GET /?p=63621 HTTP/1.1" 200 14205 "-" "Amazon CloudFront"
64.252.83.165 - - [08/Apr/2026:09:25:06 +0000] "GET /?p=63599 HTTP/1.1" 200 14643 "-" "Amazon CloudFront"
64.252.85.152 - - [08/Apr/2026:09:25:08 +0000] "GET /?p=63602 HTTP/1.1" 200 14550 "-" "Amazon CloudFront"
64.252.82.241 - - [08/Apr/2026:09:25:09 +0000] "GET /?p=63618 HTTP/1.1" 200 14253 "-" "Amazon CloudFront"
64.252.82.241 - - [08/Apr/2026:09:25:10 +0000] "GET /?feed=rss2&job_listing_category=marketing HTTP/1.1" 200 1034 "-" "Amazon CloudFront"
64.252.82.241 - - [08/Apr/2026:09:25:11 +0000] "GET /?p=63612 HTTP/1.1" 200 14460 "-" "Amazon CloudFront"
64.252.82.241 - - [08/Apr/2026:09:25:12 +0000] "GET /?p=63619 HTTP/1.1" 200 17453 "-" "Amazon CloudFront"
64.252.85.152 - - [08/Apr/2026:09:25:14 +0000] "GET /?p=63625 HTTP/1.1" 200 14379 "-" "Amazon CloudFront"
64.252.82.241 - - [08/Apr/2026:09:25:15 +0000] "GET /?p=63600 HTTP/1.1" 200 14031 "-" "Amazon CloudFront"
64.252.82.241 - - [08/Apr/2026:09:25:16 +0000] "GET /?p=63601 HTTP/1.1" 200 14493 "-" "Amazon CloudFront"
64.252.68.163 - - [08/Apr/2026:09:25:17 +0000] "GET /?p=61630 HTTP/1.1" 200 14526 "-" "Amazon CloudFront"
64.252.82.241 - - [08/Apr/2026:09:25:18 +0000] "GET /?p=63604 HTTP/1.1" 200 14384 "-" "Amazon CloudFront"
64.252.83.165 - - [08/Apr/2026:09:25:19 +0000] "GET /?p=63613 HTTP/1.1" 200 14287 "-" "Amazon CloudFront"
64.252.82.241 - - [08/Apr/2026:09:25:20 +0000] "GET /?p=63614 HTTP/1.1" 200 14037 "-" "Amazon CloudFront"
64.252.66.105 - - [08/Apr/2026:09:25:20 +0000] "GET /?p=88084 HTTP/1.1" 200 15758 "-" "Amazon CloudFront"
15.158.215.109 - - [08/Apr/2026:09:25:22 +0000] "POST /wp-cron.php?doing_wp_cron=1775640322.2668180465698242187500 HTTP/1.1" 200 - "https://69b4844ae61d4e92bf26ad98af552775-devsite.readyship.co/wp-cron.php?doing_wp_cron=1775640322.2668180465698242187500" "WordPress/5.1.19; https://69b4844ae61d4e92bf26ad98af552775-devsite.readyship.co"
64.252.83.165 - - [08/Apr/2026:09:25:21 +0000] "GET /?p=63593 HTTP/1.1" 200 14417 "-" "Amazon CloudFront"
64.252.82.241 - - [08/Apr/2026:09:25:23 +0000] "GET /?p=63624 HTTP/1.1" 200 14924 "-" "Amazon CloudFront"
64.252.83.165 - - [08/Apr/2026:09:25:24 +0000] "GET /?p=63603 HTTP/1.1" 200 14381 "-" "Amazon CloudFront"
15.158.243.79 - - [08/Apr/2026:09:25:26 +0000] "GET /index.php?format=xml&rest_route=%2Foembed%2F1.0%2Fembed&url=https%3A%2F%2F69b4844ae61d4e92bf26ad98af552775-devsite.readyship.co%2F%3Fp%3D9999 HTTP/1.1" 403 - "https://69b4844ae61d4e92bf26ad98af552775-devsite.readyship.co/?p=9999" "Mozilla/5.0 AppleWebKit/537.36 (KHTML, like Gecko; compatible; GPTBot/1.3; +https://openai.com/gptbot)"
15.158.243.79 - - [08/Apr/2026:09:25:26 +0000] "GET /index.php?format=xml&rest_route=%2Foembed%2F1.0%2Fembed&url=https%3A%2F%2F69b4844ae61d4e92bf26ad98af552775-devsite.readyship.co%2F%3Fp%3D7777 HTTP/1.1" 403 - "https://69b4844ae61d4e92bf26ad98af552775-devsite.readyship.co/?p=7777" "Mozilla/5.0 AppleWebKit/537.36 (KHTML, like Gecko; compatible; GPTBot/1.3; +https://openai.com/gptbot)"
64.252.69.192 - - [08/Apr/2026:09:25:26 +0000] "GET /?p=67326 HTTP/1.1" 200 19530 "-" "Amazon CloudFront"
64.252.85.152 - - [08/Apr/2026:09:25:27 +0000] "GET /?p=63571 HTTP/1.1" 200 14255 "-" "Amazon CloudFront"
15.158.243.79 - - [08/Apr/2026:09:25:28 +0000] "GET /index.php?rest_route=%2Foembed%2F1.0%2Fembed&url=https%3A%2F%2F69b4844ae61d4e92bf26ad98af552775-devsite.readyship.co%2F%3Fp%3D7777 HTTP/1.1" 403 - "https://69b4844ae61d4e92bf26ad98af552775-devsite.readyship.co/?p=7777" "Mozilla/5.0 AppleWebKit/537.36 (KHTML, like Gecko; compatible; GPTBot/1.3; +https://openai.com/gptbot)"
15.158.243.72 - - [08/Apr/2026:09:25:29 +0000] "GET /index.php?rest_route=%2Foembed%2F1.0%2Fembed&url=https%3A%2F%2F69b4844ae61d4e92bf26ad98af552775-devsite.readyship.co%2F%3Fp%3D9999 HTTP/1.1" 403 - "https://69b4844ae61d4e92bf26ad98af552775-devsite.readyship.co/?p=9999" "Mozilla/5.0 AppleWebKit/537.36 (KHTML, like Gecko; compatible; GPTBot/1.3; +https://openai.com/gptbot)"
64.252.66.105 - - [08/Apr/2026:09:25:29 +0000] "GET /?p=28123 HTTP/1.1" 200 25329 "-" "Amazon CloudFront"
64.252.82.241 - - [08/Apr/2026:09:25:29 +0000] "GET /?job-vacancy-type=part-time HTTP/1.1" 200 10191 "-" "Amazon CloudFront"
64.252.82.241 - - [08/Apr/2026:09:25:30 +0000] "GET /?job_listing_category=restaurants HTTP/1.1" 200 11614 "-" "Amazon CloudFront"
64.252.85.152 - - [08/Apr/2026:09:25:32 +0000] "GET /?author=2&paged=1657 HTTP/1.1" 200 11302 "-" "Amazon CloudFront"
64.252.82.241 - - [08/Apr/2026:09:25:33 +0000] "GET /?author=2&paged=1656 HTTP/1.1" 200 11317 "-" "Amazon CloudFront"
64.252.82.241 - - [08/Apr/2026:09:25:34 +0000] "GET /?p=5555 HTTP/1.1" 200 24510 "-" "Amazon CloudFront"
64.252.82.241 - - [08/Apr/2026:09:25:36 +0000] "GET /?p=8888 HTTP/1.1" 200 21125 "-" "Amazon CloudFront"
64.252.82.241 - - [08/Apr/2026:09:25:37 +0000] "GET /?p=18881 HTTP/1.1" 200 14161 "-" "Amazon CloudFront"
64.252.82.241 - - [08/Apr/2026:09:25:38 +0000] "GET /?p=22216 HTTP/1.1" 200 15014 "-" "Amazon CloudFront"
64.252.85.152 - - [08/Apr/2026:09:25:39 +0000] "GET /?p=63590 HTTP/1.1" 200 14899 "-" "Amazon CloudFront"
64.252.66.105 - - [08/Apr/2026:09:25:39 +0000] "GET /?p=5599 HTTP/1.1" 200 23000 "-" "Amazon CloudFront"
64.252.85.152 - - [08/Apr/2026:09:25:41 +0000] "GET /?p=68884 HTTP/1.1" 200 22406 "-" "Amazon CloudFront"
64.252.82.241 - - [08/Apr/2026:09:25:42 +0000] "GET /?p=22244 HTTP/1.1" 200 14724 "-" "Amazon CloudFront"
64.252.82.241 - - [08/Apr/2026:09:25:43 +0000] "GET /?p=39555 HTTP/1.1" 200 15984 "-" "Amazon CloudFront"
64.252.85.152 - - [08/Apr/2026:09:25:44 +0000] "GET /?p=24666 HTTP/1.1" 200 21754 "-" "Amazon CloudFront"
64.252.82.241 - - [08/Apr/2026:09:25:46 +0000] "GET /?p=63551 HTTP/1.1" 200 14259 "-" "Amazon CloudFront"
64.252.82.241 - - [08/Apr/2026:09:25:47 +0000] "GET /?p=63607 HTTP/1.1" 200 15736 "-" "Amazon CloudFront"
64.252.83.165 - - [08/Apr/2026:09:25:48 +0000] "GET /?p=63550 HTTP/1.1" 200 14378 "-" "Amazon CloudFront"
64.252.82.241 - - [08/Apr/2026:09:25:49 +0000] "GET /?p=63552 HTTP/1.1" 200 14609 "-" "Amazon CloudFront"
64.252.85.152 - - [08/Apr/2026:09:25:51 +0000] "GET /?feed=rss2&p=18881 HTTP/1.1" 200 525 "-" "Amazon CloudFront"
64.252.83.165 - - [08/Apr/2026:09:25:51 +0000] "GET /?feed=rss2&p=22216 HTTP/1.1" 200 532 "-" "Amazon CloudFront"
64.252.85.152 - - [08/Apr/2026:09:25:52 +0000] "GET /?p=63609 HTTP/1.1" 200 14401 "-" "Amazon CloudFront"
64.252.85.152 - - [08/Apr/2026:09:25:54 +0000] "GET /?feed=rss2&p=68884 HTTP/1.1" 200 525 "-" "Amazon CloudFront"
64.252.83.165 - - [08/Apr/2026:09:25:54 +0000] "GET /?feed=rss2&p=22244 HTTP/1.1" 200 545 "-" "Amazon CloudFront"
64.252.82.241 - - [08/Apr/2026:09:25:55 +0000] "GET /?feed=rss2&p=39555 HTTP/1.1" 200 503 "-" "Amazon CloudFront"
64.252.85.152 - - [08/Apr/2026:09:25:56 +0000] "GET /?feed=rss2&p=24666 HTTP/1.1" 200 538 "-" "Amazon CloudFront"
64.252.83.165 - - [08/Apr/2026:09:25:57 +0000] "GET /?p=63545 HTTP/1.1" 200 14439 "-" "Amazon CloudFront"
64.252.83.165 - - [08/Apr/2026:09:25:58 +0000] "GET /?p=63546 HTTP/1.1" 200 15321 "-" "Amazon CloudFront"
64.252.83.165 - - [08/Apr/2026:09:25:59 +0000] "GET /?p=63568 HTTP/1.1" 200 14662 "-" "Amazon CloudFront"
64.252.85.152 - - [08/Apr/2026:09:26:01 +0000] "GET /?p=63544 HTTP/1.1" 200 15724 "-" "Amazon CloudFront"
64.252.85.152 - - [08/Apr/2026:09:26:02 +0000] "GET /?p=63543 HTTP/1.1" 200 16193 "-" "Amazon CloudFront"
64.252.82.241 - - [08/Apr/2026:09:26:03 +0000] "GET /?p=63569 HTTP/1.1" 200 14383 "-" "Amazon CloudFront"
64.252.83.165 - - [08/Apr/2026:09:26:05 +0000] "GET /?p=63562 HTTP/1.1" 200 14314 "-" "Amazon CloudFront"
64.252.82.241 - - [08/Apr/2026:09:26:06 +0000] "GET /?p=63608 HTTP/1.1" 200 14540 "-" "Amazon CloudFront"
15.158.243.79 - - [08/Apr/2026:09:26:07 +0000] "GET /index.php?format=xml&rest_route=%2Foembed%2F1.0%2Fembed&url=https%3A%2F%2F69b4844ae61d4e92bf26ad98af552775-devsite.readyship.co%2F%3Fp%3D8888 HTTP/1.1" 403 - "https://69b4844ae61d4e92bf26ad98af552775-devsite.readyship.co/?p=8888" "Mozilla/5.0 AppleWebKit/537.36 (KHTML, like Gecko; compatible; GPTBot/1.3; +https://openai.com/gptbot)"
15.158.243.79 - - [08/Apr/2026:09:26:08 +0000] "GET /index.php?format=xml&rest_route=%2Foembed%2F1.0%2Fembed&url=https%3A%2F%2F69b4844ae61d4e92bf26ad98af552775-devsite.readyship.co%2F%3Fp%3D5555 HTTP/1.1" 403 - "https://69b4844ae61d4e92bf26ad98af552775-devsite.readyship.co/?p=5555" "Mozilla/5.0 AppleWebKit/537.36 (KHTML, like Gecko; compatible; GPTBot/1.3; +https://openai.com/gptbot)"
64.252.83.165 - - [08/Apr/2026:09:26:08 +0000] "GET /?p=63549 HTTP/1.1" 200 14417 "-" "Amazon CloudFront"
64.252.83.165 - - [08/Apr/2026:09:26:09 +0000] "GET /?p=63548 HTTP/1.1" 200 14607 "-" "Amazon CloudFront"
64.252.85.152 - - [08/Apr/2026:09:26:11 +0000] "GET /?p=63547 HTTP/1.1" 200 14649 "-" "Amazon CloudFront"
64.252.83.165 - - [08/Apr/2026:09:26:12 +0000] "GET /?p=63541 HTTP/1.1" 200 15040 "-" "Amazon CloudFront"
64.252.83.165 - - [08/Apr/2026:09:26:13 +0000] "GET /?p=63542 HTTP/1.1" 200 14910 "-" "Amazon CloudFront"
15.158.243.79 - - [08/Apr/2026:09:26:14 +0000] "GET /index.php?rest_route=%2Foembed%2F1.0%2Fembed&url=https%3A%2F%2F69b4844ae61d4e92bf26ad98af552775-devsite.readyship.co%2F%3Fp%3D5555 HTTP/1.1" 403 - "https://69b4844ae61d4e92bf26ad98af552775-devsite.readyship.co/?p=5555" "Mozilla/5.0 AppleWebKit/537.36 (KHTML, like Gecko; compatible; GPTBot/1.3; +https://openai.com/gptbot)"
15.158.243.79 - - [08/Apr/2026:09:26:15 +0000] "GET /index.php?rest_route=%2Foembed%2F1.0%2Fembed&url=https%3A%2F%2F69b4844ae61d4e92bf26ad98af552775-devsite.readyship.co%2F%3Fp%3D8888 HTTP/1.1" 403 - "https://69b4844ae61d4e92bf26ad98af552775-devsite.readyship.co/?p=8888" "Mozilla/5.0 AppleWebKit/537.36 (KHTML, like Gecko; compatible; GPTBot/1.3; +https://openai.com/gptbot)"
15.158.243.72 - - [08/Apr/2026:09:26:16 +0000] "GET /index.php?rest_route=%2Foembed%2F1.0%2Fembed&url=https%3A%2F%2F69b4844ae61d4e92bf26ad98af552775-devsite.readyship.co%2F%3Fp%3D22216 HTTP/1.1" 403 - "https://69b4844ae61d4e92bf26ad98af552775-devsite.readyship.co/?p=22216" "Mozilla/5.0 AppleWebKit/537.36 (KHTML, like Gecko; compatible; GPTBot/1.3; +https://openai.com/gptbot)"
15.158.243.72 - - [08/Apr/2026:09:26:16 +0000] "GET /index.php?rest_route=%2Foembed%2F1.0%2Fembed&url=https%3A%2F%2F69b4844ae61d4e92bf26ad98af552775-devsite.readyship.co%2F%3Fp%3D68884 HTTP/1.1" 403 - "https://69b4844ae61d4e92bf26ad98af552775-devsite.readyship.co/?p=68884" "Mozilla/5.0 AppleWebKit/537.36 (KHTML, like Gecko; compatible; GPTBot/1.3; +https://openai.com/gptbot)"
15.158.243.111 - - [08/Apr/2026:09:26:17 +0000] "GET /index.php?rest_route=%2Foembed%2F1.0%2Fembed&url=https%3A%2F%2F69b4844ae61d4e92bf26ad98af552775-devsite.readyship.co%2F%3Fp%3D22244 HTTP/1.1" 403 - "https://69b4844ae61d4e92bf26ad98af552775-devsite.readyship.co/?p=22244" "Mozilla/5.0 AppleWebKit/537.36 (KHTML, like Gecko; compatible; GPTBot/1.3; +https://openai.com/gptbot)"
15.158.243.102 - - [08/Apr/2026:09:26:17 +0000] "GET /index.php?rest_route=%2Foembed%2F1.0%2Fembed&url=https%3A%2F%2F69b4844ae61d4e92bf26ad98af552775-devsite.readyship.co%2F%3Fp%3D24666 HTTP/1.1" 403 - "https://69b4844ae61d4e92bf26ad98af552775-devsite.readyship.co/?p=24666" "Mozilla/5.0 AppleWebKit/537.36 (KHTML, like Gecko; compatible; GPTBot/1.3; +https://openai.com/gptbot)"
15.158.243.102 - - [08/Apr/2026:09:26:18 +0000] "GET /index.php?rest_route=%2Foembed%2F1.0%2Fembed&url=https%3A%2F%2F69b4844ae61d4e92bf26ad98af552775-devsite.readyship.co%2F%3Fp%3D18881 HTTP/1.1" 403 - "https://69b4844ae61d4e92bf26ad98af552775-devsite.readyship.co/?p=18881" "Mozilla/5.0 AppleWebKit/537.36 (KHTML, like Gecko; compatible; GPTBot/1.3; +https://openai.com/gptbot)"
64.252.85.152 - - [08/Apr/2026:09:26:18 +0000] "GET /?p=63534 HTTP/1.1" 200 14566 "-" "Amazon CloudFront"
15.158.243.111 - - [08/Apr/2026:09:26:20 +0000] "GET /index.php?rest_route=%2Foembed%2F1.0%2Fembed&url=https%3A%2F%2F69b4844ae61d4e92bf26ad98af552775-devsite.readyship.co%2F%3Fp%3D39555 HTTP/1.1" 403 - "https://69b4844ae61d4e92bf26ad98af552775-devsite.readyship.co/?p=39555" "Mozilla/5.0 AppleWebKit/537.36 (KHTML, like Gecko; compatible; GPTBot/1.3; +https://openai.com/gptbot)"
64.252.83.165 - - [08/Apr/2026:09:26:20 +0000] "GET /?author=2&paged=1658 HTTP/1.1" 200 11309 "-" "Amazon CloudFront"
15.158.215.109 - - [08/Apr/2026:09:26:22 +0000] "POST /wp-cron.php?doing_wp_cron=1775640382.3043038845062255859375 HTTP/1.1" 200 - "https://69b4844ae61d4e92bf26ad98af552775-devsite.readyship.co/wp-cron.php?doing_wp_cron=1775640382.3043038845062255859375" "WordPress/5.1.19; https://69b4844ae61d4e92bf26ad98af552775-devsite.readyship.co"
64.252.82.241 - - [08/Apr/2026:09:26:21 +0000] "GET /?author=2&paged=1659 HTTP/1.1" 200 11371 "-" "Amazon CloudFront"
64.252.83.165 - - [08/Apr/2026:09:26:23 +0000] "GET /?p=21116 HTTP/1.1" 200 15256 "-" "Amazon CloudFront"
64.252.82.241 - - [08/Apr/2026:09:26:25 +0000] "GET /?p=77798 HTTP/1.1" 200 16883 "-" "Amazon CloudFront"
64.252.82.241 - - [08/Apr/2026:09:26:26 +0000] "GET /?p=66619 HTTP/1.1" 200 14760 "-" "Amazon CloudFront"
64.252.82.241 - - [08/Apr/2026:09:26:27 +0000] "GET /?p=77729 HTTP/1.1" 200 14497 "-" "Amazon CloudFront"
64.252.85.152 - - [08/Apr/2026:09:26:28 +0000] "GET /?p=77999 HTTP/1.1" 200 14719 "-" "Amazon CloudFront"
64.252.83.165 - - [08/Apr/2026:09:26:30 +0000] "GET /?p=20007 HTTP/1.1" 200 14522 "-" "Amazon CloudFront"
64.252.83.165 - - [08/Apr/2026:09:26:31 +0000] "GET /?p=26333 HTTP/1.1" 200 16880 "-" "Amazon CloudFront"
64.252.85.152 - - [08/Apr/2026:09:26:32 +0000] "GET /?p=63535 HTTP/1.1" 200 14489 "-" "Amazon CloudFront"
64.252.83.165 - - [08/Apr/2026:09:26:33 +0000] "GET /?p=63529 HTTP/1.1" 200 14701 "-" "Amazon CloudFront"
64.252.82.241 - - [08/Apr/2026:09:26:34 +0000] "GET /?p=63538 HTTP/1.1" 200 14773 "-" "Amazon CloudFront"
64.252.82.241 - - [08/Apr/2026:09:26:36 +0000] "GET /?p=63530 HTTP/1.1" 200 14535 "-" "Amazon CloudFront"
64.252.82.241 - - [08/Apr/2026:09:26:37 +0000] "GET /?feed=rss2&p=21116 HTTP/1.1" 200 495 "-" "Amazon CloudFront"
64.252.83.165 - - [08/Apr/2026:09:26:38 +0000] "GET /?feed=rss2&p=77798 HTTP/1.1" 200 503 "-" "Amazon CloudFront"
64.252.82.241 - - [08/Apr/2026:09:26:39 +0000] "GET /?p=63536 HTTP/1.1" 200 14474 "-" "Amazon CloudFront"
64.252.83.165 - - [08/Apr/2026:09:26:40 +0000] "GET /?feed=rss2&p=77729 HTTP/1.1" 200 531 "-" "Amazon CloudFront"
64.252.83.165 - - [08/Apr/2026:09:26:40 +0000] "GET /?feed=rss2&p=77999 HTTP/1.1" 200 511 "-" "Amazon CloudFront"
64.252.82.241 - - [08/Apr/2026:09:26:41 +0000] "GET /?feed=rss2&p=20007 HTTP/1.1" 200 516 "-" "Amazon CloudFront"
64.252.82.241 - - [08/Apr/2026:09:26:42 +0000] "GET /?feed=rss2&p=26333 HTTP/1.1" 200 514 "-" "Amazon CloudFront"
64.252.82.241 - - [08/Apr/2026:09:26:43 +0000] "GET /?p=26335 HTTP/1.1" 200 17301 "-" "Amazon CloudFront"
64.252.83.165 - - [08/Apr/2026:09:26:44 +0000] "GET /?p=63554 HTTP/1.1" 200 14119 "-" "Amazon CloudFront"
64.252.85.152 - - [08/Apr/2026:09:26:46 +0000] "GET /?p=63539 HTTP/1.1" 200 14430 "-" "Amazon CloudFront"
64.252.85.152 - - [08/Apr/2026:09:26:47 +0000] "GET /?p=63563 HTTP/1.1" 200 14299 "-" "Amazon CloudFront"
64.252.82.241 - - [08/Apr/2026:09:26:48 +0000] "GET /?p=63537 HTTP/1.1" 200 14703 "-" "Amazon CloudFront"
64.252.85.152 - - [08/Apr/2026:09:26:49 +0000] "GET /?p=63528 HTTP/1.1" 200 14669 "-" "Amazon CloudFront"
64.252.85.152 - - [08/Apr/2026:09:26:51 +0000] "GET /?p=63527 HTTP/1.1" 200 14510 "-" "Amazon CloudFront"
64.252.83.165 - - [08/Apr/2026:09:26:52 +0000] "GET /?p=63524 HTTP/1.1" 200 14505 "-" "Amazon CloudFront"
64.252.82.241 - - [08/Apr/2026:09:26:53 +0000] "GET /?p=63520 HTTP/1.1" 200 15713 "-" "Amazon CloudFront"
64.252.83.165 - - [08/Apr/2026:09:26:54 +0000] "GET /?p=63504 HTTP/1.1" 200 14499 "-" "Amazon CloudFront"
64.252.82.241 - - [08/Apr/2026:09:26:56 +0000] "GET /?p=63510 HTTP/1.1" 200 14283 "-" "Amazon CloudFront"
64.252.85.152 - - [08/Apr/2026:09:26:57 +0000] "GET /?feed=rss2&p=26335 HTTP/1.1" 200 547 "-" "Amazon CloudFront"
64.252.82.241 - - [08/Apr/2026:09:26:58 +0000] "GET /?p=26337 HTTP/1.1" 200 14972 "-" "Amazon CloudFront"
64.252.82.241 - - [08/Apr/2026:09:26:59 +0000] "GET /?p=63509 HTTP/1.1" 200 15495 "-" "Amazon CloudFront"
15.158.243.79 - - [08/Apr/2026:09:27:00 +0000] "GET /index.php?rest_route=%2Foembed%2F1.0%2Fembed&url=https%3A%2F%2F69b4844ae61d4e92bf26ad98af552775-devsite.readyship.co%2F%3Fp%3D21116 HTTP/1.1" 403 - "https://69b4844ae61d4e92bf26ad98af552775-devsite.readyship.co/?p=21116" "Mozilla/5.0 AppleWebKit/537.36 (KHTML, like Gecko; compatible; GPTBot/1.3; +https://openai.com/gptbot)"
15.158.243.79 - - [08/Apr/2026:09:27:01 +0000] "GET /index.php?rest_route=%2Foembed%2F1.0%2Fembed&url=https%3A%2F%2F69b4844ae61d4e92bf26ad98af552775-devsite.readyship.co%2F%3Fp%3D77798 HTTP/1.1" 403 - "https://69b4844ae61d4e92bf26ad98af552775-devsite.readyship.co/?p=77798" "Mozilla/5.0 AppleWebKit/537.36 (KHTML, like Gecko; compatible; GPTBot/1.3; +https://openai.com/gptbot)"
15.158.243.72 - - [08/Apr/2026:09:27:01 +0000] "GET /index.php?rest_route=%2Foembed%2F1.0%2Fembed&url=https%3A%2F%2F69b4844ae61d4e92bf26ad98af552775-devsite.readyship.co%2F%3Fp%3D26333 HTTP/1.1" 403 - "https://69b4844ae61d4e92bf26ad98af552775-devsite.readyship.co/?p=26333" "Mozilla/5.0 AppleWebKit/537.36 (KHTML, like Gecko; compatible; GPTBot/1.3; +https://openai.com/gptbot)"
15.158.243.111 - - [08/Apr/2026:09:27:02 +0000] "GET /index.php?rest_route=%2Foembed%2F1.0%2Fembed&url=https%3A%2F%2F69b4844ae61d4e92bf26ad98af552775-devsite.readyship.co%2F%3Fp%3D77729 HTTP/1.1" 403 - "https://69b4844ae61d4e92bf26ad98af552775-devsite.readyship.co/?p=77729" "Mozilla/5.0 AppleWebKit/537.36 (KHTML, like Gecko; compatible; GPTBot/1.3; +https://openai.com/gptbot)"
15.158.243.72 - - [08/Apr/2026:09:27:02 +0000] "GET /index.php?rest_route=%2Foembed%2F1.0%2Fembed&url=https%3A%2F%2F69b4844ae61d4e92bf26ad98af552775-devsite.readyship.co%2F%3Fp%3D66619 HTTP/1.1" 403 - "https://69b4844ae61d4e92bf26ad98af552775-devsite.readyship.co/?p=66619" "Mozilla/5.0 AppleWebKit/537.36 (KHTML, like Gecko; compatible; GPTBot/1.3; +https://openai.com/gptbot)"
64.252.85.152 - - [08/Apr/2026:09:27:03 +0000] "GET /?p=63514 HTTP/1.1" 200 14419 "-" "Amazon CloudFront"
15.158.243.72 - - [08/Apr/2026:09:27:04 +0000] "GET /index.php?rest_route=%2Foembed%2F1.0%2Fembed&url=https%3A%2F%2F69b4844ae61d4e92bf26ad98af552775-devsite.readyship.co%2F%3Fp%3D77999 HTTP/1.1" 403 - "https://69b4844ae61d4e92bf26ad98af552775-devsite.readyship.co/?p=77999" "Mozilla/5.0 AppleWebKit/537.36 (KHTML, like Gecko; compatible; GPTBot/1.3; +https://openai.com/gptbot)"
15.158.243.102 - - [08/Apr/2026:09:27:05 +0000] "GET /index.php?rest_route=%2Foembed%2F1.0%2Fembed&url=https%3A%2F%2F69b4844ae61d4e92bf26ad98af552775-devsite.readyship.co%2F%3Fp%3D20007 HTTP/1.1" 403 - "https://69b4844ae61d4e92bf26ad98af552775-devsite.readyship.co/?p=20007" "Mozilla/5.0 AppleWebKit/537.36 (KHTML, like Gecko; compatible; GPTBot/1.3; +https://openai.com/gptbot)"
64.252.82.241 - - [08/Apr/2026:09:27:05 +0000] "GET /?author=2&paged=1661 HTTP/1.1" 200 11311 "-" "Amazon CloudFront"
64.252.85.152 - - [08/Apr/2026:09:27:06 +0000] "GET /?feed=rss2&p=26337 HTTP/1.1" 200 491 "-" "Amazon CloudFront"
64.252.83.165 - - [08/Apr/2026:09:27:07 +0000] "GET /?p=63526 HTTP/1.1" 200 15019 "-" "Amazon CloudFront"
64.252.83.165 - - [08/Apr/2026:09:27:09 +0000] "GET /?p=26339 HTTP/1.1" 200 17338 "-" "Amazon CloudFront"
64.252.82.241 - - [08/Apr/2026:09:27:10 +0000] "GET /?author=2&paged=1660 HTTP/1.1" 200 11296 "-" "Amazon CloudFront"
64.252.82.241 - - [08/Apr/2026:09:27:11 +0000] "GET /?p=33300 HTTP/1.1" 200 16084 "-" "Amazon CloudFront"
64.252.82.241 - - [08/Apr/2026:09:27:12 +0000] "GET /?p=64448 HTTP/1.1" 200 15883 "-" "Amazon CloudFront"
64.252.82.241 - - [08/Apr/2026:09:27:14 +0000] "GET /?p=77705 HTTP/1.1" 200 14409 "-" "Amazon CloudFront"
64.252.82.241 - - [08/Apr/2026:09:27:15 +0000] "GET /?p=63468 HTTP/1.1" 200 14427 "-" "Amazon CloudFront"
64.252.82.241 - - [08/Apr/2026:09:27:16 +0000] "GET /?p=22282 HTTP/1.1" 200 15039 "-" "Amazon CloudFront"
64.252.83.165 - - [08/Apr/2026:09:27:17 +0000] "GET /?p=66612 HTTP/1.1" 200 14554 "-" "Amazon CloudFront"
64.252.85.152 - - [08/Apr/2026:09:27:19 +0000] "GET /?p=63477 HTTP/1.1" 200 14153 "-" "Amazon CloudFront"
64.252.68.163 - - [08/Apr/2026:09:27:19 +0000] "GET /?cat=1&paged=4143 HTTP/1.1" 200 11293 "-" "Amazon CloudFront"
64.252.82.241 - - [08/Apr/2026:09:27:20 +0000] "GET /?p=63484 HTTP/1.1" 200 14554 "-" "Amazon CloudFront"
64.252.85.152 - - [08/Apr/2026:09:27:21 +0000] "GET /?p=63486 HTTP/1.1" 200 14165 "-" "Amazon CloudFront"
15.158.215.109 - - [08/Apr/2026:09:27:23 +0000] "POST /wp-cron.php?doing_wp_cron=1775640443.2031230926513671875000 HTTP/1.1" 200 - "https://69b4844ae61d4e92bf26ad98af552775-devsite.readyship.co/wp-cron.php?doing_wp_cron=1775640443.2031230926513671875000" "WordPress/5.1.19; https://69b4844ae61d4e92bf26ad98af552775-devsite.readyship.co"
64.252.83.165 - - [08/Apr/2026:09:27:22 +0000] "GET /?feed=rss2&p=26339 HTTP/1.1" 200 510 "-" "Amazon CloudFront"
64.252.82.241 - - [08/Apr/2026:09:27:24 +0000] "GET /?p=63474 HTTP/1.1" 200 14522 "-" "Amazon CloudFront"
64.252.82.241 - - [08/Apr/2026:09:27:25 +0000] "GET /?feed=rss2&p=33300 HTTP/1.1" 200 520 "-" "Amazon CloudFront"
64.252.69.192 - - [08/Apr/2026:09:27:25 +0000] "GET /?p=27225 HTTP/1.1" 200 21925 "-" "Amazon CloudFront"
64.252.83.165 - - [08/Apr/2026:09:27:26 +0000] "GET /?p=63469 HTTP/1.1" 200 14661 "-" "Amazon CloudFront"
64.252.83.165 - - [08/Apr/2026:09:27:27 +0000] "GET /?feed=rss2&p=77705 HTTP/1.1" 200 546 "-" "Amazon CloudFront"
64.252.83.165 - - [08/Apr/2026:09:27:28 +0000] "GET /?p=63476 HTTP/1.1" 200 14801 "-" "Amazon CloudFront"
64.252.83.165 - - [08/Apr/2026:09:27:29 +0000] "GET /?feed=rss2&p=22282 HTTP/1.1" 200 501 "-" "Amazon CloudFront"
64.252.82.241 - - [08/Apr/2026:09:27:30 +0000] "GET /?p=63465 HTTP/1.1" 200 14426 "-" "Amazon CloudFront"
64.252.85.152 - - [08/Apr/2026:09:27:31 +0000] "GET /?p=63483 HTTP/1.1" 200 16138 "-" "Amazon CloudFront"
64.252.83.165 - - [08/Apr/2026:09:27:33 +0000] "GET /?p=63496 HTTP/1.1" 200 14335 "-" "Amazon CloudFront"
64.252.83.165 - - [08/Apr/2026:09:27:34 +0000] "GET /?p=63473 HTTP/1.1" 200 14369 "-" "Amazon CloudFront"
64.252.85.152 - - [08/Apr/2026:09:27:35 +0000] "GET /?p=63472 HTTP/1.1" 200 14858 "-" "Amazon CloudFront"
64.252.83.165 - - [08/Apr/2026:09:27:36 +0000] "GET /?p=63485 HTTP/1.1" 200 14833 "-" "Amazon CloudFront"
64.252.82.241 - - [08/Apr/2026:09:27:38 +0000] "GET /?p=63475 HTTP/1.1" 200 14781 "-" "Amazon CloudFront"
64.252.82.241 - - [08/Apr/2026:09:27:39 +0000] "GET /?p=63480 HTTP/1.1" 200 14264 "-" "Amazon CloudFront"
64.252.83.165 - - [08/Apr/2026:09:27:40 +0000] "GET /?p=63471 HTTP/1.1" 200 14767 "-" "Amazon CloudFront"
64.252.82.241 - - [08/Apr/2026:09:27:41 +0000] "GET /?p=63482 HTTP/1.1" 200 14525 "-" "Amazon CloudFront"
64.252.82.241 - - [08/Apr/2026:09:27:43 +0000] "GET /?p=63470 HTTP/1.1" 200 14271 "-" "Amazon CloudFront"
64.252.82.241 - - [08/Apr/2026:09:27:44 +0000] "GET /?p=63478 HTTP/1.1" 200 14608 "-" "Amazon CloudFront"
64.252.82.241 - - [08/Apr/2026:09:27:45 +0000] "GET /?p=63479 HTTP/1.1" 200 14234 "-" "Amazon CloudFront"
64.252.85.152 - - [08/Apr/2026:09:27:46 +0000] "GET /?p=63431 HTTP/1.1" 200 14333 "-" "Amazon CloudFront"
64.252.85.152 - - [08/Apr/2026:09:27:48 +0000] "GET /?p=63481 HTTP/1.1" 200 14302 "-" "Amazon CloudFront"
64.252.85.152 - - [08/Apr/2026:09:27:49 +0000] "GET /?p=26341 HTTP/1.1" 200 15131 "-" "Amazon CloudFront"
15.158.243.79 - - [08/Apr/2026:09:27:50 +0000] "GET /index.php?rest_route=%2Foembed%2F1.0%2Fembed&url=https%3A%2F%2F69b4844ae61d4e92bf26ad98af552775-devsite.readyship.co%2F%3Fp%3D33300 HTTP/1.1" 403 - "https://69b4844ae61d4e92bf26ad98af552775-devsite.readyship.co/?p=33300" "Mozilla/5.0 AppleWebKit/537.36 (KHTML, like Gecko; compatible; GPTBot/1.3; +https://openai.com/gptbot)"
15.158.243.79 - - [08/Apr/2026:09:27:51 +0000] "GET /index.php?rest_route=%2Foembed%2F1.0%2Fembed&url=https%3A%2F%2F69b4844ae61d4e92bf26ad98af552775-devsite.readyship.co%2F%3Fp%3D77705 HTTP/1.1" 403 - "https://69b4844ae61d4e92bf26ad98af552775-devsite.readyship.co/?p=77705" "Mozilla/5.0 AppleWebKit/537.36 (KHTML, like Gecko; compatible; GPTBot/1.3; +https://openai.com/gptbot)"
15.158.243.79 - - [08/Apr/2026:09:27:51 +0000] "GET /index.php?rest_route=%2Foembed%2F1.0%2Fembed&url=https%3A%2F%2F69b4844ae61d4e92bf26ad98af552775-devsite.readyship.co%2F%3Fp%3D66612 HTTP/1.1" 403 - "https://69b4844ae61d4e92bf26ad98af552775-devsite.readyship.co/?p=66612" "Mozilla/5.0 AppleWebKit/537.36 (KHTML, like Gecko; compatible; GPTBot/1.3; +https://openai.com/gptbot)"
15.158.243.111 - - [08/Apr/2026:09:27:52 +0000] "GET /index.php?rest_route=%2Foembed%2F1.0%2Fembed&url=https%3A%2F%2F69b4844ae61d4e92bf26ad98af552775-devsite.readyship.co%2F%3Fp%3D64448 HTTP/1.1" 403 - "https://69b4844ae61d4e92bf26ad98af552775-devsite.readyship.co/?p=64448" "Mozilla/5.0 AppleWebKit/537.36 (KHTML, like Gecko; compatible; GPTBot/1.3; +https://openai.com/gptbot)"
15.158.243.72 - - [08/Apr/2026:09:27:52 +0000] "GET /index.php?rest_route=%2Foembed%2F1.0%2Fembed&url=https%3A%2F%2F69b4844ae61d4e92bf26ad98af552775-devsite.readyship.co%2F%3Fp%3D22282 HTTP/1.1" 403 - "https://69b4844ae61d4e92bf26ad98af552775-devsite.readyship.co/?p=22282" "Mozilla/5.0 AppleWebKit/537.36 (KHTML, like Gecko; compatible; GPTBot/1.3; +https://openai.com/gptbot)"
64.252.85.152 - - [08/Apr/2026:09:27:53 +0000] "GET /?author=2&paged=1663 HTTP/1.1" 200 11269 "-" "Amazon CloudFront"
64.252.85.152 - - [08/Apr/2026:09:27:54 +0000] "GET /?author=2&paged=1662 HTTP/1.1" 200 11345 "-" "Amazon CloudFront"
64.252.82.241 - - [08/Apr/2026:09:27:55 +0000] "GET /?p=73331 HTTP/1.1" 200 17635 "-" "Amazon CloudFront"
64.252.85.152 - - [08/Apr/2026:09:27:57 +0000] "GET /?p=63438 HTTP/1.1" 200 14842 "-" "Amazon CloudFront"
64.252.82.241 - - [08/Apr/2026:09:27:58 +0000] "GET /?p=63440 HTTP/1.1" 200 14614 "-" "Amazon CloudFront"
64.252.82.241 - - [08/Apr/2026:09:27:59 +0000] "GET /?feed=rss2&p=26341 HTTP/1.1" 200 501 "-" "Amazon CloudFront"
64.252.83.165 - - [08/Apr/2026:09:28:00 +0000] "GET /?p=26343 HTTP/1.1" 200 16834 "-" "Amazon CloudFront"
64.252.67.128 - - [08/Apr/2026:09:28:01 +0000] "GET /?p=29150 HTTP/1.1" 200 20908 "-" "Amazon CloudFront"
64.252.82.241 - - [08/Apr/2026:09:28:01 +0000] "GET /?p=66628 HTTP/1.1" 200 14764 "-" "Amazon CloudFront"
64.252.83.165 - - [08/Apr/2026:09:28:03 +0000] "GET /?p=66689 HTTP/1.1" 200 13832 "-" "Amazon CloudFront"
64.252.85.152 - - [08/Apr/2026:09:28:04 +0000] "GET /?p=22218 HTTP/1.1" 200 15535 "-" "Amazon CloudFront"
64.252.85.152 - - [08/Apr/2026:09:28:05 +0000] "GET /?p=68222 HTTP/1.1" 200 14775 "-" "Amazon CloudFront"
64.252.82.241 - - [08/Apr/2026:09:28:07 +0000] "GET /?p=63463 HTTP/1.1" 200 14316 "-" "Amazon CloudFront"
64.252.83.165 - - [08/Apr/2026:09:28:08 +0000] "GET /?p=63442 HTTP/1.1" 200 14344 "-" "Amazon CloudFront"
64.252.83.165 - - [08/Apr/2026:09:28:09 +0000] "GET /?feed=rss2&p=73331 HTTP/1.1" 200 528 "-" "Amazon CloudFront"
64.252.83.165 - - [08/Apr/2026:09:28:10 +0000] "GET /?p=63445 HTTP/1.1" 200 14162 "-" "Amazon CloudFront"
64.252.83.165 - - [08/Apr/2026:09:28:11 +0000] "GET /?p=63464 HTTP/1.1" 200 14650 "-" "Amazon CloudFront"
64.252.83.165 - - [08/Apr/2026:09:28:12 +0000] "GET /?p=63423 HTTP/1.1" 200 14779 "-" "Amazon CloudFront"
64.252.85.152 - - [08/Apr/2026:09:28:14 +0000] "GET /?feed=rss2&p=26343 HTTP/1.1" 200 515 "-" "Amazon CloudFront"
64.252.83.165 - - [08/Apr/2026:09:28:14 +0000] "GET /?p=63430 HTTP/1.1" 200 14252 "-" "Amazon CloudFront"
64.252.67.128 - - [08/Apr/2026:09:28:15 +0000] "GET /?p=67294 HTTP/1.1" 200 16856 "-" "Amazon CloudFront"
64.252.82.241 - - [08/Apr/2026:09:28:16 +0000] "GET /?p=63511 HTTP/1.1" 200 14881 "-" "Amazon CloudFront"
64.252.85.152 - - [08/Apr/2026:09:28:17 +0000] "GET /?feed=rss2&p=22218 HTTP/1.1" 200 512 "-" "Amazon CloudFront"
64.252.85.152 - - [08/Apr/2026:09:28:18 +0000] "GET /?p=63499 HTTP/1.1" 200 14757 "-" "Amazon CloudFront"
64.252.83.165 - - [08/Apr/2026:09:28:19 +0000] "GET /?p=63467 HTTP/1.1" 200 14290 "-" "Amazon CloudFront"
64.252.83.165 - - [08/Apr/2026:09:28:20 +0000] "GET /?p=63513 HTTP/1.1" 200 16129 "-" "Amazon CloudFront"
15.158.215.109 - - [08/Apr/2026:09:28:22 +0000] "POST /wp-cron.php?doing_wp_cron=1775640502.4430310726165771484375 HTTP/1.1" 200 - "https://69b4844ae61d4e92bf26ad98af552775-devsite.readyship.co/wp-cron.php?doing_wp_cron=1775640502.4430310726165771484375" "WordPress/5.1.19; https://69b4844ae61d4e92bf26ad98af552775-devsite.readyship.co"
64.252.85.152 - - [08/Apr/2026:09:28:22 +0000] "GET /?p=26345 HTTP/1.1" 200 17253 "-" "Amazon CloudFront"
64.252.82.241 - - [08/Apr/2026:09:28:23 +0000] "GET /?p=63421 HTTP/1.1" 200 14236 "-" "Amazon CloudFront"
64.252.85.152 - - [08/Apr/2026:09:28:25 +0000] "GET /?p=63428 HTTP/1.1" 200 14583 "-" "Amazon CloudFront"
64.252.67.128 - - [08/Apr/2026:09:28:25 +0000] "GET /?p=68536 HTTP/1.1" 200 15893 "-" "Amazon CloudFront"
64.252.85.152 - - [08/Apr/2026:09:28:26 +0000] "GET /?p=63487 HTTP/1.1" 200 14446 "-" "Amazon CloudFront"
64.252.83.165 - - [08/Apr/2026:09:28:27 +0000] "GET /?p=63420 HTTP/1.1" 200 14497 "-" "Amazon CloudFront"
15.158.243.79 - - [08/Apr/2026:09:28:28 +0000] "GET /index.php?rest_route=%2Foembed%2F1.0%2Fembed&url=https%3A%2F%2F69b4844ae61d4e92bf26ad98af552775-devsite.readyship.co%2F%3Fp%3D73331 HTTP/1.1" 403 - "https://69b4844ae61d4e92bf26ad98af552775-devsite.readyship.co/?p=73331" "Mozilla/5.0 AppleWebKit/537.36 (KHTML, like Gecko; compatible; GPTBot/1.3; +https://openai.com/gptbot)"
15.158.243.79 - - [08/Apr/2026:09:28:29 +0000] "GET /index.php?rest_route=%2Foembed%2F1.0%2Fembed&url=https%3A%2F%2F69b4844ae61d4e92bf26ad98af552775-devsite.readyship.co%2F%3Fp%3D68222 HTTP/1.1" 403 - "https://69b4844ae61d4e92bf26ad98af552775-devsite.readyship.co/?p=68222" "Mozilla/5.0 AppleWebKit/537.36 (KHTML, like Gecko; compatible; GPTBot/1.3; +https://openai.com/gptbot)"
15.158.243.111 - - [08/Apr/2026:09:28:29 +0000] "GET /index.php?rest_route=%2Foembed%2F1.0%2Fembed&url=https%3A%2F%2F69b4844ae61d4e92bf26ad98af552775-devsite.readyship.co%2F%3Fp%3D66689 HTTP/1.1" 403 - "https://69b4844ae61d4e92bf26ad98af552775-devsite.readyship.co/?p=66689" "Mozilla/5.0 AppleWebKit/537.36 (KHTML, like Gecko; compatible; GPTBot/1.3; +https://openai.com/gptbot)"
15.158.243.111 - - [08/Apr/2026:09:28:30 +0000] "GET /index.php?rest_route=%2Foembed%2F1.0%2Fembed&url=https%3A%2F%2F69b4844ae61d4e92bf26ad98af552775-devsite.readyship.co%2F%3Fp%3D66628 HTTP/1.1" 403 - "https://69b4844ae61d4e92bf26ad98af552775-devsite.readyship.co/?p=66628" "Mozilla/5.0 AppleWebKit/537.36 (KHTML, like Gecko; compatible; GPTBot/1.3; +https://openai.com/gptbot)"
15.158.243.111 - - [08/Apr/2026:09:28:30 +0000] "GET /index.php?rest_route=%2Foembed%2F1.0%2Fembed&url=https%3A%2F%2F69b4844ae61d4e92bf26ad98af552775-devsite.readyship.co%2F%3Fp%3D22218 HTTP/1.1" 403 - "https://69b4844ae61d4e92bf26ad98af552775-devsite.readyship.co/?p=22218" "Mozilla/5.0 AppleWebKit/537.36 (KHTML, like Gecko; compatible; GPTBot/1.3; +https://openai.com/gptbot)"
64.252.68.163 - - [08/Apr/2026:09:28:31 +0000] "GET /?p=8831 HTTP/1.1" 200 16916 "-" "Amazon CloudFront"
64.252.82.241 - - [08/Apr/2026:09:28:31 +0000] "GET /?author=2&paged=1664 HTTP/1.1" 200 11250 "-" "Amazon CloudFront"
64.252.82.241 - - [08/Apr/2026:09:28:32 +0000] "GET /?feed=rss2&p=26345 HTTP/1.1" 200 506 "-" "Amazon CloudFront"
15.158.243.111 - - [08/Apr/2026:09:28:33 +0000] "GET /index.php?rest_route=%2Foembed%2F1.0%2Fembed&url=https%3A%2F%2F69b4844ae61d4e92bf26ad98af552775-devsite.readyship.co%2F%3Fp%3D63421 HTTP/1.1" 403 - "https://69b4844ae61d4e92bf26ad98af552775-devsite.readyship.co/?p=63421" "Mozilla/5.0 AppleWebKit/537.36 (KHTML, like Gecko; compatible; GPTBot/1.3; +https://openai.com/gptbot)"
64.252.68.163 - - [08/Apr/2026:09:28:33 +0000] "GET /?p=11523 HTTP/1.1" 200 15670 "-" "Amazon CloudFront"
64.252.82.241 - - [08/Apr/2026:09:28:33 +0000] "GET /?p=63404 HTTP/1.1" 200 14484 "-" "Amazon CloudFront"
15.158.215.109 - - [08/Apr/2026:09:28:35 +0000] "POST /wp-cron.php?doing_wp_cron=1775640515.6343150138854980468750 HTTP/1.1" 200 - "https://69b4844ae61d4e92bf26ad98af552775-devsite.readyship.co/wp-cron.php?doing_wp_cron=1775640515.6343150138854980468750" "WordPress/5.1.19; https://69b4844ae61d4e92bf26ad98af552775-devsite.readyship.co"
64.252.85.152 - - [08/Apr/2026:09:28:35 +0000] "GET /?p=26347 HTTP/1.1" 200 22934 "-" "Amazon CloudFront"
64.252.83.165 - - [08/Apr/2026:09:28:37 +0000] "GET /?author=2&paged=1665 HTTP/1.1" 200 11161 "-" "Amazon CloudFront"
64.252.68.163 - - [08/Apr/2026:09:28:37 +0000] "GET /?p=81068 HTTP/1.1" 200 13997 "-" "Amazon CloudFront"
64.252.82.241 - - [08/Apr/2026:09:28:38 +0000] "GET /?p=70444 HTTP/1.1" 200 23050 "-" "Amazon CloudFront"
64.252.83.165 - - [08/Apr/2026:09:28:39 +0000] "GET /?p=22000 HTTP/1.1" 200 15066 "-" "Amazon CloudFront"
64.252.82.241 - - [08/Apr/2026:09:28:40 +0000] "GET /?p=17333 HTTP/1.1" 200 15337 "-" "Amazon CloudFront"
64.252.67.128 - - [08/Apr/2026:09:28:41 +0000] "GET /?p=13317 HTTP/1.1" 200 14426 "-" "Amazon CloudFront"
64.252.83.165 - - [08/Apr/2026:09:28:42 +0000] "GET /?p=24888 HTTP/1.1" 200 15007 "-" "Amazon CloudFront"
64.252.82.241 - - [08/Apr/2026:09:28:43 +0000] "GET /?p=63406 HTTP/1.1" 200 14115 "-" "Amazon CloudFront"
64.252.83.165 - - [08/Apr/2026:09:28:45 +0000] "GET /?p=63411 HTTP/1.1" 200 14161 "-" "Amazon CloudFront"
64.252.82.241 - - [08/Apr/2026:09:28:46 +0000] "GET /?p=63437 HTTP/1.1" 200 14262 "-" "Amazon CloudFront"
64.252.85.152 - - [08/Apr/2026:09:28:47 +0000] "GET /?p=63388 HTTP/1.1" 200 14560 "-" "Amazon CloudFront"
64.252.85.152 - - [08/Apr/2026:09:28:48 +0000] "GET /?feed=rss2&p=26347 HTTP/1.1" 200 521 "-" "Amazon CloudFront"
64.252.85.152 - - [08/Apr/2026:09:28:49 +0000] "GET /?p=63378 HTTP/1.1" 200 16410 "-" "Amazon CloudFront"
64.252.83.165 - - [08/Apr/2026:09:28:50 +0000] "GET /?feed=rss2&p=70444 HTTP/1.1" 200 523 "-" "Amazon CloudFront"
64.252.82.241 - - [08/Apr/2026:09:28:51 +0000] "GET /?feed=rss2&p=22000 HTTP/1.1" 200 509 "-" "Amazon CloudFront"
64.252.82.241 - - [08/Apr/2026:09:28:52 +0000] "GET /?p=63414 HTTP/1.1" 200 14441 "-" "Amazon CloudFront"
64.252.83.165 - - [08/Apr/2026:09:28:53 +0000] "GET /?feed=rss2&p=18555 HTTP/1.1" 200 488 "-" "Amazon CloudFront"
64.252.83.165 - - [08/Apr/2026:09:28:54 +0000] "GET /?feed=rss2&p=24888 HTTP/1.1" 200 541 "-" "Amazon CloudFront"
64.252.85.152 - - [08/Apr/2026:09:28:55 +0000] "GET /?feed=rss2&p=17333 HTTP/1.1" 200 504 "-" "Amazon CloudFront"
64.252.85.152 - - [08/Apr/2026:09:28:56 +0000] "GET /?p=63413 HTTP/1.1" 200 14149 "-" "Amazon CloudFront"
64.252.85.152 - - [08/Apr/2026:09:28:57 +0000] "GET /?p=63387 HTTP/1.1" 200 14506 "-" "Amazon CloudFront"
64.252.82.241 - - [08/Apr/2026:09:28:58 +0000] "GET /?p=63385 HTTP/1.1" 200 14301 "-" "Amazon CloudFront"
64.252.83.165 - - [08/Apr/2026:09:28:59 +0000] "GET /?p=63424 HTTP/1.1" 200 14338 "-" "Amazon CloudFront"
64.252.83.165 - - [08/Apr/2026:09:29:01 +0000] "GET /?feed=rss2&p=63378 HTTP/1.1" 200 497 "-" "Amazon CloudFront"
64.252.83.165 - - [08/Apr/2026:09:29:01 +0000] "GET /?p=26349 HTTP/1.1" 200 16033 "-" "Amazon CloudFront"
64.252.82.241 - - [08/Apr/2026:09:29:03 +0000] "GET /?p=63417 HTTP/1.1" 200 13895 "-" "Amazon CloudFront"
