15.158.239.104 - - [08/Apr/2026:10:36:53 +0000] "GET /index.php?format=xml&rest_route=%2Foembed%2F1.0%2Fembed&url=https%3A%2F%2F69b4844ae61d4e92bf26ad98af552775-devsite.readyship.co%2F%3Fp%3D61884 HTTP/1.1" 403 - "https://69b4844ae61d4e92bf26ad98af552775-devsite.readyship.co/?p=61884" "Mozilla/5.0 AppleWebKit/537.36 (KHTML, like Gecko; compatible; GPTBot/1.3; +https://openai.com/gptbot)"
15.158.239.65 - - [08/Apr/2026:10:36:53 +0000] "GET /index.php?format=xml&rest_route=%2Foembed%2F1.0%2Fembed&url=https%3A%2F%2F69b4844ae61d4e92bf26ad98af552775-devsite.readyship.co%2F%3Fp%3D67984 HTTP/1.1" 403 - "https://69b4844ae61d4e92bf26ad98af552775-devsite.readyship.co/?p=67984" "Mozilla/5.0 AppleWebKit/537.36 (KHTML, like Gecko; compatible; GPTBot/1.3; +https://openai.com/gptbot)"
18.68.8.18 - - [08/Apr/2026:10:36:53 +0000] "POST /xmlrpc.php HTTP/1.1" 200 206 "-" "Mozilla/5.0 (Macintosh; Intel Mac OS X 13_5) AppleWebKit/605.1.15 (KHTML, like Gecko) Version/17.5 Safari/605.1.15"
64.252.74.231 - - [08/Apr/2026:10:36:54 +0000] "GET /?feed=rss2&p=59287 HTTP/1.1" 200 509 "-" "Amazon CloudFront"
15.158.239.65 - - [08/Apr/2026:10:36:54 +0000] "GET /index.php?format=xml&rest_route=%2Foembed%2F1.0%2Fembed&url=https%3A%2F%2F69b4844ae61d4e92bf26ad98af552775-devsite.readyship.co%2F%3Fp%3D25972 HTTP/1.1" 403 - "https://69b4844ae61d4e92bf26ad98af552775-devsite.readyship.co/?p=25972" "Mozilla/5.0 AppleWebKit/537.36 (KHTML, like Gecko; compatible; GPTBot/1.3; +https://openai.com/gptbot)"
15.158.239.65 - - [08/Apr/2026:10:36:55 +0000] "GET /index.php?format=xml&rest_route=%2Foembed%2F1.0%2Fembed&url=https%3A%2F%2F69b4844ae61d4e92bf26ad98af552775-devsite.readyship.co%2F%3Fp%3D22046 HTTP/1.1" 403 - "https://69b4844ae61d4e92bf26ad98af552775-devsite.readyship.co/?p=22046" "Mozilla/5.0 AppleWebKit/537.36 (KHTML, like Gecko; compatible; GPTBot/1.3; +https://openai.com/gptbot)"
15.158.239.101 - - [08/Apr/2026:10:36:55 +0000] "GET /index.php?format=xml&rest_route=%2Foembed%2F1.0%2Fembed&url=https%3A%2F%2F69b4844ae61d4e92bf26ad98af552775-devsite.readyship.co%2F%3Fp%3D25424 HTTP/1.1" 403 - "https://69b4844ae61d4e92bf26ad98af552775-devsite.readyship.co/?p=25424" "Mozilla/5.0 AppleWebKit/537.36 (KHTML, like Gecko; compatible; GPTBot/1.3; +https://openai.com/gptbot)"
15.158.239.103 - - [08/Apr/2026:10:36:56 +0000] "GET /index.php?format=xml&rest_route=%2Foembed%2F1.0%2Fembed&url=https%3A%2F%2F69b4844ae61d4e92bf26ad98af552775-devsite.readyship.co%2F%3Fp%3D76935 HTTP/1.1" 403 - "https://69b4844ae61d4e92bf26ad98af552775-devsite.readyship.co/?p=76935" "Mozilla/5.0 AppleWebKit/537.36 (KHTML, like Gecko; compatible; GPTBot/1.3; +https://openai.com/gptbot)"
64.252.74.231 - - [08/Apr/2026:10:36:56 +0000] "GET /?p=59249 HTTP/1.1" 200 15357 "-" "Amazon CloudFront"
64.252.74.231 - - [08/Apr/2026:10:36:58 +0000] "GET /?p=59252 HTTP/1.1" 200 14507 "-" "Amazon CloudFront"
64.252.74.231 - - [08/Apr/2026:10:36:59 +0000] "GET /prizes/59213935 HTTP/1.1" 301 - "-" "Amazon CloudFront"
64.252.76.63 - - [08/Apr/2026:10:36:59 +0000] "GET /?p=59258 HTTP/1.1" 200 14489 "-" "Amazon CloudFront"
64.252.76.63 - - [08/Apr/2026:10:37:00 +0000] "GET /?p=59233 HTTP/1.1" 200 14534 "-" "Amazon CloudFront"
64.252.76.100 - - [08/Apr/2026:10:37:01 +0000] "GET /?p=59242 HTTP/1.1" 200 14373 "-" "Amazon CloudFront"
64.252.76.100 - - [08/Apr/2026:10:37:02 +0000] "GET /?p=59235 HTTP/1.1" 200 14438 "-" "Amazon CloudFront"
64.252.76.63 - - [08/Apr/2026:10:37:03 +0000] "GET /?p=59257 HTTP/1.1" 200 14559 "-" "Amazon CloudFront"
64.252.67.128 - - [08/Apr/2026:10:37:04 +0000] "GET /?p=40318 HTTP/1.1" 200 16606 "-" "Amazon CloudFront"
64.252.74.231 - - [08/Apr/2026:10:37:04 +0000] "GET /?p=59254 HTTP/1.1" 200 14609 "-" "Amazon CloudFront"
64.252.76.100 - - [08/Apr/2026:10:37:05 +0000] "GET /?p=59232 HTTP/1.1" 200 14072 "-" "Amazon CloudFront"
64.252.74.231 - - [08/Apr/2026:10:37:07 +0000] "GET /?p=59256 HTTP/1.1" 200 14640 "-" "Amazon CloudFront"
64.252.76.63 - - [08/Apr/2026:10:37:08 +0000] "GET /?p=59253 HTTP/1.1" 200 14875 "-" "Amazon CloudFront"
64.252.74.231 - - [08/Apr/2026:10:37:09 +0000] "GET /?p=59251 HTTP/1.1" 200 14536 "-" "Amazon CloudFront"
64.252.76.63 - - [08/Apr/2026:10:37:10 +0000] "GET /?p=59250 HTTP/1.1" 200 14711 "-" "Amazon CloudFront"
64.252.74.231 - - [08/Apr/2026:10:37:11 +0000] "GET /?p=59248 HTTP/1.1" 200 14313 "-" "Amazon CloudFront"
64.252.66.105 - - [08/Apr/2026:10:37:12 +0000] "GET /?cat=104&paged=2 HTTP/1.1" 200 10726 "-" "Amazon CloudFront"
64.252.76.63 - - [08/Apr/2026:10:37:12 +0000] "GET /?p=59240 HTTP/1.1" 200 14587 "-" "Amazon CloudFront"
64.252.74.231 - - [08/Apr/2026:10:37:12 +0000] "GET /prizes/237981501/ HTTP/1.1" 200 2255 "-" "Amazon CloudFront"
64.252.76.100 - - [08/Apr/2026:10:37:13 +0000] "GET /?p=59234 HTTP/1.1" 200 14196 "-" "Amazon CloudFront"
64.252.76.63 - - [08/Apr/2026:10:37:14 +0000] "GET /?p=59230 HTTP/1.1" 200 14557 "-" "Amazon CloudFront"
64.252.76.63 - - [08/Apr/2026:10:37:15 +0000] "GET /?p=59241 HTTP/1.1" 200 14857 "-" "Amazon CloudFront"
64.252.76.63 - - [08/Apr/2026:10:37:17 +0000] "GET /?p=59243 HTTP/1.1" 200 16658 "-" "Amazon CloudFront"
64.252.76.100 - - [08/Apr/2026:10:37:17 +0000] "GET /prizes/278471470 HTTP/1.1" 301 - "-" "Amazon CloudFront"
64.252.76.63 - - [08/Apr/2026:10:37:18 +0000] "GET /?author=2&paged=1875 HTTP/1.1" 200 11259 "-" "Amazon CloudFront"
64.252.76.100 - - [08/Apr/2026:10:37:19 +0000] "GET /?author=2&paged=1876 HTTP/1.1" 200 11128 "-" "Amazon CloudFront"
15.158.239.104 - - [08/Apr/2026:10:37:20 +0000] "GET /index.php?format=xml&rest_route=%2Foembed%2F1.0%2Fembed&url=https%3A%2F%2F69b4844ae61d4e92bf26ad98af552775-devsite.readyship.co%2F%3Fp%3D59253 HTTP/1.1" 403 - "https://69b4844ae61d4e92bf26ad98af552775-devsite.readyship.co/?p=59253" "Mozilla/5.0 AppleWebKit/537.36 (KHTML, like Gecko; compatible; GPTBot/1.3; +https://openai.com/gptbot)"
15.158.239.104 - - [08/Apr/2026:10:37:21 +0000] "GET /index.php?format=xml&rest_route=%2Foembed%2F1.0%2Fembed&url=https%3A%2F%2F69b4844ae61d4e92bf26ad98af552775-devsite.readyship.co%2F%3Fp%3D78701 HTTP/1.1" 403 - "https://69b4844ae61d4e92bf26ad98af552775-devsite.readyship.co/?p=78701" "Mozilla/5.0 AppleWebKit/537.36 (KHTML, like Gecko; compatible; GPTBot/1.3; +https://openai.com/gptbot)"
15.158.239.65 - - [08/Apr/2026:10:37:21 +0000] "GET /index.php?format=xml&rest_route=%2Foembed%2F1.0%2Fembed&url=https%3A%2F%2F69b4844ae61d4e92bf26ad98af552775-devsite.readyship.co%2F%3Fp%3D17701 HTTP/1.1" 403 - "https://69b4844ae61d4e92bf26ad98af552775-devsite.readyship.co/?p=17701" "Mozilla/5.0 AppleWebKit/537.36 (KHTML, like Gecko; compatible; GPTBot/1.3; +https://openai.com/gptbot)"
64.252.74.231 - - [08/Apr/2026:10:37:18 +0000] "GET /prizes/278471470/ HTTP/1.1" 200 24277 "-" "Amazon CloudFront"
15.158.239.101 - - [08/Apr/2026:10:37:22 +0000] "GET /index.php?format=xml&rest_route=%2Foembed%2F1.0%2Fembed&url=https%3A%2F%2F69b4844ae61d4e92bf26ad98af552775-devsite.readyship.co%2F%3Fp%3D23110 HTTP/1.1" 403 - "https://69b4844ae61d4e92bf26ad98af552775-devsite.readyship.co/?p=23110" "Mozilla/5.0 AppleWebKit/537.36 (KHTML, like Gecko; compatible; GPTBot/1.3; +https://openai.com/gptbot)"
15.158.239.101 - - [08/Apr/2026:10:37:22 +0000] "GET /index.php?format=xml&rest_route=%2Foembed%2F1.0%2Fembed&url=https%3A%2F%2F69b4844ae61d4e92bf26ad98af552775-devsite.readyship.co%2F%3Fp%3D64982 HTTP/1.1" 403 - "https://69b4844ae61d4e92bf26ad98af552775-devsite.readyship.co/?p=64982" "Mozilla/5.0 AppleWebKit/537.36 (KHTML, like Gecko; compatible; GPTBot/1.3; +https://openai.com/gptbot)"
15.158.239.101 - - [08/Apr/2026:10:37:23 +0000] "GET /index.php?format=xml&rest_route=%2Foembed%2F1.0%2Fembed&url=https%3A%2F%2F69b4844ae61d4e92bf26ad98af552775-devsite.readyship.co%2F%3Fp%3D66840 HTTP/1.1" 403 - "https://69b4844ae61d4e92bf26ad98af552775-devsite.readyship.co/?p=66840" "Mozilla/5.0 AppleWebKit/537.36 (KHTML, like Gecko; compatible; GPTBot/1.3; +https://openai.com/gptbot)"
15.158.215.109 - - [08/Apr/2026:10:37:24 +0000] "POST /wp-cron.php?doing_wp_cron=1775644644.2120339870452880859375 HTTP/1.1" 200 - "https://69b4844ae61d4e92bf26ad98af552775-devsite.readyship.co/wp-cron.php?doing_wp_cron=1775644644.2120339870452880859375" "WordPress/5.1.19; https://69b4844ae61d4e92bf26ad98af552775-devsite.readyship.co"
64.252.76.63 - - [08/Apr/2026:10:37:23 +0000] "GET /?p=59209 HTTP/1.1" 200 14362 "-" "Amazon CloudFront"
15.158.239.65 - - [08/Apr/2026:10:37:25 +0000] "GET /index.php?format=xml&rest_route=%2Foembed%2F1.0%2Fembed&url=https%3A%2F%2F69b4844ae61d4e92bf26ad98af552775-devsite.readyship.co%2F%3Fp%3D20584 HTTP/1.1" 403 - "https://69b4844ae61d4e92bf26ad98af552775-devsite.readyship.co/?p=20584" "Mozilla/5.0 AppleWebKit/537.36 (KHTML, like Gecko; compatible; GPTBot/1.3; +https://openai.com/gptbot)"
15.158.239.101 - - [08/Apr/2026:10:37:25 +0000] "GET /index.php?format=xml&rest_route=%2Foembed%2F1.0%2Fembed&url=https%3A%2F%2F69b4844ae61d4e92bf26ad98af552775-devsite.readyship.co%2F%3Fp%3D43710 HTTP/1.1" 403 - "https://69b4844ae61d4e92bf26ad98af552775-devsite.readyship.co/?p=43710" "Mozilla/5.0 AppleWebKit/537.36 (KHTML, like Gecko; compatible; GPTBot/1.3; +https://openai.com/gptbot)"
64.252.76.63 - - [08/Apr/2026:10:37:26 +0000] "GET /?p=59205 HTTP/1.1" 200 14240 "-" "Amazon CloudFront"
64.252.74.231 - - [08/Apr/2026:10:37:24 +0000] "GET /prizes/170313642/ HTTP/1.1" 200 24281 "-" "Amazon CloudFront"
64.252.74.231 - - [08/Apr/2026:10:37:27 +0000] "GET /?p=59188 HTTP/1.1" 200 14313 "-" "Amazon CloudFront"
64.252.76.63 - - [08/Apr/2026:10:37:28 +0000] "GET /?p=59190 HTTP/1.1" 200 14083 "-" "Amazon CloudFront"
64.252.76.63 - - [08/Apr/2026:10:37:29 +0000] "GET /?p=59191 HTTP/1.1" 200 14519 "-" "Amazon CloudFront"
64.252.76.63 - - [08/Apr/2026:10:37:30 +0000] "GET /?p=59195 HTTP/1.1" 200 14481 "-" "Amazon CloudFront"
64.252.76.63 - - [08/Apr/2026:10:37:31 +0000] "GET /prizes/244391854 HTTP/1.1" 301 - "-" "Amazon CloudFront"
64.252.76.100 - - [08/Apr/2026:10:37:32 +0000] "GET /?p=59189 HTTP/1.1" 200 14748 "-" "Amazon CloudFront"
64.252.76.100 - - [08/Apr/2026:10:37:33 +0000] "GET /?p=59193 HTTP/1.1" 200 14066 "-" "Amazon CloudFront"
64.252.76.63 - - [08/Apr/2026:10:37:34 +0000] "GET /?p=59196 HTTP/1.1" 200 14428 "-" "Amazon CloudFront"
64.252.74.231 - - [08/Apr/2026:10:37:32 +0000] "GET /prizes/244391854/ HTTP/1.1" 200 24317 "-" "Amazon CloudFront"
64.252.76.63 - - [08/Apr/2026:10:37:35 +0000] "GET /?p=59194 HTTP/1.1" 200 14273 "-" "Amazon CloudFront"
64.252.74.231 - - [08/Apr/2026:10:37:36 +0000] "GET /?p=59204 HTTP/1.1" 200 14827 "-" "Amazon CloudFront"
64.252.74.231 - - [08/Apr/2026:10:37:37 +0000] "GET /?p=59208 HTTP/1.1" 200 14376 "-" "Amazon CloudFront"
64.252.76.63 - - [08/Apr/2026:10:37:38 +0000] "GET /?p=59201 HTTP/1.1" 200 14566 "-" "Amazon CloudFront"
64.252.76.100 - - [08/Apr/2026:10:37:39 +0000] "GET /?p=59184 HTTP/1.1" 200 14294 "-" "Amazon CloudFront"
64.252.76.100 - - [08/Apr/2026:10:37:41 +0000] "GET /?p=59207 HTTP/1.1" 200 14509 "-" "Amazon CloudFront"
64.252.74.231 - - [08/Apr/2026:10:37:42 +0000] "GET /?p=59186 HTTP/1.1" 200 14871 "-" "Amazon CloudFront"
64.252.76.100 - - [08/Apr/2026:10:37:43 +0000] "GET /?p=59187 HTTP/1.1" 200 13961 "-" "Amazon CloudFront"
64.252.76.100 - - [08/Apr/2026:10:37:44 +0000] "GET /?p=59203 HTTP/1.1" 200 14707 "-" "Amazon CloudFront"
64.252.76.100 - - [08/Apr/2026:10:37:45 +0000] "GET /?author=2&paged=1877 HTTP/1.1" 200 11388 "-" "Amazon CloudFront"
64.252.76.100 - - [08/Apr/2026:10:37:46 +0000] "GET /?author=2&paged=1878 HTTP/1.1" 200 11278 "-" "Amazon CloudFront"
15.158.239.104 - - [08/Apr/2026:10:37:47 +0000] "GET /index.php?format=xml&rest_route=%2Foembed%2F1.0%2Fembed&url=https%3A%2F%2F69b4844ae61d4e92bf26ad98af552775-devsite.readyship.co%2F%3Fp%3D79765 HTTP/1.1" 403 - "https://69b4844ae61d4e92bf26ad98af552775-devsite.readyship.co/?p=79765" "Mozilla/5.0 AppleWebKit/537.36 (KHTML, like Gecko; compatible; GPTBot/1.3; +https://openai.com/gptbot)"
15.158.239.104 - - [08/Apr/2026:10:37:48 +0000] "GET /index.php?format=xml&rest_route=%2Foembed%2F1.0%2Fembed&url=https%3A%2F%2F69b4844ae61d4e92bf26ad98af552775-devsite.readyship.co%2F%3Fp%3D21172 HTTP/1.1" 403 - "https://69b4844ae61d4e92bf26ad98af552775-devsite.readyship.co/?p=21172" "Mozilla/5.0 AppleWebKit/537.36 (KHTML, like Gecko; compatible; GPTBot/1.3; +https://openai.com/gptbot)"
64.252.76.63 - - [08/Apr/2026:10:37:45 +0000] "GET /prizes/127461157/ HTTP/1.1" 200 24307 "-" "Amazon CloudFront"
15.158.239.65 - - [08/Apr/2026:10:37:48 +0000] "GET /index.php?format=xml&rest_route=%2Foembed%2F1.0%2Fembed&url=https%3A%2F%2F69b4844ae61d4e92bf26ad98af552775-devsite.readyship.co%2F%3Fp%3D65440 HTTP/1.1" 403 - "https://69b4844ae61d4e92bf26ad98af552775-devsite.readyship.co/?p=65440" "Mozilla/5.0 AppleWebKit/537.36 (KHTML, like Gecko; compatible; GPTBot/1.3; +https://openai.com/gptbot)"
15.158.239.65 - - [08/Apr/2026:10:37:49 +0000] "GET /index.php?format=xml&rest_route=%2Foembed%2F1.0%2Fembed&url=https%3A%2F%2F69b4844ae61d4e92bf26ad98af552775-devsite.readyship.co%2F%3Fp%3D17657 HTTP/1.1" 403 - "https://69b4844ae61d4e92bf26ad98af552775-devsite.readyship.co/?p=17657" "Mozilla/5.0 AppleWebKit/537.36 (KHTML, like Gecko; compatible; GPTBot/1.3; +https://openai.com/gptbot)"
15.158.239.101 - - [08/Apr/2026:10:37:51 +0000] "GET /index.php?format=xml&rest_route=%2Foembed%2F1.0%2Fembed&url=https%3A%2F%2F69b4844ae61d4e92bf26ad98af552775-devsite.readyship.co%2F%3Fp%3D22396 HTTP/1.1" 403 - "https://69b4844ae61d4e92bf26ad98af552775-devsite.readyship.co/?p=22396" "Mozilla/5.0 AppleWebKit/537.36 (KHTML, like Gecko; compatible; GPTBot/1.3; +https://openai.com/gptbot)"
15.158.239.101 - - [08/Apr/2026:10:37:51 +0000] "GET /index.php?format=xml&rest_route=%2Foembed%2F1.0%2Fembed&url=https%3A%2F%2F69b4844ae61d4e92bf26ad98af552775-devsite.readyship.co%2F%3Fp%3D69930 HTTP/1.1" 403 - "https://69b4844ae61d4e92bf26ad98af552775-devsite.readyship.co/?p=69930" "Mozilla/5.0 AppleWebKit/537.36 (KHTML, like Gecko; compatible; GPTBot/1.3; +https://openai.com/gptbot)"
64.252.76.100 - - [08/Apr/2026:10:37:49 +0000] "GET /?p=59169 HTTP/1.1" 200 14138 "-" "Amazon CloudFront"
15.158.239.101 - - [08/Apr/2026:10:37:52 +0000] "GET /index.php?format=xml&rest_route=%2Foembed%2F1.0%2Fembed&url=https%3A%2F%2F69b4844ae61d4e92bf26ad98af552775-devsite.readyship.co%2F%3Fp%3D80025 HTTP/1.1" 403 - "https://69b4844ae61d4e92bf26ad98af552775-devsite.readyship.co/?p=80025" "Mozilla/5.0 AppleWebKit/537.36 (KHTML, like Gecko; compatible; GPTBot/1.3; +https://openai.com/gptbot)"
15.158.239.103 - - [08/Apr/2026:10:37:52 +0000] "GET /index.php?format=xml&rest_route=%2Foembed%2F1.0%2Fembed&url=https%3A%2F%2F69b4844ae61d4e92bf26ad98af552775-devsite.readyship.co%2F%3Fp%3D73811 HTTP/1.1" 403 - "https://69b4844ae61d4e92bf26ad98af552775-devsite.readyship.co/?p=73811" "Mozilla/5.0 AppleWebKit/537.36 (KHTML, like Gecko; compatible; GPTBot/1.3; +https://openai.com/gptbot)"
64.252.74.231 - - [08/Apr/2026:10:37:53 +0000] "GET /?p=59146 HTTP/1.1" 200 14776 "-" "Amazon CloudFront"
64.252.76.63 - - [08/Apr/2026:10:37:54 +0000] "GET /?p=59165 HTTP/1.1" 200 14372 "-" "Amazon CloudFront"
64.252.74.231 - - [08/Apr/2026:10:37:54 +0000] "GET /prizes/286618278 HTTP/1.1" 301 - "-" "Amazon CloudFront"
64.252.74.231 - - [08/Apr/2026:10:37:55 +0000] "GET /?p=59151 HTTP/1.1" 200 14430 "-" "Amazon CloudFront"
64.252.74.231 - - [08/Apr/2026:10:37:56 +0000] "GET /?p=59149 HTTP/1.1" 200 14828 "-" "Amazon CloudFront"
64.252.74.231 - - [08/Apr/2026:10:37:57 +0000] "GET /?p=59154 HTTP/1.1" 200 14539 "-" "Amazon CloudFront"
64.252.76.100 - - [08/Apr/2026:10:37:58 +0000] "GET /?p=59152 HTTP/1.1" 200 14235 "-" "Amazon CloudFront"
64.252.74.231 - - [08/Apr/2026:10:37:59 +0000] "GET /?p=59197 HTTP/1.1" 200 14480 "-" "Amazon CloudFront"
64.252.76.63 - - [08/Apr/2026:10:38:01 +0000] "GET /?p=59150 HTTP/1.1" 200 14432 "-" "Amazon CloudFront"
64.252.74.231 - - [08/Apr/2026:10:38:02 +0000] "GET /?p=59198 HTTP/1.1" 200 14980 "-" "Amazon CloudFront"
64.252.76.100 - - [08/Apr/2026:10:38:03 +0000] "GET /?p=59179 HTTP/1.1" 200 14477 "-" "Amazon CloudFront"
64.252.74.231 - - [08/Apr/2026:10:38:04 +0000] "GET /?p=59159 HTTP/1.1" 200 15378 "-" "Amazon CloudFront"
64.252.76.100 - - [08/Apr/2026:10:38:04 +0000] "GET /prizes/58151581 HTTP/1.1" 301 - "-" "Amazon CloudFront"
64.252.76.63 - - [08/Apr/2026:10:38:05 +0000] "GET /prizes/198926117 HTTP/1.1" 301 - "-" "Amazon CloudFront"
64.252.74.231 - - [08/Apr/2026:10:38:05 +0000] "GET /?p=59135 HTTP/1.1" 200 14456 "-" "Amazon CloudFront"
64.252.76.100 - - [08/Apr/2026:10:38:06 +0000] "GET /?p=59156 HTTP/1.1" 200 14509 "-" "Amazon CloudFront"
64.252.67.128 - - [08/Apr/2026:10:38:06 +0000] "GET /?p=95761 HTTP/1.1" 200 23342 "-" "Amazon CloudFront"
64.252.76.63 - - [08/Apr/2026:10:38:04 +0000] "GET /prizes/58151581/ HTTP/1.1" 200 24300 "-" "Amazon CloudFront"
64.252.76.100 - - [08/Apr/2026:10:38:07 +0000] "GET /?p=59153 HTTP/1.1" 200 14183 "-" "Amazon CloudFront"
64.252.76.63 - - [08/Apr/2026:10:38:08 +0000] "GET /?p=59167 HTTP/1.1" 200 15679 "-" "Amazon CloudFront"
64.252.74.231 - - [08/Apr/2026:10:38:06 +0000] "GET /prizes/198926117/ HTTP/1.1" 200 24278 "-" "Amazon CloudFront"
64.252.74.231 - - [08/Apr/2026:10:38:09 +0000] "GET /?p=59134 HTTP/1.1" 200 14454 "-" "Amazon CloudFront"
64.252.76.63 - - [08/Apr/2026:10:38:11 +0000] "GET /?p=59147 HTTP/1.1" 200 14739 "-" "Amazon CloudFront"
64.252.69.192 - - [08/Apr/2026:10:38:11 +0000] "GET /?p=67868 HTTP/1.1" 200 22833 "-" "Amazon CloudFront"
64.252.76.100 - - [08/Apr/2026:10:38:12 +0000] "GET /?p=59148 HTTP/1.1" 200 14930 "-" "Amazon CloudFront"
64.252.76.100 - - [08/Apr/2026:10:38:13 +0000] "GET /?author=2&paged=1879 HTTP/1.1" 200 11247 "-" "Amazon CloudFront"
64.252.74.231 - - [08/Apr/2026:10:38:14 +0000] "GET /?author=2&paged=1880 HTTP/1.1" 200 11225 "-" "Amazon CloudFront"
15.158.239.104 - - [08/Apr/2026:10:38:15 +0000] "GET /index.php?format=xml&rest_route=%2Foembed%2F1.0%2Fembed&url=https%3A%2F%2F69b4844ae61d4e92bf26ad98af552775-devsite.readyship.co%2F%3Fp%3D66842 HTTP/1.1" 403 - "https://69b4844ae61d4e92bf26ad98af552775-devsite.readyship.co/?p=66842" "Mozilla/5.0 AppleWebKit/537.36 (KHTML, like Gecko; compatible; GPTBot/1.3; +https://openai.com/gptbot)"
64.252.69.192 - - [08/Apr/2026:10:38:14 +0000] "GET /?p=81262 HTTP/1.1" 200 16852 "-" "Amazon CloudFront"
15.158.239.104 - - [08/Apr/2026:10:38:16 +0000] "GET /index.php?format=xml&rest_route=%2Foembed%2F1.0%2Fembed&url=https%3A%2F%2F69b4844ae61d4e92bf26ad98af552775-devsite.readyship.co%2F%3Fp%3D59159 HTTP/1.1" 403 - "https://69b4844ae61d4e92bf26ad98af552775-devsite.readyship.co/?p=59159" "Mozilla/5.0 AppleWebKit/537.36 (KHTML, like Gecko; compatible; GPTBot/1.3; +https://openai.com/gptbot)"
64.252.76.100 - - [08/Apr/2026:10:38:16 +0000] "GET /?p=59132 HTTP/1.1" 200 14746 "-" "Amazon CloudFront"
15.158.239.104 - - [08/Apr/2026:10:38:17 +0000] "GET /index.php?format=xml&rest_route=%2Foembed%2F1.0%2Fembed&url=https%3A%2F%2F69b4844ae61d4e92bf26ad98af552775-devsite.readyship.co%2F%3Fp%3D61634 HTTP/1.1" 403 - "https://69b4844ae61d4e92bf26ad98af552775-devsite.readyship.co/?p=61634" "Mozilla/5.0 AppleWebKit/537.36 (KHTML, like Gecko; compatible; GPTBot/1.3; +https://openai.com/gptbot)"
15.158.239.101 - - [08/Apr/2026:10:38:18 +0000] "GET /index.php?format=xml&rest_route=%2Foembed%2F1.0%2Fembed&url=https%3A%2F%2F69b4844ae61d4e92bf26ad98af552775-devsite.readyship.co%2F%3Fp%3D79689 HTTP/1.1" 403 - "https://69b4844ae61d4e92bf26ad98af552775-devsite.readyship.co/?p=79689" "Mozilla/5.0 AppleWebKit/537.36 (KHTML, like Gecko; compatible; GPTBot/1.3; +https://openai.com/gptbot)"
64.252.76.63 - - [08/Apr/2026:10:38:15 +0000] "GET /prizes/191150440/ HTTP/1.1" 200 14988 "-" "Amazon CloudFront"
15.158.239.65 - - [08/Apr/2026:10:38:18 +0000] "GET /index.php?format=xml&rest_route=%2Foembed%2F1.0%2Fembed&url=https%3A%2F%2F69b4844ae61d4e92bf26ad98af552775-devsite.readyship.co%2F%3Fp%3D62782 HTTP/1.1" 403 - "https://69b4844ae61d4e92bf26ad98af552775-devsite.readyship.co/?p=62782" "Mozilla/5.0 AppleWebKit/537.36 (KHTML, like Gecko; compatible; GPTBot/1.3; +https://openai.com/gptbot)"
15.158.239.101 - - [08/Apr/2026:10:38:19 +0000] "GET /index.php?format=xml&rest_route=%2Foembed%2F1.0%2Fembed&url=https%3A%2F%2F69b4844ae61d4e92bf26ad98af552775-devsite.readyship.co%2F%3Fp%3D20173 HTTP/1.1" 403 - "https://69b4844ae61d4e92bf26ad98af552775-devsite.readyship.co/?p=20173" "Mozilla/5.0 AppleWebKit/537.36 (KHTML, like Gecko; compatible; GPTBot/1.3; +https://openai.com/gptbot)"
15.158.239.101 - - [08/Apr/2026:10:38:20 +0000] "GET /index.php?format=xml&rest_route=%2Foembed%2F1.0%2Fembed&url=https%3A%2F%2F69b4844ae61d4e92bf26ad98af552775-devsite.readyship.co%2F%3Fp%3D22736 HTTP/1.1" 403 - "https://69b4844ae61d4e92bf26ad98af552775-devsite.readyship.co/?p=22736" "Mozilla/5.0 AppleWebKit/537.36 (KHTML, like Gecko; compatible; GPTBot/1.3; +https://openai.com/gptbot)"
15.158.239.103 - - [08/Apr/2026:10:38:20 +0000] "GET /index.php?format=xml&rest_route=%2Foembed%2F1.0%2Fembed&url=https%3A%2F%2F69b4844ae61d4e92bf26ad98af552775-devsite.readyship.co%2F%3Fp%3D72676 HTTP/1.1" 403 - "https://69b4844ae61d4e92bf26ad98af552775-devsite.readyship.co/?p=72676" "Mozilla/5.0 AppleWebKit/537.36 (KHTML, like Gecko; compatible; GPTBot/1.3; +https://openai.com/gptbot)"
64.252.66.105 - - [08/Apr/2026:10:38:19 +0000] "GET /?p=7663 HTTP/1.1" 200 24016 "-" "Amazon CloudFront"
64.252.76.100 - - [08/Apr/2026:10:38:21 +0000] "GET /?p=59141 HTTP/1.1" 200 14544 "-" "Amazon CloudFront"
15.158.215.109 - - [08/Apr/2026:10:38:22 +0000] "POST /wp-cron.php?doing_wp_cron=1775644702.5750579833984375000000 HTTP/1.1" 200 - "https://69b4844ae61d4e92bf26ad98af552775-devsite.readyship.co/wp-cron.php?doing_wp_cron=1775644702.5750579833984375000000" "WordPress/5.1.19; https://69b4844ae61d4e92bf26ad98af552775-devsite.readyship.co"
64.252.68.163 - - [08/Apr/2026:10:38:22 +0000] "GET /?p=25338 HTTP/1.1" 200 14910 "-" "Amazon CloudFront"
64.252.76.100 - - [08/Apr/2026:10:38:22 +0000] "GET /?p=59145 HTTP/1.1" 200 14902 "-" "Amazon CloudFront"
64.252.76.63 - - [08/Apr/2026:10:38:23 +0000] "GET /prizes/125277420 HTTP/1.1" 301 - "-" "Amazon CloudFront"
64.252.74.231 - - [08/Apr/2026:10:38:23 +0000] "GET /?p=59113 HTTP/1.1" 200 15938 "-" "Amazon CloudFront"
64.252.76.63 - - [08/Apr/2026:10:38:24 +0000] "GET /?p=59105 HTTP/1.1" 200 14883 "-" "Amazon CloudFront"
64.252.76.100 - - [08/Apr/2026:10:38:25 +0000] "GET /?p=59109 HTTP/1.1" 200 14706 "-" "Amazon CloudFront"
64.252.74.231 - - [08/Apr/2026:10:38:24 +0000] "GET /prizes/125277420/ HTTP/1.1" 200 24286 "-" "Amazon CloudFront"
64.252.76.100 - - [08/Apr/2026:10:38:27 +0000] "GET /?p=59112 HTTP/1.1" 200 14770 "-" "Amazon CloudFront"
64.252.76.100 - - [08/Apr/2026:10:38:28 +0000] "GET /?p=59139 HTTP/1.1" 200 14545 "-" "Amazon CloudFront"
64.252.76.63 - - [08/Apr/2026:10:38:29 +0000] "GET /?p=59142 HTTP/1.1" 200 14448 "-" "Amazon CloudFront"
64.252.74.231 - - [08/Apr/2026:10:38:30 +0000] "GET /?p=59140 HTTP/1.1" 200 14440 "-" "Amazon CloudFront"
64.252.76.100 - - [08/Apr/2026:10:38:31 +0000] "GET /?p=59108 HTTP/1.1" 200 14407 "-" "Amazon CloudFront"
64.252.76.63 - - [08/Apr/2026:10:38:32 +0000] "GET /?p=59137 HTTP/1.1" 200 14950 "-" "Amazon CloudFront"
64.252.76.63 - - [08/Apr/2026:10:38:33 +0000] "GET /?p=59107 HTTP/1.1" 200 14593 "-" "Amazon CloudFront"
64.252.74.231 - - [08/Apr/2026:10:38:34 +0000] "GET /?p=59130 HTTP/1.1" 200 14605 "-" "Amazon CloudFront"
64.252.76.100 - - [08/Apr/2026:10:38:35 +0000] "GET /?p=59104 HTTP/1.1" 200 14466 "-" "Amazon CloudFront"
64.252.76.63 - - [08/Apr/2026:10:38:36 +0000] "GET /?p=59138 HTTP/1.1" 200 14442 "-" "Amazon CloudFront"
64.252.68.163 - - [08/Apr/2026:10:38:37 +0000] "GET /?p=9475 HTTP/1.1" 200 15538 "-" "Amazon CloudFront"
64.252.74.231 - - [08/Apr/2026:10:38:37 +0000] "GET /?p=59136 HTTP/1.1" 200 14100 "-" "Amazon CloudFront"
64.252.76.63 - - [08/Apr/2026:10:38:38 +0000] "GET /?p=59103 HTTP/1.1" 200 14870 "-" "Amazon CloudFront"
64.252.76.100 - - [08/Apr/2026:10:38:40 +0000] "GET /?p=59106 HTTP/1.1" 200 14235 "-" "Amazon CloudFront"
64.252.74.231 - - [08/Apr/2026:10:38:41 +0000] "GET /?author=2&paged=1881 HTTP/1.1" 200 11282 "-" "Amazon CloudFront"
64.252.76.63 - - [08/Apr/2026:10:38:42 +0000] "GET /?author=2&paged=1882 HTTP/1.1" 200 11253 "-" "Amazon CloudFront"
64.252.74.231 - - [08/Apr/2026:10:38:43 +0000] "GET /?p=59111 HTTP/1.1" 200 14608 "-" "Amazon CloudFront"
64.252.76.63 - - [08/Apr/2026:10:38:43 +0000] "GET /prizes/171718107 HTTP/1.1" 301 - "-" "Amazon CloudFront"
15.158.239.104 - - [08/Apr/2026:10:38:44 +0000] "GET /index.php?format=xml&rest_route=%2Foembed%2F1.0%2Fembed&url=https%3A%2F%2F69b4844ae61d4e92bf26ad98af552775-devsite.readyship.co%2F%3Fp%3D19501 HTTP/1.1" 403 - "https://69b4844ae61d4e92bf26ad98af552775-devsite.readyship.co/?p=19501" "Mozilla/5.0 AppleWebKit/537.36 (KHTML, like Gecko; compatible; GPTBot/1.3; +https://openai.com/gptbot)"
15.158.239.104 - - [08/Apr/2026:10:38:44 +0000] "GET /index.php?format=xml&rest_route=%2Foembed%2F1.0%2Fembed&url=https%3A%2F%2F69b4844ae61d4e92bf26ad98af552775-devsite.readyship.co%2F%3Fp%3D71642 HTTP/1.1" 403 - "https://69b4844ae61d4e92bf26ad98af552775-devsite.readyship.co/?p=71642" "Mozilla/5.0 AppleWebKit/537.36 (KHTML, like Gecko; compatible; GPTBot/1.3; +https://openai.com/gptbot)"
64.252.74.231 - - [08/Apr/2026:10:38:45 +0000] "GET /?p=59115 HTTP/1.1" 200 14501 "-" "Amazon CloudFront"
15.158.239.104 - - [08/Apr/2026:10:38:46 +0000] "GET /index.php?format=xml&rest_route=%2Foembed%2F1.0%2Fembed&url=https%3A%2F%2F69b4844ae61d4e92bf26ad98af552775-devsite.readyship.co%2F%3Fp%3D72930 HTTP/1.1" 403 - "https://69b4844ae61d4e92bf26ad98af552775-devsite.readyship.co/?p=72930" "Mozilla/5.0 AppleWebKit/537.36 (KHTML, like Gecko; compatible; GPTBot/1.3; +https://openai.com/gptbot)"
15.158.239.101 - - [08/Apr/2026:10:38:47 +0000] "GET /index.php?format=xml&rest_route=%2Foembed%2F1.0%2Fembed&url=https%3A%2F%2F69b4844ae61d4e92bf26ad98af552775-devsite.readyship.co%2F%3Fp%3D21684 HTTP/1.1" 403 - "https://69b4844ae61d4e92bf26ad98af552775-devsite.readyship.co/?p=21684" "Mozilla/5.0 AppleWebKit/537.36 (KHTML, like Gecko; compatible; GPTBot/1.3; +https://openai.com/gptbot)"
64.252.74.231 - - [08/Apr/2026:10:38:44 +0000] "GET /prizes/171718107/ HTTP/1.1" 200 24261 "-" "Amazon CloudFront"
15.158.239.65 - - [08/Apr/2026:10:38:47 +0000] "GET /index.php?format=xml&rest_route=%2Foembed%2F1.0%2Fembed&url=https%3A%2F%2F69b4844ae61d4e92bf26ad98af552775-devsite.readyship.co%2F%3Fp%3D59136 HTTP/1.1" 403 - "https://69b4844ae61d4e92bf26ad98af552775-devsite.readyship.co/?p=59136" "Mozilla/5.0 AppleWebKit/537.36 (KHTML, like Gecko; compatible; GPTBot/1.3; +https://openai.com/gptbot)"
64.252.74.231 - - [08/Apr/2026:10:38:48 +0000] "GET /?p=59091 HTTP/1.1" 200 14419 "-" "Amazon CloudFront"
15.158.239.65 - - [08/Apr/2026:10:38:49 +0000] "GET /index.php?format=xml&rest_route=%2Foembed%2F1.0%2Fembed&url=https%3A%2F%2F69b4844ae61d4e92bf26ad98af552775-devsite.readyship.co%2F%3Fp%3D67174 HTTP/1.1" 403 - "https://69b4844ae61d4e92bf26ad98af552775-devsite.readyship.co/?p=67174" "Mozilla/5.0 AppleWebKit/537.36 (KHTML, like Gecko; compatible; GPTBot/1.3; +https://openai.com/gptbot)"
64.252.74.231 - - [08/Apr/2026:10:38:49 +0000] "GET /?p=59100 HTTP/1.1" 200 14252 "-" "Amazon CloudFront"
64.252.76.63 - - [08/Apr/2026:10:38:52 +0000] "GET /prizes/231039804 HTTP/1.1" 301 - "-" "Amazon CloudFront"
64.252.76.63 - - [08/Apr/2026:10:38:50 +0000] "GET /?p=59053 HTTP/1.1" 200 14349 "-" "Amazon CloudFront"
64.252.74.231 - - [08/Apr/2026:10:38:52 +0000] "GET /?p=59090 HTTP/1.1" 200 14545 "-" "Amazon CloudFront"
64.252.74.231 - - [08/Apr/2026:10:38:53 +0000] "GET /?p=59088 HTTP/1.1" 200 14621 "-" "Amazon CloudFront"
64.252.74.231 - - [08/Apr/2026:10:38:54 +0000] "GET /?p=59079 HTTP/1.1" 200 14642 "-" "Amazon CloudFront"
64.252.76.63 - - [08/Apr/2026:10:38:55 +0000] "GET /?p=59098 HTTP/1.1" 200 14163 "-" "Amazon CloudFront"
64.252.76.100 - - [08/Apr/2026:10:38:56 +0000] "GET /?p=59058 HTTP/1.1" 200 16090 "-" "Amazon CloudFront"
64.252.76.100 - - [08/Apr/2026:10:38:57 +0000] "GET /?p=59114 HTTP/1.1" 200 14873 "-" "Amazon CloudFront"
64.252.74.231 - - [08/Apr/2026:10:38:58 +0000] "GET /?p=59056 HTTP/1.1" 200 14381 "-" "Amazon CloudFront"
64.252.76.63 - - [08/Apr/2026:10:38:59 +0000] "GET /?p=59085 HTTP/1.1" 200 14499 "-" "Amazon CloudFront"
64.252.76.100 - - [08/Apr/2026:10:39:00 +0000] "GET /prizes/114578440 HTTP/1.1" 301 - "-" "Amazon CloudFront"
64.252.74.231 - - [08/Apr/2026:10:39:00 +0000] "GET /?p=59101 HTTP/1.1" 200 14787 "-" "Amazon CloudFront"
64.252.76.63 - - [08/Apr/2026:10:39:02 +0000] "GET /?p=59057 HTTP/1.1" 200 14960 "-" "Amazon CloudFront"
64.252.74.231 - - [08/Apr/2026:10:39:03 +0000] "GET /?p=59054 HTTP/1.1" 200 14564 "-" "Amazon CloudFront"
64.252.74.231 - - [08/Apr/2026:10:39:01 +0000] "GET /prizes/114578440/ HTTP/1.1" 200 24288 "-" "Amazon CloudFront"
64.252.74.231 - - [08/Apr/2026:10:39:04 +0000] "GET /?p=59089 HTTP/1.1" 200 14467 "-" "Amazon CloudFront"
64.252.76.63 - - [08/Apr/2026:10:39:05 +0000] "GET /?p=59062 HTTP/1.1" 200 14347 "-" "Amazon CloudFront"
64.252.76.100 - - [08/Apr/2026:10:39:06 +0000] "GET /?p=59061 HTTP/1.1" 200 15637 "-" "Amazon CloudFront"
64.252.74.231 - - [08/Apr/2026:10:39:07 +0000] "GET /?feed=rss2&p=59098 HTTP/1.1" 200 529 "-" "Amazon CloudFront"
64.252.76.100 - - [08/Apr/2026:10:39:08 +0000] "GET /?p=59087 HTTP/1.1" 200 14480 "-" "Amazon CloudFront"
64.252.76.63 - - [08/Apr/2026:10:39:09 +0000] "GET /?p=59102 HTTP/1.1" 200 14371 "-" "Amazon CloudFront"
15.158.239.104 - - [08/Apr/2026:10:39:10 +0000] "GET /index.php?format=xml&rest_route=%2Foembed%2F1.0%2Fembed&url=https%3A%2F%2F69b4844ae61d4e92bf26ad98af552775-devsite.readyship.co%2F%3Fp%3D59087 HTTP/1.1" 403 - "https://69b4844ae61d4e92bf26ad98af552775-devsite.readyship.co/?p=59087" "Mozilla/5.0 AppleWebKit/537.36 (KHTML, like Gecko; compatible; GPTBot/1.3; +https://openai.com/gptbot)"
15.158.239.104 - - [08/Apr/2026:10:39:11 +0000] "GET /index.php?rest_route=%2Foembed%2F1.0%2Fembed&url=https%3A%2F%2F69b4844ae61d4e92bf26ad98af552775-devsite.readyship.co%2F%3Fp%3D59087 HTTP/1.1" 403 - "https://69b4844ae61d4e92bf26ad98af552775-devsite.readyship.co/?p=59087" "Mozilla/5.0 AppleWebKit/537.36 (KHTML, like Gecko; compatible; GPTBot/1.3; +https://openai.com/gptbot)"
64.252.68.163 - - [08/Apr/2026:10:39:10 +0000] "GET /?p=43138 HTTP/1.1" 200 24596 "-" "Amazon CloudFront"
64.252.76.63 - - [08/Apr/2026:10:39:11 +0000] "GET /?p=59067 HTTP/1.1" 200 14463 "-" "Amazon CloudFront"
15.158.239.104 - - [08/Apr/2026:10:39:12 +0000] "GET /index.php?rest_route=%2Foembed%2F1.0%2Fembed&url=https%3A%2F%2F69b4844ae61d4e92bf26ad98af552775-devsite.readyship.co%2F%3Fp%3D59111 HTTP/1.1" 403 - "https://69b4844ae61d4e92bf26ad98af552775-devsite.readyship.co/?p=59111" "Mozilla/5.0 AppleWebKit/537.36 (KHTML, like Gecko; compatible; GPTBot/1.3; +https://openai.com/gptbot)"
15.158.239.65 - - [08/Apr/2026:10:39:13 +0000] "GET /index.php?rest_route=%2Foembed%2F1.0%2Fembed&url=https%3A%2F%2F69b4844ae61d4e92bf26ad98af552775-devsite.readyship.co%2F%3Fp%3D59101 HTTP/1.1" 403 - "https://69b4844ae61d4e92bf26ad98af552775-devsite.readyship.co/?p=59101" "Mozilla/5.0 AppleWebKit/537.36 (KHTML, like Gecko; compatible; GPTBot/1.3; +https://openai.com/gptbot)"
64.252.76.100 - - [08/Apr/2026:10:39:10 +0000] "GET /prizes/224043753/ HTTP/1.1" 200 24282 "-" "Amazon CloudFront"
64.252.76.100 - - [08/Apr/2026:10:39:13 +0000] "GET /?author=2&paged=1884 HTTP/1.1" 200 11352 "-" "Amazon CloudFront"
64.252.66.105 - - [08/Apr/2026:10:39:14 +0000] "GET /?p=5855 HTTP/1.1" 200 20704 "-" "Amazon CloudFront"
64.252.74.231 - - [08/Apr/2026:10:39:15 +0000] "GET /?p=59028 HTTP/1.1" 200 14356 "-" "Amazon CloudFront"
64.252.74.231 - - [08/Apr/2026:10:39:16 +0000] "GET /?author=2&paged=1883 HTTP/1.1" 200 11189 "-" "Amazon CloudFront"
15.158.239.65 - - [08/Apr/2026:10:39:17 +0000] "GET /index.php?format=xml&rest_route=%2Foembed%2F1.0%2Fembed&url=https%3A%2F%2F69b4844ae61d4e92bf26ad98af552775-devsite.readyship.co%2F%3Fp%3D75684 HTTP/1.1" 403 - "https://69b4844ae61d4e92bf26ad98af552775-devsite.readyship.co/?p=75684" "Mozilla/5.0 AppleWebKit/537.36 (KHTML, like Gecko; compatible; GPTBot/1.3; +https://openai.com/gptbot)"
15.158.239.101 - - [08/Apr/2026:10:39:17 +0000] "GET /index.php?format=xml&rest_route=%2Foembed%2F1.0%2Fembed&url=https%3A%2F%2F69b4844ae61d4e92bf26ad98af552775-devsite.readyship.co%2F%3Fp%3D51940 HTTP/1.1" 403 - "https://69b4844ae61d4e92bf26ad98af552775-devsite.readyship.co/?p=51940" "Mozilla/5.0 AppleWebKit/537.36 (KHTML, like Gecko; compatible; GPTBot/1.3; +https://openai.com/gptbot)"
15.158.239.101 - - [08/Apr/2026:10:39:18 +0000] "GET /index.php?format=xml&rest_route=%2Foembed%2F1.0%2Fembed&url=https%3A%2F%2F69b4844ae61d4e92bf26ad98af552775-devsite.readyship.co%2F%3Fp%3D80434 HTTP/1.1" 403 - "https://69b4844ae61d4e92bf26ad98af552775-devsite.readyship.co/?p=80434" "Mozilla/5.0 AppleWebKit/537.36 (KHTML, like Gecko; compatible; GPTBot/1.3; +https://openai.com/gptbot)"
15.158.239.65 - - [08/Apr/2026:10:39:18 +0000] "GET /index.php?format=xml&rest_route=%2Foembed%2F1.0%2Fembed&url=https%3A%2F%2F69b4844ae61d4e92bf26ad98af552775-devsite.readyship.co%2F%3Fp%3D16023 HTTP/1.1" 403 - "https://69b4844ae61d4e92bf26ad98af552775-devsite.readyship.co/?p=16023" "Mozilla/5.0 AppleWebKit/537.36 (KHTML, like Gecko; compatible; GPTBot/1.3; +https://openai.com/gptbot)"
15.158.239.65 - - [08/Apr/2026:10:39:19 +0000] "GET /index.php?format=xml&rest_route=%2Foembed%2F1.0%2Fembed&url=https%3A%2F%2F69b4844ae61d4e92bf26ad98af552775-devsite.readyship.co%2F%3Fp%3D17091 HTTP/1.1" 403 - "https://69b4844ae61d4e92bf26ad98af552775-devsite.readyship.co/?p=17091" "Mozilla/5.0 AppleWebKit/537.36 (KHTML, like Gecko; compatible; GPTBot/1.3; +https://openai.com/gptbot)"
15.158.239.103 - - [08/Apr/2026:10:39:20 +0000] "GET /index.php?format=xml&rest_route=%2Foembed%2F1.0%2Fembed&url=https%3A%2F%2F69b4844ae61d4e92bf26ad98af552775-devsite.readyship.co%2F%3Fp%3D75269 HTTP/1.1" 403 - "https://69b4844ae61d4e92bf26ad98af552775-devsite.readyship.co/?p=75269" "Mozilla/5.0 AppleWebKit/537.36 (KHTML, like Gecko; compatible; GPTBot/1.3; +https://openai.com/gptbot)"
15.158.239.65 - - [08/Apr/2026:10:39:20 +0000] "GET /index.php?format=xml&rest_route=%2Foembed%2F1.0%2Fembed&url=https%3A%2F%2F69b4844ae61d4e92bf26ad98af552775-devsite.readyship.co%2F%3Fp%3D61545 HTTP/1.1" 403 - "https://69b4844ae61d4e92bf26ad98af552775-devsite.readyship.co/?p=61545" "Mozilla/5.0 AppleWebKit/537.36 (KHTML, like Gecko; compatible; GPTBot/1.3; +https://openai.com/gptbot)"
15.158.239.65 - - [08/Apr/2026:10:39:21 +0000] "GET /index.php?format=xml&rest_route=%2Foembed%2F1.0%2Fembed&url=https%3A%2F%2F69b4844ae61d4e92bf26ad98af552775-devsite.readyship.co%2F%3Fp%3D78833 HTTP/1.1" 403 - "https://69b4844ae61d4e92bf26ad98af552775-devsite.readyship.co/?p=78833" "Mozilla/5.0 AppleWebKit/537.36 (KHTML, like Gecko; compatible; GPTBot/1.3; +https://openai.com/gptbot)"
15.158.215.109 - - [08/Apr/2026:10:39:22 +0000] "POST /wp-cron.php?doing_wp_cron=1775644762.0786139965057373046875 HTTP/1.1" 200 - "https://69b4844ae61d4e92bf26ad98af552775-devsite.readyship.co/wp-cron.php?doing_wp_cron=1775644762.0786139965057373046875" "WordPress/5.1.19; https://69b4844ae61d4e92bf26ad98af552775-devsite.readyship.co"
64.252.76.100 - - [08/Apr/2026:10:39:21 +0000] "GET /?p=59019 HTTP/1.1" 200 15540 "-" "Amazon CloudFront"
64.252.76.100 - - [08/Apr/2026:10:39:23 +0000] "GET /?p=59020 HTTP/1.1" 200 14475 "-" "Amazon CloudFront"
64.252.74.231 - - [08/Apr/2026:10:39:24 +0000] "GET /?p=59030 HTTP/1.1" 200 14651 "-" "Amazon CloudFront"
64.252.74.231 - - [08/Apr/2026:10:39:25 +0000] "GET /?p=59044 HTTP/1.1" 200 14575 "-" "Amazon CloudFront"
64.252.74.231 - - [08/Apr/2026:10:39:26 +0000] "GET /?p=59051 HTTP/1.1" 200 15946 "-" "Amazon CloudFront"
64.252.76.63 - - [08/Apr/2026:10:39:27 +0000] "GET /?p=59065 HTTP/1.1" 200 14414 "-" "Amazon CloudFront"
64.252.74.231 - - [08/Apr/2026:10:39:28 +0000] "GET /prizes/46369682 HTTP/1.1" 301 - "-" "Amazon CloudFront"
64.252.76.100 - - [08/Apr/2026:10:39:29 +0000] "GET /?p=59045 HTTP/1.1" 200 14442 "-" "Amazon CloudFront"
64.252.74.231 - - [08/Apr/2026:10:39:30 +0000] "GET /prizes/146715975 HTTP/1.1" 301 - "-" "Amazon CloudFront"
64.252.76.63 - - [08/Apr/2026:10:39:30 +0000] "GET /?p=59029 HTTP/1.1" 200 15312 "-" "Amazon CloudFront"
64.252.76.100 - - [08/Apr/2026:10:39:31 +0000] "GET /?p=59027 HTTP/1.1" 200 14164 "-" "Amazon CloudFront"
64.252.67.128 - - [08/Apr/2026:10:39:31 +0000] "GET /?p=27684 HTTP/1.1" 200 17905 "-" "Amazon CloudFront"
64.252.74.231 - - [08/Apr/2026:10:39:29 +0000] "GET /prizes/46369682/ HTTP/1.1" 200 24275 "-" "Amazon CloudFront"
64.252.76.63 - - [08/Apr/2026:10:39:32 +0000] "GET /prizes/251322864 HTTP/1.1" 301 - "-" "Amazon CloudFront"
64.252.74.231 - - [08/Apr/2026:10:39:32 +0000] "GET /?p=59021 HTTP/1.1" 200 14517 "-" "Amazon CloudFront"
64.252.76.100 - - [08/Apr/2026:10:39:30 +0000] "GET /prizes/146715975/ HTTP/1.1" 200 24256 "-" "Amazon CloudFront"
64.252.76.100 - - [08/Apr/2026:10:39:33 +0000] "GET /?p=59023 HTTP/1.1" 200 14630 "-" "Amazon CloudFront"
64.252.67.128 - - [08/Apr/2026:10:39:33 +0000] "GET /?p=6955 HTTP/1.1" 200 15854 "-" "Amazon CloudFront"
64.252.74.231 - - [08/Apr/2026:10:39:34 +0000] "GET /?p=59015 HTTP/1.1" 200 15713 "-" "Amazon CloudFront"
64.252.76.100 - - [08/Apr/2026:10:39:33 +0000] "GET /prizes/251322864/ HTTP/1.1" 200 24280 "-" "Amazon CloudFront"
64.252.76.100 - - [08/Apr/2026:10:39:35 +0000] "GET /?p=59042 HTTP/1.1" 200 14758 "-" "Amazon CloudFront"
64.252.76.63 - - [08/Apr/2026:10:39:36 +0000] "GET /?p=59024 HTTP/1.1" 200 14496 "-" "Amazon CloudFront"
64.252.76.63 - - [08/Apr/2026:10:39:37 +0000] "GET /?p=59043 HTTP/1.1" 200 14454 "-" "Amazon CloudFront"
64.252.74.231 - - [08/Apr/2026:10:39:38 +0000] "GET /?p=59046 HTTP/1.1" 200 14628 "-" "Amazon CloudFront"
64.252.74.231 - - [08/Apr/2026:10:39:39 +0000] "GET /?p=59048 HTTP/1.1" 200 14631 "-" "Amazon CloudFront"
64.252.76.63 - - [08/Apr/2026:10:39:41 +0000] "GET /?author=2&paged=1886 HTTP/1.1" 200 11301 "-" "Amazon CloudFront"
64.252.76.63 - - [08/Apr/2026:10:39:42 +0000] "GET /prizes/133694773 HTTP/1.1" 301 - "-" "Amazon CloudFront"
64.252.74.231 - - [08/Apr/2026:10:39:42 +0000] "GET /?author=2&paged=1885 HTTP/1.1" 200 11381 "-" "Amazon CloudFront"
64.252.74.231 - - [08/Apr/2026:10:39:43 +0000] "GET /?p=58999 HTTP/1.1" 200 13581 "-" "Amazon CloudFront"
15.158.239.104 - - [08/Apr/2026:10:39:44 +0000] "GET /index.php?format=xml&rest_route=%2Foembed%2F1.0%2Fembed&url=https%3A%2F%2F69b4844ae61d4e92bf26ad98af552775-devsite.readyship.co%2F%3Fp%3D61078 HTTP/1.1" 403 - "https://69b4844ae61d4e92bf26ad98af552775-devsite.readyship.co/?p=61078" "Mozilla/5.0 AppleWebKit/537.36 (KHTML, like Gecko; compatible; GPTBot/1.3; +https://openai.com/gptbot)"
64.252.76.100 - - [08/Apr/2026:10:39:42 +0000] "GET /prizes/133694773/ HTTP/1.1" 200 24310 "-" "Amazon CloudFront"
15.158.239.104 - - [08/Apr/2026:10:39:44 +0000] "GET /index.php?format=xml&rest_route=%2Foembed%2F1.0%2Fembed&url=https%3A%2F%2F69b4844ae61d4e92bf26ad98af552775-devsite.readyship.co%2F%3Fp%3D17157 HTTP/1.1" 403 - "https://69b4844ae61d4e92bf26ad98af552775-devsite.readyship.co/?p=17157" "Mozilla/5.0 AppleWebKit/537.36 (KHTML, like Gecko; compatible; GPTBot/1.3; +https://openai.com/gptbot)"
15.158.239.104 - - [08/Apr/2026:10:39:46 +0000] "GET /index.php?format=xml&rest_route=%2Foembed%2F1.0%2Fembed&url=https%3A%2F%2F69b4844ae61d4e92bf26ad98af552775-devsite.readyship.co%2F%3Fp%3D23264 HTTP/1.1" 403 - "https://69b4844ae61d4e92bf26ad98af552775-devsite.readyship.co/?p=23264" "Mozilla/5.0 AppleWebKit/537.36 (KHTML, like Gecko; compatible; GPTBot/1.3; +https://openai.com/gptbot)"
64.252.76.63 - - [08/Apr/2026:10:39:45 +0000] "GET /?p=58998 HTTP/1.1" 200 14382 "-" "Amazon CloudFront"
15.158.239.65 - - [08/Apr/2026:10:39:47 +0000] "GET /index.php?format=xml&rest_route=%2Foembed%2F1.0%2Fembed&url=https%3A%2F%2F69b4844ae61d4e92bf26ad98af552775-devsite.readyship.co%2F%3Fp%3D16029 HTTP/1.1" 403 - "https://69b4844ae61d4e92bf26ad98af552775-devsite.readyship.co/?p=16029" "Mozilla/5.0 AppleWebKit/537.36 (KHTML, like Gecko; compatible; GPTBot/1.3; +https://openai.com/gptbot)"
15.158.239.101 - - [08/Apr/2026:10:39:47 +0000] "GET /index.php?format=xml&rest_route=%2Foembed%2F1.0%2Fembed&url=https%3A%2F%2F69b4844ae61d4e92bf26ad98af552775-devsite.readyship.co%2F%3Fp%3D72431 HTTP/1.1" 403 - "https://69b4844ae61d4e92bf26ad98af552775-devsite.readyship.co/?p=72431" "Mozilla/5.0 AppleWebKit/537.36 (KHTML, like Gecko; compatible; GPTBot/1.3; +https://openai.com/gptbot)"
15.158.239.103 - - [08/Apr/2026:10:39:48 +0000] "GET /index.php?format=xml&rest_route=%2Foembed%2F1.0%2Fembed&url=https%3A%2F%2F69b4844ae61d4e92bf26ad98af552775-devsite.readyship.co%2F%3Fp%3D74301 HTTP/1.1" 403 - "https://69b4844ae61d4e92bf26ad98af552775-devsite.readyship.co/?p=74301" "Mozilla/5.0 AppleWebKit/537.36 (KHTML, like Gecko; compatible; GPTBot/1.3; +https://openai.com/gptbot)"
15.158.239.103 - - [08/Apr/2026:10:39:48 +0000] "GET /index.php?format=xml&rest_route=%2Foembed%2F1.0%2Fembed&url=https%3A%2F%2F69b4844ae61d4e92bf26ad98af552775-devsite.readyship.co%2F%3Fp%3D59048 HTTP/1.1" 403 - "https://69b4844ae61d4e92bf26ad98af552775-devsite.readyship.co/?p=59048" "Mozilla/5.0 AppleWebKit/537.36 (KHTML, like Gecko; compatible; GPTBot/1.3; +https://openai.com/gptbot)"
64.252.74.231 - - [08/Apr/2026:10:39:48 +0000] "GET /prizes/295657763 HTTP/1.1" 301 - "-" "Amazon CloudFront"
64.252.74.231 - - [08/Apr/2026:10:39:49 +0000] "GET /?p=58984 HTTP/1.1" 200 14527 "-" "Amazon CloudFront"
64.252.76.63 - - [08/Apr/2026:10:39:50 +0000] "GET /?p=59007 HTTP/1.1" 200 13999 "-" "Amazon CloudFront"
64.252.76.100 - - [08/Apr/2026:10:39:51 +0000] "GET /?p=59001 HTTP/1.1" 200 15621 "-" "Amazon CloudFront"
64.252.76.100 - - [08/Apr/2026:10:39:52 +0000] "GET /?p=58991 HTTP/1.1" 200 14623 "-" "Amazon CloudFront"
64.252.76.100 - - [08/Apr/2026:10:39:53 +0000] "GET /?p=59008 HTTP/1.1" 200 13416 "-" "Amazon CloudFront"
64.252.76.63 - - [08/Apr/2026:10:39:54 +0000] "GET /?p=58987 HTTP/1.1" 200 14239 "-" "Amazon CloudFront"
64.252.74.231 - - [08/Apr/2026:10:39:55 +0000] "GET /prizes/127290501 HTTP/1.1" 301 - "-" "Amazon CloudFront"
64.252.74.231 - - [08/Apr/2026:10:39:55 +0000] "GET /?p=58986 HTTP/1.1" 200 14305 "-" "Amazon CloudFront"
64.252.76.63 - - [08/Apr/2026:10:39:57 +0000] "GET /?p=59009 HTTP/1.1" 200 14717 "-" "Amazon CloudFront"
64.252.76.100 - - [08/Apr/2026:10:39:58 +0000] "GET /?p=59010 HTTP/1.1" 200 14255 "-" "Amazon CloudFront"
64.252.76.63 - - [08/Apr/2026:10:39:59 +0000] "GET /prizes/91498167 HTTP/1.1" 301 - "-" "Amazon CloudFront"
64.252.76.63 - - [08/Apr/2026:10:39:59 +0000] "GET /?p=58992 HTTP/1.1" 200 14213 "-" "Amazon CloudFront"
64.252.74.231 - - [08/Apr/2026:10:40:00 +0000] "GET /?p=59002 HTTP/1.1" 200 14209 "-" "Amazon CloudFront"
64.252.74.231 - - [08/Apr/2026:10:40:01 +0000] "GET /prizes/101842763 HTTP/1.1" 301 - "-" "Amazon CloudFront"
64.252.76.100 - - [08/Apr/2026:10:40:01 +0000] "GET /?p=58990 HTTP/1.1" 200 15257 "-" "Amazon CloudFront"
64.252.74.231 - - [08/Apr/2026:10:40:02 +0000] "GET /?p=58985 HTTP/1.1" 200 14458 "-" "Amazon CloudFront"
64.252.74.231 - - [08/Apr/2026:10:40:03 +0000] "GET /?p=59003 HTTP/1.1" 200 14114 "-" "Amazon CloudFront"
15.158.239.104 - - [08/Apr/2026:10:40:04 +0000] "GET /index.php?rest_route=%2Foembed%2F1.0%2Fembed&url=https%3A%2F%2F69b4844ae61d4e92bf26ad98af552775-devsite.readyship.co%2F%3Fp%3D58991 HTTP/1.1" 403 - "https://69b4844ae61d4e92bf26ad98af552775-devsite.readyship.co/?p=58991" "Mozilla/5.0 AppleWebKit/537.36 (KHTML, like Gecko; compatible; GPTBot/1.3; +https://openai.com/gptbot)"
64.252.76.63 - - [08/Apr/2026:10:40:02 +0000] "GET /prizes/101842763/ HTTP/1.1" 200 24266 "-" "Amazon CloudFront"
64.252.74.231 - - [08/Apr/2026:10:40:05 +0000] "GET /?p=59004 HTTP/1.1" 200 14509 "-" "Amazon CloudFront"
64.252.74.231 - - [08/Apr/2026:10:40:06 +0000] "GET /?p=58989 HTTP/1.1" 200 15313 "-" "Amazon CloudFront"
64.252.76.100 - - [08/Apr/2026:10:40:07 +0000] "GET /?p=58972 HTTP/1.1" 200 14126 "-" "Amazon CloudFront"
64.252.67.128 - - [08/Apr/2026:10:40:07 +0000] "GET /?p=7884 HTTP/1.1" 200 15388 "-" "Amazon CloudFront"
64.252.76.63 - - [08/Apr/2026:10:40:08 +0000] "GET /?p=59013 HTTP/1.1" 200 15148 "-" "Amazon CloudFront"
64.252.76.100 - - [08/Apr/2026:10:40:09 +0000] "GET /?author=2&paged=1888 HTTP/1.1" 200 11265 "-" "Amazon CloudFront"
15.158.239.104 - - [08/Apr/2026:10:40:10 +0000] "GET /index.php?rest_route=%2Foembed%2F1.0%2Fembed&url=https%3A%2F%2F69b4844ae61d4e92bf26ad98af552775-devsite.readyship.co%2F%3Fp%3D58999 HTTP/1.1" 403 - "https://69b4844ae61d4e92bf26ad98af552775-devsite.readyship.co/?p=58999" "Mozilla/5.0 AppleWebKit/537.36 (KHTML, like Gecko; compatible; GPTBot/1.3; +https://openai.com/gptbot)"
64.252.74.231 - - [08/Apr/2026:10:40:11 +0000] "GET /?author=2&paged=1887 HTTP/1.1" 200 11380 "-" "Amazon CloudFront"
64.252.76.100 - - [08/Apr/2026:10:40:12 +0000] "GET /?p=59000 HTTP/1.1" 200 14417 "-" "Amazon CloudFront"
15.158.239.104 - - [08/Apr/2026:10:40:13 +0000] "GET /index.php?format=xml&rest_route=%2Foembed%2F1.0%2Fembed&url=https%3A%2F%2F69b4844ae61d4e92bf26ad98af552775-devsite.readyship.co%2F%3Fp%3D26307 HTTP/1.1" 403 - "https://69b4844ae61d4e92bf26ad98af552775-devsite.readyship.co/?p=26307" "Mozilla/5.0 AppleWebKit/537.36 (KHTML, like Gecko; compatible; GPTBot/1.3; +https://openai.com/gptbot)"
15.158.239.101 - - [08/Apr/2026:10:40:14 +0000] "GET /index.php?format=xml&rest_route=%2Foembed%2F1.0%2Fembed&url=https%3A%2F%2F69b4844ae61d4e92bf26ad98af552775-devsite.readyship.co%2F%3Fp%3D22370 HTTP/1.1" 403 - "https://69b4844ae61d4e92bf26ad98af552775-devsite.readyship.co/?p=22370" "Mozilla/5.0 AppleWebKit/537.36 (KHTML, like Gecko; compatible; GPTBot/1.3; +https://openai.com/gptbot)"
15.158.239.101 - - [08/Apr/2026:10:40:14 +0000] "GET /index.php?format=xml&rest_route=%2Foembed%2F1.0%2Fembed&url=https%3A%2F%2F69b4844ae61d4e92bf26ad98af552775-devsite.readyship.co%2F%3Fp%3D26195 HTTP/1.1" 403 - "https://69b4844ae61d4e92bf26ad98af552775-devsite.readyship.co/?p=26195" "Mozilla/5.0 AppleWebKit/537.36 (KHTML, like Gecko; compatible; GPTBot/1.3; +https://openai.com/gptbot)"
15.158.239.101 - - [08/Apr/2026:10:40:15 +0000] "GET /index.php?format=xml&rest_route=%2Foembed%2F1.0%2Fembed&url=https%3A%2F%2F69b4844ae61d4e92bf26ad98af552775-devsite.readyship.co%2F%3Fp%3D65435 HTTP/1.1" 403 - "https://69b4844ae61d4e92bf26ad98af552775-devsite.readyship.co/?p=65435" "Mozilla/5.0 AppleWebKit/537.36 (KHTML, like Gecko; compatible; GPTBot/1.3; +https://openai.com/gptbot)"
15.158.239.101 - - [08/Apr/2026:10:40:16 +0000] "GET /index.php?format=xml&rest_route=%2Foembed%2F1.0%2Fembed&url=https%3A%2F%2F69b4844ae61d4e92bf26ad98af552775-devsite.readyship.co%2F%3Fp%3D72996 HTTP/1.1" 403 - "https://69b4844ae61d4e92bf26ad98af552775-devsite.readyship.co/?p=72996" "Mozilla/5.0 AppleWebKit/537.36 (KHTML, like Gecko; compatible; GPTBot/1.3; +https://openai.com/gptbot)"
64.252.74.231 - - [08/Apr/2026:10:40:16 +0000] "GET /?p=58952 HTTP/1.1" 200 14114 "-" "Amazon CloudFront"
15.158.239.65 - - [08/Apr/2026:10:40:17 +0000] "GET /index.php?format=xml&rest_route=%2Foembed%2F1.0%2Fembed&url=https%3A%2F%2F69b4844ae61d4e92bf26ad98af552775-devsite.readyship.co%2F%3Fp%3D80232 HTTP/1.1" 403 - "https://69b4844ae61d4e92bf26ad98af552775-devsite.readyship.co/?p=80232" "Mozilla/5.0 AppleWebKit/537.36 (KHTML, like Gecko; compatible; GPTBot/1.3; +https://openai.com/gptbot)"
15.158.239.101 - - [08/Apr/2026:10:40:18 +0000] "GET /index.php?format=xml&rest_route=%2Foembed%2F1.0%2Fembed&url=https%3A%2F%2F69b4844ae61d4e92bf26ad98af552775-devsite.readyship.co%2F%3Fp%3D17385 HTTP/1.1" 403 - "https://69b4844ae61d4e92bf26ad98af552775-devsite.readyship.co/?p=17385" "Mozilla/5.0 AppleWebKit/537.36 (KHTML, like Gecko; compatible; GPTBot/1.3; +https://openai.com/gptbot)"
64.252.76.100 - - [08/Apr/2026:10:40:17 +0000] "GET /prizes/52773753/ HTTP/1.1" 200 4556 "-" "Amazon CloudFront"
64.252.76.63 - - [08/Apr/2026:10:40:18 +0000] "GET /?p=58945 HTTP/1.1" 200 14232 "-" "Amazon CloudFront"
64.252.76.100 - - [08/Apr/2026:10:40:19 +0000] "GET /?p=58968 HTTP/1.1" 200 14354 "-" "Amazon CloudFront"
64.252.76.63 - - [08/Apr/2026:10:40:21 +0000] "GET /?p=58949 HTTP/1.1" 200 14124 "-" "Amazon CloudFront"
15.158.215.109 - - [08/Apr/2026:10:40:22 +0000] "POST /wp-cron.php?doing_wp_cron=1775644822.5820848941802978515625 HTTP/1.1" 200 - "https://69b4844ae61d4e92bf26ad98af552775-devsite.readyship.co/wp-cron.php?doing_wp_cron=1775644822.5820848941802978515625" "WordPress/5.1.19; https://69b4844ae61d4e92bf26ad98af552775-devsite.readyship.co"
64.252.76.63 - - [08/Apr/2026:10:40:22 +0000] "GET /?p=58959 HTTP/1.1" 200 14109 "-" "Amazon CloudFront"
64.252.76.63 - - [08/Apr/2026:10:40:23 +0000] "GET /?p=58993 HTTP/1.1" 200 15157 "-" "Amazon CloudFront"
64.252.74.231 - - [08/Apr/2026:10:40:24 +0000] "GET /?p=58966 HTTP/1.1" 200 14565 "-" "Amazon CloudFront"
64.252.74.231 - - [08/Apr/2026:10:40:26 +0000] "GET /?p=58944 HTTP/1.1" 200 14296 "-" "Amazon CloudFront"
64.252.74.231 - - [08/Apr/2026:10:40:27 +0000] "GET /?p=58994 HTTP/1.1" 200 14410 "-" "Amazon CloudFront"
64.252.76.63 - - [08/Apr/2026:10:40:28 +0000] "GET /?p=58996 HTTP/1.1" 200 14317 "-" "Amazon CloudFront"
64.252.76.100 - - [08/Apr/2026:10:40:29 +0000] "GET /?p=58948 HTTP/1.1" 200 14514 "-" "Amazon CloudFront"
64.252.74.231 - - [08/Apr/2026:10:40:29 +0000] "GET /prizes/184924137 HTTP/1.1" 301 - "-" "Amazon CloudFront"
64.252.74.231 - - [08/Apr/2026:10:40:30 +0000] "GET /?p=58964 HTTP/1.1" 200 14404 "-" "Amazon CloudFront"
64.252.74.231 - - [08/Apr/2026:10:40:31 +0000] "GET /?p=58942 HTTP/1.1" 200 14532 "-" "Amazon CloudFront"
64.252.76.63 - - [08/Apr/2026:10:40:32 +0000] "GET /?p=58970 HTTP/1.1" 200 14768 "-" "Amazon CloudFront"
64.252.74.231 - - [08/Apr/2026:10:40:30 +0000] "GET /prizes/184924137/ HTTP/1.1" 200 24274 "-" "Amazon CloudFront"
64.252.68.163 - - [08/Apr/2026:10:40:33 +0000] "GET /?p=56190 HTTP/1.1" 200 14313 "-" "Amazon CloudFront"
