64.252.82.241 - - [08/Apr/2026:08:56:56 +0000] "GET /?p=65730 HTTP/1.1" 200 14212 "-" "Amazon CloudFront"
64.252.83.165 - - [08/Apr/2026:08:56:58 +0000] "GET /?author=2&paged=1546 HTTP/1.1" 200 11157 "-" "Amazon CloudFront"
64.252.83.165 - - [08/Apr/2026:08:56:59 +0000] "GET /?author=2&paged=1545 HTTP/1.1" 200 11313 "-" "Amazon CloudFront"
15.158.243.72 - - [08/Apr/2026:08:57:01 +0000] "GET /index.php?format=xml&rest_route=%2Foembed%2F1.0%2Fembed&url=https%3A%2F%2F69b4844ae61d4e92bf26ad98af552775-devsite.readyship.co%2F%3Fp%3D9968 HTTP/1.1" 403 - "https://69b4844ae61d4e92bf26ad98af552775-devsite.readyship.co/?p=9968" "Mozilla/5.0 AppleWebKit/537.36 (KHTML, like Gecko; compatible; GPTBot/1.3; +https://openai.com/gptbot)"
15.158.243.79 - - [08/Apr/2026:08:57:00 +0000] "GET /index.php?format=xml&rest_route=%2Foembed%2F1.0%2Fembed&url=https%3A%2F%2F69b4844ae61d4e92bf26ad98af552775-devsite.readyship.co%2F%3Fp%3D8658 HTTP/1.1" 403 - "https://69b4844ae61d4e92bf26ad98af552775-devsite.readyship.co/?p=8658" "Mozilla/5.0 AppleWebKit/537.36 (KHTML, like Gecko; compatible; GPTBot/1.3; +https://openai.com/gptbot)"
64.252.67.128 - - [08/Apr/2026:08:57:02 +0000] "GET /?p=7253 HTTP/1.1" 200 20361 "-" "Amazon CloudFront"
64.252.85.152 - - [08/Apr/2026:08:57:01 +0000] "GET /?p=65907 HTTP/1.1" 200 14513 "-" "Amazon CloudFront"
15.158.243.111 - - [08/Apr/2026:08:57:03 +0000] "GET /index.php?format=xml&rest_route=%2Foembed%2F1.0%2Fembed&url=https%3A%2F%2F69b4844ae61d4e92bf26ad98af552775-devsite.readyship.co%2F%3Fp%3D6746 HTTP/1.1" 403 - "https://69b4844ae61d4e92bf26ad98af552775-devsite.readyship.co/?p=6746" "Mozilla/5.0 AppleWebKit/537.36 (KHTML, like Gecko; compatible; GPTBot/1.3; +https://openai.com/gptbot)"
15.158.243.111 - - [08/Apr/2026:08:57:03 +0000] "GET /index.php?format=xml&rest_route=%2Foembed%2F1.0%2Fembed&url=https%3A%2F%2F69b4844ae61d4e92bf26ad98af552775-devsite.readyship.co%2F%3Fp%3D6898 HTTP/1.1" 403 - "https://69b4844ae61d4e92bf26ad98af552775-devsite.readyship.co/?p=6898" "Mozilla/5.0 AppleWebKit/537.36 (KHTML, like Gecko; compatible; GPTBot/1.3; +https://openai.com/gptbot)"
15.158.243.72 - - [08/Apr/2026:08:57:04 +0000] "GET /index.php?format=xml&rest_route=%2Foembed%2F1.0%2Fembed&url=https%3A%2F%2F69b4844ae61d4e92bf26ad98af552775-devsite.readyship.co%2F%3Fp%3D6562 HTTP/1.1" 403 - "https://69b4844ae61d4e92bf26ad98af552775-devsite.readyship.co/?p=6562" "Mozilla/5.0 AppleWebKit/537.36 (KHTML, like Gecko; compatible; GPTBot/1.3; +https://openai.com/gptbot)"
15.158.243.102 - - [08/Apr/2026:08:57:04 +0000] "GET /index.php?format=xml&rest_route=%2Foembed%2F1.0%2Fembed&url=https%3A%2F%2F69b4844ae61d4e92bf26ad98af552775-devsite.readyship.co%2F%3Fp%3D5567 HTTP/1.1" 403 - "https://69b4844ae61d4e92bf26ad98af552775-devsite.readyship.co/?p=5567" "Mozilla/5.0 AppleWebKit/537.36 (KHTML, like Gecko; compatible; GPTBot/1.3; +https://openai.com/gptbot)"
15.158.243.102 - - [08/Apr/2026:08:57:05 +0000] "GET /index.php?format=xml&rest_route=%2Foembed%2F1.0%2Fembed&url=https%3A%2F%2F69b4844ae61d4e92bf26ad98af552775-devsite.readyship.co%2F%3Fp%3D5929 HTTP/1.1" 403 - "https://69b4844ae61d4e92bf26ad98af552775-devsite.readyship.co/?p=5929" "Mozilla/5.0 AppleWebKit/537.36 (KHTML, like Gecko; compatible; GPTBot/1.3; +https://openai.com/gptbot)"
15.158.243.72 - - [08/Apr/2026:08:57:05 +0000] "GET /index.php?format=xml&rest_route=%2Foembed%2F1.0%2Fembed&url=https%3A%2F%2F69b4844ae61d4e92bf26ad98af552775-devsite.readyship.co%2F%3Fp%3D5605 HTTP/1.1" 403 - "https://69b4844ae61d4e92bf26ad98af552775-devsite.readyship.co/?p=5605" "Mozilla/5.0 AppleWebKit/537.36 (KHTML, like Gecko; compatible; GPTBot/1.3; +https://openai.com/gptbot)"
64.252.82.241 - - [08/Apr/2026:08:57:06 +0000] "GET /?p=65779 HTTP/1.1" 200 14653 "-" "Amazon CloudFront"
64.252.82.241 - - [08/Apr/2026:08:57:07 +0000] "GET /?p=65619 HTTP/1.1" 200 14514 "-" "Amazon CloudFront"
64.252.85.152 - - [08/Apr/2026:08:57:08 +0000] "GET /?p=65610 HTTP/1.1" 200 14426 "-" "Amazon CloudFront"
64.252.85.152 - - [08/Apr/2026:08:57:09 +0000] "GET /?p=65598 HTTP/1.1" 200 15973 "-" "Amazon CloudFront"
64.252.83.165 - - [08/Apr/2026:08:57:11 +0000] "GET /?p=65868 HTTP/1.1" 200 14394 "-" "Amazon CloudFront"
64.252.67.128 - - [08/Apr/2026:08:57:12 +0000] "GET /?job_listing_category=compact HTTP/1.1" 200 10877 "-" "Amazon CloudFront"
64.252.85.152 - - [08/Apr/2026:08:57:12 +0000] "GET /?p=65959 HTTP/1.1" 200 14431 "-" "Amazon CloudFront"
64.252.83.165 - - [08/Apr/2026:08:57:13 +0000] "GET /?p=65797 HTTP/1.1" 200 15746 "-" "Amazon CloudFront"
64.252.83.165 - - [08/Apr/2026:08:57:14 +0000] "GET /?p=65864 HTTP/1.1" 200 16106 "-" "Amazon CloudFront"
64.252.83.165 - - [08/Apr/2026:08:57:16 +0000] "GET /?p=65775 HTTP/1.1" 200 14068 "-" "Amazon CloudFront"
64.252.82.241 - - [08/Apr/2026:08:57:17 +0000] "GET /?p=65530 HTTP/1.1" 200 15925 "-" "Amazon CloudFront"
64.252.83.165 - - [08/Apr/2026:08:57:18 +0000] "GET /?p=65808 HTTP/1.1" 200 14802 "-" "Amazon CloudFront"
64.252.85.152 - - [08/Apr/2026:08:57:19 +0000] "GET /?p=65887 HTTP/1.1" 200 15123 "-" "Amazon CloudFront"
64.252.83.165 - - [08/Apr/2026:08:57:20 +0000] "GET /?p=65720 HTTP/1.1" 200 14910 "-" "Amazon CloudFront"
15.158.215.109 - - [08/Apr/2026:08:57:22 +0000] "POST /wp-cron.php?doing_wp_cron=1775638642.5791049003601074218750 HTTP/1.1" 200 - "https://69b4844ae61d4e92bf26ad98af552775-devsite.readyship.co/wp-cron.php?doing_wp_cron=1775638642.5791049003601074218750" "WordPress/5.1.19; https://69b4844ae61d4e92bf26ad98af552775-devsite.readyship.co"
64.252.83.165 - - [08/Apr/2026:08:57:22 +0000] "GET /?p=65701 HTTP/1.1" 200 15995 "-" "Amazon CloudFront"
64.252.82.241 - - [08/Apr/2026:08:57:23 +0000] "GET /?p=65749 HTTP/1.1" 200 13978 "-" "Amazon CloudFront"
64.252.83.165 - - [08/Apr/2026:08:57:25 +0000] "GET /?p=65704 HTTP/1.1" 200 14516 "-" "Amazon CloudFront"
64.252.83.165 - - [08/Apr/2026:08:57:26 +0000] "GET /?p=65804 HTTP/1.1" 200 14425 "-" "Amazon CloudFront"
64.252.85.152 - - [08/Apr/2026:08:57:27 +0000] "GET /?author=2&paged=1547 HTTP/1.1" 200 11285 "-" "Amazon CloudFront"
64.252.76.100 - - [08/Apr/2026:08:57:29 +0000] "GET /prizes/236065844 HTTP/1.1" 301 - "-" "Amazon CloudFront"
64.252.82.241 - - [08/Apr/2026:08:57:28 +0000] "GET /?author=2&paged=1548 HTTP/1.1" 200 11229 "-" "Amazon CloudFront"
15.158.243.79 - - [08/Apr/2026:08:57:30 +0000] "GET /index.php?format=xml&rest_route=%2Foembed%2F1.0%2Fembed&url=https%3A%2F%2F69b4844ae61d4e92bf26ad98af552775-devsite.readyship.co%2F%3Fp%3D9956 HTTP/1.1" 403 - "https://69b4844ae61d4e92bf26ad98af552775-devsite.readyship.co/?p=9956" "Mozilla/5.0 AppleWebKit/537.36 (KHTML, like Gecko; compatible; GPTBot/1.3; +https://openai.com/gptbot)"
64.252.83.165 - - [08/Apr/2026:08:57:30 +0000] "GET /?p=65727 HTTP/1.1" 200 14065 "-" "Amazon CloudFront"
15.158.243.79 - - [08/Apr/2026:08:57:31 +0000] "GET /index.php?format=xml&rest_route=%2Foembed%2F1.0%2Fembed&url=https%3A%2F%2F69b4844ae61d4e92bf26ad98af552775-devsite.readyship.co%2F%3Fp%3D7756 HTTP/1.1" 403 - "https://69b4844ae61d4e92bf26ad98af552775-devsite.readyship.co/?p=7756" "Mozilla/5.0 AppleWebKit/537.36 (KHTML, like Gecko; compatible; GPTBot/1.3; +https://openai.com/gptbot)"
15.158.243.72 - - [08/Apr/2026:08:57:32 +0000] "GET /index.php?format=xml&rest_route=%2Foembed%2F1.0%2Fembed&url=https%3A%2F%2F69b4844ae61d4e92bf26ad98af552775-devsite.readyship.co%2F%3Fp%3D7730 HTTP/1.1" 403 - "https://69b4844ae61d4e92bf26ad98af552775-devsite.readyship.co/?p=7730" "Mozilla/5.0 AppleWebKit/537.36 (KHTML, like Gecko; compatible; GPTBot/1.3; +https://openai.com/gptbot)"
15.158.243.111 - - [08/Apr/2026:08:57:32 +0000] "GET /index.php?format=xml&rest_route=%2Foembed%2F1.0%2Fembed&url=https%3A%2F%2F69b4844ae61d4e92bf26ad98af552775-devsite.readyship.co%2F%3Fp%3D7769 HTTP/1.1" 403 - "https://69b4844ae61d4e92bf26ad98af552775-devsite.readyship.co/?p=7769" "Mozilla/5.0 AppleWebKit/537.36 (KHTML, like Gecko; compatible; GPTBot/1.3; +https://openai.com/gptbot)"
64.252.76.100 - - [08/Apr/2026:08:57:29 +0000] "GET /prizes/236065844/ HTTP/1.1" 200 24291 "-" "Amazon CloudFront"
15.158.243.111 - - [08/Apr/2026:08:57:33 +0000] "GET /index.php?format=xml&rest_route=%2Foembed%2F1.0%2Fembed&url=https%3A%2F%2F69b4844ae61d4e92bf26ad98af552775-devsite.readyship.co%2F%3Fp%3D6360 HTTP/1.1" 403 - "https://69b4844ae61d4e92bf26ad98af552775-devsite.readyship.co/?p=6360" "Mozilla/5.0 AppleWebKit/537.36 (KHTML, like Gecko; compatible; GPTBot/1.3; +https://openai.com/gptbot)"
15.158.243.72 - - [08/Apr/2026:08:57:33 +0000] "GET /index.php?format=xml&rest_route=%2Foembed%2F1.0%2Fembed&url=https%3A%2F%2F69b4844ae61d4e92bf26ad98af552775-devsite.readyship.co%2F%3Fp%3D8378 HTTP/1.1" 403 - "https://69b4844ae61d4e92bf26ad98af552775-devsite.readyship.co/?p=8378" "Mozilla/5.0 AppleWebKit/537.36 (KHTML, like Gecko; compatible; GPTBot/1.3; +https://openai.com/gptbot)"
15.158.243.111 - - [08/Apr/2026:08:57:34 +0000] "GET /index.php?format=xml&rest_route=%2Foembed%2F1.0%2Fembed&url=https%3A%2F%2F69b4844ae61d4e92bf26ad98af552775-devsite.readyship.co%2F%3Fp%3D7511 HTTP/1.1" 403 - "https://69b4844ae61d4e92bf26ad98af552775-devsite.readyship.co/?p=7511" "Mozilla/5.0 AppleWebKit/537.36 (KHTML, like Gecko; compatible; GPTBot/1.3; +https://openai.com/gptbot)"
15.158.243.72 - - [08/Apr/2026:08:57:35 +0000] "GET /index.php?format=xml&rest_route=%2Foembed%2F1.0%2Fembed&url=https%3A%2F%2F69b4844ae61d4e92bf26ad98af552775-devsite.readyship.co%2F%3Fp%3D9747 HTTP/1.1" 403 - "https://69b4844ae61d4e92bf26ad98af552775-devsite.readyship.co/?p=9747" "Mozilla/5.0 AppleWebKit/537.36 (KHTML, like Gecko; compatible; GPTBot/1.3; +https://openai.com/gptbot)"
64.252.85.152 - - [08/Apr/2026:08:57:35 +0000] "GET /?p=65735 HTTP/1.1" 200 14982 "-" "Amazon CloudFront"
64.252.82.241 - - [08/Apr/2026:08:57:36 +0000] "GET /?p=65699 HTTP/1.1" 200 14532 "-" "Amazon CloudFront"
64.252.83.165 - - [08/Apr/2026:08:57:38 +0000] "GET /?p=65596 HTTP/1.1" 200 14536 "-" "Amazon CloudFront"
64.252.83.165 - - [08/Apr/2026:08:57:39 +0000] "GET /?p=65637 HTTP/1.1" 200 16059 "-" "Amazon CloudFront"
64.252.67.128 - - [08/Apr/2026:08:57:39 +0000] "GET /?p=11511 HTTP/1.1" 200 15205 "-" "Amazon CloudFront"
64.252.82.241 - - [08/Apr/2026:08:57:40 +0000] "GET /?p=65633 HTTP/1.1" 200 14397 "-" "Amazon CloudFront"
64.252.82.241 - - [08/Apr/2026:08:57:41 +0000] "GET /?p=65773 HTTP/1.1" 200 15426 "-" "Amazon CloudFront"
64.252.82.241 - - [08/Apr/2026:08:57:43 +0000] "GET /?p=65657 HTTP/1.1" 200 14171 "-" "Amazon CloudFront"
64.252.85.152 - - [08/Apr/2026:08:57:44 +0000] "GET /?p=65599 HTTP/1.1" 200 14289 "-" "Amazon CloudFront"
64.252.82.241 - - [08/Apr/2026:08:57:45 +0000] "GET /?p=65752 HTTP/1.1" 200 14729 "-" "Amazon CloudFront"
64.252.82.241 - - [08/Apr/2026:08:57:46 +0000] "GET /?p=65733 HTTP/1.1" 200 14357 "-" "Amazon CloudFront"
64.252.82.241 - - [08/Apr/2026:08:57:48 +0000] "GET /?p=65883 HTTP/1.1" 200 14459 "-" "Amazon CloudFront"
64.252.83.165 - - [08/Apr/2026:08:57:49 +0000] "GET /?p=65731 HTTP/1.1" 200 14097 "-" "Amazon CloudFront"
64.252.85.152 - - [08/Apr/2026:08:57:50 +0000] "GET /?p=65956 HTTP/1.1" 200 14571 "-" "Amazon CloudFront"
64.252.82.241 - - [08/Apr/2026:08:57:51 +0000] "GET /?p=65728 HTTP/1.1" 200 14443 "-" "Amazon CloudFront"
64.252.85.152 - - [08/Apr/2026:08:57:53 +0000] "GET /?p=65865 HTTP/1.1" 200 15134 "-" "Amazon CloudFront"
64.252.82.241 - - [08/Apr/2026:08:57:54 +0000] "GET /?p=65837 HTTP/1.1" 200 14439 "-" "Amazon CloudFront"
64.252.68.163 - - [08/Apr/2026:08:57:55 +0000] "GET /?p=6631 HTTP/1.1" 200 21680 "-" "Amazon CloudFront"
64.252.85.152 - - [08/Apr/2026:08:57:55 +0000] "GET /?p=65821 HTTP/1.1" 200 14305 "-" "Amazon CloudFront"
64.252.83.165 - - [08/Apr/2026:08:57:56 +0000] "GET /?p=65814 HTTP/1.1" 200 14373 "-" "Amazon CloudFront"
64.252.83.165 - - [08/Apr/2026:08:57:58 +0000] "GET /?author=2&paged=1549 HTTP/1.1" 200 11254 "-" "Amazon CloudFront"
64.252.83.165 - - [08/Apr/2026:08:57:59 +0000] "GET /?author=2&paged=1550 HTTP/1.1" 200 11277 "-" "Amazon CloudFront"
15.158.243.79 - - [08/Apr/2026:08:58:00 +0000] "GET /index.php?format=xml&rest_route=%2Foembed%2F1.0%2Fembed&url=https%3A%2F%2F69b4844ae61d4e92bf26ad98af552775-devsite.readyship.co%2F%3Fp%3D7699 HTTP/1.1" 403 - "https://69b4844ae61d4e92bf26ad98af552775-devsite.readyship.co/?p=7699" "Mozilla/5.0 AppleWebKit/537.36 (KHTML, like Gecko; compatible; GPTBot/1.3; +https://openai.com/gptbot)"
15.158.243.79 - - [08/Apr/2026:08:58:01 +0000] "GET /index.php?format=xml&rest_route=%2Foembed%2F1.0%2Fembed&url=https%3A%2F%2F69b4844ae61d4e92bf26ad98af552775-devsite.readyship.co%2F%3Fp%3D6364 HTTP/1.1" 403 - "https://69b4844ae61d4e92bf26ad98af552775-devsite.readyship.co/?p=6364" "Mozilla/5.0 AppleWebKit/537.36 (KHTML, like Gecko; compatible; GPTBot/1.3; +https://openai.com/gptbot)"
15.158.243.111 - - [08/Apr/2026:08:58:01 +0000] "GET /index.php?format=xml&rest_route=%2Foembed%2F1.0%2Fembed&url=https%3A%2F%2F69b4844ae61d4e92bf26ad98af552775-devsite.readyship.co%2F%3Fp%3D5833 HTTP/1.1" 403 - "https://69b4844ae61d4e92bf26ad98af552775-devsite.readyship.co/?p=5833" "Mozilla/5.0 AppleWebKit/537.36 (KHTML, like Gecko; compatible; GPTBot/1.3; +https://openai.com/gptbot)"
15.158.243.111 - - [08/Apr/2026:08:58:02 +0000] "GET /index.php?format=xml&rest_route=%2Foembed%2F1.0%2Fembed&url=https%3A%2F%2F69b4844ae61d4e92bf26ad98af552775-devsite.readyship.co%2F%3Fp%3D9769 HTTP/1.1" 403 - "https://69b4844ae61d4e92bf26ad98af552775-devsite.readyship.co/?p=9769" "Mozilla/5.0 AppleWebKit/537.36 (KHTML, like Gecko; compatible; GPTBot/1.3; +https://openai.com/gptbot)"
15.158.243.111 - - [08/Apr/2026:08:58:02 +0000] "GET /index.php?format=xml&rest_route=%2Foembed%2F1.0%2Fembed&url=https%3A%2F%2F69b4844ae61d4e92bf26ad98af552775-devsite.readyship.co%2F%3Fp%3D9133 HTTP/1.1" 403 - "https://69b4844ae61d4e92bf26ad98af552775-devsite.readyship.co/?p=9133" "Mozilla/5.0 AppleWebKit/537.36 (KHTML, like Gecko; compatible; GPTBot/1.3; +https://openai.com/gptbot)"
15.158.243.72 - - [08/Apr/2026:08:58:04 +0000] "GET /index.php?format=xml&rest_route=%2Foembed%2F1.0%2Fembed&url=https%3A%2F%2F69b4844ae61d4e92bf26ad98af552775-devsite.readyship.co%2F%3Fp%3D6641 HTTP/1.1" 403 - "https://69b4844ae61d4e92bf26ad98af552775-devsite.readyship.co/?p=6641" "Mozilla/5.0 AppleWebKit/537.36 (KHTML, like Gecko; compatible; GPTBot/1.3; +https://openai.com/gptbot)"
64.252.68.163 - - [08/Apr/2026:08:58:03 +0000] "GET /?p=43910 HTTP/1.1" 200 22781 "-" "Amazon CloudFront"
64.252.83.165 - - [08/Apr/2026:08:58:03 +0000] "GET /?p=65690 HTTP/1.1" 200 14589 "-" "Amazon CloudFront"
15.158.243.111 - - [08/Apr/2026:08:58:05 +0000] "GET /index.php?format=xml&rest_route=%2Foembed%2F1.0%2Fembed&url=https%3A%2F%2F69b4844ae61d4e92bf26ad98af552775-devsite.readyship.co%2F%3Fp%3D5591 HTTP/1.1" 403 - "https://69b4844ae61d4e92bf26ad98af552775-devsite.readyship.co/?p=5591" "Mozilla/5.0 AppleWebKit/537.36 (KHTML, like Gecko; compatible; GPTBot/1.3; +https://openai.com/gptbot)"
15.158.243.102 - - [08/Apr/2026:08:58:05 +0000] "GET /index.php?format=xml&rest_route=%2Foembed%2F1.0%2Fembed&url=https%3A%2F%2F69b4844ae61d4e92bf26ad98af552775-devsite.readyship.co%2F%3Fp%3D8100 HTTP/1.1" 403 - "https://69b4844ae61d4e92bf26ad98af552775-devsite.readyship.co/?p=8100" "Mozilla/5.0 AppleWebKit/537.36 (KHTML, like Gecko; compatible; GPTBot/1.3; +https://openai.com/gptbot)"
64.252.83.165 - - [08/Apr/2026:08:58:06 +0000] "GET /?p=65862 HTTP/1.1" 200 14429 "-" "Amazon CloudFront"
64.252.83.165 - - [08/Apr/2026:08:58:07 +0000] "GET /?p=65765 HTTP/1.1" 200 14263 "-" "Amazon CloudFront"
64.252.83.165 - - [08/Apr/2026:08:58:08 +0000] "GET /?p=65869 HTTP/1.1" 200 15591 "-" "Amazon CloudFront"
64.252.85.152 - - [08/Apr/2026:08:58:10 +0000] "GET /?p=65658 HTTP/1.1" 200 14247 "-" "Amazon CloudFront"
64.252.83.165 - - [08/Apr/2026:08:58:11 +0000] "GET /?p=65799 HTTP/1.1" 200 14255 "-" "Amazon CloudFront"
64.252.82.241 - - [08/Apr/2026:08:58:12 +0000] "GET /?p=65706 HTTP/1.1" 200 14454 "-" "Amazon CloudFront"
64.252.85.152 - - [08/Apr/2026:08:58:14 +0000] "GET /?p=65643 HTTP/1.1" 200 14722 "-" "Amazon CloudFront"
64.252.82.241 - - [08/Apr/2026:08:58:15 +0000] "GET /?p=65939 HTTP/1.1" 200 14729 "-" "Amazon CloudFront"
64.252.82.241 - - [08/Apr/2026:08:58:16 +0000] "GET /?p=65795 HTTP/1.1" 200 14434 "-" "Amazon CloudFront"
64.252.83.165 - - [08/Apr/2026:08:58:17 +0000] "GET /?p=65716 HTTP/1.1" 200 14134 "-" "Amazon CloudFront"
64.252.82.241 - - [08/Apr/2026:08:58:18 +0000] "GET /?p=65700 HTTP/1.1" 200 14408 "-" "Amazon CloudFront"
64.252.83.165 - - [08/Apr/2026:08:58:20 +0000] "GET /?p=65796 HTTP/1.1" 200 13920 "-" "Amazon CloudFront"
64.252.82.241 - - [08/Apr/2026:08:58:21 +0000] "GET /?p=65714 HTTP/1.1" 200 17404 "-" "Amazon CloudFront"
15.158.215.109 - - [08/Apr/2026:08:58:22 +0000] "POST /wp-cron.php?doing_wp_cron=1775638702.9394230842590332031250 HTTP/1.1" 200 - "https://69b4844ae61d4e92bf26ad98af552775-devsite.readyship.co/wp-cron.php?doing_wp_cron=1775638702.9394230842590332031250" "WordPress/5.1.19; https://69b4844ae61d4e92bf26ad98af552775-devsite.readyship.co"
64.252.83.165 - - [08/Apr/2026:08:58:22 +0000] "GET /?p=65784 HTTP/1.1" 200 14477 "-" "Amazon CloudFront"
64.252.82.241 - - [08/Apr/2026:08:58:24 +0000] "GET /?p=65710 HTTP/1.1" 200 14591 "-" "Amazon CloudFront"
64.252.66.105 - - [08/Apr/2026:08:58:25 +0000] "GET /?p=27637 HTTP/1.1" 200 14514 "-" "Amazon CloudFront"
64.252.82.241 - - [08/Apr/2026:08:58:25 +0000] "GET /?author=2&paged=1551 HTTP/1.1" 200 11307 "-" "Amazon CloudFront"
64.252.83.165 - - [08/Apr/2026:08:58:26 +0000] "GET /?author=2&paged=1552 HTTP/1.1" 200 11322 "-" "Amazon CloudFront"
15.158.243.79 - - [08/Apr/2026:08:58:28 +0000] "GET /index.php?format=xml&rest_route=%2Foembed%2F1.0%2Fembed&url=https%3A%2F%2F69b4844ae61d4e92bf26ad98af552775-devsite.readyship.co%2F%3Fp%3D8839 HTTP/1.1" 403 - "https://69b4844ae61d4e92bf26ad98af552775-devsite.readyship.co/?p=8839" "Mozilla/5.0 AppleWebKit/537.36 (KHTML, like Gecko; compatible; GPTBot/1.3; +https://openai.com/gptbot)"
64.252.82.241 - - [08/Apr/2026:08:58:28 +0000] "GET /?p=65748 HTTP/1.1" 200 15979 "-" "Amazon CloudFront"
15.158.243.79 - - [08/Apr/2026:08:58:29 +0000] "GET /index.php?format=xml&rest_route=%2Foembed%2F1.0%2Fembed&url=https%3A%2F%2F69b4844ae61d4e92bf26ad98af552775-devsite.readyship.co%2F%3Fp%3D7719 HTTP/1.1" 403 - "https://69b4844ae61d4e92bf26ad98af552775-devsite.readyship.co/?p=7719" "Mozilla/5.0 AppleWebKit/537.36 (KHTML, like Gecko; compatible; GPTBot/1.3; +https://openai.com/gptbot)"
64.252.68.163 - - [08/Apr/2026:08:58:29 +0000] "GET /?p=36980 HTTP/1.1" 200 19331 "-" "Amazon CloudFront"
15.158.243.111 - - [08/Apr/2026:08:58:30 +0000] "GET /index.php?format=xml&rest_route=%2Foembed%2F1.0%2Fembed&url=https%3A%2F%2F69b4844ae61d4e92bf26ad98af552775-devsite.readyship.co%2F%3Fp%3D9411 HTTP/1.1" 403 - "https://69b4844ae61d4e92bf26ad98af552775-devsite.readyship.co/?p=9411" "Mozilla/5.0 AppleWebKit/537.36 (KHTML, like Gecko; compatible; GPTBot/1.3; +https://openai.com/gptbot)"
15.158.243.111 - - [08/Apr/2026:08:58:31 +0000] "GET /index.php?format=xml&rest_route=%2Foembed%2F1.0%2Fembed&url=https%3A%2F%2F69b4844ae61d4e92bf26ad98af552775-devsite.readyship.co%2F%3Fp%3D8981 HTTP/1.1" 403 - "https://69b4844ae61d4e92bf26ad98af552775-devsite.readyship.co/?p=8981" "Mozilla/5.0 AppleWebKit/537.36 (KHTML, like Gecko; compatible; GPTBot/1.3; +https://openai.com/gptbot)"
15.158.243.72 - - [08/Apr/2026:08:58:31 +0000] "GET /index.php?format=xml&rest_route=%2Foembed%2F1.0%2Fembed&url=https%3A%2F%2F69b4844ae61d4e92bf26ad98af552775-devsite.readyship.co%2F%3Fp%3D7443 HTTP/1.1" 403 - "https://69b4844ae61d4e92bf26ad98af552775-devsite.readyship.co/?p=7443" "Mozilla/5.0 AppleWebKit/537.36 (KHTML, like Gecko; compatible; GPTBot/1.3; +https://openai.com/gptbot)"
15.158.243.111 - - [08/Apr/2026:08:58:32 +0000] "GET /index.php?format=xml&rest_route=%2Foembed%2F1.0%2Fembed&url=https%3A%2F%2F69b4844ae61d4e92bf26ad98af552775-devsite.readyship.co%2F%3Fp%3D5569 HTTP/1.1" 403 - "https://69b4844ae61d4e92bf26ad98af552775-devsite.readyship.co/?p=5569" "Mozilla/5.0 AppleWebKit/537.36 (KHTML, like Gecko; compatible; GPTBot/1.3; +https://openai.com/gptbot)"
15.158.243.111 - - [08/Apr/2026:08:58:32 +0000] "GET /index.php?format=xml&rest_route=%2Foembed%2F1.0%2Fembed&url=https%3A%2F%2F69b4844ae61d4e92bf26ad98af552775-devsite.readyship.co%2F%3Fp%3D8900 HTTP/1.1" 403 - "https://69b4844ae61d4e92bf26ad98af552775-devsite.readyship.co/?p=8900" "Mozilla/5.0 AppleWebKit/537.36 (KHTML, like Gecko; compatible; GPTBot/1.3; +https://openai.com/gptbot)"
15.158.243.111 - - [08/Apr/2026:08:58:33 +0000] "GET /index.php?format=xml&rest_route=%2Foembed%2F1.0%2Fembed&url=https%3A%2F%2F69b4844ae61d4e92bf26ad98af552775-devsite.readyship.co%2F%3Fp%3D8979 HTTP/1.1" 403 - "https://69b4844ae61d4e92bf26ad98af552775-devsite.readyship.co/?p=8979" "Mozilla/5.0 AppleWebKit/537.36 (KHTML, like Gecko; compatible; GPTBot/1.3; +https://openai.com/gptbot)"
64.252.82.241 - - [08/Apr/2026:08:58:33 +0000] "GET /?p=65528 HTTP/1.1" 200 14715 "-" "Amazon CloudFront"
64.252.83.165 - - [08/Apr/2026:08:58:35 +0000] "GET /?p=65617 HTTP/1.1" 200 14093 "-" "Amazon CloudFront"
64.252.85.152 - - [08/Apr/2026:08:58:36 +0000] "GET /?p=65751 HTTP/1.1" 200 14437 "-" "Amazon CloudFront"
64.252.85.152 - - [08/Apr/2026:08:58:37 +0000] "GET /?p=65461 HTTP/1.1" 200 14349 "-" "Amazon CloudFront"
64.252.82.241 - - [08/Apr/2026:08:58:38 +0000] "GET /?p=65694 HTTP/1.1" 200 14691 "-" "Amazon CloudFront"
64.252.85.152 - - [08/Apr/2026:08:58:40 +0000] "GET /?p=65845 HTTP/1.1" 200 14454 "-" "Amazon CloudFront"
64.252.82.241 - - [08/Apr/2026:08:58:41 +0000] "GET /?p=65618 HTTP/1.1" 200 14395 "-" "Amazon CloudFront"
64.252.82.241 - - [08/Apr/2026:08:58:42 +0000] "GET /?p=65464 HTTP/1.1" 200 14448 "-" "Amazon CloudFront"
64.252.74.231 - - [08/Apr/2026:08:58:40 +0000] "GET /prizes/148771460/ HTTP/1.1" 200 24289 "-" "Amazon CloudFront"
64.252.83.165 - - [08/Apr/2026:08:58:43 +0000] "GET /?p=65625 HTTP/1.1" 200 14485 "-" "Amazon CloudFront"
64.252.83.165 - - [08/Apr/2026:08:58:45 +0000] "GET /?p=65621 HTTP/1.1" 200 17339 "-" "Amazon CloudFront"
64.252.82.241 - - [08/Apr/2026:08:58:46 +0000] "GET /?p=65452 HTTP/1.1" 200 15785 "-" "Amazon CloudFront"
64.252.83.165 - - [08/Apr/2026:08:58:47 +0000] "GET /?p=65702 HTTP/1.1" 200 14095 "-" "Amazon CloudFront"
64.252.85.152 - - [08/Apr/2026:08:58:48 +0000] "GET /?p=65721 HTTP/1.1" 200 13415 "-" "Amazon CloudFront"
64.252.83.165 - - [08/Apr/2026:08:58:49 +0000] "GET /?p=65703 HTTP/1.1" 200 14421 "-" "Amazon CloudFront"
64.252.85.152 - - [08/Apr/2026:08:58:51 +0000] "GET /?p=65679 HTTP/1.1" 200 14562 "-" "Amazon CloudFront"
64.252.83.165 - - [08/Apr/2026:08:58:52 +0000] "GET /?author=2&paged=1553 HTTP/1.1" 200 11359 "-" "Amazon CloudFront"
64.252.85.152 - - [08/Apr/2026:08:58:53 +0000] "GET /?author=2&paged=1554 HTTP/1.1" 200 11271 "-" "Amazon CloudFront"
15.158.243.79 - - [08/Apr/2026:08:58:55 +0000] "GET /index.php?format=xml&rest_route=%2Foembed%2F1.0%2Fembed&url=https%3A%2F%2F69b4844ae61d4e92bf26ad98af552775-devsite.readyship.co%2F%3Fp%3D9363 HTTP/1.1" 403 - "https://69b4844ae61d4e92bf26ad98af552775-devsite.readyship.co/?p=9363" "Mozilla/5.0 AppleWebKit/537.36 (KHTML, like Gecko; compatible; GPTBot/1.3; +https://openai.com/gptbot)"
15.158.243.79 - - [08/Apr/2026:08:58:55 +0000] "GET /index.php?format=xml&rest_route=%2Foembed%2F1.0%2Fembed&url=https%3A%2F%2F69b4844ae61d4e92bf26ad98af552775-devsite.readyship.co%2F%3Fp%3D6469 HTTP/1.1" 403 - "https://69b4844ae61d4e92bf26ad98af552775-devsite.readyship.co/?p=6469" "Mozilla/5.0 AppleWebKit/537.36 (KHTML, like Gecko; compatible; GPTBot/1.3; +https://openai.com/gptbot)"
15.158.243.111 - - [08/Apr/2026:08:58:56 +0000] "GET /index.php?format=xml&rest_route=%2Foembed%2F1.0%2Fembed&url=https%3A%2F%2F69b4844ae61d4e92bf26ad98af552775-devsite.readyship.co%2F%3Fp%3D5990 HTTP/1.1" 403 - "https://69b4844ae61d4e92bf26ad98af552775-devsite.readyship.co/?p=5990" "Mozilla/5.0 AppleWebKit/537.36 (KHTML, like Gecko; compatible; GPTBot/1.3; +https://openai.com/gptbot)"
64.252.76.63 - - [08/Apr/2026:08:58:55 +0000] "GET /prizes/168773632 HTTP/1.1" 301 - "-" "Amazon CloudFront"
15.158.243.111 - - [08/Apr/2026:08:58:56 +0000] "GET /index.php?format=xml&rest_route=%2Foembed%2F1.0%2Fembed&url=https%3A%2F%2F69b4844ae61d4e92bf26ad98af552775-devsite.readyship.co%2F%3Fp%3D6463 HTTP/1.1" 403 - "https://69b4844ae61d4e92bf26ad98af552775-devsite.readyship.co/?p=6463" "Mozilla/5.0 AppleWebKit/537.36 (KHTML, like Gecko; compatible; GPTBot/1.3; +https://openai.com/gptbot)"
15.158.243.111 - - [08/Apr/2026:08:58:57 +0000] "GET /index.php?format=xml&rest_route=%2Foembed%2F1.0%2Fembed&url=https%3A%2F%2F69b4844ae61d4e92bf26ad98af552775-devsite.readyship.co%2F%3Fp%3D6844 HTTP/1.1" 403 - "https://69b4844ae61d4e92bf26ad98af552775-devsite.readyship.co/?p=6844" "Mozilla/5.0 AppleWebKit/537.36 (KHTML, like Gecko; compatible; GPTBot/1.3; +https://openai.com/gptbot)"
15.158.243.72 - - [08/Apr/2026:08:58:57 +0000] "GET /index.php?format=xml&rest_route=%2Foembed%2F1.0%2Fembed&url=https%3A%2F%2F69b4844ae61d4e92bf26ad98af552775-devsite.readyship.co%2F%3Fp%3D6961 HTTP/1.1" 403 - "https://69b4844ae61d4e92bf26ad98af552775-devsite.readyship.co/?p=6961" "Mozilla/5.0 AppleWebKit/537.36 (KHTML, like Gecko; compatible; GPTBot/1.3; +https://openai.com/gptbot)"
15.158.243.111 - - [08/Apr/2026:08:58:58 +0000] "GET /index.php?format=xml&rest_route=%2Foembed%2F1.0%2Fembed&url=https%3A%2F%2F69b4844ae61d4e92bf26ad98af552775-devsite.readyship.co%2F%3Fp%3D6605 HTTP/1.1" 403 - "https://69b4844ae61d4e92bf26ad98af552775-devsite.readyship.co/?p=6605" "Mozilla/5.0 AppleWebKit/537.36 (KHTML, like Gecko; compatible; GPTBot/1.3; +https://openai.com/gptbot)"
15.158.243.72 - - [08/Apr/2026:08:58:58 +0000] "GET /index.php?format=xml&rest_route=%2Foembed%2F1.0%2Fembed&url=https%3A%2F%2F69b4844ae61d4e92bf26ad98af552775-devsite.readyship.co%2F%3Fp%3D8831 HTTP/1.1" 403 - "https://69b4844ae61d4e92bf26ad98af552775-devsite.readyship.co/?p=8831" "Mozilla/5.0 AppleWebKit/537.36 (KHTML, like Gecko; compatible; GPTBot/1.3; +https://openai.com/gptbot)"
64.252.74.231 - - [08/Apr/2026:08:58:56 +0000] "GET /prizes/168773632/ HTTP/1.1" 200 24283 "-" "Amazon CloudFront"
64.252.82.241 - - [08/Apr/2026:08:58:59 +0000] "GET /?p=65770 HTTP/1.1" 200 14615 "-" "Amazon CloudFront"
64.252.83.165 - - [08/Apr/2026:08:59:00 +0000] "GET /?p=65697 HTTP/1.1" 200 15001 "-" "Amazon CloudFront"
64.252.82.241 - - [08/Apr/2026:08:59:01 +0000] "GET /?p=65367 HTTP/1.1" 200 14395 "-" "Amazon CloudFront"
64.252.76.63 - - [08/Apr/2026:08:59:03 +0000] "GET /prizes/323950844 HTTP/1.1" 301 - "-" "Amazon CloudFront"
64.252.85.152 - - [08/Apr/2026:08:59:03 +0000] "GET /?p=65531 HTTP/1.1" 200 14308 "-" "Amazon CloudFront"
64.252.83.165 - - [08/Apr/2026:08:59:04 +0000] "GET /?p=65613 HTTP/1.1" 200 14137 "-" "Amazon CloudFront"
64.252.82.241 - - [08/Apr/2026:08:59:05 +0000] "GET /?p=65705 HTTP/1.1" 200 14423 "-" "Amazon CloudFront"
64.252.76.100 - - [08/Apr/2026:08:59:03 +0000] "GET /prizes/323950844/ HTTP/1.1" 200 24269 "-" "Amazon CloudFront"
64.252.83.165 - - [08/Apr/2026:08:59:06 +0000] "GET /?p=65514 HTTP/1.1" 200 14186 "-" "Amazon CloudFront"
15.158.243.79 - - [08/Apr/2026:08:59:08 +0000] "GET /index.php?format=xml&rest_route=%2Foembed%2F1.0%2Fembed&url=https%3A%2F%2F69b4844ae61d4e92bf26ad98af552775-devsite.readyship.co%2F%3Fp%3D65705 HTTP/1.1" 403 - "https://69b4844ae61d4e92bf26ad98af552775-devsite.readyship.co/?p=65705" "Mozilla/5.0 AppleWebKit/537.36 (KHTML, like Gecko; compatible; GPTBot/1.3; +https://openai.com/gptbot)"
15.158.243.111 - - [08/Apr/2026:08:59:08 +0000] "GET /index.php?rest_route=%2Foembed%2F1.0%2Fembed&url=https%3A%2F%2F69b4844ae61d4e92bf26ad98af552775-devsite.readyship.co%2F%3Fp%3D65705 HTTP/1.1" 403 - "https://69b4844ae61d4e92bf26ad98af552775-devsite.readyship.co/?p=65705" "Mozilla/5.0 AppleWebKit/537.36 (KHTML, like Gecko; compatible; GPTBot/1.3; +https://openai.com/gptbot)"
15.158.215.109 - - [08/Apr/2026:08:59:09 +0000] "POST /wp-cron.php?doing_wp_cron=1775638749.7081229686737060546875 HTTP/1.1" 200 - "https://69b4844ae61d4e92bf26ad98af552775-devsite.readyship.co/wp-cron.php?doing_wp_cron=1775638749.7081229686737060546875" "WordPress/5.1.19; https://69b4844ae61d4e92bf26ad98af552775-devsite.readyship.co"
64.252.66.105 - - [08/Apr/2026:08:59:09 +0000] "GET /?p=8738 HTTP/1.1" 200 20561 "-" "Amazon CloudFront"
64.252.83.165 - - [08/Apr/2026:08:59:09 +0000] "GET /?p=65499 HTTP/1.1" 200 14876 "-" "Amazon CloudFront"
64.252.82.241 - - [08/Apr/2026:08:59:11 +0000] "GET /?p=65434 HTTP/1.1" 200 14384 "-" "Amazon CloudFront"
64.252.82.241 - - [08/Apr/2026:08:59:12 +0000] "GET /?p=65523 HTTP/1.1" 200 14259 "-" "Amazon CloudFront"
64.252.82.241 - - [08/Apr/2026:08:59:13 +0000] "GET /?p=65511 HTTP/1.1" 200 14237 "-" "Amazon CloudFront"
64.252.82.241 - - [08/Apr/2026:08:59:15 +0000] "GET /?p=65717 HTTP/1.1" 200 14263 "-" "Amazon CloudFront"
64.252.83.165 - - [08/Apr/2026:08:59:16 +0000] "GET /?p=65597 HTTP/1.1" 200 14400 "-" "Amazon CloudFront"
64.252.82.241 - - [08/Apr/2026:08:59:17 +0000] "GET /?p=65259 HTTP/1.1" 200 14559 "-" "Amazon CloudFront"
64.252.85.152 - - [08/Apr/2026:08:59:18 +0000] "GET /?p=65641 HTTP/1.1" 200 14349 "-" "Amazon CloudFront"
64.252.85.152 - - [08/Apr/2026:08:59:20 +0000] "GET /?p=65602 HTTP/1.1" 200 14599 "-" "Amazon CloudFront"
64.252.82.241 - - [08/Apr/2026:08:59:21 +0000] "GET /?p=65503 HTTP/1.1" 200 14683 "-" "Amazon CloudFront"
15.158.215.109 - - [08/Apr/2026:08:59:23 +0000] "POST /wp-cron.php?doing_wp_cron=1775638762.9642279148101806640625 HTTP/1.1" 200 - "https://69b4844ae61d4e92bf26ad98af552775-devsite.readyship.co/wp-cron.php?doing_wp_cron=1775638762.9642279148101806640625" "WordPress/5.1.19; https://69b4844ae61d4e92bf26ad98af552775-devsite.readyship.co"
64.252.85.152 - - [08/Apr/2026:08:59:22 +0000] "GET /?p=65741 HTTP/1.1" 200 14639 "-" "Amazon CloudFront"
64.252.82.241 - - [08/Apr/2026:08:59:24 +0000] "GET /?author=2&paged=1555 HTTP/1.1" 200 11371 "-" "Amazon CloudFront"
64.252.85.152 - - [08/Apr/2026:08:59:25 +0000] "GET /?author=2&paged=1556 HTTP/1.1" 200 11278 "-" "Amazon CloudFront"
15.158.243.79 - - [08/Apr/2026:08:59:27 +0000] "GET /index.php?format=xml&rest_route=%2Foembed%2F1.0%2Fembed&url=https%3A%2F%2F69b4844ae61d4e92bf26ad98af552775-devsite.readyship.co%2F%3Fp%3D7157 HTTP/1.1" 403 - "https://69b4844ae61d4e92bf26ad98af552775-devsite.readyship.co/?p=7157" "Mozilla/5.0 AppleWebKit/537.36 (KHTML, like Gecko; compatible; GPTBot/1.3; +https://openai.com/gptbot)"
15.158.243.79 - - [08/Apr/2026:08:59:27 +0000] "GET /index.php?format=xml&rest_route=%2Foembed%2F1.0%2Fembed&url=https%3A%2F%2F69b4844ae61d4e92bf26ad98af552775-devsite.readyship.co%2F%3Fp%3D7237 HTTP/1.1" 403 - "https://69b4844ae61d4e92bf26ad98af552775-devsite.readyship.co/?p=7237" "Mozilla/5.0 AppleWebKit/537.36 (KHTML, like Gecko; compatible; GPTBot/1.3; +https://openai.com/gptbot)"
15.158.243.111 - - [08/Apr/2026:08:59:28 +0000] "GET /index.php?format=xml&rest_route=%2Foembed%2F1.0%2Fembed&url=https%3A%2F%2F69b4844ae61d4e92bf26ad98af552775-devsite.readyship.co%2F%3Fp%3D7515 HTTP/1.1" 403 - "https://69b4844ae61d4e92bf26ad98af552775-devsite.readyship.co/?p=7515" "Mozilla/5.0 AppleWebKit/537.36 (KHTML, like Gecko; compatible; GPTBot/1.3; +https://openai.com/gptbot)"
15.158.243.72 - - [08/Apr/2026:08:59:28 +0000] "GET /index.php?format=xml&rest_route=%2Foembed%2F1.0%2Fembed&url=https%3A%2F%2F69b4844ae61d4e92bf26ad98af552775-devsite.readyship.co%2F%3Fp%3D6036 HTTP/1.1" 403 - "https://69b4844ae61d4e92bf26ad98af552775-devsite.readyship.co/?p=6036" "Mozilla/5.0 AppleWebKit/537.36 (KHTML, like Gecko; compatible; GPTBot/1.3; +https://openai.com/gptbot)"
64.252.82.241 - - [08/Apr/2026:08:59:29 +0000] "GET /?feed=rss2&p=65259 HTTP/1.1" 200 511 "-" "Amazon CloudFront"
15.158.243.111 - - [08/Apr/2026:08:59:29 +0000] "GET /index.php?format=xml&rest_route=%2Foembed%2F1.0%2Fembed&url=https%3A%2F%2F69b4844ae61d4e92bf26ad98af552775-devsite.readyship.co%2F%3Fp%3D5951 HTTP/1.1" 403 - "https://69b4844ae61d4e92bf26ad98af552775-devsite.readyship.co/?p=5951" "Mozilla/5.0 AppleWebKit/537.36 (KHTML, like Gecko; compatible; GPTBot/1.3; +https://openai.com/gptbot)"
15.158.243.102 - - [08/Apr/2026:08:59:30 +0000] "GET /index.php?format=xml&rest_route=%2Foembed%2F1.0%2Fembed&url=https%3A%2F%2F69b4844ae61d4e92bf26ad98af552775-devsite.readyship.co%2F%3Fp%3D5663 HTTP/1.1" 403 - "https://69b4844ae61d4e92bf26ad98af552775-devsite.readyship.co/?p=5663" "Mozilla/5.0 AppleWebKit/537.36 (KHTML, like Gecko; compatible; GPTBot/1.3; +https://openai.com/gptbot)"
15.158.243.111 - - [08/Apr/2026:08:59:30 +0000] "GET /index.php?format=xml&rest_route=%2Foembed%2F1.0%2Fembed&url=https%3A%2F%2F69b4844ae61d4e92bf26ad98af552775-devsite.readyship.co%2F%3Fp%3D5853 HTTP/1.1" 403 - "https://69b4844ae61d4e92bf26ad98af552775-devsite.readyship.co/?p=5853" "Mozilla/5.0 AppleWebKit/537.36 (KHTML, like Gecko; compatible; GPTBot/1.3; +https://openai.com/gptbot)"
15.158.243.111 - - [08/Apr/2026:08:59:31 +0000] "GET /index.php?format=xml&rest_route=%2Foembed%2F1.0%2Fembed&url=https%3A%2F%2F69b4844ae61d4e92bf26ad98af552775-devsite.readyship.co%2F%3Fp%3D8851 HTTP/1.1" 403 - "https://69b4844ae61d4e92bf26ad98af552775-devsite.readyship.co/?p=8851" "Mozilla/5.0 AppleWebKit/537.36 (KHTML, like Gecko; compatible; GPTBot/1.3; +https://openai.com/gptbot)"
64.252.67.128 - - [08/Apr/2026:08:59:31 +0000] "GET /?p=5528 HTTP/1.1" 200 19086 "-" "Amazon CloudFront"
64.252.82.241 - - [08/Apr/2026:08:59:31 +0000] "GET /?p=65465 HTTP/1.1" 200 14520 "-" "Amazon CloudFront"
64.252.85.152 - - [08/Apr/2026:08:59:33 +0000] "GET /?p=65462 HTTP/1.1" 200 14316 "-" "Amazon CloudFront"
64.252.83.165 - - [08/Apr/2026:08:59:34 +0000] "GET /?p=65635 HTTP/1.1" 200 15113 "-" "Amazon CloudFront"
64.252.69.192 - - [08/Apr/2026:08:59:35 +0000] "GET /?p=81960 HTTP/1.1" 200 14682 "-" "Amazon CloudFront"
64.252.83.165 - - [08/Apr/2026:08:59:35 +0000] "GET /?p=65586 HTTP/1.1" 200 17427 "-" "Amazon CloudFront"
64.252.85.152 - - [08/Apr/2026:08:59:37 +0000] "GET /?p=65532 HTTP/1.1" 200 15522 "-" "Amazon CloudFront"
64.252.68.163 - - [08/Apr/2026:08:59:38 +0000] "GET /?p=8376 HTTP/1.1" 200 19072 "-" "Amazon CloudFront"
64.252.83.165 - - [08/Apr/2026:08:59:38 +0000] "GET /?p=65695 HTTP/1.1" 200 14746 "-" "Amazon CloudFront"
64.252.85.152 - - [08/Apr/2026:08:59:39 +0000] "GET /?p=65383 HTTP/1.1" 200 15139 "-" "Amazon CloudFront"
64.252.69.192 - - [08/Apr/2026:08:59:40 +0000] "GET /?p=51874 HTTP/1.1" 200 14281 "-" "Amazon CloudFront"
64.252.85.152 - - [08/Apr/2026:08:59:40 +0000] "GET /?p=65563 HTTP/1.1" 200 14882 "-" "Amazon CloudFront"
64.252.83.165 - - [08/Apr/2026:08:59:42 +0000] "GET /?p=65571 HTTP/1.1" 200 14570 "-" "Amazon CloudFront"
64.252.82.241 - - [08/Apr/2026:08:59:43 +0000] "GET /?p=65709 HTTP/1.1" 200 14631 "-" "Amazon CloudFront"
64.252.82.241 - - [08/Apr/2026:08:59:44 +0000] "GET /?p=65421 HTTP/1.1" 200 14707 "-" "Amazon CloudFront"
64.252.82.241 - - [08/Apr/2026:08:59:46 +0000] "GET /?p=65498 HTTP/1.1" 200 14769 "-" "Amazon CloudFront"
64.252.82.241 - - [08/Apr/2026:08:59:47 +0000] "GET /?p=65537 HTTP/1.1" 200 14497 "-" "Amazon CloudFront"
64.252.85.152 - - [08/Apr/2026:08:59:48 +0000] "GET /?author=2&paged=1558 HTTP/1.1" 200 11284 "-" "Amazon CloudFront"
64.252.85.152 - - [08/Apr/2026:08:59:49 +0000] "GET /?author=2&paged=1557 HTTP/1.1" 200 11192 "-" "Amazon CloudFront"
15.158.243.79 - - [08/Apr/2026:08:59:51 +0000] "GET /index.php?format=xml&rest_route=%2Foembed%2F1.0%2Fembed&url=https%3A%2F%2F69b4844ae61d4e92bf26ad98af552775-devsite.readyship.co%2F%3Fp%3D8581 HTTP/1.1" 403 - "https://69b4844ae61d4e92bf26ad98af552775-devsite.readyship.co/?p=8581" "Mozilla/5.0 AppleWebKit/537.36 (KHTML, like Gecko; compatible; GPTBot/1.3; +https://openai.com/gptbot)"
15.158.243.79 - - [08/Apr/2026:08:59:51 +0000] "GET /index.php?format=xml&rest_route=%2Foembed%2F1.0%2Fembed&url=https%3A%2F%2F69b4844ae61d4e92bf26ad98af552775-devsite.readyship.co%2F%3Fp%3D5851 HTTP/1.1" 403 - "https://69b4844ae61d4e92bf26ad98af552775-devsite.readyship.co/?p=5851" "Mozilla/5.0 AppleWebKit/537.36 (KHTML, like Gecko; compatible; GPTBot/1.3; +https://openai.com/gptbot)"
15.158.243.72 - - [08/Apr/2026:08:59:52 +0000] "GET /index.php?format=xml&rest_route=%2Foembed%2F1.0%2Fembed&url=https%3A%2F%2F69b4844ae61d4e92bf26ad98af552775-devsite.readyship.co%2F%3Fp%3D7487 HTTP/1.1" 403 - "https://69b4844ae61d4e92bf26ad98af552775-devsite.readyship.co/?p=7487" "Mozilla/5.0 AppleWebKit/537.36 (KHTML, like Gecko; compatible; GPTBot/1.3; +https://openai.com/gptbot)"
15.158.243.111 - - [08/Apr/2026:08:59:52 +0000] "GET /index.php?format=xml&rest_route=%2Foembed%2F1.0%2Fembed&url=https%3A%2F%2F69b4844ae61d4e92bf26ad98af552775-devsite.readyship.co%2F%3Fp%3D8728 HTTP/1.1" 403 - "https://69b4844ae61d4e92bf26ad98af552775-devsite.readyship.co/?p=8728" "Mozilla/5.0 AppleWebKit/537.36 (KHTML, like Gecko; compatible; GPTBot/1.3; +https://openai.com/gptbot)"
15.158.243.111 - - [08/Apr/2026:08:59:53 +0000] "GET /index.php?format=xml&rest_route=%2Foembed%2F1.0%2Fembed&url=https%3A%2F%2F69b4844ae61d4e92bf26ad98af552775-devsite.readyship.co%2F%3Fp%3D8358 HTTP/1.1" 403 - "https://69b4844ae61d4e92bf26ad98af552775-devsite.readyship.co/?p=8358" "Mozilla/5.0 AppleWebKit/537.36 (KHTML, like Gecko; compatible; GPTBot/1.3; +https://openai.com/gptbot)"
15.158.243.72 - - [08/Apr/2026:08:59:53 +0000] "GET /index.php?format=xml&rest_route=%2Foembed%2F1.0%2Fembed&url=https%3A%2F%2F69b4844ae61d4e92bf26ad98af552775-devsite.readyship.co%2F%3Fp%3D7974 HTTP/1.1" 403 - "https://69b4844ae61d4e92bf26ad98af552775-devsite.readyship.co/?p=7974" "Mozilla/5.0 AppleWebKit/537.36 (KHTML, like Gecko; compatible; GPTBot/1.3; +https://openai.com/gptbot)"
15.158.243.102 - - [08/Apr/2026:08:59:54 +0000] "GET /index.php?format=xml&rest_route=%2Foembed%2F1.0%2Fembed&url=https%3A%2F%2F69b4844ae61d4e92bf26ad98af552775-devsite.readyship.co%2F%3Fp%3D8505 HTTP/1.1" 403 - "https://69b4844ae61d4e92bf26ad98af552775-devsite.readyship.co/?p=8505" "Mozilla/5.0 AppleWebKit/537.36 (KHTML, like Gecko; compatible; GPTBot/1.3; +https://openai.com/gptbot)"
15.158.243.72 - - [08/Apr/2026:08:59:54 +0000] "GET /index.php?format=xml&rest_route=%2Foembed%2F1.0%2Fembed&url=https%3A%2F%2F69b4844ae61d4e92bf26ad98af552775-devsite.readyship.co%2F%3Fp%3D9795 HTTP/1.1" 403 - "https://69b4844ae61d4e92bf26ad98af552775-devsite.readyship.co/?p=9795" "Mozilla/5.0 AppleWebKit/537.36 (KHTML, like Gecko; compatible; GPTBot/1.3; +https://openai.com/gptbot)"
15.158.243.72 - - [08/Apr/2026:08:59:55 +0000] "GET /index.php?format=xml&rest_route=%2Foembed%2F1.0%2Fembed&url=https%3A%2F%2F69b4844ae61d4e92bf26ad98af552775-devsite.readyship.co%2F%3Fp%3D9679 HTTP/1.1" 403 - "https://69b4844ae61d4e92bf26ad98af552775-devsite.readyship.co/?p=9679" "Mozilla/5.0 AppleWebKit/537.36 (KHTML, like Gecko; compatible; GPTBot/1.3; +https://openai.com/gptbot)"
64.252.83.165 - - [08/Apr/2026:08:59:55 +0000] "GET /?p=65576 HTTP/1.1" 200 14543 "-" "Amazon CloudFront"
64.252.85.152 - - [08/Apr/2026:08:59:57 +0000] "GET /?p=65627 HTTP/1.1" 200 14479 "-" "Amazon CloudFront"
64.252.82.241 - - [08/Apr/2026:08:59:58 +0000] "GET /?p=65609 HTTP/1.1" 200 14582 "-" "Amazon CloudFront"
64.252.85.152 - - [08/Apr/2026:08:59:59 +0000] "GET /?p=65529 HTTP/1.1" 200 14708 "-" "Amazon CloudFront"
64.252.83.165 - - [08/Apr/2026:09:00:00 +0000] "GET /?p=65642 HTTP/1.1" 200 14472 "-" "Amazon CloudFront"
64.252.82.241 - - [08/Apr/2026:09:00:02 +0000] "GET /?p=65623 HTTP/1.1" 200 14558 "-" "Amazon CloudFront"
64.252.85.152 - - [08/Apr/2026:09:00:03 +0000] "GET /?p=65541 HTTP/1.1" 200 14305 "-" "Amazon CloudFront"
64.252.83.165 - - [08/Apr/2026:09:00:04 +0000] "GET /?p=65629 HTTP/1.1" 200 14974 "-" "Amazon CloudFront"
64.252.85.152 - - [08/Apr/2026:09:00:06 +0000] "GET /?p=65351 HTTP/1.1" 200 14429 "-" "Amazon CloudFront"
64.252.82.241 - - [08/Apr/2026:09:00:07 +0000] "GET /?p=65644 HTTP/1.1" 200 14374 "-" "Amazon CloudFront"
64.252.83.165 - - [08/Apr/2026:09:00:08 +0000] "GET /?p=65691 HTTP/1.1" 200 14928 "-" "Amazon CloudFront"
64.252.85.152 - - [08/Apr/2026:09:00:10 +0000] "GET /?p=65591 HTTP/1.1" 200 14236 "-" "Amazon CloudFront"
64.252.85.152 - - [08/Apr/2026:09:00:11 +0000] "GET /?p=65622 HTTP/1.1" 200 14619 "-" "Amazon CloudFront"
64.252.82.241 - - [08/Apr/2026:09:00:12 +0000] "GET /?p=65524 HTTP/1.1" 200 14526 "-" "Amazon CloudFront"
64.252.85.152 - - [08/Apr/2026:09:00:13 +0000] "GET /?p=65543 HTTP/1.1" 200 14317 "-" "Amazon CloudFront"
64.252.66.105 - - [08/Apr/2026:09:00:14 +0000] "GET /?cat=113 HTTP/1.1" 200 10199 "-" "Amazon CloudFront"
64.252.83.165 - - [08/Apr/2026:09:00:14 +0000] "GET /?p=65430 HTTP/1.1" 200 16432 "-" "Amazon CloudFront"
64.252.83.165 - - [08/Apr/2026:09:00:16 +0000] "GET /?author=2&paged=1560 HTTP/1.1" 200 11394 "-" "Amazon CloudFront"
64.252.82.241 - - [08/Apr/2026:09:00:17 +0000] "GET /?author=2&paged=1559 HTTP/1.1" 200 11387 "-" "Amazon CloudFront"
15.158.243.79 - - [08/Apr/2026:09:00:18 +0000] "GET /index.php?format=xml&rest_route=%2Foembed%2F1.0%2Fembed&url=https%3A%2F%2F69b4844ae61d4e92bf26ad98af552775-devsite.readyship.co%2F%3Fp%3D6260 HTTP/1.1" 403 - "https://69b4844ae61d4e92bf26ad98af552775-devsite.readyship.co/?p=6260" "Mozilla/5.0 AppleWebKit/537.36 (KHTML, like Gecko; compatible; GPTBot/1.3; +https://openai.com/gptbot)"
15.158.243.79 - - [08/Apr/2026:09:00:19 +0000] "GET /index.php?format=xml&rest_route=%2Foembed%2F1.0%2Fembed&url=https%3A%2F%2F69b4844ae61d4e92bf26ad98af552775-devsite.readyship.co%2F%3Fp%3D7339 HTTP/1.1" 403 - "https://69b4844ae61d4e92bf26ad98af552775-devsite.readyship.co/?p=7339" "Mozilla/5.0 AppleWebKit/537.36 (KHTML, like Gecko; compatible; GPTBot/1.3; +https://openai.com/gptbot)"
15.158.243.111 - - [08/Apr/2026:09:00:20 +0000] "GET /index.php?format=xml&rest_route=%2Foembed%2F1.0%2Fembed&url=https%3A%2F%2F69b4844ae61d4e92bf26ad98af552775-devsite.readyship.co%2F%3Fp%3D9219 HTTP/1.1" 403 - "https://69b4844ae61d4e92bf26ad98af552775-devsite.readyship.co/?p=9219" "Mozilla/5.0 AppleWebKit/537.36 (KHTML, like Gecko; compatible; GPTBot/1.3; +https://openai.com/gptbot)"
15.158.243.111 - - [08/Apr/2026:09:00:20 +0000] "GET /index.php?format=xml&rest_route=%2Foembed%2F1.0%2Fembed&url=https%3A%2F%2F69b4844ae61d4e92bf26ad98af552775-devsite.readyship.co%2F%3Fp%3D9539 HTTP/1.1" 403 - "https://69b4844ae61d4e92bf26ad98af552775-devsite.readyship.co/?p=9539" "Mozilla/5.0 AppleWebKit/537.36 (KHTML, like Gecko; compatible; GPTBot/1.3; +https://openai.com/gptbot)"
15.158.243.111 - - [08/Apr/2026:09:00:21 +0000] "GET /index.php?format=xml&rest_route=%2Foembed%2F1.0%2Fembed&url=https%3A%2F%2F69b4844ae61d4e92bf26ad98af552775-devsite.readyship.co%2F%3Fp%3D8489 HTTP/1.1" 403 - "https://69b4844ae61d4e92bf26ad98af552775-devsite.readyship.co/?p=8489" "Mozilla/5.0 AppleWebKit/537.36 (KHTML, like Gecko; compatible; GPTBot/1.3; +https://openai.com/gptbot)"
15.158.243.102 - - [08/Apr/2026:09:00:21 +0000] "GET /index.php?format=xml&rest_route=%2Foembed%2F1.0%2Fembed&url=https%3A%2F%2F69b4844ae61d4e92bf26ad98af552775-devsite.readyship.co%2F%3Fp%3D6619 HTTP/1.1" 403 - "https://69b4844ae61d4e92bf26ad98af552775-devsite.readyship.co/?p=6619" "Mozilla/5.0 AppleWebKit/537.36 (KHTML, like Gecko; compatible; GPTBot/1.3; +https://openai.com/gptbot)"
15.158.243.72 - - [08/Apr/2026:09:00:22 +0000] "GET /index.php?format=xml&rest_route=%2Foembed%2F1.0%2Fembed&url=https%3A%2F%2F69b4844ae61d4e92bf26ad98af552775-devsite.readyship.co%2F%3Fp%3D8189 HTTP/1.1" 403 - "https://69b4844ae61d4e92bf26ad98af552775-devsite.readyship.co/?p=8189" "Mozilla/5.0 AppleWebKit/537.36 (KHTML, like Gecko; compatible; GPTBot/1.3; +https://openai.com/gptbot)"
15.158.243.99 - - [08/Apr/2026:09:00:22 +0000] "GET /index.php?format=xml&rest_route=%2Foembed%2F1.0%2Fembed&url=https%3A%2F%2F69b4844ae61d4e92bf26ad98af552775-devsite.readyship.co%2F%3Fp%3D5750 HTTP/1.1" 403 - "https://69b4844ae61d4e92bf26ad98af552775-devsite.readyship.co/?p=5750" "Mozilla/5.0 AppleWebKit/537.36 (KHTML, like Gecko; compatible; GPTBot/1.3; +https://openai.com/gptbot)"
15.158.243.72 - - [08/Apr/2026:09:00:23 +0000] "GET /index.php?format=xml&rest_route=%2Foembed%2F1.0%2Fembed&url=https%3A%2F%2F69b4844ae61d4e92bf26ad98af552775-devsite.readyship.co%2F%3Fp%3D7191 HTTP/1.1" 403 - "https://69b4844ae61d4e92bf26ad98af552775-devsite.readyship.co/?p=7191" "Mozilla/5.0 AppleWebKit/537.36 (KHTML, like Gecko; compatible; GPTBot/1.3; +https://openai.com/gptbot)"
15.158.215.109 - - [08/Apr/2026:09:00:24 +0000] "POST /wp-cron.php?doing_wp_cron=1775638824.1097409725189208984375 HTTP/1.1" 200 - "https://69b4844ae61d4e92bf26ad98af552775-devsite.readyship.co/wp-cron.php?doing_wp_cron=1775638824.1097409725189208984375" "WordPress/5.1.19; https://69b4844ae61d4e92bf26ad98af552775-devsite.readyship.co"
64.252.85.152 - - [08/Apr/2026:09:00:23 +0000] "GET /?p=65440 HTTP/1.1" 200 14419 "-" "Amazon CloudFront"
64.252.83.165 - - [08/Apr/2026:09:00:25 +0000] "GET /?p=65518 HTTP/1.1" 200 14850 "-" "Amazon CloudFront"
64.252.85.152 - - [08/Apr/2026:09:00:26 +0000] "GET /?p=65343 HTTP/1.1" 200 14782 "-" "Amazon CloudFront"
15.158.243.111 - - [08/Apr/2026:09:00:28 +0000] "GET /index.php?rest_route=%2Foembed%2F1.0%2Fembed&url=https%3A%2F%2F69b4844ae61d4e92bf26ad98af552775-devsite.readyship.co%2F%3Fp%3D65518 HTTP/1.1" 403 - "https://69b4844ae61d4e92bf26ad98af552775-devsite.readyship.co/?p=65518" "Mozilla/5.0 AppleWebKit/537.36 (KHTML, like Gecko; compatible; GPTBot/1.3; +https://openai.com/gptbot)"
15.158.243.102 - - [08/Apr/2026:09:00:28 +0000] "GET /index.php?format=xml&rest_route=%2Foembed%2F1.0%2Fembed&url=https%3A%2F%2F69b4844ae61d4e92bf26ad98af552775-devsite.readyship.co%2F%3Fp%3D65518 HTTP/1.1" 403 - "https://69b4844ae61d4e92bf26ad98af552775-devsite.readyship.co/?p=65518" "Mozilla/5.0 AppleWebKit/537.36 (KHTML, like Gecko; compatible; GPTBot/1.3; +https://openai.com/gptbot)"
64.252.83.165 - - [08/Apr/2026:09:00:29 +0000] "GET /?p=65572 HTTP/1.1" 200 14789 "-" "Amazon CloudFront"
64.252.83.165 - - [08/Apr/2026:09:00:30 +0000] "GET /?p=65405 HTTP/1.1" 200 14336 "-" "Amazon CloudFront"
64.252.76.100 - - [08/Apr/2026:09:00:30 +0000] "GET /?cat=1&paged=3461 HTTP/1.1" 200 11356 "-" "Amazon CloudFront"
64.252.82.241 - - [08/Apr/2026:09:00:31 +0000] "GET /?p=65422 HTTP/1.1" 200 14559 "-" "Amazon CloudFront"
64.252.83.165 - - [08/Apr/2026:09:00:33 +0000] "GET /?p=65373 HTTP/1.1" 200 14293 "-" "Amazon CloudFront"
64.252.69.192 - - [08/Apr/2026:09:00:34 +0000] "GET /?p=40312 HTTP/1.1" 200 15960 "-" "Amazon CloudFront"
64.252.83.165 - - [08/Apr/2026:09:00:34 +0000] "GET /?p=65350 HTTP/1.1" 200 14779 "-" "Amazon CloudFront"
64.252.83.165 - - [08/Apr/2026:09:00:35 +0000] "GET /?p=65569 HTTP/1.1" 200 14325 "-" "Amazon CloudFront"
64.252.82.241 - - [08/Apr/2026:09:00:36 +0000] "GET /?p=65453 HTTP/1.1" 200 14389 "-" "Amazon CloudFront"
64.252.83.165 - - [08/Apr/2026:09:00:38 +0000] "GET /?p=65401 HTTP/1.1" 200 15450 "-" "Amazon CloudFront"
64.252.83.165 - - [08/Apr/2026:09:00:39 +0000] "GET /?p=65438 HTTP/1.1" 200 14341 "-" "Amazon CloudFront"
64.252.83.165 - - [08/Apr/2026:09:00:40 +0000] "GET /?p=65407 HTTP/1.1" 200 13851 "-" "Amazon CloudFront"
64.252.83.165 - - [08/Apr/2026:09:00:41 +0000] "GET /?p=65423 HTTP/1.1" 200 14811 "-" "Amazon CloudFront"
64.252.85.152 - - [08/Apr/2026:09:00:42 +0000] "GET /?p=65319 HTTP/1.1" 200 15634 "-" "Amazon CloudFront"
64.252.82.241 - - [08/Apr/2026:09:00:44 +0000] "GET /?p=65328 HTTP/1.1" 200 14210 "-" "Amazon CloudFront"
64.252.85.152 - - [08/Apr/2026:09:00:45 +0000] "GET /?p=65491 HTTP/1.1" 200 14276 "-" "Amazon CloudFront"
64.252.82.241 - - [08/Apr/2026:09:00:46 +0000] "GET /?p=65490 HTTP/1.1" 200 14697 "-" "Amazon CloudFront"
64.252.83.165 - - [08/Apr/2026:09:00:47 +0000] "GET /?p=65419 HTTP/1.1" 200 14307 "-" "Amazon CloudFront"
64.252.83.165 - - [08/Apr/2026:09:00:49 +0000] "GET /?p=65492 HTTP/1.1" 200 14431 "-" "Amazon CloudFront"
64.252.66.105 - - [08/Apr/2026:09:00:49 +0000] "GET /?p=10651 HTTP/1.1" 200 14862 "-" "Amazon CloudFront"
64.252.83.165 - - [08/Apr/2026:09:00:50 +0000] "GET /?author=2&paged=1562 HTTP/1.1" 200 11312 "-" "Amazon CloudFront"
64.252.85.152 - - [08/Apr/2026:09:00:51 +0000] "GET /?author=2&paged=1561 HTTP/1.1" 200 11266 "-" "Amazon CloudFront"
15.158.243.79 - - [08/Apr/2026:09:00:52 +0000] "GET /index.php?format=xml&rest_route=%2Foembed%2F1.0%2Fembed&url=https%3A%2F%2F69b4844ae61d4e92bf26ad98af552775-devsite.readyship.co%2F%3Fp%3D8366 HTTP/1.1" 403 - "https://69b4844ae61d4e92bf26ad98af552775-devsite.readyship.co/?p=8366" "Mozilla/5.0 AppleWebKit/537.36 (KHTML, like Gecko; compatible; GPTBot/1.3; +https://openai.com/gptbot)"
15.158.243.79 - - [08/Apr/2026:09:00:53 +0000] "GET /index.php?format=xml&rest_route=%2Foembed%2F1.0%2Fembed&url=https%3A%2F%2F69b4844ae61d4e92bf26ad98af552775-devsite.readyship.co%2F%3Fp%3D9894 HTTP/1.1" 403 - "https://69b4844ae61d4e92bf26ad98af552775-devsite.readyship.co/?p=9894" "Mozilla/5.0 AppleWebKit/537.36 (KHTML, like Gecko; compatible; GPTBot/1.3; +https://openai.com/gptbot)"
15.158.243.111 - - [08/Apr/2026:09:00:53 +0000] "GET /index.php?format=xml&rest_route=%2Foembed%2F1.0%2Fembed&url=https%3A%2F%2F69b4844ae61d4e92bf26ad98af552775-devsite.readyship.co%2F%3Fp%3D5919 HTTP/1.1" 403 - "https://69b4844ae61d4e92bf26ad98af552775-devsite.readyship.co/?p=5919" "Mozilla/5.0 AppleWebKit/537.36 (KHTML, like Gecko; compatible; GPTBot/1.3; +https://openai.com/gptbot)"
15.158.243.111 - - [08/Apr/2026:09:00:54 +0000] "GET /index.php?format=xml&rest_route=%2Foembed%2F1.0%2Fembed&url=https%3A%2F%2F69b4844ae61d4e92bf26ad98af552775-devsite.readyship.co%2F%3Fp%3D9921 HTTP/1.1" 403 - "https://69b4844ae61d4e92bf26ad98af552775-devsite.readyship.co/?p=9921" "Mozilla/5.0 AppleWebKit/537.36 (KHTML, like Gecko; compatible; GPTBot/1.3; +https://openai.com/gptbot)"
