15.158.239.65 - - [08/Apr/2026:10:59:00 +0000] "GET /index.php?format=xml&rest_route=%2Foembed%2F1.0%2Fembed&url=https%3A%2F%2F69b4844ae61d4e92bf26ad98af552775-devsite.readyship.co%2F%3Fp%3D16803 HTTP/1.1" 403 - "https://69b4844ae61d4e92bf26ad98af552775-devsite.readyship.co/?p=16803" "Mozilla/5.0 AppleWebKit/537.36 (KHTML, like Gecko; compatible; GPTBot/1.3; +https://openai.com/gptbot)"
15.158.239.65 - - [08/Apr/2026:10:59:00 +0000] "GET /index.php?format=xml&rest_route=%2Foembed%2F1.0%2Fembed&url=https%3A%2F%2F69b4844ae61d4e92bf26ad98af552775-devsite.readyship.co%2F%3Fp%3D74807 HTTP/1.1" 403 - "https://69b4844ae61d4e92bf26ad98af552775-devsite.readyship.co/?p=74807" "Mozilla/5.0 AppleWebKit/537.36 (KHTML, like Gecko; compatible; GPTBot/1.3; +https://openai.com/gptbot)"
64.252.76.63 - - [08/Apr/2026:10:58:58 +0000] "GET /prizes/180304430/ HTTP/1.1" 200 24306 "-" "Amazon CloudFront"
15.158.239.101 - - [08/Apr/2026:10:59:02 +0000] "GET /index.php?format=xml&rest_route=%2Foembed%2F1.0%2Fembed&url=https%3A%2F%2F69b4844ae61d4e92bf26ad98af552775-devsite.readyship.co%2F%3Fp%3D21162 HTTP/1.1" 403 - "https://69b4844ae61d4e92bf26ad98af552775-devsite.readyship.co/?p=21162" "Mozilla/5.0 AppleWebKit/537.36 (KHTML, like Gecko; compatible; GPTBot/1.3; +https://openai.com/gptbot)"
64.252.76.63 - - [08/Apr/2026:10:59:01 +0000] "GET /?p=57285 HTTP/1.1" 200 14668 "-" "Amazon CloudFront"
15.158.239.103 - - [08/Apr/2026:10:59:02 +0000] "GET /index.php?format=xml&rest_route=%2Foembed%2F1.0%2Fembed&url=https%3A%2F%2F69b4844ae61d4e92bf26ad98af552775-devsite.readyship.co%2F%3Fp%3D68846 HTTP/1.1" 403 - "https://69b4844ae61d4e92bf26ad98af552775-devsite.readyship.co/?p=68846" "Mozilla/5.0 AppleWebKit/537.36 (KHTML, like Gecko; compatible; GPTBot/1.3; +https://openai.com/gptbot)"
64.252.74.231 - - [08/Apr/2026:10:59:03 +0000] "GET /?p=57244 HTTP/1.1" 200 15517 "-" "Amazon CloudFront"
64.252.76.63 - - [08/Apr/2026:10:59:04 +0000] "GET /?p=57274 HTTP/1.1" 200 14425 "-" "Amazon CloudFront"
64.252.74.231 - - [08/Apr/2026:10:59:05 +0000] "GET /?p=57273 HTTP/1.1" 200 14603 "-" "Amazon CloudFront"
64.252.76.63 - - [08/Apr/2026:10:59:06 +0000] "GET /?p=57272 HTTP/1.1" 200 14405 "-" "Amazon CloudFront"
64.252.74.231 - - [08/Apr/2026:10:59:05 +0000] "GET /prizes/198726319/ HTTP/1.1" 200 24281 "-" "Amazon CloudFront"
64.252.76.63 - - [08/Apr/2026:10:59:07 +0000] "GET /?p=57270 HTTP/1.1" 200 14848 "-" "Amazon CloudFront"
64.252.76.63 - - [08/Apr/2026:10:59:09 +0000] "GET /?p=57271 HTTP/1.1" 200 14703 "-" "Amazon CloudFront"
64.252.76.63 - - [08/Apr/2026:10:59:10 +0000] "GET /?p=57276 HTTP/1.1" 200 14543 "-" "Amazon CloudFront"
64.252.74.231 - - [08/Apr/2026:10:59:11 +0000] "GET /?p=57250 HTTP/1.1" 200 14779 "-" "Amazon CloudFront"
64.252.76.100 - - [08/Apr/2026:10:59:12 +0000] "GET /?p=57278 HTTP/1.1" 200 15073 "-" "Amazon CloudFront"
64.252.76.63 - - [08/Apr/2026:10:59:13 +0000] "GET /?p=57288 HTTP/1.1" 200 14550 "-" "Amazon CloudFront"
64.252.76.100 - - [08/Apr/2026:10:59:14 +0000] "GET /prizes/333859400 HTTP/1.1" 301 - "-" "Amazon CloudFront"
64.252.76.63 - - [08/Apr/2026:10:59:14 +0000] "GET /?p=57263 HTTP/1.1" 200 14559 "-" "Amazon CloudFront"
64.252.74.231 - - [08/Apr/2026:10:59:15 +0000] "GET /?p=57264 HTTP/1.1" 200 14812 "-" "Amazon CloudFront"
64.252.66.105 - - [08/Apr/2026:10:59:15 +0000] "GET /?p=8752 HTTP/1.1" 200 21071 "-" "Amazon CloudFront"
64.252.76.63 - - [08/Apr/2026:10:59:16 +0000] "GET /?p=57243 HTTP/1.1" 200 14444 "-" "Amazon CloudFront"
64.252.76.63 - - [08/Apr/2026:10:59:15 +0000] "GET /prizes/333859400/ HTTP/1.1" 200 24285 "-" "Amazon CloudFront"
64.252.76.100 - - [08/Apr/2026:10:59:17 +0000] "GET /?p=57236 HTTP/1.1" 200 14148 "-" "Amazon CloudFront"
64.252.76.63 - - [08/Apr/2026:10:59:18 +0000] "GET /?p=57239 HTTP/1.1" 200 14467 "-" "Amazon CloudFront"
64.252.76.100 - - [08/Apr/2026:10:59:19 +0000] "GET /?p=57268 HTTP/1.1" 200 15516 "-" "Amazon CloudFront"
64.252.67.128 - - [08/Apr/2026:10:59:20 +0000] "GET /?p=83016 HTTP/1.1" 200 47242 "-" "Amazon CloudFront"
64.252.76.63 - - [08/Apr/2026:10:59:21 +0000] "GET /?p=57269 HTTP/1.1" 200 13538 "-" "Amazon CloudFront"
15.158.215.109 - - [08/Apr/2026:10:59:22 +0000] "POST /wp-cron.php?doing_wp_cron=1775645962.4795920848846435546875 HTTP/1.1" 200 - "https://69b4844ae61d4e92bf26ad98af552775-devsite.readyship.co/wp-cron.php?doing_wp_cron=1775645962.4795920848846435546875" "WordPress/5.1.19; https://69b4844ae61d4e92bf26ad98af552775-devsite.readyship.co"
64.252.76.100 - - [08/Apr/2026:10:59:22 +0000] "GET /?p=57240 HTTP/1.1" 200 17489 "-" "Amazon CloudFront"
64.252.76.63 - - [08/Apr/2026:10:59:23 +0000] "GET /?author=2&paged=1975 HTTP/1.1" 200 11344 "-" "Amazon CloudFront"
64.252.76.100 - - [08/Apr/2026:10:59:24 +0000] "GET /?author=2&paged=1974 HTTP/1.1" 200 11370 "-" "Amazon CloudFront"
15.158.239.104 - - [08/Apr/2026:10:59:26 +0000] "GET /index.php?format=xml&rest_route=%2Foembed%2F1.0%2Fembed&url=https%3A%2F%2F69b4844ae61d4e92bf26ad98af552775-devsite.readyship.co%2F%3Fp%3D59009 HTTP/1.1" 403 - "https://69b4844ae61d4e92bf26ad98af552775-devsite.readyship.co/?p=59009" "Mozilla/5.0 AppleWebKit/537.36 (KHTML, like Gecko; compatible; GPTBot/1.3; +https://openai.com/gptbot)"
15.158.239.104 - - [08/Apr/2026:10:59:26 +0000] "GET /index.php?format=xml&rest_route=%2Foembed%2F1.0%2Fembed&url=https%3A%2F%2F69b4844ae61d4e92bf26ad98af552775-devsite.readyship.co%2F%3Fp%3D61723 HTTP/1.1" 403 - "https://69b4844ae61d4e92bf26ad98af552775-devsite.readyship.co/?p=61723" "Mozilla/5.0 AppleWebKit/537.36 (KHTML, like Gecko; compatible; GPTBot/1.3; +https://openai.com/gptbot)"
15.158.239.65 - - [08/Apr/2026:10:59:27 +0000] "GET /index.php?format=xml&rest_route=%2Foembed%2F1.0%2Fembed&url=https%3A%2F%2F69b4844ae61d4e92bf26ad98af552775-devsite.readyship.co%2F%3Fp%3D60213 HTTP/1.1" 403 - "https://69b4844ae61d4e92bf26ad98af552775-devsite.readyship.co/?p=60213" "Mozilla/5.0 AppleWebKit/537.36 (KHTML, like Gecko; compatible; GPTBot/1.3; +https://openai.com/gptbot)"
15.158.239.101 - - [08/Apr/2026:10:59:27 +0000] "GET /index.php?format=xml&rest_route=%2Foembed%2F1.0%2Fembed&url=https%3A%2F%2F69b4844ae61d4e92bf26ad98af552775-devsite.readyship.co%2F%3Fp%3D72201 HTTP/1.1" 403 - "https://69b4844ae61d4e92bf26ad98af552775-devsite.readyship.co/?p=72201" "Mozilla/5.0 AppleWebKit/537.36 (KHTML, like Gecko; compatible; GPTBot/1.3; +https://openai.com/gptbot)"
15.158.239.65 - - [08/Apr/2026:10:59:29 +0000] "GET /index.php?format=xml&rest_route=%2Foembed%2F1.0%2Fembed&url=https%3A%2F%2F69b4844ae61d4e92bf26ad98af552775-devsite.readyship.co%2F%3Fp%3D43064 HTTP/1.1" 403 - "https://69b4844ae61d4e92bf26ad98af552775-devsite.readyship.co/?p=43064" "Mozilla/5.0 AppleWebKit/537.36 (KHTML, like Gecko; compatible; GPTBot/1.3; +https://openai.com/gptbot)"
15.158.239.101 - - [08/Apr/2026:10:59:29 +0000] "GET /index.php?format=xml&rest_route=%2Foembed%2F1.0%2Fembed&url=https%3A%2F%2F69b4844ae61d4e92bf26ad98af552775-devsite.readyship.co%2F%3Fp%3D64649 HTTP/1.1" 403 - "https://69b4844ae61d4e92bf26ad98af552775-devsite.readyship.co/?p=64649" "Mozilla/5.0 AppleWebKit/537.36 (KHTML, like Gecko; compatible; GPTBot/1.3; +https://openai.com/gptbot)"
64.252.76.63 - - [08/Apr/2026:10:59:28 +0000] "GET /?p=57235 HTTP/1.1" 200 14394 "-" "Amazon CloudFront"
15.158.239.103 - - [08/Apr/2026:10:59:30 +0000] "GET /index.php?format=xml&rest_route=%2Foembed%2F1.0%2Fembed&url=https%3A%2F%2F69b4844ae61d4e92bf26ad98af552775-devsite.readyship.co%2F%3Fp%3D80532 HTTP/1.1" 403 - "https://69b4844ae61d4e92bf26ad98af552775-devsite.readyship.co/?p=80532" "Mozilla/5.0 AppleWebKit/537.36 (KHTML, like Gecko; compatible; GPTBot/1.3; +https://openai.com/gptbot)"
15.158.239.101 - - [08/Apr/2026:10:59:30 +0000] "GET /index.php?format=xml&rest_route=%2Foembed%2F1.0%2Fembed&url=https%3A%2F%2F69b4844ae61d4e92bf26ad98af552775-devsite.readyship.co%2F%3Fp%3D42994 HTTP/1.1" 403 - "https://69b4844ae61d4e92bf26ad98af552775-devsite.readyship.co/?p=42994" "Mozilla/5.0 AppleWebKit/537.36 (KHTML, like Gecko; compatible; GPTBot/1.3; +https://openai.com/gptbot)"
64.252.76.63 - - [08/Apr/2026:10:59:31 +0000] "GET /?p=57217 HTTP/1.1" 200 14612 "-" "Amazon CloudFront"
64.252.74.231 - - [08/Apr/2026:10:59:32 +0000] "GET /?p=57229 HTTP/1.1" 200 14587 "-" "Amazon CloudFront"
64.252.76.100 - - [08/Apr/2026:10:59:33 +0000] "GET /?p=57237 HTTP/1.1" 200 14428 "-" "Amazon CloudFront"
64.252.76.63 - - [08/Apr/2026:10:59:34 +0000] "GET /?p=57228 HTTP/1.1" 200 14590 "-" "Amazon CloudFront"
64.252.74.231 - - [08/Apr/2026:10:59:35 +0000] "GET /?p=57226 HTTP/1.1" 200 14359 "-" "Amazon CloudFront"
64.252.76.63 - - [08/Apr/2026:10:59:36 +0000] "GET /?p=57221 HTTP/1.1" 200 15005 "-" "Amazon CloudFront"
64.252.74.231 - - [08/Apr/2026:10:59:38 +0000] "GET /?p=57223 HTTP/1.1" 200 14426 "-" "Amazon CloudFront"
64.252.74.231 - - [08/Apr/2026:10:59:39 +0000] "GET /?p=57224 HTTP/1.1" 200 14309 "-" "Amazon CloudFront"
64.252.76.100 - - [08/Apr/2026:10:59:40 +0000] "GET /?p=57212 HTTP/1.1" 200 14781 "-" "Amazon CloudFront"
64.252.76.63 - - [08/Apr/2026:10:59:41 +0000] "GET /prizes/156976086 HTTP/1.1" 301 - "-" "Amazon CloudFront"
64.252.76.63 - - [08/Apr/2026:10:59:41 +0000] "GET /?p=57225 HTTP/1.1" 200 14820 "-" "Amazon CloudFront"
64.252.76.63 - - [08/Apr/2026:10:59:42 +0000] "GET /?p=57227 HTTP/1.1" 200 14757 "-" "Amazon CloudFront"
64.252.76.100 - - [08/Apr/2026:10:59:43 +0000] "GET /?p=57215 HTTP/1.1" 200 14747 "-" "Amazon CloudFront"
64.252.76.63 - - [08/Apr/2026:10:59:42 +0000] "GET /prizes/156976086/ HTTP/1.1" 200 24296 "-" "Amazon CloudFront"
64.252.74.231 - - [08/Apr/2026:10:59:44 +0000] "GET /?p=57210 HTTP/1.1" 200 14165 "-" "Amazon CloudFront"
64.252.74.231 - - [08/Apr/2026:10:59:45 +0000] "GET /?p=57219 HTTP/1.1" 200 14248 "-" "Amazon CloudFront"
64.252.76.63 - - [08/Apr/2026:10:59:46 +0000] "GET /?p=57218 HTTP/1.1" 200 14211 "-" "Amazon CloudFront"
64.252.76.63 - - [08/Apr/2026:10:59:48 +0000] "GET /?p=57238 HTTP/1.1" 200 14882 "-" "Amazon CloudFront"
64.252.76.63 - - [08/Apr/2026:10:59:49 +0000] "GET /prizes/115544602 HTTP/1.1" 301 - "-" "Amazon CloudFront"
64.252.67.128 - - [08/Apr/2026:10:59:48 +0000] "GET /?p=51762 HTTP/1.1" 200 14590 "-" "Amazon CloudFront"
64.252.74.231 - - [08/Apr/2026:10:59:49 +0000] "GET /?p=57216 HTTP/1.1" 200 14384 "-" "Amazon CloudFront"
64.252.74.231 - - [08/Apr/2026:10:59:50 +0000] "GET /?p=57230 HTTP/1.1" 200 14734 "-" "Amazon CloudFront"
64.252.76.100 - - [08/Apr/2026:10:59:51 +0000] "GET /?p=57213 HTTP/1.1" 200 14575 "-" "Amazon CloudFront"
64.252.76.100 - - [08/Apr/2026:10:59:49 +0000] "GET /prizes/115544602/ HTTP/1.1" 200 24291 "-" "Amazon CloudFront"
64.252.74.231 - - [08/Apr/2026:10:59:52 +0000] "GET /?p=57214 HTTP/1.1" 200 14632 "-" "Amazon CloudFront"
64.252.66.105 - - [08/Apr/2026:10:59:53 +0000] "GET /?p=96737 HTTP/1.1" 200 15151 "-" "Amazon CloudFront"
64.252.74.231 - - [08/Apr/2026:10:59:53 +0000] "GET /?author=2&paged=1976 HTTP/1.1" 200 11197 "-" "Amazon CloudFront"
64.252.76.100 - - [08/Apr/2026:10:59:54 +0000] "GET /?author=2&paged=1977 HTTP/1.1" 200 11362 "-" "Amazon CloudFront"
15.158.239.104 - - [08/Apr/2026:10:59:55 +0000] "GET /index.php?rest_route=%2Foembed%2F1.0%2Fembed&url=https%3A%2F%2F69b4844ae61d4e92bf26ad98af552775-devsite.readyship.co%2F%3Fp%3D57215 HTTP/1.1" 403 - "https://69b4844ae61d4e92bf26ad98af552775-devsite.readyship.co/?p=57215" "Mozilla/5.0 AppleWebKit/537.36 (KHTML, like Gecko; compatible; GPTBot/1.3; +https://openai.com/gptbot)"
64.252.76.100 - - [08/Apr/2026:10:59:56 +0000] "GET /?p=57195 HTTP/1.1" 200 14368 "-" "Amazon CloudFront"
15.158.239.104 - - [08/Apr/2026:10:59:57 +0000] "GET /index.php?format=xml&rest_route=%2Foembed%2F1.0%2Fembed&url=https%3A%2F%2F69b4844ae61d4e92bf26ad98af552775-devsite.readyship.co%2F%3Fp%3D23616 HTTP/1.1" 403 - "https://69b4844ae61d4e92bf26ad98af552775-devsite.readyship.co/?p=23616" "Mozilla/5.0 AppleWebKit/537.36 (KHTML, like Gecko; compatible; GPTBot/1.3; +https://openai.com/gptbot)"
64.252.76.63 - - [08/Apr/2026:10:59:58 +0000] "GET /prizes/334328410 HTTP/1.1" 301 - "-" "Amazon CloudFront"
15.158.239.104 - - [08/Apr/2026:10:59:58 +0000] "GET /index.php?format=xml&rest_route=%2Foembed%2F1.0%2Fembed&url=https%3A%2F%2F69b4844ae61d4e92bf26ad98af552775-devsite.readyship.co%2F%3Fp%3D23436 HTTP/1.1" 403 - "https://69b4844ae61d4e92bf26ad98af552775-devsite.readyship.co/?p=23436" "Mozilla/5.0 AppleWebKit/537.36 (KHTML, like Gecko; compatible; GPTBot/1.3; +https://openai.com/gptbot)"
15.158.239.101 - - [08/Apr/2026:10:59:58 +0000] "GET /index.php?format=xml&rest_route=%2Foembed%2F1.0%2Fembed&url=https%3A%2F%2F69b4844ae61d4e92bf26ad98af552775-devsite.readyship.co%2F%3Fp%3D45858 HTTP/1.1" 403 - "https://69b4844ae61d4e92bf26ad98af552775-devsite.readyship.co/?p=45858" "Mozilla/5.0 AppleWebKit/537.36 (KHTML, like Gecko; compatible; GPTBot/1.3; +https://openai.com/gptbot)"
15.158.239.65 - - [08/Apr/2026:10:59:59 +0000] "GET /index.php?format=xml&rest_route=%2Foembed%2F1.0%2Fembed&url=https%3A%2F%2F69b4844ae61d4e92bf26ad98af552775-devsite.readyship.co%2F%3Fp%3D71202 HTTP/1.1" 403 - "https://69b4844ae61d4e92bf26ad98af552775-devsite.readyship.co/?p=71202" "Mozilla/5.0 AppleWebKit/537.36 (KHTML, like Gecko; compatible; GPTBot/1.3; +https://openai.com/gptbot)"
64.252.74.231 - - [08/Apr/2026:10:59:58 +0000] "GET /prizes/247181410 HTTP/1.1" 301 - "-" "Amazon CloudFront"
15.158.239.65 - - [08/Apr/2026:10:59:59 +0000] "GET /index.php?format=xml&rest_route=%2Foembed%2F1.0%2Fembed&url=https%3A%2F%2F69b4844ae61d4e92bf26ad98af552775-devsite.readyship.co%2F%3Fp%3D78645 HTTP/1.1" 403 - "https://69b4844ae61d4e92bf26ad98af552775-devsite.readyship.co/?p=78645" "Mozilla/5.0 AppleWebKit/537.36 (KHTML, like Gecko; compatible; GPTBot/1.3; +https://openai.com/gptbot)"
15.158.239.103 - - [08/Apr/2026:11:00:00 +0000] "GET /index.php?format=xml&rest_route=%2Foembed%2F1.0%2Fembed&url=https%3A%2F%2F69b4844ae61d4e92bf26ad98af552775-devsite.readyship.co%2F%3Fp%3D58681 HTTP/1.1" 403 - "https://69b4844ae61d4e92bf26ad98af552775-devsite.readyship.co/?p=58681" "Mozilla/5.0 AppleWebKit/537.36 (KHTML, like Gecko; compatible; GPTBot/1.3; +https://openai.com/gptbot)"
15.158.239.101 - - [08/Apr/2026:11:00:00 +0000] "GET /index.php?format=xml&rest_route=%2Foembed%2F1.0%2Fembed&url=https%3A%2F%2F69b4844ae61d4e92bf26ad98af552775-devsite.readyship.co%2F%3Fp%3D59251 HTTP/1.1" 403 - "https://69b4844ae61d4e92bf26ad98af552775-devsite.readyship.co/?p=59251" "Mozilla/5.0 AppleWebKit/537.36 (KHTML, like Gecko; compatible; GPTBot/1.3; +https://openai.com/gptbot)"
64.252.76.63 - - [08/Apr/2026:11:00:01 +0000] "GET /?p=57191 HTTP/1.1" 200 13859 "-" "Amazon CloudFront"
64.252.76.63 - - [08/Apr/2026:10:59:59 +0000] "GET /prizes/247181410/ HTTP/1.1" 200 24265 "-" "Amazon CloudFront"
64.252.76.100 - - [08/Apr/2026:11:00:02 +0000] "GET /?p=57188 HTTP/1.1" 200 14466 "-" "Amazon CloudFront"
64.252.76.100 - - [08/Apr/2026:11:00:03 +0000] "GET /?p=57175 HTTP/1.1" 200 14082 "-" "Amazon CloudFront"
64.252.76.63 - - [08/Apr/2026:11:00:05 +0000] "GET /prizes/174927480 HTTP/1.1" 301 - "-" "Amazon CloudFront"
64.252.76.63 - - [08/Apr/2026:11:00:05 +0000] "GET /?p=57179 HTTP/1.1" 200 14873 "-" "Amazon CloudFront"
64.252.74.231 - - [08/Apr/2026:11:00:06 +0000] "GET /?p=57161 HTTP/1.1" 200 14750 "-" "Amazon CloudFront"
64.252.74.231 - - [08/Apr/2026:11:00:07 +0000] "GET /?p=57170 HTTP/1.1" 200 14558 "-" "Amazon CloudFront"
15.158.239.65 - - [08/Apr/2026:11:00:08 +0000] "GET /index.php?format=xml&rest_route=%2Foembed%2F1.0%2Fembed&url=https%3A%2F%2F69b4844ae61d4e92bf26ad98af552775-devsite.readyship.co%2F%3Fp%3D57175 HTTP/1.1" 403 - "https://69b4844ae61d4e92bf26ad98af552775-devsite.readyship.co/?p=57175" "Mozilla/5.0 AppleWebKit/537.36 (KHTML, like Gecko; compatible; GPTBot/1.3; +https://openai.com/gptbot)"
15.158.239.101 - - [08/Apr/2026:11:00:08 +0000] "GET /index.php?rest_route=%2Foembed%2F1.0%2Fembed&url=https%3A%2F%2F69b4844ae61d4e92bf26ad98af552775-devsite.readyship.co%2F%3Fp%3D57175 HTTP/1.1" 403 - "https://69b4844ae61d4e92bf26ad98af552775-devsite.readyship.co/?p=57175" "Mozilla/5.0 AppleWebKit/537.36 (KHTML, like Gecko; compatible; GPTBot/1.3; +https://openai.com/gptbot)"
64.252.74.231 - - [08/Apr/2026:11:00:06 +0000] "GET /prizes/174927480/ HTTP/1.1" 200 24280 "-" "Amazon CloudFront"
64.252.76.63 - - [08/Apr/2026:11:00:09 +0000] "GET /?p=57173 HTTP/1.1" 200 14648 "-" "Amazon CloudFront"
64.252.74.231 - - [08/Apr/2026:11:00:10 +0000] "GET /?p=57167 HTTP/1.1" 200 15731 "-" "Amazon CloudFront"
64.252.74.231 - - [08/Apr/2026:11:00:11 +0000] "GET /?p=57185 HTTP/1.1" 200 14585 "-" "Amazon CloudFront"
64.252.74.231 - - [08/Apr/2026:11:00:12 +0000] "GET /?p=57187 HTTP/1.1" 200 14169 "-" "Amazon CloudFront"
64.252.76.100 - - [08/Apr/2026:11:00:14 +0000] "GET /?p=57178 HTTP/1.1" 200 15425 "-" "Amazon CloudFront"
64.252.76.63 - - [08/Apr/2026:11:00:15 +0000] "GET /prizes/123863288 HTTP/1.1" 301 - "-" "Amazon CloudFront"
64.252.76.63 - - [08/Apr/2026:11:00:15 +0000] "GET /?p=57174 HTTP/1.1" 200 14634 "-" "Amazon CloudFront"
64.252.76.63 - - [08/Apr/2026:11:00:16 +0000] "GET /?p=57183 HTTP/1.1" 200 14391 "-" "Amazon CloudFront"
64.252.74.231 - - [08/Apr/2026:11:00:17 +0000] "GET /?p=57180 HTTP/1.1" 200 14322 "-" "Amazon CloudFront"
64.252.74.231 - - [08/Apr/2026:11:00:18 +0000] "GET /?p=57158 HTTP/1.1" 200 14525 "-" "Amazon CloudFront"
64.252.76.63 - - [08/Apr/2026:11:00:20 +0000] "GET /?p=57169 HTTP/1.1" 200 14491 "-" "Amazon CloudFront"
64.252.74.231 - - [08/Apr/2026:11:00:21 +0000] "GET /?p=57182 HTTP/1.1" 200 14466 "-" "Amazon CloudFront"
64.252.76.63 - - [08/Apr/2026:11:00:22 +0000] "GET /?feed=rss2&p=57167 HTTP/1.1" 200 542 "-" "Amazon CloudFront"
15.158.215.109 - - [08/Apr/2026:11:00:22 +0000] "POST /wp-cron.php?doing_wp_cron=1775646022.6214129924774169921875 HTTP/1.1" 200 - "https://69b4844ae61d4e92bf26ad98af552775-devsite.readyship.co/wp-cron.php?doing_wp_cron=1775646022.6214129924774169921875" "WordPress/5.1.19; https://69b4844ae61d4e92bf26ad98af552775-devsite.readyship.co"
64.252.74.231 - - [08/Apr/2026:11:00:23 +0000] "GET /?p=57194 HTTP/1.1" 200 14416 "-" "Amazon CloudFront"
64.252.74.231 - - [08/Apr/2026:11:00:24 +0000] "GET /prizes/252748571 HTTP/1.1" 301 - "-" "Amazon CloudFront"
64.252.74.231 - - [08/Apr/2026:11:00:24 +0000] "GET /?p=57190 HTTP/1.1" 200 14495 "-" "Amazon CloudFront"
64.252.74.231 - - [08/Apr/2026:11:00:25 +0000] "GET /?author=2&paged=1978 HTTP/1.1" 200 11338 "-" "Amazon CloudFront"
64.252.74.231 - - [08/Apr/2026:11:00:26 +0000] "GET /?author=2&paged=1979 HTTP/1.1" 200 11354 "-" "Amazon CloudFront"
15.158.239.104 - - [08/Apr/2026:11:00:28 +0000] "GET /index.php?format=xml&rest_route=%2Foembed%2F1.0%2Fembed&url=https%3A%2F%2F69b4844ae61d4e92bf26ad98af552775-devsite.readyship.co%2F%3Fp%3D21523 HTTP/1.1" 403 - "https://69b4844ae61d4e92bf26ad98af552775-devsite.readyship.co/?p=21523" "Mozilla/5.0 AppleWebKit/537.36 (KHTML, like Gecko; compatible; GPTBot/1.3; +https://openai.com/gptbot)"
64.252.76.100 - - [08/Apr/2026:11:00:25 +0000] "GET /prizes/252748571/ HTTP/1.1" 200 24300 "-" "Amazon CloudFront"
15.158.239.104 - - [08/Apr/2026:11:00:28 +0000] "GET /index.php?format=xml&rest_route=%2Foembed%2F1.0%2Fembed&url=https%3A%2F%2F69b4844ae61d4e92bf26ad98af552775-devsite.readyship.co%2F%3Fp%3D69162 HTTP/1.1" 403 - "https://69b4844ae61d4e92bf26ad98af552775-devsite.readyship.co/?p=69162" "Mozilla/5.0 AppleWebKit/537.36 (KHTML, like Gecko; compatible; GPTBot/1.3; +https://openai.com/gptbot)"
15.158.239.65 - - [08/Apr/2026:11:00:29 +0000] "GET /index.php?format=xml&rest_route=%2Foembed%2F1.0%2Fembed&url=https%3A%2F%2F69b4844ae61d4e92bf26ad98af552775-devsite.readyship.co%2F%3Fp%3D74593 HTTP/1.1" 403 - "https://69b4844ae61d4e92bf26ad98af552775-devsite.readyship.co/?p=74593" "Mozilla/5.0 AppleWebKit/537.36 (KHTML, like Gecko; compatible; GPTBot/1.3; +https://openai.com/gptbot)"
64.252.74.231 - - [08/Apr/2026:11:00:29 +0000] "GET /?p=57146 HTTP/1.1" 200 14246 "-" "Amazon CloudFront"
64.252.76.63 - - [08/Apr/2026:11:00:30 +0000] "GET /prizes/324375753 HTTP/1.1" 301 - "-" "Amazon CloudFront"
64.252.76.63 - - [08/Apr/2026:11:00:30 +0000] "GET /?p=57160 HTTP/1.1" 200 14727 "-" "Amazon CloudFront"
15.158.239.65 - - [08/Apr/2026:11:00:32 +0000] "GET /index.php?format=xml&rest_route=%2Foembed%2F1.0%2Fembed&url=https%3A%2F%2F69b4844ae61d4e92bf26ad98af552775-devsite.readyship.co%2F%3Fp%3D51832 HTTP/1.1" 403 - "https://69b4844ae61d4e92bf26ad98af552775-devsite.readyship.co/?p=51832" "Mozilla/5.0 AppleWebKit/537.36 (KHTML, like Gecko; compatible; GPTBot/1.3; +https://openai.com/gptbot)"
15.158.239.65 - - [08/Apr/2026:11:00:32 +0000] "GET /index.php?format=xml&rest_route=%2Foembed%2F1.0%2Fembed&url=https%3A%2F%2F69b4844ae61d4e92bf26ad98af552775-devsite.readyship.co%2F%3Fp%3D76266 HTTP/1.1" 403 - "https://69b4844ae61d4e92bf26ad98af552775-devsite.readyship.co/?p=76266" "Mozilla/5.0 AppleWebKit/537.36 (KHTML, like Gecko; compatible; GPTBot/1.3; +https://openai.com/gptbot)"
15.158.239.101 - - [08/Apr/2026:11:00:33 +0000] "GET /index.php?format=xml&rest_route=%2Foembed%2F1.0%2Fembed&url=https%3A%2F%2F69b4844ae61d4e92bf26ad98af552775-devsite.readyship.co%2F%3Fp%3D26417 HTTP/1.1" 403 - "https://69b4844ae61d4e92bf26ad98af552775-devsite.readyship.co/?p=26417" "Mozilla/5.0 AppleWebKit/537.36 (KHTML, like Gecko; compatible; GPTBot/1.3; +https://openai.com/gptbot)"
15.158.239.103 - - [08/Apr/2026:11:00:33 +0000] "GET /index.php?format=xml&rest_route=%2Foembed%2F1.0%2Fembed&url=https%3A%2F%2F69b4844ae61d4e92bf26ad98af552775-devsite.readyship.co%2F%3Fp%3D64577 HTTP/1.1" 403 - "https://69b4844ae61d4e92bf26ad98af552775-devsite.readyship.co/?p=64577" "Mozilla/5.0 AppleWebKit/537.36 (KHTML, like Gecko; compatible; GPTBot/1.3; +https://openai.com/gptbot)"
64.252.76.63 - - [08/Apr/2026:11:00:31 +0000] "GET /prizes/324375753/ HTTP/1.1" 200 24267 "-" "Amazon CloudFront"
64.252.76.100 - - [08/Apr/2026:11:00:34 +0000] "GET /?p=57153 HTTP/1.1" 200 14607 "-" "Amazon CloudFront"
64.252.76.63 - - [08/Apr/2026:11:00:34 +0000] "GET /prizes/123378208 HTTP/1.1" 301 - "-" "Amazon CloudFront"
64.252.76.100 - - [08/Apr/2026:11:00:35 +0000] "GET /prizes/133549541 HTTP/1.1" 301 - "-" "Amazon CloudFront"
64.252.74.231 - - [08/Apr/2026:11:00:35 +0000] "GET /?p=57157 HTTP/1.1" 200 14531 "-" "Amazon CloudFront"
64.252.74.231 - - [08/Apr/2026:11:00:36 +0000] "GET /?p=57154 HTTP/1.1" 200 14728 "-" "Amazon CloudFront"
64.252.74.231 - - [08/Apr/2026:11:00:35 +0000] "GET /prizes/123378208/ HTTP/1.1" 200 24280 "-" "Amazon CloudFront"
64.252.74.231 - - [08/Apr/2026:11:00:37 +0000] "GET /?p=57144 HTTP/1.1" 200 14410 "-" "Amazon CloudFront"
64.252.74.231 - - [08/Apr/2026:11:00:36 +0000] "GET /prizes/133549541/ HTTP/1.1" 200 24281 "-" "Amazon CloudFront"
64.252.76.100 - - [08/Apr/2026:11:00:38 +0000] "GET /?p=57181 HTTP/1.1" 200 14210 "-" "Amazon CloudFront"
64.252.74.231 - - [08/Apr/2026:11:00:39 +0000] "GET /?p=57145 HTTP/1.1" 200 15025 "-" "Amazon CloudFront"
64.252.76.63 - - [08/Apr/2026:11:00:40 +0000] "GET /?p=57152 HTTP/1.1" 200 14604 "-" "Amazon CloudFront"
64.252.74.231 - - [08/Apr/2026:11:00:41 +0000] "GET /?p=57156 HTTP/1.1" 200 14333 "-" "Amazon CloudFront"
64.252.76.100 - - [08/Apr/2026:11:00:43 +0000] "GET /?p=57143 HTTP/1.1" 200 14270 "-" "Amazon CloudFront"
64.252.74.231 - - [08/Apr/2026:11:00:44 +0000] "GET /?p=57140 HTTP/1.1" 200 14189 "-" "Amazon CloudFront"
64.252.76.100 - - [08/Apr/2026:11:00:45 +0000] "GET /prizes/164914763 HTTP/1.1" 301 - "-" "Amazon CloudFront"
64.252.76.63 - - [08/Apr/2026:11:00:45 +0000] "GET /?p=57124 HTTP/1.1" 200 14427 "-" "Amazon CloudFront"
64.252.74.231 - - [08/Apr/2026:11:00:43 +0000] "GET /prizes/181591086/ HTTP/1.1" 200 24301 "-" "Amazon CloudFront"
64.252.74.231 - - [08/Apr/2026:11:00:46 +0000] "GET /?p=57142 HTTP/1.1" 200 14327 "-" "Amazon CloudFront"
64.252.74.231 - - [08/Apr/2026:11:00:47 +0000] "GET /?p=57138 HTTP/1.1" 200 14078 "-" "Amazon CloudFront"
64.252.76.63 - - [08/Apr/2026:11:00:48 +0000] "GET /?p=57123 HTTP/1.1" 200 14404 "-" "Amazon CloudFront"
64.252.74.231 - - [08/Apr/2026:11:00:49 +0000] "GET /?author=2&paged=1980 HTTP/1.1" 200 11388 "-" "Amazon CloudFront"
64.252.76.63 - - [08/Apr/2026:11:00:51 +0000] "GET /?author=2&paged=1981 HTTP/1.1" 200 11302 "-" "Amazon CloudFront"
15.158.239.104 - - [08/Apr/2026:11:00:52 +0000] "GET /index.php?format=xml&rest_route=%2Foembed%2F1.0%2Fembed&url=https%3A%2F%2F69b4844ae61d4e92bf26ad98af552775-devsite.readyship.co%2F%3Fp%3D57144 HTTP/1.1" 403 - "https://69b4844ae61d4e92bf26ad98af552775-devsite.readyship.co/?p=57144" "Mozilla/5.0 AppleWebKit/537.36 (KHTML, like Gecko; compatible; GPTBot/1.3; +https://openai.com/gptbot)"
15.158.239.104 - - [08/Apr/2026:11:00:52 +0000] "GET /index.php?format=xml&rest_route=%2Foembed%2F1.0%2Fembed&url=https%3A%2F%2F69b4844ae61d4e92bf26ad98af552775-devsite.readyship.co%2F%3Fp%3D62401 HTTP/1.1" 403 - "https://69b4844ae61d4e92bf26ad98af552775-devsite.readyship.co/?p=62401" "Mozilla/5.0 AppleWebKit/537.36 (KHTML, like Gecko; compatible; GPTBot/1.3; +https://openai.com/gptbot)"
15.158.239.101 - - [08/Apr/2026:11:00:53 +0000] "GET /index.php?format=xml&rest_route=%2Foembed%2F1.0%2Fembed&url=https%3A%2F%2F69b4844ae61d4e92bf26ad98af552775-devsite.readyship.co%2F%3Fp%3D69906 HTTP/1.1" 403 - "https://69b4844ae61d4e92bf26ad98af552775-devsite.readyship.co/?p=69906" "Mozilla/5.0 AppleWebKit/537.36 (KHTML, like Gecko; compatible; GPTBot/1.3; +https://openai.com/gptbot)"
15.158.239.101 - - [08/Apr/2026:11:00:53 +0000] "GET /index.php?format=xml&rest_route=%2Foembed%2F1.0%2Fembed&url=https%3A%2F%2F69b4844ae61d4e92bf26ad98af552775-devsite.readyship.co%2F%3Fp%3D66193 HTTP/1.1" 403 - "https://69b4844ae61d4e92bf26ad98af552775-devsite.readyship.co/?p=66193" "Mozilla/5.0 AppleWebKit/537.36 (KHTML, like Gecko; compatible; GPTBot/1.3; +https://openai.com/gptbot)"
15.158.239.65 - - [08/Apr/2026:11:00:54 +0000] "GET /index.php?format=xml&rest_route=%2Foembed%2F1.0%2Fembed&url=https%3A%2F%2F69b4844ae61d4e92bf26ad98af552775-devsite.readyship.co%2F%3Fp%3D70624 HTTP/1.1" 403 - "https://69b4844ae61d4e92bf26ad98af552775-devsite.readyship.co/?p=70624" "Mozilla/5.0 AppleWebKit/537.36 (KHTML, like Gecko; compatible; GPTBot/1.3; +https://openai.com/gptbot)"
64.252.76.100 - - [08/Apr/2026:11:00:54 +0000] "GET /?p=57122 HTTP/1.1" 200 14793 "-" "Amazon CloudFront"
15.158.239.101 - - [08/Apr/2026:11:00:55 +0000] "GET /index.php?format=xml&rest_route=%2Foembed%2F1.0%2Fembed&url=https%3A%2F%2F69b4844ae61d4e92bf26ad98af552775-devsite.readyship.co%2F%3Fp%3D17659 HTTP/1.1" 403 - "https://69b4844ae61d4e92bf26ad98af552775-devsite.readyship.co/?p=17659" "Mozilla/5.0 AppleWebKit/537.36 (KHTML, like Gecko; compatible; GPTBot/1.3; +https://openai.com/gptbot)"
15.158.239.101 - - [08/Apr/2026:11:00:56 +0000] "GET /index.php?format=xml&rest_route=%2Foembed%2F1.0%2Fembed&url=https%3A%2F%2F69b4844ae61d4e92bf26ad98af552775-devsite.readyship.co%2F%3Fp%3D60762 HTTP/1.1" 403 - "https://69b4844ae61d4e92bf26ad98af552775-devsite.readyship.co/?p=60762" "Mozilla/5.0 AppleWebKit/537.36 (KHTML, like Gecko; compatible; GPTBot/1.3; +https://openai.com/gptbot)"
15.158.239.103 - - [08/Apr/2026:11:00:56 +0000] "GET /index.php?format=xml&rest_route=%2Foembed%2F1.0%2Fembed&url=https%3A%2F%2F69b4844ae61d4e92bf26ad98af552775-devsite.readyship.co%2F%3Fp%3D74617 HTTP/1.1" 403 - "https://69b4844ae61d4e92bf26ad98af552775-devsite.readyship.co/?p=74617" "Mozilla/5.0 AppleWebKit/537.36 (KHTML, like Gecko; compatible; GPTBot/1.3; +https://openai.com/gptbot)"
64.252.76.63 - - [08/Apr/2026:11:00:57 +0000] "GET /prizes/292713864 HTTP/1.1" 301 - "-" "Amazon CloudFront"
64.252.76.63 - - [08/Apr/2026:11:00:57 +0000] "GET /?p=57114 HTTP/1.1" 200 14681 "-" "Amazon CloudFront"
64.252.76.63 - - [08/Apr/2026:11:00:58 +0000] "GET /?p=57095 HTTP/1.1" 200 14428 "-" "Amazon CloudFront"
64.252.76.63 - - [08/Apr/2026:11:00:59 +0000] "GET /?p=57090 HTTP/1.1" 200 14925 "-" "Amazon CloudFront"
64.252.74.231 - - [08/Apr/2026:11:00:57 +0000] "GET /prizes/292713864/ HTTP/1.1" 200 24269 "-" "Amazon CloudFront"
64.252.76.63 - - [08/Apr/2026:11:01:00 +0000] "GET /?p=57105 HTTP/1.1" 200 14953 "-" "Amazon CloudFront"
64.252.76.63 - - [08/Apr/2026:11:01:02 +0000] "GET /?p=57119 HTTP/1.1" 200 14632 "-" "Amazon CloudFront"
64.252.76.63 - - [08/Apr/2026:11:01:03 +0000] "GET /?p=57107 HTTP/1.1" 200 14449 "-" "Amazon CloudFront"
64.252.76.100 - - [08/Apr/2026:11:01:04 +0000] "GET /?p=57113 HTTP/1.1" 200 14309 "-" "Amazon CloudFront"
64.252.74.231 - - [08/Apr/2026:11:01:05 +0000] "GET /?p=57099 HTTP/1.1" 200 14287 "-" "Amazon CloudFront"
64.252.76.63 - - [08/Apr/2026:11:01:06 +0000] "GET /?p=57116 HTTP/1.1" 200 14294 "-" "Amazon CloudFront"
64.252.76.100 - - [08/Apr/2026:11:01:07 +0000] "GET /?p=57110 HTTP/1.1" 200 14374 "-" "Amazon CloudFront"
64.252.74.231 - - [08/Apr/2026:11:01:08 +0000] "GET /?p=57096 HTTP/1.1" 200 14478 "-" "Amazon CloudFront"
64.252.76.100 - - [08/Apr/2026:11:01:09 +0000] "GET /?p=57091 HTTP/1.1" 200 14716 "-" "Amazon CloudFront"
64.252.76.63 - - [08/Apr/2026:11:01:11 +0000] "GET /?p=57109 HTTP/1.1" 200 14341 "-" "Amazon CloudFront"
64.252.76.63 - - [08/Apr/2026:11:01:12 +0000] "GET /?p=57092 HTTP/1.1" 200 14584 "-" "Amazon CloudFront"
64.252.76.63 - - [08/Apr/2026:11:01:13 +0000] "GET /?p=57101 HTTP/1.1" 200 14691 "-" "Amazon CloudFront"
64.252.76.100 - - [08/Apr/2026:11:01:14 +0000] "GET /?p=57089 HTTP/1.1" 200 14692 "-" "Amazon CloudFront"
64.252.74.231 - - [08/Apr/2026:11:01:15 +0000] "GET /?p=57106 HTTP/1.1" 200 14785 "-" "Amazon CloudFront"
64.252.74.231 - - [08/Apr/2026:11:01:16 +0000] "GET /?p=57093 HTTP/1.1" 200 14489 "-" "Amazon CloudFront"
64.252.76.63 - - [08/Apr/2026:11:01:17 +0000] "GET /?p=57120 HTTP/1.1" 200 14510 "-" "Amazon CloudFront"
64.252.67.128 - - [08/Apr/2026:11:01:17 +0000] "GET /?p=81186 HTTP/1.1" 200 14380 "-" "Amazon CloudFront"
64.252.74.231 - - [08/Apr/2026:11:01:18 +0000] "GET /?p=57102 HTTP/1.1" 200 14501 "-" "Amazon CloudFront"
64.252.76.100 - - [08/Apr/2026:11:01:19 +0000] "GET /?author=2&paged=1983 HTTP/1.1" 200 11341 "-" "Amazon CloudFront"
64.252.67.128 - - [08/Apr/2026:11:01:20 +0000] "GET /?cat=1&paged=4175 HTTP/1.1" 200 11237 "-" "Amazon CloudFront"
64.252.76.63 - - [08/Apr/2026:11:01:21 +0000] "GET /?author=2&paged=1982 HTTP/1.1" 200 11476 "-" "Amazon CloudFront"
15.158.239.104 - - [08/Apr/2026:11:01:22 +0000] "GET /index.php?format=xml&rest_route=%2Foembed%2F1.0%2Fembed&url=https%3A%2F%2F69b4844ae61d4e92bf26ad98af552775-devsite.readyship.co%2F%3Fp%3D23736 HTTP/1.1" 403 - "https://69b4844ae61d4e92bf26ad98af552775-devsite.readyship.co/?p=23736" "Mozilla/5.0 AppleWebKit/537.36 (KHTML, like Gecko; compatible; GPTBot/1.3; +https://openai.com/gptbot)"
15.158.239.104 - - [08/Apr/2026:11:01:22 +0000] "GET /index.php?format=xml&rest_route=%2Foembed%2F1.0%2Fembed&url=https%3A%2F%2F69b4844ae61d4e92bf26ad98af552775-devsite.readyship.co%2F%3Fp%3D43632 HTTP/1.1" 403 - "https://69b4844ae61d4e92bf26ad98af552775-devsite.readyship.co/?p=43632" "Mozilla/5.0 AppleWebKit/537.36 (KHTML, like Gecko; compatible; GPTBot/1.3; +https://openai.com/gptbot)"
15.158.239.101 - - [08/Apr/2026:11:01:23 +0000] "GET /index.php?format=xml&rest_route=%2Foembed%2F1.0%2Fembed&url=https%3A%2F%2F69b4844ae61d4e92bf26ad98af552775-devsite.readyship.co%2F%3Fp%3D20115 HTTP/1.1" 403 - "https://69b4844ae61d4e92bf26ad98af552775-devsite.readyship.co/?p=20115" "Mozilla/5.0 AppleWebKit/537.36 (KHTML, like Gecko; compatible; GPTBot/1.3; +https://openai.com/gptbot)"
15.158.239.65 - - [08/Apr/2026:11:01:23 +0000] "GET /index.php?format=xml&rest_route=%2Foembed%2F1.0%2Fembed&url=https%3A%2F%2F69b4844ae61d4e92bf26ad98af552775-devsite.readyship.co%2F%3Fp%3D80093 HTTP/1.1" 403 - "https://69b4844ae61d4e92bf26ad98af552775-devsite.readyship.co/?p=80093" "Mozilla/5.0 AppleWebKit/537.36 (KHTML, like Gecko; compatible; GPTBot/1.3; +https://openai.com/gptbot)"
15.158.215.109 - - [08/Apr/2026:11:01:24 +0000] "POST /wp-cron.php?doing_wp_cron=1775646084.9797310829162597656250 HTTP/1.1" 200 - "https://69b4844ae61d4e92bf26ad98af552775-devsite.readyship.co/wp-cron.php?doing_wp_cron=1775646084.9797310829162597656250" "WordPress/5.1.19; https://69b4844ae61d4e92bf26ad98af552775-devsite.readyship.co"
64.252.76.100 - - [08/Apr/2026:11:01:24 +0000] "GET /?p=57078 HTTP/1.1" 200 15802 "-" "Amazon CloudFront"
15.158.239.101 - - [08/Apr/2026:11:01:26 +0000] "GET /index.php?format=xml&rest_route=%2Foembed%2F1.0%2Fembed&url=https%3A%2F%2F69b4844ae61d4e92bf26ad98af552775-devsite.readyship.co%2F%3Fp%3D58022 HTTP/1.1" 403 - "https://69b4844ae61d4e92bf26ad98af552775-devsite.readyship.co/?p=58022" "Mozilla/5.0 AppleWebKit/537.36 (KHTML, like Gecko; compatible; GPTBot/1.3; +https://openai.com/gptbot)"
15.158.239.65 - - [08/Apr/2026:11:01:26 +0000] "GET /index.php?format=xml&rest_route=%2Foembed%2F1.0%2Fembed&url=https%3A%2F%2F69b4844ae61d4e92bf26ad98af552775-devsite.readyship.co%2F%3Fp%3D20668 HTTP/1.1" 403 - "https://69b4844ae61d4e92bf26ad98af552775-devsite.readyship.co/?p=20668" "Mozilla/5.0 AppleWebKit/537.36 (KHTML, like Gecko; compatible; GPTBot/1.3; +https://openai.com/gptbot)"
15.158.239.103 - - [08/Apr/2026:11:01:27 +0000] "GET /index.php?format=xml&rest_route=%2Foembed%2F1.0%2Fembed&url=https%3A%2F%2F69b4844ae61d4e92bf26ad98af552775-devsite.readyship.co%2F%3Fp%3D79731 HTTP/1.1" 403 - "https://69b4844ae61d4e92bf26ad98af552775-devsite.readyship.co/?p=79731" "Mozilla/5.0 AppleWebKit/537.36 (KHTML, like Gecko; compatible; GPTBot/1.3; +https://openai.com/gptbot)"
15.158.239.101 - - [08/Apr/2026:11:01:27 +0000] "GET /index.php?format=xml&rest_route=%2Foembed%2F1.0%2Fembed&url=https%3A%2F%2F69b4844ae61d4e92bf26ad98af552775-devsite.readyship.co%2F%3Fp%3D61716 HTTP/1.1" 403 - "https://69b4844ae61d4e92bf26ad98af552775-devsite.readyship.co/?p=61716" "Mozilla/5.0 AppleWebKit/537.36 (KHTML, like Gecko; compatible; GPTBot/1.3; +https://openai.com/gptbot)"
64.252.76.100 - - [08/Apr/2026:11:01:28 +0000] "GET /?p=57066 HTTP/1.1" 200 14512 "-" "Amazon CloudFront"
64.252.74.231 - - [08/Apr/2026:11:01:29 +0000] "GET /?p=57072 HTTP/1.1" 200 14420 "-" "Amazon CloudFront"
64.252.69.192 - - [08/Apr/2026:11:01:30 +0000] "GET /?p=13305 HTTP/1.1" 200 14308 "-" "Amazon CloudFront"
64.252.74.231 - - [08/Apr/2026:11:01:30 +0000] "GET /?p=57067 HTTP/1.1" 200 14419 "-" "Amazon CloudFront"
64.252.76.100 - - [08/Apr/2026:11:01:31 +0000] "GET /?p=57059 HTTP/1.1" 200 14617 "-" "Amazon CloudFront"
64.252.76.63 - - [08/Apr/2026:11:01:32 +0000] "GET /?p=57088 HTTP/1.1" 200 14547 "-" "Amazon CloudFront"
64.252.76.100 - - [08/Apr/2026:11:01:33 +0000] "GET /?p=57060 HTTP/1.1" 200 14926 "-" "Amazon CloudFront"
64.252.76.63 - - [08/Apr/2026:11:01:34 +0000] "GET /?p=57071 HTTP/1.1" 200 14571 "-" "Amazon CloudFront"
64.252.76.63 - - [08/Apr/2026:11:01:36 +0000] "GET /?p=57057 HTTP/1.1" 200 14989 "-" "Amazon CloudFront"
64.252.76.63 - - [08/Apr/2026:11:01:37 +0000] "GET /?p=57056 HTTP/1.1" 200 14766 "-" "Amazon CloudFront"
64.252.74.231 - - [08/Apr/2026:11:01:38 +0000] "GET /?p=57054 HTTP/1.1" 200 14473 "-" "Amazon CloudFront"
64.252.76.63 - - [08/Apr/2026:11:01:36 +0000] "GET /prizes/280408278/ HTTP/1.1" 200 24300 "-" "Amazon CloudFront"
64.252.74.231 - - [08/Apr/2026:11:01:39 +0000] "GET /?p=57070 HTTP/1.1" 200 14413 "-" "Amazon CloudFront"
64.252.76.63 - - [08/Apr/2026:11:01:40 +0000] "GET /?p=57086 HTTP/1.1" 200 14911 "-" "Amazon CloudFront"
64.252.76.63 - - [08/Apr/2026:11:01:41 +0000] "GET /?p=57061 HTTP/1.1" 200 14208 "-" "Amazon CloudFront"
64.252.76.100 - - [08/Apr/2026:11:01:42 +0000] "GET /?p=57064 HTTP/1.1" 200 14569 "-" "Amazon CloudFront"
64.252.76.63 - - [08/Apr/2026:11:01:43 +0000] "GET /?p=57069 HTTP/1.1" 200 14830 "-" "Amazon CloudFront"
64.252.74.231 - - [08/Apr/2026:11:01:44 +0000] "GET /?p=57063 HTTP/1.1" 200 14368 "-" "Amazon CloudFront"
64.252.67.128 - - [08/Apr/2026:11:01:45 +0000] "GET /?p=6406 HTTP/1.1" 200 22378 "-" "Amazon CloudFront"
64.252.74.231 - - [08/Apr/2026:11:01:46 +0000] "GET /?author=2&paged=1984 HTTP/1.1" 200 11226 "-" "Amazon CloudFront"
64.252.76.63 - - [08/Apr/2026:11:01:47 +0000] "GET /?author=2&paged=1985 HTTP/1.1" 200 11276 "-" "Amazon CloudFront"
15.158.239.104 - - [08/Apr/2026:11:01:48 +0000] "GET /index.php?format=xml&rest_route=%2Foembed%2F1.0%2Fembed&url=https%3A%2F%2F69b4844ae61d4e92bf26ad98af552775-devsite.readyship.co%2F%3Fp%3D63271 HTTP/1.1" 403 - "https://69b4844ae61d4e92bf26ad98af552775-devsite.readyship.co/?p=63271" "Mozilla/5.0 AppleWebKit/537.36 (KHTML, like Gecko; compatible; GPTBot/1.3; +https://openai.com/gptbot)"
64.252.76.100 - - [08/Apr/2026:11:01:48 +0000] "GET /?p=57052 HTTP/1.1" 200 14308 "-" "Amazon CloudFront"
15.158.239.104 - - [08/Apr/2026:11:01:49 +0000] "GET /index.php?format=xml&rest_route=%2Foembed%2F1.0%2Fembed&url=https%3A%2F%2F69b4844ae61d4e92bf26ad98af552775-devsite.readyship.co%2F%3Fp%3D68524 HTTP/1.1" 403 - "https://69b4844ae61d4e92bf26ad98af552775-devsite.readyship.co/?p=68524" "Mozilla/5.0 AppleWebKit/537.36 (KHTML, like Gecko; compatible; GPTBot/1.3; +https://openai.com/gptbot)"
15.158.239.65 - - [08/Apr/2026:11:01:50 +0000] "GET /index.php?format=xml&rest_route=%2Foembed%2F1.0%2Fembed&url=https%3A%2F%2F69b4844ae61d4e92bf26ad98af552775-devsite.readyship.co%2F%3Fp%3D73235 HTTP/1.1" 403 - "https://69b4844ae61d4e92bf26ad98af552775-devsite.readyship.co/?p=73235" "Mozilla/5.0 AppleWebKit/537.36 (KHTML, like Gecko; compatible; GPTBot/1.3; +https://openai.com/gptbot)"
15.158.239.65 - - [08/Apr/2026:11:01:50 +0000] "GET /index.php?format=xml&rest_route=%2Foembed%2F1.0%2Fembed&url=https%3A%2F%2F69b4844ae61d4e92bf26ad98af552775-devsite.readyship.co%2F%3Fp%3D29938 HTTP/1.1" 403 - "https://69b4844ae61d4e92bf26ad98af552775-devsite.readyship.co/?p=29938" "Mozilla/5.0 AppleWebKit/537.36 (KHTML, like Gecko; compatible; GPTBot/1.3; +https://openai.com/gptbot)"
15.158.239.101 - - [08/Apr/2026:11:01:51 +0000] "GET /index.php?format=xml&rest_route=%2Foembed%2F1.0%2Fembed&url=https%3A%2F%2F69b4844ae61d4e92bf26ad98af552775-devsite.readyship.co%2F%3Fp%3D57061 HTTP/1.1" 403 - "https://69b4844ae61d4e92bf26ad98af552775-devsite.readyship.co/?p=57061" "Mozilla/5.0 AppleWebKit/537.36 (KHTML, like Gecko; compatible; GPTBot/1.3; +https://openai.com/gptbot)"
15.158.239.65 - - [08/Apr/2026:11:01:52 +0000] "GET /index.php?format=xml&rest_route=%2Foembed%2F1.0%2Fembed&url=https%3A%2F%2F69b4844ae61d4e92bf26ad98af552775-devsite.readyship.co%2F%3Fp%3D78503 HTTP/1.1" 403 - "https://69b4844ae61d4e92bf26ad98af552775-devsite.readyship.co/?p=78503" "Mozilla/5.0 AppleWebKit/537.36 (KHTML, like Gecko; compatible; GPTBot/1.3; +https://openai.com/gptbot)"
15.158.239.65 - - [08/Apr/2026:11:01:52 +0000] "GET /index.php?format=xml&rest_route=%2Foembed%2F1.0%2Fembed&url=https%3A%2F%2F69b4844ae61d4e92bf26ad98af552775-devsite.readyship.co%2F%3Fp%3D68922 HTTP/1.1" 403 - "https://69b4844ae61d4e92bf26ad98af552775-devsite.readyship.co/?p=68922" "Mozilla/5.0 AppleWebKit/537.36 (KHTML, like Gecko; compatible; GPTBot/1.3; +https://openai.com/gptbot)"
15.158.239.101 - - [08/Apr/2026:11:01:53 +0000] "GET /index.php?format=xml&rest_route=%2Foembed%2F1.0%2Fembed&url=https%3A%2F%2F69b4844ae61d4e92bf26ad98af552775-devsite.readyship.co%2F%3Fp%3D19049 HTTP/1.1" 403 - "https://69b4844ae61d4e92bf26ad98af552775-devsite.readyship.co/?p=19049" "Mozilla/5.0 AppleWebKit/537.36 (KHTML, like Gecko; compatible; GPTBot/1.3; +https://openai.com/gptbot)"
64.252.74.231 - - [08/Apr/2026:11:01:53 +0000] "GET /?p=57030 HTTP/1.1" 200 14532 "-" "Amazon CloudFront"
64.252.74.231 - - [08/Apr/2026:11:01:54 +0000] "GET /?p=57037 HTTP/1.1" 200 14391 "-" "Amazon CloudFront"
64.252.76.63 - - [08/Apr/2026:11:01:55 +0000] "GET /?p=57047 HTTP/1.1" 200 14437 "-" "Amazon CloudFront"
64.252.76.63 - - [08/Apr/2026:11:01:56 +0000] "GET /?p=57045 HTTP/1.1" 200 14563 "-" "Amazon CloudFront"
64.252.76.100 - - [08/Apr/2026:11:01:57 +0000] "GET /?p=57025 HTTP/1.1" 200 14493 "-" "Amazon CloudFront"
64.252.76.100 - - [08/Apr/2026:11:01:58 +0000] "GET /?p=57022 HTTP/1.1" 200 14949 "-" "Amazon CloudFront"
64.252.74.231 - - [08/Apr/2026:11:02:00 +0000] "GET /?p=57044 HTTP/1.1" 200 14827 "-" "Amazon CloudFront"
64.252.74.231 - - [08/Apr/2026:11:02:01 +0000] "GET /?p=57026 HTTP/1.1" 200 14524 "-" "Amazon CloudFront"
64.252.74.231 - - [08/Apr/2026:11:02:02 +0000] "GET /?p=57021 HTTP/1.1" 200 14921 "-" "Amazon CloudFront"
64.252.74.231 - - [08/Apr/2026:11:02:03 +0000] "GET /?p=57018 HTTP/1.1" 200 14223 "-" "Amazon CloudFront"
64.252.76.100 - - [08/Apr/2026:11:02:04 +0000] "GET /?p=57019 HTTP/1.1" 200 14747 "-" "Amazon CloudFront"
64.252.74.231 - - [08/Apr/2026:11:02:05 +0000] "GET /?p=57024 HTTP/1.1" 200 15783 "-" "Amazon CloudFront"
64.252.74.231 - - [08/Apr/2026:11:02:06 +0000] "GET /?p=57023 HTTP/1.1" 200 14840 "-" "Amazon CloudFront"
64.252.74.231 - - [08/Apr/2026:11:02:07 +0000] "GET /?p=57028 HTTP/1.1" 200 14464 "-" "Amazon CloudFront"
64.252.76.63 - - [08/Apr/2026:11:02:08 +0000] "GET /?p=57042 HTTP/1.1" 200 14639 "-" "Amazon CloudFront"
64.252.74.231 - - [08/Apr/2026:11:02:09 +0000] "GET /?p=57043 HTTP/1.1" 200 15855 "-" "Amazon CloudFront"
64.252.76.63 - - [08/Apr/2026:11:02:09 +0000] "GET /prizes/142244117 HTTP/1.1" 301 - "-" "Amazon CloudFront"
64.252.74.231 - - [08/Apr/2026:11:02:10 +0000] "GET /prizes/90040056 HTTP/1.1" 301 - "-" "Amazon CloudFront"
64.252.76.100 - - [08/Apr/2026:11:02:10 +0000] "GET /?p=57016 HTTP/1.1" 200 14341 "-" "Amazon CloudFront"
64.252.74.231 - - [08/Apr/2026:11:02:11 +0000] "GET /?p=57014 HTTP/1.1" 200 15887 "-" "Amazon CloudFront"
64.252.76.63 - - [08/Apr/2026:11:02:10 +0000] "GET /prizes/142244117/ HTTP/1.1" 200 24278 "-" "Amazon CloudFront"
64.252.76.100 - - [08/Apr/2026:11:02:13 +0000] "GET /?p=57029 HTTP/1.1" 200 14090 "-" "Amazon CloudFront"
64.252.76.100 - - [08/Apr/2026:11:02:11 +0000] "GET /prizes/90040056/ HTTP/1.1" 200 24276 "-" "Amazon CloudFront"
64.252.74.231 - - [08/Apr/2026:11:02:14 +0000] "GET /?author=2&paged=1987 HTTP/1.1" 200 11324 "-" "Amazon CloudFront"
64.252.74.231 - - [08/Apr/2026:11:02:14 +0000] "GET /prizes/119046723 HTTP/1.1" 301 - "-" "Amazon CloudFront"
64.252.76.63 - - [08/Apr/2026:11:02:15 +0000] "GET /?author=2&paged=1986 HTTP/1.1" 200 11263 "-" "Amazon CloudFront"
64.252.76.100 - - [08/Apr/2026:11:02:15 +0000] "GET /prizes/199655884 HTTP/1.1" 301 - "-" "Amazon CloudFront"
15.158.239.104 - - [08/Apr/2026:11:02:16 +0000] "GET /index.php?format=xml&rest_route=%2Foembed%2F1.0%2Fembed&url=https%3A%2F%2F69b4844ae61d4e92bf26ad98af552775-devsite.readyship.co%2F%3Fp%3D57022 HTTP/1.1" 403 - "https://69b4844ae61d4e92bf26ad98af552775-devsite.readyship.co/?p=57022" "Mozilla/5.0 AppleWebKit/537.36 (KHTML, like Gecko; compatible; GPTBot/1.3; +https://openai.com/gptbot)"
15.158.239.104 - - [08/Apr/2026:11:02:17 +0000] "GET /index.php?format=xml&rest_route=%2Foembed%2F1.0%2Fembed&url=https%3A%2F%2F69b4844ae61d4e92bf26ad98af552775-devsite.readyship.co%2F%3Fp%3D72144 HTTP/1.1" 403 - "https://69b4844ae61d4e92bf26ad98af552775-devsite.readyship.co/?p=72144" "Mozilla/5.0 AppleWebKit/537.36 (KHTML, like Gecko; compatible; GPTBot/1.3; +https://openai.com/gptbot)"
15.158.239.101 - - [08/Apr/2026:11:02:17 +0000] "GET /index.php?format=xml&rest_route=%2Foembed%2F1.0%2Fembed&url=https%3A%2F%2F69b4844ae61d4e92bf26ad98af552775-devsite.readyship.co%2F%3Fp%3D24734 HTTP/1.1" 403 - "https://69b4844ae61d4e92bf26ad98af552775-devsite.readyship.co/?p=24734" "Mozilla/5.0 AppleWebKit/537.36 (KHTML, like Gecko; compatible; GPTBot/1.3; +https://openai.com/gptbot)"
64.252.66.105 - - [08/Apr/2026:11:02:17 +0000] "GET /?page_id=2807&paged=4332 HTTP/1.1" 200 11201 "-" "Amazon CloudFront"
15.158.239.65 - - [08/Apr/2026:11:02:18 +0000] "GET /index.php?format=xml&rest_route=%2Foembed%2F1.0%2Fembed&url=https%3A%2F%2F69b4844ae61d4e92bf26ad98af552775-devsite.readyship.co%2F%3Fp%3D65761 HTTP/1.1" 403 - "https://69b4844ae61d4e92bf26ad98af552775-devsite.readyship.co/?p=65761" "Mozilla/5.0 AppleWebKit/537.36 (KHTML, like Gecko; compatible; GPTBot/1.3; +https://openai.com/gptbot)"
15.158.239.101 - - [08/Apr/2026:11:02:18 +0000] "GET /index.php?format=xml&rest_route=%2Foembed%2F1.0%2Fembed&url=https%3A%2F%2F69b4844ae61d4e92bf26ad98af552775-devsite.readyship.co%2F%3Fp%3D63071 HTTP/1.1" 403 - "https://69b4844ae61d4e92bf26ad98af552775-devsite.readyship.co/?p=63071" "Mozilla/5.0 AppleWebKit/537.36 (KHTML, like Gecko; compatible; GPTBot/1.3; +https://openai.com/gptbot)"
15.158.239.65 - - [08/Apr/2026:11:02:19 +0000] "GET /index.php?format=xml&rest_route=%2Foembed%2F1.0%2Fembed&url=https%3A%2F%2F69b4844ae61d4e92bf26ad98af552775-devsite.readyship.co%2F%3Fp%3D24120 HTTP/1.1" 403 - "https://69b4844ae61d4e92bf26ad98af552775-devsite.readyship.co/?p=24120" "Mozilla/5.0 AppleWebKit/537.36 (KHTML, like Gecko; compatible; GPTBot/1.3; +https://openai.com/gptbot)"
15.158.239.65 - - [08/Apr/2026:11:02:19 +0000] "GET /index.php?format=xml&rest_route=%2Foembed%2F1.0%2Fembed&url=https%3A%2F%2F69b4844ae61d4e92bf26ad98af552775-devsite.readyship.co%2F%3Fp%3D24840 HTTP/1.1" 403 - "https://69b4844ae61d4e92bf26ad98af552775-devsite.readyship.co/?p=24840" "Mozilla/5.0 AppleWebKit/537.36 (KHTML, like Gecko; compatible; GPTBot/1.3; +https://openai.com/gptbot)"
64.252.76.63 - - [08/Apr/2026:11:02:20 +0000] "GET /?p=57012 HTTP/1.1" 200 14231 "-" "Amazon CloudFront"
15.158.239.101 - - [08/Apr/2026:11:02:21 +0000] "GET /index.php?format=xml&rest_route=%2Foembed%2F1.0%2Fembed&url=https%3A%2F%2F69b4844ae61d4e92bf26ad98af552775-devsite.readyship.co%2F%3Fp%3D22558 HTTP/1.1" 403 - "https://69b4844ae61d4e92bf26ad98af552775-devsite.readyship.co/?p=22558" "Mozilla/5.0 AppleWebKit/537.36 (KHTML, like Gecko; compatible; GPTBot/1.3; +https://openai.com/gptbot)"
15.158.215.109 - - [08/Apr/2026:11:02:22 +0000] "POST /wp-cron.php?doing_wp_cron=1775646142.3350410461425781250000 HTTP/1.1" 200 - "https://69b4844ae61d4e92bf26ad98af552775-devsite.readyship.co/wp-cron.php?doing_wp_cron=1775646142.3350410461425781250000" "WordPress/5.1.19; https://69b4844ae61d4e92bf26ad98af552775-devsite.readyship.co"
64.252.76.100 - - [08/Apr/2026:11:02:21 +0000] "GET /?p=56976 HTTP/1.1" 200 14375 "-" "Amazon CloudFront"
64.252.76.100 - - [08/Apr/2026:11:02:23 +0000] "GET /?p=56995 HTTP/1.1" 200 14764 "-" "Amazon CloudFront"
64.252.76.100 - - [08/Apr/2026:11:02:24 +0000] "GET /?p=57002 HTTP/1.1" 200 14667 "-" "Amazon CloudFront"
64.252.74.231 - - [08/Apr/2026:11:02:25 +0000] "GET /?p=56997 HTTP/1.1" 200 14462 "-" "Amazon CloudFront"
64.252.76.63 - - [08/Apr/2026:11:02:26 +0000] "GET /?p=56998 HTTP/1.1" 200 14481 "-" "Amazon CloudFront"
64.252.76.63 - - [08/Apr/2026:11:02:27 +0000] "GET /?p=56989 HTTP/1.1" 200 14850 "-" "Amazon CloudFront"
64.252.76.63 - - [08/Apr/2026:11:02:29 +0000] "GET /?p=57004 HTTP/1.1" 200 14405 "-" "Amazon CloudFront"
64.252.76.100 - - [08/Apr/2026:11:02:30 +0000] "GET /?p=57003 HTTP/1.1" 200 14010 "-" "Amazon CloudFront"
64.252.76.63 - - [08/Apr/2026:11:02:31 +0000] "GET /?p=56994 HTTP/1.1" 200 14420 "-" "Amazon CloudFront"
64.252.74.231 - - [08/Apr/2026:11:02:29 +0000] "GET /prizes/238168682/ HTTP/1.1" 200 24289 "-" "Amazon CloudFront"
64.252.66.105 - - [08/Apr/2026:11:02:32 +0000] "GET /?p=61830 HTTP/1.1" 200 14401 "-" "Amazon CloudFront"
64.252.74.231 - - [08/Apr/2026:11:02:32 +0000] "GET /?p=56988 HTTP/1.1" 200 14425 "-" "Amazon CloudFront"
64.252.76.63 - - [08/Apr/2026:11:02:33 +0000] "GET /?p=56986 HTTP/1.1" 200 14796 "-" "Amazon CloudFront"
64.252.74.231 - - [08/Apr/2026:11:02:34 +0000] "GET /?p=56969 HTTP/1.1" 200 14575 "-" "Amazon CloudFront"
64.252.76.100 - - [08/Apr/2026:11:02:35 +0000] "GET /?p=57001 HTTP/1.1" 200 13947 "-" "Amazon CloudFront"
64.252.76.63 - - [08/Apr/2026:11:02:36 +0000] "GET /?p=56970 HTTP/1.1" 200 14798 "-" "Amazon CloudFront"
64.252.74.231 - - [08/Apr/2026:11:02:37 +0000] "GET /?p=56974 HTTP/1.1" 200 14263 "-" "Amazon CloudFront"
64.252.67.128 - - [08/Apr/2026:11:02:38 +0000] "GET /?p=81008 HTTP/1.1" 200 14509 "-" "Amazon CloudFront"
64.252.74.231 - - [08/Apr/2026:11:02:39 +0000] "GET /?p=56972 HTTP/1.1" 200 14279 "-" "Amazon CloudFront"
64.252.76.63 - - [08/Apr/2026:11:02:40 +0000] "GET /?p=56983 HTTP/1.1" 200 14913 "-" "Amazon CloudFront"
64.252.76.63 - - [08/Apr/2026:11:02:41 +0000] "GET /?p=56987 HTTP/1.1" 200 14399 "-" "Amazon CloudFront"
64.252.76.63 - - [08/Apr/2026:11:02:42 +0000] "GET /?p=56973 HTTP/1.1" 200 14418 "-" "Amazon CloudFront"
64.252.74.231 - - [08/Apr/2026:11:02:43 +0000] "GET /?p=56971 HTTP/1.1" 200 14444 "-" "Amazon CloudFront"
64.252.69.192 - - [08/Apr/2026:11:02:43 +0000] "GET /?p=29024 HTTP/1.1" 200 14775 "-" "Amazon CloudFront"
64.252.76.63 - - [08/Apr/2026:11:02:44 +0000] "GET /?author=2&paged=1988 HTTP/1.1" 200 11343 "-" "Amazon CloudFront"
64.252.76.100 - - [08/Apr/2026:11:02:45 +0000] "GET /?author=2&paged=1989 HTTP/1.1" 200 11263 "-" "Amazon CloudFront"
64.252.76.63 - - [08/Apr/2026:11:02:46 +0000] "GET /?p=56965 HTTP/1.1" 200 14403 "-" "Amazon CloudFront"
64.252.68.163 - - [08/Apr/2026:11:02:46 +0000] "GET /?p=52090 HTTP/1.1" 200 21008 "-" "Amazon CloudFront"
64.252.76.63 - - [08/Apr/2026:11:02:47 +0000] "GET /?p=56999 HTTP/1.1" 200 14712 "-" "Amazon CloudFront"
15.158.239.104 - - [08/Apr/2026:11:02:48 +0000] "GET /index.php?format=xml&rest_route=%2Foembed%2F1.0%2Fembed&url=https%3A%2F%2F69b4844ae61d4e92bf26ad98af552775-devsite.readyship.co%2F%3Fp%3D57003 HTTP/1.1" 403 - "https://69b4844ae61d4e92bf26ad98af552775-devsite.readyship.co/?p=57003" "Mozilla/5.0 AppleWebKit/537.36 (KHTML, like Gecko; compatible; GPTBot/1.3; +https://openai.com/gptbot)"
15.158.239.104 - - [08/Apr/2026:11:02:49 +0000] "GET /index.php?format=xml&rest_route=%2Foembed%2F1.0%2Fembed&url=https%3A%2F%2F69b4844ae61d4e92bf26ad98af552775-devsite.readyship.co%2F%3Fp%3D78723 HTTP/1.1" 403 - "https://69b4844ae61d4e92bf26ad98af552775-devsite.readyship.co/?p=78723" "Mozilla/5.0 AppleWebKit/537.36 (KHTML, like Gecko; compatible; GPTBot/1.3; +https://openai.com/gptbot)"
