15.158.239.101 - - [08/Apr/2026:11:02:49 +0000] "GET /index.php?format=xml&rest_route=%2Foembed%2F1.0%2Fembed&url=https%3A%2F%2F69b4844ae61d4e92bf26ad98af552775-devsite.readyship.co%2F%3Fp%3D74297 HTTP/1.1" 403 - "https://69b4844ae61d4e92bf26ad98af552775-devsite.readyship.co/?p=74297" "Mozilla/5.0 AppleWebKit/537.36 (KHTML, like Gecko; compatible; GPTBot/1.3; +https://openai.com/gptbot)"
15.158.239.101 - - [08/Apr/2026:11:02:50 +0000] "GET /index.php?format=xml&rest_route=%2Foembed%2F1.0%2Fembed&url=https%3A%2F%2F69b4844ae61d4e92bf26ad98af552775-devsite.readyship.co%2F%3Fp%3D74871 HTTP/1.1" 403 - "https://69b4844ae61d4e92bf26ad98af552775-devsite.readyship.co/?p=74871" "Mozilla/5.0 AppleWebKit/537.36 (KHTML, like Gecko; compatible; GPTBot/1.3; +https://openai.com/gptbot)"
15.158.239.101 - - [08/Apr/2026:11:02:50 +0000] "GET /index.php?format=xml&rest_route=%2Foembed%2F1.0%2Fembed&url=https%3A%2F%2F69b4844ae61d4e92bf26ad98af552775-devsite.readyship.co%2F%3Fp%3D16407 HTTP/1.1" 403 - "https://69b4844ae61d4e92bf26ad98af552775-devsite.readyship.co/?p=16407" "Mozilla/5.0 AppleWebKit/537.36 (KHTML, like Gecko; compatible; GPTBot/1.3; +https://openai.com/gptbot)"
15.158.239.65 - - [08/Apr/2026:11:02:51 +0000] "GET /index.php?format=xml&rest_route=%2Foembed%2F1.0%2Fembed&url=https%3A%2F%2F69b4844ae61d4e92bf26ad98af552775-devsite.readyship.co%2F%3Fp%3D59103 HTTP/1.1" 403 - "https://69b4844ae61d4e92bf26ad98af552775-devsite.readyship.co/?p=59103" "Mozilla/5.0 AppleWebKit/537.36 (KHTML, like Gecko; compatible; GPTBot/1.3; +https://openai.com/gptbot)"
15.158.239.65 - - [08/Apr/2026:11:02:51 +0000] "GET /index.php?format=xml&rest_route=%2Foembed%2F1.0%2Fembed&url=https%3A%2F%2F69b4844ae61d4e92bf26ad98af552775-devsite.readyship.co%2F%3Fp%3D18813 HTTP/1.1" 403 - "https://69b4844ae61d4e92bf26ad98af552775-devsite.readyship.co/?p=18813" "Mozilla/5.0 AppleWebKit/537.36 (KHTML, like Gecko; compatible; GPTBot/1.3; +https://openai.com/gptbot)"
64.252.67.128 - - [08/Apr/2026:11:02:51 +0000] "GET /?p=7605 HTTP/1.1" 200 24032 "-" "Amazon CloudFront"
64.252.74.231 - - [08/Apr/2026:11:02:52 +0000] "GET /?p=56953 HTTP/1.1" 200 14570 "-" "Amazon CloudFront"
64.252.74.231 - - [08/Apr/2026:11:02:53 +0000] "GET /?p=56939 HTTP/1.1" 200 14391 "-" "Amazon CloudFront"
64.252.76.100 - - [08/Apr/2026:11:02:54 +0000] "GET /?p=56945 HTTP/1.1" 200 14496 "-" "Amazon CloudFront"
64.252.76.63 - - [08/Apr/2026:11:02:55 +0000] "GET /?p=56968 HTTP/1.1" 200 14438 "-" "Amazon CloudFront"
64.252.76.100 - - [08/Apr/2026:11:02:56 +0000] "GET /?p=56946 HTTP/1.1" 200 15030 "-" "Amazon CloudFront"
64.252.74.231 - - [08/Apr/2026:11:02:58 +0000] "GET /?p=56950 HTTP/1.1" 200 16150 "-" "Amazon CloudFront"
64.252.74.231 - - [08/Apr/2026:11:02:59 +0000] "GET /?p=56951 HTTP/1.1" 200 15520 "-" "Amazon CloudFront"
64.252.76.63 - - [08/Apr/2026:11:03:00 +0000] "GET /prizes/312423420 HTTP/1.1" 301 - "-" "Amazon CloudFront"
64.252.76.63 - - [08/Apr/2026:11:03:00 +0000] "GET /?p=56952 HTTP/1.1" 200 14665 "-" "Amazon CloudFront"
64.252.76.63 - - [08/Apr/2026:11:03:01 +0000] "GET /?p=56942 HTTP/1.1" 200 14265 "-" "Amazon CloudFront"
64.252.76.63 - - [08/Apr/2026:11:03:02 +0000] "GET /?p=56940 HTTP/1.1" 200 14316 "-" "Amazon CloudFront"
64.252.76.100 - - [08/Apr/2026:11:03:00 +0000] "GET /prizes/312423420/ HTTP/1.1" 200 24282 "-" "Amazon CloudFront"
64.252.74.231 - - [08/Apr/2026:11:03:03 +0000] "GET /?p=56943 HTTP/1.1" 200 14618 "-" "Amazon CloudFront"
64.252.76.100 - - [08/Apr/2026:11:03:04 +0000] "GET /?p=56948 HTTP/1.1" 200 14715 "-" "Amazon CloudFront"
64.252.76.100 - - [08/Apr/2026:11:03:06 +0000] "GET /?p=56947 HTTP/1.1" 200 14548 "-" "Amazon CloudFront"
64.252.74.231 - - [08/Apr/2026:11:03:07 +0000] "GET /?p=56928 HTTP/1.1" 200 14377 "-" "Amazon CloudFront"
64.252.74.231 - - [08/Apr/2026:11:03:08 +0000] "GET /?p=56917 HTTP/1.1" 200 14360 "-" "Amazon CloudFront"
64.252.76.63 - - [08/Apr/2026:11:03:09 +0000] "GET /?p=56918 HTTP/1.1" 200 14386 "-" "Amazon CloudFront"
64.252.76.63 - - [08/Apr/2026:11:03:10 +0000] "GET /?p=56938 HTTP/1.1" 200 14406 "-" "Amazon CloudFront"
64.252.74.231 - - [08/Apr/2026:11:03:11 +0000] "GET /?p=56941 HTTP/1.1" 200 14974 "-" "Amazon CloudFront"
15.158.239.104 - - [08/Apr/2026:11:03:12 +0000] "GET /index.php?rest_route=%2Foembed%2F1.0%2Fembed&url=https%3A%2F%2F69b4844ae61d4e92bf26ad98af552775-devsite.readyship.co%2F%3Fp%3D56999 HTTP/1.1" 403 - "https://69b4844ae61d4e92bf26ad98af552775-devsite.readyship.co/?p=56999" "Mozilla/5.0 AppleWebKit/537.36 (KHTML, like Gecko; compatible; GPTBot/1.3; +https://openai.com/gptbot)"
64.252.76.63 - - [08/Apr/2026:11:03:13 +0000] "GET /prizes/144555208 HTTP/1.1" 301 - "-" "Amazon CloudFront"
64.252.76.63 - - [08/Apr/2026:11:03:13 +0000] "GET /?author=2&paged=1990 HTTP/1.1" 200 11252 "-" "Amazon CloudFront"
64.252.76.100 - - [08/Apr/2026:11:03:14 +0000] "GET /?author=2&paged=1991 HTTP/1.1" 200 11207 "-" "Amazon CloudFront"
15.158.239.104 - - [08/Apr/2026:11:03:15 +0000] "GET /index.php?format=xml&rest_route=%2Foembed%2F1.0%2Fembed&url=https%3A%2F%2F69b4844ae61d4e92bf26ad98af552775-devsite.readyship.co%2F%3Fp%3D25248 HTTP/1.1" 403 - "https://69b4844ae61d4e92bf26ad98af552775-devsite.readyship.co/?p=25248" "Mozilla/5.0 AppleWebKit/537.36 (KHTML, like Gecko; compatible; GPTBot/1.3; +https://openai.com/gptbot)"
15.158.239.104 - - [08/Apr/2026:11:03:16 +0000] "GET /index.php?format=xml&rest_route=%2Foembed%2F1.0%2Fembed&url=https%3A%2F%2F69b4844ae61d4e92bf26ad98af552775-devsite.readyship.co%2F%3Fp%3D16155 HTTP/1.1" 403 - "https://69b4844ae61d4e92bf26ad98af552775-devsite.readyship.co/?p=16155" "Mozilla/5.0 AppleWebKit/537.36 (KHTML, like Gecko; compatible; GPTBot/1.3; +https://openai.com/gptbot)"
15.158.239.101 - - [08/Apr/2026:11:03:16 +0000] "GET /index.php?rest_route=%2Foembed%2F1.0%2Fembed&url=https%3A%2F%2F69b4844ae61d4e92bf26ad98af552775-devsite.readyship.co%2F%3Fp%3D56947 HTTP/1.1" 403 - "https://69b4844ae61d4e92bf26ad98af552775-devsite.readyship.co/?p=56947" "Mozilla/5.0 AppleWebKit/537.36 (KHTML, like Gecko; compatible; GPTBot/1.3; +https://openai.com/gptbot)"
64.252.76.63 - - [08/Apr/2026:11:03:13 +0000] "GET /prizes/144555208/ HTTP/1.1" 200 24283 "-" "Amazon CloudFront"
64.252.74.231 - - [08/Apr/2026:11:03:17 +0000] "GET /?p=56915 HTTP/1.1" 200 14775 "-" "Amazon CloudFront"
15.158.239.101 - - [08/Apr/2026:11:03:18 +0000] "GET /index.php?format=xml&rest_route=%2Foembed%2F1.0%2Fembed&url=https%3A%2F%2F69b4844ae61d4e92bf26ad98af552775-devsite.readyship.co%2F%3Fp%3D20379 HTTP/1.1" 403 - "https://69b4844ae61d4e92bf26ad98af552775-devsite.readyship.co/?p=20379" "Mozilla/5.0 AppleWebKit/537.36 (KHTML, like Gecko; compatible; GPTBot/1.3; +https://openai.com/gptbot)"
15.158.239.65 - - [08/Apr/2026:11:03:19 +0000] "GET /index.php?format=xml&rest_route=%2Foembed%2F1.0%2Fembed&url=https%3A%2F%2F69b4844ae61d4e92bf26ad98af552775-devsite.readyship.co%2F%3Fp%3D66223 HTTP/1.1" 403 - "https://69b4844ae61d4e92bf26ad98af552775-devsite.readyship.co/?p=66223" "Mozilla/5.0 AppleWebKit/537.36 (KHTML, like Gecko; compatible; GPTBot/1.3; +https://openai.com/gptbot)"
15.158.239.65 - - [08/Apr/2026:11:03:19 +0000] "GET /index.php?format=xml&rest_route=%2Foembed%2F1.0%2Fembed&url=https%3A%2F%2F69b4844ae61d4e92bf26ad98af552775-devsite.readyship.co%2F%3Fp%3D66794 HTTP/1.1" 403 - "https://69b4844ae61d4e92bf26ad98af552775-devsite.readyship.co/?p=66794" "Mozilla/5.0 AppleWebKit/537.36 (KHTML, like Gecko; compatible; GPTBot/1.3; +https://openai.com/gptbot)"
64.252.68.163 - - [08/Apr/2026:11:03:19 +0000] "GET /?p=30373 HTTP/1.1" 200 16560 "-" "Amazon CloudFront"
15.158.239.72 - - [08/Apr/2026:11:03:20 +0000] "GET /index.php?format=xml&rest_route=%2Foembed%2F1.0%2Fembed&url=https%3A%2F%2F69b4844ae61d4e92bf26ad98af552775-devsite.readyship.co%2F%3Fp%3D59602 HTTP/1.1" 403 - "https://69b4844ae61d4e92bf26ad98af552775-devsite.readyship.co/?p=59602" "Mozilla/5.0 AppleWebKit/537.36 (KHTML, like Gecko; compatible; GPTBot/1.3; +https://openai.com/gptbot)"
15.158.239.65 - - [08/Apr/2026:11:03:20 +0000] "GET /index.php?format=xml&rest_route=%2Foembed%2F1.0%2Fembed&url=https%3A%2F%2F69b4844ae61d4e92bf26ad98af552775-devsite.readyship.co%2F%3Fp%3D74079 HTTP/1.1" 403 - "https://69b4844ae61d4e92bf26ad98af552775-devsite.readyship.co/?p=74079" "Mozilla/5.0 AppleWebKit/537.36 (KHTML, like Gecko; compatible; GPTBot/1.3; +https://openai.com/gptbot)"
64.252.76.63 - - [08/Apr/2026:11:03:21 +0000] "GET /?p=56909 HTTP/1.1" 200 14843 "-" "Amazon CloudFront"
15.158.215.109 - - [08/Apr/2026:11:03:22 +0000] "POST /wp-cron.php?doing_wp_cron=1775646202.8910739421844482421875 HTTP/1.1" 200 - "https://69b4844ae61d4e92bf26ad98af552775-devsite.readyship.co/wp-cron.php?doing_wp_cron=1775646202.8910739421844482421875" "WordPress/5.1.19; https://69b4844ae61d4e92bf26ad98af552775-devsite.readyship.co"
64.252.76.100 - - [08/Apr/2026:11:03:23 +0000] "GET /prizes/122865753 HTTP/1.1" 301 - "-" "Amazon CloudFront"
64.252.76.63 - - [08/Apr/2026:11:03:22 +0000] "GET /?p=56906 HTTP/1.1" 200 14302 "-" "Amazon CloudFront"
64.252.76.63 - - [08/Apr/2026:11:03:24 +0000] "GET /?p=56898 HTTP/1.1" 200 14840 "-" "Amazon CloudFront"
64.252.74.231 - - [08/Apr/2026:11:03:25 +0000] "GET /?p=56900 HTTP/1.1" 200 15001 "-" "Amazon CloudFront"
64.252.76.100 - - [08/Apr/2026:11:03:24 +0000] "GET /prizes/122865753/ HTTP/1.1" 200 24246 "-" "Amazon CloudFront"
64.252.76.100 - - [08/Apr/2026:11:03:26 +0000] "GET /?p=56896 HTTP/1.1" 200 14335 "-" "Amazon CloudFront"
64.252.76.63 - - [08/Apr/2026:11:03:27 +0000] "GET /?p=56911 HTTP/1.1" 200 14496 "-" "Amazon CloudFront"
64.252.76.100 - - [08/Apr/2026:11:03:28 +0000] "GET /?p=56919 HTTP/1.1" 200 14371 "-" "Amazon CloudFront"
64.252.74.231 - - [08/Apr/2026:11:03:29 +0000] "GET /?p=56903 HTTP/1.1" 200 14429 "-" "Amazon CloudFront"
64.252.74.231 - - [08/Apr/2026:11:03:30 +0000] "GET /?p=56901 HTTP/1.1" 200 17415 "-" "Amazon CloudFront"
64.252.76.100 - - [08/Apr/2026:11:03:32 +0000] "GET /?p=56923 HTTP/1.1" 200 14313 "-" "Amazon CloudFront"
64.252.76.63 - - [08/Apr/2026:11:03:33 +0000] "GET /?p=56910 HTTP/1.1" 200 14741 "-" "Amazon CloudFront"
64.252.76.100 - - [08/Apr/2026:11:03:34 +0000] "GET /?p=56904 HTTP/1.1" 200 14254 "-" "Amazon CloudFront"
64.252.76.63 - - [08/Apr/2026:11:03:34 +0000] "GET /prizes/333652844 HTTP/1.1" 301 - "-" "Amazon CloudFront"
64.252.76.63 - - [08/Apr/2026:11:03:35 +0000] "GET /?p=56914 HTTP/1.1" 200 14423 "-" "Amazon CloudFront"
64.252.76.100 - - [08/Apr/2026:11:03:36 +0000] "GET /?p=56902 HTTP/1.1" 200 14516 "-" "Amazon CloudFront"
64.252.74.231 - - [08/Apr/2026:11:03:37 +0000] "GET /?p=56894 HTTP/1.1" 200 14607 "-" "Amazon CloudFront"
64.252.76.63 - - [08/Apr/2026:11:03:38 +0000] "GET /prizes/108663319 HTTP/1.1" 301 - "-" "Amazon CloudFront"
64.252.68.163 - - [08/Apr/2026:11:03:38 +0000] "GET /?p=80957 HTTP/1.1" 200 16921 "-" "Amazon CloudFront"
64.252.74.231 - - [08/Apr/2026:11:03:38 +0000] "GET /?p=56913 HTTP/1.1" 200 15725 "-" "Amazon CloudFront"
64.252.74.231 - - [08/Apr/2026:11:03:39 +0000] "GET /?p=56907 HTTP/1.1" 200 14479 "-" "Amazon CloudFront"
64.252.76.63 - - [08/Apr/2026:11:03:40 +0000] "GET /?p=56920 HTTP/1.1" 200 14307 "-" "Amazon CloudFront"
64.252.76.100 - - [08/Apr/2026:11:03:39 +0000] "GET /prizes/108663319/ HTTP/1.1" 200 24280 "-" "Amazon CloudFront"
64.252.74.231 - - [08/Apr/2026:11:03:41 +0000] "GET /?author=2&paged=1992 HTTP/1.1" 200 11346 "-" "Amazon CloudFront"
15.158.239.104 - - [08/Apr/2026:11:03:44 +0000] "GET /index.php?format=xml&rest_route=%2Foembed%2F1.0%2Fembed&url=https%3A%2F%2F69b4844ae61d4e92bf26ad98af552775-devsite.readyship.co%2F%3Fp%3D16569 HTTP/1.1" 403 - "https://69b4844ae61d4e92bf26ad98af552775-devsite.readyship.co/?p=16569" "Mozilla/5.0 AppleWebKit/537.36 (KHTML, like Gecko; compatible; GPTBot/1.3; +https://openai.com/gptbot)"
15.158.239.104 - - [08/Apr/2026:11:03:44 +0000] "GET /index.php?format=xml&rest_route=%2Foembed%2F1.0%2Fembed&url=https%3A%2F%2F69b4844ae61d4e92bf26ad98af552775-devsite.readyship.co%2F%3Fp%3D77629 HTTP/1.1" 403 - "https://69b4844ae61d4e92bf26ad98af552775-devsite.readyship.co/?p=77629" "Mozilla/5.0 AppleWebKit/537.36 (KHTML, like Gecko; compatible; GPTBot/1.3; +https://openai.com/gptbot)"
64.252.74.231 - - [08/Apr/2026:11:03:42 +0000] "GET /?author=2&paged=1993 HTTP/1.1" 200 11236 "-" "Amazon CloudFront"
15.158.239.65 - - [08/Apr/2026:11:03:45 +0000] "GET /index.php?format=xml&rest_route=%2Foembed%2F1.0%2Fembed&url=https%3A%2F%2F69b4844ae61d4e92bf26ad98af552775-devsite.readyship.co%2F%3Fp%3D68238 HTTP/1.1" 403 - "https://69b4844ae61d4e92bf26ad98af552775-devsite.readyship.co/?p=68238" "Mozilla/5.0 AppleWebKit/537.36 (KHTML, like Gecko; compatible; GPTBot/1.3; +https://openai.com/gptbot)"
15.158.239.101 - - [08/Apr/2026:11:03:45 +0000] "GET /index.php?format=xml&rest_route=%2Foembed%2F1.0%2Fembed&url=https%3A%2F%2F69b4844ae61d4e92bf26ad98af552775-devsite.readyship.co%2F%3Fp%3D17367 HTTP/1.1" 403 - "https://69b4844ae61d4e92bf26ad98af552775-devsite.readyship.co/?p=17367" "Mozilla/5.0 AppleWebKit/537.36 (KHTML, like Gecko; compatible; GPTBot/1.3; +https://openai.com/gptbot)"
15.158.239.101 - - [08/Apr/2026:11:03:46 +0000] "GET /index.php?format=xml&rest_route=%2Foembed%2F1.0%2Fembed&url=https%3A%2F%2F69b4844ae61d4e92bf26ad98af552775-devsite.readyship.co%2F%3Fp%3D18769 HTTP/1.1" 403 - "https://69b4844ae61d4e92bf26ad98af552775-devsite.readyship.co/?p=18769" "Mozilla/5.0 AppleWebKit/537.36 (KHTML, like Gecko; compatible; GPTBot/1.3; +https://openai.com/gptbot)"
64.252.74.231 - - [08/Apr/2026:11:03:46 +0000] "GET /?p=56886 HTTP/1.1" 200 14669 "-" "Amazon CloudFront"
15.158.239.101 - - [08/Apr/2026:11:03:48 +0000] "GET /index.php?format=xml&rest_route=%2Foembed%2F1.0%2Fembed&url=https%3A%2F%2F69b4844ae61d4e92bf26ad98af552775-devsite.readyship.co%2F%3Fp%3D69506 HTTP/1.1" 403 - "https://69b4844ae61d4e92bf26ad98af552775-devsite.readyship.co/?p=69506" "Mozilla/5.0 AppleWebKit/537.36 (KHTML, like Gecko; compatible; GPTBot/1.3; +https://openai.com/gptbot)"
15.158.239.101 - - [08/Apr/2026:11:03:48 +0000] "GET /index.php?format=xml&rest_route=%2Foembed%2F1.0%2Fembed&url=https%3A%2F%2F69b4844ae61d4e92bf26ad98af552775-devsite.readyship.co%2F%3Fp%3D75392 HTTP/1.1" 403 - "https://69b4844ae61d4e92bf26ad98af552775-devsite.readyship.co/?p=75392" "Mozilla/5.0 AppleWebKit/537.36 (KHTML, like Gecko; compatible; GPTBot/1.3; +https://openai.com/gptbot)"
15.158.239.65 - - [08/Apr/2026:11:03:49 +0000] "GET /index.php?format=xml&rest_route=%2Foembed%2F1.0%2Fembed&url=https%3A%2F%2F69b4844ae61d4e92bf26ad98af552775-devsite.readyship.co%2F%3Fp%3D79203 HTTP/1.1" 403 - "https://69b4844ae61d4e92bf26ad98af552775-devsite.readyship.co/?p=79203" "Mozilla/5.0 AppleWebKit/537.36 (KHTML, like Gecko; compatible; GPTBot/1.3; +https://openai.com/gptbot)"
64.252.76.100 - - [08/Apr/2026:11:03:49 +0000] "GET /?p=56876 HTTP/1.1" 200 15423 "-" "Amazon CloudFront"
64.252.74.231 - - [08/Apr/2026:11:03:50 +0000] "GET /?p=56875 HTTP/1.1" 200 14886 "-" "Amazon CloudFront"
64.252.74.231 - - [08/Apr/2026:11:03:49 +0000] "GET /prizes/263128056/ HTTP/1.1" 200 24269 "-" "Amazon CloudFront"
64.252.76.100 - - [08/Apr/2026:11:03:52 +0000] "GET /?p=56859 HTTP/1.1" 200 14464 "-" "Amazon CloudFront"
64.252.76.63 - - [08/Apr/2026:11:03:53 +0000] "GET /?p=56877 HTTP/1.1" 200 14496 "-" "Amazon CloudFront"
64.252.74.231 - - [08/Apr/2026:11:03:54 +0000] "GET /?p=56878 HTTP/1.1" 200 14369 "-" "Amazon CloudFront"
64.252.76.63 - - [08/Apr/2026:11:03:55 +0000] "GET /?p=56860 HTTP/1.1" 200 14460 "-" "Amazon CloudFront"
64.252.76.63 - - [08/Apr/2026:11:03:53 +0000] "GET /prizes/271301177/ HTTP/1.1" 200 24287 "-" "Amazon CloudFront"
64.252.76.63 - - [08/Apr/2026:11:03:56 +0000] "GET /?p=56856 HTTP/1.1" 200 14406 "-" "Amazon CloudFront"
64.252.74.231 - - [08/Apr/2026:11:03:57 +0000] "GET /prizes/162447187 HTTP/1.1" 301 - "-" "Amazon CloudFront"
64.252.76.63 - - [08/Apr/2026:11:03:57 +0000] "GET /?p=56883 HTTP/1.1" 200 17480 "-" "Amazon CloudFront"
64.252.76.63 - - [08/Apr/2026:11:03:58 +0000] "GET /?p=56868 HTTP/1.1" 200 14286 "-" "Amazon CloudFront"
64.252.76.63 - - [08/Apr/2026:11:03:59 +0000] "GET /?p=56880 HTTP/1.1" 200 14345 "-" "Amazon CloudFront"
64.252.76.63 - - [08/Apr/2026:11:03:58 +0000] "GET /prizes/162447187/ HTTP/1.1" 200 24271 "-" "Amazon CloudFront"
64.252.76.63 - - [08/Apr/2026:11:04:00 +0000] "GET /?p=56858 HTTP/1.1" 200 14418 "-" "Amazon CloudFront"
64.252.74.231 - - [08/Apr/2026:11:04:02 +0000] "GET /?p=56857 HTTP/1.1" 200 15455 "-" "Amazon CloudFront"
64.252.74.231 - - [08/Apr/2026:11:04:03 +0000] "GET /prizes/338555713 HTTP/1.1" 301 - "-" "Amazon CloudFront"
64.252.76.63 - - [08/Apr/2026:11:04:03 +0000] "GET /?p=56861 HTTP/1.1" 200 14182 "-" "Amazon CloudFront"
64.252.74.231 - - [08/Apr/2026:11:04:04 +0000] "GET /?p=56873 HTTP/1.1" 200 14677 "-" "Amazon CloudFront"
64.252.74.231 - - [08/Apr/2026:11:04:05 +0000] "GET /?p=56872 HTTP/1.1" 200 14726 "-" "Amazon CloudFront"
64.252.74.231 - - [08/Apr/2026:11:04:06 +0000] "GET /?p=56879 HTTP/1.1" 200 14426 "-" "Amazon CloudFront"
64.252.76.100 - - [08/Apr/2026:11:04:07 +0000] "GET /?p=56870 HTTP/1.1" 200 14327 "-" "Amazon CloudFront"
64.252.76.63 - - [08/Apr/2026:11:04:08 +0000] "GET /?p=56871 HTTP/1.1" 200 14544 "-" "Amazon CloudFront"
64.252.74.231 - - [08/Apr/2026:11:04:09 +0000] "GET /prizes/315296006 HTTP/1.1" 301 - "-" "Amazon CloudFront"
64.252.76.100 - - [08/Apr/2026:11:04:09 +0000] "GET /?author=2&paged=1995 HTTP/1.1" 200 11168 "-" "Amazon CloudFront"
64.252.68.163 - - [08/Apr/2026:11:04:10 +0000] "GET /?p=10383 HTTP/1.1" 200 14872 "-" "Amazon CloudFront"
64.252.76.63 - - [08/Apr/2026:11:04:10 +0000] "GET /?author=2&paged=1994 HTTP/1.1" 200 11214 "-" "Amazon CloudFront"
15.158.239.104 - - [08/Apr/2026:11:04:12 +0000] "GET /index.php?rest_route=%2Foembed%2F1.0%2Fembed&url=https%3A%2F%2F69b4844ae61d4e92bf26ad98af552775-devsite.readyship.co%2F%3Fp%3D56880 HTTP/1.1" 403 - "https://69b4844ae61d4e92bf26ad98af552775-devsite.readyship.co/?p=56880" "Mozilla/5.0 AppleWebKit/537.36 (KHTML, like Gecko; compatible; GPTBot/1.3; +https://openai.com/gptbot)"
15.158.239.104 - - [08/Apr/2026:11:04:12 +0000] "GET /index.php?format=xml&rest_route=%2Foembed%2F1.0%2Fembed&url=https%3A%2F%2F69b4844ae61d4e92bf26ad98af552775-devsite.readyship.co%2F%3Fp%3D74763 HTTP/1.1" 403 - "https://69b4844ae61d4e92bf26ad98af552775-devsite.readyship.co/?p=74763" "Mozilla/5.0 AppleWebKit/537.36 (KHTML, like Gecko; compatible; GPTBot/1.3; +https://openai.com/gptbot)"
15.158.239.65 - - [08/Apr/2026:11:04:13 +0000] "GET /index.php?format=xml&rest_route=%2Foembed%2F1.0%2Fembed&url=https%3A%2F%2F69b4844ae61d4e92bf26ad98af552775-devsite.readyship.co%2F%3Fp%3D60365 HTTP/1.1" 403 - "https://69b4844ae61d4e92bf26ad98af552775-devsite.readyship.co/?p=60365" "Mozilla/5.0 AppleWebKit/537.36 (KHTML, like Gecko; compatible; GPTBot/1.3; +https://openai.com/gptbot)"
15.158.239.101 - - [08/Apr/2026:11:04:13 +0000] "GET /index.php?format=xml&rest_route=%2Foembed%2F1.0%2Fembed&url=https%3A%2F%2F69b4844ae61d4e92bf26ad98af552775-devsite.readyship.co%2F%3Fp%3D21248 HTTP/1.1" 403 - "https://69b4844ae61d4e92bf26ad98af552775-devsite.readyship.co/?p=21248" "Mozilla/5.0 AppleWebKit/537.36 (KHTML, like Gecko; compatible; GPTBot/1.3; +https://openai.com/gptbot)"
15.158.239.101 - - [08/Apr/2026:11:04:14 +0000] "GET /index.php?format=xml&rest_route=%2Foembed%2F1.0%2Fembed&url=https%3A%2F%2F69b4844ae61d4e92bf26ad98af552775-devsite.readyship.co%2F%3Fp%3D22974 HTTP/1.1" 403 - "https://69b4844ae61d4e92bf26ad98af552775-devsite.readyship.co/?p=22974" "Mozilla/5.0 AppleWebKit/537.36 (KHTML, like Gecko; compatible; GPTBot/1.3; +https://openai.com/gptbot)"
15.158.239.103 - - [08/Apr/2026:11:04:14 +0000] "GET /index.php?format=xml&rest_route=%2Foembed%2F1.0%2Fembed&url=https%3A%2F%2F69b4844ae61d4e92bf26ad98af552775-devsite.readyship.co%2F%3Fp%3D70230 HTTP/1.1" 403 - "https://69b4844ae61d4e92bf26ad98af552775-devsite.readyship.co/?p=70230" "Mozilla/5.0 AppleWebKit/537.36 (KHTML, like Gecko; compatible; GPTBot/1.3; +https://openai.com/gptbot)"
15.158.239.65 - - [08/Apr/2026:11:04:15 +0000] "GET /index.php?format=xml&rest_route=%2Foembed%2F1.0%2Fembed&url=https%3A%2F%2F69b4844ae61d4e92bf26ad98af552775-devsite.readyship.co%2F%3Fp%3D26103 HTTP/1.1" 403 - "https://69b4844ae61d4e92bf26ad98af552775-devsite.readyship.co/?p=26103" "Mozilla/5.0 AppleWebKit/537.36 (KHTML, like Gecko; compatible; GPTBot/1.3; +https://openai.com/gptbot)"
15.158.239.103 - - [08/Apr/2026:11:04:15 +0000] "GET /index.php?format=xml&rest_route=%2Foembed%2F1.0%2Fembed&url=https%3A%2F%2F69b4844ae61d4e92bf26ad98af552775-devsite.readyship.co%2F%3Fp%3D59958 HTTP/1.1" 403 - "https://69b4844ae61d4e92bf26ad98af552775-devsite.readyship.co/?p=59958" "Mozilla/5.0 AppleWebKit/537.36 (KHTML, like Gecko; compatible; GPTBot/1.3; +https://openai.com/gptbot)"
15.158.239.101 - - [08/Apr/2026:11:04:16 +0000] "GET /index.php?format=xml&rest_route=%2Foembed%2F1.0%2Fembed&url=https%3A%2F%2F69b4844ae61d4e92bf26ad98af552775-devsite.readyship.co%2F%3Fp%3D65912 HTTP/1.1" 403 - "https://69b4844ae61d4e92bf26ad98af552775-devsite.readyship.co/?p=65912" "Mozilla/5.0 AppleWebKit/537.36 (KHTML, like Gecko; compatible; GPTBot/1.3; +https://openai.com/gptbot)"
64.252.76.63 - - [08/Apr/2026:11:04:16 +0000] "GET /?p=56816 HTTP/1.1" 200 15127 "-" "Amazon CloudFront"
64.252.76.63 - - [08/Apr/2026:11:04:18 +0000] "GET /?p=56838 HTTP/1.1" 200 14081 "-" "Amazon CloudFront"
64.252.74.231 - - [08/Apr/2026:11:04:19 +0000] "GET /?p=56836 HTTP/1.1" 200 16506 "-" "Amazon CloudFront"
64.252.76.63 - - [08/Apr/2026:11:04:20 +0000] "GET /?p=56835 HTTP/1.1" 200 14426 "-" "Amazon CloudFront"
64.252.69.192 - - [08/Apr/2026:11:04:20 +0000] "GET /?p=13297 HTTP/1.1" 200 14882 "-" "Amazon CloudFront"
64.252.76.63 - - [08/Apr/2026:11:04:21 +0000] "GET /?p=56844 HTTP/1.1" 200 14571 "-" "Amazon CloudFront"
15.158.215.109 - - [08/Apr/2026:11:04:22 +0000] "POST /wp-cron.php?doing_wp_cron=1775646262.6181480884552001953125 HTTP/1.1" 200 - "https://69b4844ae61d4e92bf26ad98af552775-devsite.readyship.co/wp-cron.php?doing_wp_cron=1775646262.6181480884552001953125" "WordPress/5.1.19; https://69b4844ae61d4e92bf26ad98af552775-devsite.readyship.co"
64.252.76.63 - - [08/Apr/2026:11:04:22 +0000] "GET /?p=56815 HTTP/1.1" 200 14362 "-" "Amazon CloudFront"
64.252.76.63 - - [08/Apr/2026:11:04:23 +0000] "GET /?p=56822 HTTP/1.1" 200 14378 "-" "Amazon CloudFront"
64.252.74.231 - - [08/Apr/2026:11:04:24 +0000] "GET /?p=56818 HTTP/1.1" 200 14423 "-" "Amazon CloudFront"
64.252.76.63 - - [08/Apr/2026:11:04:22 +0000] "GET /prizes/333306561/ HTTP/1.1" 200 24309 "-" "Amazon CloudFront"
64.252.76.63 - - [08/Apr/2026:11:04:25 +0000] "GET /?p=56839 HTTP/1.1" 200 14688 "-" "Amazon CloudFront"
64.252.76.100 - - [08/Apr/2026:11:04:27 +0000] "GET /?p=56837 HTTP/1.1" 200 16477 "-" "Amazon CloudFront"
64.252.74.231 - - [08/Apr/2026:11:04:28 +0000] "GET /?p=56820 HTTP/1.1" 200 14165 "-" "Amazon CloudFront"
64.252.76.63 - - [08/Apr/2026:11:04:29 +0000] "GET /?p=56805 HTTP/1.1" 200 13084 "-" "Amazon CloudFront"
64.252.74.231 - - [08/Apr/2026:11:04:30 +0000] "GET /?p=56819 HTTP/1.1" 200 14266 "-" "Amazon CloudFront"
64.252.76.100 - - [08/Apr/2026:11:04:31 +0000] "GET /?p=56842 HTTP/1.1" 200 14202 "-" "Amazon CloudFront"
64.252.74.231 - - [08/Apr/2026:11:04:32 +0000] "GET /?p=56817 HTTP/1.1" 200 14488 "-" "Amazon CloudFront"
64.252.76.63 - - [08/Apr/2026:11:04:33 +0000] "GET /?p=56834 HTTP/1.1" 200 14261 "-" "Amazon CloudFront"
64.252.76.100 - - [08/Apr/2026:11:04:34 +0000] "GET /?p=56824 HTTP/1.1" 200 14983 "-" "Amazon CloudFront"
64.252.76.63 - - [08/Apr/2026:11:04:35 +0000] "GET /?p=56821 HTTP/1.1" 200 14765 "-" "Amazon CloudFront"
64.252.74.231 - - [08/Apr/2026:11:04:37 +0000] "GET /?p=56840 HTTP/1.1" 200 14241 "-" "Amazon CloudFront"
64.252.76.100 - - [08/Apr/2026:11:04:38 +0000] "GET /?p=56814 HTTP/1.1" 200 15498 "-" "Amazon CloudFront"
64.252.76.63 - - [08/Apr/2026:11:04:39 +0000] "GET /?p=56843 HTTP/1.1" 200 14680 "-" "Amazon CloudFront"
64.252.76.63 - - [08/Apr/2026:11:04:40 +0000] "GET /?author=2&paged=1997 HTTP/1.1" 200 11324 "-" "Amazon CloudFront"
64.252.76.63 - - [08/Apr/2026:11:04:41 +0000] "GET /?p=56803 HTTP/1.1" 200 14443 "-" "Amazon CloudFront"
64.252.76.63 - - [08/Apr/2026:11:04:42 +0000] "GET /?author=2&paged=1996 HTTP/1.1" 200 11322 "-" "Amazon CloudFront"
15.158.239.104 - - [08/Apr/2026:11:04:43 +0000] "GET /index.php?format=xml&rest_route=%2Foembed%2F1.0%2Fembed&url=https%3A%2F%2F69b4844ae61d4e92bf26ad98af552775-devsite.readyship.co%2F%3Fp%3D56839 HTTP/1.1" 403 - "https://69b4844ae61d4e92bf26ad98af552775-devsite.readyship.co/?p=56839" "Mozilla/5.0 AppleWebKit/537.36 (KHTML, like Gecko; compatible; GPTBot/1.3; +https://openai.com/gptbot)"
15.158.239.104 - - [08/Apr/2026:11:04:44 +0000] "GET /index.php?format=xml&rest_route=%2Foembed%2F1.0%2Fembed&url=https%3A%2F%2F69b4844ae61d4e92bf26ad98af552775-devsite.readyship.co%2F%3Fp%3D67568 HTTP/1.1" 403 - "https://69b4844ae61d4e92bf26ad98af552775-devsite.readyship.co/?p=67568" "Mozilla/5.0 AppleWebKit/537.36 (KHTML, like Gecko; compatible; GPTBot/1.3; +https://openai.com/gptbot)"
15.158.239.101 - - [08/Apr/2026:11:04:45 +0000] "GET /index.php?format=xml&rest_route=%2Foembed%2F1.0%2Fembed&url=https%3A%2F%2F69b4844ae61d4e92bf26ad98af552775-devsite.readyship.co%2F%3Fp%3D60189 HTTP/1.1" 403 - "https://69b4844ae61d4e92bf26ad98af552775-devsite.readyship.co/?p=60189" "Mozilla/5.0 AppleWebKit/537.36 (KHTML, like Gecko; compatible; GPTBot/1.3; +https://openai.com/gptbot)"
15.158.239.101 - - [08/Apr/2026:11:04:45 +0000] "GET /index.php?format=xml&rest_route=%2Foembed%2F1.0%2Fembed&url=https%3A%2F%2F69b4844ae61d4e92bf26ad98af552775-devsite.readyship.co%2F%3Fp%3D75025 HTTP/1.1" 403 - "https://69b4844ae61d4e92bf26ad98af552775-devsite.readyship.co/?p=75025" "Mozilla/5.0 AppleWebKit/537.36 (KHTML, like Gecko; compatible; GPTBot/1.3; +https://openai.com/gptbot)"
15.158.239.103 - - [08/Apr/2026:11:04:46 +0000] "GET /index.php?format=xml&rest_route=%2Foembed%2F1.0%2Fembed&url=https%3A%2F%2F69b4844ae61d4e92bf26ad98af552775-devsite.readyship.co%2F%3Fp%3D78863 HTTP/1.1" 403 - "https://69b4844ae61d4e92bf26ad98af552775-devsite.readyship.co/?p=78863" "Mozilla/5.0 AppleWebKit/537.36 (KHTML, like Gecko; compatible; GPTBot/1.3; +https://openai.com/gptbot)"
15.158.239.101 - - [08/Apr/2026:11:04:46 +0000] "GET /index.php?format=xml&rest_route=%2Foembed%2F1.0%2Fembed&url=https%3A%2F%2F69b4844ae61d4e92bf26ad98af552775-devsite.readyship.co%2F%3Fp%3D21294 HTTP/1.1" 403 - "https://69b4844ae61d4e92bf26ad98af552775-devsite.readyship.co/?p=21294" "Mozilla/5.0 AppleWebKit/537.36 (KHTML, like Gecko; compatible; GPTBot/1.3; +https://openai.com/gptbot)"
15.158.239.101 - - [08/Apr/2026:11:04:47 +0000] "GET /index.php?format=xml&rest_route=%2Foembed%2F1.0%2Fembed&url=https%3A%2F%2F69b4844ae61d4e92bf26ad98af552775-devsite.readyship.co%2F%3Fp%3D56843 HTTP/1.1" 403 - "https://69b4844ae61d4e92bf26ad98af552775-devsite.readyship.co/?p=56843" "Mozilla/5.0 AppleWebKit/537.36 (KHTML, like Gecko; compatible; GPTBot/1.3; +https://openai.com/gptbot)"
15.158.239.65 - - [08/Apr/2026:11:04:47 +0000] "GET /index.php?format=xml&rest_route=%2Foembed%2F1.0%2Fembed&url=https%3A%2F%2F69b4844ae61d4e92bf26ad98af552775-devsite.readyship.co%2F%3Fp%3D61603 HTTP/1.1" 403 - "https://69b4844ae61d4e92bf26ad98af552775-devsite.readyship.co/?p=61603" "Mozilla/5.0 AppleWebKit/537.36 (KHTML, like Gecko; compatible; GPTBot/1.3; +https://openai.com/gptbot)"
64.252.76.63 - - [08/Apr/2026:11:04:48 +0000] "GET /?p=56788 HTTP/1.1" 200 14230 "-" "Amazon CloudFront"
64.252.69.192 - - [08/Apr/2026:11:04:49 +0000] "GET /?p=61406 HTTP/1.1" 200 14371 "-" "Amazon CloudFront"
64.252.76.63 - - [08/Apr/2026:11:04:49 +0000] "GET /?p=56779 HTTP/1.1" 200 15101 "-" "Amazon CloudFront"
64.252.76.100 - - [08/Apr/2026:11:04:50 +0000] "GET /?p=56800 HTTP/1.1" 200 14929 "-" "Amazon CloudFront"
64.252.74.231 - - [08/Apr/2026:11:04:51 +0000] "GET /?p=56797 HTTP/1.1" 200 15893 "-" "Amazon CloudFront"
64.252.74.231 - - [08/Apr/2026:11:04:52 +0000] "GET /?p=56799 HTTP/1.1" 200 14398 "-" "Amazon CloudFront"
64.252.76.63 - - [08/Apr/2026:11:04:53 +0000] "GET /?p=56796 HTTP/1.1" 200 14366 "-" "Amazon CloudFront"
64.252.74.231 - - [08/Apr/2026:11:04:55 +0000] "GET /?p=56762 HTTP/1.1" 200 14538 "-" "Amazon CloudFront"
64.252.74.231 - - [08/Apr/2026:11:04:56 +0000] "GET /?p=56778 HTTP/1.1" 200 15365 "-" "Amazon CloudFront"
64.252.76.63 - - [08/Apr/2026:11:04:57 +0000] "GET /?p=56760 HTTP/1.1" 200 13959 "-" "Amazon CloudFront"
64.252.76.63 - - [08/Apr/2026:11:04:58 +0000] "GET /?p=56791 HTTP/1.1" 200 14513 "-" "Amazon CloudFront"
64.252.76.63 - - [08/Apr/2026:11:04:59 +0000] "GET /?p=56794 HTTP/1.1" 200 14192 "-" "Amazon CloudFront"
64.252.76.63 - - [08/Apr/2026:11:05:00 +0000] "GET /?p=56802 HTTP/1.1" 200 14491 "-" "Amazon CloudFront"
64.252.76.100 - - [08/Apr/2026:11:05:02 +0000] "GET /?p=56768 HTTP/1.1" 200 14940 "-" "Amazon CloudFront"
64.252.76.100 - - [08/Apr/2026:11:05:03 +0000] "GET /?p=56793 HTTP/1.1" 200 14875 "-" "Amazon CloudFront"
64.252.76.100 - - [08/Apr/2026:11:05:04 +0000] "GET /?p=56790 HTTP/1.1" 200 14421 "-" "Amazon CloudFront"
64.252.76.63 - - [08/Apr/2026:11:05:05 +0000] "GET /?p=56792 HTTP/1.1" 200 14267 "-" "Amazon CloudFront"
64.252.76.100 - - [08/Apr/2026:11:05:07 +0000] "GET /?p=56781 HTTP/1.1" 200 14305 "-" "Amazon CloudFront"
64.252.76.100 - - [08/Apr/2026:11:05:08 +0000] "GET /?p=56761 HTTP/1.1" 200 14525 "-" "Amazon CloudFront"
64.252.76.63 - - [08/Apr/2026:11:05:09 +0000] "GET /?p=56782 HTTP/1.1" 200 14185 "-" "Amazon CloudFront"
64.252.76.100 - - [08/Apr/2026:11:05:10 +0000] "GET /?p=56780 HTTP/1.1" 200 14534 "-" "Amazon CloudFront"
64.252.76.63 - - [08/Apr/2026:11:05:11 +0000] "GET /prizes/152933309 HTTP/1.1" 301 - "-" "Amazon CloudFront"
64.252.74.231 - - [08/Apr/2026:11:05:11 +0000] "GET /?author=2&paged=1999 HTTP/1.1" 200 11326 "-" "Amazon CloudFront"
64.252.76.63 - - [08/Apr/2026:11:05:12 +0000] "GET /?author=2&paged=1998 HTTP/1.1" 200 11267 "-" "Amazon CloudFront"
15.158.239.104 - - [08/Apr/2026:11:05:13 +0000] "GET /index.php?format=xml&rest_route=%2Foembed%2F1.0%2Fembed&url=https%3A%2F%2F69b4844ae61d4e92bf26ad98af552775-devsite.readyship.co%2F%3Fp%3D63928 HTTP/1.1" 403 - "https://69b4844ae61d4e92bf26ad98af552775-devsite.readyship.co/?p=63928" "Mozilla/5.0 AppleWebKit/537.36 (KHTML, like Gecko; compatible; GPTBot/1.3; +https://openai.com/gptbot)"
15.158.239.104 - - [08/Apr/2026:11:05:14 +0000] "GET /index.php?format=xml&rest_route=%2Foembed%2F1.0%2Fembed&url=https%3A%2F%2F69b4844ae61d4e92bf26ad98af552775-devsite.readyship.co%2F%3Fp%3D71064 HTTP/1.1" 403 - "https://69b4844ae61d4e92bf26ad98af552775-devsite.readyship.co/?p=71064" "Mozilla/5.0 AppleWebKit/537.36 (KHTML, like Gecko; compatible; GPTBot/1.3; +https://openai.com/gptbot)"
15.158.239.101 - - [08/Apr/2026:11:05:14 +0000] "GET /index.php?format=xml&rest_route=%2Foembed%2F1.0%2Fembed&url=https%3A%2F%2F69b4844ae61d4e92bf26ad98af552775-devsite.readyship.co%2F%3Fp%3D71784 HTTP/1.1" 403 - "https://69b4844ae61d4e92bf26ad98af552775-devsite.readyship.co/?p=71784" "Mozilla/5.0 AppleWebKit/537.36 (KHTML, like Gecko; compatible; GPTBot/1.3; +https://openai.com/gptbot)"
64.252.76.63 - - [08/Apr/2026:11:05:11 +0000] "GET /prizes/152933309/ HTTP/1.1" 200 24304 "-" "Amazon CloudFront"
15.158.239.65 - - [08/Apr/2026:11:05:15 +0000] "GET /index.php?format=xml&rest_route=%2Foembed%2F1.0%2Fembed&url=https%3A%2F%2F69b4844ae61d4e92bf26ad98af552775-devsite.readyship.co%2F%3Fp%3D73002 HTTP/1.1" 403 - "https://69b4844ae61d4e92bf26ad98af552775-devsite.readyship.co/?p=73002" "Mozilla/5.0 AppleWebKit/537.36 (KHTML, like Gecko; compatible; GPTBot/1.3; +https://openai.com/gptbot)"
15.158.239.101 - - [08/Apr/2026:11:05:15 +0000] "GET /index.php?format=xml&rest_route=%2Foembed%2F1.0%2Fembed&url=https%3A%2F%2F69b4844ae61d4e92bf26ad98af552775-devsite.readyship.co%2F%3Fp%3D75446 HTTP/1.1" 403 - "https://69b4844ae61d4e92bf26ad98af552775-devsite.readyship.co/?p=75446" "Mozilla/5.0 AppleWebKit/537.36 (KHTML, like Gecko; compatible; GPTBot/1.3; +https://openai.com/gptbot)"
15.158.239.65 - - [08/Apr/2026:11:05:16 +0000] "GET /index.php?format=xml&rest_route=%2Foembed%2F1.0%2Fembed&url=https%3A%2F%2F69b4844ae61d4e92bf26ad98af552775-devsite.readyship.co%2F%3Fp%3D57520 HTTP/1.1" 403 - "https://69b4844ae61d4e92bf26ad98af552775-devsite.readyship.co/?p=57520" "Mozilla/5.0 AppleWebKit/537.36 (KHTML, like Gecko; compatible; GPTBot/1.3; +https://openai.com/gptbot)"
64.252.76.100 - - [08/Apr/2026:11:05:17 +0000] "GET /?p=56752 HTTP/1.1" 200 15031 "-" "Amazon CloudFront"
15.158.239.65 - - [08/Apr/2026:11:05:18 +0000] "GET /index.php?format=xml&rest_route=%2Foembed%2F1.0%2Fembed&url=https%3A%2F%2F69b4844ae61d4e92bf26ad98af552775-devsite.readyship.co%2F%3Fp%3D26313 HTTP/1.1" 403 - "https://69b4844ae61d4e92bf26ad98af552775-devsite.readyship.co/?p=26313" "Mozilla/5.0 AppleWebKit/537.36 (KHTML, like Gecko; compatible; GPTBot/1.3; +https://openai.com/gptbot)"
15.158.239.101 - - [08/Apr/2026:11:05:18 +0000] "GET /index.php?format=xml&rest_route=%2Foembed%2F1.0%2Fembed&url=https%3A%2F%2F69b4844ae61d4e92bf26ad98af552775-devsite.readyship.co%2F%3Fp%3D78715 HTTP/1.1" 403 - "https://69b4844ae61d4e92bf26ad98af552775-devsite.readyship.co/?p=78715" "Mozilla/5.0 AppleWebKit/537.36 (KHTML, like Gecko; compatible; GPTBot/1.3; +https://openai.com/gptbot)"
64.252.74.231 - - [08/Apr/2026:11:05:19 +0000] "GET /?p=56727 HTTP/1.1" 200 14870 "-" "Amazon CloudFront"
64.252.76.63 - - [08/Apr/2026:11:05:20 +0000] "GET /?p=56733 HTTP/1.1" 200 14789 "-" "Amazon CloudFront"
64.252.76.63 - - [08/Apr/2026:11:05:21 +0000] "GET /?p=56725 HTTP/1.1" 200 14322 "-" "Amazon CloudFront"
15.158.215.109 - - [08/Apr/2026:11:05:23 +0000] "POST /wp-cron.php?doing_wp_cron=1775646322.9451498985290527343750 HTTP/1.1" 200 - "https://69b4844ae61d4e92bf26ad98af552775-devsite.readyship.co/wp-cron.php?doing_wp_cron=1775646322.9451498985290527343750" "WordPress/5.1.19; https://69b4844ae61d4e92bf26ad98af552775-devsite.readyship.co"
64.252.76.100 - - [08/Apr/2026:11:05:22 +0000] "GET /?p=56754 HTTP/1.1" 200 14566 "-" "Amazon CloudFront"
64.252.74.231 - - [08/Apr/2026:11:05:24 +0000] "GET /?p=56763 HTTP/1.1" 200 14464 "-" "Amazon CloudFront"
64.252.74.231 - - [08/Apr/2026:11:05:25 +0000] "GET /?p=56756 HTTP/1.1" 200 14209 "-" "Amazon CloudFront"
64.252.76.100 - - [08/Apr/2026:11:05:26 +0000] "GET /?p=56758 HTTP/1.1" 200 15633 "-" "Amazon CloudFront"
64.252.76.100 - - [08/Apr/2026:11:05:27 +0000] "GET /?p=56759 HTTP/1.1" 200 14772 "-" "Amazon CloudFront"
64.252.76.63 - - [08/Apr/2026:11:05:28 +0000] "GET /?p=56757 HTTP/1.1" 200 14555 "-" "Amazon CloudFront"
64.252.74.231 - - [08/Apr/2026:11:05:29 +0000] "GET /prizes/325707531 HTTP/1.1" 301 - "-" "Amazon CloudFront"
64.252.74.231 - - [08/Apr/2026:11:05:29 +0000] "GET /?p=56767 HTTP/1.1" 200 14404 "-" "Amazon CloudFront"
64.252.74.231 - - [08/Apr/2026:11:05:30 +0000] "GET /?p=56732 HTTP/1.1" 200 14261 "-" "Amazon CloudFront"
64.252.74.231 - - [08/Apr/2026:11:05:31 +0000] "GET /?p=56741 HTTP/1.1" 200 14185 "-" "Amazon CloudFront"
64.252.76.63 - - [08/Apr/2026:11:05:30 +0000] "GET /prizes/325707531/ HTTP/1.1" 200 21271 "-" "Amazon CloudFront"
64.252.74.231 - - [08/Apr/2026:11:05:32 +0000] "GET /?p=56748 HTTP/1.1" 200 14751 "-" "Amazon CloudFront"
64.252.76.63 - - [08/Apr/2026:11:05:34 +0000] "GET /?p=56730 HTTP/1.1" 200 14321 "-" "Amazon CloudFront"
64.252.74.231 - - [08/Apr/2026:11:05:35 +0000] "GET /?p=56723 HTTP/1.1" 200 14503 "-" "Amazon CloudFront"
64.252.76.100 - - [08/Apr/2026:11:05:36 +0000] "GET /?p=56731 HTTP/1.1" 200 13692 "-" "Amazon CloudFront"
64.252.67.128 - - [08/Apr/2026:11:05:28 +0000] "GET /?p=27698 HTTP/1.1" 200 14354 "-" "Amazon CloudFront"
64.252.76.100 - - [08/Apr/2026:11:05:37 +0000] "GET /?p=56728 HTTP/1.1" 200 16953 "-" "Amazon CloudFront"
15.158.239.104 - - [08/Apr/2026:11:05:39 +0000] "GET /index.php?format=xml&rest_route=%2Foembed%2F1.0%2Fembed&url=https%3A%2F%2F69b4844ae61d4e92bf26ad98af552775-devsite.readyship.co%2F%3Fp%3D56759 HTTP/1.1" 403 - "https://69b4844ae61d4e92bf26ad98af552775-devsite.readyship.co/?p=56759" "Mozilla/5.0 AppleWebKit/537.36 (KHTML, like Gecko; compatible; GPTBot/1.3; +https://openai.com/gptbot)"
64.252.76.63 - - [08/Apr/2026:11:05:38 +0000] "GET /?author=2&paged=2000 HTTP/1.1" 200 11232 "-" "Amazon CloudFront"
64.252.67.128 - - [08/Apr/2026:11:05:39 +0000] "GET /?p=29672 HTTP/1.1" 200 22176 "-" "Amazon CloudFront"
64.252.76.63 - - [08/Apr/2026:11:05:40 +0000] "GET /?author=2&paged=2001 HTTP/1.1" 200 11301 "-" "Amazon CloudFront"
15.158.239.104 - - [08/Apr/2026:11:05:41 +0000] "GET /index.php?format=xml&rest_route=%2Foembed%2F1.0%2Fembed&url=https%3A%2F%2F69b4844ae61d4e92bf26ad98af552775-devsite.readyship.co%2F%3Fp%3D20539 HTTP/1.1" 403 - "https://69b4844ae61d4e92bf26ad98af552775-devsite.readyship.co/?p=20539" "Mozilla/5.0 AppleWebKit/537.36 (KHTML, like Gecko; compatible; GPTBot/1.3; +https://openai.com/gptbot)"
15.158.239.65 - - [08/Apr/2026:11:05:42 +0000] "GET /index.php?format=xml&rest_route=%2Foembed%2F1.0%2Fembed&url=https%3A%2F%2F69b4844ae61d4e92bf26ad98af552775-devsite.readyship.co%2F%3Fp%3D62691 HTTP/1.1" 403 - "https://69b4844ae61d4e92bf26ad98af552775-devsite.readyship.co/?p=62691" "Mozilla/5.0 AppleWebKit/537.36 (KHTML, like Gecko; compatible; GPTBot/1.3; +https://openai.com/gptbot)"
15.158.239.65 - - [08/Apr/2026:11:05:42 +0000] "GET /index.php?format=xml&rest_route=%2Foembed%2F1.0%2Fembed&url=https%3A%2F%2F69b4844ae61d4e92bf26ad98af552775-devsite.readyship.co%2F%3Fp%3D24608 HTTP/1.1" 403 - "https://69b4844ae61d4e92bf26ad98af552775-devsite.readyship.co/?p=24608" "Mozilla/5.0 AppleWebKit/537.36 (KHTML, like Gecko; compatible; GPTBot/1.3; +https://openai.com/gptbot)"
15.158.239.101 - - [08/Apr/2026:11:05:44 +0000] "GET /index.php?format=xml&rest_route=%2Foembed%2F1.0%2Fembed&url=https%3A%2F%2F69b4844ae61d4e92bf26ad98af552775-devsite.readyship.co%2F%3Fp%3D80246 HTTP/1.1" 403 - "https://69b4844ae61d4e92bf26ad98af552775-devsite.readyship.co/?p=80246" "Mozilla/5.0 AppleWebKit/537.36 (KHTML, like Gecko; compatible; GPTBot/1.3; +https://openai.com/gptbot)"
64.252.74.231 - - [08/Apr/2026:11:05:42 +0000] "GET /?p=56734 HTTP/1.1" 200 15037 "-" "Amazon CloudFront"
64.252.76.100 - - [08/Apr/2026:11:05:44 +0000] "GET /?p=56710 HTTP/1.1" 200 14410 "-" "Amazon CloudFront"
15.158.239.101 - - [08/Apr/2026:11:05:45 +0000] "GET /index.php?format=xml&rest_route=%2Foembed%2F1.0%2Fembed&url=https%3A%2F%2F69b4844ae61d4e92bf26ad98af552775-devsite.readyship.co%2F%3Fp%3D57592 HTTP/1.1" 403 - "https://69b4844ae61d4e92bf26ad98af552775-devsite.readyship.co/?p=57592" "Mozilla/5.0 AppleWebKit/537.36 (KHTML, like Gecko; compatible; GPTBot/1.3; +https://openai.com/gptbot)"
15.158.239.101 - - [08/Apr/2026:11:05:46 +0000] "GET /index.php?format=xml&rest_route=%2Foembed%2F1.0%2Fembed&url=https%3A%2F%2F69b4844ae61d4e92bf26ad98af552775-devsite.readyship.co%2F%3Fp%3D56728 HTTP/1.1" 403 - "https://69b4844ae61d4e92bf26ad98af552775-devsite.readyship.co/?p=56728" "Mozilla/5.0 AppleWebKit/537.36 (KHTML, like Gecko; compatible; GPTBot/1.3; +https://openai.com/gptbot)"
64.252.76.100 - - [08/Apr/2026:11:05:46 +0000] "GET /?p=56715 HTTP/1.1" 200 14998 "-" "Amazon CloudFront"
64.252.76.100 - - [08/Apr/2026:11:05:48 +0000] "GET /?p=56716 HTTP/1.1" 200 14336 "-" "Amazon CloudFront"
64.252.74.231 - - [08/Apr/2026:11:05:49 +0000] "GET /?p=56722 HTTP/1.1" 200 14405 "-" "Amazon CloudFront"
64.252.67.128 - - [08/Apr/2026:11:05:50 +0000] "GET /?p=6629 HTTP/1.1" 200 24183 "-" "Amazon CloudFront"
64.252.76.63 - - [08/Apr/2026:11:05:50 +0000] "GET /?p=56692 HTTP/1.1" 200 14943 "-" "Amazon CloudFront"
64.252.76.100 - - [08/Apr/2026:11:05:51 +0000] "GET /?p=56689 HTTP/1.1" 200 14155 "-" "Amazon CloudFront"
64.252.74.231 - - [08/Apr/2026:11:05:52 +0000] "GET /?p=56700 HTTP/1.1" 200 15555 "-" "Amazon CloudFront"
64.252.76.63 - - [08/Apr/2026:11:05:53 +0000] "GET /?p=56691 HTTP/1.1" 200 14799 "-" "Amazon CloudFront"
64.252.76.100 - - [08/Apr/2026:11:05:54 +0000] "GET /?p=56721 HTTP/1.1" 200 14491 "-" "Amazon CloudFront"
64.252.76.100 - - [08/Apr/2026:11:05:55 +0000] "GET /?p=56703 HTTP/1.1" 200 14461 "-" "Amazon CloudFront"
64.252.76.63 - - [08/Apr/2026:11:05:57 +0000] "GET /?p=56713 HTTP/1.1" 200 14383 "-" "Amazon CloudFront"
64.252.76.63 - - [08/Apr/2026:11:05:58 +0000] "GET /?p=56714 HTTP/1.1" 200 14980 "-" "Amazon CloudFront"
64.252.76.63 - - [08/Apr/2026:11:05:59 +0000] "GET /?p=56704 HTTP/1.1" 200 14213 "-" "Amazon CloudFront"
64.252.76.100 - - [08/Apr/2026:11:06:00 +0000] "GET /?p=56720 HTTP/1.1" 200 14610 "-" "Amazon CloudFront"
64.252.76.63 - - [08/Apr/2026:11:06:01 +0000] "GET /?p=56701 HTTP/1.1" 200 14619 "-" "Amazon CloudFront"
64.252.76.100 - - [08/Apr/2026:11:06:02 +0000] "GET /?p=56688 HTTP/1.1" 200 14336 "-" "Amazon CloudFront"
64.252.74.231 - - [08/Apr/2026:11:06:03 +0000] "GET /?p=56712 HTTP/1.1" 200 14379 "-" "Amazon CloudFront"
64.252.67.128 - - [08/Apr/2026:11:06:04 +0000] "GET /?p=8034 HTTP/1.1" 200 29133 "-" "Amazon CloudFront"
64.252.74.231 - - [08/Apr/2026:11:06:04 +0000] "GET /?p=56694 HTTP/1.1" 200 14967 "-" "Amazon CloudFront"
64.252.74.231 - - [08/Apr/2026:11:06:06 +0000] "GET /?p=56718 HTTP/1.1" 200 14218 "-" "Amazon CloudFront"
64.252.74.231 - - [08/Apr/2026:11:06:07 +0000] "GET /?p=56708 HTTP/1.1" 200 14710 "-" "Amazon CloudFront"
64.252.74.231 - - [08/Apr/2026:11:06:08 +0000] "GET /?author=2&paged=2003 HTTP/1.1" 200 11339 "-" "Amazon CloudFront"
64.252.76.100 - - [08/Apr/2026:11:06:09 +0000] "GET /?author=2&paged=2002 HTTP/1.1" 200 11299 "-" "Amazon CloudFront"
15.158.239.104 - - [08/Apr/2026:11:06:10 +0000] "GET /index.php?format=xml&rest_route=%2Foembed%2F1.0%2Fembed&url=https%3A%2F%2F69b4844ae61d4e92bf26ad98af552775-devsite.readyship.co%2F%3Fp%3D21840 HTTP/1.1" 403 - "https://69b4844ae61d4e92bf26ad98af552775-devsite.readyship.co/?p=21840" "Mozilla/5.0 AppleWebKit/537.36 (KHTML, like Gecko; compatible; GPTBot/1.3; +https://openai.com/gptbot)"
15.158.239.104 - - [08/Apr/2026:11:06:11 +0000] "GET /index.php?format=xml&rest_route=%2Foembed%2F1.0%2Fembed&url=https%3A%2F%2F69b4844ae61d4e92bf26ad98af552775-devsite.readyship.co%2F%3Fp%3D71002 HTTP/1.1" 403 - "https://69b4844ae61d4e92bf26ad98af552775-devsite.readyship.co/?p=71002" "Mozilla/5.0 AppleWebKit/537.36 (KHTML, like Gecko; compatible; GPTBot/1.3; +https://openai.com/gptbot)"
15.158.239.101 - - [08/Apr/2026:11:06:11 +0000] "GET /index.php?format=xml&rest_route=%2Foembed%2F1.0%2Fembed&url=https%3A%2F%2F69b4844ae61d4e92bf26ad98af552775-devsite.readyship.co%2F%3Fp%3D25878 HTTP/1.1" 403 - "https://69b4844ae61d4e92bf26ad98af552775-devsite.readyship.co/?p=25878" "Mozilla/5.0 AppleWebKit/537.36 (KHTML, like Gecko; compatible; GPTBot/1.3; +https://openai.com/gptbot)"
15.158.239.101 - - [08/Apr/2026:11:06:12 +0000] "GET /index.php?format=xml&rest_route=%2Foembed%2F1.0%2Fembed&url=https%3A%2F%2F69b4844ae61d4e92bf26ad98af552775-devsite.readyship.co%2F%3Fp%3D78483 HTTP/1.1" 403 - "https://69b4844ae61d4e92bf26ad98af552775-devsite.readyship.co/?p=78483" "Mozilla/5.0 AppleWebKit/537.36 (KHTML, like Gecko; compatible; GPTBot/1.3; +https://openai.com/gptbot)"
15.158.239.101 - - [08/Apr/2026:11:06:12 +0000] "GET /index.php?format=xml&rest_route=%2Foembed%2F1.0%2Fembed&url=https%3A%2F%2F69b4844ae61d4e92bf26ad98af552775-devsite.readyship.co%2F%3Fp%3D71508 HTTP/1.1" 403 - "https://69b4844ae61d4e92bf26ad98af552775-devsite.readyship.co/?p=71508" "Mozilla/5.0 AppleWebKit/537.36 (KHTML, like Gecko; compatible; GPTBot/1.3; +https://openai.com/gptbot)"
15.158.239.103 - - [08/Apr/2026:11:06:13 +0000] "GET /index.php?format=xml&rest_route=%2Foembed%2F1.0%2Fembed&url=https%3A%2F%2F69b4844ae61d4e92bf26ad98af552775-devsite.readyship.co%2F%3Fp%3D79671 HTTP/1.1" 403 - "https://69b4844ae61d4e92bf26ad98af552775-devsite.readyship.co/?p=79671" "Mozilla/5.0 AppleWebKit/537.36 (KHTML, like Gecko; compatible; GPTBot/1.3; +https://openai.com/gptbot)"
15.158.239.101 - - [08/Apr/2026:11:06:13 +0000] "GET /index.php?format=xml&rest_route=%2Foembed%2F1.0%2Fembed&url=https%3A%2F%2F69b4844ae61d4e92bf26ad98af552775-devsite.readyship.co%2F%3Fp%3D73381 HTTP/1.1" 403 - "https://69b4844ae61d4e92bf26ad98af552775-devsite.readyship.co/?p=73381" "Mozilla/5.0 AppleWebKit/537.36 (KHTML, like Gecko; compatible; GPTBot/1.3; +https://openai.com/gptbot)"
15.158.239.101 - - [08/Apr/2026:11:06:14 +0000] "GET /index.php?format=xml&rest_route=%2Foembed%2F1.0%2Fembed&url=https%3A%2F%2F69b4844ae61d4e92bf26ad98af552775-devsite.readyship.co%2F%3Fp%3D75714 HTTP/1.1" 403 - "https://69b4844ae61d4e92bf26ad98af552775-devsite.readyship.co/?p=75714" "Mozilla/5.0 AppleWebKit/537.36 (KHTML, like Gecko; compatible; GPTBot/1.3; +https://openai.com/gptbot)"
15.158.239.103 - - [08/Apr/2026:11:06:15 +0000] "GET /index.php?format=xml&rest_route=%2Foembed%2F1.0%2Fembed&url=https%3A%2F%2F69b4844ae61d4e92bf26ad98af552775-devsite.readyship.co%2F%3Fp%3D17723 HTTP/1.1" 403 - "https://69b4844ae61d4e92bf26ad98af552775-devsite.readyship.co/?p=17723" "Mozilla/5.0 AppleWebKit/537.36 (KHTML, like Gecko; compatible; GPTBot/1.3; +https://openai.com/gptbot)"
64.252.74.231 - - [08/Apr/2026:11:06:15 +0000] "GET /?p=56657 HTTP/1.1" 200 14496 "-" "Amazon CloudFront"
64.252.74.231 - - [08/Apr/2026:11:06:16 +0000] "GET /?p=56672 HTTP/1.1" 200 14749 "-" "Amazon CloudFront"
64.252.76.63 - - [08/Apr/2026:11:06:17 +0000] "GET /?p=56684 HTTP/1.1" 200 14604 "-" "Amazon CloudFront"
64.252.76.100 - - [08/Apr/2026:11:06:18 +0000] "GET /?p=56650 HTTP/1.1" 200 14308 "-" "Amazon CloudFront"
64.252.76.100 - - [08/Apr/2026:11:06:19 +0000] "GET /?p=56653 HTTP/1.1" 200 14642 "-" "Amazon CloudFront"
64.252.76.100 - - [08/Apr/2026:11:06:21 +0000] "GET /?p=56680 HTTP/1.1" 200 14615 "-" "Amazon CloudFront"
15.158.215.109 - - [08/Apr/2026:11:06:22 +0000] "POST /wp-cron.php?doing_wp_cron=1775646382.6345670223236083984375 HTTP/1.1" 200 - "https://69b4844ae61d4e92bf26ad98af552775-devsite.readyship.co/wp-cron.php?doing_wp_cron=1775646382.6345670223236083984375" "WordPress/5.1.19; https://69b4844ae61d4e92bf26ad98af552775-devsite.readyship.co"
64.252.74.231 - - [08/Apr/2026:11:06:22 +0000] "GET /?p=56685 HTTP/1.1" 200 14812 "-" "Amazon CloudFront"
64.252.74.231 - - [08/Apr/2026:11:06:23 +0000] "GET /?p=56651 HTTP/1.1" 200 14934 "-" "Amazon CloudFront"
64.252.76.100 - - [08/Apr/2026:11:06:24 +0000] "GET /?author=2&paged=2005 HTTP/1.1" 200 11316 "-" "Amazon CloudFront"
64.252.76.100 - - [08/Apr/2026:11:06:26 +0000] "GET /?author=2&paged=2004 HTTP/1.1" 200 11301 "-" "Amazon CloudFront"
64.252.74.231 - - [08/Apr/2026:11:06:27 +0000] "GET /?p=56667 HTTP/1.1" 200 14322 "-" "Amazon CloudFront"
64.252.76.63 - - [08/Apr/2026:11:06:28 +0000] "GET /?p=56669 HTTP/1.1" 200 14582 "-" "Amazon CloudFront"
64.252.76.100 - - [08/Apr/2026:11:06:29 +0000] "GET /?p=56668 HTTP/1.1" 200 14419 "-" "Amazon CloudFront"
64.252.76.63 - - [08/Apr/2026:11:06:30 +0000] "GET /?p=56662 HTTP/1.1" 200 14885 "-" "Amazon CloudFront"
64.252.76.100 - - [08/Apr/2026:11:06:31 +0000] "GET /?p=56663 HTTP/1.1" 200 14732 "-" "Amazon CloudFront"
64.252.76.100 - - [08/Apr/2026:11:06:32 +0000] "GET /?p=56661 HTTP/1.1" 200 14329 "-" "Amazon CloudFront"
64.252.76.100 - - [08/Apr/2026:11:06:34 +0000] "GET /?p=56665 HTTP/1.1" 200 14512 "-" "Amazon CloudFront"
15.158.239.104 - - [08/Apr/2026:11:06:35 +0000] "GET /index.php?format=xml&rest_route=%2Foembed%2F1.0%2Fembed&url=https%3A%2F%2F69b4844ae61d4e92bf26ad98af552775-devsite.readyship.co%2F%3Fp%3D64640 HTTP/1.1" 403 - "https://69b4844ae61d4e92bf26ad98af552775-devsite.readyship.co/?p=64640" "Mozilla/5.0 AppleWebKit/537.36 (KHTML, like Gecko; compatible; GPTBot/1.3; +https://openai.com/gptbot)"
15.158.239.104 - - [08/Apr/2026:11:06:35 +0000] "GET /index.php?format=xml&rest_route=%2Foembed%2F1.0%2Fembed&url=https%3A%2F%2F69b4844ae61d4e92bf26ad98af552775-devsite.readyship.co%2F%3Fp%3D78955 HTTP/1.1" 403 - "https://69b4844ae61d4e92bf26ad98af552775-devsite.readyship.co/?p=78955" "Mozilla/5.0 AppleWebKit/537.36 (KHTML, like Gecko; compatible; GPTBot/1.3; +https://openai.com/gptbot)"
64.252.67.128 - - [08/Apr/2026:11:06:35 +0000] "GET /?p=6892 HTTP/1.1" 200 22096 "-" "Amazon CloudFront"
64.252.74.231 - - [08/Apr/2026:11:06:36 +0000] "GET /?p=56629 HTTP/1.1" 200 14743 "-" "Amazon CloudFront"
64.252.76.63 - - [08/Apr/2026:11:06:37 +0000] "GET /?p=56603 HTTP/1.1" 200 14198 "-" "Amazon CloudFront"
64.252.74.231 - - [08/Apr/2026:11:06:38 +0000] "GET /?p=56630 HTTP/1.1" 200 14965 "-" "Amazon CloudFront"
64.252.74.231 - - [08/Apr/2026:11:06:39 +0000] "GET /?p=56642 HTTP/1.1" 200 14502 "-" "Amazon CloudFront"
64.252.74.231 - - [08/Apr/2026:11:06:40 +0000] "GET /?p=56643 HTTP/1.1" 200 15642 "-" "Amazon CloudFront"
64.252.76.63 - - [08/Apr/2026:11:06:40 +0000] "GET /?cat=1&paged=3459 HTTP/1.1" 200 11158 "-" "Amazon CloudFront"
64.252.76.63 - - [08/Apr/2026:11:06:41 +0000] "GET /?p=56632 HTTP/1.1" 200 14605 "-" "Amazon CloudFront"
64.252.76.63 - - [08/Apr/2026:11:06:42 +0000] "GET /?p=56607 HTTP/1.1" 200 14473 "-" "Amazon CloudFront"
64.252.76.100 - - [08/Apr/2026:11:06:43 +0000] "GET /?p=56637 HTTP/1.1" 200 14786 "-" "Amazon CloudFront"
64.252.74.231 - - [08/Apr/2026:11:06:45 +0000] "GET /?p=56622 HTTP/1.1" 200 14314 "-" "Amazon CloudFront"
64.252.74.231 - - [08/Apr/2026:11:06:46 +0000] "GET /?p=56640 HTTP/1.1" 200 14570 "-" "Amazon CloudFront"
64.252.66.105 - - [08/Apr/2026:11:06:46 +0000] "GET /?page_id=2807&paged=4345 HTTP/1.1" 200 11285 "-" "Amazon CloudFront"
64.252.76.100 - - [08/Apr/2026:11:06:47 +0000] "GET /?p=56624 HTTP/1.1" 200 14072 "-" "Amazon CloudFront"
64.252.76.100 - - [08/Apr/2026:11:06:48 +0000] "GET /?p=56620 HTTP/1.1" 200 14861 "-" "Amazon CloudFront"
64.252.76.63 - - [08/Apr/2026:11:06:49 +0000] "GET /?feed=rss2&p=56603 HTTP/1.1" 200 508 "-" "Amazon CloudFront"
64.252.74.231 - - [08/Apr/2026:11:06:50 +0000] "GET /?p=56654 HTTP/1.1" 200 15601 "-" "Amazon CloudFront"
64.252.74.231 - - [08/Apr/2026:11:06:51 +0000] "GET /?p=56641 HTTP/1.1" 200 14804 "-" "Amazon CloudFront"
64.252.76.100 - - [08/Apr/2026:11:06:52 +0000] "GET /?p=56605 HTTP/1.1" 200 14588 "-" "Amazon CloudFront"
