64.252.85.152 - - [08/Apr/2026:09:05:13 +0000] "GET /?p=65180 HTTP/1.1" 200 14630 "-" "Amazon CloudFront"
64.252.83.165 - - [08/Apr/2026:09:05:15 +0000] "GET /?p=65093 HTTP/1.1" 200 14398 "-" "Amazon CloudFront"
64.252.82.241 - - [08/Apr/2026:09:05:16 +0000] "GET /?p=65190 HTTP/1.1" 200 14573 "-" "Amazon CloudFront"
64.252.85.152 - - [08/Apr/2026:09:05:17 +0000] "GET /?p=65174 HTTP/1.1" 200 14488 "-" "Amazon CloudFront"
64.252.83.165 - - [08/Apr/2026:09:05:18 +0000] "GET /?p=65032 HTTP/1.1" 200 14548 "-" "Amazon CloudFront"
64.252.83.165 - - [08/Apr/2026:09:05:20 +0000] "GET /?p=65134 HTTP/1.1" 200 14520 "-" "Amazon CloudFront"
64.252.83.165 - - [08/Apr/2026:09:05:21 +0000] "GET /?p=65239 HTTP/1.1" 200 14890 "-" "Amazon CloudFront"
15.158.215.109 - - [08/Apr/2026:09:05:23 +0000] "POST /wp-cron.php?doing_wp_cron=1775639123.1302199363708496093750 HTTP/1.1" 200 - "https://69b4844ae61d4e92bf26ad98af552775-devsite.readyship.co/wp-cron.php?doing_wp_cron=1775639123.1302199363708496093750" "WordPress/5.1.19; https://69b4844ae61d4e92bf26ad98af552775-devsite.readyship.co"
64.252.82.241 - - [08/Apr/2026:09:05:22 +0000] "GET /?p=65249 HTTP/1.1" 200 14279 "-" "Amazon CloudFront"
64.252.83.165 - - [08/Apr/2026:09:05:24 +0000] "GET /?author=2&paged=1580 HTTP/1.1" 200 11243 "-" "Amazon CloudFront"
64.252.83.165 - - [08/Apr/2026:09:05:25 +0000] "GET /?p=65194 HTTP/1.1" 200 14672 "-" "Amazon CloudFront"
64.252.82.241 - - [08/Apr/2026:09:05:26 +0000] "GET /?author=2&paged=1579 HTTP/1.1" 200 11341 "-" "Amazon CloudFront"
15.158.243.79 - - [08/Apr/2026:09:05:28 +0000] "GET /index.php?format=xml&rest_route=%2Foembed%2F1.0%2Fembed&url=https%3A%2F%2F69b4844ae61d4e92bf26ad98af552775-devsite.readyship.co%2F%3Fp%3D8958 HTTP/1.1" 403 - "https://69b4844ae61d4e92bf26ad98af552775-devsite.readyship.co/?p=8958" "Mozilla/5.0 AppleWebKit/537.36 (KHTML, like Gecko; compatible; GPTBot/1.3; +https://openai.com/gptbot)"
15.158.243.79 - - [08/Apr/2026:09:05:28 +0000] "GET /index.php?format=xml&rest_route=%2Foembed%2F1.0%2Fembed&url=https%3A%2F%2F69b4844ae61d4e92bf26ad98af552775-devsite.readyship.co%2F%3Fp%3D9905 HTTP/1.1" 403 - "https://69b4844ae61d4e92bf26ad98af552775-devsite.readyship.co/?p=9905" "Mozilla/5.0 AppleWebKit/537.36 (KHTML, like Gecko; compatible; GPTBot/1.3; +https://openai.com/gptbot)"
15.158.243.72 - - [08/Apr/2026:09:05:29 +0000] "GET /index.php?rest_route=%2Foembed%2F1.0%2Fembed&url=https%3A%2F%2F69b4844ae61d4e92bf26ad98af552775-devsite.readyship.co%2F%3Fp%3D65190 HTTP/1.1" 403 - "https://69b4844ae61d4e92bf26ad98af552775-devsite.readyship.co/?p=65190" "Mozilla/5.0 AppleWebKit/537.36 (KHTML, like Gecko; compatible; GPTBot/1.3; +https://openai.com/gptbot)"
15.158.243.111 - - [08/Apr/2026:09:05:30 +0000] "GET /index.php?format=xml&rest_route=%2Foembed%2F1.0%2Fembed&url=https%3A%2F%2F69b4844ae61d4e92bf26ad98af552775-devsite.readyship.co%2F%3Fp%3D5956 HTTP/1.1" 403 - "https://69b4844ae61d4e92bf26ad98af552775-devsite.readyship.co/?p=5956" "Mozilla/5.0 AppleWebKit/537.36 (KHTML, like Gecko; compatible; GPTBot/1.3; +https://openai.com/gptbot)"
15.158.243.111 - - [08/Apr/2026:09:05:30 +0000] "GET /index.php?format=xml&rest_route=%2Foembed%2F1.0%2Fembed&url=https%3A%2F%2F69b4844ae61d4e92bf26ad98af552775-devsite.readyship.co%2F%3Fp%3D5939 HTTP/1.1" 403 - "https://69b4844ae61d4e92bf26ad98af552775-devsite.readyship.co/?p=5939" "Mozilla/5.0 AppleWebKit/537.36 (KHTML, like Gecko; compatible; GPTBot/1.3; +https://openai.com/gptbot)"
15.158.243.111 - - [08/Apr/2026:09:05:30 +0000] "GET /index.php?format=xml&rest_route=%2Foembed%2F1.0%2Fembed&url=https%3A%2F%2F69b4844ae61d4e92bf26ad98af552775-devsite.readyship.co%2F%3Fp%3D6631 HTTP/1.1" 403 - "https://69b4844ae61d4e92bf26ad98af552775-devsite.readyship.co/?p=6631" "Mozilla/5.0 AppleWebKit/537.36 (KHTML, like Gecko; compatible; GPTBot/1.3; +https://openai.com/gptbot)"
15.158.243.111 - - [08/Apr/2026:09:05:31 +0000] "GET /index.php?format=xml&rest_route=%2Foembed%2F1.0%2Fembed&url=https%3A%2F%2F69b4844ae61d4e92bf26ad98af552775-devsite.readyship.co%2F%3Fp%3D6811 HTTP/1.1" 403 - "https://69b4844ae61d4e92bf26ad98af552775-devsite.readyship.co/?p=6811" "Mozilla/5.0 AppleWebKit/537.36 (KHTML, like Gecko; compatible; GPTBot/1.3; +https://openai.com/gptbot)"
15.158.243.72 - - [08/Apr/2026:09:05:31 +0000] "GET /index.php?format=xml&rest_route=%2Foembed%2F1.0%2Fembed&url=https%3A%2F%2F69b4844ae61d4e92bf26ad98af552775-devsite.readyship.co%2F%3Fp%3D9976 HTTP/1.1" 403 - "https://69b4844ae61d4e92bf26ad98af552775-devsite.readyship.co/?p=9976" "Mozilla/5.0 AppleWebKit/537.36 (KHTML, like Gecko; compatible; GPTBot/1.3; +https://openai.com/gptbot)"
64.252.83.165 - - [08/Apr/2026:09:05:32 +0000] "GET /?p=65046 HTTP/1.1" 200 14142 "-" "Amazon CloudFront"
64.252.82.241 - - [08/Apr/2026:09:05:33 +0000] "GET /?p=65085 HTTP/1.1" 200 14453 "-" "Amazon CloudFront"
64.252.82.241 - - [08/Apr/2026:09:05:35 +0000] "GET /?p=65150 HTTP/1.1" 200 14430 "-" "Amazon CloudFront"
64.252.85.152 - - [08/Apr/2026:09:05:36 +0000] "GET /?p=65053 HTTP/1.1" 200 14752 "-" "Amazon CloudFront"
64.252.85.152 - - [08/Apr/2026:09:05:37 +0000] "GET /?p=65125 HTTP/1.1" 200 14613 "-" "Amazon CloudFront"
64.252.83.165 - - [08/Apr/2026:09:05:38 +0000] "GET /?p=65051 HTTP/1.1" 200 14714 "-" "Amazon CloudFront"
64.252.85.152 - - [08/Apr/2026:09:05:40 +0000] "GET /?p=65164 HTTP/1.1" 200 14638 "-" "Amazon CloudFront"
64.252.82.241 - - [08/Apr/2026:09:05:41 +0000] "GET /?p=65159 HTTP/1.1" 200 14224 "-" "Amazon CloudFront"
64.252.82.241 - - [08/Apr/2026:09:05:42 +0000] "GET /?p=64992 HTTP/1.1" 200 15980 "-" "Amazon CloudFront"
64.252.85.152 - - [08/Apr/2026:09:05:43 +0000] "GET /?p=65095 HTTP/1.1" 200 14731 "-" "Amazon CloudFront"
64.252.85.152 - - [08/Apr/2026:09:05:44 +0000] "GET /?p=65057 HTTP/1.1" 200 15030 "-" "Amazon CloudFront"
64.252.83.165 - - [08/Apr/2026:09:05:46 +0000] "GET /?p=65099 HTTP/1.1" 200 14598 "-" "Amazon CloudFront"
64.252.82.241 - - [08/Apr/2026:09:05:47 +0000] "GET /?p=65153 HTTP/1.1" 200 14392 "-" "Amazon CloudFront"
64.252.83.165 - - [08/Apr/2026:09:05:48 +0000] "GET /?p=65126 HTTP/1.1" 200 14405 "-" "Amazon CloudFront"
64.252.82.241 - - [08/Apr/2026:09:05:49 +0000] "GET /?p=65149 HTTP/1.1" 200 14456 "-" "Amazon CloudFront"
64.252.82.241 - - [08/Apr/2026:09:05:51 +0000] "GET /?p=64931 HTTP/1.1" 200 14662 "-" "Amazon CloudFront"
64.252.82.241 - - [08/Apr/2026:09:05:52 +0000] "GET /?p=65173 HTTP/1.1" 200 14273 "-" "Amazon CloudFront"
64.252.82.241 - - [08/Apr/2026:09:05:53 +0000] "GET /?p=65041 HTTP/1.1" 200 14417 "-" "Amazon CloudFront"
64.252.82.241 - - [08/Apr/2026:09:05:54 +0000] "GET /?author=2&paged=1581 HTTP/1.1" 200 11402 "-" "Amazon CloudFront"
64.252.85.152 - - [08/Apr/2026:09:05:56 +0000] "GET /?author=2&paged=1582 HTTP/1.1" 200 11241 "-" "Amazon CloudFront"
15.158.243.79 - - [08/Apr/2026:09:05:57 +0000] "GET /index.php?format=xml&rest_route=%2Foembed%2F1.0%2Fembed&url=https%3A%2F%2F69b4844ae61d4e92bf26ad98af552775-devsite.readyship.co%2F%3Fp%3D8089 HTTP/1.1" 403 - "https://69b4844ae61d4e92bf26ad98af552775-devsite.readyship.co/?p=8089" "Mozilla/5.0 AppleWebKit/537.36 (KHTML, like Gecko; compatible; GPTBot/1.3; +https://openai.com/gptbot)"
15.158.243.79 - - [08/Apr/2026:09:05:57 +0000] "GET /index.php?format=xml&rest_route=%2Foembed%2F1.0%2Fembed&url=https%3A%2F%2F69b4844ae61d4e92bf26ad98af552775-devsite.readyship.co%2F%3Fp%3D7299 HTTP/1.1" 403 - "https://69b4844ae61d4e92bf26ad98af552775-devsite.readyship.co/?p=7299" "Mozilla/5.0 AppleWebKit/537.36 (KHTML, like Gecko; compatible; GPTBot/1.3; +https://openai.com/gptbot)"
15.158.243.72 - - [08/Apr/2026:09:05:58 +0000] "GET /index.php?format=xml&rest_route=%2Foembed%2F1.0%2Fembed&url=https%3A%2F%2F69b4844ae61d4e92bf26ad98af552775-devsite.readyship.co%2F%3Fp%3D7944 HTTP/1.1" 403 - "https://69b4844ae61d4e92bf26ad98af552775-devsite.readyship.co/?p=7944" "Mozilla/5.0 AppleWebKit/537.36 (KHTML, like Gecko; compatible; GPTBot/1.3; +https://openai.com/gptbot)"
64.252.83.165 - - [08/Apr/2026:09:05:59 +0000] "GET /?p=65122 HTTP/1.1" 200 14756 "-" "Amazon CloudFront"
15.158.243.72 - - [08/Apr/2026:09:06:00 +0000] "GET /index.php?format=xml&rest_route=%2Foembed%2F1.0%2Fembed&url=https%3A%2F%2F69b4844ae61d4e92bf26ad98af552775-devsite.readyship.co%2F%3Fp%3D6114 HTTP/1.1" 403 - "https://69b4844ae61d4e92bf26ad98af552775-devsite.readyship.co/?p=6114" "Mozilla/5.0 AppleWebKit/537.36 (KHTML, like Gecko; compatible; GPTBot/1.3; +https://openai.com/gptbot)"
15.158.243.72 - - [08/Apr/2026:09:06:00 +0000] "GET /index.php?format=xml&rest_route=%2Foembed%2F1.0%2Fembed&url=https%3A%2F%2F69b4844ae61d4e92bf26ad98af552775-devsite.readyship.co%2F%3Fp%3D8636 HTTP/1.1" 403 - "https://69b4844ae61d4e92bf26ad98af552775-devsite.readyship.co/?p=8636" "Mozilla/5.0 AppleWebKit/537.36 (KHTML, like Gecko; compatible; GPTBot/1.3; +https://openai.com/gptbot)"
15.158.243.72 - - [08/Apr/2026:09:06:01 +0000] "GET /index.php?format=xml&rest_route=%2Foembed%2F1.0%2Fembed&url=https%3A%2F%2F69b4844ae61d4e92bf26ad98af552775-devsite.readyship.co%2F%3Fp%3D6299 HTTP/1.1" 403 - "https://69b4844ae61d4e92bf26ad98af552775-devsite.readyship.co/?p=6299" "Mozilla/5.0 AppleWebKit/537.36 (KHTML, like Gecko; compatible; GPTBot/1.3; +https://openai.com/gptbot)"
15.158.243.72 - - [08/Apr/2026:09:06:01 +0000] "GET /index.php?format=xml&rest_route=%2Foembed%2F1.0%2Fembed&url=https%3A%2F%2F69b4844ae61d4e92bf26ad98af552775-devsite.readyship.co%2F%3Fp%3D9739 HTTP/1.1" 403 - "https://69b4844ae61d4e92bf26ad98af552775-devsite.readyship.co/?p=9739" "Mozilla/5.0 AppleWebKit/537.36 (KHTML, like Gecko; compatible; GPTBot/1.3; +https://openai.com/gptbot)"
15.158.243.102 - - [08/Apr/2026:09:06:02 +0000] "GET /index.php?format=xml&rest_route=%2Foembed%2F1.0%2Fembed&url=https%3A%2F%2F69b4844ae61d4e92bf26ad98af552775-devsite.readyship.co%2F%3Fp%3D8404 HTTP/1.1" 403 - "https://69b4844ae61d4e92bf26ad98af552775-devsite.readyship.co/?p=8404" "Mozilla/5.0 AppleWebKit/537.36 (KHTML, like Gecko; compatible; GPTBot/1.3; +https://openai.com/gptbot)"
64.252.82.241 - - [08/Apr/2026:09:06:02 +0000] "GET /?p=65116 HTTP/1.1" 200 15987 "-" "Amazon CloudFront"
64.252.82.241 - - [08/Apr/2026:09:06:04 +0000] "GET /?p=64961 HTTP/1.1" 200 14882 "-" "Amazon CloudFront"
64.252.82.241 - - [08/Apr/2026:09:06:05 +0000] "GET /?p=65052 HTTP/1.1" 200 14403 "-" "Amazon CloudFront"
64.252.85.152 - - [08/Apr/2026:09:06:06 +0000] "GET /?p=64965 HTTP/1.1" 200 14787 "-" "Amazon CloudFront"
64.252.85.152 - - [08/Apr/2026:09:06:08 +0000] "GET /?p=65069 HTTP/1.1" 200 14734 "-" "Amazon CloudFront"
64.252.82.241 - - [08/Apr/2026:09:06:09 +0000] "GET /?p=65110 HTTP/1.1" 200 14276 "-" "Amazon CloudFront"
64.252.85.152 - - [08/Apr/2026:09:06:10 +0000] "GET /?p=65181 HTTP/1.1" 200 14465 "-" "Amazon CloudFront"
64.252.82.241 - - [08/Apr/2026:09:06:11 +0000] "GET /?p=65011 HTTP/1.1" 200 14262 "-" "Amazon CloudFront"
64.252.85.152 - - [08/Apr/2026:09:06:13 +0000] "GET /?p=65105 HTTP/1.1" 200 14463 "-" "Amazon CloudFront"
64.252.82.241 - - [08/Apr/2026:09:06:14 +0000] "GET /?p=65020 HTTP/1.1" 200 15091 "-" "Amazon CloudFront"
15.158.243.79 - - [08/Apr/2026:09:06:15 +0000] "GET /index.php?rest_route=%2Foembed%2F1.0%2Fembed&url=https%3A%2F%2F69b4844ae61d4e92bf26ad98af552775-devsite.readyship.co%2F%3Fp%3D65105 HTTP/1.1" 403 - "https://69b4844ae61d4e92bf26ad98af552775-devsite.readyship.co/?p=65105" "Mozilla/5.0 AppleWebKit/537.36 (KHTML, like Gecko; compatible; GPTBot/1.3; +https://openai.com/gptbot)"
15.158.243.111 - - [08/Apr/2026:09:06:16 +0000] "GET /index.php?format=xml&rest_route=%2Foembed%2F1.0%2Fembed&url=https%3A%2F%2F69b4844ae61d4e92bf26ad98af552775-devsite.readyship.co%2F%3Fp%3D65105 HTTP/1.1" 403 - "https://69b4844ae61d4e92bf26ad98af552775-devsite.readyship.co/?p=65105" "Mozilla/5.0 AppleWebKit/537.36 (KHTML, like Gecko; compatible; GPTBot/1.3; +https://openai.com/gptbot)"
64.252.82.241 - - [08/Apr/2026:09:06:16 +0000] "GET /?p=65039 HTTP/1.1" 200 14611 "-" "Amazon CloudFront"
64.252.85.152 - - [08/Apr/2026:09:06:17 +0000] "GET /?p=65034 HTTP/1.1" 200 14394 "-" "Amazon CloudFront"
64.252.68.163 - - [08/Apr/2026:09:06:18 +0000] "GET /?p=14015 HTTP/1.1" 200 14699 "-" "Amazon CloudFront"
64.252.82.241 - - [08/Apr/2026:09:06:19 +0000] "GET /?p=64951 HTTP/1.1" 200 14182 "-" "Amazon CloudFront"
64.252.83.165 - - [08/Apr/2026:09:06:20 +0000] "GET /?p=65156 HTTP/1.1" 200 14248 "-" "Amazon CloudFront"
15.158.215.109 - - [08/Apr/2026:09:06:22 +0000] "POST /wp-cron.php?doing_wp_cron=1775639182.2202138900756835937500 HTTP/1.1" 200 - "https://69b4844ae61d4e92bf26ad98af552775-devsite.readyship.co/wp-cron.php?doing_wp_cron=1775639182.2202138900756835937500" "WordPress/5.1.19; https://69b4844ae61d4e92bf26ad98af552775-devsite.readyship.co"
64.252.82.241 - - [08/Apr/2026:09:06:21 +0000] "GET /?p=65021 HTTP/1.1" 200 14539 "-" "Amazon CloudFront"
64.252.83.165 - - [08/Apr/2026:09:06:23 +0000] "GET /?p=65104 HTTP/1.1" 200 14696 "-" "Amazon CloudFront"
64.252.85.152 - - [08/Apr/2026:09:06:24 +0000] "GET /?p=65073 HTTP/1.1" 200 14415 "-" "Amazon CloudFront"
64.252.83.165 - - [08/Apr/2026:09:06:26 +0000] "GET /?p=65094 HTTP/1.1" 200 14161 "-" "Amazon CloudFront"
64.252.85.152 - - [08/Apr/2026:09:06:27 +0000] "GET /?p=65179 HTTP/1.1" 200 14541 "-" "Amazon CloudFront"
64.252.82.241 - - [08/Apr/2026:09:06:28 +0000] "GET /?author=2&paged=1583 HTTP/1.1" 200 11402 "-" "Amazon CloudFront"
64.252.83.165 - - [08/Apr/2026:09:06:29 +0000] "GET /?author=2&paged=1584 HTTP/1.1" 200 11280 "-" "Amazon CloudFront"
15.158.243.79 - - [08/Apr/2026:09:06:31 +0000] "GET /index.php?format=xml&rest_route=%2Foembed%2F1.0%2Fembed&url=https%3A%2F%2F69b4844ae61d4e92bf26ad98af552775-devsite.readyship.co%2F%3Fp%3D5889 HTTP/1.1" 403 - "https://69b4844ae61d4e92bf26ad98af552775-devsite.readyship.co/?p=5889" "Mozilla/5.0 AppleWebKit/537.36 (KHTML, like Gecko; compatible; GPTBot/1.3; +https://openai.com/gptbot)"
15.158.243.79 - - [08/Apr/2026:09:06:31 +0000] "GET /index.php?format=xml&rest_route=%2Foembed%2F1.0%2Fembed&url=https%3A%2F%2F69b4844ae61d4e92bf26ad98af552775-devsite.readyship.co%2F%3Fp%3D5915 HTTP/1.1" 403 - "https://69b4844ae61d4e92bf26ad98af552775-devsite.readyship.co/?p=5915" "Mozilla/5.0 AppleWebKit/537.36 (KHTML, like Gecko; compatible; GPTBot/1.3; +https://openai.com/gptbot)"
15.158.243.111 - - [08/Apr/2026:09:06:32 +0000] "GET /index.php?format=xml&rest_route=%2Foembed%2F1.0%2Fembed&url=https%3A%2F%2F69b4844ae61d4e92bf26ad98af552775-devsite.readyship.co%2F%3Fp%3D5524 HTTP/1.1" 403 - "https://69b4844ae61d4e92bf26ad98af552775-devsite.readyship.co/?p=5524" "Mozilla/5.0 AppleWebKit/537.36 (KHTML, like Gecko; compatible; GPTBot/1.3; +https://openai.com/gptbot)"
64.252.85.152 - - [08/Apr/2026:09:06:32 +0000] "GET /?p=65129 HTTP/1.1" 200 15530 "-" "Amazon CloudFront"
15.158.243.111 - - [08/Apr/2026:09:06:34 +0000] "GET /index.php?format=xml&rest_route=%2Foembed%2F1.0%2Fembed&url=https%3A%2F%2F69b4844ae61d4e92bf26ad98af552775-devsite.readyship.co%2F%3Fp%3D8876 HTTP/1.1" 403 - "https://69b4844ae61d4e92bf26ad98af552775-devsite.readyship.co/?p=8876" "Mozilla/5.0 AppleWebKit/537.36 (KHTML, like Gecko; compatible; GPTBot/1.3; +https://openai.com/gptbot)"
15.158.243.72 - - [08/Apr/2026:09:06:34 +0000] "GET /index.php?format=xml&rest_route=%2Foembed%2F1.0%2Fembed&url=https%3A%2F%2F69b4844ae61d4e92bf26ad98af552775-devsite.readyship.co%2F%3Fp%3D7929 HTTP/1.1" 403 - "https://69b4844ae61d4e92bf26ad98af552775-devsite.readyship.co/?p=7929" "Mozilla/5.0 AppleWebKit/537.36 (KHTML, like Gecko; compatible; GPTBot/1.3; +https://openai.com/gptbot)"
15.158.243.111 - - [08/Apr/2026:09:06:35 +0000] "GET /index.php?format=xml&rest_route=%2Foembed%2F1.0%2Fembed&url=https%3A%2F%2F69b4844ae61d4e92bf26ad98af552775-devsite.readyship.co%2F%3Fp%3D7173 HTTP/1.1" 403 - "https://69b4844ae61d4e92bf26ad98af552775-devsite.readyship.co/?p=7173" "Mozilla/5.0 AppleWebKit/537.36 (KHTML, like Gecko; compatible; GPTBot/1.3; +https://openai.com/gptbot)"
15.158.243.72 - - [08/Apr/2026:09:06:35 +0000] "GET /index.php?format=xml&rest_route=%2Foembed%2F1.0%2Fembed&url=https%3A%2F%2F69b4844ae61d4e92bf26ad98af552775-devsite.readyship.co%2F%3Fp%3D6989 HTTP/1.1" 403 - "https://69b4844ae61d4e92bf26ad98af552775-devsite.readyship.co/?p=6989" "Mozilla/5.0 AppleWebKit/537.36 (KHTML, like Gecko; compatible; GPTBot/1.3; +https://openai.com/gptbot)"
15.158.243.102 - - [08/Apr/2026:09:06:36 +0000] "GET /index.php?format=xml&rest_route=%2Foembed%2F1.0%2Fembed&url=https%3A%2F%2F69b4844ae61d4e92bf26ad98af552775-devsite.readyship.co%2F%3Fp%3D6069 HTTP/1.1" 403 - "https://69b4844ae61d4e92bf26ad98af552775-devsite.readyship.co/?p=6069" "Mozilla/5.0 AppleWebKit/537.36 (KHTML, like Gecko; compatible; GPTBot/1.3; +https://openai.com/gptbot)"
64.252.85.152 - - [08/Apr/2026:09:06:36 +0000] "GET /?p=64934 HTTP/1.1" 200 14405 "-" "Amazon CloudFront"
64.252.82.241 - - [08/Apr/2026:09:06:38 +0000] "GET /?p=65003 HTTP/1.1" 200 16481 "-" "Amazon CloudFront"
64.252.82.241 - - [08/Apr/2026:09:06:39 +0000] "GET /?p=65005 HTTP/1.1" 200 15654 "-" "Amazon CloudFront"
64.252.66.105 - - [08/Apr/2026:09:06:39 +0000] "GET /?p=44336 HTTP/1.1" 200 23714 "-" "Amazon CloudFront"
64.252.85.152 - - [08/Apr/2026:09:06:40 +0000] "GET /?p=64922 HTTP/1.1" 200 14684 "-" "Amazon CloudFront"
64.252.83.165 - - [08/Apr/2026:09:06:41 +0000] "GET /?p=65010 HTTP/1.1" 200 14989 "-" "Amazon CloudFront"
64.252.82.241 - - [08/Apr/2026:09:06:43 +0000] "GET /?p=65151 HTTP/1.1" 200 14645 "-" "Amazon CloudFront"
64.252.83.165 - - [08/Apr/2026:09:06:44 +0000] "GET /?p=65045 HTTP/1.1" 200 14410 "-" "Amazon CloudFront"
64.252.67.128 - - [08/Apr/2026:09:06:45 +0000] "GET /?p=13037 HTTP/1.1" 200 13993 "-" "Amazon CloudFront"
64.252.85.152 - - [08/Apr/2026:09:06:45 +0000] "GET /?p=65013 HTTP/1.1" 200 14654 "-" "Amazon CloudFront"
64.252.82.241 - - [08/Apr/2026:09:06:46 +0000] "GET /?p=65072 HTTP/1.1" 200 14435 "-" "Amazon CloudFront"
64.252.85.152 - - [08/Apr/2026:09:06:48 +0000] "GET /?p=65089 HTTP/1.1" 200 14217 "-" "Amazon CloudFront"
64.252.83.165 - - [08/Apr/2026:09:06:49 +0000] "GET /?p=64925 HTTP/1.1" 200 14781 "-" "Amazon CloudFront"
64.252.82.241 - - [08/Apr/2026:09:06:50 +0000] "GET /?p=64927 HTTP/1.1" 200 14587 "-" "Amazon CloudFront"
64.252.82.241 - - [08/Apr/2026:09:06:52 +0000] "GET /?p=64980 HTTP/1.1" 200 14552 "-" "Amazon CloudFront"
64.252.83.165 - - [08/Apr/2026:09:06:53 +0000] "GET /?p=65042 HTTP/1.1" 200 14187 "-" "Amazon CloudFront"
64.252.82.241 - - [08/Apr/2026:09:06:54 +0000] "GET /?p=65084 HTTP/1.1" 200 16495 "-" "Amazon CloudFront"
64.252.83.165 - - [08/Apr/2026:09:06:55 +0000] "GET /?p=65074 HTTP/1.1" 200 14523 "-" "Amazon CloudFront"
64.252.85.152 - - [08/Apr/2026:09:06:57 +0000] "GET /?p=65019 HTTP/1.1" 200 14999 "-" "Amazon CloudFront"
64.252.82.241 - - [08/Apr/2026:09:06:58 +0000] "GET /?p=64982 HTTP/1.1" 200 14977 "-" "Amazon CloudFront"
64.252.83.165 - - [08/Apr/2026:09:06:59 +0000] "GET /?author=2&paged=1586 HTTP/1.1" 200 11249 "-" "Amazon CloudFront"
64.252.82.241 - - [08/Apr/2026:09:07:00 +0000] "GET /?author=2&paged=1585 HTTP/1.1" 200 11294 "-" "Amazon CloudFront"
15.158.243.79 - - [08/Apr/2026:09:07:02 +0000] "GET /index.php?format=xml&rest_route=%2Foembed%2F1.0%2Fembed&url=https%3A%2F%2F69b4844ae61d4e92bf26ad98af552775-devsite.readyship.co%2F%3Fp%3D6163 HTTP/1.1" 403 - "https://69b4844ae61d4e92bf26ad98af552775-devsite.readyship.co/?p=6163" "Mozilla/5.0 AppleWebKit/537.36 (KHTML, like Gecko; compatible; GPTBot/1.3; +https://openai.com/gptbot)"
64.252.76.63 - - [08/Apr/2026:09:06:59 +0000] "GET /prizes/109591652/ HTTP/1.1" 200 24291 "-" "Amazon CloudFront"
15.158.243.79 - - [08/Apr/2026:09:07:02 +0000] "GET /index.php?format=xml&rest_route=%2Foembed%2F1.0%2Fembed&url=https%3A%2F%2F69b4844ae61d4e92bf26ad98af552775-devsite.readyship.co%2F%3Fp%3D6775 HTTP/1.1" 403 - "https://69b4844ae61d4e92bf26ad98af552775-devsite.readyship.co/?p=6775" "Mozilla/5.0 AppleWebKit/537.36 (KHTML, like Gecko; compatible; GPTBot/1.3; +https://openai.com/gptbot)"
15.158.243.72 - - [08/Apr/2026:09:07:03 +0000] "GET /index.php?format=xml&rest_route=%2Foembed%2F1.0%2Fembed&url=https%3A%2F%2F69b4844ae61d4e92bf26ad98af552775-devsite.readyship.co%2F%3Fp%3D7556 HTTP/1.1" 403 - "https://69b4844ae61d4e92bf26ad98af552775-devsite.readyship.co/?p=7556" "Mozilla/5.0 AppleWebKit/537.36 (KHTML, like Gecko; compatible; GPTBot/1.3; +https://openai.com/gptbot)"
15.158.243.72 - - [08/Apr/2026:09:07:04 +0000] "GET /index.php?format=xml&rest_route=%2Foembed%2F1.0%2Fembed&url=https%3A%2F%2F69b4844ae61d4e92bf26ad98af552775-devsite.readyship.co%2F%3Fp%3D6826 HTTP/1.1" 403 - "https://69b4844ae61d4e92bf26ad98af552775-devsite.readyship.co/?p=6826" "Mozilla/5.0 AppleWebKit/537.36 (KHTML, like Gecko; compatible; GPTBot/1.3; +https://openai.com/gptbot)"
15.158.243.72 - - [08/Apr/2026:09:07:04 +0000] "GET /index.php?format=xml&rest_route=%2Foembed%2F1.0%2Fembed&url=https%3A%2F%2F69b4844ae61d4e92bf26ad98af552775-devsite.readyship.co%2F%3Fp%3D9585 HTTP/1.1" 403 - "https://69b4844ae61d4e92bf26ad98af552775-devsite.readyship.co/?p=9585" "Mozilla/5.0 AppleWebKit/537.36 (KHTML, like Gecko; compatible; GPTBot/1.3; +https://openai.com/gptbot)"
15.158.243.111 - - [08/Apr/2026:09:07:05 +0000] "GET /index.php?format=xml&rest_route=%2Foembed%2F1.0%2Fembed&url=https%3A%2F%2F69b4844ae61d4e92bf26ad98af552775-devsite.readyship.co%2F%3Fp%3D8768 HTTP/1.1" 403 - "https://69b4844ae61d4e92bf26ad98af552775-devsite.readyship.co/?p=8768" "Mozilla/5.0 AppleWebKit/537.36 (KHTML, like Gecko; compatible; GPTBot/1.3; +https://openai.com/gptbot)"
15.158.243.102 - - [08/Apr/2026:09:07:05 +0000] "GET /index.php?format=xml&rest_route=%2Foembed%2F1.0%2Fembed&url=https%3A%2F%2F69b4844ae61d4e92bf26ad98af552775-devsite.readyship.co%2F%3Fp%3D6860 HTTP/1.1" 403 - "https://69b4844ae61d4e92bf26ad98af552775-devsite.readyship.co/?p=6860" "Mozilla/5.0 AppleWebKit/537.36 (KHTML, like Gecko; compatible; GPTBot/1.3; +https://openai.com/gptbot)"
15.158.243.72 - - [08/Apr/2026:09:07:06 +0000] "GET /index.php?format=xml&rest_route=%2Foembed%2F1.0%2Fembed&url=https%3A%2F%2F69b4844ae61d4e92bf26ad98af552775-devsite.readyship.co%2F%3Fp%3D8485 HTTP/1.1" 403 - "https://69b4844ae61d4e92bf26ad98af552775-devsite.readyship.co/?p=8485" "Mozilla/5.0 AppleWebKit/537.36 (KHTML, like Gecko; compatible; GPTBot/1.3; +https://openai.com/gptbot)"
15.158.243.111 - - [08/Apr/2026:09:07:06 +0000] "GET /index.php?format=xml&rest_route=%2Foembed%2F1.0%2Fembed&url=https%3A%2F%2F69b4844ae61d4e92bf26ad98af552775-devsite.readyship.co%2F%3Fp%3D7499 HTTP/1.1" 403 - "https://69b4844ae61d4e92bf26ad98af552775-devsite.readyship.co/?p=7499" "Mozilla/5.0 AppleWebKit/537.36 (KHTML, like Gecko; compatible; GPTBot/1.3; +https://openai.com/gptbot)"
64.252.76.63 - - [08/Apr/2026:09:07:05 +0000] "GET /?p=39200 HTTP/1.1" 200 17536 "-" "Amazon CloudFront"
64.252.69.192 - - [08/Apr/2026:09:07:05 +0000] "GET /?p=10041 HTTP/1.1" 200 15487 "-" "Amazon CloudFront"
64.252.85.152 - - [08/Apr/2026:09:07:07 +0000] "GET /?p=64995 HTTP/1.1" 200 14656 "-" "Amazon CloudFront"
64.252.68.163 - - [08/Apr/2026:09:07:08 +0000] "GET /?cat=165 HTTP/1.1" 200 9906 "-" "Amazon CloudFront"
64.252.83.165 - - [08/Apr/2026:09:07:08 +0000] "GET /?p=64989 HTTP/1.1" 200 14280 "-" "Amazon CloudFront"
64.252.82.241 - - [08/Apr/2026:09:07:09 +0000] "GET /?p=64988 HTTP/1.1" 200 14514 "-" "Amazon CloudFront"
64.252.76.63 - - [08/Apr/2026:09:07:10 +0000] "GET /prizes/168825723 HTTP/1.1" 301 - "-" "Amazon CloudFront"
64.252.85.152 - - [08/Apr/2026:09:07:10 +0000] "GET /?p=64914 HTTP/1.1" 200 14191 "-" "Amazon CloudFront"
64.252.82.241 - - [08/Apr/2026:09:07:12 +0000] "GET /?p=64986 HTTP/1.1" 200 14521 "-" "Amazon CloudFront"
64.252.76.63 - - [08/Apr/2026:09:07:11 +0000] "GET /prizes/168825723/ HTTP/1.1" 200 24272 "-" "Amazon CloudFront"
64.252.85.152 - - [08/Apr/2026:09:07:13 +0000] "GET /?p=64919 HTTP/1.1" 200 13979 "-" "Amazon CloudFront"
64.252.83.165 - - [08/Apr/2026:09:07:14 +0000] "GET /?p=64906 HTTP/1.1" 200 14427 "-" "Amazon CloudFront"
64.252.82.241 - - [08/Apr/2026:09:07:15 +0000] "GET /?p=64896 HTTP/1.1" 200 14260 "-" "Amazon CloudFront"
64.252.82.241 - - [08/Apr/2026:09:07:17 +0000] "GET /?p=65040 HTTP/1.1" 200 15046 "-" "Amazon CloudFront"
64.252.82.241 - - [08/Apr/2026:09:07:18 +0000] "GET /?p=64984 HTTP/1.1" 200 14516 "-" "Amazon CloudFront"
64.252.83.165 - - [08/Apr/2026:09:07:19 +0000] "GET /?p=64983 HTTP/1.1" 200 14488 "-" "Amazon CloudFront"
64.252.82.241 - - [08/Apr/2026:09:07:20 +0000] "GET /?p=65031 HTTP/1.1" 200 14507 "-" "Amazon CloudFront"
15.158.215.109 - - [08/Apr/2026:09:07:22 +0000] "POST /wp-cron.php?doing_wp_cron=1775639242.4708240032196044921875 HTTP/1.1" 200 - "https://69b4844ae61d4e92bf26ad98af552775-devsite.readyship.co/wp-cron.php?doing_wp_cron=1775639242.4708240032196044921875" "WordPress/5.1.19; https://69b4844ae61d4e92bf26ad98af552775-devsite.readyship.co"
64.252.82.241 - - [08/Apr/2026:09:07:22 +0000] "GET /?p=64902 HTTP/1.1" 200 14979 "-" "Amazon CloudFront"
64.252.85.152 - - [08/Apr/2026:09:07:23 +0000] "GET /?p=64978 HTTP/1.1" 200 16933 "-" "Amazon CloudFront"
64.252.83.165 - - [08/Apr/2026:09:07:25 +0000] "GET /?p=64958 HTTP/1.1" 200 14634 "-" "Amazon CloudFront"
64.252.82.241 - - [08/Apr/2026:09:07:26 +0000] "GET /?p=64905 HTTP/1.1" 200 14471 "-" "Amazon CloudFront"
64.252.85.152 - - [08/Apr/2026:09:07:27 +0000] "GET /?p=65091 HTTP/1.1" 200 14957 "-" "Amazon CloudFront"
64.252.85.152 - - [08/Apr/2026:09:07:28 +0000] "GET /?p=65047 HTTP/1.1" 200 14255 "-" "Amazon CloudFront"
64.252.85.152 - - [08/Apr/2026:09:07:30 +0000] "GET /?p=65082 HTTP/1.1" 200 14782 "-" "Amazon CloudFront"
64.252.82.241 - - [08/Apr/2026:09:07:31 +0000] "GET /?author=2&paged=1587 HTTP/1.1" 200 11316 "-" "Amazon CloudFront"
64.252.83.165 - - [08/Apr/2026:09:07:32 +0000] "GET /?author=2&paged=1588 HTTP/1.1" 200 11378 "-" "Amazon CloudFront"
15.158.243.79 - - [08/Apr/2026:09:07:33 +0000] "GET /index.php?format=xml&rest_route=%2Foembed%2F1.0%2Fembed&url=https%3A%2F%2F69b4844ae61d4e92bf26ad98af552775-devsite.readyship.co%2F%3Fp%3D9892 HTTP/1.1" 403 - "https://69b4844ae61d4e92bf26ad98af552775-devsite.readyship.co/?p=9892" "Mozilla/5.0 AppleWebKit/537.36 (KHTML, like Gecko; compatible; GPTBot/1.3; +https://openai.com/gptbot)"
15.158.243.79 - - [08/Apr/2026:09:07:34 +0000] "GET /index.php?format=xml&rest_route=%2Foembed%2F1.0%2Fembed&url=https%3A%2F%2F69b4844ae61d4e92bf26ad98af552775-devsite.readyship.co%2F%3Fp%3D9695 HTTP/1.1" 403 - "https://69b4844ae61d4e92bf26ad98af552775-devsite.readyship.co/?p=9695" "Mozilla/5.0 AppleWebKit/537.36 (KHTML, like Gecko; compatible; GPTBot/1.3; +https://openai.com/gptbot)"
15.158.243.72 - - [08/Apr/2026:09:07:34 +0000] "GET /index.php?format=xml&rest_route=%2Foembed%2F1.0%2Fembed&url=https%3A%2F%2F69b4844ae61d4e92bf26ad98af552775-devsite.readyship.co%2F%3Fp%3D9952 HTTP/1.1" 403 - "https://69b4844ae61d4e92bf26ad98af552775-devsite.readyship.co/?p=9952" "Mozilla/5.0 AppleWebKit/537.36 (KHTML, like Gecko; compatible; GPTBot/1.3; +https://openai.com/gptbot)"
15.158.243.111 - - [08/Apr/2026:09:07:35 +0000] "GET /index.php?format=xml&rest_route=%2Foembed%2F1.0%2Fembed&url=https%3A%2F%2F69b4844ae61d4e92bf26ad98af552775-devsite.readyship.co%2F%3Fp%3D5651 HTTP/1.1" 403 - "https://69b4844ae61d4e92bf26ad98af552775-devsite.readyship.co/?p=5651" "Mozilla/5.0 AppleWebKit/537.36 (KHTML, like Gecko; compatible; GPTBot/1.3; +https://openai.com/gptbot)"
15.158.243.111 - - [08/Apr/2026:09:07:35 +0000] "GET /index.php?format=xml&rest_route=%2Foembed%2F1.0%2Fembed&url=https%3A%2F%2F69b4844ae61d4e92bf26ad98af552775-devsite.readyship.co%2F%3Fp%3D7669 HTTP/1.1" 403 - "https://69b4844ae61d4e92bf26ad98af552775-devsite.readyship.co/?p=7669" "Mozilla/5.0 AppleWebKit/537.36 (KHTML, like Gecko; compatible; GPTBot/1.3; +https://openai.com/gptbot)"
15.158.243.102 - - [08/Apr/2026:09:07:36 +0000] "GET /index.php?format=xml&rest_route=%2Foembed%2F1.0%2Fembed&url=https%3A%2F%2F69b4844ae61d4e92bf26ad98af552775-devsite.readyship.co%2F%3Fp%3D6096 HTTP/1.1" 403 - "https://69b4844ae61d4e92bf26ad98af552775-devsite.readyship.co/?p=6096" "Mozilla/5.0 AppleWebKit/537.36 (KHTML, like Gecko; compatible; GPTBot/1.3; +https://openai.com/gptbot)"
15.158.243.72 - - [08/Apr/2026:09:07:36 +0000] "GET /index.php?format=xml&rest_route=%2Foembed%2F1.0%2Fembed&url=https%3A%2F%2F69b4844ae61d4e92bf26ad98af552775-devsite.readyship.co%2F%3Fp%3D7746 HTTP/1.1" 403 - "https://69b4844ae61d4e92bf26ad98af552775-devsite.readyship.co/?p=7746" "Mozilla/5.0 AppleWebKit/537.36 (KHTML, like Gecko; compatible; GPTBot/1.3; +https://openai.com/gptbot)"
15.158.243.102 - - [08/Apr/2026:09:07:37 +0000] "GET /index.php?format=xml&rest_route=%2Foembed%2F1.0%2Fembed&url=https%3A%2F%2F69b4844ae61d4e92bf26ad98af552775-devsite.readyship.co%2F%3Fp%3D5581 HTTP/1.1" 403 - "https://69b4844ae61d4e92bf26ad98af552775-devsite.readyship.co/?p=5581" "Mozilla/5.0 AppleWebKit/537.36 (KHTML, like Gecko; compatible; GPTBot/1.3; +https://openai.com/gptbot)"
15.158.243.102 - - [08/Apr/2026:09:07:38 +0000] "GET /index.php?format=xml&rest_route=%2Foembed%2F1.0%2Fembed&url=https%3A%2F%2F69b4844ae61d4e92bf26ad98af552775-devsite.readyship.co%2F%3Fp%3D5800 HTTP/1.1" 403 - "https://69b4844ae61d4e92bf26ad98af552775-devsite.readyship.co/?p=5800" "Mozilla/5.0 AppleWebKit/537.36 (KHTML, like Gecko; compatible; GPTBot/1.3; +https://openai.com/gptbot)"
64.252.83.165 - - [08/Apr/2026:09:07:38 +0000] "GET /?p=64964 HTTP/1.1" 200 14635 "-" "Amazon CloudFront"
64.252.83.165 - - [08/Apr/2026:09:07:39 +0000] "GET /?p=64880 HTTP/1.1" 200 14711 "-" "Amazon CloudFront"
64.252.68.163 - - [08/Apr/2026:09:07:40 +0000] "GET /?page_id=2807&paged=30 HTTP/1.1" 200 11298 "-" "Amazon CloudFront"
64.252.82.241 - - [08/Apr/2026:09:07:41 +0000] "GET /?p=64904 HTTP/1.1" 200 14683 "-" "Amazon CloudFront"
64.252.82.241 - - [08/Apr/2026:09:07:42 +0000] "GET /?p=64869 HTTP/1.1" 200 14799 "-" "Amazon CloudFront"
64.252.69.192 - - [08/Apr/2026:09:07:42 +0000] "GET /?p=6447 HTTP/1.1" 200 14804 "-" "Amazon CloudFront"
64.252.82.241 - - [08/Apr/2026:09:07:43 +0000] "GET /?p=64842 HTTP/1.1" 200 14650 "-" "Amazon CloudFront"
64.252.83.165 - - [08/Apr/2026:09:07:44 +0000] "GET /?p=64924 HTTP/1.1" 200 16652 "-" "Amazon CloudFront"
64.252.82.241 - - [08/Apr/2026:09:07:46 +0000] "GET /?p=64949 HTTP/1.1" 200 14274 "-" "Amazon CloudFront"
64.252.82.241 - - [08/Apr/2026:09:07:47 +0000] "GET /?p=64846 HTTP/1.1" 200 14574 "-" "Amazon CloudFront"
64.252.85.152 - - [08/Apr/2026:09:07:48 +0000] "GET /?p=64957 HTTP/1.1" 200 15472 "-" "Amazon CloudFront"
64.252.82.241 - - [08/Apr/2026:09:07:50 +0000] "GET /?p=64901 HTTP/1.1" 200 14445 "-" "Amazon CloudFront"
64.252.83.165 - - [08/Apr/2026:09:07:51 +0000] "GET /?p=64918 HTTP/1.1" 200 14250 "-" "Amazon CloudFront"
64.252.66.105 - - [08/Apr/2026:09:07:51 +0000] "GET /?p=8964 HTTP/1.1" 200 23271 "-" "Amazon CloudFront"
64.252.83.165 - - [08/Apr/2026:09:07:52 +0000] "GET /?p=64871 HTTP/1.1" 200 14689 "-" "Amazon CloudFront"
64.252.85.152 - - [08/Apr/2026:09:07:53 +0000] "GET /?p=64916 HTTP/1.1" 200 14897 "-" "Amazon CloudFront"
64.252.82.241 - - [08/Apr/2026:09:07:54 +0000] "GET /?p=64913 HTTP/1.1" 200 14807 "-" "Amazon CloudFront"
64.252.83.165 - - [08/Apr/2026:09:07:56 +0000] "GET /?p=64907 HTTP/1.1" 200 14626 "-" "Amazon CloudFront"
64.252.83.165 - - [08/Apr/2026:09:07:57 +0000] "GET /?p=64952 HTTP/1.1" 200 14627 "-" "Amazon CloudFront"
64.252.67.128 - - [08/Apr/2026:09:07:58 +0000] "GET /?p=33258 HTTP/1.1" 200 16358 "-" "Amazon CloudFront"
64.252.85.152 - - [08/Apr/2026:09:07:58 +0000] "GET /?p=64981 HTTP/1.1" 200 14218 "-" "Amazon CloudFront"
64.252.85.152 - - [08/Apr/2026:09:07:59 +0000] "GET /?p=65071 HTTP/1.1" 200 14451 "-" "Amazon CloudFront"
64.252.85.152 - - [08/Apr/2026:09:08:00 +0000] "GET /?p=64897 HTTP/1.1" 200 14310 "-" "Amazon CloudFront"
64.252.85.152 - - [08/Apr/2026:09:08:02 +0000] "GET /?author=2&paged=1590 HTTP/1.1" 200 11293 "-" "Amazon CloudFront"
64.252.83.165 - - [08/Apr/2026:09:08:03 +0000] "GET /?author=2&paged=1589 HTTP/1.1" 200 11344 "-" "Amazon CloudFront"
15.158.243.79 - - [08/Apr/2026:09:08:04 +0000] "GET /index.php?format=xml&rest_route=%2Foembed%2F1.0%2Fembed&url=https%3A%2F%2F69b4844ae61d4e92bf26ad98af552775-devsite.readyship.co%2F%3Fp%3D5593 HTTP/1.1" 403 - "https://69b4844ae61d4e92bf26ad98af552775-devsite.readyship.co/?p=5593" "Mozilla/5.0 AppleWebKit/537.36 (KHTML, like Gecko; compatible; GPTBot/1.3; +https://openai.com/gptbot)"
15.158.243.79 - - [08/Apr/2026:09:08:05 +0000] "GET /index.php?format=xml&rest_route=%2Foembed%2F1.0%2Fembed&url=https%3A%2F%2F69b4844ae61d4e92bf26ad98af552775-devsite.readyship.co%2F%3Fp%3D8748 HTTP/1.1" 403 - "https://69b4844ae61d4e92bf26ad98af552775-devsite.readyship.co/?p=8748" "Mozilla/5.0 AppleWebKit/537.36 (KHTML, like Gecko; compatible; GPTBot/1.3; +https://openai.com/gptbot)"
64.252.82.241 - - [08/Apr/2026:09:08:06 +0000] "GET /?p=64955 HTTP/1.1" 200 14474 "-" "Amazon CloudFront"
15.158.243.79 - - [08/Apr/2026:09:08:07 +0000] "GET /index.php?format=xml&rest_route=%2Foembed%2F1.0%2Fembed&url=https%3A%2F%2F69b4844ae61d4e92bf26ad98af552775-devsite.readyship.co%2F%3Fp%3D5667 HTTP/1.1" 403 - "https://69b4844ae61d4e92bf26ad98af552775-devsite.readyship.co/?p=5667" "Mozilla/5.0 AppleWebKit/537.36 (KHTML, like Gecko; compatible; GPTBot/1.3; +https://openai.com/gptbot)"
15.158.243.111 - - [08/Apr/2026:09:08:07 +0000] "GET /index.php?format=xml&rest_route=%2Foembed%2F1.0%2Fembed&url=https%3A%2F%2F69b4844ae61d4e92bf26ad98af552775-devsite.readyship.co%2F%3Fp%3D7278 HTTP/1.1" 403 - "https://69b4844ae61d4e92bf26ad98af552775-devsite.readyship.co/?p=7278" "Mozilla/5.0 AppleWebKit/537.36 (KHTML, like Gecko; compatible; GPTBot/1.3; +https://openai.com/gptbot)"
15.158.243.72 - - [08/Apr/2026:09:08:08 +0000] "GET /index.php?format=xml&rest_route=%2Foembed%2F1.0%2Fembed&url=https%3A%2F%2F69b4844ae61d4e92bf26ad98af552775-devsite.readyship.co%2F%3Fp%3D7660 HTTP/1.1" 403 - "https://69b4844ae61d4e92bf26ad98af552775-devsite.readyship.co/?p=7660" "Mozilla/5.0 AppleWebKit/537.36 (KHTML, like Gecko; compatible; GPTBot/1.3; +https://openai.com/gptbot)"
15.158.243.72 - - [08/Apr/2026:09:08:08 +0000] "GET /index.php?format=xml&rest_route=%2Foembed%2F1.0%2Fembed&url=https%3A%2F%2F69b4844ae61d4e92bf26ad98af552775-devsite.readyship.co%2F%3Fp%3D8225 HTTP/1.1" 403 - "https://69b4844ae61d4e92bf26ad98af552775-devsite.readyship.co/?p=8225" "Mozilla/5.0 AppleWebKit/537.36 (KHTML, like Gecko; compatible; GPTBot/1.3; +https://openai.com/gptbot)"
15.158.243.72 - - [08/Apr/2026:09:08:09 +0000] "GET /index.php?format=xml&rest_route=%2Foembed%2F1.0%2Fembed&url=https%3A%2F%2F69b4844ae61d4e92bf26ad98af552775-devsite.readyship.co%2F%3Fp%3D7847 HTTP/1.1" 403 - "https://69b4844ae61d4e92bf26ad98af552775-devsite.readyship.co/?p=7847" "Mozilla/5.0 AppleWebKit/537.36 (KHTML, like Gecko; compatible; GPTBot/1.3; +https://openai.com/gptbot)"
64.252.83.165 - - [08/Apr/2026:09:08:09 +0000] "GET /?p=64993 HTTP/1.1" 200 14199 "-" "Amazon CloudFront"
64.252.82.241 - - [08/Apr/2026:09:08:11 +0000] "GET /?p=64885 HTTP/1.1" 200 14658 "-" "Amazon CloudFront"
64.252.83.165 - - [08/Apr/2026:09:08:12 +0000] "GET /?p=64887 HTTP/1.1" 200 14270 "-" "Amazon CloudFront"
64.252.83.165 - - [08/Apr/2026:09:08:13 +0000] "GET /?p=64848 HTTP/1.1" 200 14254 "-" "Amazon CloudFront"
64.252.85.152 - - [08/Apr/2026:09:08:15 +0000] "GET /?p=64900 HTTP/1.1" 200 14218 "-" "Amazon CloudFront"
64.252.83.165 - - [08/Apr/2026:09:08:16 +0000] "GET /?p=64956 HTTP/1.1" 200 15491 "-" "Amazon CloudFront"
64.252.66.105 - - [08/Apr/2026:09:08:16 +0000] "GET /?p=8833 HTTP/1.1" 200 20253 "-" "Amazon CloudFront"
64.252.83.165 - - [08/Apr/2026:09:08:17 +0000] "GET /?p=64828 HTTP/1.1" 200 14429 "-" "Amazon CloudFront"
64.252.83.165 - - [08/Apr/2026:09:08:18 +0000] "GET /?p=64967 HTTP/1.1" 200 14485 "-" "Amazon CloudFront"
64.252.82.241 - - [08/Apr/2026:09:08:20 +0000] "GET /?p=64909 HTTP/1.1" 200 14624 "-" "Amazon CloudFront"
64.252.82.241 - - [08/Apr/2026:09:08:21 +0000] "GET /?p=64876 HTTP/1.1" 200 14189 "-" "Amazon CloudFront"
15.158.215.109 - - [08/Apr/2026:09:08:23 +0000] "POST /wp-cron.php?doing_wp_cron=1775639302.9731240272521972656250 HTTP/1.1" 200 - "https://69b4844ae61d4e92bf26ad98af552775-devsite.readyship.co/wp-cron.php?doing_wp_cron=1775639302.9731240272521972656250" "WordPress/5.1.19; https://69b4844ae61d4e92bf26ad98af552775-devsite.readyship.co"
64.252.83.165 - - [08/Apr/2026:09:08:22 +0000] "GET /?p=64985 HTTP/1.1" 200 15422 "-" "Amazon CloudFront"
64.252.83.165 - - [08/Apr/2026:09:08:24 +0000] "GET /?p=64987 HTTP/1.1" 200 15626 "-" "Amazon CloudFront"
64.252.85.152 - - [08/Apr/2026:09:08:25 +0000] "GET /?p=64943 HTTP/1.1" 200 15473 "-" "Amazon CloudFront"
64.252.82.241 - - [08/Apr/2026:09:08:26 +0000] "GET /?p=64832 HTTP/1.1" 200 14105 "-" "Amazon CloudFront"
64.252.69.192 - - [08/Apr/2026:09:08:27 +0000] "GET /?p=51816 HTTP/1.1" 200 14138 "-" "Amazon CloudFront"
64.252.83.165 - - [08/Apr/2026:09:08:28 +0000] "GET /?p=64873 HTTP/1.1" 200 14320 "-" "Amazon CloudFront"
64.252.85.152 - - [08/Apr/2026:09:08:29 +0000] "GET /?p=64827 HTTP/1.1" 200 14405 "-" "Amazon CloudFront"
64.252.82.241 - - [08/Apr/2026:09:08:30 +0000] "GET /?p=64875 HTTP/1.1" 200 14524 "-" "Amazon CloudFront"
64.252.85.152 - - [08/Apr/2026:09:08:31 +0000] "GET /?p=64893 HTTP/1.1" 200 14406 "-" "Amazon CloudFront"
64.252.82.241 - - [08/Apr/2026:09:08:32 +0000] "GET /?p=64903 HTTP/1.1" 200 14674 "-" "Amazon CloudFront"
64.252.83.165 - - [08/Apr/2026:09:08:34 +0000] "GET /?author=2&paged=1592 HTTP/1.1" 200 11310 "-" "Amazon CloudFront"
64.252.83.165 - - [08/Apr/2026:09:08:35 +0000] "GET /?author=2&paged=1591 HTTP/1.1" 200 11326 "-" "Amazon CloudFront"
15.158.243.79 - - [08/Apr/2026:09:08:36 +0000] "GET /index.php?format=xml&rest_route=%2Foembed%2F1.0%2Fembed&url=https%3A%2F%2F69b4844ae61d4e92bf26ad98af552775-devsite.readyship.co%2F%3Fp%3D5645 HTTP/1.1" 403 - "https://69b4844ae61d4e92bf26ad98af552775-devsite.readyship.co/?p=5645" "Mozilla/5.0 AppleWebKit/537.36 (KHTML, like Gecko; compatible; GPTBot/1.3; +https://openai.com/gptbot)"
15.158.243.79 - - [08/Apr/2026:09:08:37 +0000] "GET /index.php?format=xml&rest_route=%2Foembed%2F1.0%2Fembed&url=https%3A%2F%2F69b4844ae61d4e92bf26ad98af552775-devsite.readyship.co%2F%3Fp%3D8258 HTTP/1.1" 403 - "https://69b4844ae61d4e92bf26ad98af552775-devsite.readyship.co/?p=8258" "Mozilla/5.0 AppleWebKit/537.36 (KHTML, like Gecko; compatible; GPTBot/1.3; +https://openai.com/gptbot)"
64.252.76.100 - - [08/Apr/2026:09:08:36 +0000] "GET /?p=32392 HTTP/1.1" 200 16615 "-" "Amazon CloudFront"
64.252.83.165 - - [08/Apr/2026:09:08:37 +0000] "GET /?p=64862 HTTP/1.1" 200 14269 "-" "Amazon CloudFront"
15.158.243.79 - - [08/Apr/2026:09:08:39 +0000] "GET /index.php?format=xml&rest_route=%2Foembed%2F1.0%2Fembed&url=https%3A%2F%2F69b4844ae61d4e92bf26ad98af552775-devsite.readyship.co%2F%3Fp%3D7119 HTTP/1.1" 403 - "https://69b4844ae61d4e92bf26ad98af552775-devsite.readyship.co/?p=7119" "Mozilla/5.0 AppleWebKit/537.36 (KHTML, like Gecko; compatible; GPTBot/1.3; +https://openai.com/gptbot)"
15.158.243.111 - - [08/Apr/2026:09:08:39 +0000] "GET /index.php?format=xml&rest_route=%2Foembed%2F1.0%2Fembed&url=https%3A%2F%2F69b4844ae61d4e92bf26ad98af552775-devsite.readyship.co%2F%3Fp%3D8566 HTTP/1.1" 403 - "https://69b4844ae61d4e92bf26ad98af552775-devsite.readyship.co/?p=8566" "Mozilla/5.0 AppleWebKit/537.36 (KHTML, like Gecko; compatible; GPTBot/1.3; +https://openai.com/gptbot)"
15.158.243.72 - - [08/Apr/2026:09:08:40 +0000] "GET /index.php?format=xml&rest_route=%2Foembed%2F1.0%2Fembed&url=https%3A%2F%2F69b4844ae61d4e92bf26ad98af552775-devsite.readyship.co%2F%3Fp%3D7274 HTTP/1.1" 403 - "https://69b4844ae61d4e92bf26ad98af552775-devsite.readyship.co/?p=7274" "Mozilla/5.0 AppleWebKit/537.36 (KHTML, like Gecko; compatible; GPTBot/1.3; +https://openai.com/gptbot)"
15.158.243.102 - - [08/Apr/2026:09:08:40 +0000] "GET /index.php?format=xml&rest_route=%2Foembed%2F1.0%2Fembed&url=https%3A%2F%2F69b4844ae61d4e92bf26ad98af552775-devsite.readyship.co%2F%3Fp%3D7110 HTTP/1.1" 403 - "https://69b4844ae61d4e92bf26ad98af552775-devsite.readyship.co/?p=7110" "Mozilla/5.0 AppleWebKit/537.36 (KHTML, like Gecko; compatible; GPTBot/1.3; +https://openai.com/gptbot)"
15.158.243.102 - - [08/Apr/2026:09:08:41 +0000] "GET /index.php?format=xml&rest_route=%2Foembed%2F1.0%2Fembed&url=https%3A%2F%2F69b4844ae61d4e92bf26ad98af552775-devsite.readyship.co%2F%3Fp%3D5530 HTTP/1.1" 403 - "https://69b4844ae61d4e92bf26ad98af552775-devsite.readyship.co/?p=5530" "Mozilla/5.0 AppleWebKit/537.36 (KHTML, like Gecko; compatible; GPTBot/1.3; +https://openai.com/gptbot)"
15.158.243.102 - - [08/Apr/2026:09:08:41 +0000] "GET /index.php?format=xml&rest_route=%2Foembed%2F1.0%2Fembed&url=https%3A%2F%2F69b4844ae61d4e92bf26ad98af552775-devsite.readyship.co%2F%3Fp%3D6376 HTTP/1.1" 403 - "https://69b4844ae61d4e92bf26ad98af552775-devsite.readyship.co/?p=6376" "Mozilla/5.0 AppleWebKit/537.36 (KHTML, like Gecko; compatible; GPTBot/1.3; +https://openai.com/gptbot)"
64.252.66.105 - - [08/Apr/2026:09:08:42 +0000] "GET /?p=8493 HTTP/1.1" 200 15853 "-" "Amazon CloudFront"
64.252.85.152 - - [08/Apr/2026:09:08:42 +0000] "GET /?p=64770 HTTP/1.1" 200 14258 "-" "Amazon CloudFront"
64.252.83.165 - - [08/Apr/2026:09:08:43 +0000] "GET /?p=64878 HTTP/1.1" 200 14844 "-" "Amazon CloudFront"
64.252.85.152 - - [08/Apr/2026:09:08:44 +0000] "GET /?p=64882 HTTP/1.1" 200 15436 "-" "Amazon CloudFront"
64.252.85.152 - - [08/Apr/2026:09:08:45 +0000] "GET /?p=64877 HTTP/1.1" 200 14355 "-" "Amazon CloudFront"
64.252.83.165 - - [08/Apr/2026:09:08:47 +0000] "GET /?p=64814 HTTP/1.1" 200 14719 "-" "Amazon CloudFront"
64.252.85.152 - - [08/Apr/2026:09:08:48 +0000] "GET /?p=64799 HTTP/1.1" 200 14983 "-" "Amazon CloudFront"
64.252.85.152 - - [08/Apr/2026:09:08:49 +0000] "GET /?p=64883 HTTP/1.1" 200 14538 "-" "Amazon CloudFront"
64.252.82.241 - - [08/Apr/2026:09:08:51 +0000] "GET /?p=64771 HTTP/1.1" 200 14104 "-" "Amazon CloudFront"
64.252.85.152 - - [08/Apr/2026:09:08:52 +0000] "GET /?p=64786 HTTP/1.1" 200 14376 "-" "Amazon CloudFront"
64.252.83.165 - - [08/Apr/2026:09:08:53 +0000] "GET /?p=64830 HTTP/1.1" 200 15808 "-" "Amazon CloudFront"
64.252.83.165 - - [08/Apr/2026:09:08:54 +0000] "GET /?p=64870 HTTP/1.1" 200 14593 "-" "Amazon CloudFront"
64.252.83.165 - - [08/Apr/2026:09:08:56 +0000] "GET /?p=64991 HTTP/1.1" 200 14586 "-" "Amazon CloudFront"
64.252.85.152 - - [08/Apr/2026:09:08:57 +0000] "GET /?p=64785 HTTP/1.1" 200 14308 "-" "Amazon CloudFront"
64.252.69.192 - - [08/Apr/2026:09:08:57 +0000] "GET /?p=61967 HTTP/1.1" 200 14823 "-" "Amazon CloudFront"
64.252.82.241 - - [08/Apr/2026:09:08:58 +0000] "GET /?p=64850 HTTP/1.1" 200 14394 "-" "Amazon CloudFront"
64.252.85.152 - - [08/Apr/2026:09:08:59 +0000] "GET /?p=64917 HTTP/1.1" 200 14333 "-" "Amazon CloudFront"
64.252.85.152 - - [08/Apr/2026:09:09:01 +0000] "GET /?p=64935 HTTP/1.1" 200 14058 "-" "Amazon CloudFront"
64.252.85.152 - - [08/Apr/2026:09:09:02 +0000] "GET /?p=64938 HTTP/1.1" 200 14332 "-" "Amazon CloudFront"
64.252.82.241 - - [08/Apr/2026:09:09:03 +0000] "GET /?p=64831 HTTP/1.1" 200 14683 "-" "Amazon CloudFront"
64.252.85.152 - - [08/Apr/2026:09:09:04 +0000] "GET /?author=2&paged=1593 HTTP/1.1" 200 11208 "-" "Amazon CloudFront"
64.252.85.152 - - [08/Apr/2026:09:09:06 +0000] "GET /?author=2&paged=1594 HTTP/1.1" 200 11213 "-" "Amazon CloudFront"
15.158.243.79 - - [08/Apr/2026:09:09:07 +0000] "GET /index.php?format=xml&rest_route=%2Foembed%2F1.0%2Fembed&url=https%3A%2F%2F69b4844ae61d4e92bf26ad98af552775-devsite.readyship.co%2F%3Fp%3D6629 HTTP/1.1" 403 - "https://69b4844ae61d4e92bf26ad98af552775-devsite.readyship.co/?p=6629" "Mozilla/5.0 AppleWebKit/537.36 (KHTML, like Gecko; compatible; GPTBot/1.3; +https://openai.com/gptbot)"
15.158.243.79 - - [08/Apr/2026:09:09:08 +0000] "GET /index.php?format=xml&rest_route=%2Foembed%2F1.0%2Fembed&url=https%3A%2F%2F69b4844ae61d4e92bf26ad98af552775-devsite.readyship.co%2F%3Fp%3D7665 HTTP/1.1" 403 - "https://69b4844ae61d4e92bf26ad98af552775-devsite.readyship.co/?p=7665" "Mozilla/5.0 AppleWebKit/537.36 (KHTML, like Gecko; compatible; GPTBot/1.3; +https://openai.com/gptbot)"
64.252.85.152 - - [08/Apr/2026:09:09:08 +0000] "GET /?p=64834 HTTP/1.1" 200 14742 "-" "Amazon CloudFront"
15.158.243.79 - - [08/Apr/2026:09:09:09 +0000] "GET /index.php?format=xml&rest_route=%2Foembed%2F1.0%2Fembed&url=https%3A%2F%2F69b4844ae61d4e92bf26ad98af552775-devsite.readyship.co%2F%3Fp%3D9629 HTTP/1.1" 403 - "https://69b4844ae61d4e92bf26ad98af552775-devsite.readyship.co/?p=9629" "Mozilla/5.0 AppleWebKit/537.36 (KHTML, like Gecko; compatible; GPTBot/1.3; +https://openai.com/gptbot)"
15.158.243.111 - - [08/Apr/2026:09:09:10 +0000] "GET /index.php?format=xml&rest_route=%2Foembed%2F1.0%2Fembed&url=https%3A%2F%2F69b4844ae61d4e92bf26ad98af552775-devsite.readyship.co%2F%3Fp%3D8223 HTTP/1.1" 403 - "https://69b4844ae61d4e92bf26ad98af552775-devsite.readyship.co/?p=8223" "Mozilla/5.0 AppleWebKit/537.36 (KHTML, like Gecko; compatible; GPTBot/1.3; +https://openai.com/gptbot)"
15.158.243.111 - - [08/Apr/2026:09:09:10 +0000] "GET /index.php?format=xml&rest_route=%2Foembed%2F1.0%2Fembed&url=https%3A%2F%2F69b4844ae61d4e92bf26ad98af552775-devsite.readyship.co%2F%3Fp%3D9980 HTTP/1.1" 403 - "https://69b4844ae61d4e92bf26ad98af552775-devsite.readyship.co/?p=9980" "Mozilla/5.0 AppleWebKit/537.36 (KHTML, like Gecko; compatible; GPTBot/1.3; +https://openai.com/gptbot)"
15.158.243.111 - - [08/Apr/2026:09:09:11 +0000] "GET /index.php?format=xml&rest_route=%2Foembed%2F1.0%2Fembed&url=https%3A%2F%2F69b4844ae61d4e92bf26ad98af552775-devsite.readyship.co%2F%3Fp%3D7044 HTTP/1.1" 403 - "https://69b4844ae61d4e92bf26ad98af552775-devsite.readyship.co/?p=7044" "Mozilla/5.0 AppleWebKit/537.36 (KHTML, like Gecko; compatible; GPTBot/1.3; +https://openai.com/gptbot)"
15.158.243.72 - - [08/Apr/2026:09:09:11 +0000] "GET /index.php?format=xml&rest_route=%2Foembed%2F1.0%2Fembed&url=https%3A%2F%2F69b4844ae61d4e92bf26ad98af552775-devsite.readyship.co%2F%3Fp%3D9833 HTTP/1.1" 403 - "https://69b4844ae61d4e92bf26ad98af552775-devsite.readyship.co/?p=9833" "Mozilla/5.0 AppleWebKit/537.36 (KHTML, like Gecko; compatible; GPTBot/1.3; +https://openai.com/gptbot)"
15.158.243.72 - - [08/Apr/2026:09:09:12 +0000] "GET /index.php?format=xml&rest_route=%2Foembed%2F1.0%2Fembed&url=https%3A%2F%2F69b4844ae61d4e92bf26ad98af552775-devsite.readyship.co%2F%3Fp%3D8577 HTTP/1.1" 403 - "https://69b4844ae61d4e92bf26ad98af552775-devsite.readyship.co/?p=8577" "Mozilla/5.0 AppleWebKit/537.36 (KHTML, like Gecko; compatible; GPTBot/1.3; +https://openai.com/gptbot)"
64.252.85.152 - - [08/Apr/2026:09:09:12 +0000] "GET /?p=64754 HTTP/1.1" 200 15256 "-" "Amazon CloudFront"
64.252.83.165 - - [08/Apr/2026:09:09:14 +0000] "GET /?p=64868 HTTP/1.1" 200 14802 "-" "Amazon CloudFront"
64.252.83.165 - - [08/Apr/2026:09:09:15 +0000] "GET /?p=64881 HTTP/1.1" 200 14093 "-" "Amazon CloudFront"
64.252.85.152 - - [08/Apr/2026:09:09:16 +0000] "GET /?p=64742 HTTP/1.1" 200 14213 "-" "Amazon CloudFront"
64.252.85.152 - - [08/Apr/2026:09:09:18 +0000] "GET /?p=64833 HTTP/1.1" 200 14075 "-" "Amazon CloudFront"
64.252.82.241 - - [08/Apr/2026:09:09:19 +0000] "GET /?p=64787 HTTP/1.1" 200 14258 "-" "Amazon CloudFront"
64.252.82.241 - - [08/Apr/2026:09:09:20 +0000] "GET /?p=64867 HTTP/1.1" 200 14541 "-" "Amazon CloudFront"
15.158.215.109 - - [08/Apr/2026:09:09:22 +0000] "POST /wp-cron.php?doing_wp_cron=1775639362.2670578956604003906250 HTTP/1.1" 200 - "https://69b4844ae61d4e92bf26ad98af552775-devsite.readyship.co/wp-cron.php?doing_wp_cron=1775639362.2670578956604003906250" "WordPress/5.1.19; https://69b4844ae61d4e92bf26ad98af552775-devsite.readyship.co"
64.252.83.165 - - [08/Apr/2026:09:09:21 +0000] "GET /?p=64865 HTTP/1.1" 200 14380 "-" "Amazon CloudFront"
64.252.83.165 - - [08/Apr/2026:09:09:23 +0000] "GET /?p=64815 HTTP/1.1" 200 14272 "-" "Amazon CloudFront"
64.252.85.152 - - [08/Apr/2026:09:09:24 +0000] "GET /?p=64753 HTTP/1.1" 200 14400 "-" "Amazon CloudFront"
64.252.83.165 - - [08/Apr/2026:09:09:26 +0000] "GET /?p=64798 HTTP/1.1" 200 14479 "-" "Amazon CloudFront"
64.252.83.165 - - [08/Apr/2026:09:09:27 +0000] "GET /?p=64920 HTTP/1.1" 200 14815 "-" "Amazon CloudFront"
64.252.83.165 - - [08/Apr/2026:09:09:28 +0000] "GET /?p=64752 HTTP/1.1" 200 14747 "-" "Amazon CloudFront"
64.252.85.152 - - [08/Apr/2026:09:09:29 +0000] "GET /?p=64751 HTTP/1.1" 200 14391 "-" "Amazon CloudFront"
64.252.76.63 - - [08/Apr/2026:09:09:30 +0000] "GET /?feed=rss2&p=32394 HTTP/1.1" 200 507 "-" "Amazon CloudFront"
64.252.85.152 - - [08/Apr/2026:09:09:31 +0000] "GET /?p=64729 HTTP/1.1" 200 14883 "-" "Amazon CloudFront"
64.252.85.152 - - [08/Apr/2026:09:09:32 +0000] "GET /?p=64812 HTTP/1.1" 200 14462 "-" "Amazon CloudFront"
64.252.82.241 - - [08/Apr/2026:09:09:33 +0000] "GET /?p=64758 HTTP/1.1" 200 14412 "-" "Amazon CloudFront"
64.252.83.165 - - [08/Apr/2026:09:09:34 +0000] "GET /?p=64879 HTTP/1.1" 200 14364 "-" "Amazon CloudFront"
64.252.83.165 - - [08/Apr/2026:09:09:36 +0000] "GET /?p=64892 HTTP/1.1" 200 14333 "-" "Amazon CloudFront"
64.252.83.165 - - [08/Apr/2026:09:09:37 +0000] "GET /?p=64829 HTTP/1.1" 200 14244 "-" "Amazon CloudFront"
64.252.83.165 - - [08/Apr/2026:09:09:38 +0000] "GET /?author=2&paged=1596 HTTP/1.1" 200 11285 "-" "Amazon CloudFront"
64.252.85.152 - - [08/Apr/2026:09:09:39 +0000] "GET /?author=2&paged=1595 HTTP/1.1" 200 11205 "-" "Amazon CloudFront"
15.158.243.79 - - [08/Apr/2026:09:09:41 +0000] "GET /index.php?format=xml&rest_route=%2Foembed%2F1.0%2Fembed&url=https%3A%2F%2F69b4844ae61d4e92bf26ad98af552775-devsite.readyship.co%2F%3Fp%3D7366 HTTP/1.1" 403 - "https://69b4844ae61d4e92bf26ad98af552775-devsite.readyship.co/?p=7366" "Mozilla/5.0 AppleWebKit/537.36 (KHTML, like Gecko; compatible; GPTBot/1.3; +https://openai.com/gptbot)"
