64.252.68.163 - - [08/Apr/2026:08:30:51 +0000] "GET /?p=56284 HTTP/1.1" 200 16518 "-" "Amazon CloudFront"
64.252.82.241 - - [08/Apr/2026:08:30:52 +0000] "GET /?p=67184 HTTP/1.1" 200 14973 "-" "Amazon CloudFront"
64.252.82.241 - - [08/Apr/2026:08:30:53 +0000] "GET /?p=67134 HTTP/1.1" 200 14686 "-" "Amazon CloudFront"
15.158.243.79 - - [08/Apr/2026:08:30:56 +0000] "GET /index.php?format=xml&rest_route=%2Foembed%2F1.0%2Fembed&url=https%3A%2F%2F69b4844ae61d4e92bf26ad98af552775-devsite.readyship.co%2F%3Fp%3D67254 HTTP/1.1" 403 - "https://69b4844ae61d4e92bf26ad98af552775-devsite.readyship.co/?p=67254" "Mozilla/5.0 AppleWebKit/537.36 (KHTML, like Gecko; compatible; GPTBot/1.3; +https://openai.com/gptbot)"
64.252.83.165 - - [08/Apr/2026:08:30:54 +0000] "GET /?p=67214 HTTP/1.1" 200 21856 "-" "Amazon CloudFront"
64.252.82.241 - - [08/Apr/2026:08:30:56 +0000] "GET /?author=2&paged=3541 HTTP/1.1" 200 11280 "-" "Amazon CloudFront"
64.252.82.241 - - [08/Apr/2026:08:30:58 +0000] "GET /?author=2&paged=1478 HTTP/1.1" 200 11399 "-" "Amazon CloudFront"
64.252.83.165 - - [08/Apr/2026:08:30:59 +0000] "GET /?author=2&paged=3542 HTTP/1.1" 200 11250 "-" "Amazon CloudFront"
64.252.85.152 - - [08/Apr/2026:08:31:01 +0000] "GET /?feed=rss2&p=67218 HTTP/1.1" 200 501 "-" "Amazon CloudFront"
64.252.83.165 - - [08/Apr/2026:08:31:02 +0000] "GET /?feed=rss2&p=67210 HTTP/1.1" 200 541 "-" "Amazon CloudFront"
64.252.83.165 - - [08/Apr/2026:08:31:03 +0000] "GET /?feed=rss2&p=67208 HTTP/1.1" 200 515 "-" "Amazon CloudFront"
64.252.83.165 - - [08/Apr/2026:08:31:03 +0000] "GET /?feed=rss2&p=67204 HTTP/1.1" 200 493 "-" "Amazon CloudFront"
64.252.83.165 - - [08/Apr/2026:08:31:04 +0000] "GET /?p=67196 HTTP/1.1" 200 14411 "-" "Amazon CloudFront"
15.158.243.79 - - [08/Apr/2026:08:31:06 +0000] "GET /index.php?format=xml&rest_route=%2Foembed%2F1.0%2Fembed&url=https%3A%2F%2F69b4844ae61d4e92bf26ad98af552775-devsite.readyship.co%2F%3Fp%3D9497 HTTP/1.1" 403 - "https://69b4844ae61d4e92bf26ad98af552775-devsite.readyship.co/?p=9497" "Mozilla/5.0 AppleWebKit/537.36 (KHTML, like Gecko; compatible; GPTBot/1.3; +https://openai.com/gptbot)"
64.252.69.192 - - [08/Apr/2026:08:31:05 +0000] "GET /?tag=dragon-money HTTP/1.1" 200 10006 "-" "Amazon CloudFront"
64.252.85.152 - - [08/Apr/2026:08:31:06 +0000] "GET /?feed=rss2&p=67214 HTTP/1.1" 200 519 "-" "Amazon CloudFront"
15.158.243.79 - - [08/Apr/2026:08:31:07 +0000] "GET /index.php?format=xml&rest_route=%2Foembed%2F1.0%2Fembed&url=https%3A%2F%2F69b4844ae61d4e92bf26ad98af552775-devsite.readyship.co%2F%3Fp%3D8776 HTTP/1.1" 403 - "https://69b4844ae61d4e92bf26ad98af552775-devsite.readyship.co/?p=8776" "Mozilla/5.0 AppleWebKit/537.36 (KHTML, like Gecko; compatible; GPTBot/1.3; +https://openai.com/gptbot)"
64.252.68.163 - - [08/Apr/2026:08:31:08 +0000] "GET /?p=57918 HTTP/1.1" 200 14481 "-" "Amazon CloudFront"
64.252.82.241 - - [08/Apr/2026:08:31:08 +0000] "GET /?p=25677 HTTP/1.1" 200 22461 "-" "Amazon CloudFront"
64.252.82.241 - - [08/Apr/2026:08:31:09 +0000] "GET /?p=67113 HTTP/1.1" 200 14591 "-" "Amazon CloudFront"
64.252.83.165 - - [08/Apr/2026:08:31:10 +0000] "GET /?p=25661 HTTP/1.1" 200 18072 "-" "Amazon CloudFront"
64.252.83.165 - - [08/Apr/2026:08:31:12 +0000] "GET /?p=25675 HTTP/1.1" 200 14866 "-" "Amazon CloudFront"
64.252.85.152 - - [08/Apr/2026:08:31:13 +0000] "GET /?p=25665 HTTP/1.1" 200 17021 "-" "Amazon CloudFront"
64.252.85.152 - - [08/Apr/2026:08:31:15 +0000] "GET /?p=67055 HTTP/1.1" 200 14885 "-" "Amazon CloudFront"
64.252.82.241 - - [08/Apr/2026:08:31:16 +0000] "GET /?p=67056 HTTP/1.1" 200 14680 "-" "Amazon CloudFront"
64.252.85.152 - - [08/Apr/2026:08:31:17 +0000] "GET /?p=67117 HTTP/1.1" 200 14376 "-" "Amazon CloudFront"
64.252.85.152 - - [08/Apr/2026:08:31:19 +0000] "GET /?p=25663 HTTP/1.1" 200 15439 "-" "Amazon CloudFront"
64.252.85.152 - - [08/Apr/2026:08:31:20 +0000] "GET /?p=25659 HTTP/1.1" 200 17560 "-" "Amazon CloudFront"
64.252.83.165 - - [08/Apr/2026:08:31:21 +0000] "GET /?p=25667 HTTP/1.1" 200 22501 "-" "Amazon CloudFront"
15.158.215.109 - - [08/Apr/2026:08:31:22 +0000] "POST /wp-cron.php?doing_wp_cron=1775637082.3579030036926269531250 HTTP/1.1" 200 - "https://69b4844ae61d4e92bf26ad98af552775-devsite.readyship.co/wp-cron.php?doing_wp_cron=1775637082.3579030036926269531250" "WordPress/5.1.19; https://69b4844ae61d4e92bf26ad98af552775-devsite.readyship.co"
64.252.82.241 - - [08/Apr/2026:08:31:23 +0000] "GET /?feed=rss2&p=25677 HTTP/1.1" 200 504 "-" "Amazon CloudFront"
64.252.82.241 - - [08/Apr/2026:08:31:24 +0000] "GET /?p=25657 HTTP/1.1" 200 21308 "-" "Amazon CloudFront"
64.252.85.152 - - [08/Apr/2026:08:31:26 +0000] "GET /?feed=rss2&p=25661 HTTP/1.1" 200 527 "-" "Amazon CloudFront"
64.252.85.152 - - [08/Apr/2026:08:31:27 +0000] "GET /?feed=rss2&p=25675 HTTP/1.1" 200 521 "-" "Amazon CloudFront"
64.252.82.241 - - [08/Apr/2026:08:31:27 +0000] "GET /?feed=rss2&p=25665 HTTP/1.1" 200 537 "-" "Amazon CloudFront"
64.252.82.241 - - [08/Apr/2026:08:31:28 +0000] "GET /?p=67071 HTTP/1.1" 200 14488 "-" "Amazon CloudFront"
64.252.82.241 - - [08/Apr/2026:08:31:30 +0000] "GET /?p=66879 HTTP/1.1" 200 14522 "-" "Amazon CloudFront"
64.252.85.152 - - [08/Apr/2026:08:31:31 +0000] "GET /?p=25669 HTTP/1.1" 200 16585 "-" "Amazon CloudFront"
64.252.85.152 - - [08/Apr/2026:08:31:32 +0000] "GET /?feed=rss2&p=25663 HTTP/1.1" 200 561 "-" "Amazon CloudFront"
64.252.82.241 - - [08/Apr/2026:08:31:33 +0000] "GET /?feed=rss2&p=25659 HTTP/1.1" 200 489 "-" "Amazon CloudFront"
64.252.68.163 - - [08/Apr/2026:08:31:33 +0000] "GET /?p=96845 HTTP/1.1" 200 16813 "-" "Amazon CloudFront"
64.252.83.165 - - [08/Apr/2026:08:31:34 +0000] "GET /?feed=rss2&p=25667 HTTP/1.1" 200 524 "-" "Amazon CloudFront"
64.252.82.241 - - [08/Apr/2026:08:31:35 +0000] "GET /?p=66922 HTTP/1.1" 200 14348 "-" "Amazon CloudFront"
64.252.85.152 - - [08/Apr/2026:08:31:36 +0000] "GET /?feed=rss2&p=25657 HTTP/1.1" 200 554 "-" "Amazon CloudFront"
64.252.83.165 - - [08/Apr/2026:08:31:37 +0000] "GET /?p=25685 HTTP/1.1" 200 16732 "-" "Amazon CloudFront"
64.252.83.165 - - [08/Apr/2026:08:31:39 +0000] "GET /?p=67080 HTTP/1.1" 200 14556 "-" "Amazon CloudFront"
64.252.85.152 - - [08/Apr/2026:08:31:40 +0000] "GET /?p=67061 HTTP/1.1" 200 14756 "-" "Amazon CloudFront"
64.252.82.241 - - [08/Apr/2026:08:31:41 +0000] "GET /?p=25695 HTTP/1.1" 200 17846 "-" "Amazon CloudFront"
64.252.85.152 - - [08/Apr/2026:08:31:42 +0000] "GET /?p=67022 HTTP/1.1" 200 14558 "-" "Amazon CloudFront"
64.252.85.152 - - [08/Apr/2026:08:31:44 +0000] "GET /?feed=rss2&p=25669 HTTP/1.1" 200 508 "-" "Amazon CloudFront"
64.252.82.241 - - [08/Apr/2026:08:31:45 +0000] "GET /?p=25693 HTTP/1.1" 200 17531 "-" "Amazon CloudFront"
64.252.83.165 - - [08/Apr/2026:08:31:46 +0000] "GET /?p=25687 HTTP/1.1" 200 17129 "-" "Amazon CloudFront"
64.252.85.152 - - [08/Apr/2026:08:31:47 +0000] "GET /?p=25681 HTTP/1.1" 200 17364 "-" "Amazon CloudFront"
64.252.83.165 - - [08/Apr/2026:08:31:49 +0000] "GET /?p=67193 HTTP/1.1" 200 15705 "-" "Amazon CloudFront"
64.252.83.165 - - [08/Apr/2026:08:31:50 +0000] "GET /?p=67013 HTTP/1.1" 200 14461 "-" "Amazon CloudFront"
64.252.82.241 - - [08/Apr/2026:08:31:51 +0000] "GET /?feed=rss2&p=25685 HTTP/1.1" 200 530 "-" "Amazon CloudFront"
64.252.82.241 - - [08/Apr/2026:08:31:52 +0000] "GET /?p=25691 HTTP/1.1" 200 15641 "-" "Amazon CloudFront"
64.252.85.152 - - [08/Apr/2026:08:31:54 +0000] "GET /?p=25679 HTTP/1.1" 200 15890 "-" "Amazon CloudFront"
64.252.82.241 - - [08/Apr/2026:08:31:55 +0000] "GET /?feed=rss2&p=25695 HTTP/1.1" 200 529 "-" "Amazon CloudFront"
64.252.82.241 - - [08/Apr/2026:08:31:56 +0000] "GET /?p=25697 HTTP/1.1" 200 16699 "-" "Amazon CloudFront"
64.252.83.165 - - [08/Apr/2026:08:31:57 +0000] "GET /?p=25683 HTTP/1.1" 200 18099 "-" "Amazon CloudFront"
64.252.83.165 - - [08/Apr/2026:08:31:58 +0000] "GET /?feed=rss2&p=25693 HTTP/1.1" 200 533 "-" "Amazon CloudFront"
64.252.82.241 - - [08/Apr/2026:08:31:59 +0000] "GET /?feed=rss2&p=25687 HTTP/1.1" 200 532 "-" "Amazon CloudFront"
64.252.83.165 - - [08/Apr/2026:08:32:00 +0000] "GET /?feed=rss2&p=25681 HTTP/1.1" 200 512 "-" "Amazon CloudFront"
15.158.243.79 - - [08/Apr/2026:08:32:01 +0000] "GET /index.php?rest_route=%2Foembed%2F1.0%2Fembed&url=https%3A%2F%2F69b4844ae61d4e92bf26ad98af552775-devsite.readyship.co%2F%3Fp%3D25687 HTTP/1.1" 403 - "https://69b4844ae61d4e92bf26ad98af552775-devsite.readyship.co/?p=25687" "Mozilla/5.0 AppleWebKit/537.36 (KHTML, like Gecko; compatible; GPTBot/1.3; +https://openai.com/gptbot)"
64.252.82.241 - - [08/Apr/2026:08:32:02 +0000] "GET /?p=66790 HTTP/1.1" 200 14685 "-" "Amazon CloudFront"
64.252.82.241 - - [08/Apr/2026:08:32:03 +0000] "GET /?p=25689 HTTP/1.1" 200 15554 "-" "Amazon CloudFront"
64.252.82.241 - - [08/Apr/2026:08:32:04 +0000] "GET /?feed=rss2&p=25691 HTTP/1.1" 200 497 "-" "Amazon CloudFront"
64.252.82.241 - - [08/Apr/2026:08:32:05 +0000] "GET /?feed=rss2&p=25679 HTTP/1.1" 200 532 "-" "Amazon CloudFront"
64.252.83.165 - - [08/Apr/2026:08:32:06 +0000] "GET /?p=25671 HTTP/1.1" 200 17626 "-" "Amazon CloudFront"
64.252.83.165 - - [08/Apr/2026:08:32:08 +0000] "GET /?feed=rss2&p=25697 HTTP/1.1" 200 536 "-" "Amazon CloudFront"
64.252.83.165 - - [08/Apr/2026:08:32:08 +0000] "GET /?feed=rss2&p=25683 HTTP/1.1" 200 535 "-" "Amazon CloudFront"
64.252.83.165 - - [08/Apr/2026:08:32:09 +0000] "GET /?p=25699 HTTP/1.1" 200 20293 "-" "Amazon CloudFront"
64.252.83.165 - - [08/Apr/2026:08:32:11 +0000] "GET /?p=67084 HTTP/1.1" 200 16217 "-" "Amazon CloudFront"
64.252.85.152 - - [08/Apr/2026:08:32:12 +0000] "GET /?p=25673 HTTP/1.1" 200 22412 "-" "Amazon CloudFront"
64.252.83.165 - - [08/Apr/2026:08:32:13 +0000] "GET /?author=2&paged=1480 HTTP/1.1" 200 11185 "-" "Amazon CloudFront"
64.252.82.241 - - [08/Apr/2026:08:32:15 +0000] "GET /?author=2&paged=1479 HTTP/1.1" 200 11409 "-" "Amazon CloudFront"
64.252.85.152 - - [08/Apr/2026:08:32:16 +0000] "GET /?feed=rss2&p=25689 HTTP/1.1" 200 517 "-" "Amazon CloudFront"
64.252.82.241 - - [08/Apr/2026:08:32:17 +0000] "GET /?author=2&paged=3540 HTTP/1.1" 200 11199 "-" "Amazon CloudFront"
64.252.82.241 - - [08/Apr/2026:08:32:19 +0000] "GET /?author=2&paged=3539 HTTP/1.1" 200 11209 "-" "Amazon CloudFront"
15.158.243.79 - - [08/Apr/2026:08:32:21 +0000] "GET /index.php?format=xml&rest_route=%2Foembed%2F1.0%2Fembed&url=https%3A%2F%2F69b4844ae61d4e92bf26ad98af552775-devsite.readyship.co%2F%3Fp%3D7517 HTTP/1.1" 403 - "https://69b4844ae61d4e92bf26ad98af552775-devsite.readyship.co/?p=7517" "Mozilla/5.0 AppleWebKit/537.36 (KHTML, like Gecko; compatible; GPTBot/1.3; +https://openai.com/gptbot)"
64.252.83.165 - - [08/Apr/2026:08:32:20 +0000] "GET /?feed=rss2&p=25671 HTTP/1.1" 200 517 "-" "Amazon CloudFront"
15.158.243.79 - - [08/Apr/2026:08:32:21 +0000] "GET /index.php?format=xml&rest_route=%2Foembed%2F1.0%2Fembed&url=https%3A%2F%2F69b4844ae61d4e92bf26ad98af552775-devsite.readyship.co%2F%3Fp%3D6560 HTTP/1.1" 403 - "https://69b4844ae61d4e92bf26ad98af552775-devsite.readyship.co/?p=6560" "Mozilla/5.0 AppleWebKit/537.36 (KHTML, like Gecko; compatible; GPTBot/1.3; +https://openai.com/gptbot)"
15.158.215.109 - - [08/Apr/2026:08:32:23 +0000] "POST /wp-cron.php?doing_wp_cron=1775637142.9412300586700439453125 HTTP/1.1" 200 - "https://69b4844ae61d4e92bf26ad98af552775-devsite.readyship.co/wp-cron.php?doing_wp_cron=1775637142.9412300586700439453125" "WordPress/5.1.19; https://69b4844ae61d4e92bf26ad98af552775-devsite.readyship.co"
64.252.82.241 - - [08/Apr/2026:08:32:22 +0000] "GET /?feed=rss2&p=25699 HTTP/1.1" 200 509 "-" "Amazon CloudFront"
64.252.85.152 - - [08/Apr/2026:08:32:23 +0000] "GET /?p=25701 HTTP/1.1" 200 22706 "-" "Amazon CloudFront"
64.252.83.165 - - [08/Apr/2026:08:32:25 +0000] "GET /?feed=rss2&p=25673 HTTP/1.1" 200 501 "-" "Amazon CloudFront"
64.252.85.152 - - [08/Apr/2026:08:32:26 +0000] "GET /?p=67170 HTTP/1.1" 200 14267 "-" "Amazon CloudFront"
64.252.85.152 - - [08/Apr/2026:08:32:27 +0000] "GET /?p=67119 HTTP/1.1" 200 15326 "-" "Amazon CloudFront"
64.252.85.152 - - [08/Apr/2026:08:32:29 +0000] "GET /?p=67137 HTTP/1.1" 200 14661 "-" "Amazon CloudFront"
64.252.85.152 - - [08/Apr/2026:08:32:30 +0000] "GET /?p=25715 HTTP/1.1" 200 17258 "-" "Amazon CloudFront"
15.158.243.79 - - [08/Apr/2026:08:32:31 +0000] "GET /index.php?format=xml&rest_route=%2Foembed%2F1.0%2Fembed&url=https%3A%2F%2F69b4844ae61d4e92bf26ad98af552775-devsite.readyship.co%2F%3Fp%3D67137 HTTP/1.1" 403 - "https://69b4844ae61d4e92bf26ad98af552775-devsite.readyship.co/?p=67137" "Mozilla/5.0 AppleWebKit/537.36 (KHTML, like Gecko; compatible; GPTBot/1.3; +https://openai.com/gptbot)"
15.158.243.79 - - [08/Apr/2026:08:32:32 +0000] "GET /index.php?rest_route=%2Foembed%2F1.0%2Fembed&url=https%3A%2F%2F69b4844ae61d4e92bf26ad98af552775-devsite.readyship.co%2F%3Fp%3D67137 HTTP/1.1" 403 - "https://69b4844ae61d4e92bf26ad98af552775-devsite.readyship.co/?p=67137" "Mozilla/5.0 AppleWebKit/537.36 (KHTML, like Gecko; compatible; GPTBot/1.3; +https://openai.com/gptbot)"
64.252.83.165 - - [08/Apr/2026:08:32:32 +0000] "GET /?p=25707 HTTP/1.1" 200 15552 "-" "Amazon CloudFront"
64.252.85.152 - - [08/Apr/2026:08:32:34 +0000] "GET /?p=25723 HTTP/1.1" 200 15954 "-" "Amazon CloudFront"
64.252.85.152 - - [08/Apr/2026:08:32:35 +0000] "GET /?p=67164 HTTP/1.1" 200 14874 "-" "Amazon CloudFront"
64.252.82.241 - - [08/Apr/2026:08:32:36 +0000] "GET /?p=67163 HTTP/1.1" 200 14378 "-" "Amazon CloudFront"
64.252.83.165 - - [08/Apr/2026:08:32:38 +0000] "GET /?p=25727 HTTP/1.1" 200 18179 "-" "Amazon CloudFront"
64.252.82.241 - - [08/Apr/2026:08:32:39 +0000] "GET /?feed=rss2&p=25701 HTTP/1.1" 200 516 "-" "Amazon CloudFront"
64.252.85.152 - - [08/Apr/2026:08:32:40 +0000] "GET /?p=25735 HTTP/1.1" 200 16216 "-" "Amazon CloudFront"
64.252.83.165 - - [08/Apr/2026:08:32:41 +0000] "GET /?p=25725 HTTP/1.1" 200 16720 "-" "Amazon CloudFront"
64.252.82.241 - - [08/Apr/2026:08:32:43 +0000] "GET /?p=67118 HTTP/1.1" 200 14931 "-" "Amazon CloudFront"
64.252.82.241 - - [08/Apr/2026:08:32:44 +0000] "GET /?p=25721 HTTP/1.1" 200 15446 "-" "Amazon CloudFront"
64.252.85.152 - - [08/Apr/2026:08:32:45 +0000] "GET /?feed=rss2&p=25715 HTTP/1.1" 200 528 "-" "Amazon CloudFront"
64.252.69.192 - - [08/Apr/2026:08:32:45 +0000] "GET /?cat=124 HTTP/1.1" 200 10774 "-" "Amazon CloudFront"
64.252.85.152 - - [08/Apr/2026:08:32:46 +0000] "GET /?feed=rss2&p=25707 HTTP/1.1" 200 508 "-" "Amazon CloudFront"
64.252.83.165 - - [08/Apr/2026:08:32:47 +0000] "GET /?feed=rss2&p=25723 HTTP/1.1" 200 515 "-" "Amazon CloudFront"
64.252.85.152 - - [08/Apr/2026:08:32:48 +0000] "GET /?p=67003 HTTP/1.1" 200 14445 "-" "Amazon CloudFront"
64.252.82.241 - - [08/Apr/2026:08:32:49 +0000] "GET /?p=25733 HTTP/1.1" 200 15391 "-" "Amazon CloudFront"
64.252.83.165 - - [08/Apr/2026:08:32:51 +0000] "GET /?feed=rss2&p=25727 HTTP/1.1" 200 526 "-" "Amazon CloudFront"
64.252.82.241 - - [08/Apr/2026:08:32:51 +0000] "GET /?p=25717 HTTP/1.1" 200 15332 "-" "Amazon CloudFront"
64.252.83.165 - - [08/Apr/2026:08:32:53 +0000] "GET /?feed=rss2&p=25735 HTTP/1.1" 200 526 "-" "Amazon CloudFront"
64.252.83.165 - - [08/Apr/2026:08:32:54 +0000] "GET /?feed=rss2&p=25725 HTTP/1.1" 200 531 "-" "Amazon CloudFront"
64.252.82.241 - - [08/Apr/2026:08:32:54 +0000] "GET /?p=67174 HTTP/1.1" 200 14559 "-" "Amazon CloudFront"
64.252.85.152 - - [08/Apr/2026:08:32:56 +0000] "GET /?feed=rss2&p=25721 HTTP/1.1" 200 494 "-" "Amazon CloudFront"
15.158.243.79 - - [08/Apr/2026:08:32:56 +0000] "GET /index.php?rest_route=%2Foembed%2F1.0%2Fembed&url=https%3A%2F%2F69b4844ae61d4e92bf26ad98af552775-devsite.readyship.co%2F%3Fp%3D25721 HTTP/1.1" 403 - "https://69b4844ae61d4e92bf26ad98af552775-devsite.readyship.co/?p=25721" "Mozilla/5.0 AppleWebKit/537.36 (KHTML, like Gecko; compatible; GPTBot/1.3; +https://openai.com/gptbot)"
64.252.83.165 - - [08/Apr/2026:08:32:57 +0000] "GET /?p=25711 HTTP/1.1" 200 16762 "-" "Amazon CloudFront"
64.252.82.241 - - [08/Apr/2026:08:32:58 +0000] "GET /?p=67069 HTTP/1.1" 200 14447 "-" "Amazon CloudFront"
64.252.83.165 - - [08/Apr/2026:08:33:00 +0000] "GET /?p=25737 HTTP/1.1" 200 18315 "-" "Amazon CloudFront"
64.252.83.165 - - [08/Apr/2026:08:33:01 +0000] "GET /?feed=rss2&p=25733 HTTP/1.1" 200 531 "-" "Amazon CloudFront"
64.252.85.152 - - [08/Apr/2026:08:33:02 +0000] "GET /?p=67016 HTTP/1.1" 200 14704 "-" "Amazon CloudFront"
64.252.85.152 - - [08/Apr/2026:08:33:03 +0000] "GET /?feed=rss2&p=25717 HTTP/1.1" 200 537 "-" "Amazon CloudFront"
64.252.85.152 - - [08/Apr/2026:08:33:04 +0000] "GET /?p=67167 HTTP/1.1" 200 14549 "-" "Amazon CloudFront"
64.252.83.165 - - [08/Apr/2026:08:33:05 +0000] "GET /?p=25705 HTTP/1.1" 200 16457 "-" "Amazon CloudFront"
64.252.83.165 - - [08/Apr/2026:08:33:07 +0000] "GET /?p=67121 HTTP/1.1" 200 14780 "-" "Amazon CloudFront"
64.252.69.192 - - [08/Apr/2026:08:33:07 +0000] "GET /?p=62735 HTTP/1.1" 200 16383 "-" "Amazon CloudFront"
64.252.82.241 - - [08/Apr/2026:08:33:08 +0000] "GET /?p=25729 HTTP/1.1" 200 16249 "-" "Amazon CloudFront"
64.252.83.165 - - [08/Apr/2026:08:33:11 +0000] "GET /?feed=rss2&p=25711 HTTP/1.1" 200 484 "-" "Amazon CloudFront"
64.252.82.241 - - [08/Apr/2026:08:33:09 +0000] "GET /?p=66993 HTTP/1.1" 200 14484 "-" "Amazon CloudFront"
64.252.85.152 - - [08/Apr/2026:08:33:12 +0000] "GET /?p=67190 HTTP/1.1" 200 15874 "-" "Amazon CloudFront"
64.252.85.152 - - [08/Apr/2026:08:33:13 +0000] "GET /?p=25740 HTTP/1.1" 200 14707 "-" "Amazon CloudFront"
64.252.85.152 - - [08/Apr/2026:08:33:14 +0000] "GET /?p=25703 HTTP/1.1" 200 16643 "-" "Amazon CloudFront"
64.252.85.152 - - [08/Apr/2026:08:33:15 +0000] "GET /?p=67158 HTTP/1.1" 200 14168 "-" "Amazon CloudFront"
64.252.85.152 - - [08/Apr/2026:08:33:17 +0000] "GET /?p=67124 HTTP/1.1" 200 14601 "-" "Amazon CloudFront"
64.252.85.152 - - [08/Apr/2026:08:33:18 +0000] "GET /?p=67192 HTTP/1.1" 200 14737 "-" "Amazon CloudFront"
64.252.82.241 - - [08/Apr/2026:08:33:19 +0000] "GET /?feed=rss2&p=25705 HTTP/1.1" 200 521 "-" "Amazon CloudFront"
64.252.82.241 - - [08/Apr/2026:08:33:20 +0000] "GET /?p=25713 HTTP/1.1" 200 17102 "-" "Amazon CloudFront"
15.158.215.109 - - [08/Apr/2026:08:33:22 +0000] "POST /wp-cron.php?doing_wp_cron=1775637202.2648570537567138671875 HTTP/1.1" 200 - "https://69b4844ae61d4e92bf26ad98af552775-devsite.readyship.co/wp-cron.php?doing_wp_cron=1775637202.2648570537567138671875" "WordPress/5.1.19; https://69b4844ae61d4e92bf26ad98af552775-devsite.readyship.co"
64.252.83.165 - - [08/Apr/2026:08:33:21 +0000] "GET /?feed=rss2&p=25729 HTTP/1.1" 200 528 "-" "Amazon CloudFront"
64.252.83.165 - - [08/Apr/2026:08:33:23 +0000] "GET /?p=25709 HTTP/1.1" 200 16443 "-" "Amazon CloudFront"
64.252.83.165 - - [08/Apr/2026:08:33:24 +0000] "GET /?p=25731 HTTP/1.1" 200 22653 "-" "Amazon CloudFront"
64.252.83.165 - - [08/Apr/2026:08:33:25 +0000] "GET /?p=25719 HTTP/1.1" 200 18025 "-" "Amazon CloudFront"
64.252.83.165 - - [08/Apr/2026:08:33:27 +0000] "GET /?feed=rss2&p=25740 HTTP/1.1" 200 514 "-" "Amazon CloudFront"
64.252.85.152 - - [08/Apr/2026:08:33:27 +0000] "GET /?feed=rss2&p=25703 HTTP/1.1" 200 526 "-" "Amazon CloudFront"
64.252.83.165 - - [08/Apr/2026:08:33:28 +0000] "GET /?p=25742 HTTP/1.1" 200 14715 "-" "Amazon CloudFront"
15.158.243.79 - - [08/Apr/2026:08:33:30 +0000] "GET /index.php?format=xml&rest_route=%2Foembed%2F1.0%2Fembed&url=https%3A%2F%2F69b4844ae61d4e92bf26ad98af552775-devsite.readyship.co%2F%3Fp%3D67119 HTTP/1.1" 403 - "https://69b4844ae61d4e92bf26ad98af552775-devsite.readyship.co/?p=67119" "Mozilla/5.0 AppleWebKit/537.36 (KHTML, like Gecko; compatible; GPTBot/1.3; +https://openai.com/gptbot)"
64.252.83.165 - - [08/Apr/2026:08:33:30 +0000] "GET /?feed=rss2&p=25737 HTTP/1.1" 200 553 "-" "Amazon CloudFront"
64.252.82.241 - - [08/Apr/2026:08:33:31 +0000] "GET /?author=2&paged=3538 HTTP/1.1" 200 11236 "-" "Amazon CloudFront"
64.252.82.241 - - [08/Apr/2026:08:33:32 +0000] "GET /?feed=rss2&p=25713 HTTP/1.1" 200 532 "-" "Amazon CloudFront"
64.252.83.165 - - [08/Apr/2026:08:33:33 +0000] "GET /?author=2&paged=1482 HTTP/1.1" 200 11311 "-" "Amazon CloudFront"
64.252.83.165 - - [08/Apr/2026:08:33:34 +0000] "GET /?feed=rss2&p=25709 HTTP/1.1" 200 532 "-" "Amazon CloudFront"
64.252.82.241 - - [08/Apr/2026:08:33:35 +0000] "GET /?feed=rss2&p=25731 HTTP/1.1" 200 505 "-" "Amazon CloudFront"
64.252.85.152 - - [08/Apr/2026:08:33:36 +0000] "GET /?feed=rss2&p=25719 HTTP/1.1" 200 513 "-" "Amazon CloudFront"
64.252.83.165 - - [08/Apr/2026:08:33:37 +0000] "GET /?author=2&paged=3537 HTTP/1.1" 200 11171 "-" "Amazon CloudFront"
64.252.85.152 - - [08/Apr/2026:08:33:38 +0000] "GET /?author=2&paged=1481 HTTP/1.1" 200 11333 "-" "Amazon CloudFront"
64.252.82.241 - - [08/Apr/2026:08:33:40 +0000] "GET /?feed=rss2&p=25742 HTTP/1.1" 200 495 "-" "Amazon CloudFront"
64.252.85.152 - - [08/Apr/2026:08:33:41 +0000] "GET /?p=25744 HTTP/1.1" 200 14809 "-" "Amazon CloudFront"
15.158.243.79 - - [08/Apr/2026:08:33:42 +0000] "GET /index.php?format=xml&rest_route=%2Foembed%2F1.0%2Fembed&url=https%3A%2F%2F69b4844ae61d4e92bf26ad98af552775-devsite.readyship.co%2F%3Fp%3D8849 HTTP/1.1" 403 - "https://69b4844ae61d4e92bf26ad98af552775-devsite.readyship.co/?p=8849" "Mozilla/5.0 AppleWebKit/537.36 (KHTML, like Gecko; compatible; GPTBot/1.3; +https://openai.com/gptbot)"
64.252.67.128 - - [08/Apr/2026:08:33:40 +0000] "GET /?p=28164 HTTP/1.1" 200 16984 "-" "Amazon CloudFront"
64.252.83.165 - - [08/Apr/2026:08:33:42 +0000] "GET /?p=25752 HTTP/1.1" 200 14548 "-" "Amazon CloudFront"
64.252.83.165 - - [08/Apr/2026:08:33:44 +0000] "GET /?p=25750 HTTP/1.1" 200 14598 "-" "Amazon CloudFront"
64.252.85.152 - - [08/Apr/2026:08:33:45 +0000] "GET /?p=67097 HTTP/1.1" 200 15651 "-" "Amazon CloudFront"
64.252.85.152 - - [08/Apr/2026:08:33:46 +0000] "GET /?p=67040 HTTP/1.1" 200 14406 "-" "Amazon CloudFront"
64.252.85.152 - - [08/Apr/2026:08:33:48 +0000] "GET /?p=67001 HTTP/1.1" 200 14284 "-" "Amazon CloudFront"
64.252.83.165 - - [08/Apr/2026:08:33:49 +0000] "GET /?p=67026 HTTP/1.1" 200 14996 "-" "Amazon CloudFront"
64.252.83.165 - - [08/Apr/2026:08:33:51 +0000] "GET /?p=67116 HTTP/1.1" 200 17487 "-" "Amazon CloudFront"
64.252.85.152 - - [08/Apr/2026:08:33:52 +0000] "GET /?p=66915 HTTP/1.1" 200 15500 "-" "Amazon CloudFront"
64.252.82.241 - - [08/Apr/2026:08:33:53 +0000] "GET /?p=25774 HTTP/1.1" 200 14321 "-" "Amazon CloudFront"
64.252.82.241 - - [08/Apr/2026:08:33:55 +0000] "GET /?feed=rss2&p=25744 HTTP/1.1" 200 502 "-" "Amazon CloudFront"
64.252.85.152 - - [08/Apr/2026:08:33:56 +0000] "GET /?cat=1 HTTP/1.1" 200 11102 "-" "Amazon CloudFront"
64.252.83.165 - - [08/Apr/2026:08:33:57 +0000] "GET /?feed=rss2&p=25752 HTTP/1.1" 200 524 "-" "Amazon CloudFront"
64.252.83.165 - - [08/Apr/2026:08:33:58 +0000] "GET /?p=25776 HTTP/1.1" 200 14481 "-" "Amazon CloudFront"
64.252.85.152 - - [08/Apr/2026:08:33:59 +0000] "GET /?p=25766 HTTP/1.1" 200 14473 "-" "Amazon CloudFront"
64.252.83.165 - - [08/Apr/2026:08:34:01 +0000] "GET /?p=25758 HTTP/1.1" 200 14331 "-" "Amazon CloudFront"
64.252.83.165 - - [08/Apr/2026:08:34:02 +0000] "GET /?p=67007 HTTP/1.1" 200 15014 "-" "Amazon CloudFront"
64.252.82.241 - - [08/Apr/2026:08:34:04 +0000] "GET /?p=66990 HTTP/1.1" 200 14732 "-" "Amazon CloudFront"
64.252.82.241 - - [08/Apr/2026:08:34:05 +0000] "GET /?p=66811 HTTP/1.1" 200 14336 "-" "Amazon CloudFront"
64.252.85.152 - - [08/Apr/2026:08:34:06 +0000] "GET /?p=25756 HTTP/1.1" 200 17098 "-" "Amazon CloudFront"
64.252.66.105 - - [08/Apr/2026:08:34:07 +0000] "GET /?p=9559 HTTP/1.1" 200 14593 "-" "Amazon CloudFront"
64.252.82.241 - - [08/Apr/2026:08:34:08 +0000] "GET /?feed=rss2&p=25774 HTTP/1.1" 200 501 "-" "Amazon CloudFront"
64.252.82.241 - - [08/Apr/2026:08:34:09 +0000] "GET /?feed=rss2&p=25756 HTTP/1.1" 200 515 "-" "Amazon CloudFront"
64.252.82.241 - - [08/Apr/2026:08:34:09 +0000] "GET /?p=67122 HTTP/1.1" 200 14033 "-" "Amazon CloudFront"
15.158.243.79 - - [08/Apr/2026:08:34:11 +0000] "GET /index.php?rest_route=%2Foembed%2F1.0%2Fembed&url=https%3A%2F%2F69b4844ae61d4e92bf26ad98af552775-devsite.readyship.co%2F%3Fp%3D25756 HTTP/1.1" 403 - "https://69b4844ae61d4e92bf26ad98af552775-devsite.readyship.co/?p=25756" "Mozilla/5.0 AppleWebKit/537.36 (KHTML, like Gecko; compatible; GPTBot/1.3; +https://openai.com/gptbot)"
15.158.243.79 - - [08/Apr/2026:08:34:11 +0000] "GET /index.php?format=xml&rest_route=%2Foembed%2F1.0%2Fembed&url=https%3A%2F%2F69b4844ae61d4e92bf26ad98af552775-devsite.readyship.co%2F%3Fp%3D25756 HTTP/1.1" 403 - "https://69b4844ae61d4e92bf26ad98af552775-devsite.readyship.co/?p=25756" "Mozilla/5.0 AppleWebKit/537.36 (KHTML, like Gecko; compatible; GPTBot/1.3; +https://openai.com/gptbot)"
64.252.66.105 - - [08/Apr/2026:08:34:10 +0000] "GET /?p=9321 HTTP/1.1" 200 14959 "-" "Amazon CloudFront"
64.252.83.165 - - [08/Apr/2026:08:34:12 +0000] "GET /?cat=1&paged=4358 HTTP/1.1" 200 11100 "-" "Amazon CloudFront"
64.252.82.241 - - [08/Apr/2026:08:34:13 +0000] "GET /?p=66980 HTTP/1.1" 200 14732 "-" "Amazon CloudFront"
64.252.85.152 - - [08/Apr/2026:08:34:14 +0000] "GET /?feed=rss2&p=25776 HTTP/1.1" 200 509 "-" "Amazon CloudFront"
64.252.85.152 - - [08/Apr/2026:08:34:15 +0000] "GET /?feed=rss2&p=25766 HTTP/1.1" 200 506 "-" "Amazon CloudFront"
64.252.82.241 - - [08/Apr/2026:08:34:16 +0000] "GET /?feed=rss2&p=25758 HTTP/1.1" 200 491 "-" "Amazon CloudFront"
64.252.69.192 - - [08/Apr/2026:08:34:13 +0000] "GET /?healthcheck_timestamp=1775637047294 HTTP/1.1" 200 178919 "-" "Amazon CloudFront"
64.252.85.152 - - [08/Apr/2026:08:34:17 +0000] "GET /?p=25778 HTTP/1.1" 200 14588 "-" "Amazon CloudFront"
64.252.82.241 - - [08/Apr/2026:08:34:18 +0000] "GET /?p=25772 HTTP/1.1" 200 14576 "-" "Amazon CloudFront"
64.252.83.165 - - [08/Apr/2026:08:34:20 +0000] "GET /?p=66991 HTTP/1.1" 200 14565 "-" "Amazon CloudFront"
15.158.215.109 - - [08/Apr/2026:08:34:22 +0000] "POST /wp-cron.php?doing_wp_cron=1775637262.2763309478759765625000 HTTP/1.1" 200 - "https://69b4844ae61d4e92bf26ad98af552775-devsite.readyship.co/wp-cron.php?doing_wp_cron=1775637262.2763309478759765625000" "WordPress/5.1.19; https://69b4844ae61d4e92bf26ad98af552775-devsite.readyship.co"
64.252.82.241 - - [08/Apr/2026:08:34:21 +0000] "GET /?p=25762 HTTP/1.1" 200 14509 "-" "Amazon CloudFront"
64.252.85.152 - - [08/Apr/2026:08:34:23 +0000] "GET /?p=66994 HTTP/1.1" 200 14212 "-" "Amazon CloudFront"
64.252.83.165 - - [08/Apr/2026:08:34:25 +0000] "GET /?cat=1&paged=4356 HTTP/1.1" 200 11291 "-" "Amazon CloudFront"
64.252.82.241 - - [08/Apr/2026:08:34:26 +0000] "GET /?p=66972 HTTP/1.1" 200 14289 "-" "Amazon CloudFront"
64.252.85.152 - - [08/Apr/2026:08:34:27 +0000] "GET /?p=66900 HTTP/1.1" 200 15501 "-" "Amazon CloudFront"
64.252.83.165 - - [08/Apr/2026:08:34:28 +0000] "GET /?p=25754 HTTP/1.1" 200 14672 "-" "Amazon CloudFront"
64.252.83.165 - - [08/Apr/2026:08:34:30 +0000] "GET /?p=66840 HTTP/1.1" 200 14439 "-" "Amazon CloudFront"
64.252.83.165 - - [08/Apr/2026:08:34:32 +0000] "GET /?feed=rss2&p=25772 HTTP/1.1" 200 536 "-" "Amazon CloudFront"
64.252.82.241 - - [08/Apr/2026:08:34:31 +0000] "GET /?feed=rss2&p=25778 HTTP/1.1" 200 551 "-" "Amazon CloudFront"
64.252.85.152 - - [08/Apr/2026:08:34:33 +0000] "GET /?p=25770 HTTP/1.1" 200 14428 "-" "Amazon CloudFront"
64.252.85.152 - - [08/Apr/2026:08:34:34 +0000] "GET /?p=25780 HTTP/1.1" 200 14403 "-" "Amazon CloudFront"
64.252.83.165 - - [08/Apr/2026:08:34:35 +0000] "GET /?feed=rss2&p=25762 HTTP/1.1" 200 497 "-" "Amazon CloudFront"
64.252.83.165 - - [08/Apr/2026:08:34:36 +0000] "GET /?p=67092 HTTP/1.1" 200 15529 "-" "Amazon CloudFront"
64.252.82.241 - - [08/Apr/2026:08:34:37 +0000] "GET /?p=25764 HTTP/1.1" 200 14257 "-" "Amazon CloudFront"
64.252.83.165 - - [08/Apr/2026:08:34:38 +0000] "GET /?p=25746 HTTP/1.1" 200 14661 "-" "Amazon CloudFront"
64.252.82.241 - - [08/Apr/2026:08:34:40 +0000] "GET /?p=25760 HTTP/1.1" 200 14743 "-" "Amazon CloudFront"
64.252.83.165 - - [08/Apr/2026:08:34:41 +0000] "GET /?feed=rss2&p=25754 HTTP/1.1" 200 510 "-" "Amazon CloudFront"
64.252.83.165 - - [08/Apr/2026:08:34:42 +0000] "GET /?p=25748 HTTP/1.1" 200 14430 "-" "Amazon CloudFront"
64.252.82.241 - - [08/Apr/2026:08:34:43 +0000] "GET /?p=25768 HTTP/1.1" 200 13889 "-" "Amazon CloudFront"
64.252.83.165 - - [08/Apr/2026:08:34:44 +0000] "GET /?feed=rss2&p=25750 HTTP/1.1" 200 512 "-" "Amazon CloudFront"
64.252.85.152 - - [08/Apr/2026:08:34:45 +0000] "GET /?feed=rss2&p=25770 HTTP/1.1" 200 499 "-" "Amazon CloudFront"
64.252.83.165 - - [08/Apr/2026:08:34:46 +0000] "GET /?feed=rss2&p=25780 HTTP/1.1" 200 510 "-" "Amazon CloudFront"
64.252.82.241 - - [08/Apr/2026:08:34:47 +0000] "GET /?p=25782 HTTP/1.1" 200 14490 "-" "Amazon CloudFront"
15.158.243.79 - - [08/Apr/2026:08:34:48 +0000] "GET /index.php?format=xml&rest_route=%2Foembed%2F1.0%2Fembed&url=https%3A%2F%2F69b4844ae61d4e92bf26ad98af552775-devsite.readyship.co%2F%3Fp%3D25780 HTTP/1.1" 403 - "https://69b4844ae61d4e92bf26ad98af552775-devsite.readyship.co/?p=25780" "Mozilla/5.0 AppleWebKit/537.36 (KHTML, like Gecko; compatible; GPTBot/1.3; +https://openai.com/gptbot)"
64.252.66.105 - - [08/Apr/2026:08:34:46 +0000] "GET /?p=13027 HTTP/1.1" 200 14485 "-" "Amazon CloudFront"
64.252.83.165 - - [08/Apr/2026:08:34:48 +0000] "GET /?feed=rss2&p=25764 HTTP/1.1" 200 496 "-" "Amazon CloudFront"
64.252.85.152 - - [08/Apr/2026:08:34:49 +0000] "GET /?feed=rss2&p=25746 HTTP/1.1" 200 512 "-" "Amazon CloudFront"
64.252.83.165 - - [08/Apr/2026:08:34:50 +0000] "GET /?feed=rss2&p=25760 HTTP/1.1" 200 539 "-" "Amazon CloudFront"
64.252.68.163 - - [08/Apr/2026:08:34:50 +0000] "GET /?p=13019 HTTP/1.1" 200 14714 "-" "Amazon CloudFront"
64.252.82.241 - - [08/Apr/2026:08:34:51 +0000] "GET /?author=2&paged=1483 HTTP/1.1" 200 11188 "-" "Amazon CloudFront"
64.252.82.241 - - [08/Apr/2026:08:34:52 +0000] "GET /?feed=rss2&p=25748 HTTP/1.1" 200 521 "-" "Amazon CloudFront"
64.252.83.165 - - [08/Apr/2026:08:34:53 +0000] "GET /?feed=rss2&p=25768 HTTP/1.1" 200 496 "-" "Amazon CloudFront"
64.252.68.163 - - [08/Apr/2026:08:34:53 +0000] "GET /?p=33216 HTTP/1.1" 200 16668 "-" "Amazon CloudFront"
64.252.85.152 - - [08/Apr/2026:08:34:54 +0000] "GET /?author=2&paged=3535 HTTP/1.1" 200 11329 "-" "Amazon CloudFront"
64.252.82.241 - - [08/Apr/2026:08:34:55 +0000] "GET /?author=2&paged=1484 HTTP/1.1" 200 11348 "-" "Amazon CloudFront"
64.252.83.165 - - [08/Apr/2026:08:34:56 +0000] "GET /?author=2&paged=3536 HTTP/1.1" 200 11309 "-" "Amazon CloudFront"
64.252.85.152 - - [08/Apr/2026:08:34:58 +0000] "GET /?p=25784 HTTP/1.1" 200 14631 "-" "Amazon CloudFront"
64.252.82.241 - - [08/Apr/2026:08:34:59 +0000] "GET /?feed=rss2&p=25782 HTTP/1.1" 200 509 "-" "Amazon CloudFront"
15.158.243.79 - - [08/Apr/2026:08:35:00 +0000] "GET /index.php?format=xml&rest_route=%2Foembed%2F1.0%2Fembed&url=https%3A%2F%2F69b4844ae61d4e92bf26ad98af552775-devsite.readyship.co%2F%3Fp%3D6004 HTTP/1.1" 403 - "https://69b4844ae61d4e92bf26ad98af552775-devsite.readyship.co/?p=6004" "Mozilla/5.0 AppleWebKit/537.36 (KHTML, like Gecko; compatible; GPTBot/1.3; +https://openai.com/gptbot)"
15.158.243.79 - - [08/Apr/2026:08:35:00 +0000] "GET /index.php?format=xml&rest_route=%2Foembed%2F1.0%2Fembed&url=https%3A%2F%2F69b4844ae61d4e92bf26ad98af552775-devsite.readyship.co%2F%3Fp%3D9433 HTTP/1.1" 403 - "https://69b4844ae61d4e92bf26ad98af552775-devsite.readyship.co/?p=9433" "Mozilla/5.0 AppleWebKit/537.36 (KHTML, like Gecko; compatible; GPTBot/1.3; +https://openai.com/gptbot)"
64.252.66.105 - - [08/Apr/2026:08:35:00 +0000] "GET /?p=25649 HTTP/1.1" 200 15523 "-" "Amazon CloudFront"
15.158.243.111 - - [08/Apr/2026:08:35:01 +0000] "GET /index.php?format=xml&rest_route=%2Foembed%2F1.0%2Fembed&url=https%3A%2F%2F69b4844ae61d4e92bf26ad98af552775-devsite.readyship.co%2F%3Fp%3D6654 HTTP/1.1" 403 - "https://69b4844ae61d4e92bf26ad98af552775-devsite.readyship.co/?p=6654" "Mozilla/5.0 AppleWebKit/537.36 (KHTML, like Gecko; compatible; GPTBot/1.3; +https://openai.com/gptbot)"
64.252.85.152 - - [08/Apr/2026:08:35:01 +0000] "GET /?p=67114 HTTP/1.1" 200 14542 "-" "Amazon CloudFront"
64.252.82.241 - - [08/Apr/2026:08:35:03 +0000] "GET /?p=67074 HTTP/1.1" 200 14259 "-" "Amazon CloudFront"
64.252.76.63 - - [08/Apr/2026:08:35:04 +0000] "GET /prizes/201857288 HTTP/1.1" 301 - "-" "Amazon CloudFront"
64.252.82.241 - - [08/Apr/2026:08:35:04 +0000] "GET /?p=67173 HTTP/1.1" 200 14143 "-" "Amazon CloudFront"
64.252.74.231 - - [08/Apr/2026:08:35:02 +0000] "GET /prizes/187080975/ HTTP/1.1" 200 24278 "-" "Amazon CloudFront"
64.252.82.241 - - [08/Apr/2026:08:35:05 +0000] "GET /?p=25808 HTTP/1.1" 200 14489 "-" "Amazon CloudFront"
64.252.76.100 - - [08/Apr/2026:08:35:06 +0000] "GET /prizes/90725965 HTTP/1.1" 301 - "-" "Amazon CloudFront"
64.252.82.241 - - [08/Apr/2026:08:35:07 +0000] "GET /?p=66910 HTTP/1.1" 200 14515 "-" "Amazon CloudFront"
64.252.74.231 - - [08/Apr/2026:08:35:06 +0000] "GET /prizes/199027682/ HTTP/1.1" 200 24283 "-" "Amazon CloudFront"
64.252.83.165 - - [08/Apr/2026:08:35:08 +0000] "GET /?p=25792 HTTP/1.1" 200 14645 "-" "Amazon CloudFront"
64.252.76.100 - - [08/Apr/2026:08:35:09 +0000] "GET /prizes/217545753 HTTP/1.1" 301 - "-" "Amazon CloudFront"
64.252.76.100 - - [08/Apr/2026:08:35:06 +0000] "GET /prizes/90725965/ HTTP/1.1" 200 24279 "-" "Amazon CloudFront"
64.252.85.152 - - [08/Apr/2026:08:35:09 +0000] "GET /?feed=rss2&p=25784 HTTP/1.1" 200 526 "-" "Amazon CloudFront"
64.252.76.63 - - [08/Apr/2026:08:35:10 +0000] "GET /prizes/172588511 HTTP/1.1" 301 - "-" "Amazon CloudFront"
64.252.85.152 - - [08/Apr/2026:08:35:10 +0000] "GET /?p=66973 HTTP/1.1" 200 14515 "-" "Amazon CloudFront"
64.252.69.192 - - [08/Apr/2026:08:35:11 +0000] "GET /?p=10633 HTTP/1.1" 200 14349 "-" "Amazon CloudFront"
64.252.82.241 - - [08/Apr/2026:08:35:11 +0000] "GET /?p=25820 HTTP/1.1" 200 17276 "-" "Amazon CloudFront"
64.252.76.100 - - [08/Apr/2026:08:35:10 +0000] "GET /prizes/217545753/ HTTP/1.1" 200 24298 "-" "Amazon CloudFront"
64.252.85.152 - - [08/Apr/2026:08:35:12 +0000] "GET /?p=67078 HTTP/1.1" 200 14291 "-" "Amazon CloudFront"
64.252.76.63 - - [08/Apr/2026:08:35:10 +0000] "GET /prizes/172588511/ HTTP/1.1" 200 24280 "-" "Amazon CloudFront"
64.252.85.152 - - [08/Apr/2026:08:35:14 +0000] "GET /?p=25802 HTTP/1.1" 200 14981 "-" "Amazon CloudFront"
64.252.76.63 - - [08/Apr/2026:08:35:15 +0000] "GET /prizes/89408147 HTTP/1.1" 301 - "-" "Amazon CloudFront"
64.252.85.152 - - [08/Apr/2026:08:35:15 +0000] "GET /?p=66845 HTTP/1.1" 200 14263 "-" "Amazon CloudFront"
64.252.85.152 - - [08/Apr/2026:08:35:16 +0000] "GET /?p=67046 HTTP/1.1" 200 14393 "-" "Amazon CloudFront"
64.252.74.231 - - [08/Apr/2026:08:35:15 +0000] "GET /prizes/89408147/ HTTP/1.1" 200 24265 "-" "Amazon CloudFront"
64.252.82.241 - - [08/Apr/2026:08:35:17 +0000] "GET /?p=25812 HTTP/1.1" 200 15215 "-" "Amazon CloudFront"
64.252.83.165 - - [08/Apr/2026:08:35:19 +0000] "GET /?feed=rss2&p=25808 HTTP/1.1" 200 550 "-" "Amazon CloudFront"
64.252.76.63 - - [08/Apr/2026:08:35:20 +0000] "GET /prizes/46160551 HTTP/1.1" 301 - "-" "Amazon CloudFront"
64.252.83.165 - - [08/Apr/2026:08:35:21 +0000] "GET /?feed=rss2&p=25792 HTTP/1.1" 200 520 "-" "Amazon CloudFront"
64.252.85.152 - - [08/Apr/2026:08:35:20 +0000] "GET /?p=25818 HTTP/1.1" 200 14911 "-" "Amazon CloudFront"
15.158.215.109 - - [08/Apr/2026:08:35:22 +0000] "POST /wp-cron.php?doing_wp_cron=1775637322.4627981185913085937500 HTTP/1.1" 200 - "https://69b4844ae61d4e92bf26ad98af552775-devsite.readyship.co/wp-cron.php?doing_wp_cron=1775637322.4627981185913085937500" "WordPress/5.1.19; https://69b4844ae61d4e92bf26ad98af552775-devsite.readyship.co"
64.252.82.241 - - [08/Apr/2026:08:35:22 +0000] "GET /?p=66905 HTTP/1.1" 200 14501 "-" "Amazon CloudFront"
64.252.76.63 - - [08/Apr/2026:08:35:20 +0000] "GET /prizes/46160551/ HTTP/1.1" 200 21246 "-" "Amazon CloudFront"
64.252.85.152 - - [08/Apr/2026:08:35:23 +0000] "GET /?p=67172 HTTP/1.1" 200 14301 "-" "Amazon CloudFront"
64.252.83.165 - - [08/Apr/2026:08:35:25 +0000] "GET /?feed=rss2&p=25820 HTTP/1.1" 200 499 "-" "Amazon CloudFront"
64.252.82.241 - - [08/Apr/2026:08:35:25 +0000] "GET /?p=66914 HTTP/1.1" 200 14264 "-" "Amazon CloudFront"
64.252.85.152 - - [08/Apr/2026:08:35:27 +0000] "GET /?feed=rss2&p=25802 HTTP/1.1" 200 505 "-" "Amazon CloudFront"
64.252.74.231 - - [08/Apr/2026:08:35:25 +0000] "GET /prizes/131007480/ HTTP/1.1" 200 24290 "-" "Amazon CloudFront"
64.252.85.152 - - [08/Apr/2026:08:35:27 +0000] "GET /?p=66731 HTTP/1.1" 200 14378 "-" "Amazon CloudFront"
64.252.74.231 - - [08/Apr/2026:08:35:29 +0000] "GET /prizes/61902804 HTTP/1.1" 301 - "-" "Amazon CloudFront"
64.252.85.152 - - [08/Apr/2026:08:35:29 +0000] "GET /?p=66985 HTTP/1.1" 200 14484 "-" "Amazon CloudFront"
64.252.82.241 - - [08/Apr/2026:08:35:30 +0000] "GET /?feed=rss2&p=25812 HTTP/1.1" 200 525 "-" "Amazon CloudFront"
64.252.66.105 - - [08/Apr/2026:08:35:30 +0000] "GET /?p=61927 HTTP/1.1" 200 14607 "-" "Amazon CloudFront"
64.252.82.241 - - [08/Apr/2026:08:35:31 +0000] "GET /?p=25800 HTTP/1.1" 200 14863 "-" "Amazon CloudFront"
64.252.85.152 - - [08/Apr/2026:08:35:32 +0000] "GET /?feed=rss2&p=25818 HTTP/1.1" 200 504 "-" "Amazon CloudFront"
64.252.76.63 - - [08/Apr/2026:08:35:29 +0000] "GET /prizes/61902804/ HTTP/1.1" 200 24302 "-" "Amazon CloudFront"
64.252.82.241 - - [08/Apr/2026:08:35:33 +0000] "GET /?p=67169 HTTP/1.1" 200 14295 "-" "Amazon CloudFront"
64.252.85.152 - - [08/Apr/2026:08:35:34 +0000] "GET /?p=66913 HTTP/1.1" 200 14925 "-" "Amazon CloudFront"
64.252.74.231 - - [08/Apr/2026:08:35:36 +0000] "GET /prizes/56449703 HTTP/1.1" 301 - "-" "Amazon CloudFront"
64.252.83.165 - - [08/Apr/2026:08:35:35 +0000] "GET /?p=25810 HTTP/1.1" 200 14609 "-" "Amazon CloudFront"
64.252.85.152 - - [08/Apr/2026:08:35:36 +0000] "GET /?p=25790 HTTP/1.1" 200 14338 "-" "Amazon CloudFront"
64.252.82.241 - - [08/Apr/2026:08:35:38 +0000] "GET /?p=25796 HTTP/1.1" 200 14530 "-" "Amazon CloudFront"
64.252.76.63 - - [08/Apr/2026:08:35:39 +0000] "GET /prizes/87339834 HTTP/1.1" 301 - "-" "Amazon CloudFront"
64.252.83.165 - - [08/Apr/2026:08:35:39 +0000] "GET /?p=25814 HTTP/1.1" 200 14589 "-" "Amazon CloudFront"
64.252.85.152 - - [08/Apr/2026:08:35:40 +0000] "GET /?p=67148 HTTP/1.1" 200 14472 "-" "Amazon CloudFront"
64.252.85.152 - - [08/Apr/2026:08:35:41 +0000] "GET /?p=25794 HTTP/1.1" 200 14183 "-" "Amazon CloudFront"
64.252.85.152 - - [08/Apr/2026:08:35:42 +0000] "GET /?p=25798 HTTP/1.1" 200 14416 "-" "Amazon CloudFront"
64.252.82.241 - - [08/Apr/2026:08:35:44 +0000] "GET /?feed=rss2&p=25800 HTTP/1.1" 200 535 "-" "Amazon CloudFront"
64.252.74.231 - - [08/Apr/2026:08:35:41 +0000] "GET /prizes/250199006/ HTTP/1.1" 200 24290 "-" "Amazon CloudFront"
64.252.82.241 - - [08/Apr/2026:08:35:44 +0000] "GET /?p=25804 HTTP/1.1" 200 14764 "-" "Amazon CloudFront"
64.252.76.100 - - [08/Apr/2026:08:35:45 +0000] "GET /prizes/307620804 HTTP/1.1" 301 - "-" "Amazon CloudFront"
64.252.83.165 - - [08/Apr/2026:08:35:46 +0000] "GET /?p=67021 HTTP/1.1" 200 14677 "-" "Amazon CloudFront"
64.252.85.152 - - [08/Apr/2026:08:35:47 +0000] "GET /?p=25806 HTTP/1.1" 200 16416 "-" "Amazon CloudFront"
64.252.83.165 - - [08/Apr/2026:08:35:49 +0000] "GET /?feed=rss2&p=25790 HTTP/1.1" 200 493 "-" "Amazon CloudFront"
64.252.82.241 - - [08/Apr/2026:08:35:48 +0000] "GET /?feed=rss2&p=25810 HTTP/1.1" 200 496 "-" "Amazon CloudFront"
64.252.74.231 - - [08/Apr/2026:08:35:46 +0000] "GET /prizes/307620804/ HTTP/1.1" 200 24292 "-" "Amazon CloudFront"
64.252.85.152 - - [08/Apr/2026:08:35:50 +0000] "GET /?feed=rss2&p=25796 HTTP/1.1" 200 503 "-" "Amazon CloudFront"
64.252.82.241 - - [08/Apr/2026:08:35:50 +0000] "GET /?feed=rss2&p=25814 HTTP/1.1" 200 520 "-" "Amazon CloudFront"
64.252.82.241 - - [08/Apr/2026:08:35:51 +0000] "GET /?p=25816 HTTP/1.1" 200 14611 "-" "Amazon CloudFront"
64.252.83.165 - - [08/Apr/2026:08:35:52 +0000] "GET /?feed=rss2&p=25794 HTTP/1.1" 200 503 "-" "Amazon CloudFront"
64.252.74.231 - - [08/Apr/2026:08:35:50 +0000] "GET /prizes/307286006/ HTTP/1.1" 200 24297 "-" "Amazon CloudFront"
15.158.243.79 - - [08/Apr/2026:08:35:54 +0000] "GET /index.php?format=xml&rest_route=%2Foembed%2F1.0%2Fembed&url=https%3A%2F%2F69b4844ae61d4e92bf26ad98af552775-devsite.readyship.co%2F%3Fp%3D67078 HTTP/1.1" 403 - "https://69b4844ae61d4e92bf26ad98af552775-devsite.readyship.co/?p=67078" "Mozilla/5.0 AppleWebKit/537.36 (KHTML, like Gecko; compatible; GPTBot/1.3; +https://openai.com/gptbot)"
64.252.83.165 - - [08/Apr/2026:08:35:53 +0000] "GET /?feed=rss2&p=25798 HTTP/1.1" 200 506 "-" "Amazon CloudFront"
64.252.76.63 - - [08/Apr/2026:08:35:54 +0000] "GET /prizes/207954672 HTTP/1.1" 301 - "-" "Amazon CloudFront"
64.252.82.241 - - [08/Apr/2026:08:35:55 +0000] "GET /?feed=rss2&p=25804 HTTP/1.1" 200 514 "-" "Amazon CloudFront"
64.252.82.241 - - [08/Apr/2026:08:35:57 +0000] "GET /?feed=rss2&p=25806 HTTP/1.1" 200 517 "-" "Amazon CloudFront"
64.252.83.165 - - [08/Apr/2026:08:35:55 +0000] "GET /?author=2&paged=1486 HTTP/1.1" 200 11268 "-" "Amazon CloudFront"
64.252.74.231 - - [08/Apr/2026:08:35:55 +0000] "GET /prizes/207954672/ HTTP/1.1" 200 24288 "-" "Amazon CloudFront"
64.252.85.152 - - [08/Apr/2026:08:35:58 +0000] "GET /?author=2&paged=1485 HTTP/1.1" 200 11256 "-" "Amazon CloudFront"
64.252.82.241 - - [08/Apr/2026:08:35:59 +0000] "GET /?author=2&paged=3533 HTTP/1.1" 200 11277 "-" "Amazon CloudFront"
64.252.85.152 - - [08/Apr/2026:08:36:00 +0000] "GET /?author=2&paged=3534 HTTP/1.1" 200 11354 "-" "Amazon CloudFront"
64.252.76.63 - - [08/Apr/2026:08:35:58 +0000] "GET /prizes/98620086/ HTTP/1.1" 200 24290 "-" "Amazon CloudFront"
15.158.243.79 - - [08/Apr/2026:08:36:02 +0000] "GET /index.php?format=xml&rest_route=%2Foembed%2F1.0%2Fembed&url=https%3A%2F%2F69b4844ae61d4e92bf26ad98af552775-devsite.readyship.co%2F%3Fp%3D7947 HTTP/1.1" 403 - "https://69b4844ae61d4e92bf26ad98af552775-devsite.readyship.co/?p=7947" "Mozilla/5.0 AppleWebKit/537.36 (KHTML, like Gecko; compatible; GPTBot/1.3; +https://openai.com/gptbot)"
64.252.85.152 - - [08/Apr/2026:08:36:02 +0000] "GET /?feed=rss2&p=25816 HTTP/1.1" 200 524 "-" "Amazon CloudFront"
15.158.243.79 - - [08/Apr/2026:08:36:03 +0000] "GET /index.php?format=xml&rest_route=%2Foembed%2F1.0%2Fembed&url=https%3A%2F%2F69b4844ae61d4e92bf26ad98af552775-devsite.readyship.co%2F%3Fp%3D8718 HTTP/1.1" 403 - "https://69b4844ae61d4e92bf26ad98af552775-devsite.readyship.co/?p=8718" "Mozilla/5.0 AppleWebKit/537.36 (KHTML, like Gecko; compatible; GPTBot/1.3; +https://openai.com/gptbot)"
15.158.243.111 - - [08/Apr/2026:08:36:04 +0000] "GET /index.php?format=xml&rest_route=%2Foembed%2F1.0%2Fembed&url=https%3A%2F%2F69b4844ae61d4e92bf26ad98af552775-devsite.readyship.co%2F%3Fp%3D9749 HTTP/1.1" 403 - "https://69b4844ae61d4e92bf26ad98af552775-devsite.readyship.co/?p=9749" "Mozilla/5.0 AppleWebKit/537.36 (KHTML, like Gecko; compatible; GPTBot/1.3; +https://openai.com/gptbot)"
64.252.76.100 - - [08/Apr/2026:08:36:04 +0000] "GET /prizes/73592905 HTTP/1.1" 301 - "-" "Amazon CloudFront"
15.158.243.111 - - [08/Apr/2026:08:36:05 +0000] "GET /index.php?format=xml&rest_route=%2Foembed%2F1.0%2Fembed&url=https%3A%2F%2F69b4844ae61d4e92bf26ad98af552775-devsite.readyship.co%2F%3Fp%3D7030 HTTP/1.1" 403 - "https://69b4844ae61d4e92bf26ad98af552775-devsite.readyship.co/?p=7030" "Mozilla/5.0 AppleWebKit/537.36 (KHTML, like Gecko; compatible; GPTBot/1.3; +https://openai.com/gptbot)"
15.158.243.72 - - [08/Apr/2026:08:36:04 +0000] "GET /index.php?format=xml&rest_route=%2Foembed%2F1.0%2Fembed&url=https%3A%2F%2F69b4844ae61d4e92bf26ad98af552775-devsite.readyship.co%2F%3Fp%3D6443 HTTP/1.1" 403 - "https://69b4844ae61d4e92bf26ad98af552775-devsite.readyship.co/?p=6443" "Mozilla/5.0 AppleWebKit/537.36 (KHTML, like Gecko; compatible; GPTBot/1.3; +https://openai.com/gptbot)"
64.252.82.241 - - [08/Apr/2026:08:36:05 +0000] "GET /?p=67141 HTTP/1.1" 200 14525 "-" "Amazon CloudFront"
64.252.76.100 - - [08/Apr/2026:08:36:05 +0000] "GET /prizes/73592905/ HTTP/1.1" 200 24271 "-" "Amazon CloudFront"
64.252.83.165 - - [08/Apr/2026:08:36:07 +0000] "GET /?p=66701 HTTP/1.1" 200 14342 "-" "Amazon CloudFront"
64.252.82.241 - - [08/Apr/2026:08:36:08 +0000] "GET /?p=66935 HTTP/1.1" 200 15215 "-" "Amazon CloudFront"
64.252.76.63 - - [08/Apr/2026:08:36:09 +0000] "GET /prizes/196305076 HTTP/1.1" 301 - "-" "Amazon CloudFront"
64.252.83.165 - - [08/Apr/2026:08:36:09 +0000] "GET /?p=25852 HTTP/1.1" 200 14791 "-" "Amazon CloudFront"
64.252.83.165 - - [08/Apr/2026:08:36:10 +0000] "GET /?p=25848 HTTP/1.1" 200 16131 "-" "Amazon CloudFront"
64.252.83.165 - - [08/Apr/2026:08:36:12 +0000] "GET /?p=25832 HTTP/1.1" 200 14907 "-" "Amazon CloudFront"
64.252.76.100 - - [08/Apr/2026:08:36:10 +0000] "GET /prizes/196305076/ HTTP/1.1" 200 24270 "-" "Amazon CloudFront"
64.252.85.152 - - [08/Apr/2026:08:36:13 +0000] "GET /?p=25854 HTTP/1.1" 200 17873 "-" "Amazon CloudFront"
64.252.82.241 - - [08/Apr/2026:08:36:14 +0000] "GET /?p=25838 HTTP/1.1" 200 14548 "-" "Amazon CloudFront"
64.252.85.152 - - [08/Apr/2026:08:36:16 +0000] "GET /?p=67101 HTTP/1.1" 200 15193 "-" "Amazon CloudFront"
64.252.82.241 - - [08/Apr/2026:08:36:17 +0000] "GET /?p=67037 HTTP/1.1" 200 15807 "-" "Amazon CloudFront"
64.252.76.63 - - [08/Apr/2026:08:36:15 +0000] "GET /prizes/116394187/ HTTP/1.1" 200 24274 "-" "Amazon CloudFront"
64.252.82.241 - - [08/Apr/2026:08:36:18 +0000] "GET /?p=25842 HTTP/1.1" 200 15090 "-" "Amazon CloudFront"
64.252.74.231 - - [08/Apr/2026:08:36:20 +0000] "GET /prizes/201318642 HTTP/1.1" 301 - "-" "Amazon CloudFront"
64.252.83.165 - - [08/Apr/2026:08:36:20 +0000] "GET /?p=25858 HTTP/1.1" 200 15078 "-" "Amazon CloudFront"
64.252.83.165 - - [08/Apr/2026:08:36:21 +0000] "GET /?p=25856 HTTP/1.1" 200 14767 "-" "Amazon CloudFront"
15.158.215.109 - - [08/Apr/2026:08:36:23 +0000] "POST /wp-cron.php?doing_wp_cron=1775637383.0480310916900634765625 HTTP/1.1" 200 - "https://69b4844ae61d4e92bf26ad98af552775-devsite.readyship.co/wp-cron.php?doing_wp_cron=1775637383.0480310916900634765625" "WordPress/5.1.19; https://69b4844ae61d4e92bf26ad98af552775-devsite.readyship.co"
64.252.76.63 - - [08/Apr/2026:08:36:20 +0000] "GET /prizes/244820147/ HTTP/1.1" 200 24259 "-" "Amazon CloudFront"
64.252.85.152 - - [08/Apr/2026:08:36:22 +0000] "GET /?p=25850 HTTP/1.1" 200 15137 "-" "Amazon CloudFront"
64.252.74.231 - - [08/Apr/2026:08:36:21 +0000] "GET /prizes/201318642/ HTTP/1.1" 200 24299 "-" "Amazon CloudFront"
64.252.74.231 - - [08/Apr/2026:08:36:24 +0000] "GET /prizes/329160945 HTTP/1.1" 301 - "-" "Amazon CloudFront"
64.252.82.241 - - [08/Apr/2026:08:36:24 +0000] "GET /?feed=rss2&p=25852 HTTP/1.1" 200 512 "-" "Amazon CloudFront"
64.252.83.165 - - [08/Apr/2026:08:36:26 +0000] "GET /?feed=rss2&p=25832 HTTP/1.1" 200 511 "-" "Amazon CloudFront"
64.252.82.241 - - [08/Apr/2026:08:36:25 +0000] "GET /?feed=rss2&p=25848 HTTP/1.1" 200 555 "-" "Amazon CloudFront"
64.252.76.63 - - [08/Apr/2026:08:36:25 +0000] "GET /prizes/299856723 HTTP/1.1" 301 - "-" "Amazon CloudFront"
64.252.83.165 - - [08/Apr/2026:08:36:26 +0000] "GET /?feed=rss2&p=25854 HTTP/1.1" 200 526 "-" "Amazon CloudFront"
64.252.76.63 - - [08/Apr/2026:08:36:24 +0000] "GET /prizes/49393703/ HTTP/1.1" 200 24296 "-" "Amazon CloudFront"
64.252.82.241 - - [08/Apr/2026:08:36:27 +0000] "GET /?feed=rss2&p=25838 HTTP/1.1" 200 505 "-" "Amazon CloudFront"
64.252.76.63 - - [08/Apr/2026:08:36:28 +0000] "GET /prizes/94979581 HTTP/1.1" 301 - "-" "Amazon CloudFront"
64.252.85.152 - - [08/Apr/2026:08:36:28 +0000] "GET /?p=66830 HTTP/1.1" 200 14387 "-" "Amazon CloudFront"
64.252.74.231 - - [08/Apr/2026:08:36:26 +0000] "GET /prizes/299856723/ HTTP/1.1" 200 24293 "-" "Amazon CloudFront"
64.252.83.165 - - [08/Apr/2026:08:36:29 +0000] "GET /?p=66722 HTTP/1.1" 200 14258 "-" "Amazon CloudFront"
64.252.85.152 - - [08/Apr/2026:08:36:30 +0000] "GET /?feed=rss2&p=25842 HTTP/1.1" 200 499 "-" "Amazon CloudFront"
64.252.83.165 - - [08/Apr/2026:08:36:31 +0000] "GET /?feed=rss2&p=25858 HTTP/1.1" 200 498 "-" "Amazon CloudFront"
64.252.76.63 - - [08/Apr/2026:08:36:29 +0000] "GET /prizes/94979581/ HTTP/1.1" 200 24303 "-" "Amazon CloudFront"
64.252.82.241 - - [08/Apr/2026:08:36:32 +0000] "GET /?feed=rss2&p=25856 HTTP/1.1" 200 508 "-" "Amazon CloudFront"
64.252.83.165 - - [08/Apr/2026:08:36:33 +0000] "GET /?feed=rss2&p=25850 HTTP/1.1" 200 497 "-" "Amazon CloudFront"
64.252.76.100 - - [08/Apr/2026:08:36:31 +0000] "GET /prizes/43513430/ HTTP/1.1" 200 24283 "-" "Amazon CloudFront"
64.252.82.241 - - [08/Apr/2026:08:36:34 +0000] "GET /?p=25844 HTTP/1.1" 200 21914 "-" "Amazon CloudFront"
64.252.74.231 - - [08/Apr/2026:08:36:32 +0000] "GET /prizes/90870975/ HTTP/1.1" 200 24295 "-" "Amazon CloudFront"
64.252.74.231 - - [08/Apr/2026:08:36:36 +0000] "GET /prizes/222395965 HTTP/1.1" 301 - "-" "Amazon CloudFront"
64.252.76.63 - - [08/Apr/2026:08:36:35 +0000] "GET /prizes/91476783 HTTP/1.1" 301 - "-" "Amazon CloudFront"
64.252.85.152 - - [08/Apr/2026:08:36:35 +0000] "GET /?p=66989 HTTP/1.1" 200 14253 "-" "Amazon CloudFront"
64.252.83.165 - - [08/Apr/2026:08:36:37 +0000] "GET /?p=66978 HTTP/1.1" 200 14651 "-" "Amazon CloudFront"
64.252.85.152 - - [08/Apr/2026:08:36:38 +0000] "GET /?p=25826 HTTP/1.1" 200 14940 "-" "Amazon CloudFront"
64.252.76.100 - - [08/Apr/2026:08:36:36 +0000] "GET /prizes/91476783/ HTTP/1.1" 200 24306 "-" "Amazon CloudFront"
64.252.74.231 - - [08/Apr/2026:08:36:36 +0000] "GET /prizes/222395965/ HTTP/1.1" 200 24278 "-" "Amazon CloudFront"
64.252.83.165 - - [08/Apr/2026:08:36:39 +0000] "GET /?p=25828 HTTP/1.1" 200 15633 "-" "Amazon CloudFront"
64.252.83.165 - - [08/Apr/2026:08:36:40 +0000] "GET /?p=25824 HTTP/1.1" 200 14571 "-" "Amazon CloudFront"
64.252.83.165 - - [08/Apr/2026:08:36:41 +0000] "GET /?p=67002 HTTP/1.1" 200 14127 "-" "Amazon CloudFront"
64.252.83.165 - - [08/Apr/2026:08:36:42 +0000] "GET /?p=66988 HTTP/1.1" 200 14917 "-" "Amazon CloudFront"
64.252.83.165 - - [08/Apr/2026:08:36:44 +0000] "GET /?p=67064 HTTP/1.1" 200 16592 "-" "Amazon CloudFront"
64.252.76.63 - - [08/Apr/2026:08:36:43 +0000] "GET /prizes/208092501/ HTTP/1.1" 200 24267 "-" "Amazon CloudFront"
64.252.76.100 - - [08/Apr/2026:08:36:43 +0000] "GET /prizes/276869935/ HTTP/1.1" 200 24300 "-" "Amazon CloudFront"
64.252.83.165 - - [08/Apr/2026:08:36:45 +0000] "GET /?p=67123 HTTP/1.1" 200 15454 "-" "Amazon CloudFront"
64.252.76.63 - - [08/Apr/2026:08:36:46 +0000] "GET /prizes/143969743 HTTP/1.1" 301 - "-" "Amazon CloudFront"
64.252.82.241 - - [08/Apr/2026:08:36:46 +0000] "GET /?p=67039 HTTP/1.1" 200 14714 "-" "Amazon CloudFront"
