64.252.76.100 - - [09/Apr/2026:14:50:02 +0000] "GET /prizes/320903339/ HTTP/1.1" 200 24268 "-" "Amazon CloudFront"
64.252.76.63 - - [09/Apr/2026:14:50:06 +0000] "GET /prizes/166690703 HTTP/1.1" 301 - "-" "Amazon CloudFront"
64.252.76.63 - - [09/Apr/2026:14:50:06 +0000] "GET /prizes/166690703/ HTTP/1.1" 200 24266 "-" "Amazon CloudFront"
64.252.74.231 - - [09/Apr/2026:14:50:09 +0000] "GET /prizes/333179440 HTTP/1.1" 301 - "-" "Amazon CloudFront"
64.252.76.63 - - [09/Apr/2026:14:50:10 +0000] "GET /prizes/333179440/ HTTP/1.1" 200 24284 "-" "Amazon CloudFront"
64.252.76.63 - - [09/Apr/2026:14:50:13 +0000] "GET /prizes/279305551 HTTP/1.1" 301 - "-" "Amazon CloudFront"
64.252.76.63 - - [09/Apr/2026:14:50:14 +0000] "GET /prizes/279305551/ HTTP/1.1" 200 24270 "-" "Amazon CloudFront"
64.252.76.63 - - [09/Apr/2026:14:50:17 +0000] "GET /prizes/102422258 HTTP/1.1" 301 - "-" "Amazon CloudFront"
64.252.74.231 - - [09/Apr/2026:14:50:18 +0000] "GET /prizes/102422258/ HTTP/1.1" 200 24293 "-" "Amazon CloudFront"
64.252.76.63 - - [09/Apr/2026:14:50:21 +0000] "GET /prizes/277222844 HTTP/1.1" 301 - "-" "Amazon CloudFront"
15.158.215.109 - - [09/Apr/2026:14:50:22 +0000] "POST /wp-cron.php?doing_wp_cron=1775746222.6333189010620117187500 HTTP/1.1" 200 - "https://69b4844ae61d4e92bf26ad98af552775-devsite.readyship.co/wp-cron.php?doing_wp_cron=1775746222.6333189010620117187500" "WordPress/5.1.19; https://69b4844ae61d4e92bf26ad98af552775-devsite.readyship.co"
64.252.74.231 - - [09/Apr/2026:14:50:22 +0000] "GET /prizes/277222844/ HTTP/1.1" 200 24300 "-" "Amazon CloudFront"
64.252.74.231 - - [09/Apr/2026:14:50:26 +0000] "GET /prizes/190455531 HTTP/1.1" 301 - "-" "Amazon CloudFront"
64.252.76.63 - - [09/Apr/2026:14:50:26 +0000] "GET /prizes/190455531/ HTTP/1.1" 200 24279 "-" "Amazon CloudFront"
64.252.76.63 - - [09/Apr/2026:14:50:30 +0000] "GET /prizes/302354440 HTTP/1.1" 301 - "-" "Amazon CloudFront"
64.252.74.231 - - [09/Apr/2026:14:50:30 +0000] "GET /prizes/302354440/ HTTP/1.1" 200 24291 "-" "Amazon CloudFront"
64.252.76.100 - - [09/Apr/2026:14:50:34 +0000] "GET /prizes/277711086 HTTP/1.1" 301 - "-" "Amazon CloudFront"
64.252.76.100 - - [09/Apr/2026:14:50:34 +0000] "GET /prizes/277711086/ HTTP/1.1" 200 24272 "-" "Amazon CloudFront"
64.252.76.100 - - [09/Apr/2026:14:50:38 +0000] "GET /prizes/240922248 HTTP/1.1" 301 - "-" "Amazon CloudFront"
64.252.76.63 - - [09/Apr/2026:14:50:38 +0000] "GET /prizes/240922248/ HTTP/1.1" 200 24288 "-" "Amazon CloudFront"
64.252.76.63 - - [09/Apr/2026:14:50:42 +0000] "GET /prizes/306668581 HTTP/1.1" 301 - "-" "Amazon CloudFront"
64.252.76.100 - - [09/Apr/2026:14:50:42 +0000] "GET /prizes/306668581/ HTTP/1.1" 200 24271 "-" "Amazon CloudFront"
64.252.76.63 - - [09/Apr/2026:14:50:45 +0000] "GET /prizes/222726723 HTTP/1.1" 301 - "-" "Amazon CloudFront"
64.252.74.231 - - [09/Apr/2026:14:50:46 +0000] "GET /prizes/222726723/ HTTP/1.1" 200 24306 "-" "Amazon CloudFront"
64.252.76.63 - - [09/Apr/2026:14:50:49 +0000] "GET /prizes/273887773 HTTP/1.1" 301 - "-" "Amazon CloudFront"
64.252.74.231 - - [09/Apr/2026:14:50:50 +0000] "GET /prizes/273887773/ HTTP/1.1" 200 24282 "-" "Amazon CloudFront"
64.252.76.100 - - [09/Apr/2026:14:50:53 +0000] "GET /prizes/313064440 HTTP/1.1" 301 - "-" "Amazon CloudFront"
64.252.76.100 - - [09/Apr/2026:14:50:54 +0000] "GET /prizes/313064440/ HTTP/1.1" 200 24274 "-" "Amazon CloudFront"
64.252.74.231 - - [09/Apr/2026:14:50:57 +0000] "GET /prizes/238880581 HTTP/1.1" 301 - "-" "Amazon CloudFront"
64.252.76.63 - - [09/Apr/2026:14:50:58 +0000] "GET /prizes/238880581/ HTTP/1.1" 200 24278 "-" "Amazon CloudFront"
64.252.74.231 - - [09/Apr/2026:14:51:01 +0000] "GET /prizes/185840006 HTTP/1.1" 301 - "-" "Amazon CloudFront"
64.252.76.100 - - [09/Apr/2026:14:51:02 +0000] "GET /prizes/185840006/ HTTP/1.1" 200 24268 "-" "Amazon CloudFront"
64.252.74.231 - - [09/Apr/2026:14:51:06 +0000] "GET /prizes/114449066 HTTP/1.1" 301 - "-" "Amazon CloudFront"
64.252.76.63 - - [09/Apr/2026:14:51:06 +0000] "GET /prizes/114449066/ HTTP/1.1" 200 24273 "-" "Amazon CloudFront"
64.252.76.100 - - [09/Apr/2026:14:51:10 +0000] "GET /prizes/333130278 HTTP/1.1" 301 - "-" "Amazon CloudFront"
64.252.74.231 - - [09/Apr/2026:14:51:10 +0000] "GET /prizes/333130278/ HTTP/1.1" 200 24293 "-" "Amazon CloudFront"
64.252.76.100 - - [09/Apr/2026:14:51:14 +0000] "GET /prizes/160001773 HTTP/1.1" 301 - "-" "Amazon CloudFront"
64.252.74.231 - - [09/Apr/2026:14:51:14 +0000] "GET /prizes/160001773/ HTTP/1.1" 200 24306 "-" "Amazon CloudFront"
64.252.76.100 - - [09/Apr/2026:14:51:18 +0000] "GET /prizes/333403874 HTTP/1.1" 301 - "-" "Amazon CloudFront"
64.252.76.63 - - [09/Apr/2026:14:51:19 +0000] "GET /prizes/333403874/ HTTP/1.1" 200 24291 "-" "Amazon CloudFront"
15.158.215.109 - - [09/Apr/2026:14:51:22 +0000] "POST /wp-cron.php?doing_wp_cron=1775746282.8468201160430908203125 HTTP/1.1" 200 - "https://69b4844ae61d4e92bf26ad98af552775-devsite.readyship.co/wp-cron.php?doing_wp_cron=1775746282.8468201160430908203125" "WordPress/5.1.19; https://69b4844ae61d4e92bf26ad98af552775-devsite.readyship.co"
64.252.76.63 - - [09/Apr/2026:14:51:22 +0000] "GET /prizes/164445076 HTTP/1.1" 301 - "-" "Amazon CloudFront"
64.252.76.63 - - [09/Apr/2026:14:51:23 +0000] "GET /prizes/164445076/ HTTP/1.1" 200 24284 "-" "Amazon CloudFront"
64.252.76.100 - - [09/Apr/2026:14:51:27 +0000] "GET /prizes/215387773 HTTP/1.1" 301 - "-" "Amazon CloudFront"
64.252.76.63 - - [09/Apr/2026:14:51:27 +0000] "GET /prizes/215387773/ HTTP/1.1" 200 24281 "-" "Amazon CloudFront"
64.252.76.63 - - [09/Apr/2026:14:51:31 +0000] "GET /prizes/226633389 HTTP/1.1" 301 - "-" "Amazon CloudFront"
64.252.76.100 - - [09/Apr/2026:14:51:31 +0000] "GET /prizes/226633389/ HTTP/1.1" 200 24278 "-" "Amazon CloudFront"
64.252.76.63 - - [09/Apr/2026:14:51:35 +0000] "GET /prizes/304784440 HTTP/1.1" 301 - "-" "Amazon CloudFront"
64.252.76.63 - - [09/Apr/2026:14:51:35 +0000] "GET /prizes/304784440/ HTTP/1.1" 200 24285 "-" "Amazon CloudFront"
64.252.74.231 - - [09/Apr/2026:14:51:39 +0000] "GET /prizes/222675187 HTTP/1.1" 301 - "-" "Amazon CloudFront"
64.252.76.63 - - [09/Apr/2026:14:51:39 +0000] "GET /prizes/222675187/ HTTP/1.1" 200 24276 "-" "Amazon CloudFront"
64.252.74.231 - - [09/Apr/2026:14:51:43 +0000] "GET /prizes/111506288 HTTP/1.1" 301 - "-" "Amazon CloudFront"
64.252.76.63 - - [09/Apr/2026:14:51:43 +0000] "GET /prizes/111506288/ HTTP/1.1" 200 24270 "-" "Amazon CloudFront"
64.252.76.100 - - [09/Apr/2026:14:51:47 +0000] "GET /prizes/251444935 HTTP/1.1" 301 - "-" "Amazon CloudFront"
64.252.76.100 - - [09/Apr/2026:14:51:47 +0000] "GET /prizes/251444935/ HTTP/1.1" 200 24293 "-" "Amazon CloudFront"
64.252.76.63 - - [09/Apr/2026:14:51:51 +0000] "GET /prizes/307533379 HTTP/1.1" 301 - "-" "Amazon CloudFront"
64.252.76.63 - - [09/Apr/2026:14:51:51 +0000] "GET /prizes/307533379/ HTTP/1.1" 200 24282 "-" "Amazon CloudFront"
64.252.76.63 - - [09/Apr/2026:14:51:54 +0000] "GET /prizes/185557278 HTTP/1.1" 301 - "-" "Amazon CloudFront"
64.252.76.63 - - [09/Apr/2026:14:51:55 +0000] "GET /prizes/185557278/ HTTP/1.1" 200 24277 "-" "Amazon CloudFront"
64.252.74.231 - - [09/Apr/2026:14:51:59 +0000] "GET /prizes/222752258 HTTP/1.1" 301 - "-" "Amazon CloudFront"
64.252.74.231 - - [09/Apr/2026:14:51:59 +0000] "GET /prizes/222752258/ HTTP/1.1" 200 24280 "-" "Amazon CloudFront"
64.252.76.100 - - [09/Apr/2026:14:52:03 +0000] "GET /prizes/183851117 HTTP/1.1" 301 - "-" "Amazon CloudFront"
64.252.76.100 - - [09/Apr/2026:14:52:04 +0000] "GET /prizes/183851117/ HTTP/1.1" 200 24303 "-" "Amazon CloudFront"
64.252.76.100 - - [09/Apr/2026:14:52:07 +0000] "GET /prizes/224783339 HTTP/1.1" 301 - "-" "Amazon CloudFront"
64.252.76.63 - - [09/Apr/2026:14:52:08 +0000] "GET /prizes/224783339/ HTTP/1.1" 200 24264 "-" "Amazon CloudFront"
64.252.74.231 - - [09/Apr/2026:14:52:11 +0000] "GET /prizes/273330915 HTTP/1.1" 301 - "-" "Amazon CloudFront"
64.252.76.63 - - [09/Apr/2026:14:52:12 +0000] "GET /prizes/273330915/ HTTP/1.1" 200 24258 "-" "Amazon CloudFront"
64.252.76.100 - - [09/Apr/2026:14:52:15 +0000] "GET /prizes/300400086 HTTP/1.1" 301 - "-" "Amazon CloudFront"
64.252.76.100 - - [09/Apr/2026:14:52:16 +0000] "GET /prizes/300400086/ HTTP/1.1" 200 24284 "-" "Amazon CloudFront"
64.252.76.100 - - [09/Apr/2026:14:52:20 +0000] "GET /prizes/100059975 HTTP/1.1" 301 - "-" "Amazon CloudFront"
64.252.76.100 - - [09/Apr/2026:14:52:20 +0000] "GET /prizes/100059975/ HTTP/1.1" 200 24258 "-" "Amazon CloudFront"
18.68.41.182 - - [09/Apr/2026:14:52:24 +0000] "GET /index.php?format=xml&rest_route=%2Foembed%2F1.0%2Fembed&url=https%3A%2F%2F69b4844ae61d4e92bf26ad98af552775-devsite.readyship.co%2F%3Fjob_listing%3Dministry-of-sound HTTP/1.1" 403 - "https://69b4844ae61d4e92bf26ad98af552775-devsite.readyship.co/?job_listing=ministry-of-sound" "Mozilla/5.0 AppleWebKit/537.36 (KHTML, like Gecko; compatible; GPTBot/1.3; +https://openai.com/gptbot)"
18.68.41.182 - - [09/Apr/2026:14:52:24 +0000] "GET /index.php?format=xml&rest_route=%2Foembed%2F1.0%2Fembed&url=https%3A%2F%2F69b4844ae61d4e92bf26ad98af552775-devsite.readyship.co%2F%3Fjob_listing%3Dluxury-home HTTP/1.1" 403 - "https://69b4844ae61d4e92bf26ad98af552775-devsite.readyship.co/?job_listing=luxury-home" "Mozilla/5.0 AppleWebKit/537.36 (KHTML, like Gecko; compatible; GPTBot/1.3; +https://openai.com/gptbot)"
18.68.41.182 - - [09/Apr/2026:14:52:25 +0000] "GET /index.php?format=xml&rest_route=%2Foembed%2F1.0%2Fembed&url=https%3A%2F%2F69b4844ae61d4e92bf26ad98af552775-devsite.readyship.co%2F%3Fjob_listing%3Dtyping-room HTTP/1.1" 403 - "https://69b4844ae61d4e92bf26ad98af552775-devsite.readyship.co/?job_listing=typing-room" "Mozilla/5.0 AppleWebKit/537.36 (KHTML, like Gecko; compatible; GPTBot/1.3; +https://openai.com/gptbot)"
18.68.41.147 - - [09/Apr/2026:14:52:25 +0000] "GET /index.php?format=xml&rest_route=%2Foembed%2F1.0%2Fembed&url=https%3A%2F%2F69b4844ae61d4e92bf26ad98af552775-devsite.readyship.co%2F%3Fjob_listing%3Dthe-ledbury HTTP/1.1" 403 - "https://69b4844ae61d4e92bf26ad98af552775-devsite.readyship.co/?job_listing=the-ledbury" "Mozilla/5.0 AppleWebKit/537.36 (KHTML, like Gecko; compatible; GPTBot/1.3; +https://openai.com/gptbot)"
18.68.41.177 - - [09/Apr/2026:14:52:26 +0000] "GET /index.php?format=xml&rest_route=%2Foembed%2F1.0%2Fembed&url=https%3A%2F%2F69b4844ae61d4e92bf26ad98af552775-devsite.readyship.co%2F%3Fjob_listing%3Dthe-activity-people HTTP/1.1" 403 - "https://69b4844ae61d4e92bf26ad98af552775-devsite.readyship.co/?job_listing=the-activity-people" "Mozilla/5.0 AppleWebKit/537.36 (KHTML, like Gecko; compatible; GPTBot/1.3; +https://openai.com/gptbot)"
18.68.41.147 - - [09/Apr/2026:14:52:26 +0000] "GET /index.php?format=xml&rest_route=%2Foembed%2F1.0%2Fembed&url=https%3A%2F%2F69b4844ae61d4e92bf26ad98af552775-devsite.readyship.co%2F%3Fjob_listing%3Dui-ux-designer HTTP/1.1" 403 - "https://69b4844ae61d4e92bf26ad98af552775-devsite.readyship.co/?job_listing=ui-ux-designer" "Mozilla/5.0 AppleWebKit/537.36 (KHTML, like Gecko; compatible; GPTBot/1.3; +https://openai.com/gptbot)"
18.68.41.147 - - [09/Apr/2026:14:52:27 +0000] "GET /index.php?format=xml&rest_route=%2Foembed%2F1.0%2Fembed&url=https%3A%2F%2F69b4844ae61d4e92bf26ad98af552775-devsite.readyship.co%2F%3Fjob_listing%3Dmuseum-of-london HTTP/1.1" 403 - "https://69b4844ae61d4e92bf26ad98af552775-devsite.readyship.co/?job_listing=museum-of-london" "Mozilla/5.0 AppleWebKit/537.36 (KHTML, like Gecko; compatible; GPTBot/1.3; +https://openai.com/gptbot)"
15.158.215.109 - - [09/Apr/2026:14:52:28 +0000] "POST /wp-cron.php?doing_wp_cron=1775746348.6004650592803955078125 HTTP/1.1" 200 - "https://69b4844ae61d4e92bf26ad98af552775-devsite.readyship.co/wp-cron.php?doing_wp_cron=1775746348.6004650592803955078125" "WordPress/5.1.19; https://69b4844ae61d4e92bf26ad98af552775-devsite.readyship.co"
64.252.74.231 - - [09/Apr/2026:14:52:28 +0000] "GET /spinxtreme.co HTTP/1.1" 301 - "-" "Amazon CloudFront"
64.252.74.231 - - [09/Apr/2026:14:52:29 +0000] "GET /spinxtreme.co/ HTTP/1.1" 200 24267 "-" "Amazon CloudFront"
18.68.41.147 - - [09/Apr/2026:14:52:32 +0000] "GET /xmlrpc.php HTTP/1.1" 405 60 "http://69b4844ae61d4e92bf26ad98af552775-devsite.readyship.co" "Mozilla/5.0 AppleWebKit/537.36 (KHTML, like Gecko; compatible; GPTBot/1.3; +https://openai.com/gptbot)"
64.252.74.231 - - [09/Apr/2026:14:52:33 +0000] "GET /?job_listing_category=project-manager HTTP/1.1" 200 10174 "-" "Amazon CloudFront"
64.252.76.100 - - [09/Apr/2026:14:52:34 +0000] "GET /?feed=rss2&job-vacancy-type=freelance HTTP/1.1" 200 1038 "-" "Amazon CloudFront"
64.252.74.231 - - [09/Apr/2026:14:52:35 +0000] "GET /?p=7921 HTTP/1.1" 200 23872 "-" "Amazon CloudFront"
64.252.74.231 - - [09/Apr/2026:14:52:36 +0000] "GET /?p=7593 HTTP/1.1" 200 22852 "-" "Amazon CloudFront"
64.252.76.63 - - [09/Apr/2026:14:52:38 +0000] "GET /?p=7523 HTTP/1.1" 200 23623 "-" "Amazon CloudFront"
64.252.76.63 - - [09/Apr/2026:14:52:39 +0000] "GET /?p=7968 HTTP/1.1" 200 15743 "-" "Amazon CloudFront"
64.252.76.100 - - [09/Apr/2026:14:52:40 +0000] "GET /?p=7429 HTTP/1.1" 200 22022 "-" "Amazon CloudFront"
64.252.76.63 - - [09/Apr/2026:14:52:41 +0000] "GET /?p=8327 HTTP/1.1" 200 14092 "-" "Amazon CloudFront"
64.252.76.100 - - [09/Apr/2026:14:52:42 +0000] "GET /?p=8453 HTTP/1.1" 200 22624 "-" "Amazon CloudFront"
64.252.74.231 - - [09/Apr/2026:14:52:43 +0000] "GET /?p=7621 HTTP/1.1" 200 14847 "-" "Amazon CloudFront"
64.252.74.231 - - [09/Apr/2026:14:52:44 +0000] "GET /?p=8439 HTTP/1.1" 200 23580 "-" "Amazon CloudFront"
64.252.76.100 - - [09/Apr/2026:14:52:46 +0000] "GET /?feed=rss2&job_listing_category=project-manager HTTP/1.1" 200 1043 "-" "Amazon CloudFront"
64.252.74.231 - - [09/Apr/2026:14:52:46 +0000] "GET /?p=5879 HTTP/1.1" 200 24132 "-" "Amazon CloudFront"
18.68.41.182 - - [09/Apr/2026:14:52:48 +0000] "GET /index.php?rest_route=%2Foembed%2F1.0%2Fembed&url=https%3A%2F%2F69b4844ae61d4e92bf26ad98af552775-devsite.readyship.co%2F%3Fp%3D7921 HTTP/1.1" 403 - "https://69b4844ae61d4e92bf26ad98af552775-devsite.readyship.co/?p=7921" "Mozilla/5.0 AppleWebKit/537.36 (KHTML, like Gecko; compatible; GPTBot/1.3; +https://openai.com/gptbot)"
18.68.41.182 - - [09/Apr/2026:14:52:48 +0000] "GET /index.php?rest_route=%2Foembed%2F1.0%2Fembed&url=https%3A%2F%2F69b4844ae61d4e92bf26ad98af552775-devsite.readyship.co%2F%3Fp%3D7593 HTTP/1.1" 403 - "https://69b4844ae61d4e92bf26ad98af552775-devsite.readyship.co/?p=7593" "Mozilla/5.0 AppleWebKit/537.36 (KHTML, like Gecko; compatible; GPTBot/1.3; +https://openai.com/gptbot)"
18.68.41.177 - - [09/Apr/2026:14:52:49 +0000] "GET /index.php?rest_route=%2Foembed%2F1.0%2Fembed&url=https%3A%2F%2F69b4844ae61d4e92bf26ad98af552775-devsite.readyship.co%2F%3Fp%3D7523 HTTP/1.1" 403 - "https://69b4844ae61d4e92bf26ad98af552775-devsite.readyship.co/?p=7523" "Mozilla/5.0 AppleWebKit/537.36 (KHTML, like Gecko; compatible; GPTBot/1.3; +https://openai.com/gptbot)"
18.68.41.177 - - [09/Apr/2026:14:52:49 +0000] "GET /index.php?rest_route=%2Foembed%2F1.0%2Fembed&url=https%3A%2F%2F69b4844ae61d4e92bf26ad98af552775-devsite.readyship.co%2F%3Fp%3D7968 HTTP/1.1" 403 - "https://69b4844ae61d4e92bf26ad98af552775-devsite.readyship.co/?p=7968" "Mozilla/5.0 AppleWebKit/537.36 (KHTML, like Gecko; compatible; GPTBot/1.3; +https://openai.com/gptbot)"
18.68.41.177 - - [09/Apr/2026:14:52:50 +0000] "GET /index.php?rest_route=%2Foembed%2F1.0%2Fembed&url=https%3A%2F%2F69b4844ae61d4e92bf26ad98af552775-devsite.readyship.co%2F%3Fp%3D7429 HTTP/1.1" 403 - "https://69b4844ae61d4e92bf26ad98af552775-devsite.readyship.co/?p=7429" "Mozilla/5.0 AppleWebKit/537.36 (KHTML, like Gecko; compatible; GPTBot/1.3; +https://openai.com/gptbot)"
18.68.41.173 - - [09/Apr/2026:14:52:50 +0000] "GET /index.php?rest_route=%2Foembed%2F1.0%2Fembed&url=https%3A%2F%2F69b4844ae61d4e92bf26ad98af552775-devsite.readyship.co%2F%3Fp%3D8327 HTTP/1.1" 403 - "https://69b4844ae61d4e92bf26ad98af552775-devsite.readyship.co/?p=8327" "Mozilla/5.0 AppleWebKit/537.36 (KHTML, like Gecko; compatible; GPTBot/1.3; +https://openai.com/gptbot)"
18.68.41.147 - - [09/Apr/2026:14:52:51 +0000] "GET /index.php?rest_route=%2Foembed%2F1.0%2Fembed&url=https%3A%2F%2F69b4844ae61d4e92bf26ad98af552775-devsite.readyship.co%2F%3Fp%3D8453 HTTP/1.1" 403 - "https://69b4844ae61d4e92bf26ad98af552775-devsite.readyship.co/?p=8453" "Mozilla/5.0 AppleWebKit/537.36 (KHTML, like Gecko; compatible; GPTBot/1.3; +https://openai.com/gptbot)"
18.68.41.173 - - [09/Apr/2026:14:52:51 +0000] "GET /index.php?rest_route=%2Foembed%2F1.0%2Fembed&url=https%3A%2F%2F69b4844ae61d4e92bf26ad98af552775-devsite.readyship.co%2F%3Fp%3D7621 HTTP/1.1" 403 - "https://69b4844ae61d4e92bf26ad98af552775-devsite.readyship.co/?p=7621" "Mozilla/5.0 AppleWebKit/537.36 (KHTML, like Gecko; compatible; GPTBot/1.3; +https://openai.com/gptbot)"
18.68.41.177 - - [09/Apr/2026:14:52:52 +0000] "GET /index.php?rest_route=%2Foembed%2F1.0%2Fembed&url=https%3A%2F%2F69b4844ae61d4e92bf26ad98af552775-devsite.readyship.co%2F%3Fp%3D8439 HTTP/1.1" 403 - "https://69b4844ae61d4e92bf26ad98af552775-devsite.readyship.co/?p=8439" "Mozilla/5.0 AppleWebKit/537.36 (KHTML, like Gecko; compatible; GPTBot/1.3; +https://openai.com/gptbot)"
18.68.41.177 - - [09/Apr/2026:14:52:52 +0000] "GET /index.php?format=xml&rest_route=%2Foembed%2F1.0%2Fembed&url=https%3A%2F%2F69b4844ae61d4e92bf26ad98af552775-devsite.readyship.co%2F%3Fp%3D7593 HTTP/1.1" 403 - "https://69b4844ae61d4e92bf26ad98af552775-devsite.readyship.co/?p=7593" "Mozilla/5.0 AppleWebKit/537.36 (KHTML, like Gecko; compatible; GPTBot/1.3; +https://openai.com/gptbot)"
18.68.41.147 - - [09/Apr/2026:14:52:53 +0000] "GET /index.php?format=xml&rest_route=%2Foembed%2F1.0%2Fembed&url=https%3A%2F%2F69b4844ae61d4e92bf26ad98af552775-devsite.readyship.co%2F%3Fp%3D8453 HTTP/1.1" 403 - "https://69b4844ae61d4e92bf26ad98af552775-devsite.readyship.co/?p=8453" "Mozilla/5.0 AppleWebKit/537.36 (KHTML, like Gecko; compatible; GPTBot/1.3; +https://openai.com/gptbot)"
18.68.41.176 - - [09/Apr/2026:14:52:53 +0000] "GET /index.php?format=xml&rest_route=%2Foembed%2F1.0%2Fembed&url=https%3A%2F%2F69b4844ae61d4e92bf26ad98af552775-devsite.readyship.co%2F%3Fp%3D7429 HTTP/1.1" 403 - "https://69b4844ae61d4e92bf26ad98af552775-devsite.readyship.co/?p=7429" "Mozilla/5.0 AppleWebKit/537.36 (KHTML, like Gecko; compatible; GPTBot/1.3; +https://openai.com/gptbot)"
18.68.41.171 - - [09/Apr/2026:14:52:54 +0000] "GET /index.php?format=xml&rest_route=%2Foembed%2F1.0%2Fembed&url=https%3A%2F%2F69b4844ae61d4e92bf26ad98af552775-devsite.readyship.co%2F%3Fp%3D7621 HTTP/1.1" 403 - "https://69b4844ae61d4e92bf26ad98af552775-devsite.readyship.co/?p=7621" "Mozilla/5.0 AppleWebKit/537.36 (KHTML, like Gecko; compatible; GPTBot/1.3; +https://openai.com/gptbot)"
18.68.41.176 - - [09/Apr/2026:14:52:54 +0000] "GET /index.php?format=xml&rest_route=%2Foembed%2F1.0%2Fembed&url=https%3A%2F%2F69b4844ae61d4e92bf26ad98af552775-devsite.readyship.co%2F%3Fp%3D7968 HTTP/1.1" 403 - "https://69b4844ae61d4e92bf26ad98af552775-devsite.readyship.co/?p=7968" "Mozilla/5.0 AppleWebKit/537.36 (KHTML, like Gecko; compatible; GPTBot/1.3; +https://openai.com/gptbot)"
18.68.41.147 - - [09/Apr/2026:14:52:55 +0000] "GET /index.php?format=xml&rest_route=%2Foembed%2F1.0%2Fembed&url=https%3A%2F%2F69b4844ae61d4e92bf26ad98af552775-devsite.readyship.co%2F%3Fp%3D7523 HTTP/1.1" 403 - "https://69b4844ae61d4e92bf26ad98af552775-devsite.readyship.co/?p=7523" "Mozilla/5.0 AppleWebKit/537.36 (KHTML, like Gecko; compatible; GPTBot/1.3; +https://openai.com/gptbot)"
18.68.41.171 - - [09/Apr/2026:14:52:55 +0000] "GET /index.php?format=xml&rest_route=%2Foembed%2F1.0%2Fembed&url=https%3A%2F%2F69b4844ae61d4e92bf26ad98af552775-devsite.readyship.co%2F%3Fp%3D8327 HTTP/1.1" 403 - "https://69b4844ae61d4e92bf26ad98af552775-devsite.readyship.co/?p=8327" "Mozilla/5.0 AppleWebKit/537.36 (KHTML, like Gecko; compatible; GPTBot/1.3; +https://openai.com/gptbot)"
18.68.41.176 - - [09/Apr/2026:14:52:56 +0000] "GET /index.php?format=xml&rest_route=%2Foembed%2F1.0%2Fembed&url=https%3A%2F%2F69b4844ae61d4e92bf26ad98af552775-devsite.readyship.co%2F%3Fp%3D8439 HTTP/1.1" 403 - "https://69b4844ae61d4e92bf26ad98af552775-devsite.readyship.co/?p=8439" "Mozilla/5.0 AppleWebKit/537.36 (KHTML, like Gecko; compatible; GPTBot/1.3; +https://openai.com/gptbot)"
18.68.41.173 - - [09/Apr/2026:14:52:56 +0000] "GET /index.php?format=xml&rest_route=%2Foembed%2F1.0%2Fembed&url=https%3A%2F%2F69b4844ae61d4e92bf26ad98af552775-devsite.readyship.co%2F%3Fp%3D7921 HTTP/1.1" 403 - "https://69b4844ae61d4e92bf26ad98af552775-devsite.readyship.co/?p=7921" "Mozilla/5.0 AppleWebKit/537.36 (KHTML, like Gecko; compatible; GPTBot/1.3; +https://openai.com/gptbot)"
64.252.74.231 - - [09/Apr/2026:14:52:57 +0000] "GET /?p=5497 HTTP/1.1" 200 14785 "-" "Amazon CloudFront"
64.252.74.231 - - [09/Apr/2026:14:52:58 +0000] "GET /?p=9831 HTTP/1.1" 200 16534 "-" "Amazon CloudFront"
64.252.76.100 - - [09/Apr/2026:14:52:59 +0000] "GET /?p=5631 HTTP/1.1" 200 18441 "-" "Amazon CloudFront"
64.252.74.231 - - [09/Apr/2026:14:53:01 +0000] "GET /?p=5893 HTTP/1.1" 200 25120 "-" "Amazon CloudFront"
64.252.76.63 - - [09/Apr/2026:14:53:02 +0000] "GET /?p=6953 HTTP/1.1" 200 15959 "-" "Amazon CloudFront"
64.252.76.100 - - [09/Apr/2026:14:53:03 +0000] "GET /?p=8652 HTTP/1.1" 200 16488 "-" "Amazon CloudFront"
64.252.74.231 - - [09/Apr/2026:14:53:04 +0000] "GET /?p=7501 HTTP/1.1" 200 43142 "-" "Amazon CloudFront"
64.252.74.231 - - [09/Apr/2026:14:53:05 +0000] "GET /?p=7325 HTTP/1.1" 200 47047 "-" "Amazon CloudFront"
64.252.76.63 - - [09/Apr/2026:14:53:06 +0000] "GET /?p=7819 HTTP/1.1" 200 22150 "-" "Amazon CloudFront"
64.252.76.63 - - [09/Apr/2026:14:53:08 +0000] "GET /?p=9837 HTTP/1.1" 200 15527 "-" "Amazon CloudFront"
64.252.76.63 - - [09/Apr/2026:14:53:09 +0000] "GET /?p=7485 HTTP/1.1" 200 35323 "-" "Amazon CloudFront"
64.252.76.63 - - [09/Apr/2026:14:53:10 +0000] "GET /?p=7185 HTTP/1.1" 200 22742 "-" "Amazon CloudFront"
18.68.41.182 - - [09/Apr/2026:14:53:11 +0000] "GET /index.php?rest_route=%2Foembed%2F1.0%2Fembed&url=https%3A%2F%2F69b4844ae61d4e92bf26ad98af552775-devsite.readyship.co%2F%3Fp%3D9831 HTTP/1.1" 403 - "https://69b4844ae61d4e92bf26ad98af552775-devsite.readyship.co/?p=9831" "Mozilla/5.0 AppleWebKit/537.36 (KHTML, like Gecko; compatible; GPTBot/1.3; +https://openai.com/gptbot)"
18.68.41.147 - - [09/Apr/2026:14:53:12 +0000] "GET /index.php?format=xml&rest_route=%2Foembed%2F1.0%2Fembed&url=https%3A%2F%2F69b4844ae61d4e92bf26ad98af552775-devsite.readyship.co%2F%3Fp%3D9831 HTTP/1.1" 403 - "https://69b4844ae61d4e92bf26ad98af552775-devsite.readyship.co/?p=9831" "Mozilla/5.0 AppleWebKit/537.36 (KHTML, like Gecko; compatible; GPTBot/1.3; +https://openai.com/gptbot)"
18.68.41.177 - - [09/Apr/2026:14:53:13 +0000] "GET /index.php?rest_route=%2Foembed%2F1.0%2Fembed&url=https%3A%2F%2F69b4844ae61d4e92bf26ad98af552775-devsite.readyship.co%2F%3Fp%3D6953 HTTP/1.1" 403 - "https://69b4844ae61d4e92bf26ad98af552775-devsite.readyship.co/?p=6953" "Mozilla/5.0 AppleWebKit/537.36 (KHTML, like Gecko; compatible; GPTBot/1.3; +https://openai.com/gptbot)"
64.252.76.63 - - [09/Apr/2026:14:53:12 +0000] "GET /?p=7461 HTTP/1.1" 200 17759 "-" "Amazon CloudFront"
18.68.41.177 - - [09/Apr/2026:14:53:14 +0000] "GET /index.php?rest_route=%2Foembed%2F1.0%2Fembed&url=https%3A%2F%2F69b4844ae61d4e92bf26ad98af552775-devsite.readyship.co%2F%3Fp%3D8652 HTTP/1.1" 403 - "https://69b4844ae61d4e92bf26ad98af552775-devsite.readyship.co/?p=8652" "Mozilla/5.0 AppleWebKit/537.36 (KHTML, like Gecko; compatible; GPTBot/1.3; +https://openai.com/gptbot)"
18.68.41.177 - - [09/Apr/2026:14:53:14 +0000] "GET /index.php?rest_route=%2Foembed%2F1.0%2Fembed&url=https%3A%2F%2F69b4844ae61d4e92bf26ad98af552775-devsite.readyship.co%2F%3Fp%3D7501 HTTP/1.1" 403 - "https://69b4844ae61d4e92bf26ad98af552775-devsite.readyship.co/?p=7501" "Mozilla/5.0 AppleWebKit/537.36 (KHTML, like Gecko; compatible; GPTBot/1.3; +https://openai.com/gptbot)"
18.68.41.147 - - [09/Apr/2026:14:53:15 +0000] "GET /index.php?rest_route=%2Foembed%2F1.0%2Fembed&url=https%3A%2F%2F69b4844ae61d4e92bf26ad98af552775-devsite.readyship.co%2F%3Fp%3D7325 HTTP/1.1" 403 - "https://69b4844ae61d4e92bf26ad98af552775-devsite.readyship.co/?p=7325" "Mozilla/5.0 AppleWebKit/537.36 (KHTML, like Gecko; compatible; GPTBot/1.3; +https://openai.com/gptbot)"
18.68.41.173 - - [09/Apr/2026:14:53:15 +0000] "GET /index.php?rest_route=%2Foembed%2F1.0%2Fembed&url=https%3A%2F%2F69b4844ae61d4e92bf26ad98af552775-devsite.readyship.co%2F%3Fp%3D7819 HTTP/1.1" 403 - "https://69b4844ae61d4e92bf26ad98af552775-devsite.readyship.co/?p=7819" "Mozilla/5.0 AppleWebKit/537.36 (KHTML, like Gecko; compatible; GPTBot/1.3; +https://openai.com/gptbot)"
18.68.41.147 - - [09/Apr/2026:14:53:16 +0000] "GET /index.php?rest_route=%2Foembed%2F1.0%2Fembed&url=https%3A%2F%2F69b4844ae61d4e92bf26ad98af552775-devsite.readyship.co%2F%3Fp%3D9837 HTTP/1.1" 403 - "https://69b4844ae61d4e92bf26ad98af552775-devsite.readyship.co/?p=9837" "Mozilla/5.0 AppleWebKit/537.36 (KHTML, like Gecko; compatible; GPTBot/1.3; +https://openai.com/gptbot)"
18.68.41.173 - - [09/Apr/2026:14:53:17 +0000] "GET /index.php?format=xml&rest_route=%2Foembed%2F1.0%2Fembed&url=https%3A%2F%2F69b4844ae61d4e92bf26ad98af552775-devsite.readyship.co%2F%3Fp%3D7819 HTTP/1.1" 403 - "https://69b4844ae61d4e92bf26ad98af552775-devsite.readyship.co/?p=7819" "Mozilla/5.0 AppleWebKit/537.36 (KHTML, like Gecko; compatible; GPTBot/1.3; +https://openai.com/gptbot)"
18.68.41.177 - - [09/Apr/2026:14:53:16 +0000] "GET /index.php?rest_route=%2Foembed%2F1.0%2Fembed&url=https%3A%2F%2F69b4844ae61d4e92bf26ad98af552775-devsite.readyship.co%2F%3Fp%3D7485 HTTP/1.1" 403 - "https://69b4844ae61d4e92bf26ad98af552775-devsite.readyship.co/?p=7485" "Mozilla/5.0 AppleWebKit/537.36 (KHTML, like Gecko; compatible; GPTBot/1.3; +https://openai.com/gptbot)"
18.68.41.176 - - [09/Apr/2026:14:53:18 +0000] "GET /index.php?rest_route=%2Foembed%2F1.0%2Fembed&url=https%3A%2F%2F69b4844ae61d4e92bf26ad98af552775-devsite.readyship.co%2F%3Fp%3D7185 HTTP/1.1" 403 - "https://69b4844ae61d4e92bf26ad98af552775-devsite.readyship.co/?p=7185" "Mozilla/5.0 AppleWebKit/537.36 (KHTML, like Gecko; compatible; GPTBot/1.3; +https://openai.com/gptbot)"
64.252.76.63 - - [09/Apr/2026:14:53:18 +0000] "GET /?tag=7k-casino HTTP/1.1" 200 10002 "-" "Amazon CloudFront"
18.68.41.171 - - [09/Apr/2026:14:53:19 +0000] "GET /index.php?rest_route=%2Foembed%2F1.0%2Fembed&url=https%3A%2F%2F69b4844ae61d4e92bf26ad98af552775-devsite.readyship.co%2F%3Fp%3D7461 HTTP/1.1" 403 - "https://69b4844ae61d4e92bf26ad98af552775-devsite.readyship.co/?p=7461" "Mozilla/5.0 AppleWebKit/537.36 (KHTML, like Gecko; compatible; GPTBot/1.3; +https://openai.com/gptbot)"
18.68.41.177 - - [09/Apr/2026:14:53:20 +0000] "GET /index.php?format=xml&rest_route=%2Foembed%2F1.0%2Fembed&url=https%3A%2F%2F69b4844ae61d4e92bf26ad98af552775-devsite.readyship.co%2F%3Fp%3D7461 HTTP/1.1" 403 - "https://69b4844ae61d4e92bf26ad98af552775-devsite.readyship.co/?p=7461" "Mozilla/5.0 AppleWebKit/537.36 (KHTML, like Gecko; compatible; GPTBot/1.3; +https://openai.com/gptbot)"
18.68.41.177 - - [09/Apr/2026:14:53:20 +0000] "GET /index.php?format=xml&rest_route=%2Foembed%2F1.0%2Fembed&url=https%3A%2F%2F69b4844ae61d4e92bf26ad98af552775-devsite.readyship.co%2F%3Fp%3D7185 HTTP/1.1" 403 - "https://69b4844ae61d4e92bf26ad98af552775-devsite.readyship.co/?p=7185" "Mozilla/5.0 AppleWebKit/537.36 (KHTML, like Gecko; compatible; GPTBot/1.3; +https://openai.com/gptbot)"
18.68.41.173 - - [09/Apr/2026:14:53:21 +0000] "GET /index.php?format=xml&rest_route=%2Foembed%2F1.0%2Fembed&url=https%3A%2F%2F69b4844ae61d4e92bf26ad98af552775-devsite.readyship.co%2F%3Fp%3D7485 HTTP/1.1" 403 - "https://69b4844ae61d4e92bf26ad98af552775-devsite.readyship.co/?p=7485" "Mozilla/5.0 AppleWebKit/537.36 (KHTML, like Gecko; compatible; GPTBot/1.3; +https://openai.com/gptbot)"
18.68.41.173 - - [09/Apr/2026:14:53:21 +0000] "GET /index.php?format=xml&rest_route=%2Foembed%2F1.0%2Fembed&url=https%3A%2F%2F69b4844ae61d4e92bf26ad98af552775-devsite.readyship.co%2F%3Fp%3D7325 HTTP/1.1" 403 - "https://69b4844ae61d4e92bf26ad98af552775-devsite.readyship.co/?p=7325" "Mozilla/5.0 AppleWebKit/537.36 (KHTML, like Gecko; compatible; GPTBot/1.3; +https://openai.com/gptbot)"
18.68.41.147 - - [09/Apr/2026:14:53:22 +0000] "GET /index.php?format=xml&rest_route=%2Foembed%2F1.0%2Fembed&url=https%3A%2F%2F69b4844ae61d4e92bf26ad98af552775-devsite.readyship.co%2F%3Fp%3D9837 HTTP/1.1" 403 - "https://69b4844ae61d4e92bf26ad98af552775-devsite.readyship.co/?p=9837" "Mozilla/5.0 AppleWebKit/537.36 (KHTML, like Gecko; compatible; GPTBot/1.3; +https://openai.com/gptbot)"
18.68.41.176 - - [09/Apr/2026:14:53:22 +0000] "GET /index.php?format=xml&rest_route=%2Foembed%2F1.0%2Fembed&url=https%3A%2F%2F69b4844ae61d4e92bf26ad98af552775-devsite.readyship.co%2F%3Fp%3D7501 HTTP/1.1" 403 - "https://69b4844ae61d4e92bf26ad98af552775-devsite.readyship.co/?p=7501" "Mozilla/5.0 AppleWebKit/537.36 (KHTML, like Gecko; compatible; GPTBot/1.3; +https://openai.com/gptbot)"
18.68.41.147 - - [09/Apr/2026:14:53:23 +0000] "GET /index.php?format=xml&rest_route=%2Foembed%2F1.0%2Fembed&url=https%3A%2F%2F69b4844ae61d4e92bf26ad98af552775-devsite.readyship.co%2F%3Fp%3D6953 HTTP/1.1" 403 - "https://69b4844ae61d4e92bf26ad98af552775-devsite.readyship.co/?p=6953" "Mozilla/5.0 AppleWebKit/537.36 (KHTML, like Gecko; compatible; GPTBot/1.3; +https://openai.com/gptbot)"
18.68.41.176 - - [09/Apr/2026:14:53:23 +0000] "GET /index.php?format=xml&rest_route=%2Foembed%2F1.0%2Fembed&url=https%3A%2F%2F69b4844ae61d4e92bf26ad98af552775-devsite.readyship.co%2F%3Fp%3D8652 HTTP/1.1" 403 - "https://69b4844ae61d4e92bf26ad98af552775-devsite.readyship.co/?p=8652" "Mozilla/5.0 AppleWebKit/537.36 (KHTML, like Gecko; compatible; GPTBot/1.3; +https://openai.com/gptbot)"
15.158.215.109 - - [09/Apr/2026:14:53:24 +0000] "POST /wp-cron.php?doing_wp_cron=1775746404.8145620822906494140625 HTTP/1.1" 200 - "https://69b4844ae61d4e92bf26ad98af552775-devsite.readyship.co/wp-cron.php?doing_wp_cron=1775746404.8145620822906494140625" "WordPress/5.1.19; https://69b4844ae61d4e92bf26ad98af552775-devsite.readyship.co"
64.252.76.63 - - [09/Apr/2026:14:53:24 +0000] "GET /?p=7896 HTTP/1.1" 200 14435 "-" "Amazon CloudFront"
64.252.76.63 - - [09/Apr/2026:14:53:26 +0000] "GET /?p=7685 HTTP/1.1" 200 22212 "-" "Amazon CloudFront"
64.252.74.231 - - [09/Apr/2026:14:53:27 +0000] "GET /?p=7213 HTTP/1.1" 200 18092 "-" "Amazon CloudFront"
64.252.74.231 - - [09/Apr/2026:14:53:28 +0000] "GET /?p=7403 HTTP/1.1" 200 37631 "-" "Amazon CloudFront"
64.252.76.100 - - [09/Apr/2026:14:53:29 +0000] "GET /?p=8175 HTTP/1.1" 200 39106 "-" "Amazon CloudFront"
64.252.74.231 - - [09/Apr/2026:14:53:30 +0000] "GET /?p=7913 HTTP/1.1" 200 21479 "-" "Amazon CloudFront"
64.252.76.63 - - [09/Apr/2026:14:53:31 +0000] "GET /?p=8579 HTTP/1.1" 200 19364 "-" "Amazon CloudFront"
64.252.74.231 - - [09/Apr/2026:14:53:32 +0000] "GET /?p=7529 HTTP/1.1" 200 23869 "-" "Amazon CloudFront"
64.252.74.231 - - [09/Apr/2026:14:53:34 +0000] "GET /?p=8024 HTTP/1.1" 200 36663 "-" "Amazon CloudFront"
64.252.76.100 - - [09/Apr/2026:14:53:35 +0000] "GET /?p=7165 HTTP/1.1" 200 19614 "-" "Amazon CloudFront"
64.252.76.100 - - [09/Apr/2026:14:53:36 +0000] "GET /?p=7531 HTTP/1.1" 200 20348 "-" "Amazon CloudFront"
18.68.41.182 - - [09/Apr/2026:14:53:37 +0000] "GET /index.php?rest_route=%2Foembed%2F1.0%2Fembed&url=https%3A%2F%2F69b4844ae61d4e92bf26ad98af552775-devsite.readyship.co%2F%3Fp%3D7896 HTTP/1.1" 403 - "https://69b4844ae61d4e92bf26ad98af552775-devsite.readyship.co/?p=7896" "Mozilla/5.0 AppleWebKit/537.36 (KHTML, like Gecko; compatible; GPTBot/1.3; +https://openai.com/gptbot)"
18.68.41.177 - - [09/Apr/2026:14:53:37 +0000] "GET /index.php?rest_route=%2Foembed%2F1.0%2Fembed&url=https%3A%2F%2F69b4844ae61d4e92bf26ad98af552775-devsite.readyship.co%2F%3Fp%3D7685 HTTP/1.1" 403 - "https://69b4844ae61d4e92bf26ad98af552775-devsite.readyship.co/?p=7685" "Mozilla/5.0 AppleWebKit/537.36 (KHTML, like Gecko; compatible; GPTBot/1.3; +https://openai.com/gptbot)"
18.68.41.177 - - [09/Apr/2026:14:53:38 +0000] "GET /index.php?format=xml&rest_route=%2Foembed%2F1.0%2Fembed&url=https%3A%2F%2F69b4844ae61d4e92bf26ad98af552775-devsite.readyship.co%2F%3Fp%3D7685 HTTP/1.1" 403 - "https://69b4844ae61d4e92bf26ad98af552775-devsite.readyship.co/?p=7685" "Mozilla/5.0 AppleWebKit/537.36 (KHTML, like Gecko; compatible; GPTBot/1.3; +https://openai.com/gptbot)"
18.68.41.173 - - [09/Apr/2026:14:53:38 +0000] "GET /index.php?rest_route=%2Foembed%2F1.0%2Fembed&url=https%3A%2F%2F69b4844ae61d4e92bf26ad98af552775-devsite.readyship.co%2F%3Fp%3D7403 HTTP/1.1" 403 - "https://69b4844ae61d4e92bf26ad98af552775-devsite.readyship.co/?p=7403" "Mozilla/5.0 AppleWebKit/537.36 (KHTML, like Gecko; compatible; GPTBot/1.3; +https://openai.com/gptbot)"
18.68.41.173 - - [09/Apr/2026:14:53:39 +0000] "GET /index.php?rest_route=%2Foembed%2F1.0%2Fembed&url=https%3A%2F%2F69b4844ae61d4e92bf26ad98af552775-devsite.readyship.co%2F%3Fp%3D8175 HTTP/1.1" 403 - "https://69b4844ae61d4e92bf26ad98af552775-devsite.readyship.co/?p=8175" "Mozilla/5.0 AppleWebKit/537.36 (KHTML, like Gecko; compatible; GPTBot/1.3; +https://openai.com/gptbot)"
18.68.41.173 - - [09/Apr/2026:14:53:39 +0000] "GET /index.php?rest_route=%2Foembed%2F1.0%2Fembed&url=https%3A%2F%2F69b4844ae61d4e92bf26ad98af552775-devsite.readyship.co%2F%3Fp%3D7913 HTTP/1.1" 403 - "https://69b4844ae61d4e92bf26ad98af552775-devsite.readyship.co/?p=7913" "Mozilla/5.0 AppleWebKit/537.36 (KHTML, like Gecko; compatible; GPTBot/1.3; +https://openai.com/gptbot)"
18.68.41.147 - - [09/Apr/2026:14:53:40 +0000] "GET /index.php?rest_route=%2Foembed%2F1.0%2Fembed&url=https%3A%2F%2F69b4844ae61d4e92bf26ad98af552775-devsite.readyship.co%2F%3Fp%3D8579 HTTP/1.1" 403 - "https://69b4844ae61d4e92bf26ad98af552775-devsite.readyship.co/?p=8579" "Mozilla/5.0 AppleWebKit/537.36 (KHTML, like Gecko; compatible; GPTBot/1.3; +https://openai.com/gptbot)"
18.68.41.173 - - [09/Apr/2026:14:53:40 +0000] "GET /index.php?rest_route=%2Foembed%2F1.0%2Fembed&url=https%3A%2F%2F69b4844ae61d4e92bf26ad98af552775-devsite.readyship.co%2F%3Fp%3D7529 HTTP/1.1" 403 - "https://69b4844ae61d4e92bf26ad98af552775-devsite.readyship.co/?p=7529" "Mozilla/5.0 AppleWebKit/537.36 (KHTML, like Gecko; compatible; GPTBot/1.3; +https://openai.com/gptbot)"
18.68.41.177 - - [09/Apr/2026:14:53:41 +0000] "GET /index.php?rest_route=%2Foembed%2F1.0%2Fembed&url=https%3A%2F%2F69b4844ae61d4e92bf26ad98af552775-devsite.readyship.co%2F%3Fp%3D8024 HTTP/1.1" 403 - "https://69b4844ae61d4e92bf26ad98af552775-devsite.readyship.co/?p=8024" "Mozilla/5.0 AppleWebKit/537.36 (KHTML, like Gecko; compatible; GPTBot/1.3; +https://openai.com/gptbot)"
18.68.41.147 - - [09/Apr/2026:14:53:42 +0000] "GET /index.php?rest_route=%2Foembed%2F1.0%2Fembed&url=https%3A%2F%2F69b4844ae61d4e92bf26ad98af552775-devsite.readyship.co%2F%3Fp%3D7165 HTTP/1.1" 403 - "https://69b4844ae61d4e92bf26ad98af552775-devsite.readyship.co/?p=7165" "Mozilla/5.0 AppleWebKit/537.36 (KHTML, like Gecko; compatible; GPTBot/1.3; +https://openai.com/gptbot)"
18.68.41.177 - - [09/Apr/2026:14:53:42 +0000] "GET /index.php?format=xml&rest_route=%2Foembed%2F1.0%2Fembed&url=https%3A%2F%2F69b4844ae61d4e92bf26ad98af552775-devsite.readyship.co%2F%3Fp%3D7403 HTTP/1.1" 403 - "https://69b4844ae61d4e92bf26ad98af552775-devsite.readyship.co/?p=7403" "Mozilla/5.0 AppleWebKit/537.36 (KHTML, like Gecko; compatible; GPTBot/1.3; +https://openai.com/gptbot)"
18.68.41.173 - - [09/Apr/2026:14:53:43 +0000] "GET /index.php?rest_route=%2Foembed%2F1.0%2Fembed&url=https%3A%2F%2F69b4844ae61d4e92bf26ad98af552775-devsite.readyship.co%2F%3Fp%3D7531 HTTP/1.1" 403 - "https://69b4844ae61d4e92bf26ad98af552775-devsite.readyship.co/?p=7531" "Mozilla/5.0 AppleWebKit/537.36 (KHTML, like Gecko; compatible; GPTBot/1.3; +https://openai.com/gptbot)"
18.68.41.176 - - [09/Apr/2026:14:53:43 +0000] "GET /index.php?format=xml&rest_route=%2Foembed%2F1.0%2Fembed&url=https%3A%2F%2F69b4844ae61d4e92bf26ad98af552775-devsite.readyship.co%2F%3Fp%3D7531 HTTP/1.1" 403 - "https://69b4844ae61d4e92bf26ad98af552775-devsite.readyship.co/?p=7531" "Mozilla/5.0 AppleWebKit/537.36 (KHTML, like Gecko; compatible; GPTBot/1.3; +https://openai.com/gptbot)"
18.68.41.176 - - [09/Apr/2026:14:53:44 +0000] "GET /index.php?format=xml&rest_route=%2Foembed%2F1.0%2Fembed&url=https%3A%2F%2F69b4844ae61d4e92bf26ad98af552775-devsite.readyship.co%2F%3Fp%3D8175 HTTP/1.1" 403 - "https://69b4844ae61d4e92bf26ad98af552775-devsite.readyship.co/?p=8175" "Mozilla/5.0 AppleWebKit/537.36 (KHTML, like Gecko; compatible; GPTBot/1.3; +https://openai.com/gptbot)"
18.68.41.173 - - [09/Apr/2026:14:53:44 +0000] "GET /index.php?format=xml&rest_route=%2Foembed%2F1.0%2Fembed&url=https%3A%2F%2F69b4844ae61d4e92bf26ad98af552775-devsite.readyship.co%2F%3Fp%3D7896 HTTP/1.1" 403 - "https://69b4844ae61d4e92bf26ad98af552775-devsite.readyship.co/?p=7896" "Mozilla/5.0 AppleWebKit/537.36 (KHTML, like Gecko; compatible; GPTBot/1.3; +https://openai.com/gptbot)"
18.68.41.172 - - [09/Apr/2026:14:53:45 +0000] "GET /index.php?format=xml&rest_route=%2Foembed%2F1.0%2Fembed&url=https%3A%2F%2F69b4844ae61d4e92bf26ad98af552775-devsite.readyship.co%2F%3Fp%3D7529 HTTP/1.1" 403 - "https://69b4844ae61d4e92bf26ad98af552775-devsite.readyship.co/?p=7529" "Mozilla/5.0 AppleWebKit/537.36 (KHTML, like Gecko; compatible; GPTBot/1.3; +https://openai.com/gptbot)"
18.68.41.176 - - [09/Apr/2026:14:53:45 +0000] "GET /index.php?format=xml&rest_route=%2Foembed%2F1.0%2Fembed&url=https%3A%2F%2F69b4844ae61d4e92bf26ad98af552775-devsite.readyship.co%2F%3Fp%3D7913 HTTP/1.1" 403 - "https://69b4844ae61d4e92bf26ad98af552775-devsite.readyship.co/?p=7913" "Mozilla/5.0 AppleWebKit/537.36 (KHTML, like Gecko; compatible; GPTBot/1.3; +https://openai.com/gptbot)"
18.68.41.177 - - [09/Apr/2026:14:53:46 +0000] "GET /index.php?format=xml&rest_route=%2Foembed%2F1.0%2Fembed&url=https%3A%2F%2F69b4844ae61d4e92bf26ad98af552775-devsite.readyship.co%2F%3Fp%3D7165 HTTP/1.1" 403 - "https://69b4844ae61d4e92bf26ad98af552775-devsite.readyship.co/?p=7165" "Mozilla/5.0 AppleWebKit/537.36 (KHTML, like Gecko; compatible; GPTBot/1.3; +https://openai.com/gptbot)"
18.68.41.172 - - [09/Apr/2026:14:53:46 +0000] "GET /index.php?format=xml&rest_route=%2Foembed%2F1.0%2Fembed&url=https%3A%2F%2F69b4844ae61d4e92bf26ad98af552775-devsite.readyship.co%2F%3Fp%3D8579 HTTP/1.1" 403 - "https://69b4844ae61d4e92bf26ad98af552775-devsite.readyship.co/?p=8579" "Mozilla/5.0 AppleWebKit/537.36 (KHTML, like Gecko; compatible; GPTBot/1.3; +https://openai.com/gptbot)"
18.68.41.173 - - [09/Apr/2026:14:53:47 +0000] "GET /index.php?format=xml&rest_route=%2Foembed%2F1.0%2Fembed&url=https%3A%2F%2F69b4844ae61d4e92bf26ad98af552775-devsite.readyship.co%2F%3Fp%3D7213 HTTP/1.1" 403 - "https://69b4844ae61d4e92bf26ad98af552775-devsite.readyship.co/?p=7213" "Mozilla/5.0 AppleWebKit/537.36 (KHTML, like Gecko; compatible; GPTBot/1.3; +https://openai.com/gptbot)"
18.68.41.176 - - [09/Apr/2026:14:53:47 +0000] "GET /index.php?format=xml&rest_route=%2Foembed%2F1.0%2Fembed&url=https%3A%2F%2F69b4844ae61d4e92bf26ad98af552775-devsite.readyship.co%2F%3Fp%3D8024 HTTP/1.1" 403 - "https://69b4844ae61d4e92bf26ad98af552775-devsite.readyship.co/?p=8024" "Mozilla/5.0 AppleWebKit/537.36 (KHTML, like Gecko; compatible; GPTBot/1.3; +https://openai.com/gptbot)"
64.252.76.100 - - [09/Apr/2026:14:53:48 +0000] "GET /?p=7853 HTTP/1.1" 200 13558 "-" "Amazon CloudFront"
64.252.74.231 - - [09/Apr/2026:14:53:49 +0000] "GET /?p=7416 HTTP/1.1" 200 36613 "-" "Amazon CloudFront"
64.252.74.231 - - [09/Apr/2026:14:53:50 +0000] "GET /?p=7149 HTTP/1.1" 200 23183 "-" "Amazon CloudFront"
64.252.76.63 - - [09/Apr/2026:14:53:51 +0000] "GET /?p=7829 HTTP/1.1" 200 19625 "-" "Amazon CloudFront"
64.252.74.231 - - [09/Apr/2026:14:53:53 +0000] "GET /?p=5806 HTTP/1.1" 200 14167 "-" "Amazon CloudFront"
64.252.76.100 - - [09/Apr/2026:14:53:54 +0000] "GET /?p=7195 HTTP/1.1" 200 19542 "-" "Amazon CloudFront"
64.252.76.100 - - [09/Apr/2026:14:53:55 +0000] "GET /?p=8097 HTTP/1.1" 200 41195 "-" "Amazon CloudFront"
64.252.74.231 - - [09/Apr/2026:14:53:56 +0000] "GET /?p=6927 HTTP/1.1" 200 19252 "-" "Amazon CloudFront"
64.252.76.100 - - [09/Apr/2026:14:53:57 +0000] "GET /?p=7024 HTTP/1.1" 200 15121 "-" "Amazon CloudFront"
64.252.76.100 - - [09/Apr/2026:14:53:58 +0000] "GET /?p=7489 HTTP/1.1" 200 36700 "-" "Amazon CloudFront"
64.252.76.63 - - [09/Apr/2026:14:53:59 +0000] "GET /?p=7348 HTTP/1.1" 200 21604 "-" "Amazon CloudFront"
18.68.41.147 - - [09/Apr/2026:14:54:00 +0000] "GET /index.php?rest_route=%2Foembed%2F1.0%2Fembed&url=https%3A%2F%2F69b4844ae61d4e92bf26ad98af552775-devsite.readyship.co%2F%3Fp%3D7853 HTTP/1.1" 403 - "https://69b4844ae61d4e92bf26ad98af552775-devsite.readyship.co/?p=7853" "Mozilla/5.0 AppleWebKit/537.36 (KHTML, like Gecko; compatible; GPTBot/1.3; +https://openai.com/gptbot)"
18.68.41.177 - - [09/Apr/2026:14:54:01 +0000] "GET /index.php?rest_route=%2Foembed%2F1.0%2Fembed&url=https%3A%2F%2F69b4844ae61d4e92bf26ad98af552775-devsite.readyship.co%2F%3Fp%3D7416 HTTP/1.1" 403 - "https://69b4844ae61d4e92bf26ad98af552775-devsite.readyship.co/?p=7416" "Mozilla/5.0 AppleWebKit/537.36 (KHTML, like Gecko; compatible; GPTBot/1.3; +https://openai.com/gptbot)"
18.68.41.147 - - [09/Apr/2026:14:54:01 +0000] "GET /index.php?rest_route=%2Foembed%2F1.0%2Fembed&url=https%3A%2F%2F69b4844ae61d4e92bf26ad98af552775-devsite.readyship.co%2F%3Fp%3D7149 HTTP/1.1" 403 - "https://69b4844ae61d4e92bf26ad98af552775-devsite.readyship.co/?p=7149" "Mozilla/5.0 AppleWebKit/537.36 (KHTML, like Gecko; compatible; GPTBot/1.3; +https://openai.com/gptbot)"
18.68.41.177 - - [09/Apr/2026:14:54:02 +0000] "GET /index.php?rest_route=%2Foembed%2F1.0%2Fembed&url=https%3A%2F%2F69b4844ae61d4e92bf26ad98af552775-devsite.readyship.co%2F%3Fp%3D7829 HTTP/1.1" 403 - "https://69b4844ae61d4e92bf26ad98af552775-devsite.readyship.co/?p=7829" "Mozilla/5.0 AppleWebKit/537.36 (KHTML, like Gecko; compatible; GPTBot/1.3; +https://openai.com/gptbot)"
18.68.41.177 - - [09/Apr/2026:14:54:02 +0000] "GET /index.php?format=xml&rest_route=%2Foembed%2F1.0%2Fembed&url=https%3A%2F%2F69b4844ae61d4e92bf26ad98af552775-devsite.readyship.co%2F%3Fp%3D7853 HTTP/1.1" 403 - "https://69b4844ae61d4e92bf26ad98af552775-devsite.readyship.co/?p=7853" "Mozilla/5.0 AppleWebKit/537.36 (KHTML, like Gecko; compatible; GPTBot/1.3; +https://openai.com/gptbot)"
18.68.41.177 - - [09/Apr/2026:14:54:03 +0000] "GET /index.php?rest_route=%2Foembed%2F1.0%2Fembed&url=https%3A%2F%2F69b4844ae61d4e92bf26ad98af552775-devsite.readyship.co%2F%3Fp%3D7195 HTTP/1.1" 403 - "https://69b4844ae61d4e92bf26ad98af552775-devsite.readyship.co/?p=7195" "Mozilla/5.0 AppleWebKit/537.36 (KHTML, like Gecko; compatible; GPTBot/1.3; +https://openai.com/gptbot)"
18.68.41.171 - - [09/Apr/2026:14:54:03 +0000] "GET /index.php?rest_route=%2Foembed%2F1.0%2Fembed&url=https%3A%2F%2F69b4844ae61d4e92bf26ad98af552775-devsite.readyship.co%2F%3Fp%3D8097 HTTP/1.1" 403 - "https://69b4844ae61d4e92bf26ad98af552775-devsite.readyship.co/?p=8097" "Mozilla/5.0 AppleWebKit/537.36 (KHTML, like Gecko; compatible; GPTBot/1.3; +https://openai.com/gptbot)"
18.68.41.171 - - [09/Apr/2026:14:54:04 +0000] "GET /index.php?rest_route=%2Foembed%2F1.0%2Fembed&url=https%3A%2F%2F69b4844ae61d4e92bf26ad98af552775-devsite.readyship.co%2F%3Fp%3D6927 HTTP/1.1" 403 - "https://69b4844ae61d4e92bf26ad98af552775-devsite.readyship.co/?p=6927" "Mozilla/5.0 AppleWebKit/537.36 (KHTML, like Gecko; compatible; GPTBot/1.3; +https://openai.com/gptbot)"
18.68.41.177 - - [09/Apr/2026:14:54:05 +0000] "GET /index.php?rest_route=%2Foembed%2F1.0%2Fembed&url=https%3A%2F%2F69b4844ae61d4e92bf26ad98af552775-devsite.readyship.co%2F%3Fp%3D7024 HTTP/1.1" 403 - "https://69b4844ae61d4e92bf26ad98af552775-devsite.readyship.co/?p=7024" "Mozilla/5.0 AppleWebKit/537.36 (KHTML, like Gecko; compatible; GPTBot/1.3; +https://openai.com/gptbot)"
18.68.41.177 - - [09/Apr/2026:14:54:05 +0000] "GET /index.php?rest_route=%2Foembed%2F1.0%2Fembed&url=https%3A%2F%2F69b4844ae61d4e92bf26ad98af552775-devsite.readyship.co%2F%3Fp%3D7489 HTTP/1.1" 403 - "https://69b4844ae61d4e92bf26ad98af552775-devsite.readyship.co/?p=7489" "Mozilla/5.0 AppleWebKit/537.36 (KHTML, like Gecko; compatible; GPTBot/1.3; +https://openai.com/gptbot)"
18.68.41.147 - - [09/Apr/2026:14:54:06 +0000] "GET /index.php?rest_route=%2Foembed%2F1.0%2Fembed&url=https%3A%2F%2F69b4844ae61d4e92bf26ad98af552775-devsite.readyship.co%2F%3Fp%3D7348 HTTP/1.1" 403 - "https://69b4844ae61d4e92bf26ad98af552775-devsite.readyship.co/?p=7348" "Mozilla/5.0 AppleWebKit/537.36 (KHTML, like Gecko; compatible; GPTBot/1.3; +https://openai.com/gptbot)"
18.68.41.147 - - [09/Apr/2026:14:54:06 +0000] "GET /index.php?format=xml&rest_route=%2Foembed%2F1.0%2Fembed&url=https%3A%2F%2F69b4844ae61d4e92bf26ad98af552775-devsite.readyship.co%2F%3Fp%3D7024 HTTP/1.1" 403 - "https://69b4844ae61d4e92bf26ad98af552775-devsite.readyship.co/?p=7024" "Mozilla/5.0 AppleWebKit/537.36 (KHTML, like Gecko; compatible; GPTBot/1.3; +https://openai.com/gptbot)"
18.68.41.173 - - [09/Apr/2026:14:54:07 +0000] "GET /index.php?format=xml&rest_route=%2Foembed%2F1.0%2Fembed&url=https%3A%2F%2F69b4844ae61d4e92bf26ad98af552775-devsite.readyship.co%2F%3Fp%3D7149 HTTP/1.1" 403 - "https://69b4844ae61d4e92bf26ad98af552775-devsite.readyship.co/?p=7149" "Mozilla/5.0 AppleWebKit/537.36 (KHTML, like Gecko; compatible; GPTBot/1.3; +https://openai.com/gptbot)"
18.68.41.147 - - [09/Apr/2026:14:54:07 +0000] "GET /index.php?format=xml&rest_route=%2Foembed%2F1.0%2Fembed&url=https%3A%2F%2F69b4844ae61d4e92bf26ad98af552775-devsite.readyship.co%2F%3Fp%3D7348 HTTP/1.1" 403 - "https://69b4844ae61d4e92bf26ad98af552775-devsite.readyship.co/?p=7348" "Mozilla/5.0 AppleWebKit/537.36 (KHTML, like Gecko; compatible; GPTBot/1.3; +https://openai.com/gptbot)"
18.68.41.177 - - [09/Apr/2026:14:54:08 +0000] "GET /index.php?format=xml&rest_route=%2Foembed%2F1.0%2Fembed&url=https%3A%2F%2F69b4844ae61d4e92bf26ad98af552775-devsite.readyship.co%2F%3Fp%3D7416 HTTP/1.1" 403 - "https://69b4844ae61d4e92bf26ad98af552775-devsite.readyship.co/?p=7416" "Mozilla/5.0 AppleWebKit/537.36 (KHTML, like Gecko; compatible; GPTBot/1.3; +https://openai.com/gptbot)"
18.68.41.176 - - [09/Apr/2026:14:54:08 +0000] "GET /index.php?format=xml&rest_route=%2Foembed%2F1.0%2Fembed&url=https%3A%2F%2F69b4844ae61d4e92bf26ad98af552775-devsite.readyship.co%2F%3Fp%3D6927 HTTP/1.1" 403 - "https://69b4844ae61d4e92bf26ad98af552775-devsite.readyship.co/?p=6927" "Mozilla/5.0 AppleWebKit/537.36 (KHTML, like Gecko; compatible; GPTBot/1.3; +https://openai.com/gptbot)"
18.68.41.173 - - [09/Apr/2026:14:54:09 +0000] "GET /index.php?format=xml&rest_route=%2Foembed%2F1.0%2Fembed&url=https%3A%2F%2F69b4844ae61d4e92bf26ad98af552775-devsite.readyship.co%2F%3Fp%3D7489 HTTP/1.1" 403 - "https://69b4844ae61d4e92bf26ad98af552775-devsite.readyship.co/?p=7489" "Mozilla/5.0 AppleWebKit/537.36 (KHTML, like Gecko; compatible; GPTBot/1.3; +https://openai.com/gptbot)"
18.68.41.171 - - [09/Apr/2026:14:54:09 +0000] "GET /index.php?format=xml&rest_route=%2Foembed%2F1.0%2Fembed&url=https%3A%2F%2F69b4844ae61d4e92bf26ad98af552775-devsite.readyship.co%2F%3Fp%3D7195 HTTP/1.1" 403 - "https://69b4844ae61d4e92bf26ad98af552775-devsite.readyship.co/?p=7195" "Mozilla/5.0 AppleWebKit/537.36 (KHTML, like Gecko; compatible; GPTBot/1.3; +https://openai.com/gptbot)"
18.68.41.172 - - [09/Apr/2026:14:54:10 +0000] "GET /index.php?format=xml&rest_route=%2Foembed%2F1.0%2Fembed&url=https%3A%2F%2F69b4844ae61d4e92bf26ad98af552775-devsite.readyship.co%2F%3Fp%3D7829 HTTP/1.1" 403 - "https://69b4844ae61d4e92bf26ad98af552775-devsite.readyship.co/?p=7829" "Mozilla/5.0 AppleWebKit/537.36 (KHTML, like Gecko; compatible; GPTBot/1.3; +https://openai.com/gptbot)"
18.68.41.177 - - [09/Apr/2026:14:54:10 +0000] "GET /index.php?format=xml&rest_route=%2Foembed%2F1.0%2Fembed&url=https%3A%2F%2F69b4844ae61d4e92bf26ad98af552775-devsite.readyship.co%2F%3Fp%3D8097 HTTP/1.1" 403 - "https://69b4844ae61d4e92bf26ad98af552775-devsite.readyship.co/?p=8097" "Mozilla/5.0 AppleWebKit/537.36 (KHTML, like Gecko; compatible; GPTBot/1.3; +https://openai.com/gptbot)"
64.252.76.63 - - [09/Apr/2026:14:54:11 +0000] "GET /?p=7864 HTTP/1.1" 200 22741 "-" "Amazon CloudFront"
64.252.76.100 - - [09/Apr/2026:14:54:12 +0000] "GET /?p=6973 HTTP/1.1" 200 16918 "-" "Amazon CloudFront"
64.252.76.63 - - [09/Apr/2026:14:54:13 +0000] "GET /?p=5819 HTTP/1.1" 200 24472 "-" "Amazon CloudFront"
64.252.74.231 - - [09/Apr/2026:14:54:14 +0000] "GET /?p=5764 HTTP/1.1" 200 21405 "-" "Amazon CloudFront"
64.252.74.231 - - [09/Apr/2026:14:54:16 +0000] "GET /?p=7056 HTTP/1.1" 200 15152 "-" "Amazon CloudFront"
64.252.74.231 - - [09/Apr/2026:14:54:17 +0000] "GET /?p=5897 HTTP/1.1" 200 25251 "-" "Amazon CloudFront"
64.252.76.100 - - [09/Apr/2026:14:54:18 +0000] "GET /?p=6987 HTTP/1.1" 200 20987 "-" "Amazon CloudFront"
64.252.74.231 - - [09/Apr/2026:14:54:19 +0000] "GET /?p=7805 HTTP/1.1" 200 22626 "-" "Amazon CloudFront"
64.252.74.231 - - [09/Apr/2026:14:54:20 +0000] "GET /?p=5821 HTTP/1.1" 200 22021 "-" "Amazon CloudFront"
15.158.215.109 - - [09/Apr/2026:14:54:22 +0000] "POST /wp-cron.php?doing_wp_cron=1775746462.1782469749450683593750 HTTP/1.1" 200 - "https://69b4844ae61d4e92bf26ad98af552775-devsite.readyship.co/wp-cron.php?doing_wp_cron=1775746462.1782469749450683593750" "WordPress/5.1.19; https://69b4844ae61d4e92bf26ad98af552775-devsite.readyship.co"
64.252.76.100 - - [09/Apr/2026:14:54:21 +0000] "GET /?p=8906 HTTP/1.1" 200 19438 "-" "Amazon CloudFront"
64.252.76.63 - - [09/Apr/2026:14:54:23 +0000] "GET /?p=7548 HTTP/1.1" 200 23690 "-" "Amazon CloudFront"
18.68.41.182 - - [09/Apr/2026:14:54:24 +0000] "GET /index.php?rest_route=%2Foembed%2F1.0%2Fembed&url=https%3A%2F%2F69b4844ae61d4e92bf26ad98af552775-devsite.readyship.co%2F%3Fp%3D7864 HTTP/1.1" 403 - "https://69b4844ae61d4e92bf26ad98af552775-devsite.readyship.co/?p=7864" "Mozilla/5.0 AppleWebKit/537.36 (KHTML, like Gecko; compatible; GPTBot/1.3; +https://openai.com/gptbot)"
