18.68.41.171 - - [09/Apr/2026:14:57:07 +0000] "GET /index.php?rest_route=%2Foembed%2F1.0%2Fembed&url=https%3A%2F%2F69b4844ae61d4e92bf26ad98af552775-devsite.readyship.co%2F%3Fp%3D7619 HTTP/1.1" 403 - "https://69b4844ae61d4e92bf26ad98af552775-devsite.readyship.co/?p=7619" "Mozilla/5.0 AppleWebKit/537.36 (KHTML, like Gecko; compatible; GPTBot/1.3; +https://openai.com/gptbot)"
18.68.41.173 - - [09/Apr/2026:14:57:08 +0000] "GET /index.php?rest_route=%2Foembed%2F1.0%2Fembed&url=https%3A%2F%2F69b4844ae61d4e92bf26ad98af552775-devsite.readyship.co%2F%3Fp%3D7012 HTTP/1.1" 403 - "https://69b4844ae61d4e92bf26ad98af552775-devsite.readyship.co/?p=7012" "Mozilla/5.0 AppleWebKit/537.36 (KHTML, like Gecko; compatible; GPTBot/1.3; +https://openai.com/gptbot)"
18.68.41.173 - - [09/Apr/2026:14:57:08 +0000] "GET /index.php?rest_route=%2Foembed%2F1.0%2Fembed&url=https%3A%2F%2F69b4844ae61d4e92bf26ad98af552775-devsite.readyship.co%2F%3Fp%3D7193 HTTP/1.1" 403 - "https://69b4844ae61d4e92bf26ad98af552775-devsite.readyship.co/?p=7193" "Mozilla/5.0 AppleWebKit/537.36 (KHTML, like Gecko; compatible; GPTBot/1.3; +https://openai.com/gptbot)"
18.68.41.171 - - [09/Apr/2026:14:57:09 +0000] "GET /index.php?format=xml&rest_route=%2Foembed%2F1.0%2Fembed&url=https%3A%2F%2F69b4844ae61d4e92bf26ad98af552775-devsite.readyship.co%2F%3Fp%3D7209 HTTP/1.1" 403 - "https://69b4844ae61d4e92bf26ad98af552775-devsite.readyship.co/?p=7209" "Mozilla/5.0 AppleWebKit/537.36 (KHTML, like Gecko; compatible; GPTBot/1.3; +https://openai.com/gptbot)"
18.68.41.173 - - [09/Apr/2026:14:57:09 +0000] "GET /index.php?rest_route=%2Foembed%2F1.0%2Fembed&url=https%3A%2F%2F69b4844ae61d4e92bf26ad98af552775-devsite.readyship.co%2F%3Fp%3D7290 HTTP/1.1" 403 - "https://69b4844ae61d4e92bf26ad98af552775-devsite.readyship.co/?p=7290" "Mozilla/5.0 AppleWebKit/537.36 (KHTML, like Gecko; compatible; GPTBot/1.3; +https://openai.com/gptbot)"
18.68.41.171 - - [09/Apr/2026:14:57:10 +0000] "GET /index.php?format=xml&rest_route=%2Foembed%2F1.0%2Fembed&url=https%3A%2F%2F69b4844ae61d4e92bf26ad98af552775-devsite.readyship.co%2F%3Fp%3D7368 HTTP/1.1" 403 - "https://69b4844ae61d4e92bf26ad98af552775-devsite.readyship.co/?p=7368" "Mozilla/5.0 AppleWebKit/537.36 (KHTML, like Gecko; compatible; GPTBot/1.3; +https://openai.com/gptbot)"
18.68.41.173 - - [09/Apr/2026:14:57:10 +0000] "GET /index.php?format=xml&rest_route=%2Foembed%2F1.0%2Fembed&url=https%3A%2F%2F69b4844ae61d4e92bf26ad98af552775-devsite.readyship.co%2F%3Fp%3D7290 HTTP/1.1" 403 - "https://69b4844ae61d4e92bf26ad98af552775-devsite.readyship.co/?p=7290" "Mozilla/5.0 AppleWebKit/537.36 (KHTML, like Gecko; compatible; GPTBot/1.3; +https://openai.com/gptbot)"
18.68.41.176 - - [09/Apr/2026:14:57:11 +0000] "GET /index.php?format=xml&rest_route=%2Foembed%2F1.0%2Fembed&url=https%3A%2F%2F69b4844ae61d4e92bf26ad98af552775-devsite.readyship.co%2F%3Fp%3D7619 HTTP/1.1" 403 - "https://69b4844ae61d4e92bf26ad98af552775-devsite.readyship.co/?p=7619" "Mozilla/5.0 AppleWebKit/537.36 (KHTML, like Gecko; compatible; GPTBot/1.3; +https://openai.com/gptbot)"
18.68.41.177 - - [09/Apr/2026:14:57:12 +0000] "GET /index.php?format=xml&rest_route=%2Foembed%2F1.0%2Fembed&url=https%3A%2F%2F69b4844ae61d4e92bf26ad98af552775-devsite.readyship.co%2F%3Fp%3D9154 HTTP/1.1" 403 - "https://69b4844ae61d4e92bf26ad98af552775-devsite.readyship.co/?p=9154" "Mozilla/5.0 AppleWebKit/537.36 (KHTML, like Gecko; compatible; GPTBot/1.3; +https://openai.com/gptbot)"
18.68.41.176 - - [09/Apr/2026:14:57:12 +0000] "GET /index.php?format=xml&rest_route=%2Foembed%2F1.0%2Fembed&url=https%3A%2F%2F69b4844ae61d4e92bf26ad98af552775-devsite.readyship.co%2F%3Fp%3D7189 HTTP/1.1" 403 - "https://69b4844ae61d4e92bf26ad98af552775-devsite.readyship.co/?p=7189" "Mozilla/5.0 AppleWebKit/537.36 (KHTML, like Gecko; compatible; GPTBot/1.3; +https://openai.com/gptbot)"
18.68.41.147 - - [09/Apr/2026:14:57:13 +0000] "GET /index.php?format=xml&rest_route=%2Foembed%2F1.0%2Fembed&url=https%3A%2F%2F69b4844ae61d4e92bf26ad98af552775-devsite.readyship.co%2F%3Fp%3D7012 HTTP/1.1" 403 - "https://69b4844ae61d4e92bf26ad98af552775-devsite.readyship.co/?p=7012" "Mozilla/5.0 AppleWebKit/537.36 (KHTML, like Gecko; compatible; GPTBot/1.3; +https://openai.com/gptbot)"
18.68.41.172 - - [09/Apr/2026:14:57:13 +0000] "GET /index.php?format=xml&rest_route=%2Foembed%2F1.0%2Fembed&url=https%3A%2F%2F69b4844ae61d4e92bf26ad98af552775-devsite.readyship.co%2F%3Fp%3D7902 HTTP/1.1" 403 - "https://69b4844ae61d4e92bf26ad98af552775-devsite.readyship.co/?p=7902" "Mozilla/5.0 AppleWebKit/537.36 (KHTML, like Gecko; compatible; GPTBot/1.3; +https://openai.com/gptbot)"
18.68.41.147 - - [09/Apr/2026:14:57:14 +0000] "GET /index.php?format=xml&rest_route=%2Foembed%2F1.0%2Fembed&url=https%3A%2F%2F69b4844ae61d4e92bf26ad98af552775-devsite.readyship.co%2F%3Fp%3D7193 HTTP/1.1" 403 - "https://69b4844ae61d4e92bf26ad98af552775-devsite.readyship.co/?p=7193" "Mozilla/5.0 AppleWebKit/537.36 (KHTML, like Gecko; compatible; GPTBot/1.3; +https://openai.com/gptbot)"
18.68.41.176 - - [09/Apr/2026:14:57:14 +0000] "GET /index.php?format=xml&rest_route=%2Foembed%2F1.0%2Fembed&url=https%3A%2F%2F69b4844ae61d4e92bf26ad98af552775-devsite.readyship.co%2F%3Fp%3D7453 HTTP/1.1" 403 - "https://69b4844ae61d4e92bf26ad98af552775-devsite.readyship.co/?p=7453" "Mozilla/5.0 AppleWebKit/537.36 (KHTML, like Gecko; compatible; GPTBot/1.3; +https://openai.com/gptbot)"
64.252.76.63 - - [09/Apr/2026:14:57:15 +0000] "GET /?p=7980 HTTP/1.1" 200 20820 "-" "Amazon CloudFront"
64.252.76.63 - - [09/Apr/2026:14:57:16 +0000] "GET /?p=7321 HTTP/1.1" 200 47138 "-" "Amazon CloudFront"
64.252.76.100 - - [09/Apr/2026:14:57:17 +0000] "GET /?p=7936 HTTP/1.1" 200 18932 "-" "Amazon CloudFront"
64.252.74.231 - - [09/Apr/2026:14:57:18 +0000] "GET /?p=7495 HTTP/1.1" 200 36855 "-" "Amazon CloudFront"
64.252.74.231 - - [09/Apr/2026:14:57:19 +0000] "GET /?p=5823 HTTP/1.1" 200 24615 "-" "Amazon CloudFront"
64.252.76.63 - - [09/Apr/2026:14:57:20 +0000] "GET /?p=7823 HTTP/1.1" 200 23987 "-" "Amazon CloudFront"
15.158.215.109 - - [09/Apr/2026:14:57:22 +0000] "POST /wp-cron.php?doing_wp_cron=1775746642.5748150348663330078125 HTTP/1.1" 200 - "https://69b4844ae61d4e92bf26ad98af552775-devsite.readyship.co/wp-cron.php?doing_wp_cron=1775746642.5748150348663330078125" "WordPress/5.1.19; https://69b4844ae61d4e92bf26ad98af552775-devsite.readyship.co"
64.252.76.63 - - [09/Apr/2026:14:57:22 +0000] "GET /?p=7032 HTTP/1.1" 200 20657 "-" "Amazon CloudFront"
64.252.76.100 - - [09/Apr/2026:14:57:23 +0000] "GET /?p=5609 HTTP/1.1" 200 23099 "-" "Amazon CloudFront"
64.252.74.231 - - [09/Apr/2026:14:57:24 +0000] "GET /?p=7243 HTTP/1.1" 200 13109 "-" "Amazon CloudFront"
64.252.76.63 - - [09/Apr/2026:14:57:26 +0000] "GET /?p=5724 HTTP/1.1" 200 41123 "-" "Amazon CloudFront"
64.252.74.231 - - [09/Apr/2026:14:57:27 +0000] "GET /?p=7892 HTTP/1.1" 200 19232 "-" "Amazon CloudFront"
18.68.41.182 - - [09/Apr/2026:14:57:28 +0000] "GET /index.php?rest_route=%2Foembed%2F1.0%2Fembed&url=https%3A%2F%2F69b4844ae61d4e92bf26ad98af552775-devsite.readyship.co%2F%3Fp%3D7980 HTTP/1.1" 403 - "https://69b4844ae61d4e92bf26ad98af552775-devsite.readyship.co/?p=7980" "Mozilla/5.0 AppleWebKit/537.36 (KHTML, like Gecko; compatible; GPTBot/1.3; +https://openai.com/gptbot)"
18.68.41.147 - - [09/Apr/2026:14:57:28 +0000] "GET /index.php?rest_route=%2Foembed%2F1.0%2Fembed&url=https%3A%2F%2F69b4844ae61d4e92bf26ad98af552775-devsite.readyship.co%2F%3Fp%3D7321 HTTP/1.1" 403 - "https://69b4844ae61d4e92bf26ad98af552775-devsite.readyship.co/?p=7321" "Mozilla/5.0 AppleWebKit/537.36 (KHTML, like Gecko; compatible; GPTBot/1.3; +https://openai.com/gptbot)"
18.68.41.147 - - [09/Apr/2026:14:57:29 +0000] "GET /index.php?rest_route=%2Foembed%2F1.0%2Fembed&url=https%3A%2F%2F69b4844ae61d4e92bf26ad98af552775-devsite.readyship.co%2F%3Fp%3D7936 HTTP/1.1" 403 - "https://69b4844ae61d4e92bf26ad98af552775-devsite.readyship.co/?p=7936" "Mozilla/5.0 AppleWebKit/537.36 (KHTML, like Gecko; compatible; GPTBot/1.3; +https://openai.com/gptbot)"
18.68.41.147 - - [09/Apr/2026:14:57:29 +0000] "GET /index.php?rest_route=%2Foembed%2F1.0%2Fembed&url=https%3A%2F%2F69b4844ae61d4e92bf26ad98af552775-devsite.readyship.co%2F%3Fp%3D7495 HTTP/1.1" 403 - "https://69b4844ae61d4e92bf26ad98af552775-devsite.readyship.co/?p=7495" "Mozilla/5.0 AppleWebKit/537.36 (KHTML, like Gecko; compatible; GPTBot/1.3; +https://openai.com/gptbot)"
18.68.41.173 - - [09/Apr/2026:14:57:30 +0000] "GET /index.php?format=xml&rest_route=%2Foembed%2F1.0%2Fembed&url=https%3A%2F%2F69b4844ae61d4e92bf26ad98af552775-devsite.readyship.co%2F%3Fp%3D7321 HTTP/1.1" 403 - "https://69b4844ae61d4e92bf26ad98af552775-devsite.readyship.co/?p=7321" "Mozilla/5.0 AppleWebKit/537.36 (KHTML, like Gecko; compatible; GPTBot/1.3; +https://openai.com/gptbot)"
18.68.41.173 - - [09/Apr/2026:14:57:30 +0000] "GET /index.php?rest_route=%2Foembed%2F1.0%2Fembed&url=https%3A%2F%2F69b4844ae61d4e92bf26ad98af552775-devsite.readyship.co%2F%3Fp%3D7823 HTTP/1.1" 403 - "https://69b4844ae61d4e92bf26ad98af552775-devsite.readyship.co/?p=7823" "Mozilla/5.0 AppleWebKit/537.36 (KHTML, like Gecko; compatible; GPTBot/1.3; +https://openai.com/gptbot)"
18.68.41.173 - - [09/Apr/2026:14:57:31 +0000] "GET /index.php?rest_route=%2Foembed%2F1.0%2Fembed&url=https%3A%2F%2F69b4844ae61d4e92bf26ad98af552775-devsite.readyship.co%2F%3Fp%3D7032 HTTP/1.1" 403 - "https://69b4844ae61d4e92bf26ad98af552775-devsite.readyship.co/?p=7032" "Mozilla/5.0 AppleWebKit/537.36 (KHTML, like Gecko; compatible; GPTBot/1.3; +https://openai.com/gptbot)"
18.68.41.171 - - [09/Apr/2026:14:57:31 +0000] "GET /index.php?format=xml&rest_route=%2Foembed%2F1.0%2Fembed&url=https%3A%2F%2F69b4844ae61d4e92bf26ad98af552775-devsite.readyship.co%2F%3Fp%3D7032 HTTP/1.1" 403 - "https://69b4844ae61d4e92bf26ad98af552775-devsite.readyship.co/?p=7032" "Mozilla/5.0 AppleWebKit/537.36 (KHTML, like Gecko; compatible; GPTBot/1.3; +https://openai.com/gptbot)"
18.68.41.177 - - [09/Apr/2026:14:57:32 +0000] "GET /index.php?rest_route=%2Foembed%2F1.0%2Fembed&url=https%3A%2F%2F69b4844ae61d4e92bf26ad98af552775-devsite.readyship.co%2F%3Fp%3D7243 HTTP/1.1" 403 - "https://69b4844ae61d4e92bf26ad98af552775-devsite.readyship.co/?p=7243" "Mozilla/5.0 AppleWebKit/537.36 (KHTML, like Gecko; compatible; GPTBot/1.3; +https://openai.com/gptbot)"
64.252.76.63 - - [09/Apr/2026:14:57:32 +0000] "GET /?cat=112 HTTP/1.1" 200 9928 "-" "Amazon CloudFront"
18.68.41.171 - - [09/Apr/2026:14:57:34 +0000] "GET /index.php?rest_route=%2Foembed%2F1.0%2Fembed&url=https%3A%2F%2F69b4844ae61d4e92bf26ad98af552775-devsite.readyship.co%2F%3Fp%3D7892 HTTP/1.1" 403 - "https://69b4844ae61d4e92bf26ad98af552775-devsite.readyship.co/?p=7892" "Mozilla/5.0 AppleWebKit/537.36 (KHTML, like Gecko; compatible; GPTBot/1.3; +https://openai.com/gptbot)"
18.68.41.173 - - [09/Apr/2026:14:57:34 +0000] "GET /index.php?format=xml&rest_route=%2Foembed%2F1.0%2Fembed&url=https%3A%2F%2F69b4844ae61d4e92bf26ad98af552775-devsite.readyship.co%2F%3Fp%3D7495 HTTP/1.1" 403 - "https://69b4844ae61d4e92bf26ad98af552775-devsite.readyship.co/?p=7495" "Mozilla/5.0 AppleWebKit/537.36 (KHTML, like Gecko; compatible; GPTBot/1.3; +https://openai.com/gptbot)"
18.68.41.173 - - [09/Apr/2026:14:57:35 +0000] "GET /index.php?format=xml&rest_route=%2Foembed%2F1.0%2Fembed&url=https%3A%2F%2F69b4844ae61d4e92bf26ad98af552775-devsite.readyship.co%2F%3Fp%3D7892 HTTP/1.1" 403 - "https://69b4844ae61d4e92bf26ad98af552775-devsite.readyship.co/?p=7892" "Mozilla/5.0 AppleWebKit/537.36 (KHTML, like Gecko; compatible; GPTBot/1.3; +https://openai.com/gptbot)"
18.68.41.176 - - [09/Apr/2026:14:57:35 +0000] "GET /index.php?format=xml&rest_route=%2Foembed%2F1.0%2Fembed&url=https%3A%2F%2F69b4844ae61d4e92bf26ad98af552775-devsite.readyship.co%2F%3Fp%3D7980 HTTP/1.1" 403 - "https://69b4844ae61d4e92bf26ad98af552775-devsite.readyship.co/?p=7980" "Mozilla/5.0 AppleWebKit/537.36 (KHTML, like Gecko; compatible; GPTBot/1.3; +https://openai.com/gptbot)"
18.68.41.173 - - [09/Apr/2026:14:57:36 +0000] "GET /index.php?format=xml&rest_route=%2Foembed%2F1.0%2Fembed&url=https%3A%2F%2F69b4844ae61d4e92bf26ad98af552775-devsite.readyship.co%2F%3Fp%3D7823 HTTP/1.1" 403 - "https://69b4844ae61d4e92bf26ad98af552775-devsite.readyship.co/?p=7823" "Mozilla/5.0 AppleWebKit/537.36 (KHTML, like Gecko; compatible; GPTBot/1.3; +https://openai.com/gptbot)"
18.68.41.176 - - [09/Apr/2026:14:57:36 +0000] "GET /index.php?format=xml&rest_route=%2Foembed%2F1.0%2Fembed&url=https%3A%2F%2F69b4844ae61d4e92bf26ad98af552775-devsite.readyship.co%2F%3Fp%3D7243 HTTP/1.1" 403 - "https://69b4844ae61d4e92bf26ad98af552775-devsite.readyship.co/?p=7243" "Mozilla/5.0 AppleWebKit/537.36 (KHTML, like Gecko; compatible; GPTBot/1.3; +https://openai.com/gptbot)"
18.68.41.147 - - [09/Apr/2026:14:57:37 +0000] "GET /index.php?format=xml&rest_route=%2Foembed%2F1.0%2Fembed&url=https%3A%2F%2F69b4844ae61d4e92bf26ad98af552775-devsite.readyship.co%2F%3Fp%3D7936 HTTP/1.1" 403 - "https://69b4844ae61d4e92bf26ad98af552775-devsite.readyship.co/?p=7936" "Mozilla/5.0 AppleWebKit/537.36 (KHTML, like Gecko; compatible; GPTBot/1.3; +https://openai.com/gptbot)"
64.252.76.100 - - [09/Apr/2026:14:57:37 +0000] "GET /?p=5629 HTTP/1.1" 200 21110 "-" "Amazon CloudFront"
64.252.76.100 - - [09/Apr/2026:14:57:38 +0000] "GET /?p=6943 HTTP/1.1" 200 15522 "-" "Amazon CloudFront"
64.252.76.63 - - [09/Apr/2026:14:57:40 +0000] "GET /?p=7139 HTTP/1.1" 200 13243 "-" "Amazon CloudFront"
64.252.76.63 - - [09/Apr/2026:14:57:41 +0000] "GET /?p=5871 HTTP/1.1" 200 24933 "-" "Amazon CloudFront"
64.252.76.100 - - [09/Apr/2026:14:57:42 +0000] "GET /?p=5740 HTTP/1.1" 200 23883 "-" "Amazon CloudFront"
64.252.76.100 - - [09/Apr/2026:14:57:43 +0000] "GET /?p=7360 HTTP/1.1" 200 20909 "-" "Amazon CloudFront"
64.252.76.63 - - [09/Apr/2026:14:57:44 +0000] "GET /?p=7294 HTTP/1.1" 200 34776 "-" "Amazon CloudFront"
64.252.76.100 - - [09/Apr/2026:14:57:45 +0000] "GET /?p=7439 HTTP/1.1" 200 20518 "-" "Amazon CloudFront"
64.252.76.63 - - [09/Apr/2026:14:57:46 +0000] "GET /?p=7016 HTTP/1.1" 200 25193 "-" "Amazon CloudFront"
64.252.76.63 - - [09/Apr/2026:14:57:47 +0000] "GET /?p=7915 HTTP/1.1" 200 22557 "-" "Amazon CloudFront"
64.252.74.231 - - [09/Apr/2026:14:57:48 +0000] "GET /?p=5736 HTTP/1.1" 200 23760 "-" "Amazon CloudFront"
64.252.76.63 - - [09/Apr/2026:14:57:50 +0000] "GET /?p=7609 HTTP/1.1" 200 46938 "-" "Amazon CloudFront"
18.68.41.182 - - [09/Apr/2026:14:57:51 +0000] "GET /index.php?rest_route=%2Foembed%2F1.0%2Fembed&url=https%3A%2F%2F69b4844ae61d4e92bf26ad98af552775-devsite.readyship.co%2F%3Fp%3D6943 HTTP/1.1" 403 - "https://69b4844ae61d4e92bf26ad98af552775-devsite.readyship.co/?p=6943" "Mozilla/5.0 AppleWebKit/537.36 (KHTML, like Gecko; compatible; GPTBot/1.3; +https://openai.com/gptbot)"
18.68.41.177 - - [09/Apr/2026:14:57:51 +0000] "GET /index.php?rest_route=%2Foembed%2F1.0%2Fembed&url=https%3A%2F%2F69b4844ae61d4e92bf26ad98af552775-devsite.readyship.co%2F%3Fp%3D7139 HTTP/1.1" 403 - "https://69b4844ae61d4e92bf26ad98af552775-devsite.readyship.co/?p=7139" "Mozilla/5.0 AppleWebKit/537.36 (KHTML, like Gecko; compatible; GPTBot/1.3; +https://openai.com/gptbot)"
64.252.76.63 - - [09/Apr/2026:14:57:52 +0000] "GET /?tag=kilogram-casino HTTP/1.1" 200 9814 "-" "Amazon CloudFront"
18.68.41.147 - - [09/Apr/2026:14:57:53 +0000] "GET /index.php?format=xml&rest_route=%2Foembed%2F1.0%2Fembed&url=https%3A%2F%2F69b4844ae61d4e92bf26ad98af552775-devsite.readyship.co%2F%3Fp%3D7139 HTTP/1.1" 403 - "https://69b4844ae61d4e92bf26ad98af552775-devsite.readyship.co/?p=7139" "Mozilla/5.0 AppleWebKit/537.36 (KHTML, like Gecko; compatible; GPTBot/1.3; +https://openai.com/gptbot)"
18.68.41.177 - - [09/Apr/2026:14:57:53 +0000] "GET /index.php?rest_route=%2Foembed%2F1.0%2Fembed&url=https%3A%2F%2F69b4844ae61d4e92bf26ad98af552775-devsite.readyship.co%2F%3Fp%3D7360 HTTP/1.1" 403 - "https://69b4844ae61d4e92bf26ad98af552775-devsite.readyship.co/?p=7360" "Mozilla/5.0 AppleWebKit/537.36 (KHTML, like Gecko; compatible; GPTBot/1.3; +https://openai.com/gptbot)"
18.68.41.177 - - [09/Apr/2026:14:57:54 +0000] "GET /index.php?rest_route=%2Foembed%2F1.0%2Fembed&url=https%3A%2F%2F69b4844ae61d4e92bf26ad98af552775-devsite.readyship.co%2F%3Fp%3D7294 HTTP/1.1" 403 - "https://69b4844ae61d4e92bf26ad98af552775-devsite.readyship.co/?p=7294" "Mozilla/5.0 AppleWebKit/537.36 (KHTML, like Gecko; compatible; GPTBot/1.3; +https://openai.com/gptbot)"
18.68.41.173 - - [09/Apr/2026:14:57:55 +0000] "GET /index.php?rest_route=%2Foembed%2F1.0%2Fembed&url=https%3A%2F%2F69b4844ae61d4e92bf26ad98af552775-devsite.readyship.co%2F%3Fp%3D7439 HTTP/1.1" 403 - "https://69b4844ae61d4e92bf26ad98af552775-devsite.readyship.co/?p=7439" "Mozilla/5.0 AppleWebKit/537.36 (KHTML, like Gecko; compatible; GPTBot/1.3; +https://openai.com/gptbot)"
18.68.41.177 - - [09/Apr/2026:14:57:55 +0000] "GET /index.php?rest_route=%2Foembed%2F1.0%2Fembed&url=https%3A%2F%2F69b4844ae61d4e92bf26ad98af552775-devsite.readyship.co%2F%3Fp%3D7016 HTTP/1.1" 403 - "https://69b4844ae61d4e92bf26ad98af552775-devsite.readyship.co/?p=7016" "Mozilla/5.0 AppleWebKit/537.36 (KHTML, like Gecko; compatible; GPTBot/1.3; +https://openai.com/gptbot)"
18.68.41.171 - - [09/Apr/2026:14:57:56 +0000] "GET /index.php?rest_route=%2Foembed%2F1.0%2Fembed&url=https%3A%2F%2F69b4844ae61d4e92bf26ad98af552775-devsite.readyship.co%2F%3Fp%3D7915 HTTP/1.1" 403 - "https://69b4844ae61d4e92bf26ad98af552775-devsite.readyship.co/?p=7915" "Mozilla/5.0 AppleWebKit/537.36 (KHTML, like Gecko; compatible; GPTBot/1.3; +https://openai.com/gptbot)"
18.68.41.173 - - [09/Apr/2026:14:57:56 +0000] "GET /index.php?format=xml&rest_route=%2Foembed%2F1.0%2Fembed&url=https%3A%2F%2F69b4844ae61d4e92bf26ad98af552775-devsite.readyship.co%2F%3Fp%3D7016 HTTP/1.1" 403 - "https://69b4844ae61d4e92bf26ad98af552775-devsite.readyship.co/?p=7016" "Mozilla/5.0 AppleWebKit/537.36 (KHTML, like Gecko; compatible; GPTBot/1.3; +https://openai.com/gptbot)"
18.68.41.177 - - [09/Apr/2026:14:57:57 +0000] "GET /index.php?rest_route=%2Foembed%2F1.0%2Fembed&url=https%3A%2F%2F69b4844ae61d4e92bf26ad98af552775-devsite.readyship.co%2F%3Fp%3D7609 HTTP/1.1" 403 - "https://69b4844ae61d4e92bf26ad98af552775-devsite.readyship.co/?p=7609" "Mozilla/5.0 AppleWebKit/537.36 (KHTML, like Gecko; compatible; GPTBot/1.3; +https://openai.com/gptbot)"
18.68.41.171 - - [09/Apr/2026:14:57:57 +0000] "GET /index.php?format=xml&rest_route=%2Foembed%2F1.0%2Fembed&url=https%3A%2F%2F69b4844ae61d4e92bf26ad98af552775-devsite.readyship.co%2F%3Fp%3D7609 HTTP/1.1" 403 - "https://69b4844ae61d4e92bf26ad98af552775-devsite.readyship.co/?p=7609" "Mozilla/5.0 AppleWebKit/537.36 (KHTML, like Gecko; compatible; GPTBot/1.3; +https://openai.com/gptbot)"
18.68.41.176 - - [09/Apr/2026:14:57:58 +0000] "GET /index.php?format=xml&rest_route=%2Foembed%2F1.0%2Fembed&url=https%3A%2F%2F69b4844ae61d4e92bf26ad98af552775-devsite.readyship.co%2F%3Fp%3D7360 HTTP/1.1" 403 - "https://69b4844ae61d4e92bf26ad98af552775-devsite.readyship.co/?p=7360" "Mozilla/5.0 AppleWebKit/537.36 (KHTML, like Gecko; compatible; GPTBot/1.3; +https://openai.com/gptbot)"
64.252.74.231 - - [09/Apr/2026:14:57:58 +0000] "GET /?feed=rss2&tag=kilogram-casino HTTP/1.1" 200 3901 "-" "Amazon CloudFront"
18.68.41.177 - - [09/Apr/2026:14:57:59 +0000] "GET /index.php?format=xml&rest_route=%2Foembed%2F1.0%2Fembed&url=https%3A%2F%2F69b4844ae61d4e92bf26ad98af552775-devsite.readyship.co%2F%3Fp%3D7915 HTTP/1.1" 403 - "https://69b4844ae61d4e92bf26ad98af552775-devsite.readyship.co/?p=7915" "Mozilla/5.0 AppleWebKit/537.36 (KHTML, like Gecko; compatible; GPTBot/1.3; +https://openai.com/gptbot)"
18.68.41.147 - - [09/Apr/2026:14:58:00 +0000] "GET /index.php?format=xml&rest_route=%2Foembed%2F1.0%2Fembed&url=https%3A%2F%2F69b4844ae61d4e92bf26ad98af552775-devsite.readyship.co%2F%3Fp%3D7439 HTTP/1.1" 403 - "https://69b4844ae61d4e92bf26ad98af552775-devsite.readyship.co/?p=7439" "Mozilla/5.0 AppleWebKit/537.36 (KHTML, like Gecko; compatible; GPTBot/1.3; +https://openai.com/gptbot)"
18.68.41.177 - - [09/Apr/2026:14:58:00 +0000] "GET /index.php?format=xml&rest_route=%2Foembed%2F1.0%2Fembed&url=https%3A%2F%2F69b4844ae61d4e92bf26ad98af552775-devsite.readyship.co%2F%3Fp%3D6943 HTTP/1.1" 403 - "https://69b4844ae61d4e92bf26ad98af552775-devsite.readyship.co/?p=6943" "Mozilla/5.0 AppleWebKit/537.36 (KHTML, like Gecko; compatible; GPTBot/1.3; +https://openai.com/gptbot)"
18.68.41.171 - - [09/Apr/2026:14:58:01 +0000] "GET /index.php?format=xml&rest_route=%2Foembed%2F1.0%2Fembed&url=https%3A%2F%2F69b4844ae61d4e92bf26ad98af552775-devsite.readyship.co%2F%3Fp%3D7294 HTTP/1.1" 403 - "https://69b4844ae61d4e92bf26ad98af552775-devsite.readyship.co/?p=7294" "Mozilla/5.0 AppleWebKit/537.36 (KHTML, like Gecko; compatible; GPTBot/1.3; +https://openai.com/gptbot)"
64.252.76.63 - - [09/Apr/2026:14:58:01 +0000] "GET /?p=5869 HTTP/1.1" 200 25187 "-" "Amazon CloudFront"
64.252.76.100 - - [09/Apr/2026:14:58:03 +0000] "GET /?p=5734 HTTP/1.1" 200 23250 "-" "Amazon CloudFront"
64.252.74.231 - - [09/Apr/2026:14:58:04 +0000] "GET /?p=5742 HTTP/1.1" 200 27027 "-" "Amazon CloudFront"
64.252.74.231 - - [09/Apr/2026:14:58:05 +0000] "GET /?p=7435 HTTP/1.1" 200 21180 "-" "Amazon CloudFront"
64.252.74.231 - - [09/Apr/2026:14:58:06 +0000] "GET /?p=7235 HTTP/1.1" 200 17075 "-" "Amazon CloudFront"
64.252.76.100 - - [09/Apr/2026:14:58:07 +0000] "GET /?p=5617 HTTP/1.1" 200 19421 "-" "Amazon CloudFront"
64.252.74.231 - - [09/Apr/2026:14:58:08 +0000] "GET /?p=6951 HTTP/1.1" 200 15427 "-" "Amazon CloudFront"
64.252.76.63 - - [09/Apr/2026:14:58:10 +0000] "GET /?p=7058 HTTP/1.1" 200 23349 "-" "Amazon CloudFront"
64.252.76.100 - - [09/Apr/2026:14:58:11 +0000] "GET /?p=7169 HTTP/1.1" 200 25322 "-" "Amazon CloudFront"
64.252.76.100 - - [09/Apr/2026:14:58:12 +0000] "GET /?p=3264 HTTP/1.1" 301 - "-" "Amazon CloudFront"
64.252.74.231 - - [09/Apr/2026:14:58:13 +0000] "GET /?job_listing=typing-room HTTP/1.1" 200 20435 "-" "Amazon CloudFront"
64.252.76.63 - - [09/Apr/2026:14:58:14 +0000] "GET /?p=7463 HTTP/1.1" 200 20322 "-" "Amazon CloudFront"
64.252.74.231 - - [09/Apr/2026:14:58:15 +0000] "GET /?p=7431 HTTP/1.1" 200 21538 "-" "Amazon CloudFront"
64.252.74.231 - - [09/Apr/2026:14:58:16 +0000] "GET /?p=9835 HTTP/1.1" 200 18197 "-" "Amazon CloudFront"
64.252.74.231 - - [09/Apr/2026:14:58:17 +0000] "GET /?feed=rss2&p=7431 HTTP/1.1" 200 543 "-" "Amazon CloudFront"
64.252.76.100 - - [09/Apr/2026:14:58:18 +0000] "GET /?p=7923 HTTP/1.1" 200 23114 "-" "Amazon CloudFront"
18.68.41.182 - - [09/Apr/2026:14:58:19 +0000] "GET /index.php?format=xml&rest_route=%2Foembed%2F1.0%2Fembed&url=https%3A%2F%2F69b4844ae61d4e92bf26ad98af552775-devsite.readyship.co%2F%3Fp%3D7431 HTTP/1.1" 403 - "https://69b4844ae61d4e92bf26ad98af552775-devsite.readyship.co/?p=7431" "Mozilla/5.0 AppleWebKit/537.36 (KHTML, like Gecko; compatible; GPTBot/1.3; +https://openai.com/gptbot)"
18.68.41.182 - - [09/Apr/2026:14:58:20 +0000] "GET /index.php?rest_route=%2Foembed%2F1.0%2Fembed&url=https%3A%2F%2F69b4844ae61d4e92bf26ad98af552775-devsite.readyship.co%2F%3Fp%3D7435 HTTP/1.1" 403 - "https://69b4844ae61d4e92bf26ad98af552775-devsite.readyship.co/?p=7435" "Mozilla/5.0 AppleWebKit/537.36 (KHTML, like Gecko; compatible; GPTBot/1.3; +https://openai.com/gptbot)"
18.68.41.147 - - [09/Apr/2026:14:58:20 +0000] "GET /index.php?rest_route=%2Foembed%2F1.0%2Fembed&url=https%3A%2F%2F69b4844ae61d4e92bf26ad98af552775-devsite.readyship.co%2F%3Fp%3D7235 HTTP/1.1" 403 - "https://69b4844ae61d4e92bf26ad98af552775-devsite.readyship.co/?p=7235" "Mozilla/5.0 AppleWebKit/537.36 (KHTML, like Gecko; compatible; GPTBot/1.3; +https://openai.com/gptbot)"
18.68.41.177 - - [09/Apr/2026:14:58:21 +0000] "GET /index.php?format=xml&rest_route=%2Foembed%2F1.0%2Fembed&url=https%3A%2F%2F69b4844ae61d4e92bf26ad98af552775-devsite.readyship.co%2F%3Fp%3D7235 HTTP/1.1" 403 - "https://69b4844ae61d4e92bf26ad98af552775-devsite.readyship.co/?p=7235" "Mozilla/5.0 AppleWebKit/537.36 (KHTML, like Gecko; compatible; GPTBot/1.3; +https://openai.com/gptbot)"
18.68.41.147 - - [09/Apr/2026:14:58:21 +0000] "GET /index.php?rest_route=%2Foembed%2F1.0%2Fembed&url=https%3A%2F%2F69b4844ae61d4e92bf26ad98af552775-devsite.readyship.co%2F%3Fp%3D6951 HTTP/1.1" 403 - "https://69b4844ae61d4e92bf26ad98af552775-devsite.readyship.co/?p=6951" "Mozilla/5.0 AppleWebKit/537.36 (KHTML, like Gecko; compatible; GPTBot/1.3; +https://openai.com/gptbot)"
18.68.41.173 - - [09/Apr/2026:14:58:22 +0000] "GET /index.php?rest_route=%2Foembed%2F1.0%2Fembed&url=https%3A%2F%2F69b4844ae61d4e92bf26ad98af552775-devsite.readyship.co%2F%3Fp%3D7058 HTTP/1.1" 403 - "https://69b4844ae61d4e92bf26ad98af552775-devsite.readyship.co/?p=7058" "Mozilla/5.0 AppleWebKit/537.36 (KHTML, like Gecko; compatible; GPTBot/1.3; +https://openai.com/gptbot)"
18.68.41.177 - - [09/Apr/2026:14:58:22 +0000] "GET /index.php?rest_route=%2Foembed%2F1.0%2Fembed&url=https%3A%2F%2F69b4844ae61d4e92bf26ad98af552775-devsite.readyship.co%2F%3Fp%3D7169 HTTP/1.1" 403 - "https://69b4844ae61d4e92bf26ad98af552775-devsite.readyship.co/?p=7169" "Mozilla/5.0 AppleWebKit/537.36 (KHTML, like Gecko; compatible; GPTBot/1.3; +https://openai.com/gptbot)"
18.68.41.173 - - [09/Apr/2026:14:58:23 +0000] "GET /index.php?format=xml&rest_route=%2Foembed%2F1.0%2Fembed&url=https%3A%2F%2F69b4844ae61d4e92bf26ad98af552775-devsite.readyship.co%2F%3Fp%3D7169 HTTP/1.1" 403 - "https://69b4844ae61d4e92bf26ad98af552775-devsite.readyship.co/?p=7169" "Mozilla/5.0 AppleWebKit/537.36 (KHTML, like Gecko; compatible; GPTBot/1.3; +https://openai.com/gptbot)"
18.68.41.147 - - [09/Apr/2026:14:58:23 +0000] "GET /index.php?rest_route=%2Foembed%2F1.0%2Fembed&url=https%3A%2F%2F69b4844ae61d4e92bf26ad98af552775-devsite.readyship.co%2F%3Fp%3D7463 HTTP/1.1" 403 - "https://69b4844ae61d4e92bf26ad98af552775-devsite.readyship.co/?p=7463" "Mozilla/5.0 AppleWebKit/537.36 (KHTML, like Gecko; compatible; GPTBot/1.3; +https://openai.com/gptbot)"
18.68.41.173 - - [09/Apr/2026:14:58:24 +0000] "GET /index.php?rest_route=%2Foembed%2F1.0%2Fembed&url=https%3A%2F%2F69b4844ae61d4e92bf26ad98af552775-devsite.readyship.co%2F%3Fp%3D7431 HTTP/1.1" 403 - "https://69b4844ae61d4e92bf26ad98af552775-devsite.readyship.co/?p=7431" "Mozilla/5.0 AppleWebKit/537.36 (KHTML, like Gecko; compatible; GPTBot/1.3; +https://openai.com/gptbot)"
18.68.41.171 - - [09/Apr/2026:14:58:25 +0000] "GET /index.php?rest_route=%2Foembed%2F1.0%2Fembed&url=https%3A%2F%2F69b4844ae61d4e92bf26ad98af552775-devsite.readyship.co%2F%3Fp%3D7431 HTTP/1.1" 403 - "https://69b4844ae61d4e92bf26ad98af552775-devsite.readyship.co/?p=7431" "Mozilla/5.0 AppleWebKit/537.36 (KHTML, like Gecko; compatible; GPTBot/1.3; +https://openai.com/gptbot)"
18.68.41.173 - - [09/Apr/2026:14:58:25 +0000] "GET /index.php?rest_route=%2Foembed%2F1.0%2Fembed&url=https%3A%2F%2F69b4844ae61d4e92bf26ad98af552775-devsite.readyship.co%2F%3Fp%3D9835 HTTP/1.1" 403 - "https://69b4844ae61d4e92bf26ad98af552775-devsite.readyship.co/?p=9835" "Mozilla/5.0 AppleWebKit/537.36 (KHTML, like Gecko; compatible; GPTBot/1.3; +https://openai.com/gptbot)"
18.68.41.171 - - [09/Apr/2026:14:58:26 +0000] "GET /index.php?rest_route=%2Foembed%2F1.0%2Fembed&url=https%3A%2F%2F69b4844ae61d4e92bf26ad98af552775-devsite.readyship.co%2F%3Fp%3D7923 HTTP/1.1" 403 - "https://69b4844ae61d4e92bf26ad98af552775-devsite.readyship.co/?p=7923" "Mozilla/5.0 AppleWebKit/537.36 (KHTML, like Gecko; compatible; GPTBot/1.3; +https://openai.com/gptbot)"
18.68.41.171 - - [09/Apr/2026:14:58:26 +0000] "GET /index.php?format=xml&rest_route=%2Foembed%2F1.0%2Fembed&url=https%3A%2F%2F69b4844ae61d4e92bf26ad98af552775-devsite.readyship.co%2F%3Fp%3D6951 HTTP/1.1" 403 - "https://69b4844ae61d4e92bf26ad98af552775-devsite.readyship.co/?p=6951" "Mozilla/5.0 AppleWebKit/537.36 (KHTML, like Gecko; compatible; GPTBot/1.3; +https://openai.com/gptbot)"
18.68.41.177 - - [09/Apr/2026:14:58:27 +0000] "GET /index.php?format=xml&rest_route=%2Foembed%2F1.0%2Fembed&url=https%3A%2F%2F69b4844ae61d4e92bf26ad98af552775-devsite.readyship.co%2F%3Fp%3D7058 HTTP/1.1" 403 - "https://69b4844ae61d4e92bf26ad98af552775-devsite.readyship.co/?p=7058" "Mozilla/5.0 AppleWebKit/537.36 (KHTML, like Gecko; compatible; GPTBot/1.3; +https://openai.com/gptbot)"
18.68.41.171 - - [09/Apr/2026:14:58:27 +0000] "GET /index.php?format=xml&rest_route=%2Foembed%2F1.0%2Fembed&url=https%3A%2F%2F69b4844ae61d4e92bf26ad98af552775-devsite.readyship.co%2F%3Fp%3D7431 HTTP/1.1" 403 - "https://69b4844ae61d4e92bf26ad98af552775-devsite.readyship.co/?p=7431" "Mozilla/5.0 AppleWebKit/537.36 (KHTML, like Gecko; compatible; GPTBot/1.3; +https://openai.com/gptbot)"
18.68.41.147 - - [09/Apr/2026:14:58:28 +0000] "GET /index.php?format=xml&rest_route=%2Foembed%2F1.0%2Fembed&url=https%3A%2F%2F69b4844ae61d4e92bf26ad98af552775-devsite.readyship.co%2F%3Fp%3D7435 HTTP/1.1" 403 - "https://69b4844ae61d4e92bf26ad98af552775-devsite.readyship.co/?p=7435" "Mozilla/5.0 AppleWebKit/537.36 (KHTML, like Gecko; compatible; GPTBot/1.3; +https://openai.com/gptbot)"
18.68.41.177 - - [09/Apr/2026:14:58:28 +0000] "GET /index.php?format=xml&rest_route=%2Foembed%2F1.0%2Fembed&url=https%3A%2F%2F69b4844ae61d4e92bf26ad98af552775-devsite.readyship.co%2F%3Fp%3D7923 HTTP/1.1" 403 - "https://69b4844ae61d4e92bf26ad98af552775-devsite.readyship.co/?p=7923" "Mozilla/5.0 AppleWebKit/537.36 (KHTML, like Gecko; compatible; GPTBot/1.3; +https://openai.com/gptbot)"
18.68.41.173 - - [09/Apr/2026:14:58:29 +0000] "GET /index.php?format=xml&rest_route=%2Foembed%2F1.0%2Fembed&url=https%3A%2F%2F69b4844ae61d4e92bf26ad98af552775-devsite.readyship.co%2F%3Fp%3D9835 HTTP/1.1" 403 - "https://69b4844ae61d4e92bf26ad98af552775-devsite.readyship.co/?p=9835" "Mozilla/5.0 AppleWebKit/537.36 (KHTML, like Gecko; compatible; GPTBot/1.3; +https://openai.com/gptbot)"
18.68.41.147 - - [09/Apr/2026:14:58:29 +0000] "GET /index.php?format=xml&rest_route=%2Foembed%2F1.0%2Fembed&url=https%3A%2F%2F69b4844ae61d4e92bf26ad98af552775-devsite.readyship.co%2F%3Fp%3D7463 HTTP/1.1" 403 - "https://69b4844ae61d4e92bf26ad98af552775-devsite.readyship.co/?p=7463" "Mozilla/5.0 AppleWebKit/537.36 (KHTML, like Gecko; compatible; GPTBot/1.3; +https://openai.com/gptbot)"
15.158.215.109 - - [09/Apr/2026:14:58:30 +0000] "POST /wp-cron.php?doing_wp_cron=1775746710.7430601119995117187500 HTTP/1.1" 200 - "https://69b4844ae61d4e92bf26ad98af552775-devsite.readyship.co/wp-cron.php?doing_wp_cron=1775746710.7430601119995117187500" "WordPress/5.1.19; https://69b4844ae61d4e92bf26ad98af552775-devsite.readyship.co"
64.252.76.63 - - [09/Apr/2026:14:58:30 +0000] "GET /?p=5619 HTTP/1.1" 200 20745 "-" "Amazon CloudFront"
64.252.76.63 - - [09/Apr/2026:14:58:32 +0000] "GET /?p=7215 HTTP/1.1" 200 26216 "-" "Amazon CloudFront"
64.252.76.63 - - [09/Apr/2026:14:58:33 +0000] "GET /?p=7231 HTTP/1.1" 200 22636 "-" "Amazon CloudFront"
64.252.76.100 - - [09/Apr/2026:14:58:34 +0000] "GET /?p=7519 HTTP/1.1" 200 22162 "-" "Amazon CloudFront"
64.252.76.63 - - [09/Apr/2026:14:58:35 +0000] "GET /?p=5601 HTTP/1.1" 200 15573 "-" "Amazon CloudFront"
64.252.74.231 - - [09/Apr/2026:14:58:36 +0000] "GET /?p=7568 HTTP/1.1" 200 20816 "-" "Amazon CloudFront"
64.252.76.100 - - [09/Apr/2026:14:58:37 +0000] "GET /?p=5643 HTTP/1.1" 200 17237 "-" "Amazon CloudFront"
64.252.74.231 - - [09/Apr/2026:14:58:39 +0000] "GET /?p=7398 HTTP/1.1" 200 40973 "-" "Amazon CloudFront"
64.252.76.63 - - [09/Apr/2026:14:58:40 +0000] "GET /?p=8012 HTTP/1.1" 200 29148 "-" "Amazon CloudFront"
64.252.76.100 - - [09/Apr/2026:14:58:41 +0000] "GET /?p=7341 HTTP/1.1" 200 22873 "-" "Amazon CloudFront"
64.252.76.100 - - [09/Apr/2026:14:58:42 +0000] "GET /?p=7018 HTTP/1.1" 200 21429 "-" "Amazon CloudFront"
64.252.76.100 - - [09/Apr/2026:14:58:43 +0000] "GET /?p=5621 HTTP/1.1" 200 20804 "-" "Amazon CloudFront"
18.68.41.182 - - [09/Apr/2026:14:58:44 +0000] "GET /index.php?rest_route=%2Foembed%2F1.0%2Fembed&url=https%3A%2F%2F69b4844ae61d4e92bf26ad98af552775-devsite.readyship.co%2F%3Fp%3D7215 HTTP/1.1" 403 - "https://69b4844ae61d4e92bf26ad98af552775-devsite.readyship.co/?p=7215" "Mozilla/5.0 AppleWebKit/537.36 (KHTML, like Gecko; compatible; GPTBot/1.3; +https://openai.com/gptbot)"
18.68.41.147 - - [09/Apr/2026:14:58:45 +0000] "GET /index.php?rest_route=%2Foembed%2F1.0%2Fembed&url=https%3A%2F%2F69b4844ae61d4e92bf26ad98af552775-devsite.readyship.co%2F%3Fp%3D7231 HTTP/1.1" 403 - "https://69b4844ae61d4e92bf26ad98af552775-devsite.readyship.co/?p=7231" "Mozilla/5.0 AppleWebKit/537.36 (KHTML, like Gecko; compatible; GPTBot/1.3; +https://openai.com/gptbot)"
18.68.41.147 - - [09/Apr/2026:14:58:45 +0000] "GET /index.php?rest_route=%2Foembed%2F1.0%2Fembed&url=https%3A%2F%2F69b4844ae61d4e92bf26ad98af552775-devsite.readyship.co%2F%3Fp%3D7519 HTTP/1.1" 403 - "https://69b4844ae61d4e92bf26ad98af552775-devsite.readyship.co/?p=7519" "Mozilla/5.0 AppleWebKit/537.36 (KHTML, like Gecko; compatible; GPTBot/1.3; +https://openai.com/gptbot)"
18.68.41.173 - - [09/Apr/2026:14:58:46 +0000] "GET /index.php?format=xml&rest_route=%2Foembed%2F1.0%2Fembed&url=https%3A%2F%2F69b4844ae61d4e92bf26ad98af552775-devsite.readyship.co%2F%3Fp%3D7215 HTTP/1.1" 403 - "https://69b4844ae61d4e92bf26ad98af552775-devsite.readyship.co/?p=7215" "Mozilla/5.0 AppleWebKit/537.36 (KHTML, like Gecko; compatible; GPTBot/1.3; +https://openai.com/gptbot)"
18.68.41.177 - - [09/Apr/2026:14:58:46 +0000] "GET /index.php?rest_route=%2Foembed%2F1.0%2Fembed&url=https%3A%2F%2F69b4844ae61d4e92bf26ad98af552775-devsite.readyship.co%2F%3Fp%3D7568 HTTP/1.1" 403 - "https://69b4844ae61d4e92bf26ad98af552775-devsite.readyship.co/?p=7568" "Mozilla/5.0 AppleWebKit/537.36 (KHTML, like Gecko; compatible; GPTBot/1.3; +https://openai.com/gptbot)"
18.68.41.177 - - [09/Apr/2026:14:58:47 +0000] "GET /index.php?format=xml&rest_route=%2Foembed%2F1.0%2Fembed&url=https%3A%2F%2F69b4844ae61d4e92bf26ad98af552775-devsite.readyship.co%2F%3Fp%3D7568 HTTP/1.1" 403 - "https://69b4844ae61d4e92bf26ad98af552775-devsite.readyship.co/?p=7568" "Mozilla/5.0 AppleWebKit/537.36 (KHTML, like Gecko; compatible; GPTBot/1.3; +https://openai.com/gptbot)"
18.68.41.171 - - [09/Apr/2026:14:58:47 +0000] "GET /index.php?rest_route=%2Foembed%2F1.0%2Fembed&url=https%3A%2F%2F69b4844ae61d4e92bf26ad98af552775-devsite.readyship.co%2F%3Fp%3D8012 HTTP/1.1" 403 - "https://69b4844ae61d4e92bf26ad98af552775-devsite.readyship.co/?p=8012" "Mozilla/5.0 AppleWebKit/537.36 (KHTML, like Gecko; compatible; GPTBot/1.3; +https://openai.com/gptbot)"
18.68.41.171 - - [09/Apr/2026:14:58:48 +0000] "GET /index.php?format=xml&rest_route=%2Foembed%2F1.0%2Fembed&url=https%3A%2F%2F69b4844ae61d4e92bf26ad98af552775-devsite.readyship.co%2F%3Fp%3D8012 HTTP/1.1" 403 - "https://69b4844ae61d4e92bf26ad98af552775-devsite.readyship.co/?p=8012" "Mozilla/5.0 AppleWebKit/537.36 (KHTML, like Gecko; compatible; GPTBot/1.3; +https://openai.com/gptbot)"
18.68.41.173 - - [09/Apr/2026:14:58:48 +0000] "GET /index.php?rest_route=%2Foembed%2F1.0%2Fembed&url=https%3A%2F%2F69b4844ae61d4e92bf26ad98af552775-devsite.readyship.co%2F%3Fp%3D7018 HTTP/1.1" 403 - "https://69b4844ae61d4e92bf26ad98af552775-devsite.readyship.co/?p=7018" "Mozilla/5.0 AppleWebKit/537.36 (KHTML, like Gecko; compatible; GPTBot/1.3; +https://openai.com/gptbot)"
18.68.41.171 - - [09/Apr/2026:14:58:49 +0000] "GET /index.php?format=xml&rest_route=%2Foembed%2F1.0%2Fembed&url=https%3A%2F%2F69b4844ae61d4e92bf26ad98af552775-devsite.readyship.co%2F%3Fp%3D7018 HTTP/1.1" 403 - "https://69b4844ae61d4e92bf26ad98af552775-devsite.readyship.co/?p=7018" "Mozilla/5.0 AppleWebKit/537.36 (KHTML, like Gecko; compatible; GPTBot/1.3; +https://openai.com/gptbot)"
18.68.41.176 - - [09/Apr/2026:14:58:49 +0000] "GET /index.php?format=xml&rest_route=%2Foembed%2F1.0%2Fembed&url=https%3A%2F%2F69b4844ae61d4e92bf26ad98af552775-devsite.readyship.co%2F%3Fp%3D7519 HTTP/1.1" 403 - "https://69b4844ae61d4e92bf26ad98af552775-devsite.readyship.co/?p=7519" "Mozilla/5.0 AppleWebKit/537.36 (KHTML, like Gecko; compatible; GPTBot/1.3; +https://openai.com/gptbot)"
18.68.41.173 - - [09/Apr/2026:14:58:50 +0000] "GET /index.php?rest_route=%2Foembed%2F1.0%2Fembed&url=https%3A%2F%2F69b4844ae61d4e92bf26ad98af552775-devsite.readyship.co%2F%3Fp%3D7341 HTTP/1.1" 403 - "https://69b4844ae61d4e92bf26ad98af552775-devsite.readyship.co/?p=7341" "Mozilla/5.0 AppleWebKit/537.36 (KHTML, like Gecko; compatible; GPTBot/1.3; +https://openai.com/gptbot)"
18.68.41.176 - - [09/Apr/2026:14:58:51 +0000] "GET /index.php?format=xml&rest_route=%2Foembed%2F1.0%2Fembed&url=https%3A%2F%2F69b4844ae61d4e92bf26ad98af552775-devsite.readyship.co%2F%3Fp%3D7231 HTTP/1.1" 403 - "https://69b4844ae61d4e92bf26ad98af552775-devsite.readyship.co/?p=7231" "Mozilla/5.0 AppleWebKit/537.36 (KHTML, like Gecko; compatible; GPTBot/1.3; +https://openai.com/gptbot)"
18.68.41.173 - - [09/Apr/2026:14:58:51 +0000] "GET /index.php?format=xml&rest_route=%2Foembed%2F1.0%2Fembed&url=https%3A%2F%2F69b4844ae61d4e92bf26ad98af552775-devsite.readyship.co%2F%3Fp%3D7341 HTTP/1.1" 403 - "https://69b4844ae61d4e92bf26ad98af552775-devsite.readyship.co/?p=7341" "Mozilla/5.0 AppleWebKit/537.36 (KHTML, like Gecko; compatible; GPTBot/1.3; +https://openai.com/gptbot)"
64.252.76.100 - - [09/Apr/2026:14:58:52 +0000] "GET /?p=8370 HTTP/1.1" 200 20131 "-" "Amazon CloudFront"
64.252.74.231 - - [09/Apr/2026:14:58:53 +0000] "GET /?p=8904 HTTP/1.1" 200 20368 "-" "Amazon CloudFront"
64.252.76.63 - - [09/Apr/2026:14:58:54 +0000] "GET /?p=7803 HTTP/1.1" 200 18744 "-" "Amazon CloudFront"
64.252.74.231 - - [09/Apr/2026:14:58:55 +0000] "GET /?p=7143 HTTP/1.1" 200 13116 "-" "Amazon CloudFront"
64.252.76.100 - - [09/Apr/2026:14:58:56 +0000] "GET /?p=8902 HTTP/1.1" 200 19909 "-" "Amazon CloudFront"
64.252.74.231 - - [09/Apr/2026:14:58:57 +0000] "GET /?p=7468 HTTP/1.1" 200 19963 "-" "Amazon CloudFront"
64.252.76.100 - - [09/Apr/2026:14:58:58 +0000] "GET /?p=7264 HTTP/1.1" 200 22591 "-" "Amazon CloudFront"
64.252.74.231 - - [09/Apr/2026:14:59:00 +0000] "GET /?p=5647 HTTP/1.1" 200 21589 "-" "Amazon CloudFront"
64.252.74.231 - - [09/Apr/2026:14:59:01 +0000] "GET /?p=9036 HTTP/1.1" 200 18799 "-" "Amazon CloudFront"
64.252.76.63 - - [09/Apr/2026:14:59:02 +0000] "GET /?p=6945 HTTP/1.1" 200 22009 "-" "Amazon CloudFront"
64.252.74.231 - - [09/Apr/2026:14:59:03 +0000] "GET /?p=8650 HTTP/1.1" 200 20592 "-" "Amazon CloudFront"
18.68.41.147 - - [09/Apr/2026:14:59:05 +0000] "GET /index.php?rest_route=%2Foembed%2F1.0%2Fembed&url=https%3A%2F%2F69b4844ae61d4e92bf26ad98af552775-devsite.readyship.co%2F%3Fp%3D8904 HTTP/1.1" 403 - "https://69b4844ae61d4e92bf26ad98af552775-devsite.readyship.co/?p=8904" "Mozilla/5.0 AppleWebKit/537.36 (KHTML, like Gecko; compatible; GPTBot/1.3; +https://openai.com/gptbot)"
18.68.41.182 - - [09/Apr/2026:14:59:04 +0000] "GET /index.php?rest_route=%2Foembed%2F1.0%2Fembed&url=https%3A%2F%2F69b4844ae61d4e92bf26ad98af552775-devsite.readyship.co%2F%3Fp%3D8370 HTTP/1.1" 403 - "https://69b4844ae61d4e92bf26ad98af552775-devsite.readyship.co/?p=8370" "Mozilla/5.0 AppleWebKit/537.36 (KHTML, like Gecko; compatible; GPTBot/1.3; +https://openai.com/gptbot)"
18.68.41.177 - - [09/Apr/2026:14:59:06 +0000] "GET /index.php?rest_route=%2Foembed%2F1.0%2Fembed&url=https%3A%2F%2F69b4844ae61d4e92bf26ad98af552775-devsite.readyship.co%2F%3Fp%3D7803 HTTP/1.1" 403 - "https://69b4844ae61d4e92bf26ad98af552775-devsite.readyship.co/?p=7803" "Mozilla/5.0 AppleWebKit/537.36 (KHTML, like Gecko; compatible; GPTBot/1.3; +https://openai.com/gptbot)"
18.68.41.147 - - [09/Apr/2026:14:59:06 +0000] "GET /index.php?rest_route=%2Foembed%2F1.0%2Fembed&url=https%3A%2F%2F69b4844ae61d4e92bf26ad98af552775-devsite.readyship.co%2F%3Fp%3D7143 HTTP/1.1" 403 - "https://69b4844ae61d4e92bf26ad98af552775-devsite.readyship.co/?p=7143" "Mozilla/5.0 AppleWebKit/537.36 (KHTML, like Gecko; compatible; GPTBot/1.3; +https://openai.com/gptbot)"
18.68.41.147 - - [09/Apr/2026:14:59:07 +0000] "GET /index.php?rest_route=%2Foembed%2F1.0%2Fembed&url=https%3A%2F%2F69b4844ae61d4e92bf26ad98af552775-devsite.readyship.co%2F%3Fp%3D8902 HTTP/1.1" 403 - "https://69b4844ae61d4e92bf26ad98af552775-devsite.readyship.co/?p=8902" "Mozilla/5.0 AppleWebKit/537.36 (KHTML, like Gecko; compatible; GPTBot/1.3; +https://openai.com/gptbot)"
18.68.41.147 - - [09/Apr/2026:14:59:07 +0000] "GET /index.php?rest_route=%2Foembed%2F1.0%2Fembed&url=https%3A%2F%2F69b4844ae61d4e92bf26ad98af552775-devsite.readyship.co%2F%3Fp%3D7468 HTTP/1.1" 403 - "https://69b4844ae61d4e92bf26ad98af552775-devsite.readyship.co/?p=7468" "Mozilla/5.0 AppleWebKit/537.36 (KHTML, like Gecko; compatible; GPTBot/1.3; +https://openai.com/gptbot)"
18.68.41.177 - - [09/Apr/2026:14:59:08 +0000] "GET /index.php?rest_route=%2Foembed%2F1.0%2Fembed&url=https%3A%2F%2F69b4844ae61d4e92bf26ad98af552775-devsite.readyship.co%2F%3Fp%3D7264 HTTP/1.1" 403 - "https://69b4844ae61d4e92bf26ad98af552775-devsite.readyship.co/?p=7264" "Mozilla/5.0 AppleWebKit/537.36 (KHTML, like Gecko; compatible; GPTBot/1.3; +https://openai.com/gptbot)"
18.68.41.177 - - [09/Apr/2026:14:59:08 +0000] "GET /index.php?format=xml&rest_route=%2Foembed%2F1.0%2Fembed&url=https%3A%2F%2F69b4844ae61d4e92bf26ad98af552775-devsite.readyship.co%2F%3Fp%3D7143 HTTP/1.1" 403 - "https://69b4844ae61d4e92bf26ad98af552775-devsite.readyship.co/?p=7143" "Mozilla/5.0 AppleWebKit/537.36 (KHTML, like Gecko; compatible; GPTBot/1.3; +https://openai.com/gptbot)"
18.68.41.147 - - [09/Apr/2026:14:59:09 +0000] "GET /index.php?rest_route=%2Foembed%2F1.0%2Fembed&url=https%3A%2F%2F69b4844ae61d4e92bf26ad98af552775-devsite.readyship.co%2F%3Fp%3D6945 HTTP/1.1" 403 - "https://69b4844ae61d4e92bf26ad98af552775-devsite.readyship.co/?p=6945" "Mozilla/5.0 AppleWebKit/537.36 (KHTML, like Gecko; compatible; GPTBot/1.3; +https://openai.com/gptbot)"
18.68.41.171 - - [09/Apr/2026:14:59:09 +0000] "GET /index.php?rest_route=%2Foembed%2F1.0%2Fembed&url=https%3A%2F%2F69b4844ae61d4e92bf26ad98af552775-devsite.readyship.co%2F%3Fp%3D9036 HTTP/1.1" 403 - "https://69b4844ae61d4e92bf26ad98af552775-devsite.readyship.co/?p=9036" "Mozilla/5.0 AppleWebKit/537.36 (KHTML, like Gecko; compatible; GPTBot/1.3; +https://openai.com/gptbot)"
18.68.41.176 - - [09/Apr/2026:14:59:10 +0000] "GET /index.php?format=xml&rest_route=%2Foembed%2F1.0%2Fembed&url=https%3A%2F%2F69b4844ae61d4e92bf26ad98af552775-devsite.readyship.co%2F%3Fp%3D8902 HTTP/1.1" 403 - "https://69b4844ae61d4e92bf26ad98af552775-devsite.readyship.co/?p=8902" "Mozilla/5.0 AppleWebKit/537.36 (KHTML, like Gecko; compatible; GPTBot/1.3; +https://openai.com/gptbot)"
18.68.41.177 - - [09/Apr/2026:14:59:10 +0000] "GET /index.php?rest_route=%2Foembed%2F1.0%2Fembed&url=https%3A%2F%2F69b4844ae61d4e92bf26ad98af552775-devsite.readyship.co%2F%3Fp%3D8650 HTTP/1.1" 403 - "https://69b4844ae61d4e92bf26ad98af552775-devsite.readyship.co/?p=8650" "Mozilla/5.0 AppleWebKit/537.36 (KHTML, like Gecko; compatible; GPTBot/1.3; +https://openai.com/gptbot)"
18.68.41.177 - - [09/Apr/2026:14:59:11 +0000] "GET /index.php?format=xml&rest_route=%2Foembed%2F1.0%2Fembed&url=https%3A%2F%2F69b4844ae61d4e92bf26ad98af552775-devsite.readyship.co%2F%3Fp%3D8650 HTTP/1.1" 403 - "https://69b4844ae61d4e92bf26ad98af552775-devsite.readyship.co/?p=8650" "Mozilla/5.0 AppleWebKit/537.36 (KHTML, like Gecko; compatible; GPTBot/1.3; +https://openai.com/gptbot)"
18.68.41.173 - - [09/Apr/2026:14:59:11 +0000] "GET /index.php?format=xml&rest_route=%2Foembed%2F1.0%2Fembed&url=https%3A%2F%2F69b4844ae61d4e92bf26ad98af552775-devsite.readyship.co%2F%3Fp%3D9036 HTTP/1.1" 403 - "https://69b4844ae61d4e92bf26ad98af552775-devsite.readyship.co/?p=9036" "Mozilla/5.0 AppleWebKit/537.36 (KHTML, like Gecko; compatible; GPTBot/1.3; +https://openai.com/gptbot)"
18.68.41.171 - - [09/Apr/2026:14:59:12 +0000] "GET /index.php?format=xml&rest_route=%2Foembed%2F1.0%2Fembed&url=https%3A%2F%2F69b4844ae61d4e92bf26ad98af552775-devsite.readyship.co%2F%3Fp%3D8370 HTTP/1.1" 403 - "https://69b4844ae61d4e92bf26ad98af552775-devsite.readyship.co/?p=8370" "Mozilla/5.0 AppleWebKit/537.36 (KHTML, like Gecko; compatible; GPTBot/1.3; +https://openai.com/gptbot)"
18.68.41.176 - - [09/Apr/2026:14:59:12 +0000] "GET /index.php?format=xml&rest_route=%2Foembed%2F1.0%2Fembed&url=https%3A%2F%2F69b4844ae61d4e92bf26ad98af552775-devsite.readyship.co%2F%3Fp%3D7264 HTTP/1.1" 403 - "https://69b4844ae61d4e92bf26ad98af552775-devsite.readyship.co/?p=7264" "Mozilla/5.0 AppleWebKit/537.36 (KHTML, like Gecko; compatible; GPTBot/1.3; +https://openai.com/gptbot)"
18.68.41.147 - - [09/Apr/2026:14:59:13 +0000] "GET /index.php?format=xml&rest_route=%2Foembed%2F1.0%2Fembed&url=https%3A%2F%2F69b4844ae61d4e92bf26ad98af552775-devsite.readyship.co%2F%3Fp%3D7803 HTTP/1.1" 403 - "https://69b4844ae61d4e92bf26ad98af552775-devsite.readyship.co/?p=7803" "Mozilla/5.0 AppleWebKit/537.36 (KHTML, like Gecko; compatible; GPTBot/1.3; +https://openai.com/gptbot)"
18.68.41.176 - - [09/Apr/2026:14:59:13 +0000] "GET /index.php?format=xml&rest_route=%2Foembed%2F1.0%2Fembed&url=https%3A%2F%2F69b4844ae61d4e92bf26ad98af552775-devsite.readyship.co%2F%3Fp%3D6945 HTTP/1.1" 403 - "https://69b4844ae61d4e92bf26ad98af552775-devsite.readyship.co/?p=6945" "Mozilla/5.0 AppleWebKit/537.36 (KHTML, like Gecko; compatible; GPTBot/1.3; +https://openai.com/gptbot)"
18.68.41.177 - - [09/Apr/2026:14:59:14 +0000] "GET /index.php?format=xml&rest_route=%2Foembed%2F1.0%2Fembed&url=https%3A%2F%2F69b4844ae61d4e92bf26ad98af552775-devsite.readyship.co%2F%3Fp%3D7468 HTTP/1.1" 403 - "https://69b4844ae61d4e92bf26ad98af552775-devsite.readyship.co/?p=7468" "Mozilla/5.0 AppleWebKit/537.36 (KHTML, like Gecko; compatible; GPTBot/1.3; +https://openai.com/gptbot)"
18.68.41.176 - - [09/Apr/2026:14:59:14 +0000] "GET /index.php?format=xml&rest_route=%2Foembed%2F1.0%2Fembed&url=https%3A%2F%2F69b4844ae61d4e92bf26ad98af552775-devsite.readyship.co%2F%3Fp%3D8904 HTTP/1.1" 403 - "https://69b4844ae61d4e92bf26ad98af552775-devsite.readyship.co/?p=8904" "Mozilla/5.0 AppleWebKit/537.36 (KHTML, like Gecko; compatible; GPTBot/1.3; +https://openai.com/gptbot)"
64.252.76.63 - - [09/Apr/2026:14:59:15 +0000] "GET /?p=8014 HTTP/1.1" 200 20180 "-" "Amazon CloudFront"
64.252.74.231 - - [09/Apr/2026:14:59:16 +0000] "GET /?p=5760 HTTP/1.1" 200 21965 "-" "Amazon CloudFront"
64.252.76.63 - - [09/Apr/2026:14:59:17 +0000] "GET /?p=5784 HTTP/1.1" 200 22780 "-" "Amazon CloudFront"
64.252.76.63 - - [09/Apr/2026:14:59:18 +0000] "GET /?p=5493 HTTP/1.1" 200 23966 "-" "Amazon CloudFront"
64.252.76.63 - - [09/Apr/2026:14:59:20 +0000] "GET /?p=5810 HTTP/1.1" 200 23586 "-" "Amazon CloudFront"
64.252.76.63 - - [09/Apr/2026:14:59:21 +0000] "GET /?p=7054 HTTP/1.1" 200 17004 "-" "Amazon CloudFront"
15.158.215.109 - - [09/Apr/2026:14:59:22 +0000] "POST /wp-cron.php?doing_wp_cron=1775746762.8538300991058349609375 HTTP/1.1" 200 - "https://69b4844ae61d4e92bf26ad98af552775-devsite.readyship.co/wp-cron.php?doing_wp_cron=1775746762.8538300991058349609375" "WordPress/5.1.19; https://69b4844ae61d4e92bf26ad98af552775-devsite.readyship.co"
64.252.74.231 - - [09/Apr/2026:14:59:22 +0000] "GET /?p=7942 HTTP/1.1" 200 20804 "-" "Amazon CloudFront"
64.252.74.231 - - [09/Apr/2026:14:59:24 +0000] "GET /?p=7960 HTTP/1.1" 200 15748 "-" "Amazon CloudFront"
64.252.76.100 - - [09/Apr/2026:14:59:25 +0000] "GET /?p=7681 HTTP/1.1" 200 23995 "-" "Amazon CloudFront"
64.252.76.63 - - [09/Apr/2026:14:59:26 +0000] "GET /?p=7362 HTTP/1.1" 200 21379 "-" "Amazon CloudFront"
64.252.76.100 - - [09/Apr/2026:14:59:27 +0000] "GET /?p=3154 HTTP/1.1" 301 - "-" "Amazon CloudFront"
64.252.76.100 - - [09/Apr/2026:14:59:28 +0000] "GET /?job_listing=ministry-of-sound HTTP/1.1" 200 20711 "-" "Amazon CloudFront"
18.68.41.182 - - [09/Apr/2026:14:59:29 +0000] "GET /index.php?rest_route=%2Foembed%2F1.0%2Fembed&url=https%3A%2F%2F69b4844ae61d4e92bf26ad98af552775-devsite.readyship.co%2F%3Fp%3D8014 HTTP/1.1" 403 - "https://69b4844ae61d4e92bf26ad98af552775-devsite.readyship.co/?p=8014" "Mozilla/5.0 AppleWebKit/537.36 (KHTML, like Gecko; compatible; GPTBot/1.3; +https://openai.com/gptbot)"
18.68.41.177 - - [09/Apr/2026:14:59:30 +0000] "GET /index.php?format=xml&rest_route=%2Foembed%2F1.0%2Fembed&url=https%3A%2F%2F69b4844ae61d4e92bf26ad98af552775-devsite.readyship.co%2F%3Fp%3D8014 HTTP/1.1" 403 - "https://69b4844ae61d4e92bf26ad98af552775-devsite.readyship.co/?p=8014" "Mozilla/5.0 AppleWebKit/537.36 (KHTML, like Gecko; compatible; GPTBot/1.3; +https://openai.com/gptbot)"
64.252.76.100 - - [09/Apr/2026:14:59:30 +0000] "GET /?p=8124 HTTP/1.1" 200 34553 "-" "Amazon CloudFront"
64.252.76.63 - - [09/Apr/2026:14:59:32 +0000] "GET /?p=7415 HTTP/1.1" 200 36572 "-" "Amazon CloudFront"
64.252.76.100 - - [09/Apr/2026:14:59:33 +0000] "GET /?p=8173 HTTP/1.1" 200 23005 "-" "Amazon CloudFront"
18.68.41.147 - - [09/Apr/2026:14:59:34 +0000] "GET /index.php?rest_route=%2Foembed%2F1.0%2Fembed&url=https%3A%2F%2F69b4844ae61d4e92bf26ad98af552775-devsite.readyship.co%2F%3Fp%3D7054 HTTP/1.1" 403 - "https://69b4844ae61d4e92bf26ad98af552775-devsite.readyship.co/?p=7054" "Mozilla/5.0 AppleWebKit/537.36 (KHTML, like Gecko; compatible; GPTBot/1.3; +https://openai.com/gptbot)"
18.68.41.177 - - [09/Apr/2026:14:59:35 +0000] "GET /index.php?rest_route=%2Foembed%2F1.0%2Fembed&url=https%3A%2F%2F69b4844ae61d4e92bf26ad98af552775-devsite.readyship.co%2F%3Fp%3D7942 HTTP/1.1" 403 - "https://69b4844ae61d4e92bf26ad98af552775-devsite.readyship.co/?p=7942" "Mozilla/5.0 AppleWebKit/537.36 (KHTML, like Gecko; compatible; GPTBot/1.3; +https://openai.com/gptbot)"
18.68.41.177 - - [09/Apr/2026:14:59:35 +0000] "GET /index.php?rest_route=%2Foembed%2F1.0%2Fembed&url=https%3A%2F%2F69b4844ae61d4e92bf26ad98af552775-devsite.readyship.co%2F%3Fp%3D7960 HTTP/1.1" 403 - "https://69b4844ae61d4e92bf26ad98af552775-devsite.readyship.co/?p=7960" "Mozilla/5.0 AppleWebKit/537.36 (KHTML, like Gecko; compatible; GPTBot/1.3; +https://openai.com/gptbot)"
18.68.41.173 - - [09/Apr/2026:14:59:36 +0000] "GET /index.php?rest_route=%2Foembed%2F1.0%2Fembed&url=https%3A%2F%2F69b4844ae61d4e92bf26ad98af552775-devsite.readyship.co%2F%3Fp%3D7681 HTTP/1.1" 403 - "https://69b4844ae61d4e92bf26ad98af552775-devsite.readyship.co/?p=7681" "Mozilla/5.0 AppleWebKit/537.36 (KHTML, like Gecko; compatible; GPTBot/1.3; +https://openai.com/gptbot)"
