64.252.82.51 - - [13/Apr/2026:16:41:01 +0000] "GET /?p=41340 HTTP/1.1" 200 18375 "-" "Amazon CloudFront"
15.158.243.79 - - [13/Apr/2026:16:41:02 +0000] "GET /index.php?rest_route=%2Foembed%2F1.0%2Fembed&url=https%3A%2F%2F69b4844ae61d4e92bf26ad98af552775-devsite.readyship.co%2F%3Fp%3D55951 HTTP/1.1" 403 - "https://69b4844ae61d4e92bf26ad98af552775-devsite.readyship.co/?p=55951" "Mozilla/5.0 AppleWebKit/537.36 (KHTML, like Gecko; compatible; GPTBot/1.3; +https://openai.com/gptbot)"
15.158.243.79 - - [13/Apr/2026:16:41:03 +0000] "GET /index.php?rest_route=%2Foembed%2F1.0%2Fembed&url=https%3A%2F%2F69b4844ae61d4e92bf26ad98af552775-devsite.readyship.co%2F%3Fp%3D88348 HTTP/1.1" 403 - "https://69b4844ae61d4e92bf26ad98af552775-devsite.readyship.co/?p=88348" "Mozilla/5.0 AppleWebKit/537.36 (KHTML, like Gecko; compatible; GPTBot/1.3; +https://openai.com/gptbot)"
15.158.243.111 - - [13/Apr/2026:16:41:03 +0000] "GET /index.php?rest_route=%2Foembed%2F1.0%2Fembed&url=https%3A%2F%2F69b4844ae61d4e92bf26ad98af552775-devsite.readyship.co%2F%3Fp%3D61311 HTTP/1.1" 403 - "https://69b4844ae61d4e92bf26ad98af552775-devsite.readyship.co/?p=61311" "Mozilla/5.0 AppleWebKit/537.36 (KHTML, like Gecko; compatible; GPTBot/1.3; +https://openai.com/gptbot)"
15.158.243.72 - - [13/Apr/2026:16:41:04 +0000] "GET /index.php?format=xml&rest_route=%2Foembed%2F1.0%2Fembed&url=https%3A%2F%2F69b4844ae61d4e92bf26ad98af552775-devsite.readyship.co%2F%3Fp%3D88348 HTTP/1.1" 403 - "https://69b4844ae61d4e92bf26ad98af552775-devsite.readyship.co/?p=88348" "Mozilla/5.0 AppleWebKit/537.36 (KHTML, like Gecko; compatible; GPTBot/1.3; +https://openai.com/gptbot)"
15.158.243.111 - - [13/Apr/2026:16:41:04 +0000] "GET /index.php?format=xml&rest_route=%2Foembed%2F1.0%2Fembed&url=https%3A%2F%2F69b4844ae61d4e92bf26ad98af552775-devsite.readyship.co%2F%3Fp%3D61311 HTTP/1.1" 403 - "https://69b4844ae61d4e92bf26ad98af552775-devsite.readyship.co/?p=61311" "Mozilla/5.0 AppleWebKit/537.36 (KHTML, like Gecko; compatible; GPTBot/1.3; +https://openai.com/gptbot)"
15.158.243.111 - - [13/Apr/2026:16:41:05 +0000] "GET /index.php?format=xml&rest_route=%2Foembed%2F1.0%2Fembed&url=https%3A%2F%2F69b4844ae61d4e92bf26ad98af552775-devsite.readyship.co%2F%3Fp%3D55951 HTTP/1.1" 403 - "https://69b4844ae61d4e92bf26ad98af552775-devsite.readyship.co/?p=55951" "Mozilla/5.0 AppleWebKit/537.36 (KHTML, like Gecko; compatible; GPTBot/1.3; +https://openai.com/gptbot)"
64.252.85.188 - - [13/Apr/2026:16:41:05 +0000] "GET /?p=88350 HTTP/1.1" 200 17711 "-" "Amazon CloudFront"
64.252.83.165 - - [13/Apr/2026:16:41:07 +0000] "GET /?p=14199 HTTP/1.1" 200 14756 "-" "Amazon CloudFront"
64.252.82.51 - - [13/Apr/2026:16:41:08 +0000] "GET /?p=16417 HTTP/1.1" 200 14668 "-" "Amazon CloudFront"
64.252.83.165 - - [13/Apr/2026:16:41:09 +0000] "GET /?p=14203 HTTP/1.1" 200 14501 "-" "Amazon CloudFront"
64.252.83.165 - - [13/Apr/2026:16:41:10 +0000] "GET /?p=11667 HTTP/1.1" 200 15250 "-" "Amazon CloudFront"
64.252.85.188 - - [13/Apr/2026:16:41:11 +0000] "GET /?feed=rss2&p=14199 HTTP/1.1" 200 494 "-" "Amazon CloudFront"
64.252.82.51 - - [13/Apr/2026:16:41:12 +0000] "GET /?p=41338 HTTP/1.1" 200 17502 "-" "Amazon CloudFront"
64.252.85.188 - - [13/Apr/2026:16:41:13 +0000] "GET /?p=14185 HTTP/1.1" 200 14066 "-" "Amazon CloudFront"
64.252.85.188 - - [13/Apr/2026:16:41:15 +0000] "GET /?p=12322 HTTP/1.1" 200 14782 "-" "Amazon CloudFront"
64.252.85.188 - - [13/Apr/2026:16:41:16 +0000] "GET /?p=74737 HTTP/1.1" 200 15532 "-" "Amazon CloudFront"
64.252.77.101 - - [13/Apr/2026:16:41:17 +0000] "GET /?p=81092 HTTP/1.1" 200 16599 "-" "Amazon CloudFront"
64.252.75.25 - - [13/Apr/2026:16:41:17 +0000] "GET /?p=68142 HTTP/1.1" 200 26846 "-" "Amazon CloudFront"
64.252.83.165 - - [13/Apr/2026:16:41:17 +0000] "GET /?p=61011 HTTP/1.1" 200 14146 "-" "Amazon CloudFront"
64.252.74.231 - - [13/Apr/2026:16:41:17 +0000] "GET /?p=81082 HTTP/1.1" 200 17954 "-" "Amazon CloudFront"
64.252.77.101 - - [13/Apr/2026:16:41:17 +0000] "GET /?p=5609 HTTP/1.1" 200 23272 "-" "Amazon CloudFront"
64.252.75.25 - - [13/Apr/2026:16:41:17 +0000] "GET /?p=5579 HTTP/1.1" 200 22921 "-" "Amazon CloudFront"
64.252.74.231 - - [13/Apr/2026:16:41:18 +0000] "GET /?p=68616 HTTP/1.1" 200 19274 "-" "Amazon CloudFront"
64.252.82.51 - - [13/Apr/2026:16:41:19 +0000] "GET /?p=52922 HTTP/1.1" 200 14592 "-" "Amazon CloudFront"
64.252.83.165 - - [13/Apr/2026:16:41:20 +0000] "GET /?p=80884 HTTP/1.1" 200 22006 "-" "Amazon CloudFront"
15.158.215.109 - - [13/Apr/2026:16:41:22 +0000] "POST /wp-cron.php?doing_wp_cron=1776098482.0150859355926513671875 HTTP/1.1" 200 - "https://69b4844ae61d4e92bf26ad98af552775-devsite.readyship.co/wp-cron.php?doing_wp_cron=1776098482.0150859355926513671875" "WordPress/5.1.19; https://69b4844ae61d4e92bf26ad98af552775-devsite.readyship.co"
64.252.83.165 - - [13/Apr/2026:16:41:21 +0000] "GET /?p=88352 HTTP/1.1" 200 17180 "-" "Amazon CloudFront"
64.252.83.165 - - [13/Apr/2026:16:41:23 +0000] "GET /?p=14197 HTTP/1.1" 200 14557 "-" "Amazon CloudFront"
64.252.85.188 - - [13/Apr/2026:16:41:24 +0000] "GET /?p=16421 HTTP/1.1" 200 14584 "-" "Amazon CloudFront"
64.252.83.165 - - [13/Apr/2026:16:41:26 +0000] "GET /?p=14201 HTTP/1.1" 200 14427 "-" "Amazon CloudFront"
64.252.74.231 - - [13/Apr/2026:16:41:18 +0000] "GET /?p=81064 HTTP/1.1" 200 16831 "-" "Amazon CloudFront"
64.252.85.188 - - [13/Apr/2026:16:41:27 +0000] "GET /?p=11665 HTTP/1.1" 200 15710 "-" "Amazon CloudFront"
64.252.83.165 - - [13/Apr/2026:16:41:29 +0000] "GET /?p=14183 HTTP/1.1" 200 14279 "-" "Amazon CloudFront"
15.158.243.79 - - [13/Apr/2026:16:41:30 +0000] "GET /index.php?rest_route=%2Foembed%2F1.0%2Fembed&url=https%3A%2F%2F69b4844ae61d4e92bf26ad98af552775-devsite.readyship.co%2F%3Fp%3D12322 HTTP/1.1" 403 - "https://69b4844ae61d4e92bf26ad98af552775-devsite.readyship.co/?p=12322" "Mozilla/5.0 AppleWebKit/537.36 (KHTML, like Gecko; compatible; GPTBot/1.3; +https://openai.com/gptbot)"
15.158.243.79 - - [13/Apr/2026:16:41:30 +0000] "GET /index.php?rest_route=%2Foembed%2F1.0%2Fembed&url=https%3A%2F%2F69b4844ae61d4e92bf26ad98af552775-devsite.readyship.co%2F%3Fp%3D74737 HTTP/1.1" 403 - "https://69b4844ae61d4e92bf26ad98af552775-devsite.readyship.co/?p=74737" "Mozilla/5.0 AppleWebKit/537.36 (KHTML, like Gecko; compatible; GPTBot/1.3; +https://openai.com/gptbot)"
15.158.243.111 - - [13/Apr/2026:16:41:31 +0000] "GET /index.php?rest_route=%2Foembed%2F1.0%2Fembed&url=https%3A%2F%2F69b4844ae61d4e92bf26ad98af552775-devsite.readyship.co%2F%3Fp%3D61011 HTTP/1.1" 403 - "https://69b4844ae61d4e92bf26ad98af552775-devsite.readyship.co/?p=61011" "Mozilla/5.0 AppleWebKit/537.36 (KHTML, like Gecko; compatible; GPTBot/1.3; +https://openai.com/gptbot)"
64.252.74.231 - - [13/Apr/2026:16:41:30 +0000] "GET /?p=96341 HTTP/1.1" 200 23188 "-" "Amazon CloudFront"
64.252.75.25 - - [13/Apr/2026:16:41:30 +0000] "GET /?p=96347 HTTP/1.1" 200 14330 "-" "Amazon CloudFront"
64.252.77.101 - - [13/Apr/2026:16:41:30 +0000] "GET /?p=5631 HTTP/1.1" 200 18413 "-" "Amazon CloudFront"
64.252.75.25 - - [13/Apr/2026:16:41:30 +0000] "GET /?p=5649 HTTP/1.1" 200 15731 "-" "Amazon CloudFront"
64.252.77.101 - - [13/Apr/2026:16:41:30 +0000] "GET /?p=81058 HTTP/1.1" 200 17029 "-" "Amazon CloudFront"
15.158.243.72 - - [13/Apr/2026:16:41:32 +0000] "GET /index.php?rest_route=%2Foembed%2F1.0%2Fembed&url=https%3A%2F%2F69b4844ae61d4e92bf26ad98af552775-devsite.readyship.co%2F%3Fp%3D52922 HTTP/1.1" 403 - "https://69b4844ae61d4e92bf26ad98af552775-devsite.readyship.co/?p=52922" "Mozilla/5.0 AppleWebKit/537.36 (KHTML, like Gecko; compatible; GPTBot/1.3; +https://openai.com/gptbot)"
15.158.243.111 - - [13/Apr/2026:16:41:32 +0000] "GET /index.php?rest_route=%2Foembed%2F1.0%2Fembed&url=https%3A%2F%2F69b4844ae61d4e92bf26ad98af552775-devsite.readyship.co%2F%3Fp%3D80884 HTTP/1.1" 403 - "https://69b4844ae61d4e92bf26ad98af552775-devsite.readyship.co/?p=80884" "Mozilla/5.0 AppleWebKit/537.36 (KHTML, like Gecko; compatible; GPTBot/1.3; +https://openai.com/gptbot)"
64.252.77.101 - - [13/Apr/2026:16:41:31 +0000] "GET /?p=81968 HTTP/1.1" 200 14391 "-" "Amazon CloudFront"
64.252.75.25 - - [13/Apr/2026:16:41:32 +0000] "GET /?p=81096 HTTP/1.1" 200 16302 "-" "Amazon CloudFront"
64.252.77.101 - - [13/Apr/2026:16:41:32 +0000] "GET /?p=96355 HTTP/1.1" 200 23154 "-" "Amazon CloudFront"
64.252.82.51 - - [13/Apr/2026:16:41:32 +0000] "GET /?p=80888 HTTP/1.1" 200 16557 "-" "Amazon CloudFront"
15.158.243.111 - - [13/Apr/2026:16:41:34 +0000] "GET /index.php?format=xml&rest_route=%2Foembed%2F1.0%2Fembed&url=https%3A%2F%2F69b4844ae61d4e92bf26ad98af552775-devsite.readyship.co%2F%3Fp%3D12322 HTTP/1.1" 403 - "https://69b4844ae61d4e92bf26ad98af552775-devsite.readyship.co/?p=12322" "Mozilla/5.0 AppleWebKit/537.36 (KHTML, like Gecko; compatible; GPTBot/1.3; +https://openai.com/gptbot)"
15.158.243.72 - - [13/Apr/2026:16:41:34 +0000] "GET /index.php?format=xml&rest_route=%2Foembed%2F1.0%2Fembed&url=https%3A%2F%2F69b4844ae61d4e92bf26ad98af552775-devsite.readyship.co%2F%3Fp%3D74737 HTTP/1.1" 403 - "https://69b4844ae61d4e92bf26ad98af552775-devsite.readyship.co/?p=74737" "Mozilla/5.0 AppleWebKit/537.36 (KHTML, like Gecko; compatible; GPTBot/1.3; +https://openai.com/gptbot)"
15.158.243.72 - - [13/Apr/2026:16:41:35 +0000] "GET /index.php?format=xml&rest_route=%2Foembed%2F1.0%2Fembed&url=https%3A%2F%2F69b4844ae61d4e92bf26ad98af552775-devsite.readyship.co%2F%3Fp%3D61011 HTTP/1.1" 403 - "https://69b4844ae61d4e92bf26ad98af552775-devsite.readyship.co/?p=61011" "Mozilla/5.0 AppleWebKit/537.36 (KHTML, like Gecko; compatible; GPTBot/1.3; +https://openai.com/gptbot)"
15.158.243.102 - - [13/Apr/2026:16:41:35 +0000] "GET /index.php?format=xml&rest_route=%2Foembed%2F1.0%2Fembed&url=https%3A%2F%2F69b4844ae61d4e92bf26ad98af552775-devsite.readyship.co%2F%3Fp%3D52922 HTTP/1.1" 403 - "https://69b4844ae61d4e92bf26ad98af552775-devsite.readyship.co/?p=52922" "Mozilla/5.0 AppleWebKit/537.36 (KHTML, like Gecko; compatible; GPTBot/1.3; +https://openai.com/gptbot)"
15.158.243.72 - - [13/Apr/2026:16:41:36 +0000] "GET /index.php?format=xml&rest_route=%2Foembed%2F1.0%2Fembed&url=https%3A%2F%2F69b4844ae61d4e92bf26ad98af552775-devsite.readyship.co%2F%3Fp%3D80884 HTTP/1.1" 403 - "https://69b4844ae61d4e92bf26ad98af552775-devsite.readyship.co/?p=80884" "Mozilla/5.0 AppleWebKit/537.36 (KHTML, like Gecko; compatible; GPTBot/1.3; +https://openai.com/gptbot)"
64.252.85.188 - - [13/Apr/2026:16:41:36 +0000] "GET /?p=12325 HTTP/1.1" 200 15231 "-" "Amazon CloudFront"
64.252.83.165 - - [13/Apr/2026:16:41:38 +0000] "GET /?p=16419 HTTP/1.1" 200 14687 "-" "Amazon CloudFront"
64.252.85.188 - - [13/Apr/2026:16:41:39 +0000] "GET /?p=88354 HTTP/1.1" 200 15711 "-" "Amazon CloudFront"
64.252.82.51 - - [13/Apr/2026:16:41:40 +0000] "GET /?p=52920 HTTP/1.1" 200 16560 "-" "Amazon CloudFront"
64.252.82.51 - - [13/Apr/2026:16:41:41 +0000] "GET /?p=12320 HTTP/1.1" 200 15244 "-" "Amazon CloudFront"
64.252.85.188 - - [13/Apr/2026:16:41:43 +0000] "GET /?p=52924 HTTP/1.1" 200 15640 "-" "Amazon CloudFront"
64.252.82.51 - - [13/Apr/2026:16:41:44 +0000] "GET /?p=11663 HTTP/1.1" 200 15035 "-" "Amazon CloudFront"
64.252.83.165 - - [13/Apr/2026:16:41:45 +0000] "GET /?p=74739 HTTP/1.1" 200 22604 "-" "Amazon CloudFront"
64.252.85.188 - - [13/Apr/2026:16:41:46 +0000] "GET /?p=41336 HTTP/1.1" 200 18010 "-" "Amazon CloudFront"
64.252.83.165 - - [13/Apr/2026:16:41:48 +0000] "GET /?p=42484 HTTP/1.1" 200 14994 "-" "Amazon CloudFront"
64.252.85.188 - - [13/Apr/2026:16:41:49 +0000] "GET /?p=12327 HTTP/1.1" 200 15492 "-" "Amazon CloudFront"
64.252.85.188 - - [13/Apr/2026:16:41:51 +0000] "GET /?p=63133 HTTP/1.1" 200 14097 "-" "Amazon CloudFront"
64.252.83.165 - - [13/Apr/2026:16:41:52 +0000] "GET /?p=88356 HTTP/1.1" 200 17579 "-" "Amazon CloudFront"
64.252.83.165 - - [13/Apr/2026:16:41:53 +0000] "GET /?p=42404 HTTP/1.1" 200 15053 "-" "Amazon CloudFront"
64.252.83.165 - - [13/Apr/2026:16:41:54 +0000] "GET /?p=12318 HTTP/1.1" 200 14929 "-" "Amazon CloudFront"
64.252.82.51 - - [13/Apr/2026:16:41:55 +0000] "GET /?p=52928 HTTP/1.1" 200 15916 "-" "Amazon CloudFront"
64.252.83.165 - - [13/Apr/2026:16:41:57 +0000] "GET /?p=14811 HTTP/1.1" 200 14253 "-" "Amazon CloudFront"
64.252.83.165 - - [13/Apr/2026:16:41:58 +0000] "GET /?p=74741 HTTP/1.1" 200 14630 "-" "Amazon CloudFront"
64.252.85.188 - - [13/Apr/2026:16:41:59 +0000] "GET /?p=19989 HTTP/1.1" 200 14583 "-" "Amazon CloudFront"
15.158.243.79 - - [13/Apr/2026:16:42:00 +0000] "GET /index.php?rest_route=%2Foembed%2F1.0%2Fembed&url=https%3A%2F%2F69b4844ae61d4e92bf26ad98af552775-devsite.readyship.co%2F%3Fp%3D88318 HTTP/1.1" 403 - "https://69b4844ae61d4e92bf26ad98af552775-devsite.readyship.co/?p=88318" "Mozilla/5.0 AppleWebKit/537.36 (KHTML, like Gecko; compatible; GPTBot/1.3; +https://openai.com/gptbot)"
15.158.243.79 - - [13/Apr/2026:16:42:01 +0000] "GET /index.php?rest_route=%2Foembed%2F1.0%2Fembed&url=https%3A%2F%2F69b4844ae61d4e92bf26ad98af552775-devsite.readyship.co%2F%3Fp%3D42484 HTTP/1.1" 403 - "https://69b4844ae61d4e92bf26ad98af552775-devsite.readyship.co/?p=42484" "Mozilla/5.0 AppleWebKit/537.36 (KHTML, like Gecko; compatible; GPTBot/1.3; +https://openai.com/gptbot)"
15.158.243.111 - - [13/Apr/2026:16:42:01 +0000] "GET /index.php?format=xml&rest_route=%2Foembed%2F1.0%2Fembed&url=https%3A%2F%2F69b4844ae61d4e92bf26ad98af552775-devsite.readyship.co%2F%3Fp%3D88318 HTTP/1.1" 403 - "https://69b4844ae61d4e92bf26ad98af552775-devsite.readyship.co/?p=88318" "Mozilla/5.0 AppleWebKit/537.36 (KHTML, like Gecko; compatible; GPTBot/1.3; +https://openai.com/gptbot)"
15.158.243.72 - - [13/Apr/2026:16:42:02 +0000] "GET /index.php?rest_route=%2Foembed%2F1.0%2Fembed&url=https%3A%2F%2F69b4844ae61d4e92bf26ad98af552775-devsite.readyship.co%2F%3Fp%3D63133 HTTP/1.1" 403 - "https://69b4844ae61d4e92bf26ad98af552775-devsite.readyship.co/?p=63133" "Mozilla/5.0 AppleWebKit/537.36 (KHTML, like Gecko; compatible; GPTBot/1.3; +https://openai.com/gptbot)"
15.158.243.72 - - [13/Apr/2026:16:42:02 +0000] "GET /index.php?format=xml&rest_route=%2Foembed%2F1.0%2Fembed&url=https%3A%2F%2F69b4844ae61d4e92bf26ad98af552775-devsite.readyship.co%2F%3Fp%3D63133 HTTP/1.1" 403 - "https://69b4844ae61d4e92bf26ad98af552775-devsite.readyship.co/?p=63133" "Mozilla/5.0 AppleWebKit/537.36 (KHTML, like Gecko; compatible; GPTBot/1.3; +https://openai.com/gptbot)"
15.158.243.72 - - [13/Apr/2026:16:42:03 +0000] "GET /index.php?rest_route=%2Foembed%2F1.0%2Fembed&url=https%3A%2F%2F69b4844ae61d4e92bf26ad98af552775-devsite.readyship.co%2F%3Fp%3D42404 HTTP/1.1" 403 - "https://69b4844ae61d4e92bf26ad98af552775-devsite.readyship.co/?p=42404" "Mozilla/5.0 AppleWebKit/537.36 (KHTML, like Gecko; compatible; GPTBot/1.3; +https://openai.com/gptbot)"
15.158.243.111 - - [13/Apr/2026:16:42:03 +0000] "GET /index.php?format=xml&rest_route=%2Foembed%2F1.0%2Fembed&url=https%3A%2F%2F69b4844ae61d4e92bf26ad98af552775-devsite.readyship.co%2F%3Fp%3D42404 HTTP/1.1" 403 - "https://69b4844ae61d4e92bf26ad98af552775-devsite.readyship.co/?p=42404" "Mozilla/5.0 AppleWebKit/537.36 (KHTML, like Gecko; compatible; GPTBot/1.3; +https://openai.com/gptbot)"
15.158.243.102 - - [13/Apr/2026:16:42:04 +0000] "GET /index.php?format=xml&rest_route=%2Foembed%2F1.0%2Fembed&url=https%3A%2F%2F69b4844ae61d4e92bf26ad98af552775-devsite.readyship.co%2F%3Fp%3D42484 HTTP/1.1" 403 - "https://69b4844ae61d4e92bf26ad98af552775-devsite.readyship.co/?p=42484" "Mozilla/5.0 AppleWebKit/537.36 (KHTML, like Gecko; compatible; GPTBot/1.3; +https://openai.com/gptbot)"
15.158.243.72 - - [13/Apr/2026:16:42:04 +0000] "GET /index.php?rest_route=%2Foembed%2F1.0%2Fembed&url=https%3A%2F%2F69b4844ae61d4e92bf26ad98af552775-devsite.readyship.co%2F%3Fp%3D14811 HTTP/1.1" 403 - "https://69b4844ae61d4e92bf26ad98af552775-devsite.readyship.co/?p=14811" "Mozilla/5.0 AppleWebKit/537.36 (KHTML, like Gecko; compatible; GPTBot/1.3; +https://openai.com/gptbot)"
15.158.243.102 - - [13/Apr/2026:16:42:05 +0000] "GET /index.php?format=xml&rest_route=%2Foembed%2F1.0%2Fembed&url=https%3A%2F%2F69b4844ae61d4e92bf26ad98af552775-devsite.readyship.co%2F%3Fp%3D14811 HTTP/1.1" 403 - "https://69b4844ae61d4e92bf26ad98af552775-devsite.readyship.co/?p=14811" "Mozilla/5.0 AppleWebKit/537.36 (KHTML, like Gecko; compatible; GPTBot/1.3; +https://openai.com/gptbot)"
15.158.243.99 - - [13/Apr/2026:16:42:05 +0000] "GET /index.php?rest_route=%2Foembed%2F1.0%2Fembed&url=https%3A%2F%2F69b4844ae61d4e92bf26ad98af552775-devsite.readyship.co%2F%3Fp%3D19989 HTTP/1.1" 403 - "https://69b4844ae61d4e92bf26ad98af552775-devsite.readyship.co/?p=19989" "Mozilla/5.0 AppleWebKit/537.36 (KHTML, like Gecko; compatible; GPTBot/1.3; +https://openai.com/gptbot)"
64.252.69.192 - - [13/Apr/2026:16:42:05 +0000] "GET /?p=89428 HTTP/1.1" 200 17316 "-" "Amazon CloudFront"
64.252.85.188 - - [13/Apr/2026:16:42:06 +0000] "GET /?p=19993 HTTP/1.1" 200 14478 "-" "Amazon CloudFront"
15.158.243.72 - - [13/Apr/2026:16:42:07 +0000] "GET /index.php?format=xml&rest_route=%2Foembed%2F1.0%2Fembed&url=https%3A%2F%2F69b4844ae61d4e92bf26ad98af552775-devsite.readyship.co%2F%3Fp%3D19989 HTTP/1.1" 403 - "https://69b4844ae61d4e92bf26ad98af552775-devsite.readyship.co/?p=19989" "Mozilla/5.0 AppleWebKit/537.36 (KHTML, like Gecko; compatible; GPTBot/1.3; +https://openai.com/gptbot)"
64.252.85.188 - - [13/Apr/2026:16:42:08 +0000] "GET /?p=52926 HTTP/1.1" 200 14464 "-" "Amazon CloudFront"
64.252.82.51 - - [13/Apr/2026:16:42:09 +0000] "GET /?p=42402 HTTP/1.1" 200 22102 "-" "Amazon CloudFront"
64.252.83.165 - - [13/Apr/2026:16:42:10 +0000] "GET /?p=42486 HTTP/1.1" 200 14957 "-" "Amazon CloudFront"
64.252.82.51 - - [13/Apr/2026:16:42:12 +0000] "GET /?p=12316 HTTP/1.1" 200 15568 "-" "Amazon CloudFront"
64.252.85.188 - - [13/Apr/2026:16:42:13 +0000] "GET /?p=74743 HTTP/1.1" 200 18077 "-" "Amazon CloudFront"
64.252.83.165 - - [13/Apr/2026:16:42:14 +0000] "GET /?p=41334 HTTP/1.1" 200 16791 "-" "Amazon CloudFront"
64.252.83.165 - - [13/Apr/2026:16:42:16 +0000] "GET /?p=12329 HTTP/1.1" 200 15462 "-" "Amazon CloudFront"
64.252.85.188 - - [13/Apr/2026:16:42:17 +0000] "GET /?p=42482 HTTP/1.1" 200 14990 "-" "Amazon CloudFront"
64.252.85.188 - - [13/Apr/2026:16:42:18 +0000] "GET /?p=14813 HTTP/1.1" 200 14392 "-" "Amazon CloudFront"
64.252.83.165 - - [13/Apr/2026:16:42:19 +0000] "GET /?p=25565 HTTP/1.1" 200 17758 "-" "Amazon CloudFront"
64.252.85.188 - - [13/Apr/2026:16:42:21 +0000] "GET /?p=88480 HTTP/1.1" 200 17904 "-" "Amazon CloudFront"
15.158.215.109 - - [13/Apr/2026:16:42:22 +0000] "POST /wp-cron.php?doing_wp_cron=1776098542.8963010311126708984375 HTTP/1.1" 200 - "https://69b4844ae61d4e92bf26ad98af552775-devsite.readyship.co/wp-cron.php?doing_wp_cron=1776098542.8963010311126708984375" "WordPress/5.1.19; https://69b4844ae61d4e92bf26ad98af552775-devsite.readyship.co"
64.252.82.51 - - [13/Apr/2026:16:42:22 +0000] "GET /?p=34044 HTTP/1.1" 200 16395 "-" "Amazon CloudFront"
64.252.83.165 - - [13/Apr/2026:16:42:24 +0000] "GET /?p=42400 HTTP/1.1" 200 15437 "-" "Amazon CloudFront"
64.252.68.163 - - [13/Apr/2026:16:42:24 +0000] "GET /?job_listing_category=cinemas HTTP/1.1" 200 11000 "-" "Amazon CloudFront"
64.252.85.188 - - [13/Apr/2026:16:42:25 +0000] "GET /?p=42488 HTTP/1.1" 200 18599 "-" "Amazon CloudFront"
64.252.82.51 - - [13/Apr/2026:16:42:26 +0000] "GET /?p=12313 HTTP/1.1" 200 15408 "-" "Amazon CloudFront"
64.252.82.51 - - [13/Apr/2026:16:42:28 +0000] "GET /?p=74745 HTTP/1.1" 200 14211 "-" "Amazon CloudFront"
64.252.83.165 - - [13/Apr/2026:16:42:29 +0000] "GET /?p=19811 HTTP/1.1" 200 13890 "-" "Amazon CloudFront"
64.252.69.192 - - [13/Apr/2026:16:42:30 +0000] "GET /?p=11609 HTTP/1.1" 200 17434 "-" "Amazon CloudFront"
64.252.85.188 - - [13/Apr/2026:16:42:30 +0000] "GET /?p=12331 HTTP/1.1" 200 15065 "-" "Amazon CloudFront"
64.252.83.165 - - [13/Apr/2026:16:42:31 +0000] "GET /?p=42480 HTTP/1.1" 200 16907 "-" "Amazon CloudFront"
64.252.85.188 - - [13/Apr/2026:16:42:33 +0000] "GET /?p=14817 HTTP/1.1" 200 14499 "-" "Amazon CloudFront"
15.158.243.79 - - [13/Apr/2026:16:42:34 +0000] "GET /index.php?rest_route=%2Foembed%2F1.0%2Fembed&url=https%3A%2F%2F69b4844ae61d4e92bf26ad98af552775-devsite.readyship.co%2F%3Fp%3D25565 HTTP/1.1" 403 - "https://69b4844ae61d4e92bf26ad98af552775-devsite.readyship.co/?p=25565" "Mozilla/5.0 AppleWebKit/537.36 (KHTML, like Gecko; compatible; GPTBot/1.3; +https://openai.com/gptbot)"
15.158.243.72 - - [13/Apr/2026:16:42:35 +0000] "GET /index.php?rest_route=%2Foembed%2F1.0%2Fembed&url=https%3A%2F%2F69b4844ae61d4e92bf26ad98af552775-devsite.readyship.co%2F%3Fp%3D34044 HTTP/1.1" 403 - "https://69b4844ae61d4e92bf26ad98af552775-devsite.readyship.co/?p=34044" "Mozilla/5.0 AppleWebKit/537.36 (KHTML, like Gecko; compatible; GPTBot/1.3; +https://openai.com/gptbot)"
15.158.243.79 - - [13/Apr/2026:16:42:34 +0000] "GET /index.php?rest_route=%2Foembed%2F1.0%2Fembed&url=https%3A%2F%2F69b4844ae61d4e92bf26ad98af552775-devsite.readyship.co%2F%3Fp%3D88480 HTTP/1.1" 403 - "https://69b4844ae61d4e92bf26ad98af552775-devsite.readyship.co/?p=88480" "Mozilla/5.0 AppleWebKit/537.36 (KHTML, like Gecko; compatible; GPTBot/1.3; +https://openai.com/gptbot)"
64.252.74.231 - - [13/Apr/2026:16:42:34 +0000] "GET /?p=40150 HTTP/1.1" 200 15976 "-" "Amazon CloudFront"
64.252.74.231 - - [13/Apr/2026:16:42:34 +0000] "GET /?p=80984 HTTP/1.1" 200 14101 "-" "Amazon CloudFront"
64.252.75.25 - - [13/Apr/2026:16:42:34 +0000] "GET /?p=81010 HTTP/1.1" 200 16108 "-" "Amazon CloudFront"
64.252.77.101 - - [13/Apr/2026:16:42:34 +0000] "GET /?p=96339 HTTP/1.1" 200 14718 "-" "Amazon CloudFront"
64.252.74.231 - - [13/Apr/2026:16:42:34 +0000] "GET /?p=5615 HTTP/1.1" 200 14216 "-" "Amazon CloudFront"
15.158.243.111 - - [13/Apr/2026:16:42:36 +0000] "GET /index.php?format=xml&rest_route=%2Foembed%2F1.0%2Fembed&url=https%3A%2F%2F69b4844ae61d4e92bf26ad98af552775-devsite.readyship.co%2F%3Fp%3D88480 HTTP/1.1" 403 - "https://69b4844ae61d4e92bf26ad98af552775-devsite.readyship.co/?p=88480" "Mozilla/5.0 AppleWebKit/537.36 (KHTML, like Gecko; compatible; GPTBot/1.3; +https://openai.com/gptbot)"
64.252.75.25 - - [13/Apr/2026:16:42:35 +0000] "GET /?p=81066 HTTP/1.1" 200 17622 "-" "Amazon CloudFront"
64.252.77.101 - - [13/Apr/2026:16:42:35 +0000] "GET /?p=80988 HTTP/1.1" 200 14734 "-" "Amazon CloudFront"
15.158.243.72 - - [13/Apr/2026:16:42:36 +0000] "GET /index.php?format=xml&rest_route=%2Foembed%2F1.0%2Fembed&url=https%3A%2F%2F69b4844ae61d4e92bf26ad98af552775-devsite.readyship.co%2F%3Fp%3D25565 HTTP/1.1" 403 - "https://69b4844ae61d4e92bf26ad98af552775-devsite.readyship.co/?p=25565" "Mozilla/5.0 AppleWebKit/537.36 (KHTML, like Gecko; compatible; GPTBot/1.3; +https://openai.com/gptbot)"
15.158.243.72 - - [13/Apr/2026:16:42:36 +0000] "GET /index.php?format=xml&rest_route=%2Foembed%2F1.0%2Fembed&url=https%3A%2F%2F69b4844ae61d4e92bf26ad98af552775-devsite.readyship.co%2F%3Fp%3D34044 HTTP/1.1" 403 - "https://69b4844ae61d4e92bf26ad98af552775-devsite.readyship.co/?p=34044" "Mozilla/5.0 AppleWebKit/537.36 (KHTML, like Gecko; compatible; GPTBot/1.3; +https://openai.com/gptbot)"
64.252.75.25 - - [13/Apr/2026:16:42:36 +0000] "GET /?p=81078 HTTP/1.1" 200 16062 "-" "Amazon CloudFront"
64.252.83.165 - - [13/Apr/2026:16:42:37 +0000] "GET /?p=34046 HTTP/1.1" 200 16195 "-" "Amazon CloudFront"
15.158.243.102 - - [13/Apr/2026:16:42:38 +0000] "GET /index.php?rest_route=%2Foembed%2F1.0%2Fembed&url=https%3A%2F%2F69b4844ae61d4e92bf26ad98af552775-devsite.readyship.co%2F%3Fp%3D19811 HTTP/1.1" 403 - "https://69b4844ae61d4e92bf26ad98af552775-devsite.readyship.co/?p=19811" "Mozilla/5.0 AppleWebKit/537.36 (KHTML, like Gecko; compatible; GPTBot/1.3; +https://openai.com/gptbot)"
64.252.85.188 - - [13/Apr/2026:16:42:39 +0000] "GET /?p=12333 HTTP/1.1" 200 15003 "-" "Amazon CloudFront"
15.158.243.72 - - [13/Apr/2026:16:42:40 +0000] "GET /index.php?format=xml&rest_route=%2Foembed%2F1.0%2Fembed&url=https%3A%2F%2F69b4844ae61d4e92bf26ad98af552775-devsite.readyship.co%2F%3Fp%3D19811 HTTP/1.1" 403 - "https://69b4844ae61d4e92bf26ad98af552775-devsite.readyship.co/?p=19811" "Mozilla/5.0 AppleWebKit/537.36 (KHTML, like Gecko; compatible; GPTBot/1.3; +https://openai.com/gptbot)"
64.252.82.51 - - [13/Apr/2026:16:42:41 +0000] "GET /?p=14815 HTTP/1.1" 200 14669 "-" "Amazon CloudFront"
64.252.82.51 - - [13/Apr/2026:16:42:42 +0000] "GET /?p=14819 HTTP/1.1" 200 16116 "-" "Amazon CloudFront"
64.252.83.165 - - [13/Apr/2026:16:42:43 +0000] "GET /?p=19809 HTTP/1.1" 200 15951 "-" "Amazon CloudFront"
64.252.82.51 - - [13/Apr/2026:16:42:44 +0000] "GET /?p=19813 HTTP/1.1" 200 14762 "-" "Amazon CloudFront"
64.252.82.51 - - [13/Apr/2026:16:42:46 +0000] "GET /?p=42490 HTTP/1.1" 200 23707 "-" "Amazon CloudFront"
64.252.82.51 - - [13/Apr/2026:16:42:47 +0000] "GET /?p=34040 HTTP/1.1" 200 14695 "-" "Amazon CloudFront"
64.252.83.165 - - [13/Apr/2026:16:42:48 +0000] "GET /?p=42478 HTTP/1.1" 200 23284 "-" "Amazon CloudFront"
64.252.82.51 - - [13/Apr/2026:16:42:49 +0000] "GET /?p=34050 HTTP/1.1" 200 16190 "-" "Amazon CloudFront"
64.252.83.165 - - [13/Apr/2026:16:42:50 +0000] "GET /?p=45535 HTTP/1.1" 200 17944 "-" "Amazon CloudFront"
64.252.85.188 - - [13/Apr/2026:16:42:52 +0000] "GET /?p=12335 HTTP/1.1" 200 15012 "-" "Amazon CloudFront"
64.252.83.165 - - [13/Apr/2026:16:42:53 +0000] "GET /?p=30050 HTTP/1.1" 200 23465 "-" "Amazon CloudFront"
64.252.83.165 - - [13/Apr/2026:16:42:54 +0000] "GET /?p=95585 HTTP/1.1" 200 16555 "-" "Amazon CloudFront"
64.252.83.165 - - [13/Apr/2026:16:42:55 +0000] "GET /?p=14821 HTTP/1.1" 200 15063 "-" "Amazon CloudFront"
64.252.82.51 - - [13/Apr/2026:16:42:57 +0000] "GET /?p=31933 HTTP/1.1" 200 15546 "-" "Amazon CloudFront"
64.252.83.165 - - [13/Apr/2026:16:42:58 +0000] "GET /?p=19815 HTTP/1.1" 200 14960 "-" "Amazon CloudFront"
64.252.83.165 - - [13/Apr/2026:16:42:59 +0000] "GET /?p=42492 HTTP/1.1" 200 14819 "-" "Amazon CloudFront"
64.252.85.188 - - [13/Apr/2026:16:43:00 +0000] "GET /?p=34038 HTTP/1.1" 200 15946 "-" "Amazon CloudFront"
64.252.83.165 - - [13/Apr/2026:16:43:02 +0000] "GET /?p=34042 HTTP/1.1" 200 15615 "-" "Amazon CloudFront"
64.252.75.25 - - [13/Apr/2026:16:43:02 +0000] "GET /?p=96343 HTTP/1.1" 200 14435 "-" "Amazon CloudFront"
64.252.77.101 - - [13/Apr/2026:16:43:02 +0000] "GET /?p=96349 HTTP/1.1" 200 17121 "-" "Amazon CloudFront"
64.252.75.25 - - [13/Apr/2026:16:43:02 +0000] "GET /?p=96357 HTTP/1.1" 200 16432 "-" "Amazon CloudFront"
64.252.74.231 - - [13/Apr/2026:16:43:02 +0000] "GET /?p=81870 HTTP/1.1" 200 14256 "-" "Amazon CloudFront"
64.252.74.231 - - [13/Apr/2026:16:43:02 +0000] "GET /?p=81752 HTTP/1.1" 200 22684 "-" "Amazon CloudFront"
64.252.85.188 - - [13/Apr/2026:16:43:03 +0000] "GET /?p=34048 HTTP/1.1" 200 14677 "-" "Amazon CloudFront"
64.252.77.101 - - [13/Apr/2026:16:43:03 +0000] "GET /?p=70738 HTTP/1.1" 200 21624 "-" "Amazon CloudFront"
15.158.243.79 - - [13/Apr/2026:16:43:04 +0000] "GET /index.php?rest_route=%2Foembed%2F1.0%2Fembed&url=https%3A%2F%2F69b4844ae61d4e92bf26ad98af552775-devsite.readyship.co%2F%3Fp%3D45535 HTTP/1.1" 403 - "https://69b4844ae61d4e92bf26ad98af552775-devsite.readyship.co/?p=45535" "Mozilla/5.0 AppleWebKit/537.36 (KHTML, like Gecko; compatible; GPTBot/1.3; +https://openai.com/gptbot)"
64.252.77.101 - - [13/Apr/2026:16:43:04 +0000] "GET /?p=74387 HTTP/1.1" 200 22315 "-" "Amazon CloudFront"
15.158.243.72 - - [13/Apr/2026:16:43:05 +0000] "GET /index.php?rest_route=%2Foembed%2F1.0%2Fembed&url=https%3A%2F%2F69b4844ae61d4e92bf26ad98af552775-devsite.readyship.co%2F%3Fp%3D30050 HTTP/1.1" 403 - "https://69b4844ae61d4e92bf26ad98af552775-devsite.readyship.co/?p=30050" "Mozilla/5.0 AppleWebKit/537.36 (KHTML, like Gecko; compatible; GPTBot/1.3; +https://openai.com/gptbot)"
15.158.243.79 - - [13/Apr/2026:16:43:05 +0000] "GET /index.php?format=xml&rest_route=%2Foembed%2F1.0%2Fembed&url=https%3A%2F%2F69b4844ae61d4e92bf26ad98af552775-devsite.readyship.co%2F%3Fp%3D45535 HTTP/1.1" 403 - "https://69b4844ae61d4e92bf26ad98af552775-devsite.readyship.co/?p=45535" "Mozilla/5.0 AppleWebKit/537.36 (KHTML, like Gecko; compatible; GPTBot/1.3; +https://openai.com/gptbot)"
15.158.243.111 - - [13/Apr/2026:16:43:06 +0000] "GET /index.php?rest_route=%2Foembed%2F1.0%2Fembed&url=https%3A%2F%2F69b4844ae61d4e92bf26ad98af552775-devsite.readyship.co%2F%3Fp%3D95585 HTTP/1.1" 403 - "https://69b4844ae61d4e92bf26ad98af552775-devsite.readyship.co/?p=95585" "Mozilla/5.0 AppleWebKit/537.36 (KHTML, like Gecko; compatible; GPTBot/1.3; +https://openai.com/gptbot)"
15.158.243.111 - - [13/Apr/2026:16:43:06 +0000] "GET /index.php?format=xml&rest_route=%2Foembed%2F1.0%2Fembed&url=https%3A%2F%2F69b4844ae61d4e92bf26ad98af552775-devsite.readyship.co%2F%3Fp%3D95585 HTTP/1.1" 403 - "https://69b4844ae61d4e92bf26ad98af552775-devsite.readyship.co/?p=95585" "Mozilla/5.0 AppleWebKit/537.36 (KHTML, like Gecko; compatible; GPTBot/1.3; +https://openai.com/gptbot)"
15.158.243.72 - - [13/Apr/2026:16:43:07 +0000] "GET /index.php?rest_route=%2Foembed%2F1.0%2Fembed&url=https%3A%2F%2F69b4844ae61d4e92bf26ad98af552775-devsite.readyship.co%2F%3Fp%3D31933 HTTP/1.1" 403 - "https://69b4844ae61d4e92bf26ad98af552775-devsite.readyship.co/?p=31933" "Mozilla/5.0 AppleWebKit/537.36 (KHTML, like Gecko; compatible; GPTBot/1.3; +https://openai.com/gptbot)"
15.158.243.102 - - [13/Apr/2026:16:43:07 +0000] "GET /index.php?format=xml&rest_route=%2Foembed%2F1.0%2Fembed&url=https%3A%2F%2F69b4844ae61d4e92bf26ad98af552775-devsite.readyship.co%2F%3Fp%3D31933 HTTP/1.1" 403 - "https://69b4844ae61d4e92bf26ad98af552775-devsite.readyship.co/?p=31933" "Mozilla/5.0 AppleWebKit/537.36 (KHTML, like Gecko; compatible; GPTBot/1.3; +https://openai.com/gptbot)"
64.252.74.231 - - [13/Apr/2026:16:43:03 +0000] "GET /?p=81102 HTTP/1.1" 200 17018 "-" "Amazon CloudFront"
64.252.75.25 - - [13/Apr/2026:16:43:04 +0000] "GET /?p=5581 HTTP/1.1" 200 15121 "-" "Amazon CloudFront"
15.158.243.111 - - [13/Apr/2026:16:43:08 +0000] "GET /index.php?format=xml&rest_route=%2Foembed%2F1.0%2Fembed&url=https%3A%2F%2F69b4844ae61d4e92bf26ad98af552775-devsite.readyship.co%2F%3Fp%3D30050 HTTP/1.1" 403 - "https://69b4844ae61d4e92bf26ad98af552775-devsite.readyship.co/?p=30050" "Mozilla/5.0 AppleWebKit/537.36 (KHTML, like Gecko; compatible; GPTBot/1.3; +https://openai.com/gptbot)"
64.252.83.165 - - [13/Apr/2026:16:43:08 +0000] "GET /?p=12337 HTTP/1.1" 200 15838 "-" "Amazon CloudFront"
64.252.83.165 - - [13/Apr/2026:16:43:10 +0000] "GET /?p=30052 HTTP/1.1" 200 22897 "-" "Amazon CloudFront"
64.252.82.51 - - [13/Apr/2026:16:43:11 +0000] "GET /?p=45537 HTTP/1.1" 200 17915 "-" "Amazon CloudFront"
64.252.83.165 - - [13/Apr/2026:16:43:12 +0000] "GET /?p=34036 HTTP/1.1" 200 15514 "-" "Amazon CloudFront"
64.252.74.231 - - [13/Apr/2026:16:43:13 +0000] "GET /?p=81834 HTTP/1.1" 200 14886 "-" "Amazon CloudFront"
64.252.74.231 - - [13/Apr/2026:16:43:13 +0000] "GET /?p=81829 HTTP/1.1" 200 15259 "-" "Amazon CloudFront"
64.252.77.101 - - [13/Apr/2026:16:43:13 +0000] "GET /?p=68506 HTTP/1.1" 200 20301 "-" "Amazon CloudFront"
64.252.75.25 - - [13/Apr/2026:16:43:13 +0000] "GET /?p=7721 HTTP/1.1" 200 35088 "-" "Amazon CloudFront"
64.252.75.25 - - [13/Apr/2026:16:43:13 +0000] "GET /?p=80814 HTTP/1.1" 200 16930 "-" "Amazon CloudFront"
64.252.83.165 - - [13/Apr/2026:16:43:14 +0000] "GET /?p=31935 HTTP/1.1" 200 15330 "-" "Amazon CloudFront"
64.252.75.25 - - [13/Apr/2026:16:43:14 +0000] "GET /?p=81284 HTTP/1.1" 200 14832 "-" "Amazon CloudFront"
64.252.75.25 - - [13/Apr/2026:16:43:15 +0000] "GET /?p=70647 HTTP/1.1" 200 21121 "-" "Amazon CloudFront"
64.252.77.101 - - [13/Apr/2026:16:43:15 +0000] "GET /?p=96351 HTTP/1.1" 200 16467 "-" "Amazon CloudFront"
64.252.85.188 - - [13/Apr/2026:16:43:15 +0000] "GET /?p=31931 HTTP/1.1" 200 17768 "-" "Amazon CloudFront"
64.252.77.101 - - [13/Apr/2026:16:43:15 +0000] "GET /?p=82260 HTTP/1.1" 200 17222 "-" "Amazon CloudFront"
64.252.85.188 - - [13/Apr/2026:16:43:16 +0000] "GET /?p=19817 HTTP/1.1" 200 14407 "-" "Amazon CloudFront"
64.252.85.188 - - [13/Apr/2026:16:43:17 +0000] "GET /?p=95587 HTTP/1.1" 200 16691 "-" "Amazon CloudFront"
64.252.82.51 - - [13/Apr/2026:16:43:19 +0000] "GET /?p=22724 HTTP/1.1" 200 22643 "-" "Amazon CloudFront"
64.252.85.188 - - [13/Apr/2026:16:43:20 +0000] "GET /?p=64744 HTTP/1.1" 200 14643 "-" "Amazon CloudFront"
64.252.85.188 - - [13/Apr/2026:16:43:21 +0000] "GET /?p=42212 HTTP/1.1" 200 15863 "-" "Amazon CloudFront"
15.158.215.109 - - [13/Apr/2026:16:43:23 +0000] "POST /wp-cron.php?doing_wp_cron=1776098603.1928191184997558593750 HTTP/1.1" 200 - "https://69b4844ae61d4e92bf26ad98af552775-devsite.readyship.co/wp-cron.php?doing_wp_cron=1776098603.1928191184997558593750" "WordPress/5.1.19; https://69b4844ae61d4e92bf26ad98af552775-devsite.readyship.co"
64.252.83.165 - - [13/Apr/2026:16:43:22 +0000] "GET /?p=12339 HTTP/1.1" 200 15457 "-" "Amazon CloudFront"
64.252.83.165 - - [13/Apr/2026:16:43:24 +0000] "GET /?p=30054 HTTP/1.1" 200 20901 "-" "Amazon CloudFront"
64.252.82.51 - - [13/Apr/2026:16:43:25 +0000] "GET /?p=45539 HTTP/1.1" 200 18074 "-" "Amazon CloudFront"
64.252.85.188 - - [13/Apr/2026:16:43:27 +0000] "GET /?p=34034 HTTP/1.1" 200 15526 "-" "Amazon CloudFront"
64.252.69.192 - - [13/Apr/2026:16:43:27 +0000] "GET /?p=96695 HTTP/1.1" 200 16825 "-" "Amazon CloudFront"
64.252.83.165 - - [13/Apr/2026:16:43:28 +0000] "GET /?p=31937 HTTP/1.1" 200 16811 "-" "Amazon CloudFront"
18.68.51.43 - - [13/Apr/2026:16:43:30 +0000] "GET /wp-content/themes/post-1765268567/page-dns.php HTTP/1.1" 403 705 "-" "Mozilla/5.0 (Macintosh; Intel Mac OS X 10_10_5) AppleWebKit/602.1.50 (KHTML, like Gecko) Version/10.0 Safari/602.1.50"
64.252.85.188 - - [13/Apr/2026:16:43:29 +0000] "GET /?p=31929 HTTP/1.1" 200 16644 "-" "Amazon CloudFront"
130.176.187.149 - - [13/Apr/2026:16:43:30 +0000] "GET /wp-includes/SimplePie/Registry-sql.php?cron=my-db.com/3 HTTP/1.1" 403 705 "-" "Mozilla/4.0 (compatible; MSIE 7.0; Windows NT 6.1; Trident/7.0; SLCC2; .NET CLR 2.0.50727; .NET CLR 3.5.30729; .NET CLR 3.0.30729; Media Center PC 6.0; .NET4.0C; .NET4.0E; InfoPath.3)"
64.252.82.51 - - [13/Apr/2026:16:43:30 +0000] "GET /?p=19821 HTTP/1.1" 200 14938 "-" "Amazon CloudFront"
3.172.45.105 - - [13/Apr/2026:16:43:31 +0000] "GET /wp-admin/link-call.php?cron=my-db.com/3 HTTP/1.1" 200 89 "-" "Mozilla/4.0 (compatible; MSIE 7.0; Windows NT 6.2; WOW64; Trident/7.0; .NET4.0C; .NET4.0E; .NET CLR 2.0.50727; .NET CLR 3.0.30729; .NET CLR 3.5.30729; InfoPath.3)"
3.172.45.105 - - [13/Apr/2026:16:43:31 +0000] "GET /wp-admin/ HTTP/1.1" 302 - "-" "Mozilla/4.0 (compatible; MSIE 7.0; Windows NT 6.1; WOW64; Trident/7.0; SLCC2; .NET CLR 2.0.50727; .NET CLR 3.5.30729; .NET CLR 3.0.30729; InfoPath.2; .NET4.0C; .NET4.0E)"
18.68.51.43 - - [13/Apr/2026:16:43:32 +0000] "GET /wp-includes/SimplePie/Registry-sql.php?cron=my-db.com/3 HTTP/1.1" 403 705 "-" "Mozilla/4.0 (compatible; MSIE 7.0; Windows NT 6.1; Trident/7.0; SLCC2; .NET CLR 2.0.50727; .NET CLR 3.5.30729; .NET CLR 3.0.30729; Media Center PC 6.0; .NET4.0C; .NET4.0E; InfoPath.3)"
64.252.85.188 - - [13/Apr/2026:16:43:31 +0000] "GET /?p=95589 HTTP/1.1" 200 16799 "-" "Amazon CloudFront"
15.158.243.79 - - [13/Apr/2026:16:43:33 +0000] "GET /index.php?rest_route=%2Foembed%2F1.0%2Fembed&url=https%3A%2F%2F69b4844ae61d4e92bf26ad98af552775-devsite.readyship.co%2F%3Fp%3D22724 HTTP/1.1" 403 - "https://69b4844ae61d4e92bf26ad98af552775-devsite.readyship.co/?p=22724" "Mozilla/5.0 AppleWebKit/537.36 (KHTML, like Gecko; compatible; GPTBot/1.3; +https://openai.com/gptbot)"
3.172.52.115 - - [13/Apr/2026:16:43:33 +0000] "GET /wp-content/plugins/easy-posts/OperationGraph-float.php HTTP/1.1" 403 705 "-" "Mozilla/5.0 (Macintosh; Intel Mac OS X 10_11_6) AppleWebKit/604.4.7 (KHTML, like Gecko) Version/11.0.2 Safari/604.4.7"
15.158.243.79 - - [13/Apr/2026:16:43:33 +0000] "GET /index.php?rest_route=%2Foembed%2F1.0%2Fembed&url=https%3A%2F%2F69b4844ae61d4e92bf26ad98af552775-devsite.readyship.co%2F%3Fp%3D64744 HTTP/1.1" 403 - "https://69b4844ae61d4e92bf26ad98af552775-devsite.readyship.co/?p=64744" "Mozilla/5.0 AppleWebKit/537.36 (KHTML, like Gecko; compatible; GPTBot/1.3; +https://openai.com/gptbot)"
3.172.45.105 - - [13/Apr/2026:16:43:33 +0000] "GET /wp-login.php?redirect_to=https%3A%2F%2F69b4844ae61d4e92bf26ad98af552775-devsite.readyship.co%2Fwp-admin%2F&reauth=1 HTTP/1.1" 200 1185 "-" "Mozilla/4.0 (compatible; MSIE 7.0; Windows NT 6.1; WOW64; Trident/7.0; SLCC2; .NET CLR 2.0.50727; .NET CLR 3.5.30729; .NET CLR 3.0.30729; InfoPath.2; .NET4.0C; .NET4.0E)"
15.158.243.111 - - [13/Apr/2026:16:43:34 +0000] "GET /index.php?rest_route=%2Foembed%2F1.0%2Fembed&url=https%3A%2F%2F69b4844ae61d4e92bf26ad98af552775-devsite.readyship.co%2F%3Fp%3D42212 HTTP/1.1" 403 - "https://69b4844ae61d4e92bf26ad98af552775-devsite.readyship.co/?p=42212" "Mozilla/5.0 AppleWebKit/537.36 (KHTML, like Gecko; compatible; GPTBot/1.3; +https://openai.com/gptbot)"
15.158.243.72 - - [13/Apr/2026:16:43:34 +0000] "GET /index.php?format=xml&rest_route=%2Foembed%2F1.0%2Fembed&url=https%3A%2F%2F69b4844ae61d4e92bf26ad98af552775-devsite.readyship.co%2F%3Fp%3D64744 HTTP/1.1" 403 - "https://69b4844ae61d4e92bf26ad98af552775-devsite.readyship.co/?p=64744" "Mozilla/5.0 AppleWebKit/537.36 (KHTML, like Gecko; compatible; GPTBot/1.3; +https://openai.com/gptbot)"
3.172.45.105 - - [13/Apr/2026:16:43:35 +0000] "GET /wp-content/plugins/easy-posts/OperationGraph-float.php HTTP/1.1" 403 705 "-" "Mozilla/5.0 (Macintosh; Intel Mac OS X 10_11_6) AppleWebKit/604.4.7 (KHTML, like Gecko) Version/11.0.2 Safari/604.4.7"
15.158.243.111 - - [13/Apr/2026:16:43:35 +0000] "GET /index.php?format=xml&rest_route=%2Foembed%2F1.0%2Fembed&url=https%3A%2F%2F69b4844ae61d4e92bf26ad98af552775-devsite.readyship.co%2F%3Fp%3D22724 HTTP/1.1" 403 - "https://69b4844ae61d4e92bf26ad98af552775-devsite.readyship.co/?p=22724" "Mozilla/5.0 AppleWebKit/537.36 (KHTML, like Gecko; compatible; GPTBot/1.3; +https://openai.com/gptbot)"
3.172.45.105 - - [13/Apr/2026:16:43:35 +0000] "GET /wp-content/themes/post-1765268567/page-dns.php HTTP/1.1" 403 705 "-" "Mozilla/5.0 (Macintosh; Intel Mac OS X 10_10_5) AppleWebKit/602.1.50 (KHTML, like Gecko) Version/10.0 Safari/602.1.50"
15.158.243.102 - - [13/Apr/2026:16:43:35 +0000] "GET /index.php?format=xml&rest_route=%2Foembed%2F1.0%2Fembed&url=https%3A%2F%2F69b4844ae61d4e92bf26ad98af552775-devsite.readyship.co%2F%3Fp%3D42212 HTTP/1.1" 403 - "https://69b4844ae61d4e92bf26ad98af552775-devsite.readyship.co/?p=42212" "Mozilla/5.0 AppleWebKit/537.36 (KHTML, like Gecko; compatible; GPTBot/1.3; +https://openai.com/gptbot)"
3.172.45.105 - - [13/Apr/2026:16:43:36 +0000] "GET /wp-content/plugins/backup-1765267884/ads-txt-variable.php HTTP/1.1" 403 705 "-" "Mozilla/5.0 (Windows NT 10.0; Win64; x64; WebView/3.0) AppleWebKit/537.36 (KHTML, like Gecko) Chrome/58.0.3029.110 Safari/537.36 Edge/16.16299"
15.158.39.230 - - [13/Apr/2026:16:43:36 +0000] "GET /wp-config-sample.php?pathlsdyjz HTTP/1.1" 200 89 "-" "Mozilla/4.0 (compatible; MSIE 7.0; Windows NT 6.3; WOW64; Trident/7.0; Touch; .NET4.0E; .NET4.0C; Tablet PC 2.0; .NET CLR 3.5.30729; .NET CLR 2.0.50727; .NET CLR 3.0.30729)"
15.158.1.198 - - [13/Apr/2026:16:43:36 +0000] "GET /wp-includes/SimplePie/Registry-sql.php?cron=my-db.com/3 HTTP/1.1" 403 705 "-" "Mozilla/4.0 (compatible; MSIE 7.0; Windows NT 6.1; Trident/7.0; SLCC2; .NET CLR 2.0.50727; .NET CLR 3.5.30729; .NET CLR 3.0.30729; Media Center PC 6.0; .NET4.0C; .NET4.0E; InfoPath.3)"
15.158.1.198 - - [13/Apr/2026:16:43:36 +0000] "GET /wp-content/plugins/easy-posts/OperationGraph-float.php HTTP/1.1" 403 705 "-" "Mozilla/5.0 (Macintosh; Intel Mac OS X 10_11_6) AppleWebKit/604.4.7 (KHTML, like Gecko) Version/11.0.2 Safari/604.4.7"
64.252.85.188 - - [13/Apr/2026:16:43:36 +0000] "GET /?p=30056 HTTP/1.1" 200 18533 "-" "Amazon CloudFront"
3.172.105.205 - - [13/Apr/2026:16:43:37 +0000] "GET /wp-content/plugins/easy-posts/OperationGraph-float.php HTTP/1.1" 403 705 "-" "Mozilla/5.0 (Macintosh; Intel Mac OS X 10_11_6) AppleWebKit/604.4.7 (KHTML, like Gecko) Version/11.0.2 Safari/604.4.7"
18.68.51.43 - - [13/Apr/2026:16:43:37 +0000] "GET /wp-content/themes/post-1765268567/page-dns.php HTTP/1.1" 403 705 "-" "Mozilla/5.0 (Macintosh; Intel Mac OS X 10_10_5) AppleWebKit/602.1.50 (KHTML, like Gecko) Version/10.0 Safari/602.1.50"
15.158.223.98 - - [13/Apr/2026:16:43:38 +0000] "GET /wp-content/plugins/backup-1765267884/ads-txt-variable.php HTTP/1.1" 403 705 "-" "Mozilla/5.0 (Windows NT 10.0; Win64; x64; WebView/3.0) AppleWebKit/537.36 (KHTML, like Gecko) Chrome/58.0.3029.110 Safari/537.36 Edge/16.16299"
64.252.85.188 - - [13/Apr/2026:16:43:37 +0000] "GET /?p=31939 HTTP/1.1" 200 17523 "-" "Amazon CloudFront"
64.252.83.165 - - [13/Apr/2026:16:43:38 +0000] "GET /?p=34032 HTTP/1.1" 200 14661 "-" "Amazon CloudFront"
130.176.213.204 - - [13/Apr/2026:16:43:40 +0000] "GET /wp-content/plugins/easy-posts/OperationGraph-float.php HTTP/1.1" 403 705 "-" "Mozilla/5.0 (Macintosh; Intel Mac OS X 10_11_6) AppleWebKit/604.4.7 (KHTML, like Gecko) Version/11.0.2 Safari/604.4.7"
64.252.85.188 - - [13/Apr/2026:16:43:40 +0000] "GET /?p=45541 HTTP/1.1" 200 17715 "-" "Amazon CloudFront"
3.172.45.105 - - [13/Apr/2026:16:43:42 +0000] "GET /wp-content/plugins/backup-1765267884/ads-txt-variable.php HTTP/1.1" 403 705 "-" "Mozilla/5.0 (Windows NT 10.0; Win64; x64; WebView/3.0) AppleWebKit/537.36 (KHTML, like Gecko) Chrome/58.0.3029.110 Safari/537.36 Edge/16.16299"
64.252.83.165 - - [13/Apr/2026:16:43:41 +0000] "GET /?p=95591 HTTP/1.1" 200 17832 "-" "Amazon CloudFront"
15.158.223.98 - - [13/Apr/2026:16:43:43 +0000] "GET /wp-content/plugins/easy-posts/OperationGraph-float.php HTTP/1.1" 403 705 "-" "Mozilla/5.0 (Macintosh; Intel Mac OS X 10_11_6) AppleWebKit/604.4.7 (KHTML, like Gecko) Version/11.0.2 Safari/604.4.7"
3.172.105.205 - - [13/Apr/2026:16:43:43 +0000] "GET /wp-content/themes/post-1765268567/page-dns.php HTTP/1.1" 403 705 "-" "Mozilla/5.0 (Macintosh; Intel Mac OS X 10_10_5) AppleWebKit/602.1.50 (KHTML, like Gecko) Version/10.0 Safari/602.1.50"
130.176.187.149 - - [13/Apr/2026:16:43:43 +0000] "GET /wp-content/plugins/backup-1765267884/ads-txt-variable.php HTTP/1.1" 403 705 "-" "Mozilla/5.0 (Windows NT 10.0; Win64; x64; WebView/3.0) AppleWebKit/537.36 (KHTML, like Gecko) Chrome/58.0.3029.110 Safari/537.36 Edge/16.16299"
18.68.8.18 - - [13/Apr/2026:16:43:43 +0000] "GET /wp-admin/includes/class-language-pack-upgrader-function.php?client=my-db.com/3 HTTP/1.1" 200 89 "-" "Mozilla/5.0 (Windows NT 6.3; Win64; x64) AppleWebKit/537.36 (KHTML, like Gecko) Chrome/66.0.3359.181 Safari/537.36"
3.172.45.105 - - [13/Apr/2026:16:43:44 +0000] "GET /wp-content/themes/top-1765268018/header-less.php HTTP/1.1" 403 705 "-" "Mozilla/5.0 (Windows NT 10.0; WOW64; Trident/7.0; AS; rv:11.0) like Gecko"
3.172.105.205 - - [13/Apr/2026:16:43:44 +0000] "GET /wp-content/plugins/easy-posts/OperationGraph-float.php HTTP/1.1" 403 705 "-" "Mozilla/5.0 (Macintosh; Intel Mac OS X 10_11_6) AppleWebKit/604.4.7 (KHTML, like Gecko) Version/11.0.2 Safari/604.4.7"
18.68.8.18 - - [13/Apr/2026:16:43:44 +0000] "GET /wp-content/themes/search-template-1766603073/functions-statement.php HTTP/1.1" 403 705 "-" "Mozilla/5.0 (Macintosh; Intel Mac OS X 10_13_5) AppleWebKit/537.36 (KHTML, like Gecko) Chrome/67.0.3396.87 Safari/537.36"
3.172.45.105 - - [13/Apr/2026:16:43:45 +0000] "GET /wp-content/themes/search-template-1766603073/functions-statement.php HTTP/1.1" 403 705 "-" "Mozilla/5.0 (Macintosh; Intel Mac OS X 10_13_5) AppleWebKit/537.36 (KHTML, like Gecko) Chrome/67.0.3396.87 Safari/537.36"
130.176.213.204 - - [13/Apr/2026:16:43:45 +0000] "GET /wp-includes/SimplePie/Registry-sql.php?cron=my-db.com/3 HTTP/1.1" 403 705 "-" "Mozilla/4.0 (compatible; MSIE 7.0; Windows NT 6.1; Trident/7.0; SLCC2; .NET CLR 2.0.50727; .NET CLR 3.5.30729; .NET CLR 3.0.30729; Media Center PC 6.0; .NET4.0C; .NET4.0E; InfoPath.3)"
3.172.105.205 - - [13/Apr/2026:16:43:45 +0000] "GET /wp-content/plugins/easy-posts/OperationGraph-float.php HTTP/1.1" 403 705 "-" "Mozilla/5.0 (Macintosh; Intel Mac OS X 10_11_6) AppleWebKit/604.4.7 (KHTML, like Gecko) Version/11.0.2 Safari/604.4.7"
130.176.187.149 - - [13/Apr/2026:16:43:46 +0000] "GET /wp-content/themes/search-template-1766603073/functions-statement.php HTTP/1.1" 403 705 "-" "Mozilla/5.0 (Macintosh; Intel Mac OS X 10_13_5) AppleWebKit/537.36 (KHTML, like Gecko) Chrome/67.0.3396.87 Safari/537.36"
64.252.85.188 - - [13/Apr/2026:16:43:42 +0000] "GET /?p=12341 HTTP/1.1" 200 15152 "-" "Amazon CloudFront"
3.172.105.205 - - [13/Apr/2026:16:43:47 +0000] "GET /wp-content/themes/search-template-1766603073/functions-statement.php HTTP/1.1" 403 705 "-" "Mozilla/5.0 (Macintosh; Intel Mac OS X 10_13_5) AppleWebKit/537.36 (KHTML, like Gecko) Chrome/67.0.3396.87 Safari/537.36"
18.68.51.43 - - [13/Apr/2026:16:43:47 +0000] "GET /wp-content/plugins/easy-posts/OperationGraph-float.php HTTP/1.1" 403 705 "-" "Mozilla/5.0 (Macintosh; Intel Mac OS X 10_11_6) AppleWebKit/604.4.7 (KHTML, like Gecko) Version/11.0.2 Safari/604.4.7"
3.172.120.100 - - [13/Apr/2026:16:43:47 +0000] "GET /wp-includes/SimplePie/Registry-sql.php?cron=my-db.com/3 HTTP/1.1" 403 705 "-" "Mozilla/4.0 (compatible; MSIE 7.0; Windows NT 6.1; Trident/7.0; SLCC2; .NET CLR 2.0.50727; .NET CLR 3.5.30729; .NET CLR 3.0.30729; Media Center PC 6.0; .NET4.0C; .NET4.0E; InfoPath.3)"
18.68.51.43 - - [13/Apr/2026:16:43:48 +0000] "GET /wp-content/themes/top-1765268018/header-less.php HTTP/1.1" 403 705 "-" "Mozilla/5.0 (Windows NT 10.0; WOW64; Trident/7.0; AS; rv:11.0) like Gecko"
64.252.83.165 - - [13/Apr/2026:16:43:47 +0000] "GET /?p=19819 HTTP/1.1" 200 14867 "-" "Amazon CloudFront"
15.158.3.203 - - [13/Apr/2026:16:43:48 +0000] "GET /wp-content/themes/post-1765268567/page-dns.php HTTP/1.1" 403 705 "-" "Mozilla/5.0 (Macintosh; Intel Mac OS X 10_10_5) AppleWebKit/602.1.50 (KHTML, like Gecko) Version/10.0 Safari/602.1.50"
18.68.41.182 - - [13/Apr/2026:16:43:48 +0000] "GET /wp-includes/SimplePie/Registry-sql.php?cron=my-db.com/3 HTTP/1.1" 403 705 "-" "Mozilla/4.0 (compatible; MSIE 7.0; Windows NT 6.1; Trident/7.0; SLCC2; .NET CLR 2.0.50727; .NET CLR 3.5.30729; .NET CLR 3.0.30729; Media Center PC 6.0; .NET4.0C; .NET4.0E; InfoPath.3)"
64.252.83.165 - - [13/Apr/2026:16:43:48 +0000] "GET /?p=41424 HTTP/1.1" 200 17683 "-" "Amazon CloudFront"
3.172.34.12 - - [13/Apr/2026:16:43:49 +0000] "GET /wp-includes/SimplePie/Registry-sql.php?cron=my-db.com/3 HTTP/1.1" 403 705 "-" "Mozilla/4.0 (compatible; MSIE 7.0; Windows NT 6.1; Trident/7.0; SLCC2; .NET CLR 2.0.50727; .NET CLR 3.5.30729; .NET CLR 3.0.30729; Media Center PC 6.0; .NET4.0C; .NET4.0E; InfoPath.3)"
18.68.51.43 - - [13/Apr/2026:16:43:50 +0000] "GET /wp-includes/SimplePie/Registry-sql.php?cron=my-db.com/3 HTTP/1.1" 403 705 "-" "Mozilla/4.0 (compatible; MSIE 7.0; Windows NT 6.1; Trident/7.0; SLCC2; .NET CLR 2.0.50727; .NET CLR 3.5.30729; .NET CLR 3.0.30729; Media Center PC 6.0; .NET4.0C; .NET4.0E; InfoPath.3)"
3.172.105.205 - - [13/Apr/2026:16:43:50 +0000] "GET /wp-content/themes/search-template-1766603073/functions-statement.php HTTP/1.1" 403 705 "-" "Mozilla/5.0 (Macintosh; Intel Mac OS X 10_13_5) AppleWebKit/537.36 (KHTML, like Gecko) Chrome/67.0.3396.87 Safari/537.36"
64.252.85.188 - - [13/Apr/2026:16:43:49 +0000] "GET /?p=24744 HTTP/1.1" 200 21380 "-" "Amazon CloudFront"
15.158.223.98 - - [13/Apr/2026:16:43:51 +0000] "GET /wp-content/themes/post-1765268567/page-dns.php HTTP/1.1" 403 705 "-" "Mozilla/5.0 (Macintosh; Intel Mac OS X 10_10_5) AppleWebKit/602.1.50 (KHTML, like Gecko) Version/10.0 Safari/602.1.50"
18.68.51.43 - - [13/Apr/2026:16:43:51 +0000] "GET /wp-includes/SimplePie/Registry-sql.php?cron=my-db.com/3 HTTP/1.1" 403 705 "-" "Mozilla/4.0 (compatible; MSIE 7.0; Windows NT 6.1; Trident/7.0; SLCC2; .NET CLR 2.0.50727; .NET CLR 3.5.30729; .NET CLR 3.0.30729; Media Center PC 6.0; .NET4.0C; .NET4.0E; InfoPath.3)"
64.252.85.188 - - [13/Apr/2026:16:43:51 +0000] "GET /?p=82688 HTTP/1.1" 200 24116 "-" "Amazon CloudFront"
15.158.215.109 - - [13/Apr/2026:16:43:52 +0000] "GET /wp-content/themes/search-template-1766603073/functions-statement.php HTTP/1.1" 403 705 "-" "Mozilla/5.0 (Macintosh; Intel Mac OS X 10_13_5) AppleWebKit/537.36 (KHTML, like Gecko) Chrome/67.0.3396.87 Safari/537.36"
3.172.105.205 - - [13/Apr/2026:16:43:52 +0000] "GET /wp-includes/SimplePie/Registry-sql.php?cron=my-db.com/3 HTTP/1.1" 403 705 "-" "Mozilla/4.0 (compatible; MSIE 7.0; Windows NT 6.1; Trident/7.0; SLCC2; .NET CLR 2.0.50727; .NET CLR 3.5.30729; .NET CLR 3.0.30729; Media Center PC 6.0; .NET4.0C; .NET4.0E; InfoPath.3)"
64.252.85.188 - - [13/Apr/2026:16:43:52 +0000] "GET /?p=88518 HTTP/1.1" 200 16155 "-" "Amazon CloudFront"
3.172.45.105 - - [13/Apr/2026:16:43:53 +0000] "GET /wp-content/themes/post-1765268567/page-dns.php HTTP/1.1" 403 705 "-" "Mozilla/5.0 (Macintosh; Intel Mac OS X 10_10_5) AppleWebKit/602.1.50 (KHTML, like Gecko) Version/10.0 Safari/602.1.50"
15.158.1.198 - - [13/Apr/2026:16:43:53 +0000] "GET /wp-content/themes/top-1765268018/header-less.php HTTP/1.1" 403 705 "-" "Mozilla/5.0 (Windows NT 10.0; WOW64; Trident/7.0; AS; rv:11.0) like Gecko"
3.172.45.105 - - [13/Apr/2026:16:43:54 +0000] "GET /wp-content/plugins/backup-1765267884/ads-txt-variable.php HTTP/1.1" 403 705 "-" "Mozilla/5.0 (Windows NT 10.0; Win64; x64; WebView/3.0) AppleWebKit/537.36 (KHTML, like Gecko) Chrome/58.0.3029.110 Safari/537.36 Edge/16.16299"
64.252.82.51 - - [13/Apr/2026:16:43:53 +0000] "GET /?p=30058 HTTP/1.1" 200 23017 "-" "Amazon CloudFront"
3.172.45.105 - - [13/Apr/2026:16:43:55 +0000] "GET /wp-content/themes/search-template-1766603073/functions-statement.php HTTP/1.1" 403 705 "-" "Mozilla/5.0 (Macintosh; Intel Mac OS X 10_13_5) AppleWebKit/537.36 (KHTML, like Gecko) Chrome/67.0.3396.87 Safari/537.36"
64.252.85.188 - - [13/Apr/2026:16:43:54 +0000] "GET /?p=31941 HTTP/1.1" 200 15526 "-" "Amazon CloudFront"
64.252.82.51 - - [13/Apr/2026:16:43:56 +0000] "GET /?p=34030 HTTP/1.1" 200 15506 "-" "Amazon CloudFront"
18.68.51.43 - - [13/Apr/2026:16:43:57 +0000] "GET /wp-content/plugins/backup-1765267884/ads-txt-variable.php HTTP/1.1" 403 705 "-" "Mozilla/5.0 (Windows NT 10.0; Win64; x64; WebView/3.0) AppleWebKit/537.36 (KHTML, like Gecko) Chrome/58.0.3029.110 Safari/537.36 Edge/16.16299"
