15.158.243.79 - - [13/Apr/2026:13:33:47 +0000] "GET /index.php?rest_route=%2Foembed%2F1.0%2Fembed&url=https%3A%2F%2F69b4844ae61d4e92bf26ad98af552775-devsite.readyship.co%2F%3Fp%3D10011 HTTP/1.1" 403 - "https://69b4844ae61d4e92bf26ad98af552775-devsite.readyship.co/?p=10011" "Mozilla/5.0 AppleWebKit/537.36 (KHTML, like Gecko; compatible; GPTBot/1.3; +https://openai.com/gptbot)"
64.252.83.165 - - [13/Apr/2026:13:33:48 +0000] "GET /?p=10009 HTTP/1.1" 200 15874 "-" "Amazon CloudFront"
15.158.243.72 - - [13/Apr/2026:13:33:49 +0000] "GET /index.php?rest_route=%2Foembed%2F1.0%2Fembed&url=https%3A%2F%2F69b4844ae61d4e92bf26ad98af552775-devsite.readyship.co%2F%3Fp%3D88668 HTTP/1.1" 403 - "https://69b4844ae61d4e92bf26ad98af552775-devsite.readyship.co/?p=88668" "Mozilla/5.0 AppleWebKit/537.36 (KHTML, like Gecko; compatible; GPTBot/1.3; +https://openai.com/gptbot)"
15.158.243.111 - - [13/Apr/2026:13:33:50 +0000] "GET /index.php?rest_route=%2Foembed%2F1.0%2Fembed&url=https%3A%2F%2F69b4844ae61d4e92bf26ad98af552775-devsite.readyship.co%2F%3Fp%3D66363 HTTP/1.1" 403 - "https://69b4844ae61d4e92bf26ad98af552775-devsite.readyship.co/?p=66363" "Mozilla/5.0 AppleWebKit/537.36 (KHTML, like Gecko; compatible; GPTBot/1.3; +https://openai.com/gptbot)"
64.252.83.165 - - [13/Apr/2026:13:33:50 +0000] "GET /?p=88666 HTTP/1.1" 200 16959 "-" "Amazon CloudFront"
15.158.243.72 - - [13/Apr/2026:13:33:52 +0000] "GET /index.php?rest_route=%2Foembed%2F1.0%2Fembed&url=https%3A%2F%2F69b4844ae61d4e92bf26ad98af552775-devsite.readyship.co%2F%3Fp%3D64966 HTTP/1.1" 403 - "https://69b4844ae61d4e92bf26ad98af552775-devsite.readyship.co/?p=64966" "Mozilla/5.0 AppleWebKit/537.36 (KHTML, like Gecko; compatible; GPTBot/1.3; +https://openai.com/gptbot)"
15.158.243.111 - - [13/Apr/2026:13:33:52 +0000] "GET /index.php?format=xml&rest_route=%2Foembed%2F1.0%2Fembed&url=https%3A%2F%2F69b4844ae61d4e92bf26ad98af552775-devsite.readyship.co%2F%3Fp%3D64966 HTTP/1.1" 403 - "https://69b4844ae61d4e92bf26ad98af552775-devsite.readyship.co/?p=64966" "Mozilla/5.0 AppleWebKit/537.36 (KHTML, like Gecko; compatible; GPTBot/1.3; +https://openai.com/gptbot)"
15.158.243.111 - - [13/Apr/2026:13:33:53 +0000] "GET /index.php?format=xml&rest_route=%2Foembed%2F1.0%2Fembed&url=https%3A%2F%2F69b4844ae61d4e92bf26ad98af552775-devsite.readyship.co%2F%3Fp%3D88668 HTTP/1.1" 403 - "https://69b4844ae61d4e92bf26ad98af552775-devsite.readyship.co/?p=88668" "Mozilla/5.0 AppleWebKit/537.36 (KHTML, like Gecko; compatible; GPTBot/1.3; +https://openai.com/gptbot)"
15.158.243.72 - - [13/Apr/2026:13:33:53 +0000] "GET /index.php?format=xml&rest_route=%2Foembed%2F1.0%2Fembed&url=https%3A%2F%2F69b4844ae61d4e92bf26ad98af552775-devsite.readyship.co%2F%3Fp%3D66363 HTTP/1.1" 403 - "https://69b4844ae61d4e92bf26ad98af552775-devsite.readyship.co/?p=66363" "Mozilla/5.0 AppleWebKit/537.36 (KHTML, like Gecko; compatible; GPTBot/1.3; +https://openai.com/gptbot)"
15.158.243.99 - - [13/Apr/2026:13:33:54 +0000] "GET /index.php?format=xml&rest_route=%2Foembed%2F1.0%2Fembed&url=https%3A%2F%2F69b4844ae61d4e92bf26ad98af552775-devsite.readyship.co%2F%3Fp%3D10011 HTTP/1.1" 403 - "https://69b4844ae61d4e92bf26ad98af552775-devsite.readyship.co/?p=10011" "Mozilla/5.0 AppleWebKit/537.36 (KHTML, like Gecko; compatible; GPTBot/1.3; +https://openai.com/gptbot)"
64.252.82.51 - - [13/Apr/2026:13:33:54 +0000] "GET /?p=39310 HTTP/1.1" 200 20898 "-" "Amazon CloudFront"
64.252.85.188 - - [13/Apr/2026:13:33:56 +0000] "GET /?p=45347 HTTP/1.1" 200 16766 "-" "Amazon CloudFront"
64.252.82.51 - - [13/Apr/2026:13:33:57 +0000] "GET /?p=10007 HTTP/1.1" 200 15994 "-" "Amazon CloudFront"
64.252.82.51 - - [13/Apr/2026:13:33:59 +0000] "GET /?p=88670 HTTP/1.1" 200 15610 "-" "Amazon CloudFront"
64.252.82.51 - - [13/Apr/2026:13:34:00 +0000] "GET /?p=23536 HTTP/1.1" 200 21881 "-" "Amazon CloudFront"
64.252.82.51 - - [13/Apr/2026:13:34:01 +0000] "GET /?p=88390 HTTP/1.1" 200 15337 "-" "Amazon CloudFront"
64.252.83.165 - - [13/Apr/2026:13:34:03 +0000] "GET /?p=89658 HTTP/1.1" 200 21538 "-" "Amazon CloudFront"
64.252.82.51 - - [13/Apr/2026:13:34:04 +0000] "GET /?p=20245 HTTP/1.1" 200 15006 "-" "Amazon CloudFront"
64.252.83.165 - - [13/Apr/2026:13:34:06 +0000] "GET /?p=22954 HTTP/1.1" 200 15016 "-" "Amazon CloudFront"
64.252.83.165 - - [13/Apr/2026:13:34:07 +0000] "GET /?p=10015 HTTP/1.1" 200 16329 "-" "Amazon CloudFront"
64.252.82.51 - - [13/Apr/2026:13:34:08 +0000] "GET /?p=55195 HTTP/1.1" 200 14901 "-" "Amazon CloudFront"
64.252.83.165 - - [13/Apr/2026:13:34:10 +0000] "GET /?p=39308 HTTP/1.1" 200 16651 "-" "Amazon CloudFront"
64.252.85.188 - - [13/Apr/2026:13:34:11 +0000] "GET /?p=45345 HTTP/1.1" 200 17072 "-" "Amazon CloudFront"
64.252.82.51 - - [13/Apr/2026:13:34:17 +0000] "GET /?p=10005 HTTP/1.1" 200 15526 "-" "Amazon CloudFront"
64.252.85.188 - - [13/Apr/2026:13:34:19 +0000] "GET /?p=88672 HTTP/1.1" 200 22096 "-" "Amazon CloudFront"
64.252.67.128 - - [13/Apr/2026:13:34:12 +0000] "GET /?healthcheck_timestamp=1776087047976 HTTP/1.1" 200 178921 "-" "Amazon CloudFront"
64.252.83.165 - - [13/Apr/2026:13:34:20 +0000] "GET /?p=23538 HTTP/1.1" 200 15495 "-" "Amazon CloudFront"
15.158.215.109 - - [13/Apr/2026:13:34:22 +0000] "POST /wp-cron.php?doing_wp_cron=1776087262.3287510871887207031250 HTTP/1.1" 200 - "https://69b4844ae61d4e92bf26ad98af552775-devsite.readyship.co/wp-cron.php?doing_wp_cron=1776087262.3287510871887207031250" "WordPress/5.1.19; https://69b4844ae61d4e92bf26ad98af552775-devsite.readyship.co"
64.252.82.51 - - [13/Apr/2026:13:34:21 +0000] "GET /?p=88392 HTTP/1.1" 200 15542 "-" "Amazon CloudFront"
64.252.85.188 - - [13/Apr/2026:13:34:23 +0000] "GET /?p=88664 HTTP/1.1" 200 14944 "-" "Amazon CloudFront"
64.252.85.188 - - [13/Apr/2026:13:34:25 +0000] "GET /?p=20247 HTTP/1.1" 200 16438 "-" "Amazon CloudFront"
64.252.82.51 - - [13/Apr/2026:13:34:26 +0000] "GET /?p=20243 HTTP/1.1" 200 14586 "-" "Amazon CloudFront"
64.252.85.188 - - [13/Apr/2026:13:34:27 +0000] "GET /?p=10017 HTTP/1.1" 200 15674 "-" "Amazon CloudFront"
15.158.243.79 - - [13/Apr/2026:13:34:29 +0000] "GET /index.php?rest_route=%2Foembed%2F1.0%2Fembed&url=https%3A%2F%2F69b4844ae61d4e92bf26ad98af552775-devsite.readyship.co%2F%3Fp%3D55195 HTTP/1.1" 403 - "https://69b4844ae61d4e92bf26ad98af552775-devsite.readyship.co/?p=55195" "Mozilla/5.0 AppleWebKit/537.36 (KHTML, like Gecko; compatible; GPTBot/1.3; +https://openai.com/gptbot)"
15.158.243.79 - - [13/Apr/2026:13:34:29 +0000] "GET /index.php?format=xml&rest_route=%2Foembed%2F1.0%2Fembed&url=https%3A%2F%2F69b4844ae61d4e92bf26ad98af552775-devsite.readyship.co%2F%3Fp%3D55195 HTTP/1.1" 403 - "https://69b4844ae61d4e92bf26ad98af552775-devsite.readyship.co/?p=55195" "Mozilla/5.0 AppleWebKit/537.36 (KHTML, like Gecko; compatible; GPTBot/1.3; +https://openai.com/gptbot)"
64.252.82.51 - - [13/Apr/2026:13:34:30 +0000] "GET /?p=45343 HTTP/1.1" 200 16654 "-" "Amazon CloudFront"
64.252.82.51 - - [13/Apr/2026:13:34:31 +0000] "GET /?p=10001 HTTP/1.1" 200 14855 "-" "Amazon CloudFront"
64.252.83.165 - - [13/Apr/2026:13:34:32 +0000] "GET /?p=88674 HTTP/1.1" 200 14549 "-" "Amazon CloudFront"
64.252.85.188 - - [13/Apr/2026:13:34:34 +0000] "GET /?p=39306 HTTP/1.1" 200 15178 "-" "Amazon CloudFront"
64.252.83.165 - - [13/Apr/2026:13:34:35 +0000] "GET /?p=88394 HTTP/1.1" 200 18076 "-" "Amazon CloudFront"
64.252.85.188 - - [13/Apr/2026:13:34:36 +0000] "GET /?p=89082 HTTP/1.1" 200 21588 "-" "Amazon CloudFront"
64.252.85.188 - - [13/Apr/2026:13:34:37 +0000] "GET /?p=88662 HTTP/1.1" 200 17385 "-" "Amazon CloudFront"
64.252.85.188 - - [13/Apr/2026:13:34:39 +0000] "GET /?p=20249 HTTP/1.1" 200 14834 "-" "Amazon CloudFront"
64.252.83.165 - - [13/Apr/2026:13:34:40 +0000] "GET /?p=10019 HTTP/1.1" 200 15715 "-" "Amazon CloudFront"
64.252.85.188 - - [13/Apr/2026:13:34:46 +0000] "GET /?cat=195 HTTP/1.1" 200 9963 "-" "Amazon CloudFront"
64.252.83.165 - - [13/Apr/2026:13:34:48 +0000] "GET /?p=88080 HTTP/1.1" 200 16039 "-" "Amazon CloudFront"
64.252.82.51 - - [13/Apr/2026:13:34:49 +0000] "GET /?p=45341 HTTP/1.1" 200 17158 "-" "Amazon CloudFront"
64.252.85.188 - - [13/Apr/2026:13:34:50 +0000] "GET /?p=58557 HTTP/1.1" 200 14352 "-" "Amazon CloudFront"
64.252.83.165 - - [13/Apr/2026:13:34:52 +0000] "GET /?p=88676 HTTP/1.1" 200 13950 "-" "Amazon CloudFront"
64.252.83.165 - - [13/Apr/2026:13:34:53 +0000] "GET /?p=39304 HTTP/1.1" 200 17227 "-" "Amazon CloudFront"
64.252.82.51 - - [13/Apr/2026:13:34:54 +0000] "GET /?p=88396 HTTP/1.1" 200 17157 "-" "Amazon CloudFront"
64.252.82.51 - - [13/Apr/2026:13:34:55 +0000] "GET /?p=63343 HTTP/1.1" 200 14651 "-" "Amazon CloudFront"
64.252.68.163 - - [13/Apr/2026:13:34:55 +0000] "GET /?p=11049 HTTP/1.1" 200 16185 "-" "Amazon CloudFront"
64.252.85.188 - - [13/Apr/2026:13:34:57 +0000] "GET /?p=88660 HTTP/1.1" 200 18341 "-" "Amazon CloudFront"
64.252.83.165 - - [13/Apr/2026:13:34:58 +0000] "GET /?p=20251 HTTP/1.1" 200 15234 "-" "Amazon CloudFront"
64.252.85.188 - - [13/Apr/2026:13:34:59 +0000] "GET /?p=10021 HTTP/1.1" 200 15219 "-" "Amazon CloudFront"
64.252.82.51 - - [13/Apr/2026:13:35:00 +0000] "GET /?cat=195&feed=rss2 HTTP/1.1" 200 5755 "-" "Amazon CloudFront"
15.158.243.79 - - [13/Apr/2026:13:35:01 +0000] "GET /index.php?rest_route=%2Foembed%2F1.0%2Fembed&url=https%3A%2F%2F69b4844ae61d4e92bf26ad98af552775-devsite.readyship.co%2F%3Fp%3D88080 HTTP/1.1" 403 - "https://69b4844ae61d4e92bf26ad98af552775-devsite.readyship.co/?p=88080" "Mozilla/5.0 AppleWebKit/537.36 (KHTML, like Gecko; compatible; GPTBot/1.3; +https://openai.com/gptbot)"
15.158.243.79 - - [13/Apr/2026:13:35:02 +0000] "GET /index.php?format=xml&rest_route=%2Foembed%2F1.0%2Fembed&url=https%3A%2F%2F69b4844ae61d4e92bf26ad98af552775-devsite.readyship.co%2F%3Fp%3D88080 HTTP/1.1" 403 - "https://69b4844ae61d4e92bf26ad98af552775-devsite.readyship.co/?p=88080" "Mozilla/5.0 AppleWebKit/537.36 (KHTML, like Gecko; compatible; GPTBot/1.3; +https://openai.com/gptbot)"
15.158.243.72 - - [13/Apr/2026:13:35:02 +0000] "GET /index.php?rest_route=%2Foembed%2F1.0%2Fembed&url=https%3A%2F%2F69b4844ae61d4e92bf26ad98af552775-devsite.readyship.co%2F%3Fp%3D58557 HTTP/1.1" 403 - "https://69b4844ae61d4e92bf26ad98af552775-devsite.readyship.co/?p=58557" "Mozilla/5.0 AppleWebKit/537.36 (KHTML, like Gecko; compatible; GPTBot/1.3; +https://openai.com/gptbot)"
15.158.243.72 - - [13/Apr/2026:13:35:03 +0000] "GET /index.php?format=xml&rest_route=%2Foembed%2F1.0%2Fembed&url=https%3A%2F%2F69b4844ae61d4e92bf26ad98af552775-devsite.readyship.co%2F%3Fp%3D58557 HTTP/1.1" 403 - "https://69b4844ae61d4e92bf26ad98af552775-devsite.readyship.co/?p=58557" "Mozilla/5.0 AppleWebKit/537.36 (KHTML, like Gecko; compatible; GPTBot/1.3; +https://openai.com/gptbot)"
64.252.83.165 - - [13/Apr/2026:13:35:03 +0000] "GET /?p=45339 HTTP/1.1" 200 16754 "-" "Amazon CloudFront"
64.252.83.165 - - [13/Apr/2026:13:35:05 +0000] "GET /?p=39302 HTTP/1.1" 200 18109 "-" "Amazon CloudFront"
15.158.243.111 - - [13/Apr/2026:13:35:06 +0000] "GET /index.php?rest_route=%2Foembed%2F1.0%2Fembed&url=https%3A%2F%2F69b4844ae61d4e92bf26ad98af552775-devsite.readyship.co%2F%3Fp%3D63343 HTTP/1.1" 403 - "https://69b4844ae61d4e92bf26ad98af552775-devsite.readyship.co/?p=63343" "Mozilla/5.0 AppleWebKit/537.36 (KHTML, like Gecko; compatible; GPTBot/1.3; +https://openai.com/gptbot)"
15.158.243.111 - - [13/Apr/2026:13:35:07 +0000] "GET /index.php?format=xml&rest_route=%2Foembed%2F1.0%2Fembed&url=https%3A%2F%2F69b4844ae61d4e92bf26ad98af552775-devsite.readyship.co%2F%3Fp%3D63343 HTTP/1.1" 403 - "https://69b4844ae61d4e92bf26ad98af552775-devsite.readyship.co/?p=63343" "Mozilla/5.0 AppleWebKit/537.36 (KHTML, like Gecko; compatible; GPTBot/1.3; +https://openai.com/gptbot)"
64.252.83.165 - - [13/Apr/2026:13:35:07 +0000] "GET /?p=20255 HTTP/1.1" 200 14777 "-" "Amazon CloudFront"
64.252.83.165 - - [13/Apr/2026:13:35:09 +0000] "GET /?p=10023 HTTP/1.1" 200 15550 "-" "Amazon CloudFront"
64.252.82.51 - - [13/Apr/2026:13:35:10 +0000] "GET /?p=63323 HTTP/1.1" 200 14573 "-" "Amazon CloudFront"
64.252.83.165 - - [13/Apr/2026:13:35:11 +0000] "GET /?p=39338 HTTP/1.1" 200 17639 "-" "Amazon CloudFront"
64.252.85.188 - - [13/Apr/2026:13:35:12 +0000] "GET /?p=80880 HTTP/1.1" 200 21234 "-" "Amazon CloudFront"
64.252.82.51 - - [13/Apr/2026:13:35:14 +0000] "GET /?p=77167 HTTP/1.1" 200 14295 "-" "Amazon CloudFront"
64.252.85.188 - - [13/Apr/2026:13:35:15 +0000] "GET /?p=74773 HTTP/1.1" 200 16507 "-" "Amazon CloudFront"
64.252.82.51 - - [13/Apr/2026:13:35:16 +0000] "GET /?p=45337 HTTP/1.1" 200 16929 "-" "Amazon CloudFront"
64.252.83.165 - - [13/Apr/2026:13:35:18 +0000] "GET /?p=11651 HTTP/1.1" 200 15238 "-" "Amazon CloudFront"
64.252.85.188 - - [13/Apr/2026:13:35:19 +0000] "GET /?p=13711 HTTP/1.1" 200 16293 "-" "Amazon CloudFront"
64.252.85.188 - - [13/Apr/2026:13:35:20 +0000] "GET /?p=19611 HTTP/1.1" 200 14559 "-" "Amazon CloudFront"
15.158.215.109 - - [13/Apr/2026:13:35:22 +0000] "POST /wp-cron.php?doing_wp_cron=1776087322.2746338844299316406250 HTTP/1.1" 200 - "https://69b4844ae61d4e92bf26ad98af552775-devsite.readyship.co/wp-cron.php?doing_wp_cron=1776087322.2746338844299316406250" "WordPress/5.1.19; https://69b4844ae61d4e92bf26ad98af552775-devsite.readyship.co"
64.252.82.51 - - [13/Apr/2026:13:35:21 +0000] "GET /?p=20253 HTTP/1.1" 200 15199 "-" "Amazon CloudFront"
64.252.82.51 - - [13/Apr/2026:13:35:23 +0000] "GET /?p=10025 HTTP/1.1" 200 15351 "-" "Amazon CloudFront"
15.158.243.79 - - [13/Apr/2026:13:35:25 +0000] "GET /index.php?rest_route=%2Foembed%2F1.0%2Fembed&url=https%3A%2F%2F69b4844ae61d4e92bf26ad98af552775-devsite.readyship.co%2F%3Fp%3D63323 HTTP/1.1" 403 - "https://69b4844ae61d4e92bf26ad98af552775-devsite.readyship.co/?p=63323" "Mozilla/5.0 AppleWebKit/537.36 (KHTML, like Gecko; compatible; GPTBot/1.3; +https://openai.com/gptbot)"
15.158.243.79 - - [13/Apr/2026:13:35:25 +0000] "GET /index.php?rest_route=%2Foembed%2F1.0%2Fembed&url=https%3A%2F%2F69b4844ae61d4e92bf26ad98af552775-devsite.readyship.co%2F%3Fp%3D39338 HTTP/1.1" 403 - "https://69b4844ae61d4e92bf26ad98af552775-devsite.readyship.co/?p=39338" "Mozilla/5.0 AppleWebKit/537.36 (KHTML, like Gecko; compatible; GPTBot/1.3; +https://openai.com/gptbot)"
15.158.243.72 - - [13/Apr/2026:13:35:26 +0000] "GET /index.php?rest_route=%2Foembed%2F1.0%2Fembed&url=https%3A%2F%2F69b4844ae61d4e92bf26ad98af552775-devsite.readyship.co%2F%3Fp%3D80880 HTTP/1.1" 403 - "https://69b4844ae61d4e92bf26ad98af552775-devsite.readyship.co/?p=80880" "Mozilla/5.0 AppleWebKit/537.36 (KHTML, like Gecko; compatible; GPTBot/1.3; +https://openai.com/gptbot)"
15.158.243.111 - - [13/Apr/2026:13:35:26 +0000] "GET /index.php?rest_route=%2Foembed%2F1.0%2Fembed&url=https%3A%2F%2F69b4844ae61d4e92bf26ad98af552775-devsite.readyship.co%2F%3Fp%3D77167 HTTP/1.1" 403 - "https://69b4844ae61d4e92bf26ad98af552775-devsite.readyship.co/?p=77167" "Mozilla/5.0 AppleWebKit/537.36 (KHTML, like Gecko; compatible; GPTBot/1.3; +https://openai.com/gptbot)"
15.158.243.72 - - [13/Apr/2026:13:35:27 +0000] "GET /index.php?rest_route=%2Foembed%2F1.0%2Fembed&url=https%3A%2F%2F69b4844ae61d4e92bf26ad98af552775-devsite.readyship.co%2F%3Fp%3D74773 HTTP/1.1" 403 - "https://69b4844ae61d4e92bf26ad98af552775-devsite.readyship.co/?p=74773" "Mozilla/5.0 AppleWebKit/537.36 (KHTML, like Gecko; compatible; GPTBot/1.3; +https://openai.com/gptbot)"
15.158.243.72 - - [13/Apr/2026:13:35:27 +0000] "GET /index.php?format=xml&rest_route=%2Foembed%2F1.0%2Fembed&url=https%3A%2F%2F69b4844ae61d4e92bf26ad98af552775-devsite.readyship.co%2F%3Fp%3D77167 HTTP/1.1" 403 - "https://69b4844ae61d4e92bf26ad98af552775-devsite.readyship.co/?p=77167" "Mozilla/5.0 AppleWebKit/537.36 (KHTML, like Gecko; compatible; GPTBot/1.3; +https://openai.com/gptbot)"
15.158.243.111 - - [13/Apr/2026:13:35:28 +0000] "GET /index.php?rest_route=%2Foembed%2F1.0%2Fembed&url=https%3A%2F%2F69b4844ae61d4e92bf26ad98af552775-devsite.readyship.co%2F%3Fp%3D11651 HTTP/1.1" 403 - "https://69b4844ae61d4e92bf26ad98af552775-devsite.readyship.co/?p=11651" "Mozilla/5.0 AppleWebKit/537.36 (KHTML, like Gecko; compatible; GPTBot/1.3; +https://openai.com/gptbot)"
15.158.243.72 - - [13/Apr/2026:13:35:28 +0000] "GET /index.php?rest_route=%2Foembed%2F1.0%2Fembed&url=https%3A%2F%2F69b4844ae61d4e92bf26ad98af552775-devsite.readyship.co%2F%3Fp%3D13711 HTTP/1.1" 403 - "https://69b4844ae61d4e92bf26ad98af552775-devsite.readyship.co/?p=13711" "Mozilla/5.0 AppleWebKit/537.36 (KHTML, like Gecko; compatible; GPTBot/1.3; +https://openai.com/gptbot)"
15.158.243.111 - - [13/Apr/2026:13:35:29 +0000] "GET /index.php?rest_route=%2Foembed%2F1.0%2Fembed&url=https%3A%2F%2F69b4844ae61d4e92bf26ad98af552775-devsite.readyship.co%2F%3Fp%3D19611 HTTP/1.1" 403 - "https://69b4844ae61d4e92bf26ad98af552775-devsite.readyship.co/?p=19611" "Mozilla/5.0 AppleWebKit/537.36 (KHTML, like Gecko; compatible; GPTBot/1.3; +https://openai.com/gptbot)"
15.158.243.102 - - [13/Apr/2026:13:35:29 +0000] "GET /index.php?format=xml&rest_route=%2Foembed%2F1.0%2Fembed&url=https%3A%2F%2F69b4844ae61d4e92bf26ad98af552775-devsite.readyship.co%2F%3Fp%3D80880 HTTP/1.1" 403 - "https://69b4844ae61d4e92bf26ad98af552775-devsite.readyship.co/?p=80880" "Mozilla/5.0 AppleWebKit/537.36 (KHTML, like Gecko; compatible; GPTBot/1.3; +https://openai.com/gptbot)"
15.158.243.72 - - [13/Apr/2026:13:35:30 +0000] "GET /index.php?format=xml&rest_route=%2Foembed%2F1.0%2Fembed&url=https%3A%2F%2F69b4844ae61d4e92bf26ad98af552775-devsite.readyship.co%2F%3Fp%3D39338 HTTP/1.1" 403 - "https://69b4844ae61d4e92bf26ad98af552775-devsite.readyship.co/?p=39338" "Mozilla/5.0 AppleWebKit/537.36 (KHTML, like Gecko; compatible; GPTBot/1.3; +https://openai.com/gptbot)"
15.158.243.102 - - [13/Apr/2026:13:35:30 +0000] "GET /index.php?format=xml&rest_route=%2Foembed%2F1.0%2Fembed&url=https%3A%2F%2F69b4844ae61d4e92bf26ad98af552775-devsite.readyship.co%2F%3Fp%3D11651 HTTP/1.1" 403 - "https://69b4844ae61d4e92bf26ad98af552775-devsite.readyship.co/?p=11651" "Mozilla/5.0 AppleWebKit/537.36 (KHTML, like Gecko; compatible; GPTBot/1.3; +https://openai.com/gptbot)"
15.158.243.68 - - [13/Apr/2026:13:35:31 +0000] "GET /index.php?format=xml&rest_route=%2Foembed%2F1.0%2Fembed&url=https%3A%2F%2F69b4844ae61d4e92bf26ad98af552775-devsite.readyship.co%2F%3Fp%3D74773 HTTP/1.1" 403 - "https://69b4844ae61d4e92bf26ad98af552775-devsite.readyship.co/?p=74773" "Mozilla/5.0 AppleWebKit/537.36 (KHTML, like Gecko; compatible; GPTBot/1.3; +https://openai.com/gptbot)"
15.158.243.68 - - [13/Apr/2026:13:35:31 +0000] "GET /index.php?format=xml&rest_route=%2Foembed%2F1.0%2Fembed&url=https%3A%2F%2F69b4844ae61d4e92bf26ad98af552775-devsite.readyship.co%2F%3Fp%3D13711 HTTP/1.1" 403 - "https://69b4844ae61d4e92bf26ad98af552775-devsite.readyship.co/?p=13711" "Mozilla/5.0 AppleWebKit/537.36 (KHTML, like Gecko; compatible; GPTBot/1.3; +https://openai.com/gptbot)"
15.158.243.72 - - [13/Apr/2026:13:35:32 +0000] "GET /index.php?format=xml&rest_route=%2Foembed%2F1.0%2Fembed&url=https%3A%2F%2F69b4844ae61d4e92bf26ad98af552775-devsite.readyship.co%2F%3Fp%3D19611 HTTP/1.1" 403 - "https://69b4844ae61d4e92bf26ad98af552775-devsite.readyship.co/?p=19611" "Mozilla/5.0 AppleWebKit/537.36 (KHTML, like Gecko; compatible; GPTBot/1.3; +https://openai.com/gptbot)"
15.158.243.99 - - [13/Apr/2026:13:35:33 +0000] "GET /index.php?format=xml&rest_route=%2Foembed%2F1.0%2Fembed&url=https%3A%2F%2F69b4844ae61d4e92bf26ad98af552775-devsite.readyship.co%2F%3Fp%3D63323 HTTP/1.1" 403 - "https://69b4844ae61d4e92bf26ad98af552775-devsite.readyship.co/?p=63323" "Mozilla/5.0 AppleWebKit/537.36 (KHTML, like Gecko; compatible; GPTBot/1.3; +https://openai.com/gptbot)"
64.252.85.188 - - [13/Apr/2026:13:35:33 +0000] "GET /?p=11653 HTTP/1.1" 200 14950 "-" "Amazon CloudFront"
64.252.83.165 - - [13/Apr/2026:13:35:34 +0000] "GET /?p=13713 HTTP/1.1" 200 13928 "-" "Amazon CloudFront"
64.252.83.165 - - [13/Apr/2026:13:35:36 +0000] "GET /?p=11649 HTTP/1.1" 200 15159 "-" "Amazon CloudFront"
64.252.82.51 - - [13/Apr/2026:13:35:37 +0000] "GET /?p=45335 HTTP/1.1" 200 16771 "-" "Amazon CloudFront"
64.252.83.165 - - [13/Apr/2026:13:35:38 +0000] "GET /?p=39340 HTTP/1.1" 200 15732 "-" "Amazon CloudFront"
64.252.82.51 - - [13/Apr/2026:13:35:39 +0000] "GET /?p=20257 HTTP/1.1" 200 17588 "-" "Amazon CloudFront"
64.252.82.51 - - [13/Apr/2026:13:35:41 +0000] "GET /?p=19609 HTTP/1.1" 200 14525 "-" "Amazon CloudFront"
64.252.83.165 - - [13/Apr/2026:13:35:42 +0000] "GET /?p=10027 HTTP/1.1" 200 16253 "-" "Amazon CloudFront"
64.252.82.51 - - [13/Apr/2026:13:35:43 +0000] "GET /?p=19613 HTTP/1.1" 200 14753 "-" "Amazon CloudFront"
64.252.83.165 - - [13/Apr/2026:13:35:44 +0000] "GET /?p=11541 HTTP/1.1" 200 15510 "-" "Amazon CloudFront"
64.252.82.51 - - [13/Apr/2026:13:35:46 +0000] "GET /?p=75770 HTTP/1.1" 200 13510 "-" "Amazon CloudFront"
64.252.85.188 - - [13/Apr/2026:13:35:47 +0000] "GET /?p=11655 HTTP/1.1" 200 15529 "-" "Amazon CloudFront"
64.252.82.51 - - [13/Apr/2026:13:35:48 +0000] "GET /?p=13715 HTTP/1.1" 200 14475 "-" "Amazon CloudFront"
64.252.83.165 - - [13/Apr/2026:13:35:50 +0000] "GET /?p=89884 HTTP/1.1" 200 21601 "-" "Amazon CloudFront"
64.252.82.51 - - [13/Apr/2026:13:35:51 +0000] "GET /?p=45333 HTTP/1.1" 200 16890 "-" "Amazon CloudFront"
64.252.82.51 - - [13/Apr/2026:13:35:52 +0000] "GET /?p=39342 HTTP/1.1" 200 17324 "-" "Amazon CloudFront"
64.252.82.51 - - [13/Apr/2026:13:35:53 +0000] "GET /?p=20259 HTTP/1.1" 200 14764 "-" "Amazon CloudFront"
64.252.82.51 - - [13/Apr/2026:13:35:55 +0000] "GET /?p=29922 HTTP/1.1" 200 17310 "-" "Amazon CloudFront"
64.252.83.165 - - [13/Apr/2026:13:35:56 +0000] "GET /?p=10029 HTTP/1.1" 200 16712 "-" "Amazon CloudFront"
64.252.83.165 - - [13/Apr/2026:13:35:57 +0000] "GET /?p=19615 HTTP/1.1" 200 14423 "-" "Amazon CloudFront"
15.158.243.79 - - [13/Apr/2026:13:35:59 +0000] "GET /index.php?rest_route=%2Foembed%2F1.0%2Fembed&url=https%3A%2F%2F69b4844ae61d4e92bf26ad98af552775-devsite.readyship.co%2F%3Fp%3D11541 HTTP/1.1" 403 - "https://69b4844ae61d4e92bf26ad98af552775-devsite.readyship.co/?p=11541" "Mozilla/5.0 AppleWebKit/537.36 (KHTML, like Gecko; compatible; GPTBot/1.3; +https://openai.com/gptbot)"
15.158.243.79 - - [13/Apr/2026:13:35:59 +0000] "GET /index.php?rest_route=%2Foembed%2F1.0%2Fembed&url=https%3A%2F%2F69b4844ae61d4e92bf26ad98af552775-devsite.readyship.co%2F%3Fp%3D75770 HTTP/1.1" 403 - "https://69b4844ae61d4e92bf26ad98af552775-devsite.readyship.co/?p=75770" "Mozilla/5.0 AppleWebKit/537.36 (KHTML, like Gecko; compatible; GPTBot/1.3; +https://openai.com/gptbot)"
15.158.243.72 - - [13/Apr/2026:13:36:00 +0000] "GET /index.php?format=xml&rest_route=%2Foembed%2F1.0%2Fembed&url=https%3A%2F%2F69b4844ae61d4e92bf26ad98af552775-devsite.readyship.co%2F%3Fp%3D75770 HTTP/1.1" 403 - "https://69b4844ae61d4e92bf26ad98af552775-devsite.readyship.co/?p=75770" "Mozilla/5.0 AppleWebKit/537.36 (KHTML, like Gecko; compatible; GPTBot/1.3; +https://openai.com/gptbot)"
15.158.243.111 - - [13/Apr/2026:13:36:00 +0000] "GET /index.php?format=xml&rest_route=%2Foembed%2F1.0%2Fembed&url=https%3A%2F%2F69b4844ae61d4e92bf26ad98af552775-devsite.readyship.co%2F%3Fp%3D11541 HTTP/1.1" 403 - "https://69b4844ae61d4e92bf26ad98af552775-devsite.readyship.co/?p=11541" "Mozilla/5.0 AppleWebKit/537.36 (KHTML, like Gecko; compatible; GPTBot/1.3; +https://openai.com/gptbot)"
15.158.243.111 - - [13/Apr/2026:13:36:01 +0000] "GET /index.php?rest_route=%2Foembed%2F1.0%2Fembed&url=https%3A%2F%2F69b4844ae61d4e92bf26ad98af552775-devsite.readyship.co%2F%3Fp%3D89884 HTTP/1.1" 403 - "https://69b4844ae61d4e92bf26ad98af552775-devsite.readyship.co/?p=89884" "Mozilla/5.0 AppleWebKit/537.36 (KHTML, like Gecko; compatible; GPTBot/1.3; +https://openai.com/gptbot)"
15.158.243.102 - - [13/Apr/2026:13:36:01 +0000] "GET /index.php?format=xml&rest_route=%2Foembed%2F1.0%2Fembed&url=https%3A%2F%2F69b4844ae61d4e92bf26ad98af552775-devsite.readyship.co%2F%3Fp%3D89884 HTTP/1.1" 403 - "https://69b4844ae61d4e92bf26ad98af552775-devsite.readyship.co/?p=89884" "Mozilla/5.0 AppleWebKit/537.36 (KHTML, like Gecko; compatible; GPTBot/1.3; +https://openai.com/gptbot)"
64.252.83.165 - - [13/Apr/2026:13:36:02 +0000] "GET /?p=11657 HTTP/1.1" 200 14989 "-" "Amazon CloudFront"
64.252.82.51 - - [13/Apr/2026:13:36:03 +0000] "GET /?p=39344 HTTP/1.1" 200 17351 "-" "Amazon CloudFront"
15.158.243.72 - - [13/Apr/2026:13:36:05 +0000] "GET /index.php?rest_route=%2Foembed%2F1.0%2Fembed&url=https%3A%2F%2F69b4844ae61d4e92bf26ad98af552775-devsite.readyship.co%2F%3Fp%3D29922 HTTP/1.1" 403 - "https://69b4844ae61d4e92bf26ad98af552775-devsite.readyship.co/?p=29922" "Mozilla/5.0 AppleWebKit/537.36 (KHTML, like Gecko; compatible; GPTBot/1.3; +https://openai.com/gptbot)"
15.158.243.102 - - [13/Apr/2026:13:36:05 +0000] "GET /index.php?format=xml&rest_route=%2Foembed%2F1.0%2Fembed&url=https%3A%2F%2F69b4844ae61d4e92bf26ad98af552775-devsite.readyship.co%2F%3Fp%3D29922 HTTP/1.1" 403 - "https://69b4844ae61d4e92bf26ad98af552775-devsite.readyship.co/?p=29922" "Mozilla/5.0 AppleWebKit/537.36 (KHTML, like Gecko; compatible; GPTBot/1.3; +https://openai.com/gptbot)"
64.252.85.188 - - [13/Apr/2026:13:36:06 +0000] "GET /?p=10035 HTTP/1.1" 200 17831 "-" "Amazon CloudFront"
64.252.85.188 - - [13/Apr/2026:13:36:07 +0000] "GET /?p=13717 HTTP/1.1" 200 14377 "-" "Amazon CloudFront"
64.252.83.165 - - [13/Apr/2026:13:36:08 +0000] "GET /?p=45331 HTTP/1.1" 200 17088 "-" "Amazon CloudFront"
64.252.83.165 - - [13/Apr/2026:13:36:10 +0000] "GET /?p=29920 HTTP/1.1" 200 17049 "-" "Amazon CloudFront"
64.252.82.51 - - [13/Apr/2026:13:36:11 +0000] "GET /?p=19619 HTTP/1.1" 200 14523 "-" "Amazon CloudFront"
64.252.83.165 - - [13/Apr/2026:13:36:12 +0000] "GET /?p=29924 HTTP/1.1" 200 16587 "-" "Amazon CloudFront"
64.252.82.51 - - [13/Apr/2026:13:36:13 +0000] "GET /?p=20261 HTTP/1.1" 200 15667 "-" "Amazon CloudFront"
64.252.83.165 - - [13/Apr/2026:13:36:15 +0000] "GET /?p=11659 HTTP/1.1" 200 15538 "-" "Amazon CloudFront"
64.252.82.51 - - [13/Apr/2026:13:36:16 +0000] "GET /?p=39346 HTTP/1.1" 200 16595 "-" "Amazon CloudFront"
64.252.85.188 - - [13/Apr/2026:13:36:17 +0000] "GET /?p=47767 HTTP/1.1" 200 21983 "-" "Amazon CloudFront"
64.252.83.165 - - [13/Apr/2026:13:36:19 +0000] "GET /?p=23252 HTTP/1.1" 200 18527 "-" "Amazon CloudFront"
64.252.83.165 - - [13/Apr/2026:13:36:20 +0000] "GET /?p=10037 HTTP/1.1" 200 14176 "-" "Amazon CloudFront"
64.252.85.188 - - [13/Apr/2026:13:36:21 +0000] "GET /?p=13719 HTTP/1.1" 200 14371 "-" "Amazon CloudFront"
15.158.215.109 - - [13/Apr/2026:13:36:23 +0000] "POST /wp-cron.php?doing_wp_cron=1776087383.1050999164581298828125 HTTP/1.1" 200 - "https://69b4844ae61d4e92bf26ad98af552775-devsite.readyship.co/wp-cron.php?doing_wp_cron=1776087383.1050999164581298828125" "WordPress/5.1.19; https://69b4844ae61d4e92bf26ad98af552775-devsite.readyship.co"
64.252.85.188 - - [13/Apr/2026:13:36:22 +0000] "GET /?p=55805 HTTP/1.1" 200 14450 "-" "Amazon CloudFront"
64.252.83.165 - - [13/Apr/2026:13:36:24 +0000] "GET /?p=29918 HTTP/1.1" 200 22323 "-" "Amazon CloudFront"
64.252.82.51 - - [13/Apr/2026:13:36:25 +0000] "GET /?p=19621 HTTP/1.1" 200 14567 "-" "Amazon CloudFront"
64.252.82.51 - - [13/Apr/2026:13:36:26 +0000] "GET /?p=29926 HTTP/1.1" 200 23735 "-" "Amazon CloudFront"
64.252.83.165 - - [13/Apr/2026:13:36:28 +0000] "GET /?p=20263 HTTP/1.1" 200 14622 "-" "Amazon CloudFront"
64.252.83.165 - - [13/Apr/2026:13:36:29 +0000] "GET /?p=19617 HTTP/1.1" 200 14842 "-" "Amazon CloudFront"
15.158.243.79 - - [13/Apr/2026:13:36:31 +0000] "GET /index.php?rest_route=%2Foembed%2F1.0%2Fembed&url=https%3A%2F%2F69b4844ae61d4e92bf26ad98af552775-devsite.readyship.co%2F%3Fp%3D47767 HTTP/1.1" 403 - "https://69b4844ae61d4e92bf26ad98af552775-devsite.readyship.co/?p=47767" "Mozilla/5.0 AppleWebKit/537.36 (KHTML, like Gecko; compatible; GPTBot/1.3; +https://openai.com/gptbot)"
64.252.85.188 - - [13/Apr/2026:13:36:30 +0000] "GET /?p=39348 HTTP/1.1" 200 16129 "-" "Amazon CloudFront"
15.158.243.79 - - [13/Apr/2026:13:36:32 +0000] "GET /index.php?rest_route=%2Foembed%2F1.0%2Fembed&url=https%3A%2F%2F69b4844ae61d4e92bf26ad98af552775-devsite.readyship.co%2F%3Fp%3D23252 HTTP/1.1" 403 - "https://69b4844ae61d4e92bf26ad98af552775-devsite.readyship.co/?p=23252" "Mozilla/5.0 AppleWebKit/537.36 (KHTML, like Gecko; compatible; GPTBot/1.3; +https://openai.com/gptbot)"
15.158.243.111 - - [13/Apr/2026:13:36:32 +0000] "GET /index.php?format=xml&rest_route=%2Foembed%2F1.0%2Fembed&url=https%3A%2F%2F69b4844ae61d4e92bf26ad98af552775-devsite.readyship.co%2F%3Fp%3D23252 HTTP/1.1" 403 - "https://69b4844ae61d4e92bf26ad98af552775-devsite.readyship.co/?p=23252" "Mozilla/5.0 AppleWebKit/537.36 (KHTML, like Gecko; compatible; GPTBot/1.3; +https://openai.com/gptbot)"
15.158.243.111 - - [13/Apr/2026:13:36:33 +0000] "GET /index.php?format=xml&rest_route=%2Foembed%2F1.0%2Fembed&url=https%3A%2F%2F69b4844ae61d4e92bf26ad98af552775-devsite.readyship.co%2F%3Fp%3D47767 HTTP/1.1" 403 - "https://69b4844ae61d4e92bf26ad98af552775-devsite.readyship.co/?p=47767" "Mozilla/5.0 AppleWebKit/537.36 (KHTML, like Gecko; compatible; GPTBot/1.3; +https://openai.com/gptbot)"
15.158.243.72 - - [13/Apr/2026:13:36:33 +0000] "GET /index.php?rest_route=%2Foembed%2F1.0%2Fembed&url=https%3A%2F%2F69b4844ae61d4e92bf26ad98af552775-devsite.readyship.co%2F%3Fp%3D55805 HTTP/1.1" 403 - "https://69b4844ae61d4e92bf26ad98af552775-devsite.readyship.co/?p=55805" "Mozilla/5.0 AppleWebKit/537.36 (KHTML, like Gecko; compatible; GPTBot/1.3; +https://openai.com/gptbot)"
15.158.243.111 - - [13/Apr/2026:13:36:34 +0000] "GET /index.php?format=xml&rest_route=%2Foembed%2F1.0%2Fembed&url=https%3A%2F%2F69b4844ae61d4e92bf26ad98af552775-devsite.readyship.co%2F%3Fp%3D55805 HTTP/1.1" 403 - "https://69b4844ae61d4e92bf26ad98af552775-devsite.readyship.co/?p=55805" "Mozilla/5.0 AppleWebKit/537.36 (KHTML, like Gecko; compatible; GPTBot/1.3; +https://openai.com/gptbot)"
64.252.82.51 - - [13/Apr/2026:13:36:35 +0000] "GET /?p=29916 HTTP/1.1" 200 16725 "-" "Amazon CloudFront"
64.252.83.165 - - [13/Apr/2026:13:36:36 +0000] "GET /?p=29928 HTTP/1.1" 200 16118 "-" "Amazon CloudFront"
64.252.83.165 - - [13/Apr/2026:13:36:37 +0000] "GET /?p=13721 HTTP/1.1" 200 14337 "-" "Amazon CloudFront"
64.252.83.165 - - [13/Apr/2026:13:36:38 +0000] "GET /?p=20265 HTTP/1.1" 200 15835 "-" "Amazon CloudFront"
64.252.85.188 - - [13/Apr/2026:13:36:40 +0000] "GET /?p=39350 HTTP/1.1" 200 18237 "-" "Amazon CloudFront"
64.252.82.51 - - [13/Apr/2026:13:36:41 +0000] "GET /?p=23254 HTTP/1.1" 200 15113 "-" "Amazon CloudFront"
64.252.82.51 - - [13/Apr/2026:13:36:42 +0000] "GET /?p=23250 HTTP/1.1" 200 15938 "-" "Amazon CloudFront"
64.252.85.188 - - [13/Apr/2026:13:36:43 +0000] "GET /?p=10039 HTTP/1.1" 200 14589 "-" "Amazon CloudFront"
64.252.83.165 - - [13/Apr/2026:13:36:44 +0000] "GET /?p=85565 HTTP/1.1" 200 16486 "-" "Amazon CloudFront"
64.252.85.188 - - [13/Apr/2026:13:36:46 +0000] "GET /?p=88928 HTTP/1.1" 200 22654 "-" "Amazon CloudFront"
64.252.82.51 - - [13/Apr/2026:13:36:47 +0000] "GET /?p=54505 HTTP/1.1" 200 14424 "-" "Amazon CloudFront"
64.252.83.165 - - [13/Apr/2026:13:36:48 +0000] "GET /?p=29914 HTTP/1.1" 200 22200 "-" "Amazon CloudFront"
64.252.82.51 - - [13/Apr/2026:13:36:50 +0000] "GET /?p=29930 HTTP/1.1" 200 21020 "-" "Amazon CloudFront"
64.252.85.188 - - [13/Apr/2026:13:36:51 +0000] "GET /?p=13723 HTTP/1.1" 200 14896 "-" "Amazon CloudFront"
64.252.82.51 - - [13/Apr/2026:13:36:52 +0000] "GET /?p=20267 HTTP/1.1" 200 15029 "-" "Amazon CloudFront"
64.252.82.51 - - [13/Apr/2026:13:36:53 +0000] "GET /?p=39352 HTTP/1.1" 200 15217 "-" "Amazon CloudFront"
64.252.85.188 - - [13/Apr/2026:13:36:55 +0000] "GET /?p=23256 HTTP/1.1" 200 15638 "-" "Amazon CloudFront"
64.252.85.188 - - [13/Apr/2026:13:36:56 +0000] "GET /?p=23248 HTTP/1.1" 200 16175 "-" "Amazon CloudFront"
64.252.82.51 - - [13/Apr/2026:13:36:57 +0000] "GET /?p=10041 HTTP/1.1" 200 15488 "-" "Amazon CloudFront"
15.158.243.79 - - [13/Apr/2026:13:36:58 +0000] "GET /index.php?rest_route=%2Foembed%2F1.0%2Fembed&url=https%3A%2F%2F69b4844ae61d4e92bf26ad98af552775-devsite.readyship.co%2F%3Fp%3D85565 HTTP/1.1" 403 - "https://69b4844ae61d4e92bf26ad98af552775-devsite.readyship.co/?p=85565" "Mozilla/5.0 AppleWebKit/537.36 (KHTML, like Gecko; compatible; GPTBot/1.3; +https://openai.com/gptbot)"
15.158.243.79 - - [13/Apr/2026:13:36:59 +0000] "GET /index.php?format=xml&rest_route=%2Foembed%2F1.0%2Fembed&url=https%3A%2F%2F69b4844ae61d4e92bf26ad98af552775-devsite.readyship.co%2F%3Fp%3D85565 HTTP/1.1" 403 - "https://69b4844ae61d4e92bf26ad98af552775-devsite.readyship.co/?p=85565" "Mozilla/5.0 AppleWebKit/537.36 (KHTML, like Gecko; compatible; GPTBot/1.3; +https://openai.com/gptbot)"
15.158.243.111 - - [13/Apr/2026:13:37:00 +0000] "GET /index.php?format=xml&rest_route=%2Foembed%2F1.0%2Fembed&url=https%3A%2F%2F69b4844ae61d4e92bf26ad98af552775-devsite.readyship.co%2F%3Fp%3D88928 HTTP/1.1" 403 - "https://69b4844ae61d4e92bf26ad98af552775-devsite.readyship.co/?p=88928" "Mozilla/5.0 AppleWebKit/537.36 (KHTML, like Gecko; compatible; GPTBot/1.3; +https://openai.com/gptbot)"
15.158.243.72 - - [13/Apr/2026:13:36:59 +0000] "GET /index.php?rest_route=%2Foembed%2F1.0%2Fembed&url=https%3A%2F%2F69b4844ae61d4e92bf26ad98af552775-devsite.readyship.co%2F%3Fp%3D54505 HTTP/1.1" 403 - "https://69b4844ae61d4e92bf26ad98af552775-devsite.readyship.co/?p=54505" "Mozilla/5.0 AppleWebKit/537.36 (KHTML, like Gecko; compatible; GPTBot/1.3; +https://openai.com/gptbot)"
15.158.243.111 - - [13/Apr/2026:13:37:00 +0000] "GET /index.php?format=xml&rest_route=%2Foembed%2F1.0%2Fembed&url=https%3A%2F%2F69b4844ae61d4e92bf26ad98af552775-devsite.readyship.co%2F%3Fp%3D54505 HTTP/1.1" 403 - "https://69b4844ae61d4e92bf26ad98af552775-devsite.readyship.co/?p=54505" "Mozilla/5.0 AppleWebKit/537.36 (KHTML, like Gecko; compatible; GPTBot/1.3; +https://openai.com/gptbot)"
64.252.82.51 - - [13/Apr/2026:13:37:01 +0000] "GET /?p=88926 HTTP/1.1" 200 17406 "-" "Amazon CloudFront"
64.252.85.188 - - [13/Apr/2026:13:37:02 +0000] "GET /?p=88930 HTTP/1.1" 200 17799 "-" "Amazon CloudFront"
64.252.83.165 - - [13/Apr/2026:13:37:04 +0000] "GET /?p=85563 HTTP/1.1" 200 17834 "-" "Amazon CloudFront"
64.252.83.165 - - [13/Apr/2026:13:37:05 +0000] "GET /?p=20269 HTTP/1.1" 200 14668 "-" "Amazon CloudFront"
64.252.83.165 - - [13/Apr/2026:13:37:06 +0000] "GET /?p=29912 HTTP/1.1" 200 17138 "-" "Amazon CloudFront"
64.252.83.165 - - [13/Apr/2026:13:37:08 +0000] "GET /?p=10043 HTTP/1.1" 200 14616 "-" "Amazon CloudFront"
64.252.85.188 - - [13/Apr/2026:13:37:09 +0000] "GET /?p=13727 HTTP/1.1" 200 14359 "-" "Amazon CloudFront"
64.252.85.188 - - [13/Apr/2026:13:37:10 +0000] "GET /?p=39354 HTTP/1.1" 200 17043 "-" "Amazon CloudFront"
64.252.82.51 - - [13/Apr/2026:13:37:12 +0000] "GET /?p=23246 HTTP/1.1" 200 22425 "-" "Amazon CloudFront"
64.252.85.188 - - [13/Apr/2026:13:37:13 +0000] "GET /?p=85567 HTTP/1.1" 200 17550 "-" "Amazon CloudFront"
64.252.85.188 - - [13/Apr/2026:13:37:14 +0000] "GET /?p=29932 HTTP/1.1" 200 17156 "-" "Amazon CloudFront"
64.252.83.165 - - [13/Apr/2026:13:37:16 +0000] "GET /?p=88924 HTTP/1.1" 200 15355 "-" "Amazon CloudFront"
64.252.82.51 - - [13/Apr/2026:13:37:17 +0000] "GET /?p=88932 HTTP/1.1" 200 15322 "-" "Amazon CloudFront"
64.252.82.51 - - [13/Apr/2026:13:37:18 +0000] "GET /?p=85561 HTTP/1.1" 200 18148 "-" "Amazon CloudFront"
64.252.83.165 - - [13/Apr/2026:13:37:19 +0000] "GET /?p=20271 HTTP/1.1" 200 15051 "-" "Amazon CloudFront"
64.252.83.165 - - [13/Apr/2026:13:37:21 +0000] "GET /?p=29910 HTTP/1.1" 200 16313 "-" "Amazon CloudFront"
15.158.215.109 - - [13/Apr/2026:13:37:22 +0000] "POST /wp-cron.php?doing_wp_cron=1776087442.8969719409942626953125 HTTP/1.1" 200 - "https://69b4844ae61d4e92bf26ad98af552775-devsite.readyship.co/wp-cron.php?doing_wp_cron=1776087442.8969719409942626953125" "WordPress/5.1.19; https://69b4844ae61d4e92bf26ad98af552775-devsite.readyship.co"
64.252.83.165 - - [13/Apr/2026:13:37:22 +0000] "GET /?p=10045 HTTP/1.1" 200 14507 "-" "Amazon CloudFront"
64.252.85.188 - - [13/Apr/2026:13:37:24 +0000] "GET /?p=23258 HTTP/1.1" 200 15193 "-" "Amazon CloudFront"
64.252.83.165 - - [13/Apr/2026:13:37:25 +0000] "GET /?p=39356 HTTP/1.1" 200 20718 "-" "Amazon CloudFront"
64.252.82.51 - - [13/Apr/2026:13:37:26 +0000] "GET /?p=23244 HTTP/1.1" 200 15170 "-" "Amazon CloudFront"
64.252.85.188 - - [13/Apr/2026:13:37:28 +0000] "GET /?p=85569 HTTP/1.1" 200 16510 "-" "Amazon CloudFront"
64.252.83.165 - - [13/Apr/2026:13:37:29 +0000] "GET /?p=29934 HTTP/1.1" 200 16711 "-" "Amazon CloudFront"
64.252.85.188 - - [13/Apr/2026:13:37:30 +0000] "GET /?p=88922 HTTP/1.1" 200 17246 "-" "Amazon CloudFront"
64.252.82.51 - - [13/Apr/2026:13:37:31 +0000] "GET /?p=88935 HTTP/1.1" 200 18099 "-" "Amazon CloudFront"
64.252.85.188 - - [13/Apr/2026:13:37:33 +0000] "GET /?p=85557 HTTP/1.1" 200 17077 "-" "Amazon CloudFront"
64.252.82.51 - - [13/Apr/2026:13:37:34 +0000] "GET /?p=20273 HTTP/1.1" 200 17230 "-" "Amazon CloudFront"
64.252.85.188 - - [13/Apr/2026:13:37:35 +0000] "GET /?feed=rss2&p=29916 HTTP/1.1" 200 526 "-" "Amazon CloudFront"
64.252.83.165 - - [13/Apr/2026:13:37:36 +0000] "GET /?p=10047 HTTP/1.1" 200 14602 "-" "Amazon CloudFront"
64.252.83.165 - - [13/Apr/2026:13:37:37 +0000] "GET /?p=23260 HTTP/1.1" 200 21794 "-" "Amazon CloudFront"
64.252.82.51 - - [13/Apr/2026:13:37:38 +0000] "GET /?p=39358 HTTP/1.1" 200 21369 "-" "Amazon CloudFront"
64.252.85.188 - - [13/Apr/2026:13:37:40 +0000] "GET /?p=88982 HTTP/1.1" 200 17133 "-" "Amazon CloudFront"
64.252.82.51 - - [13/Apr/2026:13:37:41 +0000] "GET /?p=85571 HTTP/1.1" 200 17922 "-" "Amazon CloudFront"
64.252.82.51 - - [13/Apr/2026:13:37:42 +0000] "GET /?p=29936 HTTP/1.1" 200 21981 "-" "Amazon CloudFront"
64.252.85.188 - - [13/Apr/2026:13:37:43 +0000] "GET /?p=88920 HTTP/1.1" 200 17905 "-" "Amazon CloudFront"
64.252.82.51 - - [13/Apr/2026:13:37:45 +0000] "GET /?p=88934 HTTP/1.1" 200 16399 "-" "Amazon CloudFront"
64.252.82.51 - - [13/Apr/2026:13:37:46 +0000] "GET /?p=85555 HTTP/1.1" 200 15958 "-" "Amazon CloudFront"
64.252.83.165 - - [13/Apr/2026:13:37:47 +0000] "GET /?p=85559 HTTP/1.1" 200 17832 "-" "Amazon CloudFront"
3.172.5.74 - - [13/Apr/2026:13:37:48 +0000] "GET /wp-login.php HTTP/1.1" 200 1185 "https://69b4844ae61d4e92bf26ad98af552775-devsite.readyship.co/" "Mozilla/5.0 (Windows NT 10.0; Win64; x64) AppleWebKit/537.36 (KHTML, like Gecko) Chrome/114.0.0.0 Safari/537.36"
3.172.5.74 - - [13/Apr/2026:13:37:49 +0000] "GET /wp-login.php HTTP/1.1" 200 1185 "https://69b4844ae61d4e92bf26ad98af552775-devsite.readyship.co/wp-login.php" "Mozilla/5.0 (Windows NT 6.3; Win64; x64) AppleWebKit/537.36 (KHTML, like Gecko) Chrome/103.0.0.0 Safari/537.36"
64.252.82.51 - - [13/Apr/2026:13:37:49 +0000] "GET /?p=20275 HTTP/1.1" 200 14719 "-" "Amazon CloudFront"
3.172.5.74 - - [13/Apr/2026:13:37:49 +0000] "POST /wp-login.php HTTP/1.1" 200 1583 "https://69b4844ae61d4e92bf26ad98af552775-devsite.readyship.co/wp-login.php" "Mozilla/5.0 (Windows NT 6.3; Win64; x64) AppleWebKit/537.36 (KHTML, like Gecko) Chrome/103.0.0.0 Safari/537.36"
64.252.82.51 - - [13/Apr/2026:13:37:50 +0000] "GET /?p=10049 HTTP/1.1" 200 13948 "-" "Amazon CloudFront"
64.252.83.165 - - [13/Apr/2026:13:37:51 +0000] "GET /?p=25822 HTTP/1.1" 200 14584 "-" "Amazon CloudFront"
64.252.85.188 - - [13/Apr/2026:13:37:52 +0000] "GET /?p=39360 HTTP/1.1" 200 15712 "-" "Amazon CloudFront"
15.158.243.79 - - [13/Apr/2026:13:37:54 +0000] "GET /index.php?rest_route=%2Foembed%2F1.0%2Fembed&url=https%3A%2F%2F69b4844ae61d4e92bf26ad98af552775-devsite.readyship.co%2F%3Fp%3D88982 HTTP/1.1" 403 - "https://69b4844ae61d4e92bf26ad98af552775-devsite.readyship.co/?p=88982" "Mozilla/5.0 AppleWebKit/537.36 (KHTML, like Gecko; compatible; GPTBot/1.3; +https://openai.com/gptbot)"
15.158.243.79 - - [13/Apr/2026:13:37:54 +0000] "GET /index.php?format=xml&rest_route=%2Foembed%2F1.0%2Fembed&url=https%3A%2F%2F69b4844ae61d4e92bf26ad98af552775-devsite.readyship.co%2F%3Fp%3D88982 HTTP/1.1" 403 - "https://69b4844ae61d4e92bf26ad98af552775-devsite.readyship.co/?p=88982" "Mozilla/5.0 AppleWebKit/537.36 (KHTML, like Gecko; compatible; GPTBot/1.3; +https://openai.com/gptbot)"
64.252.83.165 - - [13/Apr/2026:13:37:55 +0000] "GET /?p=85573 HTTP/1.1" 200 17020 "-" "Amazon CloudFront"
64.252.83.165 - - [13/Apr/2026:13:37:56 +0000] "GET /?p=29938 HTTP/1.1" 200 16065 "-" "Amazon CloudFront"
64.252.85.188 - - [13/Apr/2026:13:37:57 +0000] "GET /?p=66163 HTTP/1.1" 200 14518 "-" "Amazon CloudFront"
64.252.69.192 - - [13/Apr/2026:13:37:58 +0000] "GET /?p=42970 HTTP/1.1" 200 17751 "-" "Amazon CloudFront"
64.252.85.188 - - [13/Apr/2026:13:37:58 +0000] "GET /?p=85553 HTTP/1.1" 200 17353 "-" "Amazon CloudFront"
64.252.82.51 - - [13/Apr/2026:13:38:00 +0000] "GET /?p=83088 HTTP/1.1" 200 25553 "-" "Amazon CloudFront"
64.252.83.165 - - [13/Apr/2026:13:38:01 +0000] "GET /?p=20277 HTTP/1.1" 200 15953 "-" "Amazon CloudFront"
64.252.85.188 - - [13/Apr/2026:13:38:02 +0000] "GET /?p=10051 HTTP/1.1" 200 13999 "-" "Amazon CloudFront"
64.252.83.165 - - [13/Apr/2026:13:38:04 +0000] "GET /?p=20279 HTTP/1.1" 200 14785 "-" "Amazon CloudFront"
15.158.243.79 - - [13/Apr/2026:13:38:05 +0000] "GET /index.php?rest_route=%2Foembed%2F1.0%2Fembed&url=https%3A%2F%2F69b4844ae61d4e92bf26ad98af552775-devsite.readyship.co%2F%3Fp%3D25822 HTTP/1.1" 403 - "https://69b4844ae61d4e92bf26ad98af552775-devsite.readyship.co/?p=25822" "Mozilla/5.0 AppleWebKit/537.36 (KHTML, like Gecko; compatible; GPTBot/1.3; +https://openai.com/gptbot)"
64.252.82.51 - - [13/Apr/2026:13:38:05 +0000] "GET /?feed=rss2&p=20277 HTTP/1.1" 200 494 "-" "Amazon CloudFront"
15.158.243.79 - - [13/Apr/2026:13:38:06 +0000] "GET /index.php?format=xml&rest_route=%2Foembed%2F1.0%2Fembed&url=https%3A%2F%2F69b4844ae61d4e92bf26ad98af552775-devsite.readyship.co%2F%3Fp%3D25822 HTTP/1.1" 403 - "https://69b4844ae61d4e92bf26ad98af552775-devsite.readyship.co/?p=25822" "Mozilla/5.0 AppleWebKit/537.36 (KHTML, like Gecko; compatible; GPTBot/1.3; +https://openai.com/gptbot)"
64.252.82.51 - - [13/Apr/2026:13:38:07 +0000] "GET /?p=25820 HTTP/1.1" 200 17278 "-" "Amazon CloudFront"
64.252.83.165 - - [13/Apr/2026:13:38:08 +0000] "GET /?p=25824 HTTP/1.1" 200 14575 "-" "Amazon CloudFront"
64.252.85.188 - - [13/Apr/2026:13:38:09 +0000] "GET /?p=39362 HTTP/1.1" 200 15477 "-" "Amazon CloudFront"
64.252.85.188 - - [13/Apr/2026:13:38:11 +0000] "GET /?p=29940 HTTP/1.1" 200 16041 "-" "Amazon CloudFront"
15.158.243.79 - - [13/Apr/2026:13:38:12 +0000] "GET /index.php?rest_route=%2Foembed%2F1.0%2Fembed&url=https%3A%2F%2F69b4844ae61d4e92bf26ad98af552775-devsite.readyship.co%2F%3Fp%3D66163 HTTP/1.1" 403 - "https://69b4844ae61d4e92bf26ad98af552775-devsite.readyship.co/?p=66163" "Mozilla/5.0 AppleWebKit/537.36 (KHTML, like Gecko; compatible; GPTBot/1.3; +https://openai.com/gptbot)"
64.252.85.188 - - [13/Apr/2026:13:38:12 +0000] "GET /?p=85551 HTTP/1.1" 200 17473 "-" "Amazon CloudFront"
15.158.243.72 - - [13/Apr/2026:13:38:14 +0000] "GET /index.php?format=xml&rest_route=%2Foembed%2F1.0%2Fembed&url=https%3A%2F%2F69b4844ae61d4e92bf26ad98af552775-devsite.readyship.co%2F%3Fp%3D83088 HTTP/1.1" 403 - "https://69b4844ae61d4e92bf26ad98af552775-devsite.readyship.co/?p=83088" "Mozilla/5.0 AppleWebKit/537.36 (KHTML, like Gecko; compatible; GPTBot/1.3; +https://openai.com/gptbot)"
15.158.243.79 - - [13/Apr/2026:13:38:14 +0000] "GET /index.php?rest_route=%2Foembed%2F1.0%2Fembed&url=https%3A%2F%2F69b4844ae61d4e92bf26ad98af552775-devsite.readyship.co%2F%3Fp%3D83088 HTTP/1.1" 403 - "https://69b4844ae61d4e92bf26ad98af552775-devsite.readyship.co/?p=83088" "Mozilla/5.0 AppleWebKit/537.36 (KHTML, like Gecko; compatible; GPTBot/1.3; +https://openai.com/gptbot)"
15.158.243.111 - - [13/Apr/2026:13:38:15 +0000] "GET /index.php?format=xml&rest_route=%2Foembed%2F1.0%2Fembed&url=https%3A%2F%2F69b4844ae61d4e92bf26ad98af552775-devsite.readyship.co%2F%3Fp%3D66163 HTTP/1.1" 403 - "https://69b4844ae61d4e92bf26ad98af552775-devsite.readyship.co/?p=66163" "Mozilla/5.0 AppleWebKit/537.36 (KHTML, like Gecko; compatible; GPTBot/1.3; +https://openai.com/gptbot)"
64.252.83.165 - - [13/Apr/2026:13:38:15 +0000] "GET /?p=10053 HTTP/1.1" 200 14005 "-" "Amazon CloudFront"
64.252.85.188 - - [13/Apr/2026:13:38:17 +0000] "GET /?p=20283 HTTP/1.1" 200 14474 "-" "Amazon CloudFront"
64.252.85.188 - - [13/Apr/2026:13:38:18 +0000] "GET /?p=25818 HTTP/1.1" 200 14955 "-" "Amazon CloudFront"
64.252.85.188 - - [13/Apr/2026:13:38:19 +0000] "GET /?p=25826 HTTP/1.1" 200 14939 "-" "Amazon CloudFront"
64.252.83.165 - - [13/Apr/2026:13:38:20 +0000] "GET /?p=39364 HTTP/1.1" 200 17387 "-" "Amazon CloudFront"
15.158.215.109 - - [13/Apr/2026:13:38:22 +0000] "POST /wp-cron.php?doing_wp_cron=1776087502.4537649154663085937500 HTTP/1.1" 200 - "https://69b4844ae61d4e92bf26ad98af552775-devsite.readyship.co/wp-cron.php?doing_wp_cron=1776087502.4537649154663085937500" "WordPress/5.1.19; https://69b4844ae61d4e92bf26ad98af552775-devsite.readyship.co"
64.252.85.188 - - [13/Apr/2026:13:38:21 +0000] "GET /?p=29942 HTTP/1.1" 200 24623 "-" "Amazon CloudFront"
64.252.85.188 - - [13/Apr/2026:13:38:23 +0000] "GET /?p=83090 HTTP/1.1" 200 22836 "-" "Amazon CloudFront"
64.252.83.165 - - [13/Apr/2026:13:38:25 +0000] "GET /?p=85549 HTTP/1.1" 200 21436 "-" "Amazon CloudFront"
64.252.85.188 - - [13/Apr/2026:13:38:26 +0000] "GET /?p=95515 HTTP/1.1" 200 16831 "-" "Amazon CloudFront"
64.252.85.188 - - [13/Apr/2026:13:38:27 +0000] "GET /?p=50030 HTTP/1.1" 200 21643 "-" "Amazon CloudFront"
64.252.83.165 - - [13/Apr/2026:13:38:28 +0000] "GET /?p=66786 HTTP/1.1" 200 15858 "-" "Amazon CloudFront"
64.252.85.188 - - [13/Apr/2026:13:38:30 +0000] "GET /?p=10055 HTTP/1.1" 200 14752 "-" "Amazon CloudFront"
64.252.82.51 - - [13/Apr/2026:13:38:31 +0000] "GET /?p=20281 HTTP/1.1" 200 15106 "-" "Amazon CloudFront"
64.252.85.188 - - [13/Apr/2026:13:38:32 +0000] "GET /?p=21252 HTTP/1.1" 200 14715 "-" "Amazon CloudFront"
64.252.83.165 - - [13/Apr/2026:13:38:34 +0000] "GET /?p=25828 HTTP/1.1" 200 15633 "-" "Amazon CloudFront"
64.252.82.51 - - [13/Apr/2026:13:38:35 +0000] "GET /?p=39368 HTTP/1.1" 200 17844 "-" "Amazon CloudFront"
64.252.82.51 - - [13/Apr/2026:13:38:36 +0000] "GET /?p=29944 HTTP/1.1" 200 16625 "-" "Amazon CloudFront"
64.252.82.51 - - [13/Apr/2026:13:38:37 +0000] "GET /?p=89808 HTTP/1.1" 200 16135 "-" "Amazon CloudFront"
64.252.83.165 - - [13/Apr/2026:13:38:39 +0000] "GET /?p=85547 HTTP/1.1" 200 17681 "-" "Amazon CloudFront"
15.158.243.79 - - [13/Apr/2026:13:38:40 +0000] "GET /index.php?rest_route=%2Foembed%2F1.0%2Fembed&url=https%3A%2F%2F69b4844ae61d4e92bf26ad98af552775-devsite.readyship.co%2F%3Fp%3D95515 HTTP/1.1" 403 - "https://69b4844ae61d4e92bf26ad98af552775-devsite.readyship.co/?p=95515" "Mozilla/5.0 AppleWebKit/537.36 (KHTML, like Gecko; compatible; GPTBot/1.3; +https://openai.com/gptbot)"
15.158.243.79 - - [13/Apr/2026:13:38:40 +0000] "GET /index.php?rest_route=%2Foembed%2F1.0%2Fembed&url=https%3A%2F%2F69b4844ae61d4e92bf26ad98af552775-devsite.readyship.co%2F%3Fp%3D50030 HTTP/1.1" 403 - "https://69b4844ae61d4e92bf26ad98af552775-devsite.readyship.co/?p=50030" "Mozilla/5.0 AppleWebKit/537.36 (KHTML, like Gecko; compatible; GPTBot/1.3; +https://openai.com/gptbot)"
15.158.243.72 - - [13/Apr/2026:13:38:41 +0000] "GET /index.php?rest_route=%2Foembed%2F1.0%2Fembed&url=https%3A%2F%2F69b4844ae61d4e92bf26ad98af552775-devsite.readyship.co%2F%3Fp%3D66786 HTTP/1.1" 403 - "https://69b4844ae61d4e92bf26ad98af552775-devsite.readyship.co/?p=66786" "Mozilla/5.0 AppleWebKit/537.36 (KHTML, like Gecko; compatible; GPTBot/1.3; +https://openai.com/gptbot)"
15.158.243.72 - - [13/Apr/2026:13:38:41 +0000] "GET /index.php?format=xml&rest_route=%2Foembed%2F1.0%2Fembed&url=https%3A%2F%2F69b4844ae61d4e92bf26ad98af552775-devsite.readyship.co%2F%3Fp%3D66786 HTTP/1.1" 403 - "https://69b4844ae61d4e92bf26ad98af552775-devsite.readyship.co/?p=66786" "Mozilla/5.0 AppleWebKit/537.36 (KHTML, like Gecko; compatible; GPTBot/1.3; +https://openai.com/gptbot)"
15.158.243.111 - - [13/Apr/2026:13:38:42 +0000] "GET /index.php?format=xml&rest_route=%2Foembed%2F1.0%2Fembed&url=https%3A%2F%2F69b4844ae61d4e92bf26ad98af552775-devsite.readyship.co%2F%3Fp%3D50030 HTTP/1.1" 403 - "https://69b4844ae61d4e92bf26ad98af552775-devsite.readyship.co/?p=50030" "Mozilla/5.0 AppleWebKit/537.36 (KHTML, like Gecko; compatible; GPTBot/1.3; +https://openai.com/gptbot)"
15.158.243.111 - - [13/Apr/2026:13:38:43 +0000] "GET /index.php?rest_route=%2Foembed%2F1.0%2Fembed&url=https%3A%2F%2F69b4844ae61d4e92bf26ad98af552775-devsite.readyship.co%2F%3Fp%3D21252 HTTP/1.1" 403 - "https://69b4844ae61d4e92bf26ad98af552775-devsite.readyship.co/?p=21252" "Mozilla/5.0 AppleWebKit/537.36 (KHTML, like Gecko; compatible; GPTBot/1.3; +https://openai.com/gptbot)"
15.158.243.72 - - [13/Apr/2026:13:38:43 +0000] "GET /index.php?format=xml&rest_route=%2Foembed%2F1.0%2Fembed&url=https%3A%2F%2F69b4844ae61d4e92bf26ad98af552775-devsite.readyship.co%2F%3Fp%3D21252 HTTP/1.1" 403 - "https://69b4844ae61d4e92bf26ad98af552775-devsite.readyship.co/?p=21252" "Mozilla/5.0 AppleWebKit/537.36 (KHTML, like Gecko; compatible; GPTBot/1.3; +https://openai.com/gptbot)"
15.158.243.72 - - [13/Apr/2026:13:38:44 +0000] "GET /index.php?format=xml&rest_route=%2Foembed%2F1.0%2Fembed&url=https%3A%2F%2F69b4844ae61d4e92bf26ad98af552775-devsite.readyship.co%2F%3Fp%3D95515 HTTP/1.1" 403 - "https://69b4844ae61d4e92bf26ad98af552775-devsite.readyship.co/?p=95515" "Mozilla/5.0 AppleWebKit/537.36 (KHTML, like Gecko; compatible; GPTBot/1.3; +https://openai.com/gptbot)"
64.252.82.51 - - [13/Apr/2026:13:38:44 +0000] "GET /?p=39365 HTTP/1.1" 200 17698 "-" "Amazon CloudFront"
15.158.243.111 - - [13/Apr/2026:13:38:45 +0000] "GET /index.php?rest_route=%2Foembed%2F1.0%2Fembed&url=https%3A%2F%2F69b4844ae61d4e92bf26ad98af552775-devsite.readyship.co%2F%3Fp%3D89808 HTTP/1.1" 403 - "https://69b4844ae61d4e92bf26ad98af552775-devsite.readyship.co/?p=89808" "Mozilla/5.0 AppleWebKit/537.36 (KHTML, like Gecko; compatible; GPTBot/1.3; +https://openai.com/gptbot)"
