15.158.215.109 - - [13/Apr/2026:14:28:22 +0000] "POST /wp-cron.php?doing_wp_cron=1776090502.5786440372467041015625 HTTP/1.1" 200 - "https://69b4844ae61d4e92bf26ad98af552775-devsite.readyship.co/wp-cron.php?doing_wp_cron=1776090502.5786440372467041015625" "WordPress/5.1.19; https://69b4844ae61d4e92bf26ad98af552775-devsite.readyship.co"
64.252.74.231 - - [13/Apr/2026:14:28:22 +0000] "GET /?p=8130 HTTP/1.1" 200 34863 "-" "Amazon CloudFront"
64.252.74.231 - - [13/Apr/2026:14:28:23 +0000] "GET /?p=8392 HTTP/1.1" 200 23659 "-" "Amazon CloudFront"
64.252.77.101 - - [13/Apr/2026:14:28:25 +0000] "GET /?p=7165 HTTP/1.1" 200 19617 "-" "Amazon CloudFront"
64.252.74.231 - - [13/Apr/2026:14:28:27 +0000] "GET /?p=43560 HTTP/1.1" 200 22776 "-" "Amazon CloudFront"
64.252.74.231 - - [13/Apr/2026:14:29:13 +0000] "GET /?p=7193 HTTP/1.1" 200 18407 "-" "Amazon CloudFront"
64.252.74.231 - - [13/Apr/2026:14:29:14 +0000] "GET /?p=7143 HTTP/1.1" 200 13150 "-" "Amazon CloudFront"
64.252.74.231 - - [13/Apr/2026:14:29:17 +0000] "GET /?p=83302 HTTP/1.1" 200 22761 "-" "Amazon CloudFront"
64.252.77.101 - - [13/Apr/2026:14:29:19 +0000] "GET /?p=6186 HTTP/1.1" 200 14513 "-" "Amazon CloudFront"
64.252.75.25 - - [13/Apr/2026:14:29:21 +0000] "GET /?p=9131 HTTP/1.1" 200 13908 "-" "Amazon CloudFront"
15.158.215.109 - - [13/Apr/2026:14:29:23 +0000] "POST /wp-cron.php?doing_wp_cron=1776090563.4656689167022705078125 HTTP/1.1" 200 - "https://69b4844ae61d4e92bf26ad98af552775-devsite.readyship.co/wp-cron.php?doing_wp_cron=1776090563.4656689167022705078125" "WordPress/5.1.19; https://69b4844ae61d4e92bf26ad98af552775-devsite.readyship.co"
64.252.74.231 - - [13/Apr/2026:14:29:23 +0000] "GET /?p=43536 HTTP/1.1" 200 16031 "-" "Amazon CloudFront"
64.252.74.231 - - [13/Apr/2026:14:29:36 +0000] "GET /?p=82560 HTTP/1.1" 200 15559 "-" "Amazon CloudFront"
64.252.77.101 - - [13/Apr/2026:14:29:38 +0000] "GET /?p=40266 HTTP/1.1" 200 22823 "-" "Amazon CloudFront"
64.252.75.25 - - [13/Apr/2026:14:29:39 +0000] "GET /?p=6805 HTTP/1.1" 200 29730 "-" "Amazon CloudFront"
64.252.75.25 - - [13/Apr/2026:14:29:41 +0000] "GET /?p=82870 HTTP/1.1" 200 22177 "-" "Amazon CloudFront"
64.252.75.25 - - [13/Apr/2026:14:29:43 +0000] "GET /?p=10837 HTTP/1.1" 200 32287 "-" "Amazon CloudFront"
64.252.75.25 - - [13/Apr/2026:14:29:43 +0000] "GET /?p=43504 HTTP/1.1" 200 22446 "-" "Amazon CloudFront"
64.252.75.25 - - [13/Apr/2026:14:29:44 +0000] "GET /?p=8390 HTTP/1.1" 200 26074 "-" "Amazon CloudFront"
64.252.75.25 - - [13/Apr/2026:14:29:45 +0000] "GET /?p=10863 HTTP/1.1" 200 32749 "-" "Amazon CloudFront"
64.252.75.25 - - [13/Apr/2026:14:29:46 +0000] "GET /?p=57756 HTTP/1.1" 200 15040 "-" "Amazon CloudFront"
64.252.74.231 - - [13/Apr/2026:14:29:47 +0000] "GET /?p=82834 HTTP/1.1" 200 18065 "-" "Amazon CloudFront"
64.252.75.25 - - [13/Apr/2026:14:29:48 +0000] "GET /?p=83242 HTTP/1.1" 200 15862 "-" "Amazon CloudFront"
64.252.74.231 - - [13/Apr/2026:14:29:49 +0000] "GET /?p=83332 HTTP/1.1" 200 26512 "-" "Amazon CloudFront"
64.252.74.231 - - [13/Apr/2026:14:29:49 +0000] "GET /?p=82680 HTTP/1.1" 200 15451 "-" "Amazon CloudFront"
64.252.77.101 - - [13/Apr/2026:14:29:50 +0000] "GET /?p=83360 HTTP/1.1" 200 26228 "-" "Amazon CloudFront"
64.252.77.101 - - [13/Apr/2026:14:29:51 +0000] "GET /?p=43440 HTTP/1.1" 200 15081 "-" "Amazon CloudFront"
64.252.75.25 - - [13/Apr/2026:14:29:52 +0000] "GET /?feed=rss2&p=7635 HTTP/1.1" 200 507 "-" "Amazon CloudFront"
64.252.75.25 - - [13/Apr/2026:14:29:53 +0000] "GET /?p=10853 HTTP/1.1" 200 32564 "-" "Amazon CloudFront"
64.252.74.231 - - [13/Apr/2026:14:29:53 +0000] "GET /?p=34885 HTTP/1.1" 200 20040 "-" "Amazon CloudFront"
64.252.77.101 - - [13/Apr/2026:14:29:55 +0000] "GET /?p=52904 HTTP/1.1" 200 14444 "-" "Amazon CloudFront"
64.252.75.25 - - [13/Apr/2026:14:29:57 +0000] "GET /?p=6278 HTTP/1.1" 200 21499 "-" "Amazon CloudFront"
64.252.77.101 - - [13/Apr/2026:14:29:59 +0000] "GET /?p=51937 HTTP/1.1" 200 15413 "-" "Amazon CloudFront"
15.158.215.109 - - [13/Apr/2026:14:30:58 +0000] "POST /wp-cron.php?doing_wp_cron=1776090658.8084280490875244140625 HTTP/1.1" 200 - "https://69b4844ae61d4e92bf26ad98af552775-devsite.readyship.co/wp-cron.php?doing_wp_cron=1776090658.8084280490875244140625" "WordPress/5.1.19; https://69b4844ae61d4e92bf26ad98af552775-devsite.readyship.co"
64.252.75.25 - - [13/Apr/2026:14:30:58 +0000] "GET /?p=30377 HTTP/1.1" 200 16733 "-" "Amazon CloudFront"
64.252.77.101 - - [13/Apr/2026:14:31:00 +0000] "GET /?p=6230 HTTP/1.1" 200 52135 "-" "Amazon CloudFront"
64.252.74.231 - - [13/Apr/2026:14:31:03 +0000] "GET /?p=82590 HTTP/1.1" 200 14108 "-" "Amazon CloudFront"
64.252.77.101 - - [13/Apr/2026:14:31:04 +0000] "GET /?p=51962 HTTP/1.1" 200 14526 "-" "Amazon CloudFront"
64.252.74.231 - - [13/Apr/2026:14:31:06 +0000] "GET /?p=43416 HTTP/1.1" 200 17925 "-" "Amazon CloudFront"
64.252.77.101 - - [13/Apr/2026:14:31:08 +0000] "GET /?p=51838 HTTP/1.1" 200 16357 "-" "Amazon CloudFront"
15.158.215.109 - - [13/Apr/2026:14:31:29 +0000] "POST /wp-cron.php?doing_wp_cron=1776090689.9248061180114746093750 HTTP/1.1" 200 - "https://69b4844ae61d4e92bf26ad98af552775-devsite.readyship.co/wp-cron.php?doing_wp_cron=1776090689.9248061180114746093750" "WordPress/5.1.19; https://69b4844ae61d4e92bf26ad98af552775-devsite.readyship.co"
64.252.77.101 - - [13/Apr/2026:14:31:29 +0000] "GET /?feed=rss2&p=40286 HTTP/1.1" 200 501 "-" "Amazon CloudFront"
64.252.74.231 - - [13/Apr/2026:14:31:30 +0000] "GET /?feed=rss2&p=8095 HTTP/1.1" 200 547 "-" "Amazon CloudFront"
64.252.75.25 - - [13/Apr/2026:14:31:31 +0000] "GET /?feed=rss2&p=7205 HTTP/1.1" 200 547 "-" "Amazon CloudFront"
64.252.75.25 - - [13/Apr/2026:14:31:32 +0000] "GET /?feed=rss2&p=43830 HTTP/1.1" 200 541 "-" "Amazon CloudFront"
64.252.77.101 - - [13/Apr/2026:14:31:33 +0000] "GET /?cat=172&feed=rss2 HTTP/1.1" 200 7379 "-" "Amazon CloudFront"
64.252.75.25 - - [13/Apr/2026:14:31:35 +0000] "GET /?cat=188&feed=rss2 HTTP/1.1" 200 18987 "-" "Amazon CloudFront"
64.252.75.25 - - [13/Apr/2026:14:31:37 +0000] "GET /?feed=rss2&p=7976 HTTP/1.1" 200 501 "-" "Amazon CloudFront"
64.252.74.231 - - [13/Apr/2026:14:31:51 +0000] "GET /?feed=rss2&p=6769 HTTP/1.1" 200 559 "-" "Amazon CloudFront"
64.252.74.231 - - [13/Apr/2026:14:31:52 +0000] "GET /?feed=rss2&p=7245 HTTP/1.1" 200 515 "-" "Amazon CloudFront"
64.252.77.101 - - [13/Apr/2026:14:31:53 +0000] "GET /?feed=rss2&p=8039 HTTP/1.1" 200 528 "-" "Amazon CloudFront"
64.252.77.101 - - [13/Apr/2026:14:31:54 +0000] "GET /?feed=rss2&p=5667 HTTP/1.1" 200 530 "-" "Amazon CloudFront"
64.252.77.101 - - [13/Apr/2026:14:31:55 +0000] "GET /?feed=rss2&p=8319 HTTP/1.1" 200 518 "-" "Amazon CloudFront"
64.252.75.25 - - [13/Apr/2026:14:31:56 +0000] "GET /?feed=rss2&p=7978 HTTP/1.1" 200 517 "-" "Amazon CloudFront"
64.252.75.25 - - [13/Apr/2026:14:31:57 +0000] "GET /?feed=rss2&p=30375 HTTP/1.1" 200 514 "-" "Amazon CloudFront"
15.158.215.109 - - [13/Apr/2026:14:32:29 +0000] "POST /wp-cron.php?doing_wp_cron=1776090749.8209118843078613281250 HTTP/1.1" 200 - "https://69b4844ae61d4e92bf26ad98af552775-devsite.readyship.co/wp-cron.php?doing_wp_cron=1776090749.8209118843078613281250" "WordPress/5.1.19; https://69b4844ae61d4e92bf26ad98af552775-devsite.readyship.co"
64.252.75.25 - - [13/Apr/2026:14:32:29 +0000] "GET /?feed=rss2&p=43502 HTTP/1.1" 200 527 "-" "Amazon CloudFront"
64.252.74.231 - - [13/Apr/2026:14:32:30 +0000] "GET /?feed=rss2&p=6542 HTTP/1.1" 200 538 "-" "Amazon CloudFront"
64.252.74.231 - - [13/Apr/2026:14:32:31 +0000] "GET /?feed=rss2&p=7319 HTTP/1.1" 200 538 "-" "Amazon CloudFront"
64.252.77.101 - - [13/Apr/2026:14:32:32 +0000] "GET /?feed=rss2&p=43534 HTTP/1.1" 200 541 "-" "Amazon CloudFront"
64.252.75.25 - - [13/Apr/2026:14:32:33 +0000] "GET /?feed=rss2&p=8018 HTTP/1.1" 200 550 "-" "Amazon CloudFront"
64.252.75.25 - - [13/Apr/2026:14:32:34 +0000] "GET /?feed=rss2&p=7092 HTTP/1.1" 200 539 "-" "Amazon CloudFront"
64.252.75.25 - - [13/Apr/2026:14:32:35 +0000] "GET /?feed=rss2&p=8400 HTTP/1.1" 200 540 "-" "Amazon CloudFront"
64.252.74.231 - - [13/Apr/2026:14:32:50 +0000] "GET /?feed=rss2&p=83334 HTTP/1.1" 200 550 "-" "Amazon CloudFront"
64.252.77.101 - - [13/Apr/2026:14:32:51 +0000] "GET /?feed=rss2&p=51940 HTTP/1.1" 200 539 "-" "Amazon CloudFront"
64.252.74.231 - - [13/Apr/2026:14:32:52 +0000] "GET /?feed=rss2&p=40268 HTTP/1.1" 200 534 "-" "Amazon CloudFront"
64.252.77.101 - - [13/Apr/2026:14:32:53 +0000] "GET /?feed=rss2&p=8177 HTTP/1.1" 200 497 "-" "Amazon CloudFront"
64.252.77.101 - - [13/Apr/2026:14:32:54 +0000] "GET /?feed=rss2&p=43290 HTTP/1.1" 200 551 "-" "Amazon CloudFront"
64.252.77.101 - - [13/Apr/2026:14:32:55 +0000] "GET /?feed=rss2&p=43562 HTTP/1.1" 200 549 "-" "Amazon CloudFront"
15.158.215.109 - - [13/Apr/2026:14:33:28 +0000] "POST /wp-cron.php?doing_wp_cron=1776090808.2617959976196289062500 HTTP/1.1" 200 - "https://69b4844ae61d4e92bf26ad98af552775-devsite.readyship.co/wp-cron.php?doing_wp_cron=1776090808.2617959976196289062500" "WordPress/5.1.19; https://69b4844ae61d4e92bf26ad98af552775-devsite.readyship.co"
64.252.74.231 - - [13/Apr/2026:14:33:27 +0000] "GET /?feed=rss2&p=82837 HTTP/1.1" 200 485 "-" "Amazon CloudFront"
64.252.77.101 - - [13/Apr/2026:14:33:29 +0000] "GET /?feed=rss2&p=52054 HTTP/1.1" 200 508 "-" "Amazon CloudFront"
64.252.74.231 - - [13/Apr/2026:14:33:31 +0000] "GET /?feed=rss2&p=6756 HTTP/1.1" 200 537 "-" "Amazon CloudFront"
64.252.75.25 - - [13/Apr/2026:14:33:30 +0000] "GET /?feed=rss2&p=52902 HTTP/1.1" 200 505 "-" "Amazon CloudFront"
64.252.77.101 - - [13/Apr/2026:14:33:32 +0000] "GET /?feed=rss2&p=83240 HTTP/1.1" 200 504 "-" "Amazon CloudFront"
64.252.77.101 - - [13/Apr/2026:14:33:32 +0000] "GET /?feed=rss2&p=8362 HTTP/1.1" 200 596 "-" "Amazon CloudFront"
64.252.74.231 - - [13/Apr/2026:14:33:33 +0000] "GET /?feed=rss2&p=8398 HTTP/1.1" 200 536 "-" "Amazon CloudFront"
64.252.68.163 - - [13/Apr/2026:14:33:44 +0000] "GET /?p=8146 HTTP/1.1" 200 23051 "-" "Amazon CloudFront"
64.252.66.105 - - [13/Apr/2026:14:34:11 +0000] "GET /?healthcheck_timestamp=1776090647367 HTTP/1.1" 200 178918 "-" "Amazon CloudFront"
64.252.74.231 - - [13/Apr/2026:14:34:16 +0000] "GET /?feed=rss2&p=43292 HTTP/1.1" 200 513 "-" "Amazon CloudFront"
64.252.75.25 - - [13/Apr/2026:14:34:17 +0000] "GET /?feed=rss2&p=82678 HTTP/1.1" 200 511 "-" "Amazon CloudFront"
64.252.75.25 - - [13/Apr/2026:14:34:18 +0000] "GET /?feed=rss2&p=83358 HTTP/1.1" 200 526 "-" "Amazon CloudFront"
64.252.77.101 - - [13/Apr/2026:14:34:19 +0000] "GET /?feed=rss2&p=10767 HTTP/1.1" 200 544 "-" "Amazon CloudFront"
64.252.77.101 - - [13/Apr/2026:14:34:20 +0000] "GET /?feed=rss2&p=8179 HTTP/1.1" 200 500 "-" "Amazon CloudFront"
64.252.77.101 - - [13/Apr/2026:14:34:21 +0000] "GET /?feed=rss2&p=83300 HTTP/1.1" 200 543 "-" "Amazon CloudFront"
15.158.215.109 - - [13/Apr/2026:14:34:22 +0000] "POST /wp-cron.php?doing_wp_cron=1776090862.3310279846191406250000 HTTP/1.1" 200 - "https://69b4844ae61d4e92bf26ad98af552775-devsite.readyship.co/wp-cron.php?doing_wp_cron=1776090862.3310279846191406250000" "WordPress/5.1.19; https://69b4844ae61d4e92bf26ad98af552775-devsite.readyship.co"
64.252.74.231 - - [13/Apr/2026:14:34:21 +0000] "GET /?feed=rss2&p=10849 HTTP/1.1" 200 552 "-" "Amazon CloudFront"
64.252.77.101 - - [13/Apr/2026:14:34:23 +0000] "GET /?feed=rss2&tag=dragon-money HTTP/1.1" 200 6819 "-" "Amazon CloudFront"
64.252.74.231 - - [13/Apr/2026:14:34:24 +0000] "GET /?feed=rss2&tag=flagman-casino HTTP/1.1" 200 14852 "-" "Amazon CloudFront"
64.252.77.101 - - [13/Apr/2026:14:34:25 +0000] "GET /?tag=mellstroy-casino HTTP/1.1" 200 10124 "-" "Amazon CloudFront"
64.252.74.231 - - [13/Apr/2026:14:34:27 +0000] "GET /?p=82514 HTTP/1.1" 200 17741 "-" "Amazon CloudFront"
64.252.77.101 - - [13/Apr/2026:14:34:29 +0000] "GET /?feed=rss2&p=51960 HTTP/1.1" 200 532 "-" "Amazon CloudFront"
64.252.74.231 - - [13/Apr/2026:14:34:30 +0000] "GET /?feed=rss2&p=82588 HTTP/1.1" 200 583 "-" "Amazon CloudFront"
64.252.75.25 - - [13/Apr/2026:14:34:31 +0000] "GET /?feed=rss2&p=82868 HTTP/1.1" 200 523 "-" "Amazon CloudFront"
64.252.74.231 - - [13/Apr/2026:14:34:49 +0000] "GET /?feed=rss2&p=83016 HTTP/1.1" 200 537 "-" "Amazon CloudFront"
64.252.75.25 - - [13/Apr/2026:14:34:50 +0000] "GET /?feed=rss2&p=7970 HTTP/1.1" 200 509 "-" "Amazon CloudFront"
64.252.74.231 - - [13/Apr/2026:14:34:51 +0000] "GET /?feed=rss2&p=7247 HTTP/1.1" 200 527 "-" "Amazon CloudFront"
64.252.77.101 - - [13/Apr/2026:14:34:52 +0000] "GET /?feed=rss2&p=6767 HTTP/1.1" 200 528 "-" "Amazon CloudFront"
64.252.75.25 - - [13/Apr/2026:14:34:53 +0000] "GET /?feed=rss2&p=7290 HTTP/1.1" 200 547 "-" "Amazon CloudFront"
64.252.74.231 - - [13/Apr/2026:14:34:54 +0000] "GET /?feed=rss2&p=7984 HTTP/1.1" 200 509 "-" "Amazon CloudFront"
64.252.77.101 - - [13/Apr/2026:14:34:55 +0000] "GET /?cat=160&feed=rss2 HTTP/1.1" 200 17778 "-" "Amazon CloudFront"
64.252.68.163 - - [13/Apr/2026:14:34:57 +0000] "GET /?p=7415 HTTP/1.1" 200 36576 "-" "Amazon CloudFront"
15.158.215.109 - - [13/Apr/2026:14:35:27 +0000] "POST /wp-cron.php?doing_wp_cron=1776090927.8731288909912109375000 HTTP/1.1" 200 - "https://69b4844ae61d4e92bf26ad98af552775-devsite.readyship.co/wp-cron.php?doing_wp_cron=1776090927.8731288909912109375000" "WordPress/5.1.19; https://69b4844ae61d4e92bf26ad98af552775-devsite.readyship.co"
64.252.74.231 - - [13/Apr/2026:14:35:27 +0000] "GET /?feed=rss2&p=10851 HTTP/1.1" 200 556 "-" "Amazon CloudFront"
64.252.74.231 - - [13/Apr/2026:14:35:28 +0000] "GET /?feed=rss2&p=82562 HTTP/1.1" 200 552 "-" "Amazon CloudFront"
64.252.74.231 - - [13/Apr/2026:14:35:29 +0000] "GET /?feed=rss2&p=51840 HTTP/1.1" 200 532 "-" "Amazon CloudFront"
64.252.77.101 - - [13/Apr/2026:14:35:30 +0000] "GET /?feed=rss2&p=82512 HTTP/1.1" 200 495 "-" "Amazon CloudFront"
64.252.77.101 - - [13/Apr/2026:14:35:31 +0000] "GET /?feed=rss2&p=43514 HTTP/1.1" 200 505 "-" "Amazon CloudFront"
64.252.77.101 - - [13/Apr/2026:14:35:32 +0000] "GET /?feed=rss2&p=43438 HTTP/1.1" 200 550 "-" "Amazon CloudFront"
64.252.75.25 - - [13/Apr/2026:14:35:33 +0000] "GET /?feed=rss2&p=43418 HTTP/1.1" 200 508 "-" "Amazon CloudFront"
64.252.74.231 - - [13/Apr/2026:14:35:39 +0000] "GET /?p=6854 HTTP/1.1" 200 52018 "-" "Amazon CloudFront"
64.252.77.101 - - [13/Apr/2026:14:35:40 +0000] "GET /?p=7305 HTTP/1.1" 200 21082 "-" "Amazon CloudFront"
64.252.74.231 - - [13/Apr/2026:14:35:45 +0000] "GET /?p=7123 HTTP/1.1" 200 27869 "-" "Amazon CloudFront"
64.252.77.101 - - [13/Apr/2026:14:35:46 +0000] "GET /?cat=120 HTTP/1.1" 200 9978 "-" "Amazon CloudFront"
64.252.75.25 - - [13/Apr/2026:14:36:10 +0000] "GET /?p=8999 HTTP/1.1" 200 14895 "-" "Amazon CloudFront"
15.158.215.109 - - [13/Apr/2026:14:36:53 +0000] "POST /wp-cron.php?doing_wp_cron=1776091012.9230489730834960937500 HTTP/1.1" 200 - "https://69b4844ae61d4e92bf26ad98af552775-devsite.readyship.co/wp-cron.php?doing_wp_cron=1776091012.9230489730834960937500" "WordPress/5.1.19; https://69b4844ae61d4e92bf26ad98af552775-devsite.readyship.co"
64.252.77.101 - - [13/Apr/2026:14:36:52 +0000] "GET /?feed=rss2&p=7609 HTTP/1.1" 200 530 "-" "Amazon CloudFront"
64.252.75.25 - - [13/Apr/2026:14:36:53 +0000] "GET /?cat=113&feed=rss2 HTTP/1.1" 200 18645 "-" "Amazon CloudFront"
64.252.74.231 - - [13/Apr/2026:14:36:58 +0000] "GET /?feed=rss2&p=7181 HTTP/1.1" 200 555 "-" "Amazon CloudFront"
15.158.215.109 - - [13/Apr/2026:14:37:41 +0000] "POST /wp-cron.php?doing_wp_cron=1776091061.4249379634857177734375 HTTP/1.1" 200 - "https://69b4844ae61d4e92bf26ad98af552775-devsite.readyship.co/wp-cron.php?doing_wp_cron=1776091061.4249379634857177734375" "WordPress/5.1.19; https://69b4844ae61d4e92bf26ad98af552775-devsite.readyship.co"
64.252.75.25 - - [13/Apr/2026:14:37:41 +0000] "GET /?feed=rss2&p=7076 HTTP/1.1" 200 483 "-" "Amazon CloudFront"
64.252.74.231 - - [13/Apr/2026:14:37:50 +0000] "GET /?feed=rss2&p=7141 HTTP/1.1" 200 567 "-" "Amazon CloudFront"
64.252.75.25 - - [13/Apr/2026:14:37:56 +0000] "GET /?feed=rss2&p=8923 HTTP/1.1" 200 559 "-" "Amazon CloudFront"
15.158.215.109 - - [13/Apr/2026:14:38:46 +0000] "POST /wp-cron.php?doing_wp_cron=1776091126.7730569839477539062500 HTTP/1.1" 200 - "https://69b4844ae61d4e92bf26ad98af552775-devsite.readyship.co/wp-cron.php?doing_wp_cron=1776091126.7730569839477539062500" "WordPress/5.1.19; https://69b4844ae61d4e92bf26ad98af552775-devsite.readyship.co"
64.252.77.101 - - [13/Apr/2026:14:38:46 +0000] "GET /?feed=rss2&p=7323 HTTP/1.1" 200 529 "-" "Amazon CloudFront"
64.252.75.25 - - [13/Apr/2026:14:38:51 +0000] "GET /?cat=168&feed=rss2 HTTP/1.1" 200 7102 "-" "Amazon CloudFront"
64.252.68.163 - - [13/Apr/2026:14:39:14 +0000] "GET /?tag=vodka-casino HTTP/1.1" 200 10524 "-" "Amazon CloudFront"
64.252.66.105 - - [13/Apr/2026:14:39:18 +0000] "GET /?cat=104&paged=85 HTTP/1.1" 200 11116 "-" "Amazon CloudFront"
15.158.215.109 - - [13/Apr/2026:14:39:24 +0000] "POST /wp-cron.php?doing_wp_cron=1776091164.8240160942077636718750 HTTP/1.1" 200 - "https://69b4844ae61d4e92bf26ad98af552775-devsite.readyship.co/wp-cron.php?doing_wp_cron=1776091164.8240160942077636718750" "WordPress/5.1.19; https://69b4844ae61d4e92bf26ad98af552775-devsite.readyship.co"
64.252.69.192 - - [13/Apr/2026:14:39:24 +0000] "GET /?p=57761 HTTP/1.1" 200 14118 "-" "Amazon CloudFront"
64.252.75.25 - - [13/Apr/2026:14:39:32 +0000] "GET /?feed=rss2&p=8404 HTTP/1.1" 200 544 "-" "Amazon CloudFront"
64.252.75.25 - - [13/Apr/2026:14:39:33 +0000] "GET /?feed=rss2&p=7472 HTTP/1.1" 200 604 "-" "Amazon CloudFront"
15.158.215.109 - - [13/Apr/2026:14:40:37 +0000] "POST /wp-cron.php?doing_wp_cron=1776091237.3517959117889404296875 HTTP/1.1" 200 - "https://69b4844ae61d4e92bf26ad98af552775-devsite.readyship.co/wp-cron.php?doing_wp_cron=1776091237.3517959117889404296875" "WordPress/5.1.19; https://69b4844ae61d4e92bf26ad98af552775-devsite.readyship.co"
64.252.75.25 - - [13/Apr/2026:14:40:36 +0000] "GET /?p=7183 HTTP/1.1" 200 17372 "-" "Amazon CloudFront"
64.252.77.101 - - [13/Apr/2026:14:40:38 +0000] "GET /?p=6763 HTTP/1.1" 200 27728 "-" "Amazon CloudFront"
64.252.74.231 - - [13/Apr/2026:14:40:41 +0000] "GET /?p=7470 HTTP/1.1" 200 23246 "-" "Amazon CloudFront"
64.252.75.25 - - [13/Apr/2026:14:40:42 +0000] "GET /?cat=164 HTTP/1.1" 200 10092 "-" "Amazon CloudFront"
64.252.77.101 - - [13/Apr/2026:14:40:57 +0000] "GET /?p=8410 HTTP/1.1" 200 38103 "-" "Amazon CloudFront"
64.252.77.101 - - [13/Apr/2026:14:40:59 +0000] "GET /?p=5915 HTTP/1.1" 200 27952 "-" "Amazon CloudFront"
15.158.215.109 - - [13/Apr/2026:14:41:37 +0000] "POST /wp-cron.php?doing_wp_cron=1776091297.8309130668640136718750 HTTP/1.1" 200 - "https://69b4844ae61d4e92bf26ad98af552775-devsite.readyship.co/wp-cron.php?doing_wp_cron=1776091297.8309130668640136718750" "WordPress/5.1.19; https://69b4844ae61d4e92bf26ad98af552775-devsite.readyship.co"
64.252.67.128 - - [13/Apr/2026:14:41:37 +0000] "GET /?p=27455 HTTP/1.1" 200 14553 "-" "Amazon CloudFront"
64.252.77.101 - - [13/Apr/2026:14:41:38 +0000] "GET /?p=40944 HTTP/1.1" 200 16762 "-" "Amazon CloudFront"
64.252.75.25 - - [13/Apr/2026:14:41:39 +0000] "GET /?p=8142 HTTP/1.1" 200 145250 "-" "Amazon CloudFront"
64.252.75.25 - - [13/Apr/2026:14:41:46 +0000] "GET /?p=43828 HTTP/1.1" 200 109963 "-" "Amazon CloudFront"
64.252.77.101 - - [13/Apr/2026:14:41:48 +0000] "GET /?p=5545 HTTP/1.1" 200 21419 "-" "Amazon CloudFront"
64.252.77.101 - - [13/Apr/2026:14:41:50 +0000] "GET /?p=5641 HTTP/1.1" 200 20142 "-" "Amazon CloudFront"
64.252.75.25 - - [13/Apr/2026:14:41:51 +0000] "GET /?p=7201 HTTP/1.1" 200 13763 "-" "Amazon CloudFront"
64.252.75.25 - - [13/Apr/2026:14:41:53 +0000] "GET /?p=7175 HTTP/1.1" 200 19282 "-" "Amazon CloudFront"
64.252.77.101 - - [13/Apr/2026:14:41:58 +0000] "GET /?p=6872 HTTP/1.1" 200 19670 "-" "Amazon CloudFront"
64.252.77.101 - - [13/Apr/2026:14:42:00 +0000] "GET /?p=7153 HTTP/1.1" 200 21412 "-" "Amazon CloudFront"
64.252.74.231 - - [13/Apr/2026:14:42:02 +0000] "GET /?p=6876 HTTP/1.1" 200 19542 "-" "Amazon CloudFront"
64.252.75.25 - - [13/Apr/2026:14:42:03 +0000] "GET /?p=7231 HTTP/1.1" 200 22526 "-" "Amazon CloudFront"
64.252.74.231 - - [13/Apr/2026:14:42:05 +0000] "GET /?p=7159 HTTP/1.1" 200 13523 "-" "Amazon CloudFront"
64.252.75.25 - - [13/Apr/2026:14:42:07 +0000] "GET /?p=5702 HTTP/1.1" 200 16775 "-" "Amazon CloudFront"
64.252.77.101 - - [13/Apr/2026:14:42:09 +0000] "GET /?p=7145 HTTP/1.1" 200 16612 "-" "Amazon CloudFront"
64.252.75.25 - - [13/Apr/2026:14:42:11 +0000] "GET /?p=7329 HTTP/1.1" 200 42483 "-" "Amazon CloudFront"
64.252.77.101 - - [13/Apr/2026:14:42:12 +0000] "GET /?p=8948 HTTP/1.1" 200 29889 "-" "Amazon CloudFront"
64.252.68.163 - - [13/Apr/2026:14:42:52 +0000] "GET /?p=39615 HTTP/1.1" 200 16006 "-" "Amazon CloudFront"
15.158.215.109 - - [13/Apr/2026:14:42:52 +0000] "POST /wp-cron.php?doing_wp_cron=1776091372.5911710262298583984375 HTTP/1.1" 200 - "https://69b4844ae61d4e92bf26ad98af552775-devsite.readyship.co/wp-cron.php?doing_wp_cron=1776091372.5911710262298583984375" "WordPress/5.1.19; https://69b4844ae61d4e92bf26ad98af552775-devsite.readyship.co"
64.252.77.101 - - [13/Apr/2026:14:43:06 +0000] "GET /?p=9867 HTTP/1.1" 200 15622 "-" "Amazon CloudFront"
64.252.74.231 - - [13/Apr/2026:14:43:07 +0000] "GET /?p=5639 HTTP/1.1" 200 16898 "-" "Amazon CloudFront"
64.252.75.25 - - [13/Apr/2026:14:43:09 +0000] "GET /?p=6750 HTTP/1.1" 200 33868 "-" "Amazon CloudFront"
64.252.75.25 - - [13/Apr/2026:14:43:10 +0000] "GET /?cat=133 HTTP/1.1" 200 9575 "-" "Amazon CloudFront"
64.252.75.25 - - [13/Apr/2026:14:43:12 +0000] "GET /?p=6358 HTTP/1.1" 200 24280 "-" "Amazon CloudFront"
64.252.74.231 - - [13/Apr/2026:14:43:14 +0000] "GET /?p=6752 HTTP/1.1" 200 29528 "-" "Amazon CloudFront"
64.252.74.231 - - [13/Apr/2026:14:43:16 +0000] "GET /?p=8671 HTTP/1.1" 200 25329 "-" "Amazon CloudFront"
64.252.74.231 - - [13/Apr/2026:14:43:18 +0000] "GET /?p=6780 HTTP/1.1" 200 29686 "-" "Amazon CloudFront"
64.252.75.25 - - [13/Apr/2026:14:43:21 +0000] "GET /?p=7217 HTTP/1.1" 200 20751 "-" "Amazon CloudFront"
15.158.215.109 - - [13/Apr/2026:14:43:23 +0000] "POST /wp-cron.php?doing_wp_cron=1776091403.3783009052276611328125 HTTP/1.1" 200 - "https://69b4844ae61d4e92bf26ad98af552775-devsite.readyship.co/wp-cron.php?doing_wp_cron=1776091403.3783009052276611328125" "WordPress/5.1.19; https://69b4844ae61d4e92bf26ad98af552775-devsite.readyship.co"
64.252.75.25 - - [13/Apr/2026:14:43:20 +0000] "GET /?p=8093 HTTP/1.1" 200 39116 "-" "Amazon CloudFront"
64.252.74.231 - - [13/Apr/2026:14:43:23 +0000] "GET /?p=9890 HTTP/1.1" 200 14727 "-" "Amazon CloudFront"
64.252.75.25 - - [13/Apr/2026:14:43:24 +0000] "GET /?p=7173 HTTP/1.1" 200 19587 "-" "Amazon CloudFront"
64.252.75.25 - - [13/Apr/2026:14:43:26 +0000] "GET /?p=33644 HTTP/1.1" 200 15694 "-" "Amazon CloudFront"
64.252.74.231 - - [13/Apr/2026:14:43:28 +0000] "GET /?p=7189 HTTP/1.1" 200 19495 "-" "Amazon CloudFront"
64.252.74.231 - - [13/Apr/2026:14:43:30 +0000] "GET /?p=7137 HTTP/1.1" 200 46291 "-" "Amazon CloudFront"
64.252.77.101 - - [13/Apr/2026:14:43:32 +0000] "GET /?p=6347 HTTP/1.1" 200 23446 "-" "Amazon CloudFront"
64.252.75.25 - - [13/Apr/2026:14:43:34 +0000] "GET /?p=52875 HTTP/1.1" 200 14547 "-" "Amazon CloudFront"
64.252.75.25 - - [13/Apr/2026:14:43:36 +0000] "GET /?p=7730 HTTP/1.1" 200 29733 "-" "Amazon CloudFront"
64.252.74.231 - - [13/Apr/2026:14:43:49 +0000] "GET /?p=7117 HTTP/1.1" 200 22076 "-" "Amazon CloudFront"
64.252.74.231 - - [13/Apr/2026:14:43:51 +0000] "GET /?p=7266 HTTP/1.1" 200 21714 "-" "Amazon CloudFront"
64.252.75.25 - - [13/Apr/2026:14:43:57 +0000] "GET /?p=8872 HTTP/1.1" 200 164121 "-" "Amazon CloudFront"
64.252.74.231 - - [13/Apr/2026:14:44:02 +0000] "GET /?p=7235 HTTP/1.1" 200 16994 "-" "Amazon CloudFront"
64.252.75.25 - - [13/Apr/2026:14:44:04 +0000] "GET /?p=7185 HTTP/1.1" 200 22543 "-" "Amazon CloudFront"
64.252.74.231 - - [13/Apr/2026:14:44:06 +0000] "GET /?p=7098 HTTP/1.1" 200 36456 "-" "Amazon CloudFront"
64.252.75.25 - - [13/Apr/2026:14:44:09 +0000] "GET /?p=39591 HTTP/1.1" 200 15612 "-" "Amazon CloudFront"
64.252.68.163 - - [13/Apr/2026:14:44:18 +0000] "GET /?p=87674 HTTP/1.1" 200 29179 "-" "Amazon CloudFront"
64.252.68.163 - - [13/Apr/2026:14:44:20 +0000] "GET /?p=40938 HTTP/1.1" 200 17482 "-" "Amazon CloudFront"
15.158.215.109 - - [13/Apr/2026:14:44:27 +0000] "POST /wp-cron.php?doing_wp_cron=1776091467.7270638942718505859375 HTTP/1.1" 200 - "https://69b4844ae61d4e92bf26ad98af552775-devsite.readyship.co/wp-cron.php?doing_wp_cron=1776091467.7270638942718505859375" "WordPress/5.1.19; https://69b4844ae61d4e92bf26ad98af552775-devsite.readyship.co"
64.252.74.231 - - [13/Apr/2026:14:44:27 +0000] "GET /?p=7061 HTTP/1.1" 200 19746 "-" "Amazon CloudFront"
64.252.74.231 - - [13/Apr/2026:14:44:29 +0000] "GET /?p=39613 HTTP/1.1" 200 17964 "-" "Amazon CloudFront"
64.252.75.25 - - [13/Apr/2026:14:44:30 +0000] "GET /?p=44305 HTTP/1.1" 200 22622 "-" "Amazon CloudFront"
64.252.77.101 - - [13/Apr/2026:14:44:32 +0000] "GET /?p=7719 HTTP/1.1" 200 20294 "-" "Amazon CloudFront"
64.252.77.101 - - [13/Apr/2026:14:44:34 +0000] "GET /?p=43072 HTTP/1.1" 200 14543 "-" "Amazon CloudFront"
64.252.74.231 - - [13/Apr/2026:14:44:36 +0000] "GET /?p=8276 HTTP/1.1" 200 219595 "-" "Amazon CloudFront"
64.252.77.101 - - [13/Apr/2026:14:44:40 +0000] "GET /?p=8289 HTTP/1.1" 200 151717 "-" "Amazon CloudFront"
64.252.77.101 - - [13/Apr/2026:14:44:43 +0000] "GET /?p=39503 HTTP/1.1" 200 23827 "-" "Amazon CloudFront"
64.252.74.231 - - [13/Apr/2026:14:44:45 +0000] "GET /?p=6819 HTTP/1.1" 200 23903 "-" "Amazon CloudFront"
64.252.74.231 - - [13/Apr/2026:14:44:53 +0000] "GET /?p=30016 HTTP/1.1" 200 18021 "-" "Amazon CloudFront"
64.252.77.101 - - [13/Apr/2026:14:44:54 +0000] "GET /?p=43042 HTTP/1.1" 200 20683 "-" "Amazon CloudFront"
64.252.75.25 - - [13/Apr/2026:14:44:56 +0000] "GET /?p=39535 HTTP/1.1" 200 17306 "-" "Amazon CloudFront"
64.252.75.25 - - [13/Apr/2026:14:44:58 +0000] "GET /?p=82490 HTTP/1.1" 200 17852 "-" "Amazon CloudFront"
64.252.75.25 - - [13/Apr/2026:14:45:00 +0000] "GET /?p=82750 HTTP/1.1" 200 22105 "-" "Amazon CloudFront"
64.252.75.25 - - [13/Apr/2026:14:45:01 +0000] "GET /?p=30361 HTTP/1.1" 200 25874 "-" "Amazon CloudFront"
64.252.75.25 - - [13/Apr/2026:14:45:02 +0000] "GET /?p=39519 HTTP/1.1" 200 21684 "-" "Amazon CloudFront"
64.252.68.163 - - [13/Apr/2026:14:45:02 +0000] "GET /?p=43264 HTTP/1.1" 200 14931 "-" "Amazon CloudFront"
64.252.75.25 - - [13/Apr/2026:14:45:03 +0000] "GET /?p=82650 HTTP/1.1" 200 24073 "-" "Amazon CloudFront"
64.252.74.231 - - [13/Apr/2026:14:45:04 +0000] "GET /?p=39547 HTTP/1.1" 200 17368 "-" "Amazon CloudFront"
64.252.77.101 - - [13/Apr/2026:14:45:05 +0000] "GET /?p=30046 HTTP/1.1" 200 16480 "-" "Amazon CloudFront"
64.252.77.101 - - [13/Apr/2026:14:45:06 +0000] "GET /?p=69516 HTTP/1.1" 200 14534 "-" "Amazon CloudFront"
64.252.74.231 - - [13/Apr/2026:14:45:07 +0000] "GET /?p=30419 HTTP/1.1" 200 16532 "-" "Amazon CloudFront"
64.252.75.25 - - [13/Apr/2026:14:45:07 +0000] "GET /?feed=rss2&p=7331 HTTP/1.1" 200 501 "-" "Amazon CloudFront"
64.252.77.101 - - [13/Apr/2026:14:45:08 +0000] "GET /?p=82778 HTTP/1.1" 200 23794 "-" "Amazon CloudFront"
64.252.77.101 - - [13/Apr/2026:14:45:10 +0000] "GET /?p=29986 HTTP/1.1" 200 17367 "-" "Amazon CloudFront"
64.252.75.25 - - [13/Apr/2026:14:45:12 +0000] "GET /?p=51798 HTTP/1.1" 200 17088 "-" "Amazon CloudFront"
64.252.77.101 - - [13/Apr/2026:14:45:14 +0000] "GET /?p=39567 HTTP/1.1" 200 14694 "-" "Amazon CloudFront"
64.252.68.163 - - [13/Apr/2026:14:45:20 +0000] "GET /?p=89492 HTTP/1.1" 200 12520 "-" "Amazon CloudFront"
15.158.215.109 - - [13/Apr/2026:14:45:31 +0000] "POST /wp-cron.php?doing_wp_cron=1776091530.9830980300903320312500 HTTP/1.1" 200 - "https://69b4844ae61d4e92bf26ad98af552775-devsite.readyship.co/wp-cron.php?doing_wp_cron=1776091530.9830980300903320312500" "WordPress/5.1.19; https://69b4844ae61d4e92bf26ad98af552775-devsite.readyship.co"
64.252.75.25 - - [13/Apr/2026:14:45:30 +0000] "GET /?feed=rss2&p=7239 HTTP/1.1" 200 550 "-" "Amazon CloudFront"
64.252.75.25 - - [13/Apr/2026:14:45:32 +0000] "GET /?cat=137&feed=rss2 HTTP/1.1" 200 7737 "-" "Amazon CloudFront"
64.252.77.101 - - [13/Apr/2026:14:45:34 +0000] "GET /?p=51862 HTTP/1.1" 200 14248 "-" "Amazon CloudFront"
64.252.75.25 - - [13/Apr/2026:14:45:35 +0000] "GET /?p=7237 HTTP/1.1" 200 21565 "-" "Amazon CloudFront"
64.252.75.25 - - [13/Apr/2026:14:45:37 +0000] "GET /?feed=rss2&p=9869 HTTP/1.1" 200 710 "-" "Amazon CloudFront"
64.252.74.231 - - [13/Apr/2026:14:45:38 +0000] "GET /?cat=136&feed=rss2 HTTP/1.1" 200 9636 "-" "Amazon CloudFront"
64.252.75.25 - - [13/Apr/2026:14:45:39 +0000] "GET /?p=43250 HTTP/1.1" 200 17508 "-" "Amazon CloudFront"
64.252.74.231 - - [13/Apr/2026:14:45:41 +0000] "GET /?p=82594 HTTP/1.1" 200 16468 "-" "Amazon CloudFront"
64.252.75.25 - - [13/Apr/2026:14:45:43 +0000] "GET /?p=82516 HTTP/1.1" 200 17723 "-" "Amazon CloudFront"
64.252.74.231 - - [13/Apr/2026:14:46:16 +0000] "GET /?feed=rss2&p=5659 HTTP/1.1" 200 536 "-" "Amazon CloudFront"
64.252.75.25 - - [13/Apr/2026:14:46:17 +0000] "GET /?feed=rss2&p=7078 HTTP/1.1" 200 517 "-" "Amazon CloudFront"
64.252.75.25 - - [13/Apr/2026:14:46:19 +0000] "GET /?feed=rss2&p=6815 HTTP/1.1" 200 523 "-" "Amazon CloudFront"
64.252.77.101 - - [13/Apr/2026:14:46:20 +0000] "GET /?feed=rss2&p=5543 HTTP/1.1" 200 554 "-" "Amazon CloudFront"
64.252.77.101 - - [13/Apr/2026:14:46:21 +0000] "GET /?feed=rss2&p=5746 HTTP/1.1" 200 500 "-" "Amazon CloudFront"
64.252.75.25 - - [13/Apr/2026:14:46:22 +0000] "GET /?feed=rss2&p=7171 HTTP/1.1" 200 549 "-" "Amazon CloudFront"
15.158.215.109 - - [13/Apr/2026:14:46:22 +0000] "POST /wp-cron.php?doing_wp_cron=1776091582.5715210437774658203125 HTTP/1.1" 200 - "https://69b4844ae61d4e92bf26ad98af552775-devsite.readyship.co/wp-cron.php?doing_wp_cron=1776091582.5715210437774658203125" "WordPress/5.1.19; https://69b4844ae61d4e92bf26ad98af552775-devsite.readyship.co"
64.252.75.25 - - [13/Apr/2026:14:46:23 +0000] "GET /?feed=rss2&p=52878 HTTP/1.1" 200 501 "-" "Amazon CloudFront"
64.252.75.25 - - [13/Apr/2026:14:46:25 +0000] "GET /?feed=rss2&p=43040 HTTP/1.1" 200 543 "-" "Amazon CloudFront"
64.252.75.25 - - [13/Apr/2026:14:46:26 +0000] "GET /?feed=rss2&p=30435 HTTP/1.1" 200 527 "-" "Amazon CloudFront"
64.252.75.25 - - [13/Apr/2026:14:46:27 +0000] "GET /?feed=rss2&p=96437 HTTP/1.1" 200 525 "-" "Amazon CloudFront"
64.252.74.231 - - [13/Apr/2026:14:46:27 +0000] "GET /?feed=rss2&p=33628 HTTP/1.1" 200 501 "-" "Amazon CloudFront"
64.252.74.231 - - [13/Apr/2026:14:46:28 +0000] "GET /?feed=rss2&p=33622 HTTP/1.1" 200 515 "-" "Amazon CloudFront"
64.252.74.231 - - [13/Apr/2026:14:46:29 +0000] "GET /?feed=rss2&p=44303 HTTP/1.1" 200 550 "-" "Amazon CloudFront"
64.252.75.25 - - [13/Apr/2026:14:46:30 +0000] "GET /?feed=rss2&p=7251 HTTP/1.1" 200 534 "-" "Amazon CloudFront"
64.252.74.231 - - [13/Apr/2026:14:46:31 +0000] "GET /?feed=rss2&p=39532 HTTP/1.1" 200 517 "-" "Amazon CloudFront"
64.252.77.101 - - [13/Apr/2026:14:46:32 +0000] "GET /?feed=rss2&p=7268 HTTP/1.1" 200 566 "-" "Amazon CloudFront"
64.252.74.231 - - [13/Apr/2026:14:46:39 +0000] "GET /?feed=rss2&p=29984 HTTP/1.1" 200 530 "-" "Amazon CloudFront"
64.252.75.25 - - [13/Apr/2026:14:46:40 +0000] "GET /?feed=rss2&p=83268 HTTP/1.1" 200 513 "-" "Amazon CloudFront"
64.252.77.101 - - [13/Apr/2026:14:46:41 +0000] "GET /?feed=rss2&p=82776 HTTP/1.1" 200 523 "-" "Amazon CloudFront"
64.252.75.25 - - [13/Apr/2026:14:46:42 +0000] "GET /?feed=rss2&p=43074 HTTP/1.1" 200 520 "-" "Amazon CloudFront"
64.252.77.101 - - [13/Apr/2026:14:46:43 +0000] "GET /?feed=rss2&p=7195 HTTP/1.1" 200 547 "-" "Amazon CloudFront"
64.252.74.231 - - [13/Apr/2026:14:46:44 +0000] "GET /?feed=rss2&p=43252 HTTP/1.1" 200 555 "-" "Amazon CloudFront"
64.252.75.25 - - [13/Apr/2026:14:46:45 +0000] "GET /?feed=rss2&p=6349 HTTP/1.1" 200 521 "-" "Amazon CloudFront"
64.252.75.25 - - [13/Apr/2026:14:46:46 +0000] "GET /?feed=rss2&p=23666 HTTP/1.1" 200 604 "-" "Amazon CloudFront"
64.252.74.231 - - [13/Apr/2026:14:46:47 +0000] "GET /?feed=rss2&p=7187 HTTP/1.1" 200 558 "-" "Amazon CloudFront"
15.158.215.109 - - [13/Apr/2026:14:47:33 +0000] "POST /wp-cron.php?doing_wp_cron=1776091653.6430881023406982421875 HTTP/1.1" 200 - "https://69b4844ae61d4e92bf26ad98af552775-devsite.readyship.co/wp-cron.php?doing_wp_cron=1776091653.6430881023406982421875" "WordPress/5.1.19; https://69b4844ae61d4e92bf26ad98af552775-devsite.readyship.co"
64.252.68.163 - - [13/Apr/2026:14:47:33 +0000] "GET /?p=10591 HTTP/1.1" 200 14620 "-" "Amazon CloudFront"
64.252.74.231 - - [13/Apr/2026:14:47:41 +0000] "GET /?feed=rss2&p=39565 HTTP/1.1" 200 508 "-" "Amazon CloudFront"
64.252.74.231 - - [13/Apr/2026:14:47:42 +0000] "GET /?feed=rss2&p=82636 HTTP/1.1" 200 485 "-" "Amazon CloudFront"
64.252.74.231 - - [13/Apr/2026:14:47:43 +0000] "GET /?feed=rss2&p=40946 HTTP/1.1" 200 479 "-" "Amazon CloudFront"
64.252.75.25 - - [13/Apr/2026:14:47:44 +0000] "GET /?feed=rss2&p=30032 HTTP/1.1" 200 523 "-" "Amazon CloudFront"
64.252.75.25 - - [13/Apr/2026:14:47:46 +0000] "GET /?feed=rss2&p=83834 HTTP/1.1" 200 526 "-" "Amazon CloudFront"
64.252.74.231 - - [13/Apr/2026:14:47:46 +0000] "GET /?feed=rss2&p=42734 HTTP/1.1" 200 517 "-" "Amazon CloudFront"
64.252.77.101 - - [13/Apr/2026:14:47:47 +0000] "GET /?feed=rss2&p=82492 HTTP/1.1" 200 523 "-" "Amazon CloudFront"
64.252.74.231 - - [13/Apr/2026:14:47:48 +0000] "GET /?feed=rss2&p=7163 HTTP/1.1" 200 547 "-" "Amazon CloudFront"
64.252.74.231 - - [13/Apr/2026:14:47:50 +0000] "GET /?feed=rss2&p=30555 HTTP/1.1" 200 511 "-" "Amazon CloudFront"
64.252.74.231 - - [13/Apr/2026:14:47:51 +0000] "GET /?feed=rss2&p=51796 HTTP/1.1" 200 524 "-" "Amazon CloudFront"
64.252.77.101 - - [13/Apr/2026:14:47:52 +0000] "GET /?feed=rss2&p=30363 HTTP/1.1" 200 524 "-" "Amazon CloudFront"
64.252.75.25 - - [13/Apr/2026:14:47:53 +0000] "GET /?feed=rss2&p=39505 HTTP/1.1" 200 532 "-" "Amazon CloudFront"
64.252.77.101 - - [13/Apr/2026:14:47:53 +0000] "GET /?feed=rss2&p=30018 HTTP/1.1" 200 510 "-" "Amazon CloudFront"
64.252.75.25 - - [13/Apr/2026:14:47:54 +0000] "GET /?feed=rss2&p=51802 HTTP/1.1" 200 530 "-" "Amazon CloudFront"
64.252.77.101 - - [13/Apr/2026:14:47:57 +0000] "GET /?feed=rss2&p=39549 HTTP/1.1" 200 502 "-" "Amazon CloudFront"
15.158.215.109 - - [13/Apr/2026:14:48:45 +0000] "POST /wp-cron.php?doing_wp_cron=1776091724.9881129264831542968750 HTTP/1.1" 200 - "https://69b4844ae61d4e92bf26ad98af552775-devsite.readyship.co/wp-cron.php?doing_wp_cron=1776091724.9881129264831542968750" "WordPress/5.1.19; https://69b4844ae61d4e92bf26ad98af552775-devsite.readyship.co"
64.252.74.231 - - [13/Apr/2026:14:48:44 +0000] "GET /?feed=rss2&tag=kilogram-casino HTTP/1.1" 200 3901 "-" "Amazon CloudFront"
64.252.74.231 - - [13/Apr/2026:14:48:45 +0000] "GET /?feed=rss2&tag=vodka-casino HTTP/1.1" 200 9980 "-" "Amazon CloudFront"
64.252.74.231 - - [13/Apr/2026:14:48:46 +0000] "GET /?feed=rss2&p=82752 HTTP/1.1" 200 509 "-" "Amazon CloudFront"
64.252.77.101 - - [13/Apr/2026:14:48:47 +0000] "GET /?feed=rss2&p=7476 HTTP/1.1" 200 542 "-" "Amazon CloudFront"
64.252.75.25 - - [13/Apr/2026:14:48:48 +0000] "GET /?feed=rss2&p=39521 HTTP/1.1" 200 529 "-" "Amazon CloudFront"
64.252.74.231 - - [13/Apr/2026:14:48:49 +0000] "GET /?feed=rss2&p=30421 HTTP/1.1" 200 531 "-" "Amazon CloudFront"
64.252.74.231 - - [13/Apr/2026:14:48:50 +0000] "GET /?feed=rss2&p=39517 HTTP/1.1" 200 524 "-" "Amazon CloudFront"
64.252.77.101 - - [13/Apr/2026:14:48:51 +0000] "GET /?feed=rss2&p=82518 HTTP/1.1" 200 503 "-" "Amazon CloudFront"
64.252.75.25 - - [13/Apr/2026:14:48:52 +0000] "GET /?feed=rss2&p=29998 HTTP/1.1" 200 522 "-" "Amazon CloudFront"
64.252.74.231 - - [13/Apr/2026:14:48:55 +0000] "GET /?feed=rss2&p=39611 HTTP/1.1" 200 495 "-" "Amazon CloudFront"
64.252.75.25 - - [13/Apr/2026:14:48:55 +0000] "GET /?feed=rss2&p=82652 HTTP/1.1" 200 517 "-" "Amazon CloudFront"
64.252.77.101 - - [13/Apr/2026:14:48:56 +0000] "GET /?feed=rss2&p=7179 HTTP/1.1" 200 556 "-" "Amazon CloudFront"
64.252.75.25 - - [13/Apr/2026:14:48:57 +0000] "GET /?feed=rss2&p=10874 HTTP/1.1" 200 574 "-" "Amazon CloudFront"
64.252.74.231 - - [13/Apr/2026:14:48:58 +0000] "GET /?feed=rss2&p=30044 HTTP/1.1" 200 521 "-" "Amazon CloudFront"
64.252.75.25 - - [13/Apr/2026:14:49:00 +0000] "GET /?feed=rss2&p=7321 HTTP/1.1" 200 534 "-" "Amazon CloudFront"
64.252.74.231 - - [13/Apr/2026:14:49:01 +0000] "GET /?feed=rss2&p=33638 HTTP/1.1" 200 542 "-" "Amazon CloudFront"
64.252.77.101 - - [13/Apr/2026:14:49:02 +0000] "GET /?feed=rss2&p=9888 HTTP/1.1" 200 523 "-" "Amazon CloudFront"
15.158.215.109 - - [13/Apr/2026:14:49:32 +0000] "POST /wp-cron.php?doing_wp_cron=1776091772.1625669002532958984375 HTTP/1.1" 200 - "https://69b4844ae61d4e92bf26ad98af552775-devsite.readyship.co/wp-cron.php?doing_wp_cron=1776091772.1625669002532958984375" "WordPress/5.1.19; https://69b4844ae61d4e92bf26ad98af552775-devsite.readyship.co"
64.252.75.25 - - [13/Apr/2026:14:49:31 +0000] "GET /?feed=rss2&p=5593 HTTP/1.1" 200 525 "-" "Amazon CloudFront"
64.252.75.25 - - [13/Apr/2026:14:49:33 +0000] "GET /?feed=rss2&p=6356 HTTP/1.1" 200 506 "-" "Amazon CloudFront"
64.252.75.25 - - [13/Apr/2026:14:49:33 +0000] "GET /?cat=127&feed=rss2 HTTP/1.1" 200 31926 "-" "Amazon CloudFront"
64.252.74.231 - - [13/Apr/2026:14:49:35 +0000] "GET /?feed=rss2&p=6795 HTTP/1.1" 200 538 "-" "Amazon CloudFront"
64.252.74.231 - - [13/Apr/2026:14:49:36 +0000] "GET /?feed=rss2&p=7161 HTTP/1.1" 200 546 "-" "Amazon CloudFront"
64.252.77.101 - - [13/Apr/2026:14:49:37 +0000] "GET /?feed=rss2&p=7191 HTTP/1.1" 200 557 "-" "Amazon CloudFront"
64.252.74.231 - - [13/Apr/2026:14:49:38 +0000] "GET /?p=69510 HTTP/1.1" 200 15294 "-" "Amazon CloudFront"
64.252.75.25 - - [13/Apr/2026:14:49:40 +0000] "GET /?feed=rss2&p=5503 HTTP/1.1" 200 498 "-" "Amazon CloudFront"
64.252.74.231 - - [13/Apr/2026:14:49:41 +0000] "GET /?feed=rss2&p=7233 HTTP/1.1" 200 555 "-" "Amazon CloudFront"
15.158.215.109 - - [13/Apr/2026:14:50:24 +0000] "POST /wp-cron.php?doing_wp_cron=1776091824.6550719738006591796875 HTTP/1.1" 200 - "https://69b4844ae61d4e92bf26ad98af552775-devsite.readyship.co/wp-cron.php?doing_wp_cron=1776091824.6550719738006591796875" "WordPress/5.1.19; https://69b4844ae61d4e92bf26ad98af552775-devsite.readyship.co"
64.252.75.25 - - [13/Apr/2026:14:50:24 +0000] "GET /?feed=rss2&p=33642 HTTP/1.1" 200 503 "-" "Amazon CloudFront"
64.252.74.231 - - [13/Apr/2026:14:50:26 +0000] "GET /?feed=rss2&p=39593 HTTP/1.1" 200 489 "-" "Amazon CloudFront"
64.252.77.101 - - [13/Apr/2026:14:50:26 +0000] "GET /?feed=rss2&p=7197 HTTP/1.1" 200 548 "-" "Amazon CloudFront"
64.252.75.25 - - [13/Apr/2026:14:50:27 +0000] "GET /?feed=rss2&p=7717 HTTP/1.1" 200 507 "-" "Amazon CloudFront"
64.252.75.25 - - [13/Apr/2026:14:50:28 +0000] "GET /?feed=rss2&p=5704 HTTP/1.1" 200 523 "-" "Amazon CloudFront"
64.252.74.231 - - [13/Apr/2026:14:50:29 +0000] "GET /?feed=rss2&p=7223 HTTP/1.1" 200 558 "-" "Amazon CloudFront"
64.252.77.101 - - [13/Apr/2026:14:50:30 +0000] "GET /?feed=rss2&p=83102 HTTP/1.1" 200 532 "-" "Amazon CloudFront"
64.252.77.101 - - [13/Apr/2026:14:50:31 +0000] "GET /?feed=rss2&p=8274 HTTP/1.1" 200 561 "-" "Amazon CloudFront"
64.252.74.231 - - [13/Apr/2026:14:50:51 +0000] "GET /?p=30437 HTTP/1.1" 200 16706 "-" "Amazon CloudFront"
64.252.77.101 - - [13/Apr/2026:14:50:53 +0000] "GET /?p=83832 HTTP/1.1" 200 14121 "-" "Amazon CloudFront"
64.252.77.101 - - [13/Apr/2026:14:50:55 +0000] "GET /?p=33626 HTTP/1.1" 200 15732 "-" "Amazon CloudFront"
64.252.75.25 - - [13/Apr/2026:14:50:57 +0000] "GET /?p=33624 HTTP/1.1" 200 16320 "-" "Amazon CloudFront"
64.252.77.101 - - [13/Apr/2026:14:50:58 +0000] "GET /?p=30001 HTTP/1.1" 200 17107 "-" "Amazon CloudFront"
64.252.74.231 - - [13/Apr/2026:14:51:00 +0000] "GET /?p=82064 HTTP/1.1" 200 21593 "-" "Amazon CloudFront"
64.252.74.231 - - [13/Apr/2026:14:51:01 +0000] "GET /?p=8507 HTTP/1.1" 200 33384 "-" "Amazon CloudFront"
64.252.74.231 - - [13/Apr/2026:14:51:02 +0000] "GET /?p=82044 HTTP/1.1" 200 17599 "-" "Amazon CloudFront"
64.252.75.25 - - [13/Apr/2026:14:51:03 +0000] "GET /?p=83266 HTTP/1.1" 200 25968 "-" "Amazon CloudFront"
64.252.77.101 - - [13/Apr/2026:14:51:05 +0000] "GET /?p=30557 HTTP/1.1" 200 16520 "-" "Amazon CloudFront"
64.252.66.105 - - [13/Apr/2026:14:51:19 +0000] "GET /?p=7237 HTTP/1.1" 200 21564 "-" "Amazon CloudFront"
15.158.215.109 - - [13/Apr/2026:14:52:09 +0000] "POST /wp-cron.php?doing_wp_cron=1776091929.0462338924407958984375 HTTP/1.1" 200 - "https://69b4844ae61d4e92bf26ad98af552775-devsite.readyship.co/wp-cron.php?doing_wp_cron=1776091929.0462338924407958984375" "WordPress/5.1.19; https://69b4844ae61d4e92bf26ad98af552775-devsite.readyship.co"
64.252.77.101 - - [13/Apr/2026:14:52:08 +0000] "GET /?p=5645 HTTP/1.1" 200 18985 "-" "Amazon CloudFront"
64.252.75.25 - - [13/Apr/2026:14:52:10 +0000] "GET /?p=82048 HTTP/1.1" 200 15902 "-" "Amazon CloudFront"
64.252.74.231 - - [13/Apr/2026:14:52:20 +0000] "GET /?p=82060 HTTP/1.1" 200 22780 "-" "Amazon CloudFront"
15.158.215.109 - - [13/Apr/2026:14:52:59 +0000] "POST /wp-cron.php?doing_wp_cron=1776091979.8658750057220458984375 HTTP/1.1" 200 - "https://69b4844ae61d4e92bf26ad98af552775-devsite.readyship.co/wp-cron.php?doing_wp_cron=1776091979.8658750057220458984375" "WordPress/5.1.19; https://69b4844ae61d4e92bf26ad98af552775-devsite.readyship.co"
64.252.67.128 - - [13/Apr/2026:14:52:59 +0000] "GET /?p=43108 HTTP/1.1" 200 14163 "-" "Amazon CloudFront"
15.158.215.109 - - [13/Apr/2026:14:53:24 +0000] "POST /wp-cron.php?doing_wp_cron=1776092003.9550580978393554687500 HTTP/1.1" 200 - "https://69b4844ae61d4e92bf26ad98af552775-devsite.readyship.co/wp-cron.php?doing_wp_cron=1776092003.9550580978393554687500" "WordPress/5.1.19; https://69b4844ae61d4e92bf26ad98af552775-devsite.readyship.co"
64.252.75.25 - - [13/Apr/2026:14:53:23 +0000] "GET /?feed=rss2&p=5643 HTTP/1.1" 200 549 "-" "Amazon CloudFront"
64.252.69.192 - - [13/Apr/2026:14:53:58 +0000] "GET /?p=11699 HTTP/1.1" 200 14808 "-" "Amazon CloudFront"
15.158.215.109 - - [13/Apr/2026:14:55:08 +0000] "POST /wp-cron.php?doing_wp_cron=1776092108.1750121116638183593750 HTTP/1.1" 200 - "https://69b4844ae61d4e92bf26ad98af552775-devsite.readyship.co/wp-cron.php?doing_wp_cron=1776092108.1750121116638183593750" "WordPress/5.1.19; https://69b4844ae61d4e92bf26ad98af552775-devsite.readyship.co"
64.252.75.25 - - [13/Apr/2026:14:55:07 +0000] "GET /?feed=rss2&p=6771 HTTP/1.1" 200 488 "-" "Amazon CloudFront"
64.252.77.101 - - [13/Apr/2026:14:55:11 +0000] "GET /?feed=rss2&p=82046 HTTP/1.1" 200 540 "-" "Amazon CloudFront"
15.158.215.109 - - [13/Apr/2026:14:55:44 +0000] "POST /wp-cron.php?doing_wp_cron=1776092144.7628099918365478515625 HTTP/1.1" 200 - "https://69b4844ae61d4e92bf26ad98af552775-devsite.readyship.co/wp-cron.php?doing_wp_cron=1776092144.7628099918365478515625" "WordPress/5.1.19; https://69b4844ae61d4e92bf26ad98af552775-devsite.readyship.co"
64.252.68.163 - - [13/Apr/2026:14:55:44 +0000] "GET /?cat=1&paged=34 HTTP/1.1" 200 11340 "-" "Amazon CloudFront"
15.158.215.109 - - [13/Apr/2026:14:56:55 +0000] "POST /wp-cron.php?doing_wp_cron=1776092215.4950609207153320312500 HTTP/1.1" 200 - "https://69b4844ae61d4e92bf26ad98af552775-devsite.readyship.co/wp-cron.php?doing_wp_cron=1776092215.4950609207153320312500" "WordPress/5.1.19; https://69b4844ae61d4e92bf26ad98af552775-devsite.readyship.co"
64.252.69.192 - - [13/Apr/2026:14:56:55 +0000] "GET /?p=96431 HTTP/1.1" 200 14361 "-" "Amazon CloudFront"
15.158.215.109 - - [13/Apr/2026:14:57:24 +0000] "POST /wp-cron.php?doing_wp_cron=1776092244.4830980300903320312500 HTTP/1.1" 200 - "https://69b4844ae61d4e92bf26ad98af552775-devsite.readyship.co/wp-cron.php?doing_wp_cron=1776092244.4830980300903320312500" "WordPress/5.1.19; https://69b4844ae61d4e92bf26ad98af552775-devsite.readyship.co"
64.252.75.25 - - [13/Apr/2026:14:57:24 +0000] "GET /?feed=rss2&p=96409 HTTP/1.1" 200 536 "-" "Amazon CloudFront"
64.252.77.101 - - [13/Apr/2026:14:57:35 +0000] "GET /?feed=rss2&p=5679 HTTP/1.1" 200 542 "-" "Amazon CloudFront"
15.158.215.109 - - [13/Apr/2026:14:58:53 +0000] "POST /wp-cron.php?doing_wp_cron=1776092333.0469191074371337890625 HTTP/1.1" 200 - "https://69b4844ae61d4e92bf26ad98af552775-devsite.readyship.co/wp-cron.php?doing_wp_cron=1776092333.0469191074371337890625" "WordPress/5.1.19; https://69b4844ae61d4e92bf26ad98af552775-devsite.readyship.co"
64.252.75.25 - - [13/Apr/2026:14:58:52 +0000] "GET /?feed=rss2&p=5591 HTTP/1.1" 200 551 "-" "Amazon CloudFront"
64.252.75.25 - - [13/Apr/2026:14:59:07 +0000] "GET /?feed=rss2&p=96403 HTTP/1.1" 200 515 "-" "Amazon CloudFront"
15.158.215.109 - - [13/Apr/2026:14:59:40 +0000] "POST /wp-cron.php?doing_wp_cron=1776092380.1128280162811279296875 HTTP/1.1" 200 - "https://69b4844ae61d4e92bf26ad98af552775-devsite.readyship.co/wp-cron.php?doing_wp_cron=1776092380.1128280162811279296875" "WordPress/5.1.19; https://69b4844ae61d4e92bf26ad98af552775-devsite.readyship.co"
64.252.85.188 - - [13/Apr/2026:14:59:39 +0000] "GET /?p=12161 HTTP/1.1" 200 15043 "-" "Amazon CloudFront"
64.252.85.188 - - [13/Apr/2026:14:59:41 +0000] "GET /?p=17725 HTTP/1.1" 200 14291 "-" "Amazon CloudFront"
64.252.82.51 - - [13/Apr/2026:14:59:42 +0000] "GET /?p=12203 HTTP/1.1" 200 15233 "-" "Amazon CloudFront"
64.252.82.51 - - [13/Apr/2026:14:59:44 +0000] "GET /?p=12219 HTTP/1.1" 200 15219 "-" "Amazon CloudFront"
64.252.82.51 - - [13/Apr/2026:14:59:45 +0000] "GET /?p=50528 HTTP/1.1" 200 16314 "-" "Amazon CloudFront"
64.252.83.165 - - [13/Apr/2026:14:59:46 +0000] "GET /?p=33648 HTTP/1.1" 200 16026 "-" "Amazon CloudFront"
64.252.83.165 - - [13/Apr/2026:14:59:47 +0000] "GET /?p=11069 HTTP/1.1" 200 17596 "-" "Amazon CloudFront"
64.252.85.188 - - [13/Apr/2026:14:59:49 +0000] "GET /?p=11075 HTTP/1.1" 200 14965 "-" "Amazon CloudFront"
64.252.77.101 - - [13/Apr/2026:14:59:50 +0000] "GET /?feed=rss2&p=82062 HTTP/1.1" 200 522 "-" "Amazon CloudFront"
64.252.82.51 - - [13/Apr/2026:14:59:50 +0000] "GET /?p=90042 HTTP/1.1" 200 15045 "-" "Amazon CloudFront"
64.252.83.165 - - [13/Apr/2026:14:59:51 +0000] "GET /?p=17979 HTTP/1.1" 200 14613 "-" "Amazon CloudFront"
64.252.82.51 - - [13/Apr/2026:14:59:52 +0000] "GET /?p=17973 HTTP/1.1" 200 14904 "-" "Amazon CloudFront"
64.252.83.165 - - [13/Apr/2026:14:59:54 +0000] "GET /?p=74477 HTTP/1.1" 200 17064 "-" "Amazon CloudFront"
15.158.243.79 - - [13/Apr/2026:14:59:55 +0000] "GET /index.php?rest_route=%2Foembed%2F1.0%2Fembed&url=https%3A%2F%2F69b4844ae61d4e92bf26ad98af552775-devsite.readyship.co%2F%3Fp%3D12161 HTTP/1.1" 403 - "https://69b4844ae61d4e92bf26ad98af552775-devsite.readyship.co/?p=12161" "Mozilla/5.0 AppleWebKit/537.36 (KHTML, like Gecko; compatible; GPTBot/1.3; +https://openai.com/gptbot)"
15.158.243.79 - - [13/Apr/2026:14:59:55 +0000] "GET /index.php?format=xml&rest_route=%2Foembed%2F1.0%2Fembed&url=https%3A%2F%2F69b4844ae61d4e92bf26ad98af552775-devsite.readyship.co%2F%3Fp%3D12161 HTTP/1.1" 403 - "https://69b4844ae61d4e92bf26ad98af552775-devsite.readyship.co/?p=12161" "Mozilla/5.0 AppleWebKit/537.36 (KHTML, like Gecko; compatible; GPTBot/1.3; +https://openai.com/gptbot)"
64.252.85.188 - - [13/Apr/2026:14:59:56 +0000] "GET /?p=12221 HTTP/1.1" 200 15248 "-" "Amazon CloudFront"
64.252.83.165 - - [13/Apr/2026:14:59:57 +0000] "GET /?p=12159 HTTP/1.1" 200 15036 "-" "Amazon CloudFront"
64.252.82.51 - - [13/Apr/2026:14:59:58 +0000] "GET /?p=12163 HTTP/1.1" 200 15364 "-" "Amazon CloudFront"
64.252.85.188 - - [13/Apr/2026:15:00:00 +0000] "GET /?p=11067 HTTP/1.1" 200 16858 "-" "Amazon CloudFront"
64.252.83.165 - - [13/Apr/2026:15:00:01 +0000] "GET /?p=11077 HTTP/1.1" 200 16722 "-" "Amazon CloudFront"
64.252.83.165 - - [13/Apr/2026:15:00:02 +0000] "GET /?p=90044 HTTP/1.1" 200 14368 "-" "Amazon CloudFront"
64.252.85.188 - - [13/Apr/2026:15:00:03 +0000] "GET /?p=17981 HTTP/1.1" 200 15881 "-" "Amazon CloudFront"
64.252.82.51 - - [13/Apr/2026:15:00:05 +0000] "GET /?p=50530 HTTP/1.1" 200 14493 "-" "Amazon CloudFront"
15.158.243.79 - - [13/Apr/2026:15:00:06 +0000] "GET /index.php?rest_route=%2Foembed%2F1.0%2Fembed&url=https%3A%2F%2F69b4844ae61d4e92bf26ad98af552775-devsite.readyship.co%2F%3Fp%3D74477 HTTP/1.1" 403 - "https://69b4844ae61d4e92bf26ad98af552775-devsite.readyship.co/?p=74477" "Mozilla/5.0 AppleWebKit/537.36 (KHTML, like Gecko; compatible; GPTBot/1.3; +https://openai.com/gptbot)"
15.158.243.79 - - [13/Apr/2026:15:00:06 +0000] "GET /index.php?format=xml&rest_route=%2Foembed%2F1.0%2Fembed&url=https%3A%2F%2F69b4844ae61d4e92bf26ad98af552775-devsite.readyship.co%2F%3Fp%3D74477 HTTP/1.1" 403 - "https://69b4844ae61d4e92bf26ad98af552775-devsite.readyship.co/?p=74477" "Mozilla/5.0 AppleWebKit/537.36 (KHTML, like Gecko; compatible; GPTBot/1.3; +https://openai.com/gptbot)"
64.252.82.51 - - [13/Apr/2026:15:00:07 +0000] "GET /?p=74475 HTTP/1.1" 200 14512 "-" "Amazon CloudFront"
64.252.83.165 - - [13/Apr/2026:15:00:08 +0000] "GET /?p=12223 HTTP/1.1" 200 15186 "-" "Amazon CloudFront"
64.252.83.165 - - [13/Apr/2026:15:00:09 +0000] "GET /?p=12157 HTTP/1.1" 200 15186 "-" "Amazon CloudFront"
64.252.83.165 - - [13/Apr/2026:15:00:11 +0000] "GET /?p=12165 HTTP/1.1" 200 15144 "-" "Amazon CloudFront"
64.252.85.188 - - [13/Apr/2026:15:00:12 +0000] "GET /?p=11065 HTTP/1.1" 200 15748 "-" "Amazon CloudFront"
64.252.75.25 - - [13/Apr/2026:15:00:13 +0000] "GET /?feed=rss2&p=5565 HTTP/1.1" 200 561 "-" "Amazon CloudFront"
64.252.85.188 - - [13/Apr/2026:15:00:13 +0000] "GET /?p=11079 HTTP/1.1" 200 15825 "-" "Amazon CloudFront"
64.252.83.165 - - [13/Apr/2026:15:00:14 +0000] "GET /?p=90046 HTTP/1.1" 200 17279 "-" "Amazon CloudFront"
64.252.85.188 - - [13/Apr/2026:15:00:16 +0000] "GET /?p=74479 HTTP/1.1" 200 14984 "-" "Amazon CloudFront"
64.252.83.165 - - [13/Apr/2026:15:00:17 +0000] "GET /?p=17971 HTTP/1.1" 200 14733 "-" "Amazon CloudFront"
64.252.82.51 - - [13/Apr/2026:15:00:18 +0000] "GET /?p=12201 HTTP/1.1" 200 15569 "-" "Amazon CloudFront"
64.252.85.188 - - [13/Apr/2026:15:00:19 +0000] "GET /?p=33650 HTTP/1.1" 200 15346 "-" "Amazon CloudFront"
64.252.82.51 - - [13/Apr/2026:15:00:20 +0000] "GET /?p=74471 HTTP/1.1" 200 22659 "-" "Amazon CloudFront"
