3.172.15.55 - - [13/Apr/2026:13:10:58 +0000] "GET /index.php?format=xml&rest_route=%2Foembed%2F1.0%2Fembed&url=https%3A%2F%2F69b4844ae61d4e92bf26ad98af552775-devsite.readyship.co%2F%3Fp%3D22392 HTTP/1.1" 403 - "https://69b4844ae61d4e92bf26ad98af552775-devsite.readyship.co/?p=22392" "Mozilla/5.0 AppleWebKit/537.36 (KHTML, like Gecko; compatible; GPTBot/1.3; +https://openai.com/gptbot)"
64.252.122.226 - - [13/Apr/2026:13:10:58 +0000] "GET /?p=44992 HTTP/1.1" 200 23077 "-" "Amazon CloudFront"
64.252.122.226 - - [13/Apr/2026:13:11:00 +0000] "GET /?p=44996 HTTP/1.1" 200 16183 "-" "Amazon CloudFront"
64.252.122.226 - - [13/Apr/2026:13:11:01 +0000] "GET /?p=91187 HTTP/1.1" 200 16838 "-" "Amazon CloudFront"
64.252.122.226 - - [13/Apr/2026:13:11:02 +0000] "GET /?p=91173 HTTP/1.1" 200 16891 "-" "Amazon CloudFront"
15.158.215.109 - - [13/Apr/2026:13:11:04 +0000] "POST /wp-cron.php?doing_wp_cron=1776085864.0990390777587890625000 HTTP/1.1" 200 - "https://69b4844ae61d4e92bf26ad98af552775-devsite.readyship.co/wp-cron.php?doing_wp_cron=1776085864.0990390777587890625000" "WordPress/5.1.19; https://69b4844ae61d4e92bf26ad98af552775-devsite.readyship.co"
64.252.122.226 - - [13/Apr/2026:13:11:03 +0000] "GET /?feed=rss2&p=91187 HTTP/1.1" 200 488 "-" "Amazon CloudFront"
64.252.122.229 - - [13/Apr/2026:13:11:05 +0000] "GET /?p=28264 HTTP/1.1" 200 14459 "-" "Amazon CloudFront"
64.252.122.226 - - [13/Apr/2026:13:11:06 +0000] "GET /?p=28258 HTTP/1.1" 200 21485 "-" "Amazon CloudFront"
64.252.122.226 - - [13/Apr/2026:13:11:07 +0000] "GET /?p=24010 HTTP/1.1" 200 14432 "-" "Amazon CloudFront"
64.252.122.226 - - [13/Apr/2026:13:11:08 +0000] "GET /?p=24030 HTTP/1.1" 200 14551 "-" "Amazon CloudFront"
64.252.122.226 - - [13/Apr/2026:13:11:09 +0000] "GET /?p=36558 HTTP/1.1" 200 16881 "-" "Amazon CloudFront"
64.252.122.226 - - [13/Apr/2026:13:11:11 +0000] "GET /?p=79769 HTTP/1.1" 200 14661 "-" "Amazon CloudFront"
64.252.122.226 - - [13/Apr/2026:13:11:12 +0000] "GET /?p=81808 HTTP/1.1" 200 15080 "-" "Amazon CloudFront"
64.252.122.226 - - [13/Apr/2026:13:11:13 +0000] "GET /?p=44990 HTTP/1.1" 200 16471 "-" "Amazon CloudFront"
64.252.122.229 - - [13/Apr/2026:13:11:14 +0000] "GET /?p=44998 HTTP/1.1" 200 15968 "-" "Amazon CloudFront"
64.252.122.226 - - [13/Apr/2026:13:11:15 +0000] "GET /?p=91189 HTTP/1.1" 200 17625 "-" "Amazon CloudFront"
64.252.122.229 - - [13/Apr/2026:13:11:16 +0000] "GET /?p=88008 HTTP/1.1" 200 15860 "-" "Amazon CloudFront"
64.252.122.226 - - [13/Apr/2026:13:11:18 +0000] "GET /?p=28266 HTTP/1.1" 200 17315 "-" "Amazon CloudFront"
64.252.122.226 - - [13/Apr/2026:13:11:19 +0000] "GET /?p=28256 HTTP/1.1" 200 17047 "-" "Amazon CloudFront"
64.252.122.226 - - [13/Apr/2026:13:11:21 +0000] "GET /?p=24008 HTTP/1.1" 200 18265 "-" "Amazon CloudFront"
15.158.215.109 - - [13/Apr/2026:13:11:22 +0000] "POST /wp-cron.php?doing_wp_cron=1776085882.7361121177673339843750 HTTP/1.1" 200 - "https://69b4844ae61d4e92bf26ad98af552775-devsite.readyship.co/wp-cron.php?doing_wp_cron=1776085882.7361121177673339843750" "WordPress/5.1.19; https://69b4844ae61d4e92bf26ad98af552775-devsite.readyship.co"
64.252.122.226 - - [13/Apr/2026:13:11:22 +0000] "GET /?p=24032 HTTP/1.1" 200 23537 "-" "Amazon CloudFront"
64.252.75.25 - - [13/Apr/2026:13:11:25 +0000] "GET /?feed=rss2&p=7303 HTTP/1.1" 200 520 "-" "Amazon CloudFront"
64.252.75.25 - - [13/Apr/2026:13:11:25 +0000] "GET /?feed=rss2&p=96463 HTTP/1.1" 200 543 "-" "Amazon CloudFront"
64.252.75.25 - - [13/Apr/2026:13:11:25 +0000] "GET /?feed=rss2&p=96441 HTTP/1.1" 200 503 "-" "Amazon CloudFront"
64.252.77.101 - - [13/Apr/2026:13:11:25 +0000] "GET /?feed=rss2&p=96465 HTTP/1.1" 200 527 "-" "Amazon CloudFront"
64.252.122.229 - - [13/Apr/2026:13:11:24 +0000] "GET /?p=36556 HTTP/1.1" 200 21765 "-" "Amazon CloudFront"
64.252.74.231 - - [13/Apr/2026:13:11:25 +0000] "GET /?feed=rss2&p=5557 HTTP/1.1" 200 557 "-" "Amazon CloudFront"
64.252.75.25 - - [13/Apr/2026:13:11:25 +0000] "GET /?feed=rss2&p=96445 HTTP/1.1" 200 515 "-" "Amazon CloudFront"
64.252.122.226 - - [13/Apr/2026:13:11:25 +0000] "GET /?p=82522 HTTP/1.1" 200 17812 "-" "Amazon CloudFront"
64.252.77.101 - - [13/Apr/2026:13:11:25 +0000] "GET /?feed=rss2&p=96473 HTTP/1.1" 200 510 "-" "Amazon CloudFront"
64.252.75.25 - - [13/Apr/2026:13:11:25 +0000] "GET /?feed=rss2&p=44301 HTTP/1.1" 200 609 "-" "Amazon CloudFront"
3.172.15.54 - - [13/Apr/2026:13:11:26 +0000] "GET /index.php?rest_route=%2Foembed%2F1.0%2Fembed&url=https%3A%2F%2F69b4844ae61d4e92bf26ad98af552775-devsite.readyship.co%2F%3Fp%3D81808 HTTP/1.1" 403 - "https://69b4844ae61d4e92bf26ad98af552775-devsite.readyship.co/?p=81808" "Mozilla/5.0 AppleWebKit/537.36 (KHTML, like Gecko; compatible; GPTBot/1.3; +https://openai.com/gptbot)"
64.252.75.25 - - [13/Apr/2026:13:11:25 +0000] "GET /?feed=rss2&p=5499 HTTP/1.1" 200 547 "-" "Amazon CloudFront"
3.172.15.54 - - [13/Apr/2026:13:11:27 +0000] "GET /index.php?format=xml&rest_route=%2Foembed%2F1.0%2Fembed&url=https%3A%2F%2F69b4844ae61d4e92bf26ad98af552775-devsite.readyship.co%2F%3Fp%3D81808 HTTP/1.1" 403 - "https://69b4844ae61d4e92bf26ad98af552775-devsite.readyship.co/?p=81808" "Mozilla/5.0 AppleWebKit/537.36 (KHTML, like Gecko; compatible; GPTBot/1.3; +https://openai.com/gptbot)"
64.252.122.229 - - [13/Apr/2026:13:11:27 +0000] "GET /?p=45000 HTTP/1.1" 200 15505 "-" "Amazon CloudFront"
64.252.122.229 - - [13/Apr/2026:13:11:28 +0000] "GET /?p=44988 HTTP/1.1" 200 22733 "-" "Amazon CloudFront"
3.172.15.54 - - [13/Apr/2026:13:11:29 +0000] "GET /index.php?rest_route=%2Foembed%2F1.0%2Fembed&url=https%3A%2F%2F69b4844ae61d4e92bf26ad98af552775-devsite.readyship.co%2F%3Fp%3D88008 HTTP/1.1" 403 - "https://69b4844ae61d4e92bf26ad98af552775-devsite.readyship.co/?p=88008" "Mozilla/5.0 AppleWebKit/537.36 (KHTML, like Gecko; compatible; GPTBot/1.3; +https://openai.com/gptbot)"
3.172.15.16 - - [13/Apr/2026:13:11:30 +0000] "GET /index.php?format=xml&rest_route=%2Foembed%2F1.0%2Fembed&url=https%3A%2F%2F69b4844ae61d4e92bf26ad98af552775-devsite.readyship.co%2F%3Fp%3D88008 HTTP/1.1" 403 - "https://69b4844ae61d4e92bf26ad98af552775-devsite.readyship.co/?p=88008" "Mozilla/5.0 AppleWebKit/537.36 (KHTML, like Gecko; compatible; GPTBot/1.3; +https://openai.com/gptbot)"
64.252.122.226 - - [13/Apr/2026:13:11:31 +0000] "GET /?p=81810 HTTP/1.1" 200 14488 "-" "Amazon CloudFront"
64.252.122.226 - - [13/Apr/2026:13:11:32 +0000] "GET /?p=24006 HTTP/1.1" 200 22330 "-" "Amazon CloudFront"
64.252.75.25 - - [13/Apr/2026:13:11:33 +0000] "GET /?feed=rss2&p=7292 HTTP/1.1" 200 540 "-" "Amazon CloudFront"
64.252.77.101 - - [13/Apr/2026:13:11:33 +0000] "GET /?feed=rss2&p=33640 HTTP/1.1" 200 494 "-" "Amazon CloudFront"
64.252.77.101 - - [13/Apr/2026:13:11:33 +0000] "GET /?feed=rss2&p=30429 HTTP/1.1" 200 517 "-" "Amazon CloudFront"
64.252.77.101 - - [13/Apr/2026:13:11:33 +0000] "GET /?feed=rss2&p=96455 HTTP/1.1" 200 508 "-" "Amazon CloudFront"
64.252.75.25 - - [13/Apr/2026:13:11:33 +0000] "GET /?feed=rss2&p=39595 HTTP/1.1" 200 498 "-" "Amazon CloudFront"
64.252.122.226 - - [13/Apr/2026:13:11:33 +0000] "GET /?p=24034 HTTP/1.1" 200 14298 "-" "Amazon CloudFront"
64.252.77.101 - - [13/Apr/2026:13:11:33 +0000] "GET /?cat=163&feed=rss2 HTTP/1.1" 200 82777 "-" "Amazon CloudFront"
64.252.75.25 - - [13/Apr/2026:13:11:33 +0000] "GET /?feed=rss2&p=43076 HTTP/1.1" 200 533 "-" "Amazon CloudFront"
64.252.77.101 - - [13/Apr/2026:13:11:33 +0000] "GET /?feed=rss2&p=8829 HTTP/1.1" 200 549 "-" "Amazon CloudFront"
64.252.75.25 - - [13/Apr/2026:13:11:34 +0000] "GET /?feed=rss2&p=5734 HTTP/1.1" 200 533 "-" "Amazon CloudFront"
64.252.122.229 - - [13/Apr/2026:13:11:34 +0000] "GET /?p=36554 HTTP/1.1" 200 17862 "-" "Amazon CloudFront"
3.172.15.54 - - [13/Apr/2026:13:11:35 +0000] "GET /index.php?rest_route=%2Foembed%2F1.0%2Fembed&url=https%3A%2F%2F69b4844ae61d4e92bf26ad98af552775-devsite.readyship.co%2F%3Fp%3D82522 HTTP/1.1" 403 - "https://69b4844ae61d4e92bf26ad98af552775-devsite.readyship.co/?p=82522" "Mozilla/5.0 AppleWebKit/537.36 (KHTML, like Gecko; compatible; GPTBot/1.3; +https://openai.com/gptbot)"
3.172.15.16 - - [13/Apr/2026:13:11:36 +0000] "GET /index.php?format=xml&rest_route=%2Foembed%2F1.0%2Fembed&url=https%3A%2F%2F69b4844ae61d4e92bf26ad98af552775-devsite.readyship.co%2F%3Fp%3D82522 HTTP/1.1" 403 - "https://69b4844ae61d4e92bf26ad98af552775-devsite.readyship.co/?p=82522" "Mozilla/5.0 AppleWebKit/537.36 (KHTML, like Gecko; compatible; GPTBot/1.3; +https://openai.com/gptbot)"
64.252.122.226 - - [13/Apr/2026:13:11:37 +0000] "GET /?p=82520 HTTP/1.1" 200 16874 "-" "Amazon CloudFront"
64.252.68.163 - - [13/Apr/2026:13:11:38 +0000] "GET /?p=13677 HTTP/1.1" 200 16009 "-" "Amazon CloudFront"
64.252.122.229 - - [13/Apr/2026:13:11:38 +0000] "GET /?p=45002 HTTP/1.1" 200 24248 "-" "Amazon CloudFront"
64.252.122.226 - - [13/Apr/2026:13:11:39 +0000] "GET /?p=82524 HTTP/1.1" 200 15803 "-" "Amazon CloudFront"
64.252.122.229 - - [13/Apr/2026:13:11:40 +0000] "GET /?p=88010 HTTP/1.1" 200 15528 "-" "Amazon CloudFront"
64.252.122.226 - - [13/Apr/2026:13:11:41 +0000] "GET /?p=28268 HTTP/1.1" 200 14679 "-" "Amazon CloudFront"
64.252.122.229 - - [13/Apr/2026:13:11:43 +0000] "GET /?p=81812 HTTP/1.1" 200 15584 "-" "Amazon CloudFront"
64.252.122.229 - - [13/Apr/2026:13:11:44 +0000] "GET /?p=24004 HTTP/1.1" 200 14016 "-" "Amazon CloudFront"
64.252.122.229 - - [13/Apr/2026:13:11:45 +0000] "GET /?p=28254 HTTP/1.1" 200 14570 "-" "Amazon CloudFront"
64.252.122.226 - - [13/Apr/2026:13:11:46 +0000] "GET /?p=36552 HTTP/1.1" 200 17699 "-" "Amazon CloudFront"
64.252.122.226 - - [13/Apr/2026:13:11:47 +0000] "GET /?p=88006 HTTP/1.1" 200 16060 "-" "Amazon CloudFront"
64.252.122.229 - - [13/Apr/2026:13:11:48 +0000] "GET /?p=32722 HTTP/1.1" 200 22350 "-" "Amazon CloudFront"
64.252.122.226 - - [13/Apr/2026:13:11:50 +0000] "GET /?p=82518 HTTP/1.1" 200 21688 "-" "Amazon CloudFront"
64.252.122.226 - - [13/Apr/2026:13:11:51 +0000] "GET /?p=45004 HTTP/1.1" 200 16023 "-" "Amazon CloudFront"
64.252.122.226 - - [13/Apr/2026:13:11:52 +0000] "GET /?p=82526 HTTP/1.1" 200 15244 "-" "Amazon CloudFront"
64.252.122.226 - - [13/Apr/2026:13:11:53 +0000] "GET /?p=88012 HTTP/1.1" 200 17991 "-" "Amazon CloudFront"
64.252.122.229 - - [13/Apr/2026:13:11:54 +0000] "GET /?p=28270 HTTP/1.1" 200 22680 "-" "Amazon CloudFront"
64.252.122.229 - - [13/Apr/2026:13:11:56 +0000] "GET /?p=81814 HTTP/1.1" 200 14186 "-" "Amazon CloudFront"
64.252.122.226 - - [13/Apr/2026:13:11:57 +0000] "GET /?p=24002 HTTP/1.1" 200 18163 "-" "Amazon CloudFront"
64.252.122.226 - - [13/Apr/2026:13:11:58 +0000] "GET /?p=64660 HTTP/1.1" 200 14322 "-" "Amazon CloudFront"
64.252.122.226 - - [13/Apr/2026:13:11:59 +0000] "GET /?p=17077 HTTP/1.1" 200 14382 "-" "Amazon CloudFront"
64.252.122.226 - - [13/Apr/2026:13:12:00 +0000] "GET /?p=88004 HTTP/1.1" 200 17684 "-" "Amazon CloudFront"
3.172.15.54 - - [13/Apr/2026:13:12:02 +0000] "GET /index.php?rest_route=%2Foembed%2F1.0%2Fembed&url=https%3A%2F%2F69b4844ae61d4e92bf26ad98af552775-devsite.readyship.co%2F%3Fp%3D32722 HTTP/1.1" 403 - "https://69b4844ae61d4e92bf26ad98af552775-devsite.readyship.co/?p=32722" "Mozilla/5.0 AppleWebKit/537.36 (KHTML, like Gecko; compatible; GPTBot/1.3; +https://openai.com/gptbot)"
3.172.15.54 - - [13/Apr/2026:13:12:02 +0000] "GET /index.php?format=xml&rest_route=%2Foembed%2F1.0%2Fembed&url=https%3A%2F%2F69b4844ae61d4e92bf26ad98af552775-devsite.readyship.co%2F%3Fp%3D32722 HTTP/1.1" 403 - "https://69b4844ae61d4e92bf26ad98af552775-devsite.readyship.co/?p=32722" "Mozilla/5.0 AppleWebKit/537.36 (KHTML, like Gecko; compatible; GPTBot/1.3; +https://openai.com/gptbot)"
64.252.122.226 - - [13/Apr/2026:13:12:03 +0000] "GET /?p=45006 HTTP/1.1" 200 15316 "-" "Amazon CloudFront"
64.252.69.192 - - [13/Apr/2026:13:12:04 +0000] "GET /?p=10473 HTTP/1.1" 200 15633 "-" "Amazon CloudFront"
64.252.122.229 - - [13/Apr/2026:13:12:04 +0000] "GET /?p=82528 HTTP/1.1" 200 16545 "-" "Amazon CloudFront"
64.252.122.226 - - [13/Apr/2026:13:12:05 +0000] "GET /?p=88014 HTTP/1.1" 200 16169 "-" "Amazon CloudFront"
64.252.122.229 - - [13/Apr/2026:13:12:06 +0000] "GET /?p=28274 HTTP/1.1" 200 16791 "-" "Amazon CloudFront"
64.252.122.226 - - [13/Apr/2026:13:12:08 +0000] "GET /?feed=rss2&p=88014 HTTP/1.1" 200 510 "-" "Amazon CloudFront"
64.252.122.229 - - [13/Apr/2026:13:12:08 +0000] "GET /?p=81816 HTTP/1.1" 200 14923 "-" "Amazon CloudFront"
64.252.122.226 - - [13/Apr/2026:13:12:09 +0000] "GET /?p=88016 HTTP/1.1" 200 21417 "-" "Amazon CloudFront"
64.252.122.229 - - [13/Apr/2026:13:12:11 +0000] "GET /?p=24000 HTTP/1.1" 200 14897 "-" "Amazon CloudFront"
3.172.15.54 - - [13/Apr/2026:13:12:12 +0000] "GET /index.php?rest_route=%2Foembed%2F1.0%2Fembed&url=https%3A%2F%2F69b4844ae61d4e92bf26ad98af552775-devsite.readyship.co%2F%3Fp%3D64660 HTTP/1.1" 403 - "https://69b4844ae61d4e92bf26ad98af552775-devsite.readyship.co/?p=64660" "Mozilla/5.0 AppleWebKit/537.36 (KHTML, like Gecko; compatible; GPTBot/1.3; +https://openai.com/gptbot)"
3.172.15.54 - - [13/Apr/2026:13:12:12 +0000] "GET /index.php?rest_route=%2Foembed%2F1.0%2Fembed&url=https%3A%2F%2F69b4844ae61d4e92bf26ad98af552775-devsite.readyship.co%2F%3Fp%3D17077 HTTP/1.1" 403 - "https://69b4844ae61d4e92bf26ad98af552775-devsite.readyship.co/?p=17077" "Mozilla/5.0 AppleWebKit/537.36 (KHTML, like Gecko; compatible; GPTBot/1.3; +https://openai.com/gptbot)"
3.172.15.16 - - [13/Apr/2026:13:12:13 +0000] "GET /index.php?format=xml&rest_route=%2Foembed%2F1.0%2Fembed&url=https%3A%2F%2F69b4844ae61d4e92bf26ad98af552775-devsite.readyship.co%2F%3Fp%3D64660 HTTP/1.1" 403 - "https://69b4844ae61d4e92bf26ad98af552775-devsite.readyship.co/?p=64660" "Mozilla/5.0 AppleWebKit/537.36 (KHTML, like Gecko; compatible; GPTBot/1.3; +https://openai.com/gptbot)"
3.172.15.55 - - [13/Apr/2026:13:12:13 +0000] "GET /index.php?format=xml&rest_route=%2Foembed%2F1.0%2Fembed&url=https%3A%2F%2F69b4844ae61d4e92bf26ad98af552775-devsite.readyship.co%2F%3Fp%3D17077 HTTP/1.1" 403 - "https://69b4844ae61d4e92bf26ad98af552775-devsite.readyship.co/?p=17077" "Mozilla/5.0 AppleWebKit/537.36 (KHTML, like Gecko; compatible; GPTBot/1.3; +https://openai.com/gptbot)"
64.252.122.226 - - [13/Apr/2026:13:12:14 +0000] "GET /?p=17075 HTTP/1.1" 200 14986 "-" "Amazon CloudFront"
64.252.122.226 - - [13/Apr/2026:13:12:15 +0000] "GET /?p=88002 HTTP/1.1" 200 18352 "-" "Amazon CloudFront"
64.252.122.229 - - [13/Apr/2026:13:12:16 +0000] "GET /?p=32720 HTTP/1.1" 200 17743 "-" "Amazon CloudFront"
64.252.122.229 - - [13/Apr/2026:13:12:18 +0000] "GET /?p=32724 HTTP/1.1" 200 17787 "-" "Amazon CloudFront"
64.252.122.226 - - [13/Apr/2026:13:12:19 +0000] "GET /?p=45008 HTTP/1.1" 200 16874 "-" "Amazon CloudFront"
64.252.122.229 - - [13/Apr/2026:13:12:21 +0000] "GET /?p=23998 HTTP/1.1" 200 15244 "-" "Amazon CloudFront"
15.158.215.109 - - [13/Apr/2026:13:12:22 +0000] "POST /wp-cron.php?doing_wp_cron=1776085942.8236320018768310546875 HTTP/1.1" 200 - "https://69b4844ae61d4e92bf26ad98af552775-devsite.readyship.co/wp-cron.php?doing_wp_cron=1776085942.8236320018768310546875" "WordPress/5.1.19; https://69b4844ae61d4e92bf26ad98af552775-devsite.readyship.co"
64.252.122.226 - - [13/Apr/2026:13:12:22 +0000] "GET /?p=17079 HTTP/1.1" 200 14612 "-" "Amazon CloudFront"
64.252.74.231 - - [13/Apr/2026:13:12:25 +0000] "GET /?feed=rss2&p=96443 HTTP/1.1" 200 513 "-" "Amazon CloudFront"
64.252.75.25 - - [13/Apr/2026:13:12:25 +0000] "GET /?feed=rss2&p=42750 HTTP/1.1" 200 513 "-" "Amazon CloudFront"
64.252.122.229 - - [13/Apr/2026:13:12:24 +0000] "GET /?p=25282 HTTP/1.1" 200 14482 "-" "Amazon CloudFront"
64.252.75.25 - - [13/Apr/2026:13:12:25 +0000] "GET /?feed=rss2&p=5661 HTTP/1.1" 200 563 "-" "Amazon CloudFront"
64.252.75.25 - - [13/Apr/2026:13:12:25 +0000] "GET /?feed=rss2&p=7270 HTTP/1.1" 200 553 "-" "Amazon CloudFront"
64.252.122.226 - - [13/Apr/2026:13:12:25 +0000] "GET /?p=66566 HTTP/1.1" 200 14212 "-" "Amazon CloudFront"
64.252.77.101 - - [13/Apr/2026:13:12:25 +0000] "GET /?feed=rss2&p=7497 HTTP/1.1" 200 530 "-" "Amazon CloudFront"
64.252.77.101 - - [13/Apr/2026:13:12:25 +0000] "GET /?feed=rss2&p=96439 HTTP/1.1" 200 525 "-" "Amazon CloudFront"
64.252.77.101 - - [13/Apr/2026:13:12:25 +0000] "GET /?feed=rss2&p=42732 HTTP/1.1" 200 497 "-" "Amazon CloudFront"
64.252.75.25 - - [13/Apr/2026:13:12:25 +0000] "GET /?feed=rss2&p=30423 HTTP/1.1" 200 528 "-" "Amazon CloudFront"
64.252.75.25 - - [13/Apr/2026:13:12:25 +0000] "GET /?feed=rss2&p=33620 HTTP/1.1" 200 527 "-" "Amazon CloudFront"
64.252.74.231 - - [13/Apr/2026:13:12:25 +0000] "GET /?feed=rss2&p=7139 HTTP/1.1" 200 552 "-" "Amazon CloudFront"
64.252.122.226 - - [13/Apr/2026:13:12:26 +0000] "GET /?p=65505 HTTP/1.1" 200 13931 "-" "Amazon CloudFront"
64.252.122.229 - - [13/Apr/2026:13:12:27 +0000] "GET /?p=17073 HTTP/1.1" 200 17079 "-" "Amazon CloudFront"
64.252.122.226 - - [13/Apr/2026:13:12:28 +0000] "GET /?p=88000 HTTP/1.1" 200 16120 "-" "Amazon CloudFront"
64.252.122.226 - - [13/Apr/2026:13:12:30 +0000] "GET /?p=65661 HTTP/1.1" 200 15849 "-" "Amazon CloudFront"
64.252.122.229 - - [13/Apr/2026:13:12:31 +0000] "GET /?p=69662 HTTP/1.1" 200 14285 "-" "Amazon CloudFront"
64.252.122.226 - - [13/Apr/2026:13:12:32 +0000] "GET /?p=32726 HTTP/1.1" 200 16435 "-" "Amazon CloudFront"
64.252.122.226 - - [13/Apr/2026:13:12:33 +0000] "GET /?p=45010 HTTP/1.1" 200 19407 "-" "Amazon CloudFront"
64.252.122.229 - - [13/Apr/2026:13:12:39 +0000] "GET /?p=23996 HTTP/1.1" 200 21641 "-" "Amazon CloudFront"
64.252.122.226 - - [13/Apr/2026:13:12:41 +0000] "GET /?p=17081 HTTP/1.1" 200 13963 "-" "Amazon CloudFront"
3.172.15.54 - - [13/Apr/2026:13:12:42 +0000] "GET /index.php?rest_route=%2Foembed%2F1.0%2Fembed&url=https%3A%2F%2F69b4844ae61d4e92bf26ad98af552775-devsite.readyship.co%2F%3Fp%3D25282 HTTP/1.1" 403 - "https://69b4844ae61d4e92bf26ad98af552775-devsite.readyship.co/?p=25282" "Mozilla/5.0 AppleWebKit/537.36 (KHTML, like Gecko; compatible; GPTBot/1.3; +https://openai.com/gptbot)"
3.172.15.54 - - [13/Apr/2026:13:12:42 +0000] "GET /index.php?rest_route=%2Foembed%2F1.0%2Fembed&url=https%3A%2F%2F69b4844ae61d4e92bf26ad98af552775-devsite.readyship.co%2F%3Fp%3D66566 HTTP/1.1" 403 - "https://69b4844ae61d4e92bf26ad98af552775-devsite.readyship.co/?p=66566" "Mozilla/5.0 AppleWebKit/537.36 (KHTML, like Gecko; compatible; GPTBot/1.3; +https://openai.com/gptbot)"
3.172.15.55 - - [13/Apr/2026:13:12:43 +0000] "GET /index.php?rest_route=%2Foembed%2F1.0%2Fembed&url=https%3A%2F%2F69b4844ae61d4e92bf26ad98af552775-devsite.readyship.co%2F%3Fp%3D65505 HTTP/1.1" 403 - "https://69b4844ae61d4e92bf26ad98af552775-devsite.readyship.co/?p=65505" "Mozilla/5.0 AppleWebKit/537.36 (KHTML, like Gecko; compatible; GPTBot/1.3; +https://openai.com/gptbot)"
3.172.15.55 - - [13/Apr/2026:13:12:43 +0000] "GET /index.php?format=xml&rest_route=%2Foembed%2F1.0%2Fembed&url=https%3A%2F%2F69b4844ae61d4e92bf26ad98af552775-devsite.readyship.co%2F%3Fp%3D25282 HTTP/1.1" 403 - "https://69b4844ae61d4e92bf26ad98af552775-devsite.readyship.co/?p=25282" "Mozilla/5.0 AppleWebKit/537.36 (KHTML, like Gecko; compatible; GPTBot/1.3; +https://openai.com/gptbot)"
3.172.15.16 - - [13/Apr/2026:13:12:44 +0000] "GET /index.php?format=xml&rest_route=%2Foembed%2F1.0%2Fembed&url=https%3A%2F%2F69b4844ae61d4e92bf26ad98af552775-devsite.readyship.co%2F%3Fp%3D66566 HTTP/1.1" 403 - "https://69b4844ae61d4e92bf26ad98af552775-devsite.readyship.co/?p=66566" "Mozilla/5.0 AppleWebKit/537.36 (KHTML, like Gecko; compatible; GPTBot/1.3; +https://openai.com/gptbot)"
3.172.15.16 - - [13/Apr/2026:13:12:44 +0000] "GET /index.php?rest_route=%2Foembed%2F1.0%2Fembed&url=https%3A%2F%2F69b4844ae61d4e92bf26ad98af552775-devsite.readyship.co%2F%3Fp%3D65661 HTTP/1.1" 403 - "https://69b4844ae61d4e92bf26ad98af552775-devsite.readyship.co/?p=65661" "Mozilla/5.0 AppleWebKit/537.36 (KHTML, like Gecko; compatible; GPTBot/1.3; +https://openai.com/gptbot)"
3.172.15.55 - - [13/Apr/2026:13:12:45 +0000] "GET /index.php?rest_route=%2Foembed%2F1.0%2Fembed&url=https%3A%2F%2F69b4844ae61d4e92bf26ad98af552775-devsite.readyship.co%2F%3Fp%3D69662 HTTP/1.1" 403 - "https://69b4844ae61d4e92bf26ad98af552775-devsite.readyship.co/?p=69662" "Mozilla/5.0 AppleWebKit/537.36 (KHTML, like Gecko; compatible; GPTBot/1.3; +https://openai.com/gptbot)"
3.172.15.55 - - [13/Apr/2026:13:12:45 +0000] "GET /index.php?format=xml&rest_route=%2Foembed%2F1.0%2Fembed&url=https%3A%2F%2F69b4844ae61d4e92bf26ad98af552775-devsite.readyship.co%2F%3Fp%3D69662 HTTP/1.1" 403 - "https://69b4844ae61d4e92bf26ad98af552775-devsite.readyship.co/?p=69662" "Mozilla/5.0 AppleWebKit/537.36 (KHTML, like Gecko; compatible; GPTBot/1.3; +https://openai.com/gptbot)"
3.172.15.16 - - [13/Apr/2026:13:12:46 +0000] "GET /index.php?format=xml&rest_route=%2Foembed%2F1.0%2Fembed&url=https%3A%2F%2F69b4844ae61d4e92bf26ad98af552775-devsite.readyship.co%2F%3Fp%3D65661 HTTP/1.1" 403 - "https://69b4844ae61d4e92bf26ad98af552775-devsite.readyship.co/?p=65661" "Mozilla/5.0 AppleWebKit/537.36 (KHTML, like Gecko; compatible; GPTBot/1.3; +https://openai.com/gptbot)"
3.172.15.15 - - [13/Apr/2026:13:12:46 +0000] "GET /index.php?format=xml&rest_route=%2Foembed%2F1.0%2Fembed&url=https%3A%2F%2F69b4844ae61d4e92bf26ad98af552775-devsite.readyship.co%2F%3Fp%3D65505 HTTP/1.1" 403 - "https://69b4844ae61d4e92bf26ad98af552775-devsite.readyship.co/?p=65505" "Mozilla/5.0 AppleWebKit/537.36 (KHTML, like Gecko; compatible; GPTBot/1.3; +https://openai.com/gptbot)"
64.252.122.226 - - [13/Apr/2026:13:12:47 +0000] "GET /?p=25280 HTTP/1.1" 200 21564 "-" "Amazon CloudFront"
64.252.122.229 - - [13/Apr/2026:13:12:48 +0000] "GET /?p=25284 HTTP/1.1" 200 16638 "-" "Amazon CloudFront"
64.252.122.229 - - [13/Apr/2026:13:12:49 +0000] "GET /?p=87998 HTTP/1.1" 200 22651 "-" "Amazon CloudFront"
64.252.122.226 - - [13/Apr/2026:13:12:51 +0000] "GET /?p=23994 HTTP/1.1" 200 15785 "-" "Amazon CloudFront"
64.252.122.226 - - [13/Apr/2026:13:12:52 +0000] "GET /?feed=rss2&p=45008 HTTP/1.1" 200 504 "-" "Amazon CloudFront"
64.252.122.226 - - [13/Apr/2026:13:12:53 +0000] "GET /?p=35331 HTTP/1.1" 200 16273 "-" "Amazon CloudFront"
64.252.122.226 - - [13/Apr/2026:13:12:54 +0000] "GET /?p=88178 HTTP/1.1" 200 12176 "-" "Amazon CloudFront"
64.252.122.229 - - [13/Apr/2026:13:12:55 +0000] "GET /?p=42272 HTTP/1.1" 200 23314 "-" "Amazon CloudFront"
64.252.122.229 - - [13/Apr/2026:13:12:56 +0000] "GET /?p=70020 HTTP/1.1" 200 14157 "-" "Amazon CloudFront"
64.252.122.226 - - [13/Apr/2026:13:12:57 +0000] "GET /?p=55753 HTTP/1.1" 200 14405 "-" "Amazon CloudFront"
64.252.122.226 - - [13/Apr/2026:13:12:58 +0000] "GET /?p=40944 HTTP/1.1" 200 16739 "-" "Amazon CloudFront"
64.252.74.231 - - [13/Apr/2026:13:13:00 +0000] "GET /?feed=rss2&p=82494 HTTP/1.1" 200 516 "-" "Amazon CloudFront"
64.252.75.25 - - [13/Apr/2026:13:13:00 +0000] "GET /?feed=rss2&p=8706 HTTP/1.1" 200 588 "-" "Amazon CloudFront"
64.252.74.231 - - [13/Apr/2026:13:13:00 +0000] "GET /?feed=rss2&p=83270 HTTP/1.1" 200 532 "-" "Amazon CloudFront"
64.252.74.231 - - [13/Apr/2026:13:13:00 +0000] "GET /?feed=rss2&p=96467 HTTP/1.1" 200 517 "-" "Amazon CloudFront"
64.252.74.231 - - [13/Apr/2026:13:13:00 +0000] "GET /?feed=rss2&p=96453 HTTP/1.1" 200 530 "-" "Amazon CloudFront"
64.252.77.101 - - [13/Apr/2026:13:13:00 +0000] "GET /?feed=rss2&p=96457 HTTP/1.1" 200 505 "-" "Amazon CloudFront"
64.252.75.25 - - [13/Apr/2026:13:13:00 +0000] "GET /?feed=rss2&p=9886 HTTP/1.1" 200 511 "-" "Amazon CloudFront"
64.252.122.226 - - [13/Apr/2026:13:13:00 +0000] "GET /?p=25278 HTTP/1.1" 200 14583 "-" "Amazon CloudFront"
64.252.75.25 - - [13/Apr/2026:13:13:00 +0000] "GET /?cat=173&paged=2 HTTP/1.1" 200 11566 "-" "Amazon CloudFront"
64.252.122.226 - - [13/Apr/2026:13:13:01 +0000] "GET /?p=25286 HTTP/1.1" 200 22189 "-" "Amazon CloudFront"
64.252.122.226 - - [13/Apr/2026:13:13:03 +0000] "GET /?p=87996 HTTP/1.1" 200 15410 "-" "Amazon CloudFront"
64.252.122.229 - - [13/Apr/2026:13:13:04 +0000] "GET /?p=23992 HTTP/1.1" 200 21995 "-" "Amazon CloudFront"
64.252.122.226 - - [13/Apr/2026:13:13:05 +0000] "GET /?p=31393 HTTP/1.1" 200 17949 "-" "Amazon CloudFront"
3.172.15.54 - - [13/Apr/2026:13:13:06 +0000] "GET /index.php?rest_route=%2Foembed%2F1.0%2Fembed&url=https%3A%2F%2F69b4844ae61d4e92bf26ad98af552775-devsite.readyship.co%2F%3Fp%3D35331 HTTP/1.1" 403 - "https://69b4844ae61d4e92bf26ad98af552775-devsite.readyship.co/?p=35331" "Mozilla/5.0 AppleWebKit/537.36 (KHTML, like Gecko; compatible; GPTBot/1.3; +https://openai.com/gptbot)"
64.252.77.101 - - [13/Apr/2026:13:13:06 +0000] "GET /?feed=rss2&p=96447 HTTP/1.1" 200 520 "-" "Amazon CloudFront"
3.172.15.54 - - [13/Apr/2026:13:13:07 +0000] "GET /index.php?rest_route=%2Foembed%2F1.0%2Fembed&url=https%3A%2F%2F69b4844ae61d4e92bf26ad98af552775-devsite.readyship.co%2F%3Fp%3D88178 HTTP/1.1" 403 - "https://69b4844ae61d4e92bf26ad98af552775-devsite.readyship.co/?p=88178" "Mozilla/5.0 AppleWebKit/537.36 (KHTML, like Gecko; compatible; GPTBot/1.3; +https://openai.com/gptbot)"
64.252.74.231 - - [13/Apr/2026:13:13:07 +0000] "GET /?feed=rss2&p=30433 HTTP/1.1" 200 527 "-" "Amazon CloudFront"
64.252.75.25 - - [13/Apr/2026:13:13:07 +0000] "GET /?feed=rss2&p=96477 HTTP/1.1" 200 502 "-" "Amazon CloudFront"
64.252.74.231 - - [13/Apr/2026:13:13:07 +0000] "GET /?feed=rss2&p=96475 HTTP/1.1" 200 518 "-" "Amazon CloudFront"
64.252.74.231 - - [13/Apr/2026:13:13:07 +0000] "GET /?feed=rss2&p=96449 HTTP/1.1" 200 530 "-" "Amazon CloudFront"
64.252.77.101 - - [13/Apr/2026:13:13:07 +0000] "GET /?feed=rss2&p=29988 HTTP/1.1" 200 530 "-" "Amazon CloudFront"
3.172.15.55 - - [13/Apr/2026:13:13:07 +0000] "GET /index.php?rest_route=%2Foembed%2F1.0%2Fembed&url=https%3A%2F%2F69b4844ae61d4e92bf26ad98af552775-devsite.readyship.co%2F%3Fp%3D42272 HTTP/1.1" 403 - "https://69b4844ae61d4e92bf26ad98af552775-devsite.readyship.co/?p=42272" "Mozilla/5.0 AppleWebKit/537.36 (KHTML, like Gecko; compatible; GPTBot/1.3; +https://openai.com/gptbot)"
64.252.74.231 - - [13/Apr/2026:13:13:07 +0000] "GET /?feed=rss2&p=39609 HTTP/1.1" 200 510 "-" "Amazon CloudFront"
64.252.77.101 - - [13/Apr/2026:13:13:07 +0000] "GET /?feed=rss2&p=6351 HTTP/1.1" 200 485 "-" "Amazon CloudFront"
64.252.77.101 - - [13/Apr/2026:13:13:07 +0000] "GET /?feed=rss2&p=39563 HTTP/1.1" 200 509 "-" "Amazon CloudFront"
3.172.15.16 - - [13/Apr/2026:13:13:08 +0000] "GET /index.php?rest_route=%2Foembed%2F1.0%2Fembed&url=https%3A%2F%2F69b4844ae61d4e92bf26ad98af552775-devsite.readyship.co%2F%3Fp%3D70020 HTTP/1.1" 403 - "https://69b4844ae61d4e92bf26ad98af552775-devsite.readyship.co/?p=70020" "Mozilla/5.0 AppleWebKit/537.36 (KHTML, like Gecko; compatible; GPTBot/1.3; +https://openai.com/gptbot)"
3.172.15.16 - - [13/Apr/2026:13:13:08 +0000] "GET /index.php?rest_route=%2Foembed%2F1.0%2Fembed&url=https%3A%2F%2F69b4844ae61d4e92bf26ad98af552775-devsite.readyship.co%2F%3Fp%3D55753 HTTP/1.1" 403 - "https://69b4844ae61d4e92bf26ad98af552775-devsite.readyship.co/?p=55753" "Mozilla/5.0 AppleWebKit/537.36 (KHTML, like Gecko; compatible; GPTBot/1.3; +https://openai.com/gptbot)"
3.172.15.16 - - [13/Apr/2026:13:13:09 +0000] "GET /index.php?rest_route=%2Foembed%2F1.0%2Fembed&url=https%3A%2F%2F69b4844ae61d4e92bf26ad98af552775-devsite.readyship.co%2F%3Fp%3D40944 HTTP/1.1" 403 - "https://69b4844ae61d4e92bf26ad98af552775-devsite.readyship.co/?p=40944" "Mozilla/5.0 AppleWebKit/537.36 (KHTML, like Gecko; compatible; GPTBot/1.3; +https://openai.com/gptbot)"
3.172.15.55 - - [13/Apr/2026:13:13:09 +0000] "GET /index.php?format=xml&rest_route=%2Foembed%2F1.0%2Fembed&url=https%3A%2F%2F69b4844ae61d4e92bf26ad98af552775-devsite.readyship.co%2F%3Fp%3D42272 HTTP/1.1" 403 - "https://69b4844ae61d4e92bf26ad98af552775-devsite.readyship.co/?p=42272" "Mozilla/5.0 AppleWebKit/537.36 (KHTML, like Gecko; compatible; GPTBot/1.3; +https://openai.com/gptbot)"
3.172.15.15 - - [13/Apr/2026:13:13:10 +0000] "GET /index.php?format=xml&rest_route=%2Foembed%2F1.0%2Fembed&url=https%3A%2F%2F69b4844ae61d4e92bf26ad98af552775-devsite.readyship.co%2F%3Fp%3D40944 HTTP/1.1" 403 - "https://69b4844ae61d4e92bf26ad98af552775-devsite.readyship.co/?p=40944" "Mozilla/5.0 AppleWebKit/537.36 (KHTML, like Gecko; compatible; GPTBot/1.3; +https://openai.com/gptbot)"
3.172.15.15 - - [13/Apr/2026:13:13:10 +0000] "GET /index.php?format=xml&rest_route=%2Foembed%2F1.0%2Fembed&url=https%3A%2F%2F69b4844ae61d4e92bf26ad98af552775-devsite.readyship.co%2F%3Fp%3D88178 HTTP/1.1" 403 - "https://69b4844ae61d4e92bf26ad98af552775-devsite.readyship.co/?p=88178" "Mozilla/5.0 AppleWebKit/537.36 (KHTML, like Gecko; compatible; GPTBot/1.3; +https://openai.com/gptbot)"
3.172.15.55 - - [13/Apr/2026:13:13:11 +0000] "GET /index.php?format=xml&rest_route=%2Foembed%2F1.0%2Fembed&url=https%3A%2F%2F69b4844ae61d4e92bf26ad98af552775-devsite.readyship.co%2F%3Fp%3D55753 HTTP/1.1" 403 - "https://69b4844ae61d4e92bf26ad98af552775-devsite.readyship.co/?p=55753" "Mozilla/5.0 AppleWebKit/537.36 (KHTML, like Gecko; compatible; GPTBot/1.3; +https://openai.com/gptbot)"
3.172.15.15 - - [13/Apr/2026:13:13:11 +0000] "GET /index.php?rest_route=%2Foembed%2F1.0%2Fembed&url=https%3A%2F%2F69b4844ae61d4e92bf26ad98af552775-devsite.readyship.co%2F%3Fp%3D31393 HTTP/1.1" 403 - "https://69b4844ae61d4e92bf26ad98af552775-devsite.readyship.co/?p=31393" "Mozilla/5.0 AppleWebKit/537.36 (KHTML, like Gecko; compatible; GPTBot/1.3; +https://openai.com/gptbot)"
3.172.15.55 - - [13/Apr/2026:13:13:12 +0000] "GET /index.php?format=xml&rest_route=%2Foembed%2F1.0%2Fembed&url=https%3A%2F%2F69b4844ae61d4e92bf26ad98af552775-devsite.readyship.co%2F%3Fp%3D31393 HTTP/1.1" 403 - "https://69b4844ae61d4e92bf26ad98af552775-devsite.readyship.co/?p=31393" "Mozilla/5.0 AppleWebKit/537.36 (KHTML, like Gecko; compatible; GPTBot/1.3; +https://openai.com/gptbot)"
3.172.15.17 - - [13/Apr/2026:13:13:13 +0000] "GET /index.php?format=xml&rest_route=%2Foembed%2F1.0%2Fembed&url=https%3A%2F%2F69b4844ae61d4e92bf26ad98af552775-devsite.readyship.co%2F%3Fp%3D70020 HTTP/1.1" 403 - "https://69b4844ae61d4e92bf26ad98af552775-devsite.readyship.co/?p=70020" "Mozilla/5.0 AppleWebKit/537.36 (KHTML, like Gecko; compatible; GPTBot/1.3; +https://openai.com/gptbot)"
3.172.15.16 - - [13/Apr/2026:13:13:13 +0000] "GET /index.php?format=xml&rest_route=%2Foembed%2F1.0%2Fembed&url=https%3A%2F%2F69b4844ae61d4e92bf26ad98af552775-devsite.readyship.co%2F%3Fp%3D35331 HTTP/1.1" 403 - "https://69b4844ae61d4e92bf26ad98af552775-devsite.readyship.co/?p=35331" "Mozilla/5.0 AppleWebKit/537.36 (KHTML, like Gecko; compatible; GPTBot/1.3; +https://openai.com/gptbot)"
64.252.122.229 - - [13/Apr/2026:13:13:14 +0000] "GET /?p=25288 HTTP/1.1" 200 14375 "-" "Amazon CloudFront"
64.252.122.229 - - [13/Apr/2026:13:13:15 +0000] "GET /?p=35329 HTTP/1.1" 200 21184 "-" "Amazon CloudFront"
64.252.122.229 - - [13/Apr/2026:13:13:16 +0000] "GET /?p=31397 HTTP/1.1" 200 17737 "-" "Amazon CloudFront"
64.252.122.226 - - [13/Apr/2026:13:13:17 +0000] "GET /?p=40942 HTTP/1.1" 200 21837 "-" "Amazon CloudFront"
64.252.122.226 - - [13/Apr/2026:13:13:18 +0000] "GET /?p=88176 HTTP/1.1" 200 16048 "-" "Amazon CloudFront"
64.252.122.229 - - [13/Apr/2026:13:13:20 +0000] "GET /?p=23990 HTTP/1.1" 200 15130 "-" "Amazon CloudFront"
64.252.122.229 - - [13/Apr/2026:13:13:21 +0000] "GET /?p=42274 HTTP/1.1" 200 14757 "-" "Amazon CloudFront"
15.158.215.109 - - [13/Apr/2026:13:13:22 +0000] "POST /wp-cron.php?doing_wp_cron=1776086002.9298579692840576171875 HTTP/1.1" 200 - "https://69b4844ae61d4e92bf26ad98af552775-devsite.readyship.co/wp-cron.php?doing_wp_cron=1776086002.9298579692840576171875" "WordPress/5.1.19; https://69b4844ae61d4e92bf26ad98af552775-devsite.readyship.co"
64.252.122.226 - - [13/Apr/2026:13:13:22 +0000] "GET /?p=25276 HTTP/1.1" 200 17792 "-" "Amazon CloudFront"
64.252.122.229 - - [13/Apr/2026:13:13:24 +0000] "GET /?p=42270 HTTP/1.1" 200 15158 "-" "Amazon CloudFront"
64.252.122.229 - - [13/Apr/2026:13:13:25 +0000] "GET /?p=40946 HTTP/1.1" 200 17439 "-" "Amazon CloudFront"
64.252.122.229 - - [13/Apr/2026:13:13:26 +0000] "GET /?p=31395 HTTP/1.1" 200 17641 "-" "Amazon CloudFront"
64.252.122.226 - - [13/Apr/2026:13:13:27 +0000] "GET /?p=25290 HTTP/1.1" 200 14346 "-" "Amazon CloudFront"
64.252.122.229 - - [13/Apr/2026:13:13:29 +0000] "GET /?p=35327 HTTP/1.1" 200 17837 "-" "Amazon CloudFront"
64.252.122.229 - - [13/Apr/2026:13:13:30 +0000] "GET /?p=31399 HTTP/1.1" 200 18212 "-" "Amazon CloudFront"
64.252.122.226 - - [13/Apr/2026:13:13:31 +0000] "GET /?p=40940 HTTP/1.1" 200 17840 "-" "Amazon CloudFront"
64.252.122.226 - - [13/Apr/2026:13:13:32 +0000] "GET /?p=88174 HTTP/1.1" 200 15782 "-" "Amazon CloudFront"
64.252.122.229 - - [13/Apr/2026:13:13:33 +0000] "GET /?p=87994 HTTP/1.1" 200 18220 "-" "Amazon CloudFront"
64.252.122.229 - - [13/Apr/2026:13:13:35 +0000] "GET /?p=42276 HTTP/1.1" 200 17867 "-" "Amazon CloudFront"
64.252.122.226 - - [13/Apr/2026:13:13:36 +0000] "GET /?p=25274 HTTP/1.1" 200 21855 "-" "Amazon CloudFront"
64.252.122.226 - - [13/Apr/2026:13:13:37 +0000] "GET /?p=42266 HTTP/1.1" 200 16622 "-" "Amazon CloudFront"
64.252.122.229 - - [13/Apr/2026:13:13:38 +0000] "GET /?p=40948 HTTP/1.1" 200 17863 "-" "Amazon CloudFront"
64.252.122.226 - - [13/Apr/2026:13:13:40 +0000] "GET /?p=42268 HTTP/1.1" 200 22865 "-" "Amazon CloudFront"
64.252.122.226 - - [13/Apr/2026:13:13:41 +0000] "GET /?p=31391 HTTP/1.1" 200 15299 "-" "Amazon CloudFront"
64.252.122.226 - - [13/Apr/2026:13:13:42 +0000] "GET /?feed=rss2&p=42266 HTTP/1.1" 200 511 "-" "Amazon CloudFront"
64.252.122.229 - - [13/Apr/2026:13:13:43 +0000] "GET /?feed=rss2&p=23990 HTTP/1.1" 200 512 "-" "Amazon CloudFront"
64.252.122.229 - - [13/Apr/2026:13:13:44 +0000] "GET /?p=35325 HTTP/1.1" 200 16087 "-" "Amazon CloudFront"
64.252.122.226 - - [13/Apr/2026:13:13:45 +0000] "GET /?p=31401 HTTP/1.1" 200 23432 "-" "Amazon CloudFront"
64.252.122.226 - - [13/Apr/2026:13:13:46 +0000] "GET /?p=88608 HTTP/1.1" 200 17165 "-" "Amazon CloudFront"
64.252.122.229 - - [13/Apr/2026:13:13:47 +0000] "GET /?p=88172 HTTP/1.1" 200 22722 "-" "Amazon CloudFront"
64.252.122.229 - - [13/Apr/2026:13:13:49 +0000] "GET /?p=87992 HTTP/1.1" 200 15419 "-" "Amazon CloudFront"
64.252.122.226 - - [13/Apr/2026:13:13:50 +0000] "GET /?p=42278 HTTP/1.1" 200 24238 "-" "Amazon CloudFront"
64.252.122.226 - - [13/Apr/2026:13:13:51 +0000] "GET /?p=16511 HTTP/1.1" 200 15300 "-" "Amazon CloudFront"
64.252.122.229 - - [13/Apr/2026:13:13:52 +0000] "GET /?p=42264 HTTP/1.1" 200 21602 "-" "Amazon CloudFront"
64.252.122.226 - - [13/Apr/2026:13:13:53 +0000] "GET /?p=40950 HTTP/1.1" 200 17284 "-" "Amazon CloudFront"
64.252.122.226 - - [13/Apr/2026:13:13:55 +0000] "GET /?p=31389 HTTP/1.1" 200 17630 "-" "Amazon CloudFront"
64.252.122.229 - - [13/Apr/2026:13:13:56 +0000] "GET /?p=11801 HTTP/1.1" 200 15117 "-" "Amazon CloudFront"
64.252.122.226 - - [13/Apr/2026:13:13:58 +0000] "GET /?p=92262 HTTP/1.1" 200 21640 "-" "Amazon CloudFront"
3.172.15.54 - - [13/Apr/2026:13:14:00 +0000] "GET /index.php?rest_route=%2Foembed%2F1.0%2Fembed&url=https%3A%2F%2F69b4844ae61d4e92bf26ad98af552775-devsite.readyship.co%2F%3Fp%3D88608 HTTP/1.1" 403 - "https://69b4844ae61d4e92bf26ad98af552775-devsite.readyship.co/?p=88608" "Mozilla/5.0 AppleWebKit/537.36 (KHTML, like Gecko; compatible; GPTBot/1.3; +https://openai.com/gptbot)"
64.252.122.229 - - [13/Apr/2026:13:13:59 +0000] "GET /?p=31403 HTTP/1.1" 200 15996 "-" "Amazon CloudFront"
3.172.15.54 - - [13/Apr/2026:13:14:01 +0000] "GET /index.php?format=xml&rest_route=%2Foembed%2F1.0%2Fembed&url=https%3A%2F%2F69b4844ae61d4e92bf26ad98af552775-devsite.readyship.co%2F%3Fp%3D88608 HTTP/1.1" 403 - "https://69b4844ae61d4e92bf26ad98af552775-devsite.readyship.co/?p=88608" "Mozilla/5.0 AppleWebKit/537.36 (KHTML, like Gecko; compatible; GPTBot/1.3; +https://openai.com/gptbot)"
64.252.122.226 - - [13/Apr/2026:13:14:01 +0000] "GET /?p=88614 HTTP/1.1" 200 14316 "-" "Amazon CloudFront"
64.252.122.229 - - [13/Apr/2026:13:14:02 +0000] "GET /?p=42280 HTTP/1.1" 200 14917 "-" "Amazon CloudFront"
3.172.15.54 - - [13/Apr/2026:13:14:04 +0000] "GET /index.php?rest_route=%2Foembed%2F1.0%2Fembed&url=https%3A%2F%2F69b4844ae61d4e92bf26ad98af552775-devsite.readyship.co%2F%3Fp%3D16511 HTTP/1.1" 403 - "https://69b4844ae61d4e92bf26ad98af552775-devsite.readyship.co/?p=16511" "Mozilla/5.0 AppleWebKit/537.36 (KHTML, like Gecko; compatible; GPTBot/1.3; +https://openai.com/gptbot)"
3.172.15.55 - - [13/Apr/2026:13:14:04 +0000] "GET /index.php?format=xml&rest_route=%2Foembed%2F1.0%2Fembed&url=https%3A%2F%2F69b4844ae61d4e92bf26ad98af552775-devsite.readyship.co%2F%3Fp%3D16511 HTTP/1.1" 403 - "https://69b4844ae61d4e92bf26ad98af552775-devsite.readyship.co/?p=16511" "Mozilla/5.0 AppleWebKit/537.36 (KHTML, like Gecko; compatible; GPTBot/1.3; +https://openai.com/gptbot)"
64.252.122.226 - - [13/Apr/2026:13:14:05 +0000] "GET /?p=88170 HTTP/1.1" 200 16606 "-" "Amazon CloudFront"
64.252.122.226 - - [13/Apr/2026:13:14:06 +0000] "GET /?p=16513 HTTP/1.1" 200 14323 "-" "Amazon CloudFront"
3.172.15.16 - - [13/Apr/2026:13:14:07 +0000] "GET /index.php?rest_route=%2Foembed%2F1.0%2Fembed&url=https%3A%2F%2F69b4844ae61d4e92bf26ad98af552775-devsite.readyship.co%2F%3Fp%3D11801 HTTP/1.1" 403 - "https://69b4844ae61d4e92bf26ad98af552775-devsite.readyship.co/?p=11801" "Mozilla/5.0 AppleWebKit/537.36 (KHTML, like Gecko; compatible; GPTBot/1.3; +https://openai.com/gptbot)"
3.172.15.55 - - [13/Apr/2026:13:14:08 +0000] "GET /index.php?rest_route=%2Foembed%2F1.0%2Fembed&url=https%3A%2F%2F69b4844ae61d4e92bf26ad98af552775-devsite.readyship.co%2F%3Fp%3D92262 HTTP/1.1" 403 - "https://69b4844ae61d4e92bf26ad98af552775-devsite.readyship.co/?p=92262" "Mozilla/5.0 AppleWebKit/537.36 (KHTML, like Gecko; compatible; GPTBot/1.3; +https://openai.com/gptbot)"
3.172.15.55 - - [13/Apr/2026:13:14:08 +0000] "GET /index.php?format=xml&rest_route=%2Foembed%2F1.0%2Fembed&url=https%3A%2F%2F69b4844ae61d4e92bf26ad98af552775-devsite.readyship.co%2F%3Fp%3D92262 HTTP/1.1" 403 - "https://69b4844ae61d4e92bf26ad98af552775-devsite.readyship.co/?p=92262" "Mozilla/5.0 AppleWebKit/537.36 (KHTML, like Gecko; compatible; GPTBot/1.3; +https://openai.com/gptbot)"
3.172.15.17 - - [13/Apr/2026:13:14:09 +0000] "GET /index.php?format=xml&rest_route=%2Foembed%2F1.0%2Fembed&url=https%3A%2F%2F69b4844ae61d4e92bf26ad98af552775-devsite.readyship.co%2F%3Fp%3D11801 HTTP/1.1" 403 - "https://69b4844ae61d4e92bf26ad98af552775-devsite.readyship.co/?p=11801" "Mozilla/5.0 AppleWebKit/537.36 (KHTML, like Gecko; compatible; GPTBot/1.3; +https://openai.com/gptbot)"
64.252.122.229 - - [13/Apr/2026:13:14:09 +0000] "GET /?p=92266 HTTP/1.1" 200 22440 "-" "Amazon CloudFront"
64.252.122.229 - - [13/Apr/2026:13:14:10 +0000] "GET /?p=88616 HTTP/1.1" 200 14458 "-" "Amazon CloudFront"
64.252.122.226 - - [13/Apr/2026:13:14:12 +0000] "GET /?p=11799 HTTP/1.1" 200 15288 "-" "Amazon CloudFront"
64.252.77.101 - - [13/Apr/2026:13:14:19 +0000] "GET /?feed=rss2&p=29996 HTTP/1.1" 200 492 "-" "Amazon CloudFront"
64.252.122.229 - - [13/Apr/2026:13:14:13 +0000] "GET /?p=87990 HTTP/1.1" 200 17511 "-" "Amazon CloudFront"
64.252.75.25 - - [13/Apr/2026:13:14:19 +0000] "GET /?feed=rss2&p=30373 HTTP/1.1" 200 522 "-" "Amazon CloudFront"
64.252.75.25 - - [13/Apr/2026:13:14:19 +0000] "GET /?feed=rss2&tag=beef-casino HTTP/1.1" 200 9791 "-" "Amazon CloudFront"
64.252.75.25 - - [13/Apr/2026:13:14:19 +0000] "GET /?tag=vodka-casino HTTP/1.1" 200 10525 "-" "Amazon CloudFront"
64.252.75.25 - - [13/Apr/2026:13:14:20 +0000] "GET /?feed=rss2&p=39507 HTTP/1.1" 200 502 "-" "Amazon CloudFront"
64.252.122.226 - - [13/Apr/2026:13:14:19 +0000] "GET /?p=31387 HTTP/1.1" 200 16069 "-" "Amazon CloudFront"
64.252.77.101 - - [13/Apr/2026:13:14:19 +0000] "GET /?feed=rss2&tag=spinto-casino HTTP/1.1" 200 19207 "-" "Amazon CloudFront"
64.252.77.101 - - [13/Apr/2026:13:14:19 +0000] "GET /?cat=173&paged=3 HTTP/1.1" 200 10567 "-" "Amazon CloudFront"
64.252.75.25 - - [13/Apr/2026:13:14:19 +0000] "GET /?feed=rss2&p=6354 HTTP/1.1" 200 586 "-" "Amazon CloudFront"
64.252.75.25 - - [13/Apr/2026:13:14:19 +0000] "GET /?tag=kilogram-casino HTTP/1.1" 200 9814 "-" "Amazon CloudFront"
64.252.122.229 - - [13/Apr/2026:13:14:20 +0000] "GET /?p=11803 HTTP/1.1" 200 15201 "-" "Amazon CloudFront"
15.158.215.109 - - [13/Apr/2026:13:14:22 +0000] "POST /wp-cron.php?doing_wp_cron=1776086062.4594960212707519531250 HTTP/1.1" 200 - "https://69b4844ae61d4e92bf26ad98af552775-devsite.readyship.co/wp-cron.php?doing_wp_cron=1776086062.4594960212707519531250" "WordPress/5.1.19; https://69b4844ae61d4e92bf26ad98af552775-devsite.readyship.co"
64.252.122.229 - - [13/Apr/2026:13:14:22 +0000] "GET /?p=16515 HTTP/1.1" 200 14546 "-" "Amazon CloudFront"
64.252.75.25 - - [13/Apr/2026:13:14:23 +0000] "GET /?p=7199 HTTP/1.1" 200 18549 "-" "Amazon CloudFront"
64.252.122.229 - - [13/Apr/2026:13:14:23 +0000] "GET /?p=92264 HTTP/1.1" 200 17351 "-" "Amazon CloudFront"
64.252.77.101 - - [13/Apr/2026:13:14:23 +0000] "GET /?p=7699 HTTP/1.1" 200 22993 "-" "Amazon CloudFront"
64.252.75.25 - - [13/Apr/2026:13:14:24 +0000] "GET /?p=7147 HTTP/1.1" 200 17099 "-" "Amazon CloudFront"
64.252.75.25 - - [13/Apr/2026:13:14:24 +0000] "GET /?p=7233 HTTP/1.1" 200 20316 "-" "Amazon CloudFront"
64.252.74.231 - - [13/Apr/2026:13:14:24 +0000] "GET /?cat=136 HTTP/1.1" 200 9565 "-" "Amazon CloudFront"
64.252.75.25 - - [13/Apr/2026:13:14:24 +0000] "GET /?p=7239 HTTP/1.1" 200 13800 "-" "Amazon CloudFront"
64.252.77.101 - - [13/Apr/2026:13:14:24 +0000] "GET /?p=5503 HTTP/1.1" 200 22081 "-" "Amazon CloudFront"
64.252.75.25 - - [13/Apr/2026:13:14:24 +0000] "GET /?p=9869 HTTP/1.1" 200 14016 "-" "Amazon CloudFront"
64.252.122.229 - - [13/Apr/2026:13:14:24 +0000] "GET /?p=21922 HTTP/1.1" 200 15931 "-" "Amazon CloudFront"
64.252.75.25 - - [13/Apr/2026:13:14:25 +0000] "GET /?p=7331 HTTP/1.1" 200 42117 "-" "Amazon CloudFront"
64.252.122.226 - - [13/Apr/2026:13:14:26 +0000] "GET /?p=81868 HTTP/1.1" 200 14625 "-" "Amazon CloudFront"
64.252.122.226 - - [13/Apr/2026:13:14:27 +0000] "GET /?p=93909 HTTP/1.1" 200 17770 "-" "Amazon CloudFront"
64.252.75.25 - - [13/Apr/2026:13:14:23 +0000] "GET /?p=7191 HTTP/1.1" 200 20037 "-" "Amazon CloudFront"
64.252.122.229 - - [13/Apr/2026:13:14:28 +0000] "GET /?p=92268 HTTP/1.1" 200 18036 "-" "Amazon CloudFront"
64.252.122.229 - - [13/Apr/2026:13:14:29 +0000] "GET /?p=16211 HTTP/1.1" 200 14944 "-" "Amazon CloudFront"
64.252.85.188 - - [13/Apr/2026:13:14:31 +0000] "GET /?p=11797 HTTP/1.1" 200 15376 "-" "Amazon CloudFront"
64.252.85.188 - - [13/Apr/2026:13:14:32 +0000] "GET /?p=55256 HTTP/1.1" 200 14811 "-" "Amazon CloudFront"
64.252.85.188 - - [13/Apr/2026:13:14:33 +0000] "GET /?p=31385 HTTP/1.1" 200 22743 "-" "Amazon CloudFront"
64.252.83.165 - - [13/Apr/2026:13:14:35 +0000] "GET /?p=11805 HTTP/1.1" 200 15289 "-" "Amazon CloudFront"
64.252.82.51 - - [13/Apr/2026:13:14:36 +0000] "GET /?p=16517 HTTP/1.1" 200 14895 "-" "Amazon CloudFront"
64.252.85.188 - - [13/Apr/2026:13:14:37 +0000] "GET /?p=92260 HTTP/1.1" 200 21850 "-" "Amazon CloudFront"
15.158.243.79 - - [13/Apr/2026:13:14:38 +0000] "GET /index.php?rest_route=%2Foembed%2F1.0%2Fembed&url=https%3A%2F%2F69b4844ae61d4e92bf26ad98af552775-devsite.readyship.co%2F%3Fp%3D21922 HTTP/1.1" 403 - "https://69b4844ae61d4e92bf26ad98af552775-devsite.readyship.co/?p=21922" "Mozilla/5.0 AppleWebKit/537.36 (KHTML, like Gecko; compatible; GPTBot/1.3; +https://openai.com/gptbot)"
15.158.243.79 - - [13/Apr/2026:13:14:39 +0000] "GET /index.php?rest_route=%2Foembed%2F1.0%2Fembed&url=https%3A%2F%2F69b4844ae61d4e92bf26ad98af552775-devsite.readyship.co%2F%3Fp%3D81868 HTTP/1.1" 403 - "https://69b4844ae61d4e92bf26ad98af552775-devsite.readyship.co/?p=81868" "Mozilla/5.0 AppleWebKit/537.36 (KHTML, like Gecko; compatible; GPTBot/1.3; +https://openai.com/gptbot)"
15.158.243.79 - - [13/Apr/2026:13:14:39 +0000] "GET /index.php?rest_route=%2Foembed%2F1.0%2Fembed&url=https%3A%2F%2F69b4844ae61d4e92bf26ad98af552775-devsite.readyship.co%2F%3Fp%3D93909 HTTP/1.1" 403 - "https://69b4844ae61d4e92bf26ad98af552775-devsite.readyship.co/?p=93909" "Mozilla/5.0 AppleWebKit/537.36 (KHTML, like Gecko; compatible; GPTBot/1.3; +https://openai.com/gptbot)"
15.158.243.111 - - [13/Apr/2026:13:14:40 +0000] "GET /index.php?format=xml&rest_route=%2Foembed%2F1.0%2Fembed&url=https%3A%2F%2F69b4844ae61d4e92bf26ad98af552775-devsite.readyship.co%2F%3Fp%3D21922 HTTP/1.1" 403 - "https://69b4844ae61d4e92bf26ad98af552775-devsite.readyship.co/?p=21922" "Mozilla/5.0 AppleWebKit/537.36 (KHTML, like Gecko; compatible; GPTBot/1.3; +https://openai.com/gptbot)"
15.158.243.72 - - [13/Apr/2026:13:14:40 +0000] "GET /index.php?rest_route=%2Foembed%2F1.0%2Fembed&url=https%3A%2F%2F69b4844ae61d4e92bf26ad98af552775-devsite.readyship.co%2F%3Fp%3D16211 HTTP/1.1" 403 - "https://69b4844ae61d4e92bf26ad98af552775-devsite.readyship.co/?p=16211" "Mozilla/5.0 AppleWebKit/537.36 (KHTML, like Gecko; compatible; GPTBot/1.3; +https://openai.com/gptbot)"
15.158.243.111 - - [13/Apr/2026:13:14:41 +0000] "GET /index.php?format=xml&rest_route=%2Foembed%2F1.0%2Fembed&url=https%3A%2F%2F69b4844ae61d4e92bf26ad98af552775-devsite.readyship.co%2F%3Fp%3D93909 HTTP/1.1" 403 - "https://69b4844ae61d4e92bf26ad98af552775-devsite.readyship.co/?p=93909" "Mozilla/5.0 AppleWebKit/537.36 (KHTML, like Gecko; compatible; GPTBot/1.3; +https://openai.com/gptbot)"
15.158.243.72 - - [13/Apr/2026:13:14:41 +0000] "GET /index.php?rest_route=%2Foembed%2F1.0%2Fembed&url=https%3A%2F%2F69b4844ae61d4e92bf26ad98af552775-devsite.readyship.co%2F%3Fp%3D55256 HTTP/1.1" 403 - "https://69b4844ae61d4e92bf26ad98af552775-devsite.readyship.co/?p=55256" "Mozilla/5.0 AppleWebKit/537.36 (KHTML, like Gecko; compatible; GPTBot/1.3; +https://openai.com/gptbot)"
15.158.243.102 - - [13/Apr/2026:13:14:42 +0000] "GET /index.php?format=xml&rest_route=%2Foembed%2F1.0%2Fembed&url=https%3A%2F%2F69b4844ae61d4e92bf26ad98af552775-devsite.readyship.co%2F%3Fp%3D81868 HTTP/1.1" 403 - "https://69b4844ae61d4e92bf26ad98af552775-devsite.readyship.co/?p=81868" "Mozilla/5.0 AppleWebKit/537.36 (KHTML, like Gecko; compatible; GPTBot/1.3; +https://openai.com/gptbot)"
15.158.243.102 - - [13/Apr/2026:13:14:42 +0000] "GET /index.php?format=xml&rest_route=%2Foembed%2F1.0%2Fembed&url=https%3A%2F%2F69b4844ae61d4e92bf26ad98af552775-devsite.readyship.co%2F%3Fp%3D55256 HTTP/1.1" 403 - "https://69b4844ae61d4e92bf26ad98af552775-devsite.readyship.co/?p=55256" "Mozilla/5.0 AppleWebKit/537.36 (KHTML, like Gecko; compatible; GPTBot/1.3; +https://openai.com/gptbot)"
15.158.243.111 - - [13/Apr/2026:13:14:43 +0000] "GET /index.php?format=xml&rest_route=%2Foembed%2F1.0%2Fembed&url=https%3A%2F%2F69b4844ae61d4e92bf26ad98af552775-devsite.readyship.co%2F%3Fp%3D16211 HTTP/1.1" 403 - "https://69b4844ae61d4e92bf26ad98af552775-devsite.readyship.co/?p=16211" "Mozilla/5.0 AppleWebKit/537.36 (KHTML, like Gecko; compatible; GPTBot/1.3; +https://openai.com/gptbot)"
64.252.83.165 - - [13/Apr/2026:13:14:44 +0000] "GET /?p=81870 HTTP/1.1" 200 14253 "-" "Amazon CloudFront"
64.252.82.51 - - [13/Apr/2026:13:14:45 +0000] "GET /?p=93907 HTTP/1.1" 200 14542 "-" "Amazon CloudFront"
64.252.85.188 - - [13/Apr/2026:13:14:46 +0000] "GET /?p=55264 HTTP/1.1" 200 14350 "-" "Amazon CloudFront"
64.252.85.188 - - [13/Apr/2026:13:14:47 +0000] "GET /?p=92270 HTTP/1.1" 200 22342 "-" "Amazon CloudFront"
64.252.85.188 - - [13/Apr/2026:13:14:48 +0000] "GET /?p=92258 HTTP/1.1" 200 18457 "-" "Amazon CloudFront"
64.252.83.165 - - [13/Apr/2026:13:14:50 +0000] "GET /?p=21920 HTTP/1.1" 200 14440 "-" "Amazon CloudFront"
64.252.83.165 - - [13/Apr/2026:13:14:51 +0000] "GET /?p=11807 HTTP/1.1" 200 15138 "-" "Amazon CloudFront"
64.252.85.188 - - [13/Apr/2026:13:14:52 +0000] "GET /?p=21924 HTTP/1.1" 200 21716 "-" "Amazon CloudFront"
64.252.82.51 - - [13/Apr/2026:13:14:53 +0000] "GET /?p=16519 HTTP/1.1" 200 14866 "-" "Amazon CloudFront"
64.252.82.51 - - [13/Apr/2026:13:14:54 +0000] "GET /?p=16213 HTTP/1.1" 200 14691 "-" "Amazon CloudFront"
64.252.82.51 - - [13/Apr/2026:13:14:56 +0000] "GET /?p=93911 HTTP/1.1" 200 14342 "-" "Amazon CloudFront"
64.252.83.165 - - [13/Apr/2026:13:14:57 +0000] "GET /?p=81872 HTTP/1.1" 200 15365 "-" "Amazon CloudFront"
64.252.85.188 - - [13/Apr/2026:13:14:58 +0000] "GET /?p=93905 HTTP/1.1" 200 17826 "-" "Amazon CloudFront"
64.252.85.188 - - [13/Apr/2026:13:14:59 +0000] "GET /?p=55276 HTTP/1.1" 200 15229 "-" "Amazon CloudFront"
64.252.82.51 - - [13/Apr/2026:13:15:01 +0000] "GET /?p=55262 HTTP/1.1" 200 14269 "-" "Amazon CloudFront"
64.252.82.51 - - [13/Apr/2026:13:15:02 +0000] "GET /?p=81866 HTTP/1.1" 200 24790 "-" "Amazon CloudFront"
64.252.82.51 - - [13/Apr/2026:13:15:03 +0000] "GET /?p=92256 HTTP/1.1" 200 16873 "-" "Amazon CloudFront"
64.252.82.51 - - [13/Apr/2026:13:15:04 +0000] "GET /?p=11795 HTTP/1.1" 200 15196 "-" "Amazon CloudFront"
64.252.74.231 - - [13/Apr/2026:13:15:06 +0000] "GET /?feed=rss2&p=5491 HTTP/1.1" 200 540 "-" "Amazon CloudFront"
64.252.75.25 - - [13/Apr/2026:13:15:06 +0000] "GET /?feed=rss2&p=40948 HTTP/1.1" 200 514 "-" "Amazon CloudFront"
64.252.83.165 - - [13/Apr/2026:13:15:06 +0000] "GET /?p=21926 HTTP/1.1" 200 14772 "-" "Amazon CloudFront"
64.252.77.101 - - [13/Apr/2026:13:15:06 +0000] "GET /?feed=rss2&p=9872 HTTP/1.1" 200 500 "-" "Amazon CloudFront"
64.252.74.231 - - [13/Apr/2026:13:15:07 +0000] "GET /?feed=rss2&p=7119 HTTP/1.1" 200 539 "-" "Amazon CloudFront"
64.252.77.101 - - [13/Apr/2026:13:15:07 +0000] "GET /?feed=rss2&p=7701 HTTP/1.1" 200 527 "-" "Amazon CloudFront"
64.252.74.231 - - [13/Apr/2026:13:15:07 +0000] "GET /?feed=rss2&p=7243 HTTP/1.1" 200 548 "-" "Amazon CloudFront"
64.252.75.25 - - [13/Apr/2026:13:15:07 +0000] "GET /?feed=rss2&p=7296 HTTP/1.1" 200 539 "-" "Amazon CloudFront"
64.252.77.101 - - [13/Apr/2026:13:15:07 +0000] "GET /?feed=rss2&p=7315 HTTP/1.1" 200 512 "-" "Amazon CloudFront"
64.252.77.101 - - [13/Apr/2026:13:15:07 +0000] "GET /?feed=rss2&p=7337 HTTP/1.1" 200 515 "-" "Amazon CloudFront"
64.252.83.165 - - [13/Apr/2026:13:15:07 +0000] "GET /?p=16521 HTTP/1.1" 200 15227 "-" "Amazon CloudFront"
64.252.74.231 - - [13/Apr/2026:13:15:07 +0000] "GET /?cat=173&feed=rss2 HTTP/1.1" 200 763386 "-" "Amazon CloudFront"
64.252.85.188 - - [13/Apr/2026:13:15:08 +0000] "GET /?p=21928 HTTP/1.1" 200 17486 "-" "Amazon CloudFront"
64.252.83.165 - - [13/Apr/2026:13:15:10 +0000] "GET /?p=16214 HTTP/1.1" 200 14465 "-" "Amazon CloudFront"
