130.176.213.204 - - [13/Apr/2026:16:43:58 +0000] "GET /wp-content/themes/search-template-1766603073/functions-statement.php HTTP/1.1" 403 705 "-" "Mozilla/5.0 (Macintosh; Intel Mac OS X 10_13_5) AppleWebKit/537.36 (KHTML, like Gecko) Chrome/67.0.3396.87 Safari/537.36"
15.158.215.109 - - [13/Apr/2026:16:43:58 +0000] "GET /wp-content/themes/top-1765268018/header-less.php HTTP/1.1" 403 705 "-" "Mozilla/5.0 (Windows NT 10.0; WOW64; Trident/7.0; AS; rv:11.0) like Gecko"
64.252.82.51 - - [13/Apr/2026:16:43:57 +0000] "GET /?p=45543 HTTP/1.1" 200 17663 "-" "Amazon CloudFront"
15.158.1.198 - - [13/Apr/2026:16:43:58 +0000] "GET /wp-content/themes/search-template-1766603073/functions-statement.php HTTP/1.1" 403 705 "-" "Mozilla/5.0 (Macintosh; Intel Mac OS X 10_13_5) AppleWebKit/537.36 (KHTML, like Gecko) Chrome/67.0.3396.87 Safari/537.36"
64.252.85.188 - - [13/Apr/2026:16:43:58 +0000] "GET /?p=95593 HTTP/1.1" 200 18196 "-" "Amazon CloudFront"
130.176.213.204 - - [13/Apr/2026:16:44:00 +0000] "GET /wp-content/themes/top-1765268018/header-less.php HTTP/1.1" 403 705 "-" "Mozilla/5.0 (Windows NT 10.0; WOW64; Trident/7.0; AS; rv:11.0) like Gecko"
64.252.83.165 - - [13/Apr/2026:16:43:59 +0000] "GET /?p=12343 HTTP/1.1" 200 15099 "-" "Amazon CloudFront"
18.68.51.43 - - [13/Apr/2026:16:44:01 +0000] "GET /wp-content/themes/top-1765268018/header-less.php HTTP/1.1" 403 705 "-" "Mozilla/5.0 (Windows NT 10.0; WOW64; Trident/7.0; AS; rv:11.0) like Gecko"
64.252.82.51 - - [13/Apr/2026:16:44:01 +0000] "GET /?p=57767 HTTP/1.1" 200 14301 "-" "Amazon CloudFront"
15.158.243.79 - - [13/Apr/2026:16:44:02 +0000] "GET /index.php?rest_route=%2Foembed%2F1.0%2Fembed&url=https%3A%2F%2F69b4844ae61d4e92bf26ad98af552775-devsite.readyship.co%2F%3Fp%3D41424 HTTP/1.1" 403 - "https://69b4844ae61d4e92bf26ad98af552775-devsite.readyship.co/?p=41424" "Mozilla/5.0 AppleWebKit/537.36 (KHTML, like Gecko; compatible; GPTBot/1.3; +https://openai.com/gptbot)"
3.172.34.12 - - [13/Apr/2026:16:44:02 +0000] "GET /wp-content/themes/top-1765268018/header-less.php HTTP/1.1" 403 705 "-" "Mozilla/5.0 (Windows NT 10.0; WOW64; Trident/7.0; AS; rv:11.0) like Gecko"
15.158.243.79 - - [13/Apr/2026:16:44:02 +0000] "GET /index.php?rest_route=%2Foembed%2F1.0%2Fembed&url=https%3A%2F%2F69b4844ae61d4e92bf26ad98af552775-devsite.readyship.co%2F%3Fp%3D24744 HTTP/1.1" 403 - "https://69b4844ae61d4e92bf26ad98af552775-devsite.readyship.co/?p=24744" "Mozilla/5.0 AppleWebKit/537.36 (KHTML, like Gecko; compatible; GPTBot/1.3; +https://openai.com/gptbot)"
18.68.51.43 - - [13/Apr/2026:16:44:03 +0000] "GET /wp-content/themes/top-1765268018/header-less.php HTTP/1.1" 403 705 "-" "Mozilla/5.0 (Windows NT 10.0; WOW64; Trident/7.0; AS; rv:11.0) like Gecko"
15.158.243.72 - - [13/Apr/2026:16:44:03 +0000] "GET /index.php?rest_route=%2Foembed%2F1.0%2Fembed&url=https%3A%2F%2F69b4844ae61d4e92bf26ad98af552775-devsite.readyship.co%2F%3Fp%3D82688 HTTP/1.1" 403 - "https://69b4844ae61d4e92bf26ad98af552775-devsite.readyship.co/?p=82688" "Mozilla/5.0 AppleWebKit/537.36 (KHTML, like Gecko; compatible; GPTBot/1.3; +https://openai.com/gptbot)"
15.158.243.72 - - [13/Apr/2026:16:44:03 +0000] "GET /index.php?rest_route=%2Foembed%2F1.0%2Fembed&url=https%3A%2F%2F69b4844ae61d4e92bf26ad98af552775-devsite.readyship.co%2F%3Fp%3D88518 HTTP/1.1" 403 - "https://69b4844ae61d4e92bf26ad98af552775-devsite.readyship.co/?p=88518" "Mozilla/5.0 AppleWebKit/537.36 (KHTML, like Gecko; compatible; GPTBot/1.3; +https://openai.com/gptbot)"
15.158.243.111 - - [13/Apr/2026:16:44:04 +0000] "GET /index.php?format=xml&rest_route=%2Foembed%2F1.0%2Fembed&url=https%3A%2F%2F69b4844ae61d4e92bf26ad98af552775-devsite.readyship.co%2F%3Fp%3D41424 HTTP/1.1" 403 - "https://69b4844ae61d4e92bf26ad98af552775-devsite.readyship.co/?p=41424" "Mozilla/5.0 AppleWebKit/537.36 (KHTML, like Gecko; compatible; GPTBot/1.3; +https://openai.com/gptbot)"
15.158.243.72 - - [13/Apr/2026:16:44:04 +0000] "GET /index.php?format=xml&rest_route=%2Foembed%2F1.0%2Fembed&url=https%3A%2F%2F69b4844ae61d4e92bf26ad98af552775-devsite.readyship.co%2F%3Fp%3D88518 HTTP/1.1" 403 - "https://69b4844ae61d4e92bf26ad98af552775-devsite.readyship.co/?p=88518" "Mozilla/5.0 AppleWebKit/537.36 (KHTML, like Gecko; compatible; GPTBot/1.3; +https://openai.com/gptbot)"
15.158.243.72 - - [13/Apr/2026:16:44:05 +0000] "GET /index.php?format=xml&rest_route=%2Foembed%2F1.0%2Fembed&url=https%3A%2F%2F69b4844ae61d4e92bf26ad98af552775-devsite.readyship.co%2F%3Fp%3D82688 HTTP/1.1" 403 - "https://69b4844ae61d4e92bf26ad98af552775-devsite.readyship.co/?p=82688" "Mozilla/5.0 AppleWebKit/537.36 (KHTML, like Gecko; compatible; GPTBot/1.3; +https://openai.com/gptbot)"
15.158.243.102 - - [13/Apr/2026:16:44:05 +0000] "GET /index.php?format=xml&rest_route=%2Foembed%2F1.0%2Fembed&url=https%3A%2F%2F69b4844ae61d4e92bf26ad98af552775-devsite.readyship.co%2F%3Fp%3D24744 HTTP/1.1" 403 - "https://69b4844ae61d4e92bf26ad98af552775-devsite.readyship.co/?p=24744" "Mozilla/5.0 AppleWebKit/537.36 (KHTML, like Gecko; compatible; GPTBot/1.3; +https://openai.com/gptbot)"
3.172.45.105 - - [13/Apr/2026:16:44:06 +0000] "GET /wp-content/plugins/eps-301-redirects/index-branch.php HTTP/1.1" 403 705 "-" "Mozilla/5.0 (Windows NT 6.1) AppleWebKit/537.36 (KHTML, like Gecko) Chrome/67.0.3396.87 Safari/537.36"
15.158.27.132 - - [13/Apr/2026:16:44:07 +0000] "GET /wp-content/plugins/widget-1766602867/ym-fast-seo-character.php HTTP/1.1" 403 705 "-" "Mozilla/5.0 (Macintosh; Intel Mac OS X 10.11; rv:60.0) Gecko/20100101 Firefox/60.0"
64.252.82.51 - - [13/Apr/2026:16:44:06 +0000] "GET /?p=82686 HTTP/1.1" 200 16809 "-" "Amazon CloudFront"
3.172.45.105 - - [13/Apr/2026:16:44:08 +0000] "GET /wp-content/plugins/eps-301-redirects/index-branch.php HTTP/1.1" 403 705 "-" "Mozilla/5.0 (Windows NT 6.1) AppleWebKit/537.36 (KHTML, like Gecko) Chrome/67.0.3396.87 Safari/537.36"
64.252.85.188 - - [13/Apr/2026:16:44:07 +0000] "GET /?p=24742 HTTP/1.1" 200 16751 "-" "Amazon CloudFront"
15.158.243.111 - - [13/Apr/2026:16:44:08 +0000] "GET /index.php?rest_route=%2Foembed%2F1.0%2Fembed&url=https%3A%2F%2F69b4844ae61d4e92bf26ad98af552775-devsite.readyship.co%2F%3Fp%3D57767 HTTP/1.1" 403 - "https://69b4844ae61d4e92bf26ad98af552775-devsite.readyship.co/?p=57767" "Mozilla/5.0 AppleWebKit/537.36 (KHTML, like Gecko; compatible; GPTBot/1.3; +https://openai.com/gptbot)"
15.158.243.111 - - [13/Apr/2026:16:44:09 +0000] "GET /index.php?format=xml&rest_route=%2Foembed%2F1.0%2Fembed&url=https%3A%2F%2F69b4844ae61d4e92bf26ad98af552775-devsite.readyship.co%2F%3Fp%3D57767 HTTP/1.1" 403 - "https://69b4844ae61d4e92bf26ad98af552775-devsite.readyship.co/?p=57767" "Mozilla/5.0 AppleWebKit/537.36 (KHTML, like Gecko; compatible; GPTBot/1.3; +https://openai.com/gptbot)"
130.176.187.149 - - [13/Apr/2026:16:44:09 +0000] "GET /wp-content/plugins/widget-1766602867/ym-fast-seo-character.php HTTP/1.1" 403 705 "-" "Mozilla/5.0 (Macintosh; Intel Mac OS X 10.11; rv:60.0) Gecko/20100101 Firefox/60.0"
130.176.187.149 - - [13/Apr/2026:16:44:10 +0000] "GET /wp-content/plugins/uddkakq/uninstall-session.php HTTP/1.1" 403 705 "-" "Mozilla/5.0 (Windows NT 6.1; WOW64; Trident/7.0; apetito Gruppe; rv:11.0) like Gecko"
64.252.82.51 - - [13/Apr/2026:16:44:09 +0000] "GET /?p=31943 HTTP/1.1" 200 17059 "-" "Amazon CloudFront"
3.172.45.105 - - [13/Apr/2026:16:44:11 +0000] "GET /wp-content/plugins/eps-301-redirects/index-branch.php HTTP/1.1" 403 705 "-" "Mozilla/5.0 (Windows NT 6.1) AppleWebKit/537.36 (KHTML, like Gecko) Chrome/67.0.3396.87 Safari/537.36"
64.252.82.51 - - [13/Apr/2026:16:44:11 +0000] "GET /?p=41422 HTTP/1.1" 200 16997 "-" "Amazon CloudFront"
3.172.34.12 - - [13/Apr/2026:16:44:12 +0000] "GET /wp-content/plugins/eps-301-redirects/index-branch.php HTTP/1.1" 403 705 "-" "Mozilla/5.0 (Windows NT 6.1) AppleWebKit/537.36 (KHTML, like Gecko) Chrome/67.0.3396.87 Safari/537.36"
130.176.187.149 - - [13/Apr/2026:16:44:12 +0000] "GET /wp-content/plugins/widget-1766602867/ym-fast-seo-character.php HTTP/1.1" 403 705 "-" "Mozilla/5.0 (Macintosh; Intel Mac OS X 10.11; rv:60.0) Gecko/20100101 Firefox/60.0"
64.252.82.51 - - [13/Apr/2026:16:44:12 +0000] "GET /?p=41426 HTTP/1.1" 200 18300 "-" "Amazon CloudFront"
18.68.51.43 - - [13/Apr/2026:16:44:14 +0000] "GET /wp-content/plugins/eps-301-redirects/index-branch.php HTTP/1.1" 403 705 "-" "Mozilla/5.0 (Windows NT 6.1) AppleWebKit/537.36 (KHTML, like Gecko) Chrome/67.0.3396.87 Safari/537.36"
64.252.85.188 - - [13/Apr/2026:16:44:13 +0000] "GET /?p=24748 HTTP/1.1" 200 14150 "-" "Amazon CloudFront"
64.252.85.188 - - [13/Apr/2026:16:44:14 +0000] "GET /?p=25242 HTTP/1.1" 200 21551 "-" "Amazon CloudFront"
64.252.85.188 - - [13/Apr/2026:16:44:16 +0000] "GET /?p=22712 HTTP/1.1" 200 15210 "-" "Amazon CloudFront"
3.172.10.105 - - [13/Apr/2026:16:44:18 +0000] "GET /wp-content/plugins/uddkakq/uninstall-session.php HTTP/1.1" 403 705 "-" "Mozilla/5.0 (Windows NT 6.1; WOW64; Trident/7.0; apetito Gruppe; rv:11.0) like Gecko"
64.252.82.51 - - [13/Apr/2026:16:44:17 +0000] "GET /?p=22922 HTTP/1.1" 200 15627 "-" "Amazon CloudFront"
3.172.34.12 - - [13/Apr/2026:16:44:19 +0000] "GET /wp-content/plugins/eps-301-redirects/index-branch.php HTTP/1.1" 403 705 "-" "Mozilla/5.0 (Windows NT 6.1) AppleWebKit/537.36 (KHTML, like Gecko) Chrome/67.0.3396.87 Safari/537.36"
64.252.82.51 - - [13/Apr/2026:16:44:18 +0000] "GET /?p=82684 HTTP/1.1" 200 15430 "-" "Amazon CloudFront"
15.158.223.98 - - [13/Apr/2026:16:44:20 +0000] "GET /wp-content/plugins/uddkakq/uninstall-session.php HTTP/1.1" 403 705 "-" "Mozilla/5.0 (Windows NT 6.1; WOW64; Trident/7.0; apetito Gruppe; rv:11.0) like Gecko"
15.158.235.110 - - [13/Apr/2026:16:44:20 +0000] "GET /wp-content/plugins/eps-301-redirects/index-branch.php HTTP/1.1" 403 705 "-" "Mozilla/5.0 (Windows NT 6.1) AppleWebKit/537.36 (KHTML, like Gecko) Chrome/67.0.3396.87 Safari/537.36"
64.252.85.188 - - [13/Apr/2026:16:44:19 +0000] "GET /?p=24740 HTTP/1.1" 200 14752 "-" "Amazon CloudFront"
15.158.235.110 - - [13/Apr/2026:16:44:21 +0000] "GET /wp-content/plugins/eps-301-redirects/index-branch.php HTTP/1.1" 403 705 "-" "Mozilla/5.0 (Windows NT 6.1) AppleWebKit/537.36 (KHTML, like Gecko) Chrome/67.0.3396.87 Safari/537.36"
15.158.27.132 - - [13/Apr/2026:16:44:22 +0000] "GET /wp-content/plugins/uddkakq/uninstall-session.php HTTP/1.1" 403 705 "-" "Mozilla/5.0 (Windows NT 6.1; WOW64; Trident/7.0; apetito Gruppe; rv:11.0) like Gecko"
64.252.82.51 - - [13/Apr/2026:16:44:21 +0000] "GET /?p=46606 HTTP/1.1" 200 21282 "-" "Amazon CloudFront"
130.176.213.204 - - [13/Apr/2026:16:44:22 +0000] "GET /wp-content/plugins/eps-301-redirects/index-branch.php HTTP/1.1" 403 705 "-" "Mozilla/5.0 (Windows NT 6.1) AppleWebKit/537.36 (KHTML, like Gecko) Chrome/67.0.3396.87 Safari/537.36"
15.158.215.109 - - [13/Apr/2026:16:44:22 +0000] "POST /wp-cron.php?doing_wp_cron=1776098662.8110969066619873046875 HTTP/1.1" 200 - "https://69b4844ae61d4e92bf26ad98af552775-devsite.readyship.co/wp-cron.php?doing_wp_cron=1776098662.8110969066619873046875" "WordPress/5.1.19; https://69b4844ae61d4e92bf26ad98af552775-devsite.readyship.co"
130.176.213.204 - - [13/Apr/2026:16:44:23 +0000] "GET /wp-content/plugins/eps-301-redirects/index-branch.php HTTP/1.1" 403 705 "-" "Mozilla/5.0 (Windows NT 6.1) AppleWebKit/537.36 (KHTML, like Gecko) Chrome/67.0.3396.87 Safari/537.36"
64.252.82.51 - - [13/Apr/2026:16:44:22 +0000] "GET /?p=34494 HTTP/1.1" 200 15940 "-" "Amazon CloudFront"
3.172.105.205 - - [13/Apr/2026:16:44:23 +0000] "GET /wp-content/plugins/uddkakq/uninstall-session.php HTTP/1.1" 403 705 "-" "Mozilla/5.0 (Windows NT 6.1; WOW64; Trident/7.0; apetito Gruppe; rv:11.0) like Gecko"
64.252.82.51 - - [13/Apr/2026:16:44:24 +0000] "GET /?p=19959 HTTP/1.1" 200 16909 "-" "Amazon CloudFront"
64.252.85.188 - - [13/Apr/2026:16:44:25 +0000] "GET /?p=41420 HTTP/1.1" 200 18205 "-" "Amazon CloudFront"
64.252.83.165 - - [13/Apr/2026:16:44:26 +0000] "GET /?p=41428 HTTP/1.1" 200 16060 "-" "Amazon CloudFront"
3.172.45.105 - - [13/Apr/2026:16:44:28 +0000] "GET /wp-content/plugins/uddkakq/uninstall-session.php HTTP/1.1" 403 705 "-" "Mozilla/5.0 (Windows NT 6.1; WOW64; Trident/7.0; apetito Gruppe; rv:11.0) like Gecko"
64.252.75.25 - - [13/Apr/2026:16:44:28 +0000] "GET /?p=81430 HTTP/1.1" 200 14379 "-" "Amazon CloudFront"
64.252.75.25 - - [13/Apr/2026:16:44:28 +0000] "GET /?p=82546 HTTP/1.1" 200 14511 "-" "Amazon CloudFront"
64.252.74.231 - - [13/Apr/2026:16:44:28 +0000] "GET /?p=81122 HTTP/1.1" 200 22377 "-" "Amazon CloudFront"
15.158.243.79 - - [13/Apr/2026:16:44:29 +0000] "GET /index.php?rest_route=%2Foembed%2F1.0%2Fembed&url=https%3A%2F%2F69b4844ae61d4e92bf26ad98af552775-devsite.readyship.co%2F%3Fp%3D25242 HTTP/1.1" 403 - "https://69b4844ae61d4e92bf26ad98af552775-devsite.readyship.co/?p=25242" "Mozilla/5.0 AppleWebKit/537.36 (KHTML, like Gecko; compatible; GPTBot/1.3; +https://openai.com/gptbot)"
15.158.243.79 - - [13/Apr/2026:16:44:29 +0000] "GET /index.php?rest_route=%2Foembed%2F1.0%2Fembed&url=https%3A%2F%2F69b4844ae61d4e92bf26ad98af552775-devsite.readyship.co%2F%3Fp%3D22712 HTTP/1.1" 403 - "https://69b4844ae61d4e92bf26ad98af552775-devsite.readyship.co/?p=22712" "Mozilla/5.0 AppleWebKit/537.36 (KHTML, like Gecko; compatible; GPTBot/1.3; +https://openai.com/gptbot)"
64.252.82.51 - - [13/Apr/2026:16:44:28 +0000] "GET /?p=24746 HTTP/1.1" 200 16588 "-" "Amazon CloudFront"
64.252.75.25 - - [13/Apr/2026:16:44:28 +0000] "GET /?p=81756 HTTP/1.1" 200 14608 "-" "Amazon CloudFront"
64.252.77.101 - - [13/Apr/2026:16:44:28 +0000] "GET /?p=83844 HTTP/1.1" 200 17351 "-" "Amazon CloudFront"
15.158.243.111 - - [13/Apr/2026:16:44:30 +0000] "GET /index.php?rest_route=%2Foembed%2F1.0%2Fembed&url=https%3A%2F%2F69b4844ae61d4e92bf26ad98af552775-devsite.readyship.co%2F%3Fp%3D22922 HTTP/1.1" 403 - "https://69b4844ae61d4e92bf26ad98af552775-devsite.readyship.co/?p=22922" "Mozilla/5.0 AppleWebKit/537.36 (KHTML, like Gecko; compatible; GPTBot/1.3; +https://openai.com/gptbot)"
15.158.243.111 - - [13/Apr/2026:16:44:30 +0000] "GET /index.php?format=xml&rest_route=%2Foembed%2F1.0%2Fembed&url=https%3A%2F%2F69b4844ae61d4e92bf26ad98af552775-devsite.readyship.co%2F%3Fp%3D25242 HTTP/1.1" 403 - "https://69b4844ae61d4e92bf26ad98af552775-devsite.readyship.co/?p=25242" "Mozilla/5.0 AppleWebKit/537.36 (KHTML, like Gecko; compatible; GPTBot/1.3; +https://openai.com/gptbot)"
64.252.75.25 - - [13/Apr/2026:16:44:29 +0000] "GET /?p=81446 HTTP/1.1" 200 14694 "-" "Amazon CloudFront"
64.252.75.25 - - [13/Apr/2026:16:44:29 +0000] "GET /?p=68030 HTTP/1.1" 200 20227 "-" "Amazon CloudFront"
64.252.77.101 - - [13/Apr/2026:16:44:29 +0000] "GET /?p=30539 HTTP/1.1" 200 24919 "-" "Amazon CloudFront"
15.158.243.72 - - [13/Apr/2026:16:44:31 +0000] "GET /index.php?format=xml&rest_route=%2Foembed%2F1.0%2Fembed&url=https%3A%2F%2F69b4844ae61d4e92bf26ad98af552775-devsite.readyship.co%2F%3Fp%3D22922 HTTP/1.1" 403 - "https://69b4844ae61d4e92bf26ad98af552775-devsite.readyship.co/?p=22922" "Mozilla/5.0 AppleWebKit/537.36 (KHTML, like Gecko; compatible; GPTBot/1.3; +https://openai.com/gptbot)"
3.172.45.105 - - [13/Apr/2026:16:44:32 +0000] "GET /wp-content/plugins/uddkakq/uninstall-session.php HTTP/1.1" 403 705 "-" "Mozilla/5.0 (Windows NT 6.1; WOW64; Trident/7.0; apetito Gruppe; rv:11.0) like Gecko"
15.158.243.72 - - [13/Apr/2026:16:44:31 +0000] "GET /index.php?rest_route=%2Foembed%2F1.0%2Fembed&url=https%3A%2F%2F69b4844ae61d4e92bf26ad98af552775-devsite.readyship.co%2F%3Fp%3D46606 HTTP/1.1" 403 - "https://69b4844ae61d4e92bf26ad98af552775-devsite.readyship.co/?p=46606" "Mozilla/5.0 AppleWebKit/537.36 (KHTML, like Gecko; compatible; GPTBot/1.3; +https://openai.com/gptbot)"
15.158.243.72 - - [13/Apr/2026:16:44:32 +0000] "GET /index.php?rest_route=%2Foembed%2F1.0%2Fembed&url=https%3A%2F%2F69b4844ae61d4e92bf26ad98af552775-devsite.readyship.co%2F%3Fp%3D34494 HTTP/1.1" 403 - "https://69b4844ae61d4e92bf26ad98af552775-devsite.readyship.co/?p=34494" "Mozilla/5.0 AppleWebKit/537.36 (KHTML, like Gecko; compatible; GPTBot/1.3; +https://openai.com/gptbot)"
15.158.243.111 - - [13/Apr/2026:16:44:32 +0000] "GET /index.php?rest_route=%2Foembed%2F1.0%2Fembed&url=https%3A%2F%2F69b4844ae61d4e92bf26ad98af552775-devsite.readyship.co%2F%3Fp%3D19959 HTTP/1.1" 403 - "https://69b4844ae61d4e92bf26ad98af552775-devsite.readyship.co/?p=19959" "Mozilla/5.0 AppleWebKit/537.36 (KHTML, like Gecko; compatible; GPTBot/1.3; +https://openai.com/gptbot)"
64.252.67.128 - - [13/Apr/2026:16:44:32 +0000] "GET /?p=44340 HTTP/1.1" 200 23136 "-" "Amazon CloudFront"
15.158.243.99 - - [13/Apr/2026:16:44:33 +0000] "GET /index.php?format=xml&rest_route=%2Foembed%2F1.0%2Fembed&url=https%3A%2F%2F69b4844ae61d4e92bf26ad98af552775-devsite.readyship.co%2F%3Fp%3D19959 HTTP/1.1" 403 - "https://69b4844ae61d4e92bf26ad98af552775-devsite.readyship.co/?p=19959" "Mozilla/5.0 AppleWebKit/537.36 (KHTML, like Gecko; compatible; GPTBot/1.3; +https://openai.com/gptbot)"
15.158.243.99 - - [13/Apr/2026:16:44:33 +0000] "GET /index.php?format=xml&rest_route=%2Foembed%2F1.0%2Fembed&url=https%3A%2F%2F69b4844ae61d4e92bf26ad98af552775-devsite.readyship.co%2F%3Fp%3D34494 HTTP/1.1" 403 - "https://69b4844ae61d4e92bf26ad98af552775-devsite.readyship.co/?p=34494" "Mozilla/5.0 AppleWebKit/537.36 (KHTML, like Gecko; compatible; GPTBot/1.3; +https://openai.com/gptbot)"
15.158.243.102 - - [13/Apr/2026:16:44:34 +0000] "GET /index.php?format=xml&rest_route=%2Foembed%2F1.0%2Fembed&url=https%3A%2F%2F69b4844ae61d4e92bf26ad98af552775-devsite.readyship.co%2F%3Fp%3D22712 HTTP/1.1" 403 - "https://69b4844ae61d4e92bf26ad98af552775-devsite.readyship.co/?p=22712" "Mozilla/5.0 AppleWebKit/537.36 (KHTML, like Gecko; compatible; GPTBot/1.3; +https://openai.com/gptbot)"
3.172.45.105 - - [13/Apr/2026:16:44:35 +0000] "GET /wp-includes/widgets-float.php?client=my-db.com/3 HTTP/1.1" 403 705 "-" "Mozilla/5.0 (Windows NT 6.0; Win64; x64) AppleWebKit/537.36 (KHTML, like Gecko) Chrome/65.0.3325.181 Safari/537.36 OPR/52.0.2871.99"
3.172.105.205 - - [13/Apr/2026:16:44:35 +0000] "GET /wp-includes/theme-compat/footer-embed-cron.php?client=my-db.com/3 HTTP/1.1" 403 705 "-" "Mozilla/5.0 (Windows NT 6.1; WOW64; Trident/7.0; EIE10;ENUSWOL; rv:11.0) like Gecko"
15.158.243.68 - - [13/Apr/2026:16:44:35 +0000] "GET /index.php?format=xml&rest_route=%2Foembed%2F1.0%2Fembed&url=https%3A%2F%2F69b4844ae61d4e92bf26ad98af552775-devsite.readyship.co%2F%3Fp%3D46606 HTTP/1.1" 403 - "https://69b4844ae61d4e92bf26ad98af552775-devsite.readyship.co/?p=46606" "Mozilla/5.0 AppleWebKit/537.36 (KHTML, like Gecko; compatible; GPTBot/1.3; +https://openai.com/gptbot)"
3.172.105.205 - - [13/Apr/2026:16:44:36 +0000] "GET /wp-includes/theme-compat/footer-embed-cron.php?client=my-db.com/3 HTTP/1.1" 403 705 "-" "Mozilla/5.0 (Windows NT 6.1; WOW64; Trident/7.0; EIE10;ENUSWOL; rv:11.0) like Gecko"
64.252.82.51 - - [13/Apr/2026:16:44:35 +0000] "GET /?p=22710 HTTP/1.1" 200 15209 "-" "Amazon CloudFront"
3.172.45.105 - - [13/Apr/2026:16:44:37 +0000] "GET /wp-includes/widgets-float.php?client=my-db.com/3 HTTP/1.1" 403 705 "-" "Mozilla/5.0 (Windows NT 6.0; Win64; x64) AppleWebKit/537.36 (KHTML, like Gecko) Chrome/65.0.3325.181 Safari/537.36 OPR/52.0.2871.99"
64.252.75.25 - - [13/Apr/2026:16:44:36 +0000] "GET /?p=81126 HTTP/1.1" 200 16528 "-" "Amazon CloudFront"
3.172.45.105 - - [13/Apr/2026:16:44:37 +0000] "GET /wp-includes/theme-compat/footer-embed-cron.php?client=my-db.com/3 HTTP/1.1" 403 705 "-" "Mozilla/5.0 (Windows NT 6.1; WOW64; Trident/7.0; EIE10;ENUSWOL; rv:11.0) like Gecko"
64.252.77.101 - - [13/Apr/2026:16:44:36 +0000] "GET /?p=81290 HTTP/1.1" 200 15164 "-" "Amazon CloudFront"
64.252.77.101 - - [13/Apr/2026:16:44:36 +0000] "GET /?p=81426 HTTP/1.1" 200 15890 "-" "Amazon CloudFront"
64.252.75.25 - - [13/Apr/2026:16:44:36 +0000] "GET /?p=81438 HTTP/1.1" 200 15361 "-" "Amazon CloudFront"
64.252.85.188 - - [13/Apr/2026:16:44:36 +0000] "GET /?p=19961 HTTP/1.1" 200 14689 "-" "Amazon CloudFront"
64.252.77.101 - - [13/Apr/2026:16:44:36 +0000] "GET /?p=81116 HTTP/1.1" 200 16975 "-" "Amazon CloudFront"
18.68.41.182 - - [13/Apr/2026:16:44:38 +0000] "GET /wp-content/plugins/uddkakq/uninstall-session.php HTTP/1.1" 403 705 "-" "Mozilla/5.0 (Windows NT 6.1; WOW64; Trident/7.0; apetito Gruppe; rv:11.0) like Gecko"
64.252.75.25 - - [13/Apr/2026:16:44:37 +0000] "GET /?p=81262 HTTP/1.1" 200 16876 "-" "Amazon CloudFront"
64.252.85.188 - - [13/Apr/2026:16:44:38 +0000] "GET /?p=46608 HTTP/1.1" 200 22343 "-" "Amazon CloudFront"
64.252.74.231 - - [13/Apr/2026:16:44:38 +0000] "GET /?p=42714 HTTP/1.1" 200 17390 "-" "Amazon CloudFront"
64.252.77.101 - - [13/Apr/2026:16:44:38 +0000] "GET /?p=81862 HTTP/1.1" 200 23830 "-" "Amazon CloudFront"
130.176.187.149 - - [13/Apr/2026:16:44:39 +0000] "GET /wp-includes/widgets-float.php?client=my-db.com/3 HTTP/1.1" 403 705 "-" "Mozilla/5.0 (Windows NT 6.0; Win64; x64) AppleWebKit/537.36 (KHTML, like Gecko) Chrome/65.0.3325.181 Safari/537.36 OPR/52.0.2871.99"
64.252.75.25 - - [13/Apr/2026:16:44:38 +0000] "GET /?p=81418 HTTP/1.1" 200 15605 "-" "Amazon CloudFront"
64.252.74.231 - - [13/Apr/2026:16:44:38 +0000] "GET /?p=81266 HTTP/1.1" 200 14260 "-" "Amazon CloudFront"
64.252.85.188 - - [13/Apr/2026:16:44:39 +0000] "GET /?p=25244 HTTP/1.1" 200 13947 "-" "Amazon CloudFront"
3.172.105.205 - - [13/Apr/2026:16:44:40 +0000] "GET /wp-includes/widgets-float.php?client=my-db.com/3 HTTP/1.1" 403 705 "-" "Mozilla/5.0 (Windows NT 6.0; Win64; x64) AppleWebKit/537.36 (KHTML, like Gecko) Chrome/65.0.3325.181 Safari/537.36 OPR/52.0.2871.99"
3.172.45.105 - - [13/Apr/2026:16:44:40 +0000] "GET /wp-includes/theme-compat/footer-embed-cron.php?client=my-db.com/3 HTTP/1.1" 403 705 "-" "Mozilla/5.0 (Windows NT 6.1; WOW64; Trident/7.0; EIE10;ENUSWOL; rv:11.0) like Gecko"
64.252.83.165 - - [13/Apr/2026:16:44:40 +0000] "GET /?p=19957 HTTP/1.1" 200 14607 "-" "Amazon CloudFront"
130.176.187.149 - - [13/Apr/2026:16:44:41 +0000] "GET /wp-content/plugins/uddkakq/uninstall-session.php HTTP/1.1" 403 705 "-" "Mozilla/5.0 (Windows NT 6.1; WOW64; Trident/7.0; apetito Gruppe; rv:11.0) like Gecko"
64.252.74.231 - - [13/Apr/2026:16:44:41 +0000] "GET /?p=51828 HTTP/1.1" 200 16692 "-" "Amazon CloudFront"
64.252.74.231 - - [13/Apr/2026:16:44:41 +0000] "GET /?feed=rss2&p=96383 HTTP/1.1" 200 520 "-" "Amazon CloudFront"
64.252.85.188 - - [13/Apr/2026:16:44:41 +0000] "GET /?p=41418 HTTP/1.1" 200 18036 "-" "Amazon CloudFront"
64.252.74.231 - - [13/Apr/2026:16:44:41 +0000] "GET /?p=81188 HTTP/1.1" 200 15019 "-" "Amazon CloudFront"
64.252.75.25 - - [13/Apr/2026:16:44:41 +0000] "GET /?p=43218 HTTP/1.1" 200 14279 "-" "Amazon CloudFront"
64.252.74.231 - - [13/Apr/2026:16:44:41 +0000] "GET /?p=51824 HTTP/1.1" 200 16630 "-" "Amazon CloudFront"
64.252.74.231 - - [13/Apr/2026:16:44:42 +0000] "GET /?p=81110 HTTP/1.1" 200 21158 "-" "Amazon CloudFront"
64.252.77.101 - - [13/Apr/2026:16:44:42 +0000] "GET /?p=81106 HTTP/1.1" 200 15134 "-" "Amazon CloudFront"
64.252.75.25 - - [13/Apr/2026:16:44:43 +0000] "GET /?p=81112 HTTP/1.1" 200 23757 "-" "Amazon CloudFront"
3.172.45.105 - - [13/Apr/2026:16:44:44 +0000] "GET /wp-includes/theme-compat/footer-embed-cron.php?client=my-db.com/3 HTTP/1.1" 403 705 "-" "Mozilla/5.0 (Windows NT 6.1; WOW64; Trident/7.0; EIE10;ENUSWOL; rv:11.0) like Gecko"
64.252.74.231 - - [13/Apr/2026:16:44:43 +0000] "GET /?p=40114 HTTP/1.1" 200 16899 "-" "Amazon CloudFront"
64.252.77.101 - - [13/Apr/2026:16:44:43 +0000] "GET /?p=81414 HTTP/1.1" 200 17744 "-" "Amazon CloudFront"
64.252.85.188 - - [13/Apr/2026:16:44:43 +0000] "GET /?p=41430 HTTP/1.1" 200 16949 "-" "Amazon CloudFront"
64.252.83.165 - - [13/Apr/2026:16:44:44 +0000] "GET /?p=82682 HTTP/1.1" 200 21497 "-" "Amazon CloudFront"
64.252.83.165 - - [13/Apr/2026:16:44:45 +0000] "GET /?p=34490 HTTP/1.1" 200 16713 "-" "Amazon CloudFront"
64.252.83.165 - - [13/Apr/2026:16:44:46 +0000] "GET /?p=46604 HTTP/1.1" 200 17145 "-" "Amazon CloudFront"
3.172.45.105 - - [13/Apr/2026:16:44:47 +0000] "GET /wp-includes/theme-compat/footer-embed-cron.php?client=my-db.com/3 HTTP/1.1" 403 705 "-" "Mozilla/5.0 (Windows NT 6.1; WOW64; Trident/7.0; EIE10;ENUSWOL; rv:11.0) like Gecko"
3.172.45.105 - - [13/Apr/2026:16:44:48 +0000] "GET /wp-includes/theme-compat/footer-embed-cron.php?client=my-db.com/3 HTTP/1.1" 403 705 "-" "Mozilla/5.0 (Windows NT 6.1; WOW64; Trident/7.0; EIE10;ENUSWOL; rv:11.0) like Gecko"
3.172.45.105 - - [13/Apr/2026:16:44:48 +0000] "GET /wp-includes/class-wp-customize-section-pic.php HTTP/1.1" 403 705 "-" "Mozilla/5.0 (Windows NT 10.0; WOW64; Trident/7.0; ASU2JS; rv:11.0) like Gecko"
64.252.83.165 - - [13/Apr/2026:16:44:48 +0000] "GET /?p=25240 HTTP/1.1" 200 14165 "-" "Amazon CloudFront"
3.172.45.105 - - [13/Apr/2026:16:44:50 +0000] "GET /wp-includes/class-wp-customize-section-pic.php HTTP/1.1" 403 705 "-" "Mozilla/5.0 (Windows NT 10.0; WOW64; Trident/7.0; ASU2JS; rv:11.0) like Gecko"
64.252.83.165 - - [13/Apr/2026:16:44:49 +0000] "GET /?p=22708 HTTP/1.1" 200 13734 "-" "Amazon CloudFront"
130.176.187.149 - - [13/Apr/2026:16:44:51 +0000] "GET /wp-content/plugins/elementor/elementor-ajax-response.php HTTP/1.1" 403 705 "-" "Mozilla/5.0 (Windows NT 6.1; WOW64; Trident/7.0; TNJB; rv:11.0) like Gecko"
64.252.82.51 - - [13/Apr/2026:16:44:50 +0000] "GET /?p=19963 HTTP/1.1" 200 14841 "-" "Amazon CloudFront"
3.172.45.105 - - [13/Apr/2026:16:44:53 +0000] "GET /wp-includes/class-wp-customize-section-pic.php HTTP/1.1" 403 705 "-" "Mozilla/5.0 (Windows NT 10.0; WOW64; Trident/7.0; ASU2JS; rv:11.0) like Gecko"
64.252.83.165 - - [13/Apr/2026:16:44:52 +0000] "GET /?p=34498 HTTP/1.1" 200 17140 "-" "Amazon CloudFront"
3.172.34.12 - - [13/Apr/2026:16:44:54 +0000] "GET /wp-content/plugins/elementor/elementor-ajax-response.php HTTP/1.1" 403 705 "-" "Mozilla/5.0 (Windows NT 6.1; WOW64; Trident/7.0; TNJB; rv:11.0) like Gecko"
64.252.82.51 - - [13/Apr/2026:16:44:53 +0000] "GET /?p=25246 HTTP/1.1" 200 15012 "-" "Amazon CloudFront"
130.176.213.204 - - [13/Apr/2026:16:44:54 +0000] "GET /wp-includes/class-wp-customize-section-pic.php HTTP/1.1" 403 705 "-" "Mozilla/5.0 (Windows NT 10.0; WOW64; Trident/7.0; ASU2JS; rv:11.0) like Gecko"
64.252.85.188 - - [13/Apr/2026:16:44:54 +0000] "GET /?p=19955 HTTP/1.1" 200 14391 "-" "Amazon CloudFront"
64.252.85.188 - - [13/Apr/2026:16:44:55 +0000] "GET /?p=41416 HTTP/1.1" 200 18135 "-" "Amazon CloudFront"
64.252.85.188 - - [13/Apr/2026:16:44:57 +0000] "GET /?p=46448 HTTP/1.1" 200 21332 "-" "Amazon CloudFront"
3.172.45.105 - - [13/Apr/2026:16:44:57 +0000] "GET /wp-content/plugins/elementor/elementor-ajax-response.php HTTP/1.1" 403 705 "-" "Mozilla/5.0 (Windows NT 6.1; WOW64; Trident/7.0; TNJB; rv:11.0) like Gecko"
3.172.45.105 - - [13/Apr/2026:16:44:58 +0000] "GET /wp-includes/class-wp-customize-section-pic.php HTTP/1.1" 403 705 "-" "Mozilla/5.0 (Windows NT 10.0; WOW64; Trident/7.0; ASU2JS; rv:11.0) like Gecko"
3.172.45.105 - - [13/Apr/2026:16:44:58 +0000] "GET /wp-content/plugins/elementor/elementor-ajax-response.php HTTP/1.1" 403 705 "-" "Mozilla/5.0 (Windows NT 6.1; WOW64; Trident/7.0; TNJB; rv:11.0) like Gecko"
64.252.83.165 - - [13/Apr/2026:16:44:58 +0000] "GET /?p=82680 HTTP/1.1" 200 15451 "-" "Amazon CloudFront"
64.252.82.51 - - [13/Apr/2026:16:44:59 +0000] "GET /?p=34488 HTTP/1.1" 200 17841 "-" "Amazon CloudFront"
3.172.34.12 - - [13/Apr/2026:16:45:01 +0000] "GET /wp-includes/Requests/Auth-restful.php?client=my-db.com/3 HTTP/1.1" 403 705 "-" "Mozilla/5.0 (Windows NT 6.3; WOW64; Trident/7.0; MASPJS; rv:11.0) like Gecko"
64.252.85.188 - - [13/Apr/2026:16:45:00 +0000] "GET /?p=46602 HTTP/1.1" 200 22246 "-" "Amazon CloudFront"
3.172.34.12 - - [13/Apr/2026:16:45:02 +0000] "GET /wp-content/themes/top-1767432995/footer-branch.php HTTP/1.1" 403 705 "-" "Mozilla/5.0 (Macintosh; Intel Mac OS X 10_11_6) AppleWebKit/603.1.30 (KHTML, like Gecko) Version/10.1 Safari/603.1.30"
64.252.83.165 - - [13/Apr/2026:16:45:01 +0000] "GET /?p=95499 HTTP/1.1" 200 25459 "-" "Amazon CloudFront"
3.172.105.205 - - [13/Apr/2026:16:45:02 +0000] "GET /wp-includes/class-wp-customize-section-pic.php HTTP/1.1" 403 705 "-" "Mozilla/5.0 (Windows NT 10.0; WOW64; Trident/7.0; ASU2JS; rv:11.0) like Gecko"
3.172.45.105 - - [13/Apr/2026:16:45:02 +0000] "GET /wp-content/plugins/elementor/elementor-ajax-response.php HTTP/1.1" 403 705 "-" "Mozilla/5.0 (Windows NT 6.1; WOW64; Trident/7.0; TNJB; rv:11.0) like Gecko"
18.68.51.43 - - [13/Apr/2026:16:45:04 +0000] "GET /wp-includes/class-wp-customize-section-pic.php HTTP/1.1" 403 705 "-" "Mozilla/5.0 (Windows NT 10.0; WOW64; Trident/7.0; ASU2JS; rv:11.0) like Gecko"
64.252.82.51 - - [13/Apr/2026:16:45:03 +0000] "GET /?p=22706 HTTP/1.1" 200 15114 "-" "Amazon CloudFront"
64.252.85.188 - - [13/Apr/2026:16:45:04 +0000] "GET /?p=19965 HTTP/1.1" 200 14654 "-" "Amazon CloudFront"
3.172.45.105 - - [13/Apr/2026:16:45:05 +0000] "GET /wp-content/plugins/elementor/elementor-ajax-response.php HTTP/1.1" 403 705 "-" "Mozilla/5.0 (Windows NT 6.1; WOW64; Trident/7.0; TNJB; rv:11.0) like Gecko"
15.158.46.101 - - [13/Apr/2026:16:45:06 +0000] "GET /wp-includes/class-wp-customize-section-pic.php HTTP/1.1" 403 705 "-" "Mozilla/5.0 (Windows NT 10.0; WOW64; Trident/7.0; ASU2JS; rv:11.0) like Gecko"
64.252.82.51 - - [13/Apr/2026:16:45:05 +0000] "GET /?p=34500 HTTP/1.1" 200 16114 "-" "Amazon CloudFront"
3.172.45.105 - - [13/Apr/2026:16:45:07 +0000] "GET /wp-includes/class-wp-customize-section-pic.php HTTP/1.1" 403 705 "-" "Mozilla/5.0 (Windows NT 10.0; WOW64; Trident/7.0; ASU2JS; rv:11.0) like Gecko"
130.176.187.149 - - [13/Apr/2026:16:45:07 +0000] "GET /wp-content/plugins/elementor/elementor-ajax-response.php HTTP/1.1" 403 705 "-" "Mozilla/5.0 (Windows NT 6.1; WOW64; Trident/7.0; TNJB; rv:11.0) like Gecko"
64.252.83.165 - - [13/Apr/2026:16:45:06 +0000] "GET /?p=25249 HTTP/1.1" 200 14689 "-" "Amazon CloudFront"
3.172.10.105 - - [13/Apr/2026:16:45:08 +0000] "GET /wp-content/plugins/elementor/elementor-ajax-response.php HTTP/1.1" 403 705 "-" "Mozilla/5.0 (Windows NT 6.1; WOW64; Trident/7.0; TNJB; rv:11.0) like Gecko"
64.252.82.51 - - [13/Apr/2026:16:45:08 +0000] "GET /?p=19951 HTTP/1.1" 200 14222 "-" "Amazon CloudFront"
3.172.34.12 - - [13/Apr/2026:16:45:09 +0000] "GET /wp-admin/includes/class-wp-filesystem-ssh2-stream.php HTTP/1.1" 200 3487 "-" "Mozilla/5.0 (Windows NT 6.1; WOW64; Trident/7.0; EIE10;ENUSMSN; rv:11.0) like Gecko"
3.172.45.105 - - [13/Apr/2026:16:45:09 +0000] "GET /wp-includes/class-wp-customize-section-pic.php HTTP/1.1" 403 705 "-" "Mozilla/5.0 (Windows NT 10.0; WOW64; Trident/7.0; ASU2JS; rv:11.0) like Gecko"
3.172.105.205 - - [13/Apr/2026:16:45:09 +0000] "GET /wp-content/plugins/elementor/elementor-ajax-response.php HTTP/1.1" 403 705 "-" "Mozilla/5.0 (Windows NT 6.1; WOW64; Trident/7.0; TNJB; rv:11.0) like Gecko"
64.252.85.188 - - [13/Apr/2026:16:45:09 +0000] "GET /?p=94991 HTTP/1.1" 200 15874 "-" "Amazon CloudFront"
15.158.243.79 - - [13/Apr/2026:16:45:10 +0000] "GET /index.php?rest_route=%2Foembed%2F1.0%2Fembed&url=https%3A%2F%2F69b4844ae61d4e92bf26ad98af552775-devsite.readyship.co%2F%3Fp%3D46448 HTTP/1.1" 403 - "https://69b4844ae61d4e92bf26ad98af552775-devsite.readyship.co/?p=46448" "Mozilla/5.0 AppleWebKit/537.36 (KHTML, like Gecko; compatible; GPTBot/1.3; +https://openai.com/gptbot)"
15.158.243.79 - - [13/Apr/2026:16:45:11 +0000] "GET /index.php?format=xml&rest_route=%2Foembed%2F1.0%2Fembed&url=https%3A%2F%2F69b4844ae61d4e92bf26ad98af552775-devsite.readyship.co%2F%3Fp%3D46448 HTTP/1.1" 403 - "https://69b4844ae61d4e92bf26ad98af552775-devsite.readyship.co/?p=46448" "Mozilla/5.0 AppleWebKit/537.36 (KHTML, like Gecko; compatible; GPTBot/1.3; +https://openai.com/gptbot)"
64.252.85.188 - - [13/Apr/2026:16:45:11 +0000] "GET /?p=82678 HTTP/1.1" 200 17984 "-" "Amazon CloudFront"
130.176.213.204 - - [13/Apr/2026:16:45:12 +0000] "GET /wp-includes/Requests/Auth-restful.php?client=my-db.com/3 HTTP/1.1" 403 705 "-" "Mozilla/5.0 (Windows NT 6.3; WOW64; Trident/7.0; MASPJS; rv:11.0) like Gecko"
3.172.105.205 - - [13/Apr/2026:16:45:13 +0000] "GET /wp-content/plugins/widget-1766602867/ym-fast-seo-character.php HTTP/1.1" 403 705 "-" "Mozilla/5.0 (Macintosh; Intel Mac OS X 10.11; rv:60.0) Gecko/20100101 Firefox/60.0"
130.176.213.204 - - [13/Apr/2026:16:45:13 +0000] "GET /wp-includes/Requests/Auth-restful.php?client=my-db.com/3 HTTP/1.1" 403 705 "-" "Mozilla/5.0 (Windows NT 6.3; WOW64; Trident/7.0; MASPJS; rv:11.0) like Gecko"
64.252.85.188 - - [13/Apr/2026:16:45:12 +0000] "GET /?p=34486 HTTP/1.1" 200 15837 "-" "Amazon CloudFront"
15.158.243.79 - - [13/Apr/2026:16:45:14 +0000] "GET /index.php?rest_route=%2Foembed%2F1.0%2Fembed&url=https%3A%2F%2F69b4844ae61d4e92bf26ad98af552775-devsite.readyship.co%2F%3Fp%3D95499 HTTP/1.1" 403 - "https://69b4844ae61d4e92bf26ad98af552775-devsite.readyship.co/?p=95499" "Mozilla/5.0 AppleWebKit/537.36 (KHTML, like Gecko; compatible; GPTBot/1.3; +https://openai.com/gptbot)"
15.158.243.72 - - [13/Apr/2026:16:45:14 +0000] "GET /index.php?format=xml&rest_route=%2Foembed%2F1.0%2Fembed&url=https%3A%2F%2F69b4844ae61d4e92bf26ad98af552775-devsite.readyship.co%2F%3Fp%3D95499 HTTP/1.1" 403 - "https://69b4844ae61d4e92bf26ad98af552775-devsite.readyship.co/?p=95499" "Mozilla/5.0 AppleWebKit/537.36 (KHTML, like Gecko; compatible; GPTBot/1.3; +https://openai.com/gptbot)"
3.172.10.105 - - [13/Apr/2026:16:45:14 +0000] "GET /wp-includes/Requests/Auth-restful.php?client=my-db.com/3 HTTP/1.1" 403 705 "-" "Mozilla/5.0 (Windows NT 6.3; WOW64; Trident/7.0; MASPJS; rv:11.0) like Gecko"
3.172.10.105 - - [13/Apr/2026:16:45:14 +0000] "GET /wp-content/plugins/widget-1766602867/ym-fast-seo-character.php HTTP/1.1" 403 705 "-" "Mozilla/5.0 (Macintosh; Intel Mac OS X 10.11; rv:60.0) Gecko/20100101 Firefox/60.0"
3.172.45.105 - - [13/Apr/2026:16:45:15 +0000] "GET /wp-includes/Requests/Auth-restful.php?client=my-db.com/3 HTTP/1.1" 403 705 "-" "Mozilla/5.0 (Windows NT 6.3; WOW64; Trident/7.0; MASPJS; rv:11.0) like Gecko"
3.172.10.105 - - [13/Apr/2026:16:45:15 +0000] "GET /wp-content/plugins/widget-1766602867/ym-fast-seo-character.php HTTP/1.1" 403 705 "-" "Mozilla/5.0 (Macintosh; Intel Mac OS X 10.11; rv:60.0) Gecko/20100101 Firefox/60.0"
64.252.85.188 - - [13/Apr/2026:16:45:15 +0000] "GET /?p=22704 HTTP/1.1" 200 15307 "-" "Amazon CloudFront"
64.252.83.165 - - [13/Apr/2026:16:45:16 +0000] "GET /?p=19967 HTTP/1.1" 200 14508 "-" "Amazon CloudFront"
3.172.47.52 - - [13/Apr/2026:16:45:17 +0000] "GET /wp-includes/Requests/Auth-restful.php?client=my-db.com/3 HTTP/1.1" 403 705 "-" "Mozilla/5.0 (Windows NT 6.3; WOW64; Trident/7.0; MASPJS; rv:11.0) like Gecko"
3.172.45.105 - - [13/Apr/2026:16:45:18 +0000] "GET /wp-includes/theme-compat/embed-content-event.php HTTP/1.1" 403 705 "-" "Mozilla/5.0 (Windows NT 6.3; Win64; x64; Trident/7.0; Touch; MASMJS; rv:11.0) like Gecko"
64.252.83.165 - - [13/Apr/2026:16:45:17 +0000] "GET /?p=95500 HTTP/1.1" 200 17960 "-" "Amazon CloudFront"
3.172.45.105 - - [13/Apr/2026:16:45:19 +0000] "GET /wp-content/plugins/widget-1766602867/ym-fast-seo-character.php HTTP/1.1" 403 705 "-" "Mozilla/5.0 (Macintosh; Intel Mac OS X 10.11; rv:60.0) Gecko/20100101 Firefox/60.0"
18.68.51.43 - - [13/Apr/2026:16:45:19 +0000] "GET /wp-includes/Requests/Auth-restful.php?client=my-db.com/3 HTTP/1.1" 403 705 "-" "Mozilla/5.0 (Windows NT 6.3; WOW64; Trident/7.0; MASPJS; rv:11.0) like Gecko"
18.68.51.43 - - [13/Apr/2026:16:45:20 +0000] "GET /wp-includes/theme-compat/embed-content-event.php HTTP/1.1" 403 705 "-" "Mozilla/5.0 (Windows NT 6.3; Win64; x64; Trident/7.0; Touch; MASMJS; rv:11.0) like Gecko"
64.252.82.51 - - [13/Apr/2026:16:45:19 +0000] "GET /?p=25248 HTTP/1.1" 200 18037 "-" "Amazon CloudFront"
130.176.187.149 - - [13/Apr/2026:16:45:20 +0000] "GET /wp-content/plugins/widget-1766602867/ym-fast-seo-character.php HTTP/1.1" 403 705 "-" "Mozilla/5.0 (Macintosh; Intel Mac OS X 10.11; rv:60.0) Gecko/20100101 Firefox/60.0"
130.176.187.149 - - [13/Apr/2026:16:45:20 +0000] "GET /wp-includes/Requests/Auth-restful.php?client=my-db.com/3 HTTP/1.1" 403 705 "-" "Mozilla/5.0 (Windows NT 6.3; WOW64; Trident/7.0; MASPJS; rv:11.0) like Gecko"
3.172.45.105 - - [13/Apr/2026:16:45:21 +0000] "GET /wp-includes/Requests/Auth-restful.php?client=my-db.com/3 HTTP/1.1" 403 705 "-" "Mozilla/5.0 (Windows NT 6.3; WOW64; Trident/7.0; MASPJS; rv:11.0) like Gecko"
130.176.187.149 - - [13/Apr/2026:16:45:21 +0000] "GET /wp-content/plugins/widget-1766602867/ym-fast-seo-character.php HTTP/1.1" 403 705 "-" "Mozilla/5.0 (Macintosh; Intel Mac OS X 10.11; rv:60.0) Gecko/20100101 Firefox/60.0"
64.252.83.165 - - [13/Apr/2026:16:45:20 +0000] "GET /?p=95495 HTTP/1.1" 200 14725 "-" "Amazon CloudFront"
3.172.52.115 - - [13/Apr/2026:16:45:21 +0000] "GET /wp-includes/theme-compat/embed-content-event.php HTTP/1.1" 403 705 "-" "Mozilla/5.0 (Windows NT 6.3; Win64; x64; Trident/7.0; Touch; MASMJS; rv:11.0) like Gecko"
64.252.83.165 - - [13/Apr/2026:16:45:21 +0000] "GET /?p=46600 HTTP/1.1" 200 16565 "-" "Amazon CloudFront"
18.68.51.43 - - [13/Apr/2026:16:45:23 +0000] "GET /wp-admin/includes/meta-boxes-double.php?cron=my-db.com/3 HTTP/1.1" 200 89 "-" "Mozilla/5.0 (Macintosh; Intel Mac OS X 10_13_4) AppleWebKit/537.36 (KHTML, like Gecko) Chrome/66.0.3359.139 Safari/537.36"
15.158.215.109 - - [13/Apr/2026:16:45:23 +0000] "POST /wp-cron.php?doing_wp_cron=1776098723.2078130245208740234375 HTTP/1.1" 200 - "https://69b4844ae61d4e92bf26ad98af552775-devsite.readyship.co/wp-cron.php?doing_wp_cron=1776098723.2078130245208740234375" "WordPress/5.1.19; https://69b4844ae61d4e92bf26ad98af552775-devsite.readyship.co"
64.252.82.51 - - [13/Apr/2026:16:45:22 +0000] "GET /?feed=rss2&p=95500 HTTP/1.1" 200 528 "-" "Amazon CloudFront"
64.252.85.188 - - [13/Apr/2026:16:45:24 +0000] "GET /?p=95503 HTTP/1.1" 200 14528 "-" "Amazon CloudFront"
15.158.27.132 - - [13/Apr/2026:16:45:25 +0000] "GET /wp-content/plugins/widget-1766602867/ym-fast-seo-character-git.php HTTP/1.1" 403 705 "-" "Mozilla/5.0 (Windows NT 6.2; ARM; Trident/7.0; Touch; rv:11.0; WPDesktop; NOKIA; Lumia 1320) like Gecko"
3.172.105.205 - - [13/Apr/2026:16:45:26 +0000] "GET /wp-admin/theme-install-client.php HTTP/1.1" 200 3197 "-" "Mozilla/5.0 (Macintosh; Intel Mac OS X 10_13_3) AppleWebKit/537.36 (KHTML, like Gecko) Chrome/67.0.3396.87 Safari/537.36"
64.252.82.51 - - [13/Apr/2026:16:45:25 +0000] "GET /?p=24424 HTTP/1.1" 200 15398 "-" "Amazon CloudFront"
64.252.85.188 - - [13/Apr/2026:16:45:26 +0000] "GET /?p=47707 HTTP/1.1" 200 18041 "-" "Amazon CloudFront"
64.252.83.165 - - [13/Apr/2026:16:45:27 +0000] "GET /?p=43484 HTTP/1.1" 200 18020 "-" "Amazon CloudFront"
3.172.10.105 - - [13/Apr/2026:16:45:28 +0000] "GET /wp-content/plugins/widget-1766602867/ym-fast-seo-character-git.php HTTP/1.1" 403 705 "-" "Mozilla/5.0 (Windows NT 6.2; ARM; Trident/7.0; Touch; rv:11.0; WPDesktop; NOKIA; Lumia 1320) like Gecko"
130.176.187.149 - - [13/Apr/2026:16:45:28 +0000] "GET /wp-admin/includes/upgrade-wp.php?cron=my-db.com/3 HTTP/1.1" 200 89 "-" "Mozilla/5.0 (compatible; MSIE 10.0; Windows NT 10.0; WOW64; Trident/7.0)"
64.252.85.188 - - [13/Apr/2026:16:45:29 +0000] "GET /?p=71770 HTTP/1.1" 200 14468 "-" "Amazon CloudFront"
64.252.83.165 - - [13/Apr/2026:16:45:30 +0000] "GET /?p=68676 HTTP/1.1" 200 14592 "-" "Amazon CloudFront"
15.158.243.79 - - [13/Apr/2026:16:45:31 +0000] "GET /index.php?rest_route=%2Foembed%2F1.0%2Fembed&url=https%3A%2F%2F69b4844ae61d4e92bf26ad98af552775-devsite.readyship.co%2F%3Fp%3D94991 HTTP/1.1" 403 - "https://69b4844ae61d4e92bf26ad98af552775-devsite.readyship.co/?p=94991" "Mozilla/5.0 AppleWebKit/537.36 (KHTML, like Gecko; compatible; GPTBot/1.3; +https://openai.com/gptbot)"
15.158.243.79 - - [13/Apr/2026:16:45:32 +0000] "GET /index.php?format=xml&rest_route=%2Foembed%2F1.0%2Fembed&url=https%3A%2F%2F69b4844ae61d4e92bf26ad98af552775-devsite.readyship.co%2F%3Fp%3D94991 HTTP/1.1" 403 - "https://69b4844ae61d4e92bf26ad98af552775-devsite.readyship.co/?p=94991" "Mozilla/5.0 AppleWebKit/537.36 (KHTML, like Gecko; compatible; GPTBot/1.3; +https://openai.com/gptbot)"
3.172.45.105 - - [13/Apr/2026:16:45:32 +0000] "GET /wp-includes/theme-compat/embed-content-event.php HTTP/1.1" 403 705 "-" "Mozilla/5.0 (Windows NT 6.3; Win64; x64; Trident/7.0; Touch; MASMJS; rv:11.0) like Gecko"
64.252.82.51 - - [13/Apr/2026:16:45:32 +0000] "GET /?p=82676 HTTP/1.1" 200 16561 "-" "Amazon CloudFront"
64.252.82.51 - - [13/Apr/2026:16:45:33 +0000] "GET /?p=95497 HTTP/1.1" 200 16615 "-" "Amazon CloudFront"
3.172.45.105 - - [13/Apr/2026:16:45:34 +0000] "GET /wp-includes/theme-compat/embed-content-event.php HTTP/1.1" 403 705 "-" "Mozilla/5.0 (Windows NT 6.3; Win64; x64; Trident/7.0; Touch; MASMJS; rv:11.0) like Gecko"
64.252.85.188 - - [13/Apr/2026:16:45:35 +0000] "GET /?feed=rss2&p=22704 HTTP/1.1" 200 510 "-" "Amazon CloudFront"
64.252.85.188 - - [13/Apr/2026:16:45:36 +0000] "GET /?p=88918 HTTP/1.1" 200 17025 "-" "Amazon CloudFront"
15.158.243.79 - - [13/Apr/2026:16:45:37 +0000] "GET /index.php?rest_route=%2Foembed%2F1.0%2Fembed&url=https%3A%2F%2F69b4844ae61d4e92bf26ad98af552775-devsite.readyship.co%2F%3Fp%3D24424 HTTP/1.1" 403 - "https://69b4844ae61d4e92bf26ad98af552775-devsite.readyship.co/?p=24424" "Mozilla/5.0 AppleWebKit/537.36 (KHTML, like Gecko; compatible; GPTBot/1.3; +https://openai.com/gptbot)"
3.172.34.12 - - [13/Apr/2026:16:45:37 +0000] "GET /wp-content/themes/post-1765268567/single-call.php HTTP/1.1" 403 705 "-" "Mozilla/5.0 (Windows NT 10.0; WOW64; Trident/7.0; TBTE; rv:11.0) like Gecko"
3.172.10.105 - - [13/Apr/2026:16:45:38 +0000] "GET /wp-includes/theme-compat/embed-content-event.php HTTP/1.1" 403 705 "-" "Mozilla/5.0 (Windows NT 6.3; Win64; x64; Trident/7.0; Touch; MASMJS; rv:11.0) like Gecko"
15.158.243.72 - - [13/Apr/2026:16:45:37 +0000] "GET /index.php?rest_route=%2Foembed%2F1.0%2Fembed&url=https%3A%2F%2F69b4844ae61d4e92bf26ad98af552775-devsite.readyship.co%2F%3Fp%3D47707 HTTP/1.1" 403 - "https://69b4844ae61d4e92bf26ad98af552775-devsite.readyship.co/?p=47707" "Mozilla/5.0 AppleWebKit/537.36 (KHTML, like Gecko; compatible; GPTBot/1.3; +https://openai.com/gptbot)"
15.158.243.72 - - [13/Apr/2026:16:45:38 +0000] "GET /index.php?rest_route=%2Foembed%2F1.0%2Fembed&url=https%3A%2F%2F69b4844ae61d4e92bf26ad98af552775-devsite.readyship.co%2F%3Fp%3D43484 HTTP/1.1" 403 - "https://69b4844ae61d4e92bf26ad98af552775-devsite.readyship.co/?p=43484" "Mozilla/5.0 AppleWebKit/537.36 (KHTML, like Gecko; compatible; GPTBot/1.3; +https://openai.com/gptbot)"
15.158.243.111 - - [13/Apr/2026:16:45:39 +0000] "GET /index.php?rest_route=%2Foembed%2F1.0%2Fembed&url=https%3A%2F%2F69b4844ae61d4e92bf26ad98af552775-devsite.readyship.co%2F%3Fp%3D71770 HTTP/1.1" 403 - "https://69b4844ae61d4e92bf26ad98af552775-devsite.readyship.co/?p=71770" "Mozilla/5.0 AppleWebKit/537.36 (KHTML, like Gecko; compatible; GPTBot/1.3; +https://openai.com/gptbot)"
15.158.243.111 - - [13/Apr/2026:16:45:39 +0000] "GET /index.php?rest_route=%2Foembed%2F1.0%2Fembed&url=https%3A%2F%2F69b4844ae61d4e92bf26ad98af552775-devsite.readyship.co%2F%3Fp%3D68676 HTTP/1.1" 403 - "https://69b4844ae61d4e92bf26ad98af552775-devsite.readyship.co/?p=68676" "Mozilla/5.0 AppleWebKit/537.36 (KHTML, like Gecko; compatible; GPTBot/1.3; +https://openai.com/gptbot)"
3.172.105.205 - - [13/Apr/2026:16:45:38 +0000] "GET /wp-admin/ HTTP/1.1" 302 - "-" "Mozilla/5.0 (Macintosh; Intel Mac OS X 10_13_4) AppleWebKit/537.36 (KHTML, like Gecko) Chrome/67.0.3396.62 Safari/537.36"
15.158.243.72 - - [13/Apr/2026:16:45:40 +0000] "GET /index.php?format=xml&rest_route=%2Foembed%2F1.0%2Fembed&url=https%3A%2F%2F69b4844ae61d4e92bf26ad98af552775-devsite.readyship.co%2F%3Fp%3D71770 HTTP/1.1" 403 - "https://69b4844ae61d4e92bf26ad98af552775-devsite.readyship.co/?p=71770" "Mozilla/5.0 AppleWebKit/537.36 (KHTML, like Gecko; compatible; GPTBot/1.3; +https://openai.com/gptbot)"
18.68.51.43 - - [13/Apr/2026:16:45:40 +0000] "GET /wp-content/themes/post-1765268567/single-call.php HTTP/1.1" 403 705 "-" "Mozilla/5.0 (Windows NT 10.0; WOW64; Trident/7.0; TBTE; rv:11.0) like Gecko"
15.158.243.111 - - [13/Apr/2026:16:45:39 +0000] "GET /index.php?format=xml&rest_route=%2Foembed%2F1.0%2Fembed&url=https%3A%2F%2F69b4844ae61d4e92bf26ad98af552775-devsite.readyship.co%2F%3Fp%3D47707 HTTP/1.1" 403 - "https://69b4844ae61d4e92bf26ad98af552775-devsite.readyship.co/?p=47707" "Mozilla/5.0 AppleWebKit/537.36 (KHTML, like Gecko; compatible; GPTBot/1.3; +https://openai.com/gptbot)"
3.172.10.105 - - [13/Apr/2026:16:45:41 +0000] "GET /wp-includes/theme-compat/embed-content-event.php HTTP/1.1" 403 705 "-" "Mozilla/5.0 (Windows NT 6.3; Win64; x64; Trident/7.0; Touch; MASMJS; rv:11.0) like Gecko"
15.158.243.72 - - [13/Apr/2026:16:45:40 +0000] "GET /index.php?format=xml&rest_route=%2Foembed%2F1.0%2Fembed&url=https%3A%2F%2F69b4844ae61d4e92bf26ad98af552775-devsite.readyship.co%2F%3Fp%3D68676 HTTP/1.1" 403 - "https://69b4844ae61d4e92bf26ad98af552775-devsite.readyship.co/?p=68676" "Mozilla/5.0 AppleWebKit/537.36 (KHTML, like Gecko; compatible; GPTBot/1.3; +https://openai.com/gptbot)"
18.68.51.43 - - [13/Apr/2026:16:45:41 +0000] "GET /wp-includes/theme-compat/embed-content-event.php HTTP/1.1" 403 705 "-" "Mozilla/5.0 (Windows NT 6.3; Win64; x64; Trident/7.0; Touch; MASMJS; rv:11.0) like Gecko"
18.68.51.43 - - [13/Apr/2026:16:45:41 +0000] "GET /wp-content/themes/post-1765268567/single-call.php HTTP/1.1" 403 705 "-" "Mozilla/5.0 (Windows NT 10.0; WOW64; Trident/7.0; TBTE; rv:11.0) like Gecko"
15.158.243.99 - - [13/Apr/2026:16:45:41 +0000] "GET /index.php?format=xml&rest_route=%2Foembed%2F1.0%2Fembed&url=https%3A%2F%2F69b4844ae61d4e92bf26ad98af552775-devsite.readyship.co%2F%3Fp%3D24424 HTTP/1.1" 403 - "https://69b4844ae61d4e92bf26ad98af552775-devsite.readyship.co/?p=24424" "Mozilla/5.0 AppleWebKit/537.36 (KHTML, like Gecko; compatible; GPTBot/1.3; +https://openai.com/gptbot)"
3.172.105.205 - - [13/Apr/2026:16:45:40 +0000] "GET /wp-login.php?redirect_to=https%3A%2F%2F69b4844ae61d4e92bf26ad98af552775-devsite.readyship.co%2Fwp-admin%2F&reauth=1 HTTP/1.1" 200 1185 "-" "Mozilla/5.0 (Macintosh; Intel Mac OS X 10_13_4) AppleWebKit/537.36 (KHTML, like Gecko) Chrome/67.0.3396.62 Safari/537.36"
15.158.243.111 - - [13/Apr/2026:16:45:42 +0000] "GET /index.php?rest_route=%2Foembed%2F1.0%2Fembed&url=https%3A%2F%2F69b4844ae61d4e92bf26ad98af552775-devsite.readyship.co%2F%3Fp%3D88918 HTTP/1.1" 403 - "https://69b4844ae61d4e92bf26ad98af552775-devsite.readyship.co/?p=88918" "Mozilla/5.0 AppleWebKit/537.36 (KHTML, like Gecko; compatible; GPTBot/1.3; +https://openai.com/gptbot)"
15.158.243.102 - - [13/Apr/2026:16:45:42 +0000] "GET /index.php?format=xml&rest_route=%2Foembed%2F1.0%2Fembed&url=https%3A%2F%2F69b4844ae61d4e92bf26ad98af552775-devsite.readyship.co%2F%3Fp%3D43484 HTTP/1.1" 403 - "https://69b4844ae61d4e92bf26ad98af552775-devsite.readyship.co/?p=43484" "Mozilla/5.0 AppleWebKit/537.36 (KHTML, like Gecko; compatible; GPTBot/1.3; +https://openai.com/gptbot)"
15.158.243.99 - - [13/Apr/2026:16:45:43 +0000] "GET /index.php?format=xml&rest_route=%2Foembed%2F1.0%2Fembed&url=https%3A%2F%2F69b4844ae61d4e92bf26ad98af552775-devsite.readyship.co%2F%3Fp%3D88918 HTTP/1.1" 403 - "https://69b4844ae61d4e92bf26ad98af552775-devsite.readyship.co/?p=88918" "Mozilla/5.0 AppleWebKit/537.36 (KHTML, like Gecko; compatible; GPTBot/1.3; +https://openai.com/gptbot)"
64.252.82.51 - - [13/Apr/2026:16:45:43 +0000] "GET /?p=47705 HTTP/1.1" 200 21720 "-" "Amazon CloudFront"
52.46.7.68 - - [13/Apr/2026:16:45:44 +0000] "GET /wp-includes/theme-compat/embed-content-event.php HTTP/1.1" 403 705 "-" "Mozilla/5.0 (Windows NT 6.3; Win64; x64; Trident/7.0; Touch; MASMJS; rv:11.0) like Gecko"
64.252.82.51 - - [13/Apr/2026:16:45:44 +0000] "GET /?p=95493 HTTP/1.1" 200 20981 "-" "Amazon CloudFront"
18.68.5.117 - - [13/Apr/2026:16:45:46 +0000] "GET /wp-includes/widgets-float.php?client=my-db.com/3 HTTP/1.1" 403 705 "-" "Mozilla/5.0 (Windows NT 6.0; Win64; x64) AppleWebKit/537.36 (KHTML, like Gecko) Chrome/65.0.3325.181 Safari/537.36 OPR/52.0.2871.99"
64.252.82.51 - - [13/Apr/2026:16:45:46 +0000] "GET /?p=47709 HTTP/1.1" 200 21459 "-" "Amazon CloudFront"
3.172.45.105 - - [13/Apr/2026:16:45:48 +0000] "GET /wp-includes/widgets-float.php?client=my-db.com/3 HTTP/1.1" 403 705 "-" "Mozilla/5.0 (Windows NT 6.0; Win64; x64) AppleWebKit/537.36 (KHTML, like Gecko) Chrome/65.0.3325.181 Safari/537.36 OPR/52.0.2871.99"
64.252.83.165 - - [13/Apr/2026:16:45:48 +0000] "GET /?p=22022 HTTP/1.1" 200 15562 "-" "Amazon CloudFront"
64.252.85.188 - - [13/Apr/2026:16:45:49 +0000] "GET /?p=66416 HTTP/1.1" 200 14519 "-" "Amazon CloudFront"
3.172.105.205 - - [13/Apr/2026:16:45:50 +0000] "GET /wp-includes/theme-compat/footer-embed-cron.php?client=my-db.com/3 HTTP/1.1" 403 705 "-" "Mozilla/5.0 (Windows NT 6.1; WOW64; Trident/7.0; EIE10;ENUSWOL; rv:11.0) like Gecko"
52.46.7.68 - - [13/Apr/2026:16:45:51 +0000] "GET /wp-includes/widgets-float.php?client=my-db.com/3 HTTP/1.1" 403 705 "-" "Mozilla/5.0 (Windows NT 6.0; Win64; x64) AppleWebKit/537.36 (KHTML, like Gecko) Chrome/65.0.3325.181 Safari/537.36 OPR/52.0.2871.99"
64.252.82.51 - - [13/Apr/2026:16:45:50 +0000] "GET /?p=44546 HTTP/1.1" 200 23342 "-" "Amazon CloudFront"
64.252.85.188 - - [13/Apr/2026:16:45:51 +0000] "GET /?p=58988 HTTP/1.1" 200 14300 "-" "Amazon CloudFront"
3.172.10.105 - - [13/Apr/2026:16:45:54 +0000] "GET /wp-includes/widgets-float.php?client=my-db.com/3 HTTP/1.1" 403 705 "-" "Mozilla/5.0 (Windows NT 6.0; Win64; x64) AppleWebKit/537.36 (KHTML, like Gecko) Chrome/65.0.3325.181 Safari/537.36 OPR/52.0.2871.99"
3.172.45.105 - - [13/Apr/2026:16:45:54 +0000] "GET /wp-content/themes/my-listing/archive-cookie-git.php HTTP/1.1" 403 705 "-" "Mozilla/5.0 (Windows NT 6.3; Trident/7.0; Touch; rv:11.0) like Gecko"
64.252.82.51 - - [13/Apr/2026:16:45:53 +0000] "GET /?p=68166 HTTP/1.1" 200 14300 "-" "Amazon CloudFront"
64.252.83.165 - - [13/Apr/2026:16:45:54 +0000] "GET /?p=87858 HTTP/1.1" 200 21299 "-" "Amazon CloudFront"
64.252.83.165 - - [13/Apr/2026:16:45:55 +0000] "GET /?p=89688 HTTP/1.1" 200 22127 "-" "Amazon CloudFront"
130.176.213.204 - - [13/Apr/2026:16:45:57 +0000] "GET /wp-content/themes/custom-file-3-1766603071/category-template-1766603072-set.php HTTP/1.1" 403 705 "-" "Mozilla/5.0 (Windows NT 6.3; Win64; x64; Trident/7.0; Touch; ASU2JS; rv:11.0) like Gecko"
