64.252.75.25 - - [14/Apr/2026:14:33:12 +0000] "GET /?p=53186 HTTP/1.1" 200 14402 "-" "Amazon CloudFront"
64.252.75.25 - - [14/Apr/2026:14:33:13 +0000] "GET /?p=52736 HTTP/1.1" 200 14102 "-" "Amazon CloudFront"
64.252.74.231 - - [14/Apr/2026:14:33:15 +0000] "GET /?p=52714 HTTP/1.1" 200 14372 "-" "Amazon CloudFront"
64.252.74.231 - - [14/Apr/2026:14:33:16 +0000] "GET /?p=53074 HTTP/1.1" 200 16967 "-" "Amazon CloudFront"
64.252.86.163 - - [14/Apr/2026:14:33:16 +0000] "GET /prizes/183092854 HTTP/1.1" 301 - "-" "Amazon CloudFront"
64.252.75.25 - - [14/Apr/2026:14:33:17 +0000] "GET /?p=53042 HTTP/1.1" 200 23052 "-" "Amazon CloudFront"
64.252.75.25 - - [14/Apr/2026:14:33:18 +0000] "GET /?p=52730 HTTP/1.1" 200 14437 "-" "Amazon CloudFront"
64.252.86.163 - - [14/Apr/2026:14:33:17 +0000] "GET /prizes/183092854/ HTTP/1.1" 200 24270 "-" "Amazon CloudFront"
64.252.75.25 - - [14/Apr/2026:14:33:19 +0000] "GET /?p=53148 HTTP/1.1" 200 13985 "-" "Amazon CloudFront"
64.252.75.25 - - [14/Apr/2026:14:33:21 +0000] "GET /?p=53468 HTTP/1.1" 200 14349 "-" "Amazon CloudFront"
15.158.215.109 - - [14/Apr/2026:14:33:22 +0000] "POST /wp-cron.php?doing_wp_cron=1776177202.6978371143341064453125 HTTP/1.1" 200 - "https://69b4844ae61d4e92bf26ad98af552775-devsite.readyship.co/wp-cron.php?doing_wp_cron=1776177202.6978371143341064453125" "WordPress/5.1.19; https://69b4844ae61d4e92bf26ad98af552775-devsite.readyship.co"
64.252.75.25 - - [14/Apr/2026:14:33:22 +0000] "GET /?p=52670 HTTP/1.1" 200 13907 "-" "Amazon CloudFront"
64.252.86.163 - - [14/Apr/2026:14:33:24 +0000] "GET /prizes/183098258 HTTP/1.1" 301 - "-" "Amazon CloudFront"
64.252.75.25 - - [14/Apr/2026:14:33:24 +0000] "GET /?p=53479 HTTP/1.1" 200 15446 "-" "Amazon CloudFront"
64.252.74.231 - - [14/Apr/2026:14:33:25 +0000] "GET /?p=53490 HTTP/1.1" 200 14257 "-" "Amazon CloudFront"
64.252.74.231 - - [14/Apr/2026:14:33:26 +0000] "GET /?p=52980 HTTP/1.1" 200 14450 "-" "Amazon CloudFront"
64.252.88.96 - - [14/Apr/2026:14:33:24 +0000] "GET /prizes/183098258/ HTTP/1.1" 200 24289 "-" "Amazon CloudFront"
64.252.75.25 - - [14/Apr/2026:14:33:27 +0000] "GET /?p=53140 HTTP/1.1" 200 14411 "-" "Amazon CloudFront"
64.252.74.231 - - [14/Apr/2026:14:33:28 +0000] "GET /?p=52718 HTTP/1.1" 200 14391 "-" "Amazon CloudFront"
64.252.77.101 - - [14/Apr/2026:14:33:30 +0000] "GET /?p=53247 HTTP/1.1" 200 15369 "-" "Amazon CloudFront"
64.252.75.25 - - [14/Apr/2026:14:33:31 +0000] "GET /?p=53048 HTTP/1.1" 200 14419 "-" "Amazon CloudFront"
64.252.88.210 - - [14/Apr/2026:14:33:31 +0000] "GET /prizes/183103763 HTTP/1.1" 301 - "-" "Amazon CloudFront"
64.252.75.25 - - [14/Apr/2026:14:33:32 +0000] "GET /?p=53206 HTTP/1.1" 200 14475 "-" "Amazon CloudFront"
64.252.77.101 - - [14/Apr/2026:14:33:33 +0000] "GET /?p=53208 HTTP/1.1" 200 14481 "-" "Amazon CloudFront"
64.252.77.101 - - [14/Apr/2026:14:33:34 +0000] "GET /?p=53106 HTTP/1.1" 200 17198 "-" "Amazon CloudFront"
64.252.88.96 - - [14/Apr/2026:14:33:32 +0000] "GET /prizes/183103763/ HTTP/1.1" 200 24190 "-" "Amazon CloudFront"
64.252.75.25 - - [14/Apr/2026:14:33:36 +0000] "GET /?p=53146 HTTP/1.1" 200 14389 "-" "Amazon CloudFront"
64.252.77.101 - - [14/Apr/2026:14:33:37 +0000] "GET /?p=53178 HTTP/1.1" 200 15640 "-" "Amazon CloudFront"
64.252.74.231 - - [14/Apr/2026:14:33:38 +0000] "GET /?p=53428 HTTP/1.1" 200 14896 "-" "Amazon CloudFront"
64.252.86.163 - - [14/Apr/2026:14:33:39 +0000] "GET /prizes/183127844 HTTP/1.1" 301 - "-" "Amazon CloudFront"
64.252.77.101 - - [14/Apr/2026:14:33:39 +0000] "GET /?p=53192 HTTP/1.1" 200 15316 "-" "Amazon CloudFront"
64.252.77.101 - - [14/Apr/2026:14:33:40 +0000] "GET /?p=53298 HTTP/1.1" 200 14628 "-" "Amazon CloudFront"
64.252.77.101 - - [14/Apr/2026:14:33:41 +0000] "GET /?p=53068 HTTP/1.1" 200 14621 "-" "Amazon CloudFront"
64.252.88.210 - - [14/Apr/2026:14:33:40 +0000] "GET /prizes/183127844/ HTTP/1.1" 200 24279 "-" "Amazon CloudFront"
64.252.75.25 - - [14/Apr/2026:14:33:43 +0000] "GET /?p=53496 HTTP/1.1" 200 14507 "-" "Amazon CloudFront"
64.252.75.25 - - [14/Apr/2026:14:33:44 +0000] "GET /?p=53478 HTTP/1.1" 200 14615 "-" "Amazon CloudFront"
64.252.77.101 - - [14/Apr/2026:14:33:45 +0000] "GET /?p=53214 HTTP/1.1" 200 14172 "-" "Amazon CloudFront"
64.252.86.163 - - [14/Apr/2026:14:33:47 +0000] "GET /prizes/183144379 HTTP/1.1" 301 - "-" "Amazon CloudFront"
64.252.75.25 - - [14/Apr/2026:14:33:47 +0000] "GET /?p=53476 HTTP/1.1" 200 14310 "-" "Amazon CloudFront"
64.252.74.231 - - [14/Apr/2026:14:33:48 +0000] "GET /?p=53120 HTTP/1.1" 200 14259 "-" "Amazon CloudFront"
64.252.77.101 - - [14/Apr/2026:14:33:49 +0000] "GET /?p=53104 HTTP/1.1" 200 14688 "-" "Amazon CloudFront"
64.252.77.101 - - [14/Apr/2026:14:33:50 +0000] "GET /?p=53126 HTTP/1.1" 200 14192 "-" "Amazon CloudFront"
64.252.88.96 - - [14/Apr/2026:14:33:48 +0000] "GET /prizes/183144379/ HTTP/1.1" 200 24269 "-" "Amazon CloudFront"
64.252.75.25 - - [14/Apr/2026:14:33:51 +0000] "GET /?p=53280 HTTP/1.1" 200 16986 "-" "Amazon CloudFront"
64.252.77.101 - - [14/Apr/2026:14:33:53 +0000] "GET /?p=53172 HTTP/1.1" 200 14725 "-" "Amazon CloudFront"
64.252.88.96 - - [14/Apr/2026:14:33:54 +0000] "GET /prizes/183153501 HTTP/1.1" 301 - "-" "Amazon CloudFront"
64.252.74.231 - - [14/Apr/2026:14:33:54 +0000] "GET /?p=53016 HTTP/1.1" 200 14233 "-" "Amazon CloudFront"
64.252.77.101 - - [14/Apr/2026:14:33:55 +0000] "GET /?p=52470 HTTP/1.1" 200 18000 "-" "Amazon CloudFront"
64.252.74.231 - - [14/Apr/2026:14:33:56 +0000] "GET /?p=53026 HTTP/1.1" 200 15894 "-" "Amazon CloudFront"
64.252.75.25 - - [14/Apr/2026:14:33:57 +0000] "GET /?p=53184 HTTP/1.1" 200 14201 "-" "Amazon CloudFront"
64.252.86.163 - - [14/Apr/2026:14:33:55 +0000] "GET /prizes/183153501/ HTTP/1.1" 200 24282 "-" "Amazon CloudFront"
64.252.74.231 - - [14/Apr/2026:14:33:59 +0000] "GET /?p=52738 HTTP/1.1" 200 14535 "-" "Amazon CloudFront"
64.252.75.25 - - [14/Apr/2026:14:34:00 +0000] "GET /?p=53096 HTTP/1.1" 200 14311 "-" "Amazon CloudFront"
64.252.74.231 - - [14/Apr/2026:14:34:01 +0000] "GET /?feed=rss2&p=52738 HTTP/1.1" 200 520 "-" "Amazon CloudFront"
64.252.86.163 - - [14/Apr/2026:14:34:02 +0000] "GET /prizes/183156531 HTTP/1.1" 301 - "-" "Amazon CloudFront"
64.252.77.101 - - [14/Apr/2026:14:34:02 +0000] "GET /?p=53084 HTTP/1.1" 200 15176 "-" "Amazon CloudFront"
64.252.74.231 - - [14/Apr/2026:14:34:03 +0000] "GET /?p=52476 HTTP/1.1" 200 15168 "-" "Amazon CloudFront"
64.252.75.25 - - [14/Apr/2026:14:34:04 +0000] "GET /?p=53194 HTTP/1.1" 200 14517 "-" "Amazon CloudFront"
64.252.75.25 - - [14/Apr/2026:14:34:06 +0000] "GET /?p=53492 HTTP/1.1" 200 14456 "-" "Amazon CloudFront"
64.252.88.210 - - [14/Apr/2026:14:34:03 +0000] "GET /prizes/183156531/ HTTP/1.1" 200 24279 "-" "Amazon CloudFront"
64.252.77.101 - - [14/Apr/2026:14:34:07 +0000] "GET /?p=53460 HTTP/1.1" 200 14447 "-" "Amazon CloudFront"
64.252.74.231 - - [14/Apr/2026:14:34:08 +0000] "GET /?p=53462 HTTP/1.1" 200 14840 "-" "Amazon CloudFront"
64.252.77.101 - - [14/Apr/2026:14:34:09 +0000] "GET /?p=53470 HTTP/1.1" 200 14277 "-" "Amazon CloudFront"
64.252.86.163 - - [14/Apr/2026:14:34:10 +0000] "GET /prizes/183164854 HTTP/1.1" 301 - "-" "Amazon CloudFront"
64.252.75.25 - - [14/Apr/2026:14:34:10 +0000] "GET /?p=53102 HTTP/1.1" 200 14893 "-" "Amazon CloudFront"
64.252.77.101 - - [14/Apr/2026:14:34:11 +0000] "GET /?p=53426 HTTP/1.1" 200 16638 "-" "Amazon CloudFront"
64.252.77.101 - - [14/Apr/2026:14:34:13 +0000] "GET /?p=53190 HTTP/1.1" 200 16383 "-" "Amazon CloudFront"
64.252.88.96 - - [14/Apr/2026:14:34:11 +0000] "GET /prizes/183164854/ HTTP/1.1" 200 24274 "-" "Amazon CloudFront"
64.252.77.101 - - [14/Apr/2026:14:34:14 +0000] "GET /?p=53216 HTTP/1.1" 200 16322 "-" "Amazon CloudFront"
64.252.77.101 - - [14/Apr/2026:14:34:15 +0000] "GET /?p=53028 HTTP/1.1" 200 14278 "-" "Amazon CloudFront"
64.252.77.101 - - [14/Apr/2026:14:34:16 +0000] "GET /?p=52704 HTTP/1.1" 200 14579 "-" "Amazon CloudFront"
64.252.88.210 - - [14/Apr/2026:14:34:18 +0000] "GET /prizes/183183187 HTTP/1.1" 301 - "-" "Amazon CloudFront"
64.252.77.101 - - [14/Apr/2026:14:34:17 +0000] "GET /?p=53180 HTTP/1.1" 200 14720 "-" "Amazon CloudFront"
64.252.74.231 - - [14/Apr/2026:14:34:18 +0000] "GET /?p=53078 HTTP/1.1" 200 14894 "-" "Amazon CloudFront"
64.252.75.25 - - [14/Apr/2026:14:34:20 +0000] "GET /?p=53286 HTTP/1.1" 200 14253 "-" "Amazon CloudFront"
64.252.74.231 - - [14/Apr/2026:14:34:21 +0000] "GET /?p=52698 HTTP/1.1" 200 22401 "-" "Amazon CloudFront"
64.252.86.163 - - [14/Apr/2026:14:34:19 +0000] "GET /prizes/183183187/ HTTP/1.1" 200 24276 "-" "Amazon CloudFront"
15.158.215.109 - - [14/Apr/2026:14:34:23 +0000] "POST /wp-cron.php?doing_wp_cron=1776177263.0246779918670654296875 HTTP/1.1" 200 - "https://69b4844ae61d4e92bf26ad98af552775-devsite.readyship.co/wp-cron.php?doing_wp_cron=1776177263.0246779918670654296875" "WordPress/5.1.19; https://69b4844ae61d4e92bf26ad98af552775-devsite.readyship.co"
64.252.74.231 - - [14/Apr/2026:14:34:22 +0000] "GET /?p=10925 HTTP/1.1" 200 15059 "-" "Amazon CloudFront"
64.252.74.231 - - [14/Apr/2026:14:34:24 +0000] "GET /?p=53021 HTTP/1.1" 200 14644 "-" "Amazon CloudFront"
64.252.77.101 - - [14/Apr/2026:14:34:25 +0000] "GET /?p=52746 HTTP/1.1" 200 16651 "-" "Amazon CloudFront"
64.252.86.163 - - [14/Apr/2026:14:34:26 +0000] "GET /prizes/183209309 HTTP/1.1" 301 - "-" "Amazon CloudFront"
64.252.77.101 - - [14/Apr/2026:14:34:26 +0000] "GET /?p=53482 HTTP/1.1" 200 14483 "-" "Amazon CloudFront"
64.252.77.101 - - [14/Apr/2026:14:34:27 +0000] "GET /?p=53142 HTTP/1.1" 200 14334 "-" "Amazon CloudFront"
64.252.88.210 - - [14/Apr/2026:14:34:27 +0000] "GET /prizes/183209309/ HTTP/1.1" 200 24289 "-" "Amazon CloudFront"
64.252.74.231 - - [14/Apr/2026:14:34:29 +0000] "GET /?p=53170 HTTP/1.1" 200 14594 "-" "Amazon CloudFront"
64.252.74.231 - - [14/Apr/2026:14:34:30 +0000] "GET /?p=53264 HTTP/1.1" 200 21711 "-" "Amazon CloudFront"
64.252.74.231 - - [14/Apr/2026:14:34:31 +0000] "GET /?p=53196 HTTP/1.1" 200 14276 "-" "Amazon CloudFront"
64.252.77.101 - - [14/Apr/2026:14:34:32 +0000] "GET /?p=52690 HTTP/1.1" 200 14693 "-" "Amazon CloudFront"
64.252.88.96 - - [14/Apr/2026:14:34:33 +0000] "GET /prizes/183225945 HTTP/1.1" 301 - "-" "Amazon CloudFront"
64.252.75.25 - - [14/Apr/2026:14:34:33 +0000] "GET /?p=53124 HTTP/1.1" 200 14253 "-" "Amazon CloudFront"
64.252.77.101 - - [14/Apr/2026:14:34:34 +0000] "GET /?p=52970 HTTP/1.1" 200 16303 "-" "Amazon CloudFront"
64.252.74.231 - - [14/Apr/2026:14:34:36 +0000] "GET /?p=53498 HTTP/1.1" 200 14602 "-" "Amazon CloudFront"
64.252.88.210 - - [14/Apr/2026:14:34:34 +0000] "GET /prizes/183225945/ HTTP/1.1" 200 24269 "-" "Amazon CloudFront"
64.252.75.25 - - [14/Apr/2026:14:34:37 +0000] "GET /?p=52740 HTTP/1.1" 200 14599 "-" "Amazon CloudFront"
64.252.77.101 - - [14/Apr/2026:14:34:38 +0000] "GET /?p=53486 HTTP/1.1" 200 14731 "-" "Amazon CloudFront"
64.252.75.25 - - [14/Apr/2026:14:34:39 +0000] "GET /?cat=1&paged=102 HTTP/1.1" 200 11336 "-" "Amazon CloudFront"
64.252.74.231 - - [14/Apr/2026:14:34:41 +0000] "GET /?cat=1&paged=103 HTTP/1.1" 200 11322 "-" "Amazon CloudFront"
64.252.88.210 - - [14/Apr/2026:14:34:41 +0000] "GET /prizes/183254632 HTTP/1.1" 301 - "-" "Amazon CloudFront"
64.252.75.25 - - [14/Apr/2026:14:34:42 +0000] "GET /?author=1&paged=4397 HTTP/1.1" 200 11250 "-" "Amazon CloudFront"
64.252.77.101 - - [14/Apr/2026:14:34:44 +0000] "GET /?author=2&paged=4397 HTTP/1.1" 200 11251 "-" "Amazon CloudFront"
64.252.88.210 - - [14/Apr/2026:14:34:42 +0000] "GET /prizes/183254632/ HTTP/1.1" 200 24271 "-" "Amazon CloudFront"
64.252.75.25 - - [14/Apr/2026:14:34:45 +0000] "GET /?author=2&paged=1034 HTTP/1.1" 200 11436 "-" "Amazon CloudFront"
18.68.23.9 - - [14/Apr/2026:14:34:46 +0000] "POST /xmlrpc.php HTTP/1.1" 200 206 "https://69b4844ae61d4e92bf26ad98af552775-devsite.readyship.co/?p=23378" "PHP/6.3.07"
64.252.74.231 - - [14/Apr/2026:14:34:47 +0000] "GET /?author=1&paged=4398 HTTP/1.1" 200 11146 "-" "Amazon CloudFront"
64.252.88.210 - - [14/Apr/2026:14:34:49 +0000] "GET /prizes/183275440 HTTP/1.1" 301 - "-" "Amazon CloudFront"
64.252.74.231 - - [14/Apr/2026:14:34:48 +0000] "GET /?author=2&paged=4398 HTTP/1.1" 200 11146 "-" "Amazon CloudFront"
64.252.74.231 - - [14/Apr/2026:14:34:50 +0000] "GET /?author=2&paged=1035 HTTP/1.1" 200 11445 "-" "Amazon CloudFront"
64.252.75.25 - - [14/Apr/2026:14:34:51 +0000] "GET /?p=7554 HTTP/1.1" 200 22347 "-" "Amazon CloudFront"
64.252.88.96 - - [14/Apr/2026:14:34:50 +0000] "GET /prizes/183275440/ HTTP/1.1" 200 24305 "-" "Amazon CloudFront"
64.252.77.101 - - [14/Apr/2026:14:34:52 +0000] "GET /?p=7437 HTTP/1.1" 200 22114 "-" "Amazon CloudFront"
64.252.74.231 - - [14/Apr/2026:14:34:54 +0000] "GET /?cat=1&paged=104 HTTP/1.1" 200 11346 "-" "Amazon CloudFront"
64.252.86.163 - - [14/Apr/2026:14:34:56 +0000] "GET /prizes/183287935 HTTP/1.1" 301 - "-" "Amazon CloudFront"
64.252.74.231 - - [14/Apr/2026:14:34:55 +0000] "GET /?cat=1&paged=105 HTTP/1.1" 200 11340 "-" "Amazon CloudFront"
64.252.75.25 - - [14/Apr/2026:14:34:57 +0000] "GET /?author=1&paged=4395 HTTP/1.1" 200 11292 "-" "Amazon CloudFront"
64.252.75.25 - - [14/Apr/2026:14:34:58 +0000] "GET /?author=2&paged=4395 HTTP/1.1" 200 11295 "-" "Amazon CloudFront"
64.252.88.96 - - [14/Apr/2026:14:34:57 +0000] "GET /prizes/183287935/ HTTP/1.1" 200 24258 "-" "Amazon CloudFront"
64.252.74.231 - - [14/Apr/2026:14:35:00 +0000] "GET /?author=2&paged=1036 HTTP/1.1" 200 11534 "-" "Amazon CloudFront"
64.252.75.25 - - [14/Apr/2026:14:35:02 +0000] "GET /?author=2&paged=4396 HTTP/1.1" 200 11492 "-" "Amazon CloudFront"
64.252.75.25 - - [14/Apr/2026:14:35:03 +0000] "GET /?author=1&paged=4396 HTTP/1.1" 200 11487 "-" "Amazon CloudFront"
64.252.88.210 - - [14/Apr/2026:14:35:05 +0000] "GET /prizes/183322248 HTTP/1.1" 301 - "-" "Amazon CloudFront"
64.252.74.231 - - [14/Apr/2026:14:35:05 +0000] "GET /?author=2&paged=1037 HTTP/1.1" 200 11309 "-" "Amazon CloudFront"
64.252.74.231 - - [14/Apr/2026:14:35:06 +0000] "GET /?p=8232 HTTP/1.1" 200 17248 "-" "Amazon CloudFront"
64.252.75.25 - - [14/Apr/2026:14:35:07 +0000] "GET /?p=8185 HTTP/1.1" 200 21280 "-" "Amazon CloudFront"
64.252.88.210 - - [14/Apr/2026:14:35:05 +0000] "GET /prizes/183322248/ HTTP/1.1" 200 24274 "-" "Amazon CloudFront"
64.252.75.25 - - [14/Apr/2026:14:35:09 +0000] "GET /?p=7556 HTTP/1.1" 200 24215 "-" "Amazon CloudFront"
64.252.68.163 - - [14/Apr/2026:14:35:07 +0000] "GET /?healthcheck_timestamp=1776177047200 HTTP/1.1" 200 178917 "-" "Amazon CloudFront"
64.252.77.101 - - [14/Apr/2026:14:35:10 +0000] "GET /?cat=1&paged=106 HTTP/1.1" 200 11319 "-" "Amazon CloudFront"
64.252.75.25 - - [14/Apr/2026:14:35:11 +0000] "GET /?cat=1&paged=107 HTTP/1.1" 200 11300 "-" "Amazon CloudFront"
64.252.88.210 - - [14/Apr/2026:14:35:12 +0000] "GET /prizes/183330804 HTTP/1.1" 301 - "-" "Amazon CloudFront"
64.252.75.25 - - [14/Apr/2026:14:35:13 +0000] "GET /?author=1&paged=4393 HTTP/1.1" 200 11152 "-" "Amazon CloudFront"
64.252.75.25 - - [14/Apr/2026:14:35:14 +0000] "GET /?author=2&paged=4394 HTTP/1.1" 200 10993 "-" "Amazon CloudFront"
64.252.88.96 - - [14/Apr/2026:14:35:13 +0000] "GET /prizes/183330804/ HTTP/1.1" 200 24268 "-" "Amazon CloudFront"
64.252.74.231 - - [14/Apr/2026:14:35:16 +0000] "GET /?author=2&paged=4393 HTTP/1.1" 200 11158 "-" "Amazon CloudFront"
64.252.75.25 - - [14/Apr/2026:14:35:17 +0000] "GET /?author=1&paged=4394 HTTP/1.1" 200 10991 "-" "Amazon CloudFront"
64.252.86.163 - - [14/Apr/2026:14:35:20 +0000] "GET /prizes/183383117 HTTP/1.1" 301 - "-" "Amazon CloudFront"
64.252.74.231 - - [14/Apr/2026:14:35:20 +0000] "GET /?cat=190 HTTP/1.1" 200 9660 "-" "Amazon CloudFront"
15.158.215.109 - - [14/Apr/2026:14:35:22 +0000] "POST /wp-cron.php?doing_wp_cron=1776177322.2030029296875000000000 HTTP/1.1" 200 - "https://69b4844ae61d4e92bf26ad98af552775-devsite.readyship.co/wp-cron.php?doing_wp_cron=1776177322.2030029296875000000000" "WordPress/5.1.19; https://69b4844ae61d4e92bf26ad98af552775-devsite.readyship.co"
64.252.74.231 - - [14/Apr/2026:14:35:21 +0000] "GET /?author=2&paged=1039 HTTP/1.1" 200 11421 "-" "Amazon CloudFront"
64.252.88.96 - - [14/Apr/2026:14:35:21 +0000] "GET /prizes/183383117/ HTTP/1.1" 200 24312 "-" "Amazon CloudFront"
64.252.74.231 - - [14/Apr/2026:14:35:23 +0000] "GET /?cat=190&feed=rss2 HTTP/1.1" 200 3021 "-" "Amazon CloudFront"
64.252.77.101 - - [14/Apr/2026:14:35:24 +0000] "GET /?cat=1&paged=108 HTTP/1.1" 200 11335 "-" "Amazon CloudFront"
64.252.77.101 - - [14/Apr/2026:14:35:26 +0000] "GET /?cat=1&paged=109 HTTP/1.1" 200 11384 "-" "Amazon CloudFront"
64.252.88.96 - - [14/Apr/2026:14:35:27 +0000] "GET /prizes/183391086 HTTP/1.1" 301 - "-" "Amazon CloudFront"
64.252.75.25 - - [14/Apr/2026:14:35:27 +0000] "GET /?author=1&paged=4391 HTTP/1.1" 200 11307 "-" "Amazon CloudFront"
64.252.75.25 - - [14/Apr/2026:14:35:28 +0000] "GET /?author=2&paged=4392 HTTP/1.1" 200 11164 "-" "Amazon CloudFront"
64.252.77.101 - - [14/Apr/2026:14:35:30 +0000] "GET /?author=2&paged=4391 HTTP/1.1" 200 11309 "-" "Amazon CloudFront"
64.252.88.210 - - [14/Apr/2026:14:35:28 +0000] "GET /prizes/183391086/ HTTP/1.1" 200 24309 "-" "Amazon CloudFront"
64.252.75.25 - - [14/Apr/2026:14:35:31 +0000] "GET /?author=1&paged=4392 HTTP/1.1" 200 11162 "-" "Amazon CloudFront"
64.252.75.25 - - [14/Apr/2026:14:35:32 +0000] "GET /?author=2&paged=1038 HTTP/1.1" 200 11379 "-" "Amazon CloudFront"
64.252.75.25 - - [14/Apr/2026:14:35:34 +0000] "GET /?cat=180&feed=rss2 HTTP/1.1" 200 10281 "-" "Amazon CloudFront"
64.252.77.101 - - [14/Apr/2026:14:35:35 +0000] "GET /?cat=179&feed=rss2 HTTP/1.1" 200 15578 "-" "Amazon CloudFront"
64.252.86.163 - - [14/Apr/2026:14:35:35 +0000] "GET /prizes/183395602 HTTP/1.1" 301 - "-" "Amazon CloudFront"
64.252.77.101 - - [14/Apr/2026:14:35:36 +0000] "GET /?author=2&paged=1041 HTTP/1.1" 200 11402 "-" "Amazon CloudFront"
64.252.88.96 - - [14/Apr/2026:14:35:36 +0000] "GET /prizes/183395602/ HTTP/1.1" 200 24264 "-" "Amazon CloudFront"
64.252.74.231 - - [14/Apr/2026:14:35:37 +0000] "GET /?author=2&paged=1040 HTTP/1.1" 200 11362 "-" "Amazon CloudFront"
64.252.75.25 - - [14/Apr/2026:14:35:39 +0000] "GET /?cat=1&paged=111 HTTP/1.1" 200 11273 "-" "Amazon CloudFront"
64.252.75.25 - - [14/Apr/2026:14:35:40 +0000] "GET /?cat=1&paged=110 HTTP/1.1" 200 11402 "-" "Amazon CloudFront"
64.252.88.210 - - [14/Apr/2026:14:35:42 +0000] "GET /prizes/183399076 HTTP/1.1" 301 - "-" "Amazon CloudFront"
64.252.77.101 - - [14/Apr/2026:14:35:42 +0000] "GET /?author=2&paged=4390 HTTP/1.1" 200 11164 "-" "Amazon CloudFront"
64.252.77.101 - - [14/Apr/2026:14:35:43 +0000] "GET /?author=1&paged=4389 HTTP/1.1" 200 10913 "-" "Amazon CloudFront"
64.252.75.25 - - [14/Apr/2026:14:35:44 +0000] "GET /?author=2&paged=4389 HTTP/1.1" 200 10915 "-" "Amazon CloudFront"
64.252.88.96 - - [14/Apr/2026:14:35:43 +0000] "GET /prizes/183399076/ HTTP/1.1" 200 24287 "-" "Amazon CloudFront"
64.252.75.25 - - [14/Apr/2026:14:35:46 +0000] "GET /?author=1&paged=4390 HTTP/1.1" 200 11162 "-" "Amazon CloudFront"
64.252.74.231 - - [14/Apr/2026:14:35:47 +0000] "GET /?p=7378 HTTP/1.1" 200 20724 "-" "Amazon CloudFront"
64.252.75.25 - - [14/Apr/2026:14:35:49 +0000] "GET /?p=7898 HTTP/1.1" 200 22381 "-" "Amazon CloudFront"
64.252.88.210 - - [14/Apr/2026:14:35:50 +0000] "GET /prizes/183434632 HTTP/1.1" 301 - "-" "Amazon CloudFront"
64.252.74.231 - - [14/Apr/2026:14:35:50 +0000] "GET /?author=2&paged=1042 HTTP/1.1" 200 11348 "-" "Amazon CloudFront"
64.252.75.25 - - [14/Apr/2026:14:35:51 +0000] "GET /?author=2&paged=1043 HTTP/1.1" 200 11348 "-" "Amazon CloudFront"
64.252.86.163 - - [14/Apr/2026:14:35:50 +0000] "GET /prizes/183434632/ HTTP/1.1" 200 24269 "-" "Amazon CloudFront"
64.252.77.101 - - [14/Apr/2026:14:35:52 +0000] "GET /?cat=1&paged=112 HTTP/1.1" 200 11391 "-" "Amazon CloudFront"
64.252.77.101 - - [14/Apr/2026:14:35:54 +0000] "GET /?cat=1&paged=113 HTTP/1.1" 200 11319 "-" "Amazon CloudFront"
64.252.74.231 - - [14/Apr/2026:14:35:55 +0000] "GET /?author=2&paged=4388 HTTP/1.1" 200 10990 "-" "Amazon CloudFront"
64.252.88.210 - - [14/Apr/2026:14:35:57 +0000] "GET /prizes/183454763 HTTP/1.1" 301 - "-" "Amazon CloudFront"
64.252.74.231 - - [14/Apr/2026:14:35:57 +0000] "GET /?p=8463 HTTP/1.1" 200 17912 "-" "Amazon CloudFront"
64.252.77.101 - - [14/Apr/2026:14:35:58 +0000] "GET /?author=1&paged=4388 HTTP/1.1" 200 10989 "-" "Amazon CloudFront"
64.252.74.231 - - [14/Apr/2026:14:35:59 +0000] "GET /?author=1&paged=4387 HTTP/1.1" 200 11189 "-" "Amazon CloudFront"
64.252.86.163 - - [14/Apr/2026:14:35:58 +0000] "GET /prizes/183454763/ HTTP/1.1" 200 24292 "-" "Amazon CloudFront"
64.252.74.231 - - [14/Apr/2026:14:36:01 +0000] "GET /?author=2&paged=4387 HTTP/1.1" 200 11192 "-" "Amazon CloudFront"
64.252.74.231 - - [14/Apr/2026:14:36:02 +0000] "GET /?p=7617 HTTP/1.1" 200 19419 "-" "Amazon CloudFront"
64.252.74.231 - - [14/Apr/2026:14:36:03 +0000] "GET /?p=7550 HTTP/1.1" 200 21754 "-" "Amazon CloudFront"
64.252.86.163 - - [14/Apr/2026:14:36:04 +0000] "GET /prizes/183461177 HTTP/1.1" 301 - "-" "Amazon CloudFront"
64.252.75.25 - - [14/Apr/2026:14:36:05 +0000] "GET /?author=2&paged=1044 HTTP/1.1" 200 11350 "-" "Amazon CloudFront"
64.252.77.101 - - [14/Apr/2026:14:36:06 +0000] "GET /?author=2&paged=1045 HTTP/1.1" 200 11445 "-" "Amazon CloudFront"
64.252.86.163 - - [14/Apr/2026:14:36:05 +0000] "GET /prizes/183461177/ HTTP/1.1" 200 24258 "-" "Amazon CloudFront"
64.252.75.25 - - [14/Apr/2026:14:36:07 +0000] "GET /?cat=1&paged=114 HTTP/1.1" 200 11435 "-" "Amazon CloudFront"
64.252.74.231 - - [14/Apr/2026:14:36:09 +0000] "GET /?cat=1&paged=115 HTTP/1.1" 200 11369 "-" "Amazon CloudFront"
64.252.74.231 - - [14/Apr/2026:14:36:10 +0000] "GET /?author=2&paged=4386 HTTP/1.1" 200 10946 "-" "Amazon CloudFront"
64.252.86.163 - - [14/Apr/2026:14:36:12 +0000] "GET /prizes/183465450 HTTP/1.1" 301 - "-" "Amazon CloudFront"
64.252.77.101 - - [14/Apr/2026:14:36:12 +0000] "GET /?p=8223 HTTP/1.1" 200 24621 "-" "Amazon CloudFront"
64.252.77.101 - - [14/Apr/2026:14:36:13 +0000] "GET /?author=1&paged=4386 HTTP/1.1" 200 10945 "-" "Amazon CloudFront"
64.252.74.231 - - [14/Apr/2026:14:36:15 +0000] "GET /?author=1&paged=4385 HTTP/1.1" 200 10954 "-" "Amazon CloudFront"
64.252.88.210 - - [14/Apr/2026:14:36:13 +0000] "GET /prizes/183465450/ HTTP/1.1" 200 24250 "-" "Amazon CloudFront"
64.252.74.231 - - [14/Apr/2026:14:36:16 +0000] "GET /?author=2&paged=4385 HTTP/1.1" 200 10958 "-" "Amazon CloudFront"
64.252.74.231 - - [14/Apr/2026:14:36:18 +0000] "GET /?p=7587 HTTP/1.1" 200 21207 "-" "Amazon CloudFront"
64.252.77.101 - - [14/Apr/2026:14:36:19 +0000] "GET /?p=7807 HTTP/1.1" 200 23703 "-" "Amazon CloudFront"
64.252.88.96 - - [14/Apr/2026:14:36:20 +0000] "GET /prizes/183470521 HTTP/1.1" 301 - "-" "Amazon CloudFront"
64.252.77.101 - - [14/Apr/2026:14:36:20 +0000] "GET /?author=2&paged=1046 HTTP/1.1" 200 11443 "-" "Amazon CloudFront"
15.158.215.109 - - [14/Apr/2026:14:36:22 +0000] "POST /wp-cron.php?doing_wp_cron=1776177382.3368530273437500000000 HTTP/1.1" 200 - "https://69b4844ae61d4e92bf26ad98af552775-devsite.readyship.co/wp-cron.php?doing_wp_cron=1776177382.3368530273437500000000" "WordPress/5.1.19; https://69b4844ae61d4e92bf26ad98af552775-devsite.readyship.co"
64.252.74.231 - - [14/Apr/2026:14:36:21 +0000] "GET /?author=2&paged=1047 HTTP/1.1" 200 11264 "-" "Amazon CloudFront"
64.252.88.96 - - [14/Apr/2026:14:36:21 +0000] "GET /prizes/183470521/ HTTP/1.1" 200 24277 "-" "Amazon CloudFront"
64.252.75.25 - - [14/Apr/2026:14:36:23 +0000] "GET /?cat=1&paged=116 HTTP/1.1" 200 11325 "-" "Amazon CloudFront"
64.252.74.231 - - [14/Apr/2026:14:36:25 +0000] "GET /?cat=1&paged=117 HTTP/1.1" 200 11307 "-" "Amazon CloudFront"
64.252.77.101 - - [14/Apr/2026:14:36:26 +0000] "GET /?p=8547 HTTP/1.1" 200 16518 "-" "Amazon CloudFront"
64.252.88.96 - - [14/Apr/2026:14:36:27 +0000] "GET /prizes/183492238 HTTP/1.1" 301 - "-" "Amazon CloudFront"
64.252.74.231 - - [14/Apr/2026:14:36:28 +0000] "GET /?author=2&paged=4384 HTTP/1.1" 200 10734 "-" "Amazon CloudFront"
64.252.75.25 - - [14/Apr/2026:14:36:29 +0000] "GET /?author=1&paged=4384 HTTP/1.1" 200 10731 "-" "Amazon CloudFront"
64.252.74.231 - - [14/Apr/2026:14:36:30 +0000] "GET /?author=1&paged=4383 HTTP/1.1" 200 11004 "-" "Amazon CloudFront"
64.252.86.163 - - [14/Apr/2026:14:36:28 +0000] "GET /prizes/183492238/ HTTP/1.1" 200 24304 "-" "Amazon CloudFront"
64.252.74.231 - - [14/Apr/2026:14:36:32 +0000] "GET /?p=8551 HTTP/1.1" 200 17047 "-" "Amazon CloudFront"
64.252.75.25 - - [14/Apr/2026:14:36:33 +0000] "GET /?p=8577 HTTP/1.1" 200 26150 "-" "Amazon CloudFront"
64.252.86.163 - - [14/Apr/2026:14:36:35 +0000] "GET /prizes/183502026 HTTP/1.1" 301 - "-" "Amazon CloudFront"
64.252.74.231 - - [14/Apr/2026:14:36:34 +0000] "GET /?p=8511 HTTP/1.1" 200 25844 "-" "Amazon CloudFront"
64.252.75.25 - - [14/Apr/2026:14:36:36 +0000] "GET /?author=2&paged=4383 HTTP/1.1" 200 11006 "-" "Amazon CloudFront"
64.252.74.231 - - [14/Apr/2026:14:36:37 +0000] "GET /?author=2&paged=1048 HTTP/1.1" 200 11468 "-" "Amazon CloudFront"
64.252.88.210 - - [14/Apr/2026:14:36:36 +0000] "GET /prizes/183502026/ HTTP/1.1" 200 24276 "-" "Amazon CloudFront"
64.252.77.101 - - [14/Apr/2026:14:36:38 +0000] "GET /?cat=1&paged=118 HTTP/1.1" 200 11334 "-" "Amazon CloudFront"
64.252.77.101 - - [14/Apr/2026:14:36:40 +0000] "GET /?cat=1&paged=119 HTTP/1.1" 200 11351 "-" "Amazon CloudFront"
64.252.77.101 - - [14/Apr/2026:14:36:41 +0000] "GET /?author=2&paged=1049 HTTP/1.1" 200 11394 "-" "Amazon CloudFront"
64.252.74.231 - - [14/Apr/2026:14:36:43 +0000] "GET /?author=2&paged=4382 HTTP/1.1" 200 11076 "-" "Amazon CloudFront"
64.252.88.210 - - [14/Apr/2026:14:36:43 +0000] "GET /prizes/183509440 HTTP/1.1" 301 - "-" "Amazon CloudFront"
64.252.74.231 - - [14/Apr/2026:14:36:44 +0000] "GET /?author=1&paged=4382 HTTP/1.1" 200 11073 "-" "Amazon CloudFront"
64.252.74.231 - - [14/Apr/2026:14:36:46 +0000] "GET /?author=1&paged=4381 HTTP/1.1" 200 11008 "-" "Amazon CloudFront"
64.252.88.210 - - [14/Apr/2026:14:36:44 +0000] "GET /prizes/183509440/ HTTP/1.1" 200 24284 "-" "Amazon CloudFront"
64.252.75.25 - - [14/Apr/2026:14:36:47 +0000] "GET /?p=8622 HTTP/1.1" 200 17546 "-" "Amazon CloudFront"
64.252.74.231 - - [14/Apr/2026:14:36:48 +0000] "GET /?p=7476 HTTP/1.1" 200 29089 "-" "Amazon CloudFront"
64.252.77.101 - - [14/Apr/2026:14:36:50 +0000] "GET /?p=8499 HTTP/1.1" 200 19626 "-" "Amazon CloudFront"
64.252.88.210 - - [14/Apr/2026:14:36:51 +0000] "GET /prizes/183531723 HTTP/1.1" 301 - "-" "Amazon CloudFront"
64.252.75.25 - - [14/Apr/2026:14:36:51 +0000] "GET /?author=2&paged=4381 HTTP/1.1" 200 11008 "-" "Amazon CloudFront"
64.252.77.101 - - [14/Apr/2026:14:36:52 +0000] "GET /?author=2&paged=1050 HTTP/1.1" 200 11503 "-" "Amazon CloudFront"
64.252.77.101 - - [14/Apr/2026:14:36:53 +0000] "GET /?cat=1&paged=120 HTTP/1.1" 200 11401 "-" "Amazon CloudFront"
64.252.88.210 - - [14/Apr/2026:14:36:52 +0000] "GET /prizes/183531723/ HTTP/1.1" 200 24294 "-" "Amazon CloudFront"
64.252.75.25 - - [14/Apr/2026:14:36:55 +0000] "GET /?cat=1&paged=121 HTTP/1.1" 200 11330 "-" "Amazon CloudFront"
64.252.75.25 - - [14/Apr/2026:14:36:56 +0000] "GET /?author=2&paged=1051 HTTP/1.1" 200 11429 "-" "Amazon CloudFront"
64.252.88.210 - - [14/Apr/2026:14:36:59 +0000] "GET /prizes/183534975 HTTP/1.1" 301 - "-" "Amazon CloudFront"
64.252.77.101 - - [14/Apr/2026:14:36:58 +0000] "GET /?author=2&paged=4380 HTTP/1.1" 200 11083 "-" "Amazon CloudFront"
64.252.74.231 - - [14/Apr/2026:14:36:59 +0000] "GET /?author=1&paged=4380 HTTP/1.1" 200 11080 "-" "Amazon CloudFront"
64.252.68.163 - - [14/Apr/2026:14:37:01 +0000] "GET /?p=43394 HTTP/1.1" 200 14486 "-" "Amazon CloudFront"
64.252.77.101 - - [14/Apr/2026:14:37:01 +0000] "GET /?author=1&paged=4379 HTTP/1.1" 200 11220 "-" "Amazon CloudFront"
64.252.88.210 - - [14/Apr/2026:14:36:59 +0000] "GET /prizes/183534975/ HTTP/1.1" 200 24259 "-" "Amazon CloudFront"
64.252.77.101 - - [14/Apr/2026:14:37:03 +0000] "GET /?p=8283 HTTP/1.1" 200 14220 "-" "Amazon CloudFront"
64.252.75.25 - - [14/Apr/2026:14:37:04 +0000] "GET /?p=8128 HTTP/1.1" 200 20749 "-" "Amazon CloudFront"
64.252.74.231 - - [14/Apr/2026:14:37:05 +0000] "GET /?p=7376 HTTP/1.1" 200 21934 "-" "Amazon CloudFront"
64.252.74.231 - - [14/Apr/2026:14:37:07 +0000] "GET /?author=2&paged=4379 HTTP/1.1" 200 11220 "-" "Amazon CloudFront"
64.252.88.96 - - [14/Apr/2026:14:37:07 +0000] "GET /prizes/183545551 HTTP/1.1" 301 - "-" "Amazon CloudFront"
64.252.74.231 - - [14/Apr/2026:14:37:08 +0000] "GET /?author=2&paged=1052 HTTP/1.1" 200 11271 "-" "Amazon CloudFront"
64.252.75.25 - - [14/Apr/2026:14:37:09 +0000] "GET /?cat=1&paged=122 HTTP/1.1" 200 11294 "-" "Amazon CloudFront"
64.252.88.210 - - [14/Apr/2026:14:37:08 +0000] "GET /prizes/183545551/ HTTP/1.1" 200 24282 "-" "Amazon CloudFront"
64.252.75.25 - - [14/Apr/2026:14:37:11 +0000] "GET /?cat=1&paged=123 HTTP/1.1" 200 11289 "-" "Amazon CloudFront"
64.252.75.25 - - [14/Apr/2026:14:37:12 +0000] "GET /?author=2&paged=1053 HTTP/1.1" 200 11302 "-" "Amazon CloudFront"
64.252.75.25 - - [14/Apr/2026:14:37:13 +0000] "GET /?author=2&paged=4378 HTTP/1.1" 200 11078 "-" "Amazon CloudFront"
64.252.86.163 - - [14/Apr/2026:14:37:15 +0000] "GET /prizes/183549834 HTTP/1.1" 301 - "-" "Amazon CloudFront"
64.252.74.231 - - [14/Apr/2026:14:37:15 +0000] "GET /?author=1&paged=4378 HTTP/1.1" 200 11077 "-" "Amazon CloudFront"
64.252.77.101 - - [14/Apr/2026:14:37:16 +0000] "GET /?author=1&paged=4377 HTTP/1.1" 200 10987 "-" "Amazon CloudFront"
64.252.74.231 - - [14/Apr/2026:14:37:17 +0000] "GET /?p=8681 HTTP/1.1" 200 19944 "-" "Amazon CloudFront"
64.252.88.210 - - [14/Apr/2026:14:37:15 +0000] "GET /prizes/183549834/ HTTP/1.1" 200 24253 "-" "Amazon CloudFront"
64.252.74.231 - - [14/Apr/2026:14:37:19 +0000] "GET /?p=7917 HTTP/1.1" 200 16257 "-" "Amazon CloudFront"
64.252.75.25 - - [14/Apr/2026:14:37:20 +0000] "GET /?p=8171 HTTP/1.1" 200 24656 "-" "Amazon CloudFront"
64.252.77.101 - - [14/Apr/2026:14:37:21 +0000] "GET /?author=2&paged=4377 HTTP/1.1" 200 10987 "-" "Amazon CloudFront"
15.158.215.109 - - [14/Apr/2026:14:37:22 +0000] "POST /wp-cron.php?doing_wp_cron=1776177442.9177069664001464843750 HTTP/1.1" 200 - "https://69b4844ae61d4e92bf26ad98af552775-devsite.readyship.co/wp-cron.php?doing_wp_cron=1776177442.9177069664001464843750" "WordPress/5.1.19; https://69b4844ae61d4e92bf26ad98af552775-devsite.readyship.co"
64.252.88.210 - - [14/Apr/2026:14:37:22 +0000] "GET /prizes/183567723 HTTP/1.1" 301 - "-" "Amazon CloudFront"
64.252.75.25 - - [14/Apr/2026:14:37:22 +0000] "GET /?author=2&paged=1054 HTTP/1.1" 200 11326 "-" "Amazon CloudFront"
64.252.75.25 - - [14/Apr/2026:14:37:23 +0000] "GET /?cat=1&paged=124 HTTP/1.1" 200 11361 "-" "Amazon CloudFront"
64.252.74.231 - - [14/Apr/2026:14:37:25 +0000] "GET /?cat=1&paged=125 HTTP/1.1" 200 11336 "-" "Amazon CloudFront"
64.252.86.163 - - [14/Apr/2026:14:37:23 +0000] "GET /prizes/183567723/ HTTP/1.1" 200 24270 "-" "Amazon CloudFront"
64.252.77.101 - - [14/Apr/2026:14:37:26 +0000] "GET /?author=2&paged=1055 HTTP/1.1" 200 11441 "-" "Amazon CloudFront"
64.252.75.25 - - [14/Apr/2026:14:37:28 +0000] "GET /?author=2&paged=4376 HTTP/1.1" 200 10920 "-" "Amazon CloudFront"
64.252.74.231 - - [14/Apr/2026:14:37:29 +0000] "GET /?author=1&paged=4376 HTTP/1.1" 200 10917 "-" "Amazon CloudFront"
64.252.86.163 - - [14/Apr/2026:14:37:30 +0000] "GET /prizes/183602581 HTTP/1.1" 301 - "-" "Amazon CloudFront"
64.252.75.25 - - [14/Apr/2026:14:37:30 +0000] "GET /?author=1&paged=4375 HTTP/1.1" 200 11012 "-" "Amazon CloudFront"
64.252.77.101 - - [14/Apr/2026:14:37:32 +0000] "GET /?p=8774 HTTP/1.1" 200 17102 "-" "Amazon CloudFront"
64.252.68.163 - - [14/Apr/2026:14:37:33 +0000] "GET /?p=27215 HTTP/1.1" 200 17789 "-" "Amazon CloudFront"
64.252.88.210 - - [14/Apr/2026:14:37:31 +0000] "GET /prizes/183602581/ HTTP/1.1" 200 24289 "-" "Amazon CloudFront"
64.252.74.231 - - [14/Apr/2026:14:37:33 +0000] "GET /?p=8748 HTTP/1.1" 200 20965 "-" "Amazon CloudFront"
64.252.75.25 - - [14/Apr/2026:14:37:34 +0000] "GET /?p=8782 HTTP/1.1" 200 14549 "-" "Amazon CloudFront"
64.252.77.101 - - [14/Apr/2026:14:37:35 +0000] "GET /?author=2&paged=4375 HTTP/1.1" 200 11014 "-" "Amazon CloudFront"
64.252.74.231 - - [14/Apr/2026:14:37:36 +0000] "GET /?author=2&paged=1056 HTTP/1.1" 200 11485 "-" "Amazon CloudFront"
64.252.75.25 - - [14/Apr/2026:14:37:38 +0000] "GET /?cat=1&paged=126 HTTP/1.1" 200 11253 "-" "Amazon CloudFront"
64.252.88.96 - - [14/Apr/2026:14:37:38 +0000] "GET /prizes/183604167 HTTP/1.1" 301 - "-" "Amazon CloudFront"
64.252.74.231 - - [14/Apr/2026:14:37:39 +0000] "GET /?cat=1&paged=127 HTTP/1.1" 200 11426 "-" "Amazon CloudFront"
64.252.75.25 - - [14/Apr/2026:14:37:41 +0000] "GET /?author=2&paged=1057 HTTP/1.1" 200 11375 "-" "Amazon CloudFront"
64.252.75.25 - - [14/Apr/2026:14:37:42 +0000] "GET /?p=8788 HTTP/1.1" 200 21116 "-" "Amazon CloudFront"
64.252.88.96 - - [14/Apr/2026:14:37:39 +0000] "GET /prizes/183604167/ HTTP/1.1" 200 24291 "-" "Amazon CloudFront"
64.252.74.231 - - [14/Apr/2026:14:37:43 +0000] "GET /?author=2&paged=4374 HTTP/1.1" 200 11099 "-" "Amazon CloudFront"
64.252.74.231 - - [14/Apr/2026:14:37:44 +0000] "GET /?author=1&paged=4373 HTTP/1.1" 200 10832 "-" "Amazon CloudFront"
64.252.86.163 - - [14/Apr/2026:14:37:46 +0000] "GET /prizes/183614965 HTTP/1.1" 301 - "-" "Amazon CloudFront"
64.252.74.231 - - [14/Apr/2026:14:37:46 +0000] "GET /?author=1&paged=4374 HTTP/1.1" 200 11098 "-" "Amazon CloudFront"
64.252.77.101 - - [14/Apr/2026:14:37:47 +0000] "GET /?p=8545 HTTP/1.1" 200 23282 "-" "Amazon CloudFront"
64.252.88.96 - - [14/Apr/2026:14:37:47 +0000] "GET /prizes/183614965/ HTTP/1.1" 200 24286 "-" "Amazon CloudFront"
64.252.74.231 - - [14/Apr/2026:14:37:49 +0000] "GET /?author=2&paged=4373 HTTP/1.1" 200 10833 "-" "Amazon CloudFront"
64.252.74.231 - - [14/Apr/2026:14:37:50 +0000] "GET /?author=2&paged=1058 HTTP/1.1" 200 11414 "-" "Amazon CloudFront"
64.252.75.25 - - [14/Apr/2026:14:37:51 +0000] "GET /?cat=1&paged=128 HTTP/1.1" 200 11316 "-" "Amazon CloudFront"
64.252.77.101 - - [14/Apr/2026:14:37:53 +0000] "GET /?cat=1&paged=129 HTTP/1.1" 200 11450 "-" "Amazon CloudFront"
64.252.86.163 - - [14/Apr/2026:14:37:53 +0000] "GET /prizes/183625329 HTTP/1.1" 301 - "-" "Amazon CloudFront"
64.252.77.101 - - [14/Apr/2026:14:37:54 +0000] "GET /?author=2&paged=1059 HTTP/1.1" 200 11266 "-" "Amazon CloudFront"
64.252.75.25 - - [14/Apr/2026:14:37:56 +0000] "GET /?p=8658 HTTP/1.1" 200 19428 "-" "Amazon CloudFront"
64.252.86.163 - - [14/Apr/2026:14:37:54 +0000] "GET /prizes/183625329/ HTTP/1.1" 200 24278 "-" "Amazon CloudFront"
64.252.75.25 - - [14/Apr/2026:14:37:57 +0000] "GET /?author=2&paged=4372 HTTP/1.1" 200 11089 "-" "Amazon CloudFront"
64.252.77.101 - - [14/Apr/2026:14:37:58 +0000] "GET /?author=1&paged=4371 HTTP/1.1" 200 10811 "-" "Amazon CloudFront"
64.252.77.101 - - [14/Apr/2026:14:37:59 +0000] "GET /?author=1&paged=4372 HTTP/1.1" 200 11088 "-" "Amazon CloudFront"
64.252.88.210 - - [14/Apr/2026:14:38:01 +0000] "GET /prizes/183629036 HTTP/1.1" 301 - "-" "Amazon CloudFront"
64.252.75.25 - - [14/Apr/2026:14:38:01 +0000] "GET /?p=8533 HTTP/1.1" 200 20602 "-" "Amazon CloudFront"
64.252.75.25 - - [14/Apr/2026:14:38:03 +0000] "GET /?p=8515 HTTP/1.1" 200 15445 "-" "Amazon CloudFront"
64.252.88.210 - - [14/Apr/2026:14:38:02 +0000] "GET /prizes/183629036/ HTTP/1.1" 200 24291 "-" "Amazon CloudFront"
64.252.75.25 - - [14/Apr/2026:14:38:04 +0000] "GET /?author=2&paged=4371 HTTP/1.1" 200 10812 "-" "Amazon CloudFront"
64.252.77.101 - - [14/Apr/2026:14:38:05 +0000] "GET /?author=2&paged=1060 HTTP/1.1" 200 11544 "-" "Amazon CloudFront"
64.252.74.231 - - [14/Apr/2026:14:38:06 +0000] "GET /?cat=1&paged=130 HTTP/1.1" 200 11313 "-" "Amazon CloudFront"
64.252.86.163 - - [14/Apr/2026:14:38:08 +0000] "GET /prizes/183672561 HTTP/1.1" 301 - "-" "Amazon CloudFront"
64.252.75.25 - - [14/Apr/2026:14:38:08 +0000] "GET /?cat=1&paged=131 HTTP/1.1" 200 11336 "-" "Amazon CloudFront"
64.252.77.101 - - [14/Apr/2026:14:38:10 +0000] "GET /?author=2&paged=1061 HTTP/1.1" 200 11436 "-" "Amazon CloudFront"
64.252.75.25 - - [14/Apr/2026:14:38:11 +0000] "GET /?p=8683 HTTP/1.1" 200 17493 "-" "Amazon CloudFront"
64.252.88.210 - - [14/Apr/2026:14:38:09 +0000] "GET /prizes/183672561/ HTTP/1.1" 200 24295 "-" "Amazon CloudFront"
64.252.77.101 - - [14/Apr/2026:14:38:12 +0000] "GET /?author=2&paged=4370 HTTP/1.1" 200 11336 "-" "Amazon CloudFront"
64.252.77.101 - - [14/Apr/2026:14:38:13 +0000] "GET /?author=1&paged=4369 HTTP/1.1" 200 10977 "-" "Amazon CloudFront"
64.252.86.163 - - [14/Apr/2026:14:38:15 +0000] "GET /prizes/183678753 HTTP/1.1" 301 - "-" "Amazon CloudFront"
64.252.74.231 - - [14/Apr/2026:14:38:15 +0000] "GET /?author=1&paged=4370 HTTP/1.1" 200 11333 "-" "Amazon CloudFront"
64.252.75.25 - - [14/Apr/2026:14:38:16 +0000] "GET /?p=8908 HTTP/1.1" 200 14631 "-" "Amazon CloudFront"
64.252.77.101 - - [14/Apr/2026:14:38:17 +0000] "GET /?p=7900 HTTP/1.1" 200 15509 "-" "Amazon CloudFront"
64.252.86.163 - - [14/Apr/2026:14:38:16 +0000] "GET /prizes/183678753/ HTTP/1.1" 200 24300 "-" "Amazon CloudFront"
64.252.77.101 - - [14/Apr/2026:14:38:19 +0000] "GET /?author=2&paged=1062 HTTP/1.1" 200 11442 "-" "Amazon CloudFront"
64.252.75.25 - - [14/Apr/2026:14:38:20 +0000] "GET /?cat=1&paged=132 HTTP/1.1" 200 11376 "-" "Amazon CloudFront"
15.158.215.109 - - [14/Apr/2026:14:38:22 +0000] "POST /wp-cron.php?doing_wp_cron=1776177502.4984691143035888671875 HTTP/1.1" 200 - "https://69b4844ae61d4e92bf26ad98af552775-devsite.readyship.co/wp-cron.php?doing_wp_cron=1776177502.4984691143035888671875" "WordPress/5.1.19; https://69b4844ae61d4e92bf26ad98af552775-devsite.readyship.co"
64.252.74.231 - - [14/Apr/2026:14:38:22 +0000] "GET /?cat=1&paged=133 HTTP/1.1" 200 11298 "-" "Amazon CloudFront"
64.252.88.96 - - [14/Apr/2026:14:38:23 +0000] "GET /prizes/183698117 HTTP/1.1" 301 - "-" "Amazon CloudFront"
64.252.75.25 - - [14/Apr/2026:14:38:24 +0000] "GET /?author=2&paged=1063 HTTP/1.1" 200 11493 "-" "Amazon CloudFront"
64.252.77.101 - - [14/Apr/2026:14:38:25 +0000] "GET /?p=8685 HTTP/1.1" 200 22245 "-" "Amazon CloudFront"
64.252.86.163 - - [14/Apr/2026:14:38:24 +0000] "GET /prizes/183698117/ HTTP/1.1" 200 24258 "-" "Amazon CloudFront"
64.252.75.25 - - [14/Apr/2026:14:38:26 +0000] "GET /?author=2&paged=4368 HTTP/1.1" 200 11205 "-" "Amazon CloudFront"
64.252.75.25 - - [14/Apr/2026:14:38:28 +0000] "GET /?p=8972 HTTP/1.1" 200 17436 "-" "Amazon CloudFront"
64.252.74.231 - - [14/Apr/2026:14:38:29 +0000] "GET /?author=1&paged=4368 HTTP/1.1" 200 11200 "-" "Amazon CloudFront"
64.252.86.163 - - [14/Apr/2026:14:38:31 +0000] "GET /prizes/183713410 HTTP/1.1" 301 - "-" "Amazon CloudFront"
64.252.75.25 - - [14/Apr/2026:14:38:30 +0000] "GET /?author=1&paged=4367 HTTP/1.1" 200 11146 "-" "Amazon CloudFront"
64.252.74.231 - - [14/Apr/2026:14:38:32 +0000] "GET /?p=8122 HTTP/1.1" 200 21780 "-" "Amazon CloudFront"
64.252.77.101 - - [14/Apr/2026:14:38:33 +0000] "GET /?p=8525 HTTP/1.1" 200 21744 "-" "Amazon CloudFront"
64.252.88.210 - - [14/Apr/2026:14:38:32 +0000] "GET /prizes/183713410/ HTTP/1.1" 200 24276 "-" "Amazon CloudFront"
64.252.75.25 - - [14/Apr/2026:14:38:34 +0000] "GET /?author=2&paged=1064 HTTP/1.1" 200 11557 "-" "Amazon CloudFront"
64.252.77.101 - - [14/Apr/2026:14:38:35 +0000] "GET /?cat=1&paged=134 HTTP/1.1" 200 11231 "-" "Amazon CloudFront"
64.252.75.25 - - [14/Apr/2026:14:38:36 +0000] "GET /?cat=1&paged=135 HTTP/1.1" 200 11312 "-" "Amazon CloudFront"
64.252.88.210 - - [14/Apr/2026:14:38:38 +0000] "GET /prizes/183735450 HTTP/1.1" 301 - "-" "Amazon CloudFront"
64.252.75.25 - - [14/Apr/2026:14:38:38 +0000] "GET /?author=2&paged=1065 HTTP/1.1" 200 11360 "-" "Amazon CloudFront"
64.252.77.101 - - [14/Apr/2026:14:38:40 +0000] "GET /?author=2&paged=4366 HTTP/1.1" 200 11178 "-" "Amazon CloudFront"
64.252.86.163 - - [14/Apr/2026:14:38:39 +0000] "GET /prizes/183735450/ HTTP/1.1" 200 24207 "-" "Amazon CloudFront"
64.252.77.101 - - [14/Apr/2026:14:38:41 +0000] "GET /?author=2&paged=4367 HTTP/1.1" 200 11146 "-" "Amazon CloudFront"
64.252.77.101 - - [14/Apr/2026:14:38:42 +0000] "GET /?author=1&paged=4366 HTTP/1.1" 200 11180 "-" "Amazon CloudFront"
64.252.74.231 - - [14/Apr/2026:14:38:44 +0000] "GET /?author=1&paged=4365 HTTP/1.1" 200 11076 "-" "Amazon CloudFront"
64.252.88.96 - - [14/Apr/2026:14:38:46 +0000] "GET /prizes/183803066 HTTP/1.1" 301 - "-" "Amazon CloudFront"
64.252.74.231 - - [14/Apr/2026:14:38:45 +0000] "GET /?p=9022 HTTP/1.1" 200 22202 "-" "Amazon CloudFront"
64.252.74.231 - - [14/Apr/2026:14:38:46 +0000] "GET /?p=8718 HTTP/1.1" 200 22006 "-" "Amazon CloudFront"
64.252.74.231 - - [14/Apr/2026:14:38:47 +0000] "GET /?author=2&paged=1066 HTTP/1.1" 200 11396 "-" "Amazon CloudFront"
64.252.88.210 - - [14/Apr/2026:14:38:46 +0000] "GET /prizes/183803066/ HTTP/1.1" 200 24263 "-" "Amazon CloudFront"
64.252.75.25 - - [14/Apr/2026:14:38:49 +0000] "GET /?cat=1&paged=136 HTTP/1.1" 200 11275 "-" "Amazon CloudFront"
64.252.77.101 - - [14/Apr/2026:14:38:50 +0000] "GET /?cat=1&paged=137 HTTP/1.1" 200 11414 "-" "Amazon CloudFront"
64.252.75.25 - - [14/Apr/2026:14:38:51 +0000] "GET /?p=7817 HTTP/1.1" 200 16324 "-" "Amazon CloudFront"
64.252.74.231 - - [14/Apr/2026:14:38:53 +0000] "GET /?author=2&paged=1067 HTTP/1.1" 200 11221 "-" "Amazon CloudFront"
64.252.86.163 - - [14/Apr/2026:14:38:53 +0000] "GET /prizes/183830066 HTTP/1.1" 301 - "-" "Amazon CloudFront"
64.252.77.101 - - [14/Apr/2026:14:38:54 +0000] "GET /?p=9042 HTTP/1.1" 200 29474 "-" "Amazon CloudFront"
64.252.75.25 - - [14/Apr/2026:14:38:55 +0000] "GET /?author=2&paged=4364 HTTP/1.1" 200 11050 "-" "Amazon CloudFront"
64.252.88.210 - - [14/Apr/2026:14:38:54 +0000] "GET /prizes/183830066/ HTTP/1.1" 200 24291 "-" "Amazon CloudFront"
64.252.75.25 - - [14/Apr/2026:14:38:57 +0000] "GET /?author=1&paged=4364 HTTP/1.1" 200 11051 "-" "Amazon CloudFront"
64.252.75.25 - - [14/Apr/2026:14:38:58 +0000] "GET /?author=1&paged=4363 HTTP/1.1" 200 10979 "-" "Amazon CloudFront"
64.252.77.101 - - [14/Apr/2026:14:38:59 +0000] "GET /?cat=182 HTTP/1.1" 200 9510 "-" "Amazon CloudFront"
64.252.88.96 - - [14/Apr/2026:14:39:01 +0000] "GET /prizes/183848410 HTTP/1.1" 301 - "-" "Amazon CloudFront"
64.252.75.25 - - [14/Apr/2026:14:39:01 +0000] "GET /?author=2&paged=4365 HTTP/1.1" 200 11077 "-" "Amazon CloudFront"
64.252.74.231 - - [14/Apr/2026:14:39:02 +0000] "GET /?author=2&paged=1068 HTTP/1.1" 200 11277 "-" "Amazon CloudFront"
64.252.88.96 - - [14/Apr/2026:14:39:02 +0000] "GET /prizes/183848410/ HTTP/1.1" 200 24295 "-" "Amazon CloudFront"
64.252.74.231 - - [14/Apr/2026:14:39:03 +0000] "GET /?cat=1&paged=138 HTTP/1.1" 200 11444 "-" "Amazon CloudFront"
64.252.75.25 - - [14/Apr/2026:14:39:05 +0000] "GET /?cat=1&paged=139 HTTP/1.1" 200 11315 "-" "Amazon CloudFront"
64.252.75.25 - - [14/Apr/2026:14:39:06 +0000] "GET /?p=9070 HTTP/1.1" 200 21680 "-" "Amazon CloudFront"
64.252.74.231 - - [14/Apr/2026:14:39:07 +0000] "GET /?author=2&paged=1069 HTTP/1.1" 200 11359 "-" "Amazon CloudFront"
64.252.86.163 - - [14/Apr/2026:14:39:09 +0000] "GET /prizes/183857177 HTTP/1.1" 301 - "-" "Amazon CloudFront"
64.252.77.101 - - [14/Apr/2026:14:39:09 +0000] "GET /?p=9044 HTTP/1.1" 200 16883 "-" "Amazon CloudFront"
64.252.74.231 - - [14/Apr/2026:14:39:10 +0000] "GET /?p=9090 HTTP/1.1" 200 22805 "-" "Amazon CloudFront"
64.252.74.231 - - [14/Apr/2026:14:39:11 +0000] "GET /?author=2&paged=4363 HTTP/1.1" 200 10979 "-" "Amazon CloudFront"
64.252.88.210 - - [14/Apr/2026:14:39:09 +0000] "GET /prizes/183857177/ HTTP/1.1" 200 24277 "-" "Amazon CloudFront"
64.252.74.231 - - [14/Apr/2026:14:39:12 +0000] "GET /?p=9119 HTTP/1.1" 200 16069 "-" "Amazon CloudFront"
64.252.75.25 - - [14/Apr/2026:14:39:13 +0000] "GET /?author=2&paged=4362 HTTP/1.1" 200 11137 "-" "Amazon CloudFront"
64.252.74.231 - - [14/Apr/2026:14:39:15 +0000] "GET /?author=1&paged=4361 HTTP/1.1" 200 10923 "-" "Amazon CloudFront"
64.252.86.163 - - [14/Apr/2026:14:39:16 +0000] "GET /prizes/183877329 HTTP/1.1" 301 - "-" "Amazon CloudFront"
64.252.77.101 - - [14/Apr/2026:14:39:16 +0000] "GET /?author=2&paged=1070 HTTP/1.1" 200 11283 "-" "Amazon CloudFront"
64.252.74.231 - - [14/Apr/2026:14:39:17 +0000] "GET /?cat=184 HTTP/1.1" 200 9530 "-" "Amazon CloudFront"
64.252.75.25 - - [14/Apr/2026:14:39:18 +0000] "GET /?cat=1&paged=141 HTTP/1.1" 200 11209 "-" "Amazon CloudFront"
64.252.88.96 - - [14/Apr/2026:14:39:17 +0000] "GET /prizes/183877329/ HTTP/1.1" 200 24278 "-" "Amazon CloudFront"
64.252.74.231 - - [14/Apr/2026:14:39:20 +0000] "GET /?cat=1&paged=140 HTTP/1.1" 200 11235 "-" "Amazon CloudFront"
64.252.74.231 - - [14/Apr/2026:14:39:21 +0000] "GET /?author=2&paged=1071 HTTP/1.1" 200 11358 "-" "Amazon CloudFront"
15.158.215.109 - - [14/Apr/2026:14:39:23 +0000] "POST /wp-cron.php?doing_wp_cron=1776177563.2766699790954589843750 HTTP/1.1" 200 - "https://69b4844ae61d4e92bf26ad98af552775-devsite.readyship.co/wp-cron.php?doing_wp_cron=1776177563.2766699790954589843750" "WordPress/5.1.19; https://69b4844ae61d4e92bf26ad98af552775-devsite.readyship.co"
64.252.74.231 - - [14/Apr/2026:14:39:22 +0000] "GET /?author=1&paged=4362 HTTP/1.1" 200 11135 "-" "Amazon CloudFront"
64.252.86.163 - - [14/Apr/2026:14:39:24 +0000] "GET /prizes/183888561 HTTP/1.1" 301 - "-" "Amazon CloudFront"
64.252.74.231 - - [14/Apr/2026:14:39:24 +0000] "GET /?p=9098 HTTP/1.1" 200 21307 "-" "Amazon CloudFront"
64.252.74.231 - - [14/Apr/2026:14:39:25 +0000] "GET /?author=2&paged=4361 HTTP/1.1" 200 10923 "-" "Amazon CloudFront"
64.252.77.101 - - [14/Apr/2026:14:39:26 +0000] "GET /?p=9100 HTTP/1.1" 200 17407 "-" "Amazon CloudFront"
64.252.88.96 - - [14/Apr/2026:14:39:25 +0000] "GET /prizes/183888561/ HTTP/1.1" 200 24270 "-" "Amazon CloudFront"
64.252.77.101 - - [14/Apr/2026:14:39:27 +0000] "GET /?p=9149 HTTP/1.1" 200 18856 "-" "Amazon CloudFront"
64.252.74.231 - - [14/Apr/2026:14:39:29 +0000] "GET /?author=2&paged=4360 HTTP/1.1" 200 11170 "-" "Amazon CloudFront"
64.252.77.101 - - [14/Apr/2026:14:39:30 +0000] "GET /?author=2&paged=1072 HTTP/1.1" 200 11348 "-" "Amazon CloudFront"
64.252.77.101 - - [14/Apr/2026:14:39:31 +0000] "GET /?cat=184&feed=rss2 HTTP/1.1" 200 77649 "-" "Amazon CloudFront"
64.252.88.96 - - [14/Apr/2026:14:39:31 +0000] "GET /prizes/183891723 HTTP/1.1" 301 - "-" "Amazon CloudFront"
64.252.77.101 - - [14/Apr/2026:14:39:32 +0000] "GET /?cat=1&paged=142 HTTP/1.1" 200 11336 "-" "Amazon CloudFront"
64.252.77.101 - - [14/Apr/2026:14:39:33 +0000] "GET /?cat=1&paged=143 HTTP/1.1" 200 11394 "-" "Amazon CloudFront"
64.252.88.96 - - [14/Apr/2026:14:39:32 +0000] "GET /prizes/183891723/ HTTP/1.1" 200 24282 "-" "Amazon CloudFront"
64.252.77.101 - - [14/Apr/2026:14:39:35 +0000] "GET /?author=1&paged=4359 HTTP/1.1" 200 11004 "-" "Amazon CloudFront"
64.252.74.231 - - [14/Apr/2026:14:39:36 +0000] "GET /?author=2&paged=1073 HTTP/1.1" 200 11319 "-" "Amazon CloudFront"
64.252.74.231 - - [14/Apr/2026:14:39:37 +0000] "GET /?author=1&paged=4360 HTTP/1.1" 200 11168 "-" "Amazon CloudFront"
64.252.88.210 - - [14/Apr/2026:14:39:39 +0000] "GET /prizes/183927945 HTTP/1.1" 301 - "-" "Amazon CloudFront"
64.252.75.25 - - [14/Apr/2026:14:39:39 +0000] "GET /?author=2&paged=4359 HTTP/1.1" 200 11006 "-" "Amazon CloudFront"
64.252.75.25 - - [14/Apr/2026:14:39:40 +0000] "GET /?p=9166 HTTP/1.1" 200 17711 "-" "Amazon CloudFront"
64.252.74.231 - - [14/Apr/2026:14:39:41 +0000] "GET /?p=9129 HTTP/1.1" 200 16886 "-" "Amazon CloudFront"
64.252.88.96 - - [14/Apr/2026:14:39:40 +0000] "GET /prizes/183927945/ HTTP/1.1" 200 24269 "-" "Amazon CloudFront"
64.252.77.101 - - [14/Apr/2026:14:39:42 +0000] "GET /?p=9199 HTTP/1.1" 200 22513 "-" "Amazon CloudFront"
64.252.75.25 - - [14/Apr/2026:14:39:43 +0000] "GET /?author=2&paged=4358 HTTP/1.1" 200 11297 "-" "Amazon CloudFront"
64.252.75.25 - - [14/Apr/2026:14:39:45 +0000] "GET /?author=2&paged=1074 HTTP/1.1" 200 11219 "-" "Amazon CloudFront"
64.252.86.163 - - [14/Apr/2026:14:39:46 +0000] "GET /prizes/183944713 HTTP/1.1" 301 - "-" "Amazon CloudFront"
64.252.77.101 - - [14/Apr/2026:14:39:46 +0000] "GET /?cat=1&paged=144 HTTP/1.1" 200 11417 "-" "Amazon CloudFront"
64.252.77.101 - - [14/Apr/2026:14:39:48 +0000] "GET /?cat=1&paged=145 HTTP/1.1" 200 11226 "-" "Amazon CloudFront"
64.252.74.231 - - [14/Apr/2026:14:39:49 +0000] "GET /?author=1&paged=4357 HTTP/1.1" 200 11256 "-" "Amazon CloudFront"
64.252.88.96 - - [14/Apr/2026:14:39:47 +0000] "GET /prizes/183944713/ HTTP/1.1" 200 24293 "-" "Amazon CloudFront"
64.252.75.25 - - [14/Apr/2026:14:39:50 +0000] "GET /?author=2&paged=1075 HTTP/1.1" 200 11578 "-" "Amazon CloudFront"
64.252.77.101 - - [14/Apr/2026:14:39:52 +0000] "GET /?author=1&paged=4358 HTTP/1.1" 200 11295 "-" "Amazon CloudFront"
64.252.74.231 - - [14/Apr/2026:14:39:53 +0000] "GET /?author=2&paged=4357 HTTP/1.1" 200 11258 "-" "Amazon CloudFront"
64.252.88.210 - - [14/Apr/2026:14:39:53 +0000] "GET /prizes/183992965 HTTP/1.1" 301 - "-" "Amazon CloudFront"
64.252.74.231 - - [14/Apr/2026:14:39:54 +0000] "GET /?p=9188 HTTP/1.1" 200 16844 "-" "Amazon CloudFront"
64.252.74.231 - - [14/Apr/2026:14:39:55 +0000] "GET /?p=9209 HTTP/1.1" 200 15951 "-" "Amazon CloudFront"
64.252.88.210 - - [14/Apr/2026:14:39:54 +0000] "GET /prizes/183992965/ HTTP/1.1" 200 24271 "-" "Amazon CloudFront"
64.252.77.101 - - [14/Apr/2026:14:39:56 +0000] "GET /?p=9192 HTTP/1.1" 200 20755 "-" "Amazon CloudFront"
64.252.74.231 - - [14/Apr/2026:14:39:58 +0000] "GET /?author=2&paged=4356 HTTP/1.1" 200 11235 "-" "Amazon CloudFront"
64.252.75.25 - - [14/Apr/2026:14:39:59 +0000] "GET /?author=2&paged=1076 HTTP/1.1" 200 11312 "-" "Amazon CloudFront"
64.252.86.163 - - [14/Apr/2026:14:40:01 +0000] "GET /prizes/184017480 HTTP/1.1" 301 - "-" "Amazon CloudFront"
64.252.74.231 - - [14/Apr/2026:14:40:01 +0000] "GET /?cat=1&paged=146 HTTP/1.1" 200 11348 "-" "Amazon CloudFront"
64.252.86.163 - - [14/Apr/2026:14:40:02 +0000] "GET /prizes/184017480/ HTTP/1.1" 200 24293 "-" "Amazon CloudFront"
64.252.74.231 - - [14/Apr/2026:14:40:04 +0000] "GET /?cat=1&paged=147 HTTP/1.1" 200 11388 "-" "Amazon CloudFront"
64.252.75.25 - - [14/Apr/2026:14:40:06 +0000] "GET /?author=1&paged=4355 HTTP/1.1" 200 11267 "-" "Amazon CloudFront"
64.252.75.25 - - [14/Apr/2026:14:40:07 +0000] "GET /?author=2&paged=1077 HTTP/1.1" 200 11243 "-" "Amazon CloudFront"
64.252.77.101 - - [14/Apr/2026:14:40:08 +0000] "GET /?author=1&paged=4356 HTTP/1.1" 200 11234 "-" "Amazon CloudFront"
