64.252.88.96 - - [14/Apr/2026:14:40:09 +0000] "GET /prizes/184020208 HTTP/1.1" 301 - "-" "Amazon CloudFront"
64.252.74.231 - - [14/Apr/2026:14:40:10 +0000] "GET /?author=2&paged=4355 HTTP/1.1" 200 11263 "-" "Amazon CloudFront"
64.252.86.163 - - [14/Apr/2026:14:40:10 +0000] "GET /prizes/184020208/ HTTP/1.1" 200 24286 "-" "Amazon CloudFront"
64.252.77.101 - - [14/Apr/2026:14:40:11 +0000] "GET /?p=9227 HTTP/1.1" 200 16717 "-" "Amazon CloudFront"
64.252.75.25 - - [14/Apr/2026:14:40:16 +0000] "GET /?p=9233 HTTP/1.1" 200 14609 "-" "Amazon CloudFront"
64.252.88.210 - - [14/Apr/2026:14:40:17 +0000] "GET /prizes/184035723 HTTP/1.1" 301 - "-" "Amazon CloudFront"
64.252.75.25 - - [14/Apr/2026:14:40:17 +0000] "GET /?p=9194 HTTP/1.1" 200 19930 "-" "Amazon CloudFront"
64.252.74.231 - - [14/Apr/2026:14:40:18 +0000] "GET /?author=2&paged=4354 HTTP/1.1" 200 11225 "-" "Amazon CloudFront"
64.252.88.96 - - [14/Apr/2026:14:40:18 +0000] "GET /prizes/184035723/ HTTP/1.1" 200 24279 "-" "Amazon CloudFront"
64.252.74.231 - - [14/Apr/2026:14:40:19 +0000] "GET /?author=2&paged=1078 HTTP/1.1" 200 11306 "-" "Amazon CloudFront"
64.252.74.231 - - [14/Apr/2026:14:40:21 +0000] "GET /?cat=1&paged=148 HTTP/1.1" 200 11218 "-" "Amazon CloudFront"
15.158.215.109 - - [14/Apr/2026:14:40:22 +0000] "POST /wp-cron.php?doing_wp_cron=1776177622.8137650489807128906250 HTTP/1.1" 200 - "https://69b4844ae61d4e92bf26ad98af552775-devsite.readyship.co/wp-cron.php?doing_wp_cron=1776177622.8137650489807128906250" "WordPress/5.1.19; https://69b4844ae61d4e92bf26ad98af552775-devsite.readyship.co"
64.252.77.101 - - [14/Apr/2026:14:40:22 +0000] "GET /?cat=1&paged=149 HTTP/1.1" 200 11304 "-" "Amazon CloudFront"
64.252.88.210 - - [14/Apr/2026:14:40:24 +0000] "GET /prizes/184074076 HTTP/1.1" 301 - "-" "Amazon CloudFront"
64.252.77.101 - - [14/Apr/2026:14:40:24 +0000] "GET /?p=9299 HTTP/1.1" 200 14560 "-" "Amazon CloudFront"
64.252.74.231 - - [14/Apr/2026:14:40:25 +0000] "GET /?author=1&paged=4354 HTTP/1.1" 200 11225 "-" "Amazon CloudFront"
64.252.74.231 - - [14/Apr/2026:14:40:26 +0000] "GET /?author=1&paged=4353 HTTP/1.1" 200 11251 "-" "Amazon CloudFront"
64.252.88.96 - - [14/Apr/2026:14:40:25 +0000] "GET /prizes/184074076/ HTTP/1.1" 200 24296 "-" "Amazon CloudFront"
64.252.74.231 - - [14/Apr/2026:14:40:27 +0000] "GET /?author=2&paged=4353 HTTP/1.1" 200 11250 "-" "Amazon CloudFront"
64.252.75.25 - - [14/Apr/2026:14:40:29 +0000] "GET /?author=2&paged=1079 HTTP/1.1" 200 11290 "-" "Amazon CloudFront"
64.252.77.101 - - [14/Apr/2026:14:40:30 +0000] "GET /?p=9277 HTTP/1.1" 200 14390 "-" "Amazon CloudFront"
64.252.88.210 - - [14/Apr/2026:14:40:32 +0000] "GET /prizes/184078460 HTTP/1.1" 301 - "-" "Amazon CloudFront"
64.252.74.231 - - [14/Apr/2026:14:40:32 +0000] "GET /?p=9295 HTTP/1.1" 200 14398 "-" "Amazon CloudFront"
64.252.75.25 - - [14/Apr/2026:14:40:33 +0000] "GET /?p=9321 HTTP/1.1" 200 14959 "-" "Amazon CloudFront"
64.252.77.101 - - [14/Apr/2026:14:40:34 +0000] "GET /?author=2&paged=1080 HTTP/1.1" 200 11338 "-" "Amazon CloudFront"
64.252.86.163 - - [14/Apr/2026:14:40:32 +0000] "GET /prizes/184078460/ HTTP/1.1" 200 24284 "-" "Amazon CloudFront"
64.252.74.231 - - [14/Apr/2026:14:40:35 +0000] "GET /?author=2&paged=4352 HTTP/1.1" 200 11297 "-" "Amazon CloudFront"
64.252.77.101 - - [14/Apr/2026:14:40:37 +0000] "GET /?cat=1&paged=151 HTTP/1.1" 200 11392 "-" "Amazon CloudFront"
64.252.75.25 - - [14/Apr/2026:14:40:38 +0000] "GET /?cat=1&paged=150 HTTP/1.1" 200 11311 "-" "Amazon CloudFront"
64.252.86.163 - - [14/Apr/2026:14:40:39 +0000] "GET /prizes/184085117 HTTP/1.1" 301 - "-" "Amazon CloudFront"
64.252.74.231 - - [14/Apr/2026:14:40:39 +0000] "GET /?author=1&paged=4352 HTTP/1.1" 200 11295 "-" "Amazon CloudFront"
64.252.75.25 - - [14/Apr/2026:14:40:41 +0000] "GET /?p=9339 HTTP/1.1" 200 14953 "-" "Amazon CloudFront"
64.252.88.96 - - [14/Apr/2026:14:40:40 +0000] "GET /prizes/184085117/ HTTP/1.1" 200 24271 "-" "Amazon CloudFront"
64.252.74.231 - - [14/Apr/2026:14:40:42 +0000] "GET /?author=1&paged=4351 HTTP/1.1" 200 11340 "-" "Amazon CloudFront"
64.252.74.231 - - [14/Apr/2026:14:40:43 +0000] "GET /?author=2&paged=1081 HTTP/1.1" 200 11318 "-" "Amazon CloudFront"
64.252.75.25 - - [14/Apr/2026:14:40:44 +0000] "GET /?author=2&paged=4351 HTTP/1.1" 200 11338 "-" "Amazon CloudFront"
64.252.75.25 - - [14/Apr/2026:14:40:46 +0000] "GET /?p=9337 HTTP/1.1" 200 14347 "-" "Amazon CloudFront"
64.252.88.210 - - [14/Apr/2026:14:40:47 +0000] "GET /prizes/184093541 HTTP/1.1" 301 - "-" "Amazon CloudFront"
64.252.74.231 - - [14/Apr/2026:14:40:47 +0000] "GET /?p=9329 HTTP/1.1" 200 14334 "-" "Amazon CloudFront"
64.252.74.231 - - [14/Apr/2026:14:40:48 +0000] "GET /?author=2&paged=1082 HTTP/1.1" 200 11290 "-" "Amazon CloudFront"
64.252.75.25 - - [14/Apr/2026:14:40:49 +0000] "GET /?author=2&paged=4350 HTTP/1.1" 200 11383 "-" "Amazon CloudFront"
64.252.88.210 - - [14/Apr/2026:14:40:47 +0000] "GET /prizes/184093541/ HTTP/1.1" 200 24295 "-" "Amazon CloudFront"
64.252.74.231 - - [14/Apr/2026:14:40:51 +0000] "GET /?cat=1&paged=152 HTTP/1.1" 200 11273 "-" "Amazon CloudFront"
64.252.75.25 - - [14/Apr/2026:14:40:52 +0000] "GET /?cat=1&paged=153 HTTP/1.1" 200 11313 "-" "Amazon CloudFront"
64.252.74.231 - - [14/Apr/2026:14:40:54 +0000] "GET /?author=1&paged=4350 HTTP/1.1" 200 11382 "-" "Amazon CloudFront"
64.252.88.96 - - [14/Apr/2026:14:40:54 +0000] "GET /prizes/184099733 HTTP/1.1" 301 - "-" "Amazon CloudFront"
64.252.77.101 - - [14/Apr/2026:14:40:55 +0000] "GET /?p=9349 HTTP/1.1" 200 14059 "-" "Amazon CloudFront"
64.252.74.231 - - [14/Apr/2026:14:40:56 +0000] "GET /?author=1&paged=4349 HTTP/1.1" 200 11282 "-" "Amazon CloudFront"
64.252.86.163 - - [14/Apr/2026:14:40:55 +0000] "GET /prizes/184099733/ HTTP/1.1" 200 24259 "-" "Amazon CloudFront"
64.252.74.231 - - [14/Apr/2026:14:40:57 +0000] "GET /?author=2&paged=1083 HTTP/1.1" 200 11269 "-" "Amazon CloudFront"
64.252.74.231 - - [14/Apr/2026:14:40:59 +0000] "GET /?author=2&paged=4349 HTTP/1.1" 200 11282 "-" "Amazon CloudFront"
64.252.75.25 - - [14/Apr/2026:14:41:00 +0000] "GET /?p=9383 HTTP/1.1" 200 14406 "-" "Amazon CloudFront"
64.252.77.101 - - [14/Apr/2026:14:41:01 +0000] "GET /?p=9289 HTTP/1.1" 200 14057 "-" "Amazon CloudFront"
64.252.88.96 - - [14/Apr/2026:14:41:01 +0000] "GET /prizes/184137319 HTTP/1.1" 301 - "-" "Amazon CloudFront"
64.252.74.231 - - [14/Apr/2026:14:41:02 +0000] "GET /?author=2&paged=1084 HTTP/1.1" 200 11309 "-" "Amazon CloudFront"
64.252.74.231 - - [14/Apr/2026:14:41:03 +0000] "GET /?p=9393 HTTP/1.1" 200 14789 "-" "Amazon CloudFront"
64.252.74.231 - - [14/Apr/2026:14:41:04 +0000] "GET /?p=9399 HTTP/1.1" 200 14736 "-" "Amazon CloudFront"
64.252.88.96 - - [14/Apr/2026:14:41:02 +0000] "GET /prizes/184137319/ HTTP/1.1" 200 24274 "-" "Amazon CloudFront"
64.252.74.231 - - [14/Apr/2026:14:41:05 +0000] "GET /?author=2&paged=4348 HTTP/1.1" 200 11304 "-" "Amazon CloudFront"
64.252.75.25 - - [14/Apr/2026:14:41:07 +0000] "GET /?author=1&paged=4348 HTTP/1.1" 200 11303 "-" "Amazon CloudFront"
64.252.77.101 - - [14/Apr/2026:14:41:08 +0000] "GET /?cat=1&paged=155 HTTP/1.1" 200 11266 "-" "Amazon CloudFront"
64.252.88.96 - - [14/Apr/2026:14:41:09 +0000] "GET /prizes/184140127 HTTP/1.1" 301 - "-" "Amazon CloudFront"
64.252.75.25 - - [14/Apr/2026:14:41:10 +0000] "GET /?author=1&paged=4347 HTTP/1.1" 200 11203 "-" "Amazon CloudFront"
64.252.75.25 - - [14/Apr/2026:14:41:11 +0000] "GET /?cat=1&paged=154 HTTP/1.1" 200 11456 "-" "Amazon CloudFront"
64.252.88.96 - - [14/Apr/2026:14:41:10 +0000] "GET /prizes/184140127/ HTTP/1.1" 200 24300 "-" "Amazon CloudFront"
64.252.77.101 - - [14/Apr/2026:14:41:13 +0000] "GET /?author=2&paged=4347 HTTP/1.1" 200 11208 "-" "Amazon CloudFront"
64.252.75.25 - - [14/Apr/2026:14:41:14 +0000] "GET /?author=2&paged=1085 HTTP/1.1" 200 11340 "-" "Amazon CloudFront"
64.252.74.231 - - [14/Apr/2026:14:41:15 +0000] "GET /?p=9419 HTTP/1.1" 200 15216 "-" "Amazon CloudFront"
64.252.75.25 - - [14/Apr/2026:14:41:15 +0000] "GET /?p=62384 HTTP/1.1" 200 14587 "-" "Amazon CloudFront"
64.252.88.96 - - [14/Apr/2026:14:41:16 +0000] "GET /prizes/184156430 HTTP/1.1" 301 - "-" "Amazon CloudFront"
64.252.75.25 - - [14/Apr/2026:14:41:16 +0000] "GET /?author=2&paged=1086 HTTP/1.1" 200 11391 "-" "Amazon CloudFront"
64.252.75.25 - - [14/Apr/2026:14:41:18 +0000] "GET /?p=9373 HTTP/1.1" 200 16470 "-" "Amazon CloudFront"
64.252.88.210 - - [14/Apr/2026:14:41:17 +0000] "GET /prizes/184156430/ HTTP/1.1" 200 24259 "-" "Amazon CloudFront"
64.252.77.101 - - [14/Apr/2026:14:41:19 +0000] "GET /?p=9397 HTTP/1.1" 200 14782 "-" "Amazon CloudFront"
64.252.74.231 - - [14/Apr/2026:14:41:20 +0000] "GET /?author=2&paged=4346 HTTP/1.1" 200 11264 "-" "Amazon CloudFront"
15.158.215.109 - - [14/Apr/2026:14:41:22 +0000] "POST /wp-cron.php?doing_wp_cron=1776177682.0979099273681640625000 HTTP/1.1" 200 - "https://69b4844ae61d4e92bf26ad98af552775-devsite.readyship.co/wp-cron.php?doing_wp_cron=1776177682.0979099273681640625000" "WordPress/5.1.19; https://69b4844ae61d4e92bf26ad98af552775-devsite.readyship.co"
64.252.74.231 - - [14/Apr/2026:14:41:21 +0000] "GET /?author=1&paged=4346 HTTP/1.1" 200 11263 "-" "Amazon CloudFront"
64.252.77.101 - - [14/Apr/2026:14:41:23 +0000] "GET /?cat=1&paged=157 HTTP/1.1" 200 11371 "-" "Amazon CloudFront"
64.252.86.163 - - [14/Apr/2026:14:41:24 +0000] "GET /prizes/184159682 HTTP/1.1" 301 - "-" "Amazon CloudFront"
64.252.77.101 - - [14/Apr/2026:14:41:24 +0000] "GET /?p=9449 HTTP/1.1" 200 14591 "-" "Amazon CloudFront"
64.252.75.25 - - [14/Apr/2026:14:41:26 +0000] "GET /?author=1&paged=4345 HTTP/1.1" 200 11292 "-" "Amazon CloudFront"
64.252.88.96 - - [14/Apr/2026:14:41:25 +0000] "GET /prizes/184159682/ HTTP/1.1" 200 24304 "-" "Amazon CloudFront"
64.252.75.25 - - [14/Apr/2026:14:41:27 +0000] "GET /?author=2&paged=4345 HTTP/1.1" 200 11291 "-" "Amazon CloudFront"
64.252.77.101 - - [14/Apr/2026:14:41:28 +0000] "GET /?cat=1&paged=156 HTTP/1.1" 200 11390 "-" "Amazon CloudFront"
64.252.75.25 - - [14/Apr/2026:14:41:30 +0000] "GET /?author=2&paged=1087 HTTP/1.1" 200 11391 "-" "Amazon CloudFront"
64.252.88.96 - - [14/Apr/2026:14:41:31 +0000] "GET /prizes/184171511 HTTP/1.1" 301 - "-" "Amazon CloudFront"
64.252.77.101 - - [14/Apr/2026:14:41:31 +0000] "GET /?author=2&paged=1088 HTTP/1.1" 200 11316 "-" "Amazon CloudFront"
64.252.77.101 - - [14/Apr/2026:14:41:33 +0000] "GET /?p=9439 HTTP/1.1" 200 14658 "-" "Amazon CloudFront"
64.252.75.25 - - [14/Apr/2026:14:41:34 +0000] "GET /?p=9239 HTTP/1.1" 200 14341 "-" "Amazon CloudFront"
64.252.88.96 - - [14/Apr/2026:14:41:32 +0000] "GET /prizes/184171511/ HTTP/1.1" 200 24293 "-" "Amazon CloudFront"
64.252.77.101 - - [14/Apr/2026:14:41:35 +0000] "GET /?author=2&paged=4344 HTTP/1.1" 200 11301 "-" "Amazon CloudFront"
64.252.74.231 - - [14/Apr/2026:14:41:36 +0000] "GET /?author=1&paged=4344 HTTP/1.1" 200 11301 "-" "Amazon CloudFront"
64.252.86.163 - - [14/Apr/2026:14:41:39 +0000] "GET /prizes/184199177 HTTP/1.1" 301 - "-" "Amazon CloudFront"
64.252.74.231 - - [14/Apr/2026:14:41:38 +0000] "GET /?cat=1&paged=159 HTTP/1.1" 200 11400 "-" "Amazon CloudFront"
64.252.75.25 - - [14/Apr/2026:14:41:39 +0000] "GET /?cat=1&paged=158 HTTP/1.1" 200 11315 "-" "Amazon CloudFront"
64.252.74.231 - - [14/Apr/2026:14:41:41 +0000] "GET /?p=9499 HTTP/1.1" 200 14777 "-" "Amazon CloudFront"
64.252.88.96 - - [14/Apr/2026:14:41:39 +0000] "GET /prizes/184199177/ HTTP/1.1" 200 24291 "-" "Amazon CloudFront"
64.252.75.25 - - [14/Apr/2026:14:41:42 +0000] "GET /?author=2&paged=4343 HTTP/1.1" 200 11290 "-" "Amazon CloudFront"
64.252.77.101 - - [14/Apr/2026:14:41:43 +0000] "GET /?author=1&paged=4343 HTTP/1.1" 200 11287 "-" "Amazon CloudFront"
64.252.77.101 - - [14/Apr/2026:14:41:44 +0000] "GET /?author=2&paged=1089 HTTP/1.1" 200 11392 "-" "Amazon CloudFront"
64.252.88.210 - - [14/Apr/2026:14:41:46 +0000] "GET /prizes/184203016 HTTP/1.1" 301 - "-" "Amazon CloudFront"
64.252.77.101 - - [14/Apr/2026:14:41:46 +0000] "GET /?author=2&paged=1090 HTTP/1.1" 200 11359 "-" "Amazon CloudFront"
64.252.74.231 - - [14/Apr/2026:14:41:47 +0000] "GET /?p=9491 HTTP/1.1" 200 15004 "-" "Amazon CloudFront"
64.252.77.101 - - [14/Apr/2026:14:41:48 +0000] "GET /?p=9469 HTTP/1.1" 200 14336 "-" "Amazon CloudFront"
64.252.88.210 - - [14/Apr/2026:14:41:47 +0000] "GET /prizes/184203016/ HTTP/1.1" 200 24277 "-" "Amazon CloudFront"
64.252.77.101 - - [14/Apr/2026:14:41:50 +0000] "GET /?author=2&paged=4342 HTTP/1.1" 200 11237 "-" "Amazon CloudFront"
64.252.74.231 - - [14/Apr/2026:14:41:51 +0000] "GET /?author=1&paged=4342 HTTP/1.1" 200 11235 "-" "Amazon CloudFront"
64.252.75.25 - - [14/Apr/2026:14:41:52 +0000] "GET /?cat=1&paged=161 HTTP/1.1" 200 11294 "-" "Amazon CloudFront"
64.252.88.210 - - [14/Apr/2026:14:41:54 +0000] "GET /prizes/184206945 HTTP/1.1" 301 - "-" "Amazon CloudFront"
64.252.77.101 - - [14/Apr/2026:14:41:54 +0000] "GET /?cat=1&paged=160 HTTP/1.1" 200 11391 "-" "Amazon CloudFront"
64.252.74.231 - - [14/Apr/2026:14:41:55 +0000] "GET /?p=9509 HTTP/1.1" 200 15514 "-" "Amazon CloudFront"
64.252.88.210 - - [14/Apr/2026:14:41:55 +0000] "GET /prizes/184206945/ HTTP/1.1" 200 24276 "-" "Amazon CloudFront"
64.252.74.231 - - [14/Apr/2026:14:41:56 +0000] "GET /?author=2&paged=4341 HTTP/1.1" 200 11258 "-" "Amazon CloudFront"
64.252.74.231 - - [14/Apr/2026:14:41:58 +0000] "GET /?author=1&paged=4341 HTTP/1.1" 200 11256 "-" "Amazon CloudFront"
64.252.74.231 - - [14/Apr/2026:14:41:59 +0000] "GET /?author=2&paged=1091 HTTP/1.1" 200 11245 "-" "Amazon CloudFront"
64.252.88.96 - - [14/Apr/2026:14:42:01 +0000] "GET /prizes/184216278 HTTP/1.1" 301 - "-" "Amazon CloudFront"
64.252.75.25 - - [14/Apr/2026:14:42:00 +0000] "GET /?author=2&paged=1092 HTTP/1.1" 200 11336 "-" "Amazon CloudFront"
64.252.74.231 - - [14/Apr/2026:14:42:03 +0000] "GET /?p=9533 HTTP/1.1" 200 14640 "-" "Amazon CloudFront"
64.252.74.231 - - [14/Apr/2026:14:42:05 +0000] "GET /?p=9505 HTTP/1.1" 200 15090 "-" "Amazon CloudFront"
64.252.88.210 - - [14/Apr/2026:14:42:02 +0000] "GET /prizes/184216278/ HTTP/1.1" 200 24276 "-" "Amazon CloudFront"
64.252.75.25 - - [14/Apr/2026:14:42:06 +0000] "GET /?p=9559 HTTP/1.1" 200 14592 "-" "Amazon CloudFront"
64.252.75.25 - - [14/Apr/2026:14:42:07 +0000] "GET /?author=1&paged=4340 HTTP/1.1" 200 11323 "-" "Amazon CloudFront"
64.252.74.231 - - [14/Apr/2026:14:42:09 +0000] "GET /?author=2&paged=4340 HTTP/1.1" 200 11324 "-" "Amazon CloudFront"
64.252.86.163 - - [14/Apr/2026:14:42:09 +0000] "GET /prizes/184225955 HTTP/1.1" 301 - "-" "Amazon CloudFront"
64.252.75.25 - - [14/Apr/2026:14:42:10 +0000] "GET /?cat=1&paged=162 HTTP/1.1" 200 11337 "-" "Amazon CloudFront"
64.252.74.231 - - [14/Apr/2026:14:42:11 +0000] "GET /?cat=1&paged=163 HTTP/1.1" 200 11502 "-" "Amazon CloudFront"
64.252.88.210 - - [14/Apr/2026:14:42:10 +0000] "GET /prizes/184225955/ HTTP/1.1" 200 24274 "-" "Amazon CloudFront"
64.252.77.101 - - [14/Apr/2026:14:42:13 +0000] "GET /?author=2&paged=4339 HTTP/1.1" 200 11248 "-" "Amazon CloudFront"
64.252.74.231 - - [14/Apr/2026:14:42:14 +0000] "GET /?author=1&paged=4339 HTTP/1.1" 200 11247 "-" "Amazon CloudFront"
64.252.75.25 - - [14/Apr/2026:14:42:15 +0000] "GET /?author=2&paged=1093 HTTP/1.1" 200 11368 "-" "Amazon CloudFront"
64.252.86.163 - - [14/Apr/2026:14:42:17 +0000] "GET /prizes/184230804 HTTP/1.1" 301 - "-" "Amazon CloudFront"
64.252.74.231 - - [14/Apr/2026:14:42:17 +0000] "GET /?author=2&paged=1094 HTTP/1.1" 200 11396 "-" "Amazon CloudFront"
64.252.74.231 - - [14/Apr/2026:14:42:18 +0000] "GET /?p=9553 HTTP/1.1" 200 14926 "-" "Amazon CloudFront"
64.252.74.231 - - [14/Apr/2026:14:42:19 +0000] "GET /?p=9447 HTTP/1.1" 200 14275 "-" "Amazon CloudFront"
64.252.86.163 - - [14/Apr/2026:14:42:18 +0000] "GET /prizes/184230804/ HTTP/1.1" 200 24287 "-" "Amazon CloudFront"
64.252.74.231 - - [14/Apr/2026:14:42:20 +0000] "GET /?p=9269 HTTP/1.1" 200 14653 "-" "Amazon CloudFront"
15.158.215.109 - - [14/Apr/2026:14:42:22 +0000] "POST /wp-cron.php?doing_wp_cron=1776177742.8756580352783203125000 HTTP/1.1" 200 - "https://69b4844ae61d4e92bf26ad98af552775-devsite.readyship.co/wp-cron.php?doing_wp_cron=1776177742.8756580352783203125000" "WordPress/5.1.19; https://69b4844ae61d4e92bf26ad98af552775-devsite.readyship.co"
64.252.77.101 - - [14/Apr/2026:14:42:22 +0000] "GET /?p=9599 HTTP/1.1" 200 14426 "-" "Amazon CloudFront"
64.252.75.25 - - [14/Apr/2026:14:42:24 +0000] "GET /?p=9595 HTTP/1.1" 200 16236 "-" "Amazon CloudFront"
64.252.88.96 - - [14/Apr/2026:14:42:24 +0000] "GET /prizes/184270622 HTTP/1.1" 301 - "-" "Amazon CloudFront"
64.252.77.101 - - [14/Apr/2026:14:42:25 +0000] "GET /?author=2&paged=4338 HTTP/1.1" 200 11333 "-" "Amazon CloudFront"
64.252.77.101 - - [14/Apr/2026:14:42:26 +0000] "GET /?author=1&paged=4338 HTTP/1.1" 200 11333 "-" "Amazon CloudFront"
64.252.86.163 - - [14/Apr/2026:14:42:25 +0000] "GET /prizes/184270622/ HTTP/1.1" 200 24311 "-" "Amazon CloudFront"
64.252.75.25 - - [14/Apr/2026:14:42:28 +0000] "GET /?author=2&paged=4337 HTTP/1.1" 200 11283 "-" "Amazon CloudFront"
64.252.77.101 - - [14/Apr/2026:14:42:29 +0000] "GET /?author=1&paged=4337 HTTP/1.1" 200 11281 "-" "Amazon CloudFront"
64.252.75.25 - - [14/Apr/2026:14:42:30 +0000] "GET /?p=9589 HTTP/1.1" 200 14889 "-" "Amazon CloudFront"
64.252.86.163 - - [14/Apr/2026:14:42:32 +0000] "GET /prizes/184271854 HTTP/1.1" 301 - "-" "Amazon CloudFront"
64.252.77.101 - - [14/Apr/2026:14:42:32 +0000] "GET /?p=9611 HTTP/1.1" 200 14582 "-" "Amazon CloudFront"
64.252.74.231 - - [14/Apr/2026:14:42:33 +0000] "GET /?cat=1&paged=164 HTTP/1.1" 200 11395 "-" "Amazon CloudFront"
64.252.74.231 - - [14/Apr/2026:14:42:34 +0000] "GET /?cat=1&paged=165 HTTP/1.1" 200 11290 "-" "Amazon CloudFront"
64.252.86.163 - - [14/Apr/2026:14:42:33 +0000] "GET /prizes/184271854/ HTTP/1.1" 200 24315 "-" "Amazon CloudFront"
64.252.77.101 - - [14/Apr/2026:14:42:36 +0000] "GET /?author=2&paged=1095 HTTP/1.1" 200 11273 "-" "Amazon CloudFront"
64.252.77.101 - - [14/Apr/2026:14:42:37 +0000] "GET /?author=2&paged=1096 HTTP/1.1" 200 11255 "-" "Amazon CloudFront"
64.252.74.231 - - [14/Apr/2026:14:42:39 +0000] "GET /?p=9443 HTTP/1.1" 200 14760 "-" "Amazon CloudFront"
64.252.86.163 - - [14/Apr/2026:14:42:39 +0000] "GET /prizes/184285925 HTTP/1.1" 301 - "-" "Amazon CloudFront"
64.252.77.101 - - [14/Apr/2026:14:42:40 +0000] "GET /?author=2&paged=4336 HTTP/1.1" 200 11180 "-" "Amazon CloudFront"
64.252.74.231 - - [14/Apr/2026:14:42:41 +0000] "GET /?author=1&paged=4336 HTTP/1.1" 200 11180 "-" "Amazon CloudFront"
64.252.75.25 - - [14/Apr/2026:14:42:42 +0000] "GET /?author=2&paged=4335 HTTP/1.1" 200 11287 "-" "Amazon CloudFront"
64.252.88.210 - - [14/Apr/2026:14:42:40 +0000] "GET /prizes/184285925/ HTTP/1.1" 200 24301 "-" "Amazon CloudFront"
64.252.69.192 - - [14/Apr/2026:14:42:43 +0000] "GET /?p=68682 HTTP/1.1" 200 14517 "-" "Amazon CloudFront"
64.252.75.25 - - [14/Apr/2026:14:42:43 +0000] "GET /?author=1&paged=4335 HTTP/1.1" 200 11283 "-" "Amazon CloudFront"
64.252.75.25 - - [14/Apr/2026:14:42:45 +0000] "GET /?p=9459 HTTP/1.1" 200 14206 "-" "Amazon CloudFront"
64.252.77.101 - - [14/Apr/2026:14:42:46 +0000] "GET /?p=9249 HTTP/1.1" 200 15854 "-" "Amazon CloudFront"
64.252.86.163 - - [14/Apr/2026:14:42:47 +0000] "GET /prizes/184307410 HTTP/1.1" 301 - "-" "Amazon CloudFront"
64.252.74.231 - - [14/Apr/2026:14:42:47 +0000] "GET /?cat=1&paged=166 HTTP/1.1" 200 11388 "-" "Amazon CloudFront"
64.252.75.25 - - [14/Apr/2026:14:42:48 +0000] "GET /?cat=1&paged=167 HTTP/1.1" 200 11456 "-" "Amazon CloudFront"
64.252.88.210 - - [14/Apr/2026:14:42:47 +0000] "GET /prizes/184307410/ HTTP/1.1" 200 24281 "-" "Amazon CloudFront"
64.252.75.25 - - [14/Apr/2026:14:42:50 +0000] "GET /?author=2&paged=1097 HTTP/1.1" 200 11363 "-" "Amazon CloudFront"
64.252.75.25 - - [14/Apr/2026:14:42:51 +0000] "GET /?author=2&paged=1098 HTTP/1.1" 200 11324 "-" "Amazon CloudFront"
64.252.77.101 - - [14/Apr/2026:14:42:53 +0000] "GET /?p=9591 HTTP/1.1" 200 14120 "-" "Amazon CloudFront"
64.252.86.163 - - [14/Apr/2026:14:42:54 +0000] "GET /prizes/184327652 HTTP/1.1" 301 - "-" "Amazon CloudFront"
64.252.74.231 - - [14/Apr/2026:14:42:54 +0000] "GET /?p=9669 HTTP/1.1" 200 14623 "-" "Amazon CloudFront"
64.252.74.231 - - [14/Apr/2026:14:42:55 +0000] "GET /?author=2&paged=4334 HTTP/1.1" 200 11377 "-" "Amazon CloudFront"
64.252.75.25 - - [14/Apr/2026:14:42:56 +0000] "GET /?p=9699 HTTP/1.1" 200 14359 "-" "Amazon CloudFront"
64.252.88.96 - - [14/Apr/2026:14:42:55 +0000] "GET /prizes/184327652/ HTTP/1.1" 200 24277 "-" "Amazon CloudFront"
64.252.74.231 - - [14/Apr/2026:14:42:57 +0000] "GET /?author=1&paged=4334 HTTP/1.1" 200 11375 "-" "Amazon CloudFront"
64.252.74.231 - - [14/Apr/2026:14:42:58 +0000] "GET /?p=9695 HTTP/1.1" 200 14856 "-" "Amazon CloudFront"
64.252.75.25 - - [14/Apr/2026:14:42:59 +0000] "GET /?p=9697 HTTP/1.1" 200 14582 "-" "Amazon CloudFront"
64.252.86.163 - - [14/Apr/2026:14:43:02 +0000] "GET /prizes/184344076 HTTP/1.1" 301 - "-" "Amazon CloudFront"
64.252.74.231 - - [14/Apr/2026:14:43:01 +0000] "GET /?cat=1&paged=168 HTTP/1.1" 200 11256 "-" "Amazon CloudFront"
64.252.75.25 - - [14/Apr/2026:14:43:03 +0000] "GET /?p=62423 HTTP/1.1" 200 14291 "-" "Amazon CloudFront"
64.252.75.25 - - [14/Apr/2026:14:43:02 +0000] "GET /?cat=1&paged=169 HTTP/1.1" 200 11837 "-" "Amazon CloudFront"
64.252.75.25 - - [14/Apr/2026:14:43:04 +0000] "GET /?author=2&paged=1099 HTTP/1.1" 200 11337 "-" "Amazon CloudFront"
64.252.86.163 - - [14/Apr/2026:14:43:02 +0000] "GET /prizes/184344076/ HTTP/1.1" 200 24273 "-" "Amazon CloudFront"
64.252.74.231 - - [14/Apr/2026:14:43:05 +0000] "GET /?author=2&paged=1100 HTTP/1.1" 200 11340 "-" "Amazon CloudFront"
64.252.77.101 - - [14/Apr/2026:14:43:07 +0000] "GET /?p=9689 HTTP/1.1" 200 14126 "-" "Amazon CloudFront"
64.252.75.25 - - [14/Apr/2026:14:43:08 +0000] "GET /?p=9693 HTTP/1.1" 200 14555 "-" "Amazon CloudFront"
64.252.88.210 - - [14/Apr/2026:14:43:09 +0000] "GET /prizes/184423955 HTTP/1.1" 301 - "-" "Amazon CloudFront"
64.252.74.231 - - [14/Apr/2026:14:43:09 +0000] "GET /?author=2&paged=4332 HTTP/1.1" 200 11202 "-" "Amazon CloudFront"
64.252.75.25 - - [14/Apr/2026:14:43:10 +0000] "GET /?p=9707 HTTP/1.1" 200 14317 "-" "Amazon CloudFront"
64.252.75.25 - - [14/Apr/2026:14:43:11 +0000] "GET /?author=1&paged=4332 HTTP/1.1" 200 11202 "-" "Amazon CloudFront"
64.252.88.96 - - [14/Apr/2026:14:43:10 +0000] "GET /prizes/184423955/ HTTP/1.1" 200 24297 "-" "Amazon CloudFront"
64.252.75.25 - - [14/Apr/2026:14:43:13 +0000] "GET /?p=9719 HTTP/1.1" 200 14748 "-" "Amazon CloudFront"
64.252.77.101 - - [14/Apr/2026:14:43:14 +0000] "GET /?p=9711 HTTP/1.1" 200 14230 "-" "Amazon CloudFront"
64.252.86.163 - - [14/Apr/2026:14:43:17 +0000] "GET /prizes/184434208 HTTP/1.1" 301 - "-" "Amazon CloudFront"
64.252.74.231 - - [14/Apr/2026:14:43:15 +0000] "GET /?cat=1&paged=170 HTTP/1.1" 200 11354 "-" "Amazon CloudFront"
64.252.74.231 - - [14/Apr/2026:14:43:17 +0000] "GET /?cat=1&paged=171 HTTP/1.1" 200 11511 "-" "Amazon CloudFront"
64.252.77.101 - - [14/Apr/2026:14:43:18 +0000] "GET /?author=2&paged=1101 HTTP/1.1" 200 11286 "-" "Amazon CloudFront"
64.252.77.101 - - [14/Apr/2026:14:43:19 +0000] "GET /?author=2&paged=1102 HTTP/1.1" 200 11353 "-" "Amazon CloudFront"
64.252.88.210 - - [14/Apr/2026:14:43:17 +0000] "GET /prizes/184434208/ HTTP/1.1" 200 24294 "-" "Amazon CloudFront"
64.252.74.231 - - [14/Apr/2026:14:43:21 +0000] "GET /?p=9411 HTTP/1.1" 200 14678 "-" "Amazon CloudFront"
15.158.215.109 - - [14/Apr/2026:14:43:23 +0000] "POST /wp-cron.php?doing_wp_cron=1776177802.9753549098968505859375 HTTP/1.1" 200 - "https://69b4844ae61d4e92bf26ad98af552775-devsite.readyship.co/wp-cron.php?doing_wp_cron=1776177802.9753549098968505859375" "WordPress/5.1.19; https://69b4844ae61d4e92bf26ad98af552775-devsite.readyship.co"
64.252.74.231 - - [14/Apr/2026:14:43:22 +0000] "GET /?p=9539 HTTP/1.1" 200 14700 "-" "Amazon CloudFront"
64.252.75.25 - - [14/Apr/2026:14:43:24 +0000] "GET /?author=2&paged=4331 HTTP/1.1" 200 11359 "-" "Amazon CloudFront"
64.252.86.163 - - [14/Apr/2026:14:43:25 +0000] "GET /prizes/184437349 HTTP/1.1" 301 - "-" "Amazon CloudFront"
64.252.74.231 - - [14/Apr/2026:14:43:25 +0000] "GET /?author=2&paged=4330 HTTP/1.1" 200 11301 "-" "Amazon CloudFront"
64.252.75.25 - - [14/Apr/2026:14:43:27 +0000] "GET /?author=1&paged=4330 HTTP/1.1" 200 11302 "-" "Amazon CloudFront"
64.252.88.210 - - [14/Apr/2026:14:43:26 +0000] "GET /prizes/184437349/ HTTP/1.1" 200 24271 "-" "Amazon CloudFront"
64.252.74.231 - - [14/Apr/2026:14:43:28 +0000] "GET /?author=1&paged=4331 HTTP/1.1" 200 11357 "-" "Amazon CloudFront"
64.252.74.231 - - [14/Apr/2026:14:43:29 +0000] "GET /?p=9757 HTTP/1.1" 200 14650 "-" "Amazon CloudFront"
64.252.77.101 - - [14/Apr/2026:14:43:30 +0000] "GET /?cat=1&paged=172 HTTP/1.1" 200 11418 "-" "Amazon CloudFront"
64.252.88.210 - - [14/Apr/2026:14:43:32 +0000] "GET /prizes/184463117 HTTP/1.1" 301 - "-" "Amazon CloudFront"
64.252.75.25 - - [14/Apr/2026:14:43:32 +0000] "GET /?cat=1&paged=173 HTTP/1.1" 200 11323 "-" "Amazon CloudFront"
64.252.77.101 - - [14/Apr/2026:14:43:33 +0000] "GET /?author=2&paged=1103 HTTP/1.1" 200 11347 "-" "Amazon CloudFront"
64.252.75.25 - - [14/Apr/2026:14:43:34 +0000] "GET /?author=2&paged=1104 HTTP/1.1" 200 11435 "-" "Amazon CloudFront"
64.252.88.96 - - [14/Apr/2026:14:43:33 +0000] "GET /prizes/184463117/ HTTP/1.1" 200 24261 "-" "Amazon CloudFront"
64.252.77.101 - - [14/Apr/2026:14:43:36 +0000] "GET /?p=9335 HTTP/1.1" 200 16002 "-" "Amazon CloudFront"
64.252.75.25 - - [14/Apr/2026:14:43:37 +0000] "GET /?p=9597 HTTP/1.1" 200 16502 "-" "Amazon CloudFront"
64.252.75.25 - - [14/Apr/2026:14:43:38 +0000] "GET /?p=9779 HTTP/1.1" 200 14599 "-" "Amazon CloudFront"
64.252.75.25 - - [14/Apr/2026:14:43:39 +0000] "GET /?p=9799 HTTP/1.1" 200 14455 "-" "Amazon CloudFront"
64.252.88.210 - - [14/Apr/2026:14:43:40 +0000] "GET /prizes/184466147 HTTP/1.1" 301 - "-" "Amazon CloudFront"
64.252.75.25 - - [14/Apr/2026:14:43:40 +0000] "GET /?p=9797 HTTP/1.1" 200 14716 "-" "Amazon CloudFront"
64.252.75.25 - - [14/Apr/2026:14:43:41 +0000] "GET /?author=2&paged=4329 HTTP/1.1" 200 11195 "-" "Amazon CloudFront"
64.252.75.25 - - [14/Apr/2026:14:43:43 +0000] "GET /?author=2&paged=4328 HTTP/1.1" 200 11072 "-" "Amazon CloudFront"
64.252.69.192 - - [14/Apr/2026:14:43:44 +0000] "GET /?p=69552 HTTP/1.1" 200 17415 "-" "Amazon CloudFront"
64.252.86.163 - - [14/Apr/2026:14:43:41 +0000] "GET /prizes/184466147/ HTTP/1.1" 200 24270 "-" "Amazon CloudFront"
64.252.75.25 - - [14/Apr/2026:14:43:44 +0000] "GET /?cat=1&paged=174 HTTP/1.1" 200 11404 "-" "Amazon CloudFront"
64.252.77.101 - - [14/Apr/2026:14:43:46 +0000] "GET /?cat=1&paged=175 HTTP/1.1" 200 11422 "-" "Amazon CloudFront"
18.68.51.43 - - [14/Apr/2026:14:43:48 +0000] "GET /wp-login.php HTTP/1.1" 200 1185 "https://69b4844ae61d4e92bf26ad98af552775-devsite.readyship.co/" "Mozilla/5.0 (Windows NT 10.0; Win64; x64) AppleWebKit/537.36 (KHTML, like Gecko) Chrome/114.0.0.0 Safari/537.36 Edg/114.0.1264.71"
64.252.77.101 - - [14/Apr/2026:14:43:47 +0000] "GET /?author=2&paged=1105 HTTP/1.1" 200 11327 "-" "Amazon CloudFront"
18.68.51.43 - - [14/Apr/2026:14:43:48 +0000] "GET /wp-login.php HTTP/1.1" 200 1185 "https://69b4844ae61d4e92bf26ad98af552775-devsite.readyship.co/wp-login.php" "Mozilla/5.0 (Windows NT 6.3; Win64; x64) AppleWebKit/537.36 (KHTML, like Gecko) Chrome/103.0.0.0 Safari/537.36"
64.252.88.96 - - [14/Apr/2026:14:43:48 +0000] "GET /prizes/184514288 HTTP/1.1" 301 - "-" "Amazon CloudFront"
18.68.51.43 - - [14/Apr/2026:14:43:49 +0000] "POST /wp-login.php HTTP/1.1" 200 1583 "https://69b4844ae61d4e92bf26ad98af552775-devsite.readyship.co/wp-login.php" "Mozilla/5.0 (Windows NT 6.3; Win64; x64) AppleWebKit/537.36 (KHTML, like Gecko) Chrome/103.0.0.0 Safari/537.36"
64.252.77.101 - - [14/Apr/2026:14:43:48 +0000] "GET /?author=2&paged=1106 HTTP/1.1" 200 11916 "-" "Amazon CloudFront"
64.252.74.231 - - [14/Apr/2026:14:43:50 +0000] "GET /?author=1&paged=4328 HTTP/1.1" 200 11072 "-" "Amazon CloudFront"
64.252.75.25 - - [14/Apr/2026:14:43:51 +0000] "GET /?author=1&paged=4329 HTTP/1.1" 200 11194 "-" "Amazon CloudFront"
64.252.88.210 - - [14/Apr/2026:14:43:49 +0000] "GET /prizes/184514288/ HTTP/1.1" 200 24256 "-" "Amazon CloudFront"
64.252.74.231 - - [14/Apr/2026:14:43:52 +0000] "GET /?p=9771 HTTP/1.1" 200 14050 "-" "Amazon CloudFront"
64.252.74.231 - - [14/Apr/2026:14:43:53 +0000] "GET /?p=9773 HTTP/1.1" 200 15494 "-" "Amazon CloudFront"
64.252.74.231 - - [14/Apr/2026:14:43:54 +0000] "GET /?p=9789 HTTP/1.1" 200 16100 "-" "Amazon CloudFront"
64.252.88.96 - - [14/Apr/2026:14:43:56 +0000] "GET /prizes/184515208 HTTP/1.1" 301 - "-" "Amazon CloudFront"
64.252.77.101 - - [14/Apr/2026:14:43:56 +0000] "GET /?author=2&paged=4327 HTTP/1.1" 200 11501 "-" "Amazon CloudFront"
64.252.74.231 - - [14/Apr/2026:14:43:57 +0000] "GET /?author=2&paged=4326 HTTP/1.1" 200 11250 "-" "Amazon CloudFront"
64.252.88.96 - - [14/Apr/2026:14:43:56 +0000] "GET /prizes/184515208/ HTTP/1.1" 200 24266 "-" "Amazon CloudFront"
64.252.77.101 - - [14/Apr/2026:14:43:59 +0000] "GET /?cat=1&paged=176 HTTP/1.1" 200 11382 "-" "Amazon CloudFront"
64.252.75.25 - - [14/Apr/2026:14:44:00 +0000] "GET /?cat=1&paged=177 HTTP/1.1" 200 11415 "-" "Amazon CloudFront"
64.252.74.231 - - [14/Apr/2026:14:44:02 +0000] "GET /?author=2&paged=1107 HTTP/1.1" 200 11423 "-" "Amazon CloudFront"
64.252.88.96 - - [14/Apr/2026:14:44:03 +0000] "GET /prizes/184523066 HTTP/1.1" 301 - "-" "Amazon CloudFront"
64.252.77.101 - - [14/Apr/2026:14:44:03 +0000] "GET /?author=2&paged=1108 HTTP/1.1" 200 11250 "-" "Amazon CloudFront"
64.252.75.25 - - [14/Apr/2026:14:44:05 +0000] "GET /?author=1&paged=4327 HTTP/1.1" 200 11498 "-" "Amazon CloudFront"
64.252.74.231 - - [14/Apr/2026:14:44:06 +0000] "GET /?author=1&paged=4326 HTTP/1.1" 200 11251 "-" "Amazon CloudFront"
64.252.88.96 - - [14/Apr/2026:14:44:04 +0000] "GET /prizes/184523066/ HTTP/1.1" 200 24295 "-" "Amazon CloudFront"
64.252.74.231 - - [14/Apr/2026:14:44:07 +0000] "GET /?p=9819 HTTP/1.1" 200 16444 "-" "Amazon CloudFront"
64.252.75.25 - - [14/Apr/2026:14:44:08 +0000] "GET /?p=9755 HTTP/1.1" 200 14756 "-" "Amazon CloudFront"
64.252.77.101 - - [14/Apr/2026:14:44:10 +0000] "GET /?p=9259 HTTP/1.1" 200 14547 "-" "Amazon CloudFront"
64.252.86.163 - - [14/Apr/2026:14:44:11 +0000] "GET /prizes/184523743 HTTP/1.1" 301 - "-" "Amazon CloudFront"
64.252.74.231 - - [14/Apr/2026:14:44:11 +0000] "GET /?author=2&paged=4325 HTTP/1.1" 200 11194 "-" "Amazon CloudFront"
64.252.77.101 - - [14/Apr/2026:14:44:12 +0000] "GET /?author=2&paged=4324 HTTP/1.1" 200 11242 "-" "Amazon CloudFront"
64.252.75.25 - - [14/Apr/2026:14:44:13 +0000] "GET /?cat=1&paged=178 HTTP/1.1" 200 11379 "-" "Amazon CloudFront"
64.252.88.210 - - [14/Apr/2026:14:44:12 +0000] "GET /prizes/184523743/ HTTP/1.1" 200 24291 "-" "Amazon CloudFront"
64.252.75.25 - - [14/Apr/2026:14:44:15 +0000] "GET /?cat=1&paged=179 HTTP/1.1" 200 11304 "-" "Amazon CloudFront"
64.252.77.101 - - [14/Apr/2026:14:44:16 +0000] "GET /?author=2&paged=1109 HTTP/1.1" 200 11392 "-" "Amazon CloudFront"
64.252.88.210 - - [14/Apr/2026:14:44:18 +0000] "GET /prizes/184543107 HTTP/1.1" 301 - "-" "Amazon CloudFront"
64.252.74.231 - - [14/Apr/2026:14:44:18 +0000] "GET /?p=9409 HTTP/1.1" 200 14180 "-" "Amazon CloudFront"
64.252.75.25 - - [14/Apr/2026:14:44:19 +0000] "GET /?author=1&paged=4325 HTTP/1.1" 200 11192 "-" "Amazon CloudFront"
64.252.74.231 - - [14/Apr/2026:14:44:20 +0000] "GET /?author=1&paged=4324 HTTP/1.1" 200 11239 "-" "Amazon CloudFront"
15.158.215.109 - - [14/Apr/2026:14:44:22 +0000] "POST /wp-cron.php?doing_wp_cron=1776177862.2079629898071289062500 HTTP/1.1" 200 - "https://69b4844ae61d4e92bf26ad98af552775-devsite.readyship.co/wp-cron.php?doing_wp_cron=1776177862.2079629898071289062500" "WordPress/5.1.19; https://69b4844ae61d4e92bf26ad98af552775-devsite.readyship.co"
64.252.88.210 - - [14/Apr/2026:14:44:19 +0000] "GET /prizes/184543107/ HTTP/1.1" 200 24293 "-" "Amazon CloudFront"
64.252.77.101 - - [14/Apr/2026:14:44:21 +0000] "GET /?p=9717 HTTP/1.1" 200 14821 "-" "Amazon CloudFront"
64.252.77.101 - - [14/Apr/2026:14:44:23 +0000] "GET /?p=9579 HTTP/1.1" 200 14672 "-" "Amazon CloudFront"
64.252.74.231 - - [14/Apr/2026:14:44:24 +0000] "GET /?p=9116 HTTP/1.1" 200 19403 "-" "Amazon CloudFront"
64.252.88.96 - - [14/Apr/2026:14:44:25 +0000] "GET /prizes/184559965 HTTP/1.1" 301 - "-" "Amazon CloudFront"
64.252.77.101 - - [14/Apr/2026:14:44:25 +0000] "GET /?author=2&paged=4323 HTTP/1.1" 200 11141 "-" "Amazon CloudFront"
64.252.77.101 - - [14/Apr/2026:14:44:26 +0000] "GET /?author=2&paged=4322 HTTP/1.1" 200 11239 "-" "Amazon CloudFront"
64.252.75.25 - - [14/Apr/2026:14:44:28 +0000] "GET /?cat=1&paged=180 HTTP/1.1" 200 11408 "-" "Amazon CloudFront"
64.252.86.163 - - [14/Apr/2026:14:44:26 +0000] "GET /prizes/184559965/ HTTP/1.1" 200 24278 "-" "Amazon CloudFront"
64.252.74.231 - - [14/Apr/2026:14:44:29 +0000] "GET /?cat=1&paged=181 HTTP/1.1" 200 11314 "-" "Amazon CloudFront"
64.252.77.101 - - [14/Apr/2026:14:44:31 +0000] "GET /?author=2&paged=1111 HTTP/1.1" 200 11262 "-" "Amazon CloudFront"
64.252.74.231 - - [14/Apr/2026:14:44:32 +0000] "GET /?p=8189 HTTP/1.1" 200 17054 "-" "Amazon CloudFront"
64.252.88.96 - - [14/Apr/2026:14:44:33 +0000] "GET /prizes/184575046 HTTP/1.1" 301 - "-" "Amazon CloudFront"
64.252.74.231 - - [14/Apr/2026:14:44:33 +0000] "GET /?author=1&paged=4323 HTTP/1.1" 200 11138 "-" "Amazon CloudFront"
64.252.75.25 - - [14/Apr/2026:14:44:34 +0000] "GET /?author=1&paged=4322 HTTP/1.1" 200 11235 "-" "Amazon CloudFront"
64.252.77.101 - - [14/Apr/2026:14:44:36 +0000] "GET /?p=9655 HTTP/1.1" 200 14356 "-" "Amazon CloudFront"
64.252.88.96 - - [14/Apr/2026:14:44:34 +0000] "GET /prizes/184575046/ HTTP/1.1" 200 24291 "-" "Amazon CloudFront"
64.252.75.25 - - [14/Apr/2026:14:44:37 +0000] "GET /?p=8772 HTTP/1.1" 200 20481 "-" "Amazon CloudFront"
64.252.75.25 - - [14/Apr/2026:14:44:38 +0000] "GET /?author=2&paged=4321 HTTP/1.1" 200 11235 "-" "Amazon CloudFront"
64.252.74.231 - - [14/Apr/2026:14:44:40 +0000] "GET /?author=2&paged=4320 HTTP/1.1" 200 11216 "-" "Amazon CloudFront"
64.252.86.163 - - [14/Apr/2026:14:44:40 +0000] "GET /prizes/184609460 HTTP/1.1" 301 - "-" "Amazon CloudFront"
64.252.77.101 - - [14/Apr/2026:14:44:41 +0000] "GET /?cat=1&paged=182 HTTP/1.1" 200 11334 "-" "Amazon CloudFront"
64.252.75.25 - - [14/Apr/2026:14:44:42 +0000] "GET /?cat=1&paged=183 HTTP/1.1" 200 11318 "-" "Amazon CloudFront"
64.252.88.96 - - [14/Apr/2026:14:44:41 +0000] "GET /prizes/184609460/ HTTP/1.1" 200 24276 "-" "Amazon CloudFront"
64.252.86.163 - - [14/Apr/2026:14:44:48 +0000] "GET /prizes/184632531 HTTP/1.1" 301 - "-" "Amazon CloudFront"
64.252.74.231 - - [14/Apr/2026:14:44:44 +0000] "GET /?p=8758 HTTP/1.1" 200 16838 "-" "Amazon CloudFront"
64.252.77.101 - - [14/Apr/2026:14:44:49 +0000] "GET /?p=8776 HTTP/1.1" 200 19720 "-" "Amazon CloudFront"
64.252.77.101 - - [14/Apr/2026:14:44:50 +0000] "GET /?author=1&paged=4321 HTTP/1.1" 200 11232 "-" "Amazon CloudFront"
64.252.88.210 - - [14/Apr/2026:14:44:49 +0000] "GET /prizes/184632531/ HTTP/1.1" 200 24301 "-" "Amazon CloudFront"
64.252.75.25 - - [14/Apr/2026:14:44:52 +0000] "GET /?author=1&paged=4320 HTTP/1.1" 200 11215 "-" "Amazon CloudFront"
64.252.77.101 - - [14/Apr/2026:14:44:53 +0000] "GET /?p=9331 HTTP/1.1" 200 14347 "-" "Amazon CloudFront"
64.252.74.231 - - [14/Apr/2026:14:44:54 +0000] "GET /?p=9313 HTTP/1.1" 200 14496 "-" "Amazon CloudFront"
64.252.88.96 - - [14/Apr/2026:14:44:55 +0000] "GET /prizes/184634117 HTTP/1.1" 301 - "-" "Amazon CloudFront"
64.252.77.101 - - [14/Apr/2026:14:44:55 +0000] "GET /?p=8191 HTTP/1.1" 200 22402 "-" "Amazon CloudFront"
64.252.74.231 - - [14/Apr/2026:14:44:56 +0000] "GET /?author=2&paged=4319 HTTP/1.1" 200 11170 "-" "Amazon CloudFront"
64.252.74.231 - - [14/Apr/2026:14:44:58 +0000] "GET /?author=2&paged=4318 HTTP/1.1" 200 11210 "-" "Amazon CloudFront"
64.252.86.163 - - [14/Apr/2026:14:44:56 +0000] "GET /prizes/184634117/ HTTP/1.1" 200 24261 "-" "Amazon CloudFront"
64.252.77.101 - - [14/Apr/2026:14:44:59 +0000] "GET /?cat=1&paged=184 HTTP/1.1" 200 11299 "-" "Amazon CloudFront"
64.252.77.101 - - [14/Apr/2026:14:45:01 +0000] "GET /?cat=1&paged=185 HTTP/1.1" 200 11367 "-" "Amazon CloudFront"
64.252.88.210 - - [14/Apr/2026:14:45:02 +0000] "GET /prizes/184656723 HTTP/1.1" 301 - "-" "Amazon CloudFront"
64.252.74.231 - - [14/Apr/2026:14:45:03 +0000] "GET /?p=7433 HTTP/1.1" 200 20431 "-" "Amazon CloudFront"
64.252.77.101 - - [14/Apr/2026:14:45:04 +0000] "GET /?p=7929 HTTP/1.1" 200 19726 "-" "Amazon CloudFront"
64.252.74.231 - - [14/Apr/2026:14:45:05 +0000] "GET /?author=1&paged=4319 HTTP/1.1" 200 11167 "-" "Amazon CloudFront"
64.252.88.210 - - [14/Apr/2026:14:45:03 +0000] "GET /prizes/184656723/ HTTP/1.1" 200 24266 "-" "Amazon CloudFront"
64.252.74.231 - - [14/Apr/2026:14:45:07 +0000] "GET /?author=1&paged=4318 HTTP/1.1" 200 11208 "-" "Amazon CloudFront"
64.252.77.101 - - [14/Apr/2026:14:45:08 +0000] "GET /?p=9609 HTTP/1.1" 200 14260 "-" "Amazon CloudFront"
64.252.75.25 - - [14/Apr/2026:14:45:09 +0000] "GET /?p=9121 HTTP/1.1" 200 16101 "-" "Amazon CloudFront"
64.252.88.210 - - [14/Apr/2026:14:45:10 +0000] "GET /prizes/184700713 HTTP/1.1" 301 - "-" "Amazon CloudFront"
64.252.75.25 - - [14/Apr/2026:14:45:10 +0000] "GET /?p=9667 HTTP/1.1" 200 14764 "-" "Amazon CloudFront"
64.252.74.231 - - [14/Apr/2026:14:45:11 +0000] "GET /?author=2&paged=4317 HTTP/1.1" 200 11339 "-" "Amazon CloudFront"
64.252.74.231 - - [14/Apr/2026:14:45:12 +0000] "GET /?author=2&paged=4316 HTTP/1.1" 200 11204 "-" "Amazon CloudFront"
64.252.86.163 - - [14/Apr/2026:14:45:11 +0000] "GET /prizes/184700713/ HTTP/1.1" 200 24281 "-" "Amazon CloudFront"
64.252.77.101 - - [14/Apr/2026:14:45:14 +0000] "GET /?cat=1&paged=186 HTTP/1.1" 200 11351 "-" "Amazon CloudFront"
64.252.75.25 - - [14/Apr/2026:14:45:15 +0000] "GET /?cat=1&paged=187 HTTP/1.1" 200 11343 "-" "Amazon CloudFront"
64.252.77.101 - - [14/Apr/2026:14:45:17 +0000] "GET /?p=9377 HTTP/1.1" 200 16181 "-" "Amazon CloudFront"
64.252.86.163 - - [14/Apr/2026:14:45:17 +0000] "GET /prizes/184717026 HTTP/1.1" 301 - "-" "Amazon CloudFront"
64.252.77.101 - - [14/Apr/2026:14:45:18 +0000] "GET /?p=9769 HTTP/1.1" 200 14465 "-" "Amazon CloudFront"
64.252.74.231 - - [14/Apr/2026:14:45:19 +0000] "GET /?author=1&paged=4317 HTTP/1.1" 200 11336 "-" "Amazon CloudFront"
64.252.77.101 - - [14/Apr/2026:14:45:20 +0000] "GET /?author=1&paged=4316 HTTP/1.1" 200 11200 "-" "Amazon CloudFront"
15.158.215.109 - - [14/Apr/2026:14:45:22 +0000] "POST /wp-cron.php?doing_wp_cron=1776177922.2037498950958251953125 HTTP/1.1" 200 - "https://69b4844ae61d4e92bf26ad98af552775-devsite.readyship.co/wp-cron.php?doing_wp_cron=1776177922.2037498950958251953125" "WordPress/5.1.19; https://69b4844ae61d4e92bf26ad98af552775-devsite.readyship.co"
64.252.88.210 - - [14/Apr/2026:14:45:18 +0000] "GET /prizes/184717026/ HTTP/1.1" 200 24307 "-" "Amazon CloudFront"
64.252.75.25 - - [14/Apr/2026:14:45:21 +0000] "GET /?p=9353 HTTP/1.1" 200 16446 "-" "Amazon CloudFront"
64.252.75.25 - - [14/Apr/2026:14:45:23 +0000] "GET /?p=9309 HTTP/1.1" 200 14865 "-" "Amazon CloudFront"
64.252.74.231 - - [14/Apr/2026:14:45:24 +0000] "GET /?p=8221 HTTP/1.1" 200 16588 "-" "Amazon CloudFront"
64.252.88.210 - - [14/Apr/2026:14:45:26 +0000] "GET /prizes/184735359 HTTP/1.1" 301 - "-" "Amazon CloudFront"
64.252.75.25 - - [14/Apr/2026:14:45:25 +0000] "GET /?author=2&paged=4315 HTTP/1.1" 200 11321 "-" "Amazon CloudFront"
64.252.77.101 - - [14/Apr/2026:14:45:27 +0000] "GET /?author=2&paged=4314 HTTP/1.1" 200 11237 "-" "Amazon CloudFront"
64.252.75.25 - - [14/Apr/2026:14:45:28 +0000] "GET /?cat=1&paged=188 HTTP/1.1" 200 11233 "-" "Amazon CloudFront"
64.252.86.163 - - [14/Apr/2026:14:45:27 +0000] "GET /prizes/184735359/ HTTP/1.1" 200 24258 "-" "Amazon CloudFront"
64.252.77.101 - - [14/Apr/2026:14:45:29 +0000] "GET /?p=10105 HTTP/1.1" 200 14673 "-" "Amazon CloudFront"
64.252.77.101 - - [14/Apr/2026:14:45:30 +0000] "GET /?p=10107 HTTP/1.1" 200 14370 "-" "Amazon CloudFront"
64.252.75.25 - - [14/Apr/2026:14:45:31 +0000] "GET /?p=10103 HTTP/1.1" 200 14217 "-" "Amazon CloudFront"
64.252.75.25 - - [14/Apr/2026:14:45:33 +0000] "GET /?author=1&paged=4315 HTTP/1.1" 200 11322 "-" "Amazon CloudFront"
64.252.88.96 - - [14/Apr/2026:14:45:33 +0000] "GET /prizes/184736258 HTTP/1.1" 301 - "-" "Amazon CloudFront"
64.252.77.101 - - [14/Apr/2026:14:45:34 +0000] "GET /?author=1&paged=4314 HTTP/1.1" 200 11233 "-" "Amazon CloudFront"
64.252.75.25 - - [14/Apr/2026:14:45:35 +0000] "GET /?cat=1&paged=189 HTTP/1.1" 200 11371 "-" "Amazon CloudFront"
64.252.88.96 - - [14/Apr/2026:14:45:34 +0000] "GET /prizes/184736258/ HTTP/1.1" 200 24273 "-" "Amazon CloudFront"
64.252.77.101 - - [14/Apr/2026:14:45:37 +0000] "GET /?p=9795 HTTP/1.1" 200 15455 "-" "Amazon CloudFront"
64.252.77.101 - - [14/Apr/2026:14:45:38 +0000] "GET /?author=2&paged=4313 HTTP/1.1" 200 11278 "-" "Amazon CloudFront"
64.252.75.25 - - [14/Apr/2026:14:45:39 +0000] "GET /?author=2&paged=4312 HTTP/1.1" 200 11267 "-" "Amazon CloudFront"
64.252.88.96 - - [14/Apr/2026:14:45:41 +0000] "GET /prizes/184759218 HTTP/1.1" 301 - "-" "Amazon CloudFront"
64.252.74.231 - - [14/Apr/2026:14:45:40 +0000] "GET /?cat=1&paged=190 HTTP/1.1" 200 11245 "-" "Amazon CloudFront"
64.252.77.101 - - [14/Apr/2026:14:45:42 +0000] "GET /?p=8481 HTTP/1.1" 200 16788 "-" "Amazon CloudFront"
64.252.74.231 - - [14/Apr/2026:14:45:43 +0000] "GET /?p=8483 HTTP/1.1" 200 20309 "-" "Amazon CloudFront"
64.252.86.163 - - [14/Apr/2026:14:45:42 +0000] "GET /prizes/184759218/ HTTP/1.1" 200 24289 "-" "Amazon CloudFront"
64.252.77.101 - - [14/Apr/2026:14:45:44 +0000] "GET /?p=9569 HTTP/1.1" 200 14136 "-" "Amazon CloudFront"
64.252.74.231 - - [14/Apr/2026:14:45:45 +0000] "GET /?author=1&paged=4313 HTTP/1.1" 200 11276 "-" "Amazon CloudFront"
64.252.74.231 - - [14/Apr/2026:14:45:46 +0000] "GET /?author=1&paged=4312 HTTP/1.1" 200 11269 "-" "Amazon CloudFront"
64.252.77.101 - - [14/Apr/2026:14:45:48 +0000] "GET /?p=9455 HTTP/1.1" 200 14274 "-" "Amazon CloudFront"
64.252.88.210 - - [14/Apr/2026:14:45:48 +0000] "GET /prizes/184800480 HTTP/1.1" 301 - "-" "Amazon CloudFront"
64.252.77.101 - - [14/Apr/2026:14:45:49 +0000] "GET /?cat=1&paged=191 HTTP/1.1" 200 11179 "-" "Amazon CloudFront"
64.252.77.101 - - [14/Apr/2026:14:45:50 +0000] "GET /?p=8636 HTTP/1.1" 200 17285 "-" "Amazon CloudFront"
64.252.88.96 - - [14/Apr/2026:14:45:49 +0000] "GET /prizes/184800480/ HTTP/1.1" 200 24302 "-" "Amazon CloudFront"
64.252.77.101 - - [14/Apr/2026:14:45:51 +0000] "GET /?author=2&paged=4310 HTTP/1.1" 200 11346 "-" "Amazon CloudFront"
64.252.77.101 - - [14/Apr/2026:14:45:53 +0000] "GET /?cat=1&paged=192 HTTP/1.1" 200 11326 "-" "Amazon CloudFront"
64.252.77.101 - - [14/Apr/2026:14:45:54 +0000] "GET /?p=9114 HTTP/1.1" 200 21589 "-" "Amazon CloudFront"
64.252.88.96 - - [14/Apr/2026:14:45:56 +0000] "GET /prizes/184835369 HTTP/1.1" 301 - "-" "Amazon CloudFront"
64.252.74.231 - - [14/Apr/2026:14:45:55 +0000] "GET /?p=8708 HTTP/1.1" 200 20241 "-" "Amazon CloudFront"
64.252.74.231 - - [14/Apr/2026:14:45:56 +0000] "GET /?author=2&paged=4311 HTTP/1.1" 200 11196 "-" "Amazon CloudFront"
64.252.75.25 - - [14/Apr/2026:14:45:59 +0000] "GET /?feed=rss2&p=3394 HTTP/1.1" 301 - "-" "Amazon CloudFront"
64.252.74.231 - - [14/Apr/2026:14:45:58 +0000] "GET /?p=9849 HTTP/1.1" 200 12901 "-" "Amazon CloudFront"
64.252.77.101 - - [14/Apr/2026:14:45:59 +0000] "GET /?job_listing=audi-a3-1-6-tdi-s-line&feed=rss2 HTTP/1.1" 200 493 "-" "Amazon CloudFront"
64.252.86.163 - - [14/Apr/2026:14:45:57 +0000] "GET /prizes/184835369/ HTTP/1.1" 200 24269 "-" "Amazon CloudFront"
64.252.74.231 - - [14/Apr/2026:14:45:59 +0000] "GET /?author=1&paged=4311 HTTP/1.1" 200 11192 "-" "Amazon CloudFront"
64.252.74.231 - - [14/Apr/2026:14:46:01 +0000] "GET /?author=1&paged=4310 HTTP/1.1" 200 11343 "-" "Amazon CloudFront"
64.252.75.25 - - [14/Apr/2026:14:46:02 +0000] "GET /?p=9319 HTTP/1.1" 200 15020 "-" "Amazon CloudFront"
64.252.88.96 - - [14/Apr/2026:14:46:03 +0000] "GET /prizes/184849874 HTTP/1.1" 301 - "-" "Amazon CloudFront"
64.252.75.25 - - [14/Apr/2026:14:46:03 +0000] "GET /?cat=1&paged=193 HTTP/1.1" 200 11710 "-" "Amazon CloudFront"
64.252.77.101 - - [14/Apr/2026:14:46:05 +0000] "GET /?author=2&paged=4309 HTTP/1.1" 200 11388 "-" "Amazon CloudFront"
64.252.88.96 - - [14/Apr/2026:14:46:04 +0000] "GET /prizes/184849874/ HTTP/1.1" 200 24290 "-" "Amazon CloudFront"
64.252.77.101 - - [14/Apr/2026:14:46:06 +0000] "GET /?cat=1&paged=194 HTTP/1.1" 200 11275 "-" "Amazon CloudFront"
64.252.74.231 - - [14/Apr/2026:14:46:08 +0000] "GET /?author=2&paged=4308 HTTP/1.1" 200 11387 "-" "Amazon CloudFront"
64.252.74.231 - - [14/Apr/2026:14:46:09 +0000] "GET /?p=9066 HTTP/1.1" 200 17220 "-" "Amazon CloudFront"
64.252.75.25 - - [14/Apr/2026:14:46:10 +0000] "GET /?p=7927 HTTP/1.1" 200 22825 "-" "Amazon CloudFront"
64.252.88.210 - - [14/Apr/2026:14:46:12 +0000] "GET /prizes/184877773 HTTP/1.1" 301 - "-" "Amazon CloudFront"
64.252.75.25 - - [14/Apr/2026:14:46:11 +0000] "GET /?p=9211 HTTP/1.1" 200 16552 "-" "Amazon CloudFront"
64.252.75.25 - - [14/Apr/2026:14:46:13 +0000] "GET /?author=1&paged=4309 HTTP/1.1" 200 11388 "-" "Amazon CloudFront"
64.252.74.231 - - [14/Apr/2026:14:46:14 +0000] "GET /?author=1&paged=4308 HTTP/1.1" 200 11384 "-" "Amazon CloudFront"
64.252.86.163 - - [14/Apr/2026:14:46:12 +0000] "GET /prizes/184877773/ HTTP/1.1" 200 24282 "-" "Amazon CloudFront"
64.252.77.101 - - [14/Apr/2026:14:46:15 +0000] "GET /?p=9525 HTTP/1.1" 200 14639 "-" "Amazon CloudFront"
64.252.75.25 - - [14/Apr/2026:14:46:16 +0000] "GET /?p=9791 HTTP/1.1" 200 15382 "-" "Amazon CloudFront"
64.252.74.231 - - [14/Apr/2026:14:46:17 +0000] "GET /?p=3394 HTTP/1.1" 301 - "-" "Amazon CloudFront"
64.252.77.101 - - [14/Apr/2026:14:46:17 +0000] "GET /?cat=1&paged=195 HTTP/1.1" 200 11235 "-" "Amazon CloudFront"
64.252.88.210 - - [14/Apr/2026:14:46:19 +0000] "GET /prizes/184909278 HTTP/1.1" 301 - "-" "Amazon CloudFront"
64.252.75.25 - - [14/Apr/2026:14:46:19 +0000] "GET /?p=10261 HTTP/1.1" 200 14729 "-" "Amazon CloudFront"
64.252.77.101 - - [14/Apr/2026:14:46:20 +0000] "GET /?p=10251 HTTP/1.1" 200 14483 "-" "Amazon CloudFront"
15.158.215.109 - - [14/Apr/2026:14:46:22 +0000] "POST /wp-cron.php?doing_wp_cron=1776177982.2190530300140380859375 HTTP/1.1" 200 - "https://69b4844ae61d4e92bf26ad98af552775-devsite.readyship.co/wp-cron.php?doing_wp_cron=1776177982.2190530300140380859375" "WordPress/5.1.19; https://69b4844ae61d4e92bf26ad98af552775-devsite.readyship.co"
64.252.88.210 - - [14/Apr/2026:14:46:20 +0000] "GET /prizes/184909278/ HTTP/1.1" 200 24276 "-" "Amazon CloudFront"
64.252.74.231 - - [14/Apr/2026:14:46:21 +0000] "GET /?p=10281 HTTP/1.1" 200 14839 "-" "Amazon CloudFront"
64.252.74.231 - - [14/Apr/2026:14:46:23 +0000] "GET /?p=10271 HTTP/1.1" 200 14909 "-" "Amazon CloudFront"
64.252.77.101 - - [14/Apr/2026:14:46:24 +0000] "GET /?p=10255 HTTP/1.1" 200 13865 "-" "Amazon CloudFront"
64.252.75.25 - - [14/Apr/2026:14:46:25 +0000] "GET /?p=10277 HTTP/1.1" 200 16982 "-" "Amazon CloudFront"
64.252.86.163 - - [14/Apr/2026:14:46:27 +0000] "GET /prizes/184942248 HTTP/1.1" 301 - "-" "Amazon CloudFront"
64.252.75.25 - - [14/Apr/2026:14:46:26 +0000] "GET /?p=10279 HTTP/1.1" 200 14387 "-" "Amazon CloudFront"
64.252.77.101 - - [14/Apr/2026:14:46:27 +0000] "GET /?p=10253 HTTP/1.1" 200 14442 "-" "Amazon CloudFront"
18.68.41.135 - - [14/Apr/2026:14:46:30 +0000] "GET /?p=10249 HTTP/1.1" 200 14754 "-" "Amazon CloudFront"
64.252.86.163 - - [14/Apr/2026:14:46:27 +0000] "GET /prizes/184942248/ HTTP/1.1" 200 24280 "-" "Amazon CloudFront"
64.252.74.231 - - [14/Apr/2026:14:46:31 +0000] "GET /?p=10259 HTTP/1.1" 200 15202 "-" "Amazon CloudFront"
64.252.74.231 - - [14/Apr/2026:14:46:32 +0000] "GET /?p=10257 HTTP/1.1" 200 14385 "-" "Amazon CloudFront"
18.68.41.182 - - [14/Apr/2026:14:46:33 +0000] "GET /index.php?format=xml&rest_route=%2Foembed%2F1.0%2Fembed&url=https%3A%2F%2F69b4844ae61d4e92bf26ad98af552775-devsite.readyship.co%2F%3Fp%3D10261 HTTP/1.1" 403 - "https://69b4844ae61d4e92bf26ad98af552775-devsite.readyship.co/?p=10261" "Mozilla/5.0 AppleWebKit/537.36 (KHTML, like Gecko; compatible; GPTBot/1.3; +https://openai.com/gptbot)"
64.252.88.96 - - [14/Apr/2026:14:46:34 +0000] "GET /prizes/184983319 HTTP/1.1" 301 - "-" "Amazon CloudFront"
64.252.74.231 - - [14/Apr/2026:14:46:33 +0000] "GET /?p=10263 HTTP/1.1" 200 14398 "-" "Amazon CloudFront"
64.252.75.25 - - [14/Apr/2026:14:46:35 +0000] "GET /?p=10283 HTTP/1.1" 200 16215 "-" "Amazon CloudFront"
64.252.74.231 - - [14/Apr/2026:14:46:36 +0000] "GET /?p=10269 HTTP/1.1" 200 14606 "-" "Amazon CloudFront"
64.252.74.231 - - [14/Apr/2026:14:46:37 +0000] "GET /?p=10267 HTTP/1.1" 200 14715 "-" "Amazon CloudFront"
64.252.86.163 - - [14/Apr/2026:14:46:35 +0000] "GET /prizes/184983319/ HTTP/1.1" 200 24295 "-" "Amazon CloudFront"
64.252.77.101 - - [14/Apr/2026:14:46:38 +0000] "GET /?p=10275 HTTP/1.1" 200 14267 "-" "Amazon CloudFront"
64.252.74.231 - - [14/Apr/2026:14:46:39 +0000] "GET /?p=10265 HTTP/1.1" 200 15124 "-" "Amazon CloudFront"
64.252.75.25 - - [14/Apr/2026:14:46:40 +0000] "GET /?p=10273 HTTP/1.1" 200 14663 "-" "Amazon CloudFront"
64.252.88.96 - - [14/Apr/2026:14:46:42 +0000] "GET /prizes/185048884 HTTP/1.1" 301 - "-" "Amazon CloudFront"
64.252.74.231 - - [14/Apr/2026:14:46:41 +0000] "GET /?cat=1&paged=197 HTTP/1.1" 200 11282 "-" "Amazon CloudFront"
64.252.67.128 - - [14/Apr/2026:14:46:42 +0000] "GET /?p=29252 HTTP/1.1" 200 14602 "-" "Amazon CloudFront"
64.252.74.231 - - [14/Apr/2026:14:46:43 +0000] "GET /?cat=1&paged=196 HTTP/1.1" 200 11244 "-" "Amazon CloudFront"
64.252.75.25 - - [14/Apr/2026:14:46:44 +0000] "GET /?author=2&paged=4306 HTTP/1.1" 200 11260 "-" "Amazon CloudFront"
64.252.88.96 - - [14/Apr/2026:14:46:42 +0000] "GET /prizes/185048884/ HTTP/1.1" 200 24304 "-" "Amazon CloudFront"
64.252.74.231 - - [14/Apr/2026:14:46:46 +0000] "GET /?author=2&paged=4307 HTTP/1.1" 200 11381 "-" "Amazon CloudFront"
64.252.77.101 - - [14/Apr/2026:14:46:47 +0000] "GET /?author=1&paged=4307 HTTP/1.1" 200 11379 "-" "Amazon CloudFront"
64.252.75.25 - - [14/Apr/2026:14:46:48 +0000] "GET /?p=10285 HTTP/1.1" 200 14763 "-" "Amazon CloudFront"
