64.252.77.101 - - [14/Apr/2026:13:48:36 +0000] "GET /prizes/111111187/ HTTP/1.1" 200 24301 "-" "Amazon CloudFront"
64.252.88.210 - - [14/Apr/2026:13:48:40 +0000] "GET /prizes/175960026 HTTP/1.1" 301 - "-" "Amazon CloudFront"
64.252.77.101 - - [14/Apr/2026:13:48:39 +0000] "GET /?page_id=2807&paged=2 HTTP/1.1" 200 11237 "-" "Amazon CloudFront"
64.252.74.231 - - [14/Apr/2026:13:48:41 +0000] "GET /?p=40003 HTTP/1.1" 200 16501 "-" "Amazon CloudFront"
64.252.77.101 - - [14/Apr/2026:13:48:42 +0000] "GET /wp-includes/js/comment-reply.min.js?ver=5.1.19 HTTP/1.1" 200 4053 "-" "Amazon CloudFront"
64.252.88.210 - - [14/Apr/2026:13:48:41 +0000] "GET /prizes/175960026/ HTTP/1.1" 200 24275 "-" "Amazon CloudFront"
64.252.74.231 - - [14/Apr/2026:13:48:44 +0000] "GET /prizes/43906278 HTTP/1.1" 301 - "-" "Amazon CloudFront"
64.252.88.210 - - [14/Apr/2026:13:48:47 +0000] "GET /prizes/175967228 HTTP/1.1" 301 - "-" "Amazon CloudFront"
64.252.77.101 - - [14/Apr/2026:13:48:45 +0000] "GET /prizes/43906278/ HTTP/1.1" 200 24290 "-" "Amazon CloudFront"
64.252.86.163 - - [14/Apr/2026:13:48:48 +0000] "GET /prizes/175967228/ HTTP/1.1" 200 24298 "-" "Amazon CloudFront"
64.252.75.25 - - [14/Apr/2026:13:48:50 +0000] "GET /prizes/93864157 HTTP/1.1" 301 - "-" "Amazon CloudFront"
64.252.77.101 - - [14/Apr/2026:13:48:51 +0000] "GET /prizes/93864157/ HTTP/1.1" 200 24303 "-" "Amazon CloudFront"
64.252.88.96 - - [14/Apr/2026:13:48:55 +0000] "GET /prizes/175969248 HTTP/1.1" 301 - "-" "Amazon CloudFront"
64.252.75.25 - - [14/Apr/2026:13:48:54 +0000] "GET /prizes/65091723 HTTP/1.1" 301 - "-" "Amazon CloudFront"
64.252.75.25 - - [14/Apr/2026:13:48:55 +0000] "GET /prizes/65091723/ HTTP/1.1" 200 24294 "-" "Amazon CloudFront"
64.252.86.163 - - [14/Apr/2026:13:48:55 +0000] "GET /prizes/175969248/ HTTP/1.1" 200 24298 "-" "Amazon CloudFront"
64.252.77.101 - - [14/Apr/2026:13:48:58 +0000] "GET /prizes/78901652 HTTP/1.1" 301 - "-" "Amazon CloudFront"
64.252.74.231 - - [14/Apr/2026:13:48:59 +0000] "GET /prizes/78901652/ HTTP/1.1" 200 24283 "-" "Amazon CloudFront"
64.252.88.210 - - [14/Apr/2026:13:49:02 +0000] "GET /prizes/175983642 HTTP/1.1" 301 - "-" "Amazon CloudFront"
64.252.74.231 - - [14/Apr/2026:13:49:02 +0000] "GET /?p=40005 HTTP/1.1" 200 16683 "-" "Amazon CloudFront"
64.252.75.25 - - [14/Apr/2026:13:49:05 +0000] "GET /?p=72652 HTTP/1.1" 200 14559 "-" "Amazon CloudFront"
64.252.88.210 - - [14/Apr/2026:13:49:02 +0000] "GET /prizes/175983642/ HTTP/1.1" 200 24313 "-" "Amazon CloudFront"
64.252.75.25 - - [14/Apr/2026:13:49:05 +0000] "GET /?case27_job_listing_tags=accepts-credit-cards&feed=rss2 HTTP/1.1" 200 3167 "-" "Amazon CloudFront"
64.252.74.231 - - [14/Apr/2026:13:49:08 +0000] "GET /?cat=1&paged=25 HTTP/1.1" 200 11238 "-" "Amazon CloudFront"
64.252.88.96 - - [14/Apr/2026:13:49:09 +0000] "GET /prizes/175989379 HTTP/1.1" 301 - "-" "Amazon CloudFront"
64.252.75.25 - - [14/Apr/2026:13:49:09 +0000] "GET /?cat=1&paged=26 HTTP/1.1" 200 11292 "-" "Amazon CloudFront"
64.252.74.231 - - [14/Apr/2026:13:49:10 +0000] "GET /?cat=1&paged=23 HTTP/1.1" 200 11249 "-" "Amazon CloudFront"
64.252.75.25 - - [14/Apr/2026:13:49:12 +0000] "GET /?cat=1&paged=20 HTTP/1.1" 200 11277 "-" "Amazon CloudFront"
64.252.88.210 - - [14/Apr/2026:13:49:10 +0000] "GET /prizes/175989379/ HTTP/1.1" 200 24296 "-" "Amazon CloudFront"
64.252.75.25 - - [14/Apr/2026:13:49:13 +0000] "GET /?p=40007 HTTP/1.1" 200 21410 "-" "Amazon CloudFront"
64.252.77.101 - - [14/Apr/2026:13:49:14 +0000] "GET /?case27_job_listing_tags=wireless-internet&feed=rss2 HTTP/1.1" 200 3159 "-" "Amazon CloudFront"
64.252.86.163 - - [14/Apr/2026:13:49:16 +0000] "GET /prizes/175989480 HTTP/1.1" 301 - "-" "Amazon CloudFront"
64.252.74.231 - - [14/Apr/2026:13:49:16 +0000] "GET /prizes/105551551 HTTP/1.1" 301 - "-" "Amazon CloudFront"
64.252.77.101 - - [14/Apr/2026:13:49:17 +0000] "GET /prizes/105551551/ HTTP/1.1" 200 24304 "-" "Amazon CloudFront"
64.252.88.210 - - [14/Apr/2026:13:49:17 +0000] "GET /prizes/175989480/ HTTP/1.1" 200 24287 "-" "Amazon CloudFront"
64.252.77.101 - - [14/Apr/2026:13:49:21 +0000] "GET /?cat=103&paged=4 HTTP/1.1" 200 10952 "-" "Amazon CloudFront"
64.252.86.163 - - [14/Apr/2026:13:49:24 +0000] "GET /prizes/175995349 HTTP/1.1" 301 - "-" "Amazon CloudFront"
15.158.215.109 - - [14/Apr/2026:13:49:24 +0000] "POST /wp-cron.php?doing_wp_cron=1776174564.2710421085357666015625 HTTP/1.1" 200 - "https://69b4844ae61d4e92bf26ad98af552775-devsite.readyship.co/wp-cron.php?doing_wp_cron=1776174564.2710421085357666015625" "WordPress/5.1.19; https://69b4844ae61d4e92bf26ad98af552775-devsite.readyship.co"
64.252.77.101 - - [14/Apr/2026:13:49:23 +0000] "GET /?cat=1&paged=22 HTTP/1.1" 200 11303 "-" "Amazon CloudFront"
64.252.75.25 - - [14/Apr/2026:13:49:25 +0000] "GET /?cat=1&paged=21 HTTP/1.1" 200 11304 "-" "Amazon CloudFront"
64.252.88.210 - - [14/Apr/2026:13:49:24 +0000] "GET /prizes/175995349/ HTTP/1.1" 200 24290 "-" "Amazon CloudFront"
64.252.74.231 - - [14/Apr/2026:13:49:27 +0000] "GET /?p=40009 HTTP/1.1" 200 17918 "-" "Amazon CloudFront"
64.252.74.231 - - [14/Apr/2026:13:49:28 +0000] "GET /?cat=1&paged=19 HTTP/1.1" 200 11276 "-" "Amazon CloudFront"
64.252.77.101 - - [14/Apr/2026:13:49:29 +0000] "GET /?cat=1&paged=18 HTTP/1.1" 200 11220 "-" "Amazon CloudFront"
64.252.88.210 - - [14/Apr/2026:13:49:31 +0000] "GET /prizes/175996026 HTTP/1.1" 301 - "-" "Amazon CloudFront"
64.252.88.210 - - [14/Apr/2026:13:49:32 +0000] "GET /prizes/175996026/ HTTP/1.1" 200 24308 "-" "Amazon CloudFront"
64.252.74.231 - - [14/Apr/2026:13:49:35 +0000] "GET /?p=40011 HTTP/1.1" 200 16008 "-" "Amazon CloudFront"
64.252.77.101 - - [14/Apr/2026:13:49:36 +0000] "GET /?cat=1&paged=17 HTTP/1.1" 200 11321 "-" "Amazon CloudFront"
64.252.77.101 - - [14/Apr/2026:13:49:38 +0000] "GET /?cat=1&paged=16 HTTP/1.1" 200 11151 "-" "Amazon CloudFront"
64.252.86.163 - - [14/Apr/2026:13:49:39 +0000] "GET /prizes/176006581 HTTP/1.1" 301 - "-" "Amazon CloudFront"
64.252.74.231 - - [14/Apr/2026:13:49:41 +0000] "GET /?feed=rss2&p=96335 HTTP/1.1" 200 511 "-" "Amazon CloudFront"
64.252.88.96 - - [14/Apr/2026:13:49:40 +0000] "GET /prizes/176006581/ HTTP/1.1" 200 24281 "-" "Amazon CloudFront"
64.252.77.101 - - [14/Apr/2026:13:49:42 +0000] "GET /?cat=1&paged=24 HTTP/1.1" 200 11212 "-" "Amazon CloudFront"
64.252.75.25 - - [14/Apr/2026:13:49:44 +0000] "GET /?p=40013 HTTP/1.1" 200 15573 "-" "Amazon CloudFront"
64.252.74.231 - - [14/Apr/2026:13:49:46 +0000] "GET /?cat=1&paged=15 HTTP/1.1" 200 11253 "-" "Amazon CloudFront"
64.252.86.163 - - [14/Apr/2026:13:49:47 +0000] "GET /prizes/176027632 HTTP/1.1" 301 - "-" "Amazon CloudFront"
64.252.77.101 - - [14/Apr/2026:13:49:48 +0000] "GET /?cat=1&paged=14 HTTP/1.1" 200 11289 "-" "Amazon CloudFront"
64.252.86.163 - - [14/Apr/2026:13:49:47 +0000] "GET /prizes/176027632/ HTTP/1.1" 200 24301 "-" "Amazon CloudFront"
64.252.75.25 - - [14/Apr/2026:13:49:51 +0000] "GET /?feed=rss2&p=40011 HTTP/1.1" 200 503 "-" "Amazon CloudFront"
64.252.74.231 - - [14/Apr/2026:13:49:53 +0000] "GET /?p=40015 HTTP/1.1" 200 16863 "-" "Amazon CloudFront"
64.252.88.210 - - [14/Apr/2026:13:49:54 +0000] "GET /prizes/176032359 HTTP/1.1" 301 - "-" "Amazon CloudFront"
64.252.75.25 - - [14/Apr/2026:13:49:54 +0000] "GET /?feed=rss2&p=40013 HTTP/1.1" 200 543 "-" "Amazon CloudFront"
64.252.74.231 - - [14/Apr/2026:13:49:55 +0000] "GET /?cat=1&paged=13 HTTP/1.1" 200 11237 "-" "Amazon CloudFront"
64.252.86.163 - - [14/Apr/2026:13:49:55 +0000] "GET /prizes/176032359/ HTTP/1.1" 200 24296 "-" "Amazon CloudFront"
64.252.77.101 - - [14/Apr/2026:13:49:57 +0000] "GET /?cat=1&paged=12 HTTP/1.1" 200 11276 "-" "Amazon CloudFront"
64.252.77.101 - - [14/Apr/2026:13:50:00 +0000] "GET /?feed=rss2&p=96359 HTTP/1.1" 200 518 "-" "Amazon CloudFront"
64.252.86.163 - - [14/Apr/2026:13:50:01 +0000] "GET /prizes/176060258 HTTP/1.1" 301 - "-" "Amazon CloudFront"
64.252.74.231 - - [14/Apr/2026:13:50:02 +0000] "GET /?p=40017 HTTP/1.1" 200 16541 "-" "Amazon CloudFront"
64.252.77.101 - - [14/Apr/2026:13:50:03 +0000] "GET /?feed=rss2&p=40015 HTTP/1.1" 200 517 "-" "Amazon CloudFront"
64.252.77.101 - - [14/Apr/2026:13:50:04 +0000] "GET /?cat=1&paged=11 HTTP/1.1" 200 11250 "-" "Amazon CloudFront"
64.252.88.210 - - [14/Apr/2026:13:50:02 +0000] "GET /prizes/176060258/ HTTP/1.1" 200 24309 "-" "Amazon CloudFront"
64.252.75.25 - - [14/Apr/2026:13:50:06 +0000] "GET /?cat=1&paged=27 HTTP/1.1" 200 11314 "-" "Amazon CloudFront"
64.252.75.25 - - [14/Apr/2026:13:50:07 +0000] "GET /?cat=1&paged=10 HTTP/1.1" 200 11327 "-" "Amazon CloudFront"
64.252.75.25 - - [14/Apr/2026:13:50:09 +0000] "GET /?cat=1&paged=28 HTTP/1.1" 200 11335 "-" "Amazon CloudFront"
64.252.86.163 - - [14/Apr/2026:13:50:09 +0000] "GET /prizes/176072965 HTTP/1.1" 301 - "-" "Amazon CloudFront"
64.252.77.101 - - [14/Apr/2026:13:50:10 +0000] "GET /prizes/222848228 HTTP/1.1" 301 - "-" "Amazon CloudFront"
64.252.88.210 - - [14/Apr/2026:13:50:10 +0000] "GET /prizes/176072965/ HTTP/1.1" 200 24281 "-" "Amazon CloudFront"
64.252.75.25 - - [14/Apr/2026:13:50:11 +0000] "GET /prizes/222848228/ HTTP/1.1" 200 24284 "-" "Amazon CloudFront"
64.252.75.25 - - [14/Apr/2026:13:50:14 +0000] "GET /prizes/272222773 HTTP/1.1" 301 - "-" "Amazon CloudFront"
64.252.77.101 - - [14/Apr/2026:13:50:15 +0000] "GET /prizes/272222773/ HTTP/1.1" 200 24285 "-" "Amazon CloudFront"
64.252.88.96 - - [14/Apr/2026:13:50:18 +0000] "GET /prizes/176089955 HTTP/1.1" 301 - "-" "Amazon CloudFront"
64.252.75.25 - - [14/Apr/2026:13:50:18 +0000] "GET /prizes/272722278 HTTP/1.1" 301 - "-" "Amazon CloudFront"
64.252.75.25 - - [14/Apr/2026:13:50:19 +0000] "GET /prizes/272722278/ HTTP/1.1" 200 24274 "-" "Amazon CloudFront"
64.252.86.163 - - [14/Apr/2026:13:50:18 +0000] "GET /prizes/176089955/ HTTP/1.1" 200 24287 "-" "Amazon CloudFront"
15.158.215.109 - - [14/Apr/2026:13:50:23 +0000] "POST /wp-cron.php?doing_wp_cron=1776174623.4414479732513427734375 HTTP/1.1" 200 - "https://69b4844ae61d4e92bf26ad98af552775-devsite.readyship.co/wp-cron.php?doing_wp_cron=1776174623.4414479732513427734375" "WordPress/5.1.19; https://69b4844ae61d4e92bf26ad98af552775-devsite.readyship.co"
64.252.74.231 - - [14/Apr/2026:13:50:23 +0000] "GET /prizes/222263662 HTTP/1.1" 301 - "-" "Amazon CloudFront"
64.252.86.163 - - [14/Apr/2026:13:50:25 +0000] "GET /prizes/176095703 HTTP/1.1" 301 - "-" "Amazon CloudFront"
64.252.77.101 - - [14/Apr/2026:13:50:24 +0000] "GET /prizes/222263662/ HTTP/1.1" 200 24291 "-" "Amazon CloudFront"
64.252.75.25 - - [14/Apr/2026:13:50:27 +0000] "GET /?p=40019 HTTP/1.1" 200 18099 "-" "Amazon CloudFront"
64.252.75.25 - - [14/Apr/2026:13:50:28 +0000] "GET /?feed=rss2&p=40017 HTTP/1.1" 200 512 "-" "Amazon CloudFront"
64.252.88.210 - - [14/Apr/2026:13:50:26 +0000] "GET /prizes/176095703/ HTTP/1.1" 200 24319 "-" "Amazon CloudFront"
64.252.77.101 - - [14/Apr/2026:13:50:29 +0000] "GET /prizes/228722288 HTTP/1.1" 301 - "-" "Amazon CloudFront"
64.252.75.25 - - [14/Apr/2026:13:50:30 +0000] "GET /prizes/228722288/ HTTP/1.1" 200 24300 "-" "Amazon CloudFront"
64.252.88.96 - - [14/Apr/2026:13:50:33 +0000] "GET /prizes/176111551 HTTP/1.1" 301 - "-" "Amazon CloudFront"
64.252.77.101 - - [14/Apr/2026:13:50:33 +0000] "GET /prizes/313111137 HTTP/1.1" 301 - "-" "Amazon CloudFront"
64.252.88.210 - - [14/Apr/2026:13:50:33 +0000] "GET /prizes/176111551/ HTTP/1.1" 200 24319 "-" "Amazon CloudFront"
64.252.75.25 - - [14/Apr/2026:13:50:34 +0000] "GET /prizes/313111137/ HTTP/1.1" 200 24293 "-" "Amazon CloudFront"
64.252.74.231 - - [14/Apr/2026:13:50:37 +0000] "GET /?cat=1&paged=29 HTTP/1.1" 200 11280 "-" "Amazon CloudFront"
64.252.88.210 - - [14/Apr/2026:13:50:40 +0000] "GET /prizes/176127975 HTTP/1.1" 301 - "-" "Amazon CloudFront"
64.252.77.101 - - [14/Apr/2026:13:50:41 +0000] "GET /?cat=1&paged=8 HTTP/1.1" 200 11344 "-" "Amazon CloudFront"
64.252.75.25 - - [14/Apr/2026:13:50:42 +0000] "GET /?cat=1&paged=30 HTTP/1.1" 200 11243 "-" "Amazon CloudFront"
64.252.88.210 - - [14/Apr/2026:13:50:41 +0000] "GET /prizes/176127975/ HTTP/1.1" 200 24298 "-" "Amazon CloudFront"
64.252.74.231 - - [14/Apr/2026:13:50:44 +0000] "GET /prizes/317111177 HTTP/1.1" 301 - "-" "Amazon CloudFront"
64.252.75.25 - - [14/Apr/2026:13:50:44 +0000] "GET /prizes/317111177/ HTTP/1.1" 200 24279 "-" "Amazon CloudFront"
64.252.86.163 - - [14/Apr/2026:13:50:48 +0000] "GET /prizes/176138006 HTTP/1.1" 301 - "-" "Amazon CloudFront"
64.252.75.25 - - [14/Apr/2026:13:50:48 +0000] "GET /?p=40021 HTTP/1.1" 200 15175 "-" "Amazon CloudFront"
64.252.74.231 - - [14/Apr/2026:13:50:49 +0000] "GET /?feed=rss2&p=40019 HTTP/1.1" 200 504 "-" "Amazon CloudFront"
64.252.74.231 - - [14/Apr/2026:13:50:50 +0000] "GET /?author=1&paged=45 HTTP/1.1" 200 11252 "-" "Amazon CloudFront"
64.252.86.163 - - [14/Apr/2026:13:50:48 +0000] "GET /prizes/176138006/ HTTP/1.1" 200 24286 "-" "Amazon CloudFront"
64.252.74.231 - - [14/Apr/2026:13:50:51 +0000] "GET /?p=8000 HTTP/1.1" 200 29576 "-" "Amazon CloudFront"
64.252.75.25 - - [14/Apr/2026:13:50:52 +0000] "GET /?cat=1&paged=31 HTTP/1.1" 200 11355 "-" "Amazon CloudFront"
64.252.74.231 - - [14/Apr/2026:13:50:54 +0000] "GET /prizes/296663632 HTTP/1.1" 301 - "-" "Amazon CloudFront"
64.252.86.163 - - [14/Apr/2026:13:50:55 +0000] "GET /prizes/176142046 HTTP/1.1" 301 - "-" "Amazon CloudFront"
64.252.74.231 - - [14/Apr/2026:13:50:55 +0000] "GET /prizes/296663632/ HTTP/1.1" 200 24278 "-" "Amazon CloudFront"
64.252.86.163 - - [14/Apr/2026:13:50:56 +0000] "GET /prizes/176142046/ HTTP/1.1" 200 24266 "-" "Amazon CloudFront"
64.252.75.25 - - [14/Apr/2026:13:50:58 +0000] "GET /?cat=1&paged=7 HTTP/1.1" 200 11376 "-" "Amazon CloudFront"
64.252.75.25 - - [14/Apr/2026:13:51:00 +0000] "GET /?cat=1&paged=6 HTTP/1.1" 200 11336 "-" "Amazon CloudFront"
64.252.74.231 - - [14/Apr/2026:13:51:01 +0000] "GET /?cat=1&paged=32 HTTP/1.1" 200 11281 "-" "Amazon CloudFront"
64.252.88.96 - - [14/Apr/2026:13:51:03 +0000] "GET /prizes/176158248 HTTP/1.1" 301 - "-" "Amazon CloudFront"
64.252.77.101 - - [14/Apr/2026:13:51:03 +0000] "GET /?feed=rss2&p=40021 HTTP/1.1" 200 515 "-" "Amazon CloudFront"
64.252.75.25 - - [14/Apr/2026:13:51:03 +0000] "GET /?p=40025 HTTP/1.1" 200 16562 "-" "Amazon CloudFront"
64.252.77.101 - - [14/Apr/2026:13:51:05 +0000] "GET /prizes/335213339 HTTP/1.1" 301 - "-" "Amazon CloudFront"
64.252.86.163 - - [14/Apr/2026:13:51:03 +0000] "GET /prizes/176158248/ HTTP/1.1" 200 24279 "-" "Amazon CloudFront"
64.252.75.25 - - [14/Apr/2026:13:51:05 +0000] "GET /prizes/335213339/ HTTP/1.1" 200 24259 "-" "Amazon CloudFront"
64.252.75.25 - - [14/Apr/2026:13:51:09 +0000] "GET /?p=95963 HTTP/1.1" 200 22840 "-" "Amazon CloudFront"
64.252.86.163 - - [14/Apr/2026:13:51:10 +0000] "GET /prizes/176206167 HTTP/1.1" 301 - "-" "Amazon CloudFront"
64.252.75.25 - - [14/Apr/2026:13:51:10 +0000] "GET /?cat=1&paged=33 HTTP/1.1" 200 11278 "-" "Amazon CloudFront"
64.252.75.25 - - [14/Apr/2026:13:51:12 +0000] "GET /?p=95965 HTTP/1.1" 200 18018 "-" "Amazon CloudFront"
64.252.77.101 - - [14/Apr/2026:13:51:13 +0000] "GET /?p=95961 HTTP/1.1" 200 16386 "-" "Amazon CloudFront"
64.252.88.96 - - [14/Apr/2026:13:51:11 +0000] "GET /prizes/176206167/ HTTP/1.1" 200 24299 "-" "Amazon CloudFront"
64.252.75.25 - - [14/Apr/2026:13:51:14 +0000] "GET /?cat=1&paged=5 HTTP/1.1" 200 11344 "-" "Amazon CloudFront"
64.252.77.101 - - [14/Apr/2026:13:51:16 +0000] "GET /?cat=1&paged=4 HTTP/1.1" 200 11176 "-" "Amazon CloudFront"
64.252.74.231 - - [14/Apr/2026:13:51:17 +0000] "GET /?cat=1&paged=34 HTTP/1.1" 200 11338 "-" "Amazon CloudFront"
64.252.88.96 - - [14/Apr/2026:13:51:18 +0000] "GET /prizes/176217208 HTTP/1.1" 301 - "-" "Amazon CloudFront"
64.252.77.101 - - [14/Apr/2026:13:51:19 +0000] "GET /prizes/222444127 HTTP/1.1" 301 - "-" "Amazon CloudFront"
64.252.86.163 - - [14/Apr/2026:13:51:19 +0000] "GET /prizes/176217208/ HTTP/1.1" 200 24311 "-" "Amazon CloudFront"
64.252.75.25 - - [14/Apr/2026:13:51:20 +0000] "GET /prizes/222444127/ HTTP/1.1" 200 24290 "-" "Amazon CloudFront"
15.158.215.109 - - [14/Apr/2026:13:51:23 +0000] "POST /wp-cron.php?doing_wp_cron=1776174683.7551250457763671875000 HTTP/1.1" 200 - "https://69b4844ae61d4e92bf26ad98af552775-devsite.readyship.co/wp-cron.php?doing_wp_cron=1776174683.7551250457763671875000" "WordPress/5.1.19; https://69b4844ae61d4e92bf26ad98af552775-devsite.readyship.co"
64.252.77.101 - - [14/Apr/2026:13:51:23 +0000] "GET /?p=40027 HTTP/1.1" 200 15431 "-" "Amazon CloudFront"
64.252.74.231 - - [14/Apr/2026:13:51:25 +0000] "GET /?p=40023 HTTP/1.1" 200 16235 "-" "Amazon CloudFront"
64.252.86.163 - - [14/Apr/2026:13:51:26 +0000] "GET /prizes/176239137 HTTP/1.1" 301 - "-" "Amazon CloudFront"
64.252.75.25 - - [14/Apr/2026:13:51:26 +0000] "GET /?feed=rss2&p=40025 HTTP/1.1" 200 492 "-" "Amazon CloudFront"
64.252.75.25 - - [14/Apr/2026:13:51:27 +0000] "GET /?feed=rss2&p=95963 HTTP/1.1" 200 518 "-" "Amazon CloudFront"
64.252.77.101 - - [14/Apr/2026:13:51:28 +0000] "GET /?feed=rss2&p=95965 HTTP/1.1" 200 525 "-" "Amazon CloudFront"
64.252.75.25 - - [14/Apr/2026:13:51:28 +0000] "GET /?feed=rss2&p=95961 HTTP/1.1" 200 489 "-" "Amazon CloudFront"
64.252.88.210 - - [14/Apr/2026:13:51:26 +0000] "GET /prizes/176239137/ HTTP/1.1" 200 24316 "-" "Amazon CloudFront"
64.252.77.101 - - [14/Apr/2026:13:51:29 +0000] "GET /?cat=1&paged=3 HTTP/1.1" 200 11059 "-" "Amazon CloudFront"
64.252.77.101 - - [14/Apr/2026:13:51:30 +0000] "GET /?cat=1&paged=2 HTTP/1.1" 200 11230 "-" "Amazon CloudFront"
64.252.75.25 - - [14/Apr/2026:13:51:32 +0000] "GET /?cat=1&paged=36 HTTP/1.1" 200 11383 "-" "Amazon CloudFront"
64.252.88.210 - - [14/Apr/2026:13:51:33 +0000] "GET /prizes/176283127 HTTP/1.1" 301 - "-" "Amazon CloudFront"
64.252.74.231 - - [14/Apr/2026:13:51:33 +0000] "GET /?cat=1&paged=35 HTTP/1.1" 200 11245 "-" "Amazon CloudFront"
64.252.77.101 - - [14/Apr/2026:13:51:35 +0000] "GET /?p=40029 HTTP/1.1" 200 16608 "-" "Amazon CloudFront"
64.252.74.231 - - [14/Apr/2026:13:51:36 +0000] "GET /?feed=rss2&p=40027 HTTP/1.1" 200 524 "-" "Amazon CloudFront"
64.252.88.210 - - [14/Apr/2026:13:51:34 +0000] "GET /prizes/176283127/ HTTP/1.1" 200 24291 "-" "Amazon CloudFront"
64.252.75.25 - - [14/Apr/2026:13:51:37 +0000] "GET /?feed=rss2&p=40023 HTTP/1.1" 200 495 "-" "Amazon CloudFront"
64.252.75.25 - - [14/Apr/2026:13:51:38 +0000] "GET /prizes/337184440 HTTP/1.1" 301 - "-" "Amazon CloudFront"
64.252.86.163 - - [14/Apr/2026:13:51:40 +0000] "GET /prizes/176307208 HTTP/1.1" 301 - "-" "Amazon CloudFront"
64.252.75.25 - - [14/Apr/2026:13:51:39 +0000] "GET /prizes/337184440/ HTTP/1.1" 200 24287 "-" "Amazon CloudFront"
64.252.74.231 - - [14/Apr/2026:13:51:42 +0000] "GET /prizes/222725581 HTTP/1.1" 301 - "-" "Amazon CloudFront"
64.252.88.96 - - [14/Apr/2026:13:51:42 +0000] "GET /prizes/176307208/ HTTP/1.1" 200 24269 "-" "Amazon CloudFront"
64.252.75.25 - - [14/Apr/2026:13:51:43 +0000] "GET /prizes/222725581/ HTTP/1.1" 200 24273 "-" "Amazon CloudFront"
64.252.75.25 - - [14/Apr/2026:13:51:46 +0000] "GET /prizes/202444985 HTTP/1.1" 301 - "-" "Amazon CloudFront"
64.252.86.163 - - [14/Apr/2026:13:51:48 +0000] "GET /prizes/176345884 HTTP/1.1" 301 - "-" "Amazon CloudFront"
64.252.77.101 - - [14/Apr/2026:13:51:48 +0000] "GET /?p=70630 HTTP/1.1" 200 14452 "-" "Amazon CloudFront"
64.252.74.231 - - [14/Apr/2026:13:51:47 +0000] "GET /prizes/202444985/ HTTP/1.1" 200 24286 "-" "Amazon CloudFront"
64.252.77.101 - - [14/Apr/2026:13:51:50 +0000] "GET /prizes/110999258 HTTP/1.1" 301 - "-" "Amazon CloudFront"
64.252.88.210 - - [14/Apr/2026:13:51:49 +0000] "GET /prizes/176345884/ HTTP/1.1" 200 24288 "-" "Amazon CloudFront"
64.252.74.231 - - [14/Apr/2026:13:51:51 +0000] "GET /prizes/110999258/ HTTP/1.1" 200 24302 "-" "Amazon CloudFront"
64.252.75.25 - - [14/Apr/2026:13:51:54 +0000] "GET /prizes/250003026 HTTP/1.1" 301 - "-" "Amazon CloudFront"
64.252.88.96 - - [14/Apr/2026:13:51:56 +0000] "GET /prizes/176391561 HTTP/1.1" 301 - "-" "Amazon CloudFront"
64.252.74.231 - - [14/Apr/2026:13:51:55 +0000] "GET /prizes/250003026/ HTTP/1.1" 200 24286 "-" "Amazon CloudFront"
64.252.88.96 - - [14/Apr/2026:13:51:56 +0000] "GET /prizes/176391561/ HTTP/1.1" 200 24310 "-" "Amazon CloudFront"
64.252.77.101 - - [14/Apr/2026:13:51:58 +0000] "GET /?cat=1&paged=37 HTTP/1.1" 200 11726 "-" "Amazon CloudFront"
64.252.77.101 - - [14/Apr/2026:13:52:00 +0000] "GET /?cat=1&paged=38 HTTP/1.1" 200 11769 "-" "Amazon CloudFront"
64.252.77.101 - - [14/Apr/2026:13:52:01 +0000] "GET /?p=40031 HTTP/1.1" 200 15582 "-" "Amazon CloudFront"
64.252.77.101 - - [14/Apr/2026:13:52:02 +0000] "GET /?feed=rss2&p=40029 HTTP/1.1" 200 500 "-" "Amazon CloudFront"
64.252.86.163 - - [14/Apr/2026:13:52:03 +0000] "GET /prizes/176419137 HTTP/1.1" 301 - "-" "Amazon CloudFront"
64.252.74.231 - - [14/Apr/2026:13:52:04 +0000] "GET /prizes/333178874 HTTP/1.1" 301 - "-" "Amazon CloudFront"
64.252.88.96 - - [14/Apr/2026:13:52:04 +0000] "GET /prizes/176419137/ HTTP/1.1" 200 24273 "-" "Amazon CloudFront"
64.252.75.25 - - [14/Apr/2026:13:52:05 +0000] "GET /prizes/333178874/ HTTP/1.1" 200 24308 "-" "Amazon CloudFront"
64.252.75.25 - - [14/Apr/2026:13:52:08 +0000] "GET /prizes/147779228 HTTP/1.1" 301 - "-" "Amazon CloudFront"
64.252.86.163 - - [14/Apr/2026:13:52:10 +0000] "GET /prizes/176425107 HTTP/1.1" 301 - "-" "Amazon CloudFront"
64.252.77.101 - - [14/Apr/2026:13:52:09 +0000] "GET /prizes/147779228/ HTTP/1.1" 200 24290 "-" "Amazon CloudFront"
64.252.74.231 - - [14/Apr/2026:13:52:12 +0000] "GET /prizes/125999117 HTTP/1.1" 301 - "-" "Amazon CloudFront"
64.252.88.210 - - [14/Apr/2026:13:52:11 +0000] "GET /prizes/176425107/ HTTP/1.1" 200 24299 "-" "Amazon CloudFront"
64.252.77.101 - - [14/Apr/2026:13:52:13 +0000] "GET /prizes/125999117/ HTTP/1.1" 200 24302 "-" "Amazon CloudFront"
64.252.74.231 - - [14/Apr/2026:13:52:17 +0000] "GET /prizes/311944400 HTTP/1.1" 301 - "-" "Amazon CloudFront"
64.252.88.210 - - [14/Apr/2026:13:52:18 +0000] "GET /prizes/176427016 HTTP/1.1" 301 - "-" "Amazon CloudFront"
64.252.74.231 - - [14/Apr/2026:13:52:17 +0000] "GET /prizes/311944400/ HTTP/1.1" 200 24307 "-" "Amazon CloudFront"
64.252.77.101 - - [14/Apr/2026:13:52:21 +0000] "GET /prizes/277725157 HTTP/1.1" 301 - "-" "Amazon CloudFront"
64.252.86.163 - - [14/Apr/2026:13:52:19 +0000] "GET /prizes/176427016/ HTTP/1.1" 200 24297 "-" "Amazon CloudFront"
15.158.215.109 - - [14/Apr/2026:13:52:22 +0000] "POST /wp-cron.php?doing_wp_cron=1776174742.3479380607604980468750 HTTP/1.1" 200 - "https://69b4844ae61d4e92bf26ad98af552775-devsite.readyship.co/wp-cron.php?doing_wp_cron=1776174742.3479380607604980468750" "WordPress/5.1.19; https://69b4844ae61d4e92bf26ad98af552775-devsite.readyship.co"
64.252.77.101 - - [14/Apr/2026:13:52:21 +0000] "GET /prizes/277725157/ HTTP/1.1" 200 24306 "-" "Amazon CloudFront"
64.252.88.210 - - [14/Apr/2026:13:52:26 +0000] "GET /prizes/176443107 HTTP/1.1" 301 - "-" "Amazon CloudFront"
64.252.74.231 - - [14/Apr/2026:13:52:25 +0000] "GET /?cat=1&paged=39 HTTP/1.1" 200 11489 "-" "Amazon CloudFront"
64.252.77.101 - - [14/Apr/2026:13:52:27 +0000] "GET /?cat=1&paged=40 HTTP/1.1" 200 11386 "-" "Amazon CloudFront"
64.252.74.231 - - [14/Apr/2026:13:52:28 +0000] "GET /?feed=rss2&p=40031 HTTP/1.1" 200 501 "-" "Amazon CloudFront"
64.252.77.101 - - [14/Apr/2026:13:52:29 +0000] "GET /prizes/309997814 HTTP/1.1" 301 - "-" "Amazon CloudFront"
64.252.88.210 - - [14/Apr/2026:13:52:26 +0000] "GET /prizes/176443107/ HTTP/1.1" 200 24300 "-" "Amazon CloudFront"
64.252.74.231 - - [14/Apr/2026:13:52:30 +0000] "GET /prizes/309997814/ HTTP/1.1" 200 24286 "-" "Amazon CloudFront"
64.252.88.210 - - [14/Apr/2026:13:52:33 +0000] "GET /prizes/176459177 HTTP/1.1" 301 - "-" "Amazon CloudFront"
64.252.74.231 - - [14/Apr/2026:13:52:34 +0000] "GET /prizes/288858945 HTTP/1.1" 301 - "-" "Amazon CloudFront"
64.252.88.210 - - [14/Apr/2026:13:52:34 +0000] "GET /prizes/176459177/ HTTP/1.1" 200 24291 "-" "Amazon CloudFront"
64.252.75.25 - - [14/Apr/2026:13:52:35 +0000] "GET /prizes/288858945/ HTTP/1.1" 200 24276 "-" "Amazon CloudFront"
64.252.75.25 - - [14/Apr/2026:13:52:38 +0000] "GET /prizes/333508389 HTTP/1.1" 301 - "-" "Amazon CloudFront"
64.252.86.163 - - [14/Apr/2026:13:52:41 +0000] "GET /prizes/176473682 HTTP/1.1" 301 - "-" "Amazon CloudFront"
64.252.75.25 - - [14/Apr/2026:13:52:41 +0000] "GET /?feed=rss2&p=72650 HTTP/1.1" 200 521 "-" "Amazon CloudFront"
64.252.77.101 - - [14/Apr/2026:13:52:39 +0000] "GET /prizes/333508389/ HTTP/1.1" 200 24275 "-" "Amazon CloudFront"
64.252.75.25 - - [14/Apr/2026:13:52:43 +0000] "GET /prizes/184977783 HTTP/1.1" 301 - "-" "Amazon CloudFront"
64.252.88.96 - - [14/Apr/2026:13:52:42 +0000] "GET /prizes/176473682/ HTTP/1.1" 200 24289 "-" "Amazon CloudFront"
64.252.74.231 - - [14/Apr/2026:13:52:43 +0000] "GET /prizes/184977783/ HTTP/1.1" 200 24272 "-" "Amazon CloudFront"
64.252.75.25 - - [14/Apr/2026:13:52:47 +0000] "GET /prizes/208646662 HTTP/1.1" 301 - "-" "Amazon CloudFront"
64.252.88.210 - - [14/Apr/2026:13:52:48 +0000] "GET /prizes/176483824 HTTP/1.1" 301 - "-" "Amazon CloudFront"
64.252.77.101 - - [14/Apr/2026:13:52:47 +0000] "GET /prizes/208646662/ HTTP/1.1" 200 24270 "-" "Amazon CloudFront"
64.252.74.231 - - [14/Apr/2026:13:52:51 +0000] "GET /prizes/158222369 HTTP/1.1" 301 - "-" "Amazon CloudFront"
64.252.88.210 - - [14/Apr/2026:13:52:49 +0000] "GET /prizes/176483824/ HTTP/1.1" 200 24283 "-" "Amazon CloudFront"
64.252.75.25 - - [14/Apr/2026:13:52:52 +0000] "GET /prizes/158222369/ HTTP/1.1" 200 24278 "-" "Amazon CloudFront"
64.252.88.96 - - [14/Apr/2026:13:52:56 +0000] "GET /prizes/176487642 HTTP/1.1" 301 - "-" "Amazon CloudFront"
64.252.75.25 - - [14/Apr/2026:13:52:55 +0000] "GET /?cat=1&paged=41 HTTP/1.1" 200 11220 "-" "Amazon CloudFront"
64.252.77.101 - - [14/Apr/2026:13:52:56 +0000] "GET /?cat=1&paged=42 HTTP/1.1" 200 11294 "-" "Amazon CloudFront"
64.252.74.231 - - [14/Apr/2026:13:52:58 +0000] "GET /prizes/155585824 HTTP/1.1" 301 - "-" "Amazon CloudFront"
64.252.88.96 - - [14/Apr/2026:13:52:56 +0000] "GET /prizes/176487642/ HTTP/1.1" 200 24303 "-" "Amazon CloudFront"
64.252.77.101 - - [14/Apr/2026:13:52:59 +0000] "GET /prizes/155585824/ HTTP/1.1" 200 24309 "-" "Amazon CloudFront"
64.252.74.231 - - [14/Apr/2026:13:53:02 +0000] "GET /prizes/111802167 HTTP/1.1" 301 - "-" "Amazon CloudFront"
64.252.88.210 - - [14/Apr/2026:13:53:03 +0000] "GET /prizes/176499915 HTTP/1.1" 301 - "-" "Amazon CloudFront"
64.252.75.25 - - [14/Apr/2026:13:53:03 +0000] "GET /prizes/111802167/ HTTP/1.1" 200 24309 "-" "Amazon CloudFront"
64.252.88.210 - - [14/Apr/2026:13:53:03 +0000] "GET /prizes/176499915/ HTTP/1.1" 200 24316 "-" "Amazon CloudFront"
64.252.77.101 - - [14/Apr/2026:13:53:07 +0000] "GET /?author=1&paged=34 HTTP/1.1" 200 11397 "-" "Amazon CloudFront"
64.252.75.25 - - [14/Apr/2026:13:53:08 +0000] "GET /prizes/118016662 HTTP/1.1" 301 - "-" "Amazon CloudFront"
64.252.88.210 - - [14/Apr/2026:13:53:10 +0000] "GET /prizes/176506874 HTTP/1.1" 301 - "-" "Amazon CloudFront"
64.252.77.101 - - [14/Apr/2026:13:53:09 +0000] "GET /prizes/118016662/ HTTP/1.1" 200 24276 "-" "Amazon CloudFront"
64.252.74.231 - - [14/Apr/2026:13:53:12 +0000] "GET /prizes/103844470 HTTP/1.1" 301 - "-" "Amazon CloudFront"
64.252.86.163 - - [14/Apr/2026:13:53:11 +0000] "GET /prizes/176506874/ HTTP/1.1" 200 24274 "-" "Amazon CloudFront"
64.252.75.25 - - [14/Apr/2026:13:53:13 +0000] "GET /prizes/103844470/ HTTP/1.1" 200 24295 "-" "Amazon CloudFront"
64.252.75.25 - - [14/Apr/2026:13:53:16 +0000] "GET /prizes/292229551 HTTP/1.1" 301 - "-" "Amazon CloudFront"
64.252.86.163 - - [14/Apr/2026:13:53:17 +0000] "GET /prizes/176535127 HTTP/1.1" 301 - "-" "Amazon CloudFront"
64.252.75.25 - - [14/Apr/2026:13:53:17 +0000] "GET /prizes/292229551/ HTTP/1.1" 200 24266 "-" "Amazon CloudFront"
64.252.88.210 - - [14/Apr/2026:13:53:18 +0000] "GET /prizes/176535127/ HTTP/1.1" 200 24304 "-" "Amazon CloudFront"
64.252.77.101 - - [14/Apr/2026:13:53:21 +0000] "GET /prizes/191110278 HTTP/1.1" 301 - "-" "Amazon CloudFront"
15.158.215.109 - - [14/Apr/2026:13:53:22 +0000] "POST /wp-cron.php?doing_wp_cron=1776174802.3711209297180175781250 HTTP/1.1" 200 - "https://69b4844ae61d4e92bf26ad98af552775-devsite.readyship.co/wp-cron.php?doing_wp_cron=1776174802.3711209297180175781250" "WordPress/5.1.19; https://69b4844ae61d4e92bf26ad98af552775-devsite.readyship.co"
64.252.88.96 - - [14/Apr/2026:13:53:24 +0000] "GET /prizes/176535804 HTTP/1.1" 301 - "-" "Amazon CloudFront"
64.252.75.25 - - [14/Apr/2026:13:53:21 +0000] "GET /prizes/191110278/ HTTP/1.1" 200 24299 "-" "Amazon CloudFront"
64.252.77.101 - - [14/Apr/2026:13:53:26 +0000] "GET /?cat=1&paged=43 HTTP/1.1" 200 11216 "-" "Amazon CloudFront"
64.252.88.210 - - [14/Apr/2026:13:53:25 +0000] "GET /prizes/176535804/ HTTP/1.1" 200 24283 "-" "Amazon CloudFront"
64.252.74.231 - - [14/Apr/2026:13:53:27 +0000] "GET /?cat=1&paged=44 HTTP/1.1" 200 11225 "-" "Amazon CloudFront"
64.252.74.231 - - [14/Apr/2026:13:53:29 +0000] "GET /prizes/333432349 HTTP/1.1" 301 - "-" "Amazon CloudFront"
64.252.75.25 - - [14/Apr/2026:13:53:30 +0000] "GET /?p=69484 HTTP/1.1" 200 14836 "-" "Amazon CloudFront"
64.252.75.25 - - [14/Apr/2026:13:53:30 +0000] "GET /?p=69488 HTTP/1.1" 200 14006 "-" "Amazon CloudFront"
64.252.88.210 - - [14/Apr/2026:13:53:32 +0000] "GET /prizes/176551086 HTTP/1.1" 301 - "-" "Amazon CloudFront"
64.252.74.231 - - [14/Apr/2026:13:53:30 +0000] "GET /prizes/333432349/ HTTP/1.1" 200 24281 "-" "Amazon CloudFront"
64.252.74.231 - - [14/Apr/2026:13:53:33 +0000] "GET /prizes/255570076 HTTP/1.1" 301 - "-" "Amazon CloudFront"
64.252.86.163 - - [14/Apr/2026:13:53:32 +0000] "GET /prizes/176551086/ HTTP/1.1" 200 24273 "-" "Amazon CloudFront"
64.252.77.101 - - [14/Apr/2026:13:53:34 +0000] "GET /prizes/255570076/ HTTP/1.1" 200 24256 "-" "Amazon CloudFront"
64.252.74.231 - - [14/Apr/2026:13:53:37 +0000] "GET /prizes/166608016 HTTP/1.1" 301 - "-" "Amazon CloudFront"
64.252.88.210 - - [14/Apr/2026:13:53:39 +0000] "GET /prizes/176563925 HTTP/1.1" 301 - "-" "Amazon CloudFront"
64.252.77.101 - - [14/Apr/2026:13:53:38 +0000] "GET /prizes/166608016/ HTTP/1.1" 200 24265 "-" "Amazon CloudFront"
64.252.74.231 - - [14/Apr/2026:13:53:41 +0000] "GET /?author=1&paged=32 HTTP/1.1" 200 11329 "-" "Amazon CloudFront"
64.252.88.96 - - [14/Apr/2026:13:53:40 +0000] "GET /prizes/176563925/ HTTP/1.1" 200 24275 "-" "Amazon CloudFront"
64.252.75.25 - - [14/Apr/2026:13:53:43 +0000] "GET /prizes/328884753 HTTP/1.1" 301 - "-" "Amazon CloudFront"
64.252.77.101 - - [14/Apr/2026:13:53:43 +0000] "GET /prizes/328884753/ HTTP/1.1" 200 24275 "-" "Amazon CloudFront"
64.252.88.210 - - [14/Apr/2026:13:53:46 +0000] "GET /prizes/176581814 HTTP/1.1" 301 - "-" "Amazon CloudFront"
64.252.75.25 - - [14/Apr/2026:13:53:47 +0000] "GET /prizes/126000349 HTTP/1.1" 301 - "-" "Amazon CloudFront"
64.252.88.96 - - [14/Apr/2026:13:53:47 +0000] "GET /prizes/176581814/ HTTP/1.1" 200 24284 "-" "Amazon CloudFront"
64.252.74.231 - - [14/Apr/2026:13:53:48 +0000] "GET /prizes/126000349/ HTTP/1.1" 200 24312 "-" "Amazon CloudFront"
64.252.75.25 - - [14/Apr/2026:13:53:51 +0000] "GET /prizes/111393450 HTTP/1.1" 301 - "-" "Amazon CloudFront"
64.252.88.210 - - [14/Apr/2026:13:53:54 +0000] "GET /prizes/176599925 HTTP/1.1" 301 - "-" "Amazon CloudFront"
64.252.74.231 - - [14/Apr/2026:13:53:52 +0000] "GET /prizes/111393450/ HTTP/1.1" 200 24309 "-" "Amazon CloudFront"
64.252.77.101 - - [14/Apr/2026:13:53:55 +0000] "GET /prizes/214028884 HTTP/1.1" 301 - "-" "Amazon CloudFront"
64.252.86.163 - - [14/Apr/2026:13:53:55 +0000] "GET /prizes/176599925/ HTTP/1.1" 200 24305 "-" "Amazon CloudFront"
64.252.75.25 - - [14/Apr/2026:13:53:56 +0000] "GET /prizes/214028884/ HTTP/1.1" 200 24299 "-" "Amazon CloudFront"
64.252.74.231 - - [14/Apr/2026:13:53:59 +0000] "GET /prizes/111075753 HTTP/1.1" 301 - "-" "Amazon CloudFront"
64.252.88.210 - - [14/Apr/2026:13:54:01 +0000] "GET /prizes/176607127 HTTP/1.1" 301 - "-" "Amazon CloudFront"
64.252.75.25 - - [14/Apr/2026:13:54:00 +0000] "GET /prizes/111075753/ HTTP/1.1" 200 24271 "-" "Amazon CloudFront"
64.252.77.101 - - [14/Apr/2026:13:54:03 +0000] "GET /?cat=1&paged=45 HTTP/1.1" 200 11216 "-" "Amazon CloudFront"
64.252.88.210 - - [14/Apr/2026:13:54:02 +0000] "GET /prizes/176607127/ HTTP/1.1" 200 24274 "-" "Amazon CloudFront"
64.252.75.25 - - [14/Apr/2026:13:54:05 +0000] "GET /?cat=1&paged=46 HTTP/1.1" 200 11354 "-" "Amazon CloudFront"
64.252.74.231 - - [14/Apr/2026:13:54:06 +0000] "GET /prizes/248166672 HTTP/1.1" 301 - "-" "Amazon CloudFront"
64.252.88.96 - - [14/Apr/2026:13:54:09 +0000] "GET /prizes/176608359 HTTP/1.1" 301 - "-" "Amazon CloudFront"
64.252.75.25 - - [14/Apr/2026:13:54:07 +0000] "GET /prizes/248166672/ HTTP/1.1" 200 24280 "-" "Amazon CloudFront"
64.252.74.231 - - [14/Apr/2026:13:54:10 +0000] "GET /prizes/105944410 HTTP/1.1" 301 - "-" "Amazon CloudFront"
64.252.88.210 - - [14/Apr/2026:13:54:09 +0000] "GET /prizes/176608359/ HTTP/1.1" 200 24277 "-" "Amazon CloudFront"
64.252.75.25 - - [14/Apr/2026:13:54:11 +0000] "GET /prizes/105944410/ HTTP/1.1" 200 24267 "-" "Amazon CloudFront"
64.252.77.101 - - [14/Apr/2026:13:54:14 +0000] "GET /prizes/240830006 HTTP/1.1" 301 - "-" "Amazon CloudFront"
64.252.88.210 - - [14/Apr/2026:13:54:16 +0000] "GET /prizes/176649531 HTTP/1.1" 301 - "-" "Amazon CloudFront"
64.252.75.25 - - [14/Apr/2026:13:54:15 +0000] "GET /prizes/240830006/ HTTP/1.1" 200 24275 "-" "Amazon CloudFront"
64.252.77.101 - - [14/Apr/2026:13:54:19 +0000] "GET /prizes/119573339 HTTP/1.1" 301 - "-" "Amazon CloudFront"
64.252.88.96 - - [14/Apr/2026:13:54:16 +0000] "GET /prizes/176649531/ HTTP/1.1" 200 24299 "-" "Amazon CloudFront"
64.252.77.101 - - [14/Apr/2026:13:54:20 +0000] "GET /prizes/119573339/ HTTP/1.1" 200 24291 "-" "Amazon CloudFront"
64.252.77.101 - - [14/Apr/2026:13:54:23 +0000] "GET /prizes/333893369 HTTP/1.1" 301 - "-" "Amazon CloudFront"
15.158.215.109 - - [14/Apr/2026:13:54:23 +0000] "POST /wp-cron.php?doing_wp_cron=1776174863.9190759658813476562500 HTTP/1.1" 200 - "https://69b4844ae61d4e92bf26ad98af552775-devsite.readyship.co/wp-cron.php?doing_wp_cron=1776174863.9190759658813476562500" "WordPress/5.1.19; https://69b4844ae61d4e92bf26ad98af552775-devsite.readyship.co"
64.252.88.96 - - [14/Apr/2026:13:54:23 +0000] "GET /prizes/176658187 HTTP/1.1" 301 - "-" "Amazon CloudFront"
64.252.74.231 - - [14/Apr/2026:13:54:24 +0000] "GET /prizes/333893369/ HTTP/1.1" 200 24278 "-" "Amazon CloudFront"
64.252.88.210 - - [14/Apr/2026:13:54:24 +0000] "GET /prizes/176658187/ HTTP/1.1" 200 24258 "-" "Amazon CloudFront"
64.252.74.231 - - [14/Apr/2026:13:54:27 +0000] "GET /prizes/333573187 HTTP/1.1" 301 - "-" "Amazon CloudFront"
64.252.86.163 - - [14/Apr/2026:13:54:31 +0000] "GET /prizes/176686874 HTTP/1.1" 301 - "-" "Amazon CloudFront"
64.252.75.25 - - [14/Apr/2026:13:54:28 +0000] "GET /prizes/333573187/ HTTP/1.1" 200 24216 "-" "Amazon CloudFront"
64.252.74.231 - - [14/Apr/2026:13:54:31 +0000] "GET /?p=72648 HTTP/1.1" 200 14690 "-" "Amazon CloudFront"
64.252.74.231 - - [14/Apr/2026:13:54:32 +0000] "GET /prizes/235111400 HTTP/1.1" 301 - "-" "Amazon CloudFront"
64.252.88.210 - - [14/Apr/2026:13:54:32 +0000] "GET /prizes/176686874/ HTTP/1.1" 200 24302 "-" "Amazon CloudFront"
64.252.75.25 - - [14/Apr/2026:13:54:32 +0000] "GET /prizes/235111400/ HTTP/1.1" 200 24293 "-" "Amazon CloudFront"
64.252.74.231 - - [14/Apr/2026:13:54:36 +0000] "GET /prizes/226808884 HTTP/1.1" 301 - "-" "Amazon CloudFront"
64.252.88.210 - - [14/Apr/2026:13:54:38 +0000] "GET /prizes/176728167 HTTP/1.1" 301 - "-" "Amazon CloudFront"
64.252.77.101 - - [14/Apr/2026:13:54:36 +0000] "GET /prizes/226808884/ HTTP/1.1" 200 24307 "-" "Amazon CloudFront"
64.252.75.25 - - [14/Apr/2026:13:54:40 +0000] "GET /?cat=1&paged=47 HTTP/1.1" 200 11291 "-" "Amazon CloudFront"
64.252.86.163 - - [14/Apr/2026:13:54:39 +0000] "GET /prizes/176728167/ HTTP/1.1" 200 24277 "-" "Amazon CloudFront"
64.252.74.231 - - [14/Apr/2026:13:54:41 +0000] "GET /?cat=1&paged=48 HTTP/1.1" 200 11312 "-" "Amazon CloudFront"
64.252.75.25 - - [14/Apr/2026:13:54:42 +0000] "GET /prizes/192666480 HTTP/1.1" 301 - "-" "Amazon CloudFront"
64.252.88.210 - - [14/Apr/2026:13:54:45 +0000] "GET /prizes/176733561 HTTP/1.1" 301 - "-" "Amazon CloudFront"
64.252.75.25 - - [14/Apr/2026:13:54:43 +0000] "GET /prizes/192666480/ HTTP/1.1" 200 24278 "-" "Amazon CloudFront"
64.252.74.231 - - [14/Apr/2026:13:54:46 +0000] "GET /prizes/100076177 HTTP/1.1" 301 - "-" "Amazon CloudFront"
64.252.88.96 - - [14/Apr/2026:13:54:46 +0000] "GET /prizes/176733561/ HTTP/1.1" 200 24289 "-" "Amazon CloudFront"
64.252.75.25 - - [14/Apr/2026:13:54:47 +0000] "GET /prizes/100076177/ HTTP/1.1" 200 24291 "-" "Amazon CloudFront"
64.252.77.101 - - [14/Apr/2026:13:54:51 +0000] "GET /prizes/222885783 HTTP/1.1" 301 - "-" "Amazon CloudFront"
64.252.88.210 - - [14/Apr/2026:13:54:53 +0000] "GET /prizes/176735470 HTTP/1.1" 301 - "-" "Amazon CloudFront"
64.252.75.25 - - [14/Apr/2026:13:54:51 +0000] "GET /prizes/222885783/ HTTP/1.1" 200 24306 "-" "Amazon CloudFront"
64.252.75.25 - - [14/Apr/2026:13:54:55 +0000] "GET /?author=1&paged=29 HTTP/1.1" 200 11291 "-" "Amazon CloudFront"
64.252.88.96 - - [14/Apr/2026:13:54:53 +0000] "GET /prizes/176735470/ HTTP/1.1" 200 24302 "-" "Amazon CloudFront"
64.252.77.101 - - [14/Apr/2026:13:54:56 +0000] "GET /prizes/344432369 HTTP/1.1" 301 - "-" "Amazon CloudFront"
64.252.88.96 - - [14/Apr/2026:13:55:00 +0000] "GET /prizes/176746733 HTTP/1.1" 301 - "-" "Amazon CloudFront"
64.252.77.101 - - [14/Apr/2026:13:54:57 +0000] "GET /prizes/344432369/ HTTP/1.1" 200 24279 "-" "Amazon CloudFront"
64.252.74.231 - - [14/Apr/2026:13:55:01 +0000] "GET /prizes/172244470 HTTP/1.1" 301 - "-" "Amazon CloudFront"
64.252.88.210 - - [14/Apr/2026:13:55:01 +0000] "GET /prizes/176746733/ HTTP/1.1" 200 24300 "-" "Amazon CloudFront"
64.252.75.25 - - [14/Apr/2026:13:55:02 +0000] "GET /prizes/172244470/ HTTP/1.1" 200 24278 "-" "Amazon CloudFront"
64.252.75.25 - - [14/Apr/2026:13:55:05 +0000] "GET /prizes/255527339 HTTP/1.1" 301 - "-" "Amazon CloudFront"
64.252.88.210 - - [14/Apr/2026:13:55:07 +0000] "GET /prizes/176748531 HTTP/1.1" 301 - "-" "Amazon CloudFront"
64.252.75.25 - - [14/Apr/2026:13:55:06 +0000] "GET /prizes/255527339/ HTTP/1.1" 200 24314 "-" "Amazon CloudFront"
64.252.75.25 - - [14/Apr/2026:13:55:10 +0000] "GET /prizes/111218521 HTTP/1.1" 301 - "-" "Amazon CloudFront"
64.252.88.210 - - [14/Apr/2026:13:55:08 +0000] "GET /prizes/176748531/ HTTP/1.1" 200 24286 "-" "Amazon CloudFront"
64.252.77.101 - - [14/Apr/2026:13:55:10 +0000] "GET /prizes/111218521/ HTTP/1.1" 200 24285 "-" "Amazon CloudFront"
64.252.86.163 - - [14/Apr/2026:13:55:14 +0000] "GET /prizes/176753147 HTTP/1.1" 301 - "-" "Amazon CloudFront"
64.252.77.101 - - [14/Apr/2026:13:55:14 +0000] "GET /?cat=1&paged=49 HTTP/1.1" 200 11280 "-" "Amazon CloudFront"
64.252.74.231 - - [14/Apr/2026:13:55:15 +0000] "GET /?cat=1&paged=50 HTTP/1.1" 200 11195 "-" "Amazon CloudFront"
18.68.41.182 - - [14/Apr/2026:13:55:17 +0000] "GET /index.php?rest_route=%2Foembed%2F1.0%2Fembed&url=https%3A%2F%2F69b4844ae61d4e92bf26ad98af552775-devsite.readyship.co%2F%3Fp%3D8855 HTTP/1.1" 403 - "https://69b4844ae61d4e92bf26ad98af552775-devsite.readyship.co/?p=8855" "Mozilla/5.0 AppleWebKit/537.36 (KHTML, like Gecko; compatible; GPTBot/1.3; +https://openai.com/gptbot)"
18.68.41.182 - - [14/Apr/2026:13:55:17 +0000] "GET /index.php?rest_route=%2Foembed%2F1.0%2Fembed&url=https%3A%2F%2F69b4844ae61d4e92bf26ad98af552775-devsite.readyship.co%2F%3Fp%3D7227 HTTP/1.1" 403 - "https://69b4844ae61d4e92bf26ad98af552775-devsite.readyship.co/?p=7227" "Mozilla/5.0 AppleWebKit/537.36 (KHTML, like Gecko; compatible; GPTBot/1.3; +https://openai.com/gptbot)"
18.68.41.182 - - [14/Apr/2026:13:55:18 +0000] "GET /index.php?rest_route=%2Foembed%2F1.0%2Fembed&url=https%3A%2F%2F69b4844ae61d4e92bf26ad98af552775-devsite.readyship.co%2F%3Fp%3D6969 HTTP/1.1" 403 - "https://69b4844ae61d4e92bf26ad98af552775-devsite.readyship.co/?p=6969" "Mozilla/5.0 AppleWebKit/537.36 (KHTML, like Gecko; compatible; GPTBot/1.3; +https://openai.com/gptbot)"
64.252.88.210 - - [14/Apr/2026:13:55:15 +0000] "GET /prizes/176753147/ HTTP/1.1" 200 24295 "-" "Amazon CloudFront"
64.252.75.25 - - [14/Apr/2026:13:55:19 +0000] "GET /?author=1&paged=26 HTTP/1.1" 200 11296 "-" "Amazon CloudFront"
18.68.41.147 - - [14/Apr/2026:13:55:20 +0000] "GET /index.php?rest_route=%2Foembed%2F1.0%2Fembed&url=https%3A%2F%2F69b4844ae61d4e92bf26ad98af552775-devsite.readyship.co%2F%3Fp%3D7007 HTTP/1.1" 403 - "https://69b4844ae61d4e92bf26ad98af552775-devsite.readyship.co/?p=7007" "Mozilla/5.0 AppleWebKit/537.36 (KHTML, like Gecko; compatible; GPTBot/1.3; +https://openai.com/gptbot)"
18.68.41.147 - - [14/Apr/2026:13:55:21 +0000] "GET /index.php?rest_route=%2Foembed%2F1.0%2Fembed&url=https%3A%2F%2F69b4844ae61d4e92bf26ad98af552775-devsite.readyship.co%2F%3Fp%3D8008 HTTP/1.1" 403 - "https://69b4844ae61d4e92bf26ad98af552775-devsite.readyship.co/?p=8008" "Mozilla/5.0 AppleWebKit/537.36 (KHTML, like Gecko; compatible; GPTBot/1.3; +https://openai.com/gptbot)"
18.68.41.147 - - [14/Apr/2026:13:55:21 +0000] "GET /index.php?rest_route=%2Foembed%2F1.0%2Fembed&url=https%3A%2F%2F69b4844ae61d4e92bf26ad98af552775-devsite.readyship.co%2F%3Fp%3D8181 HTTP/1.1" 403 - "https://69b4844ae61d4e92bf26ad98af552775-devsite.readyship.co/?p=8181" "Mozilla/5.0 AppleWebKit/537.36 (KHTML, like Gecko; compatible; GPTBot/1.3; +https://openai.com/gptbot)"
18.68.41.173 - - [14/Apr/2026:13:55:22 +0000] "GET /index.php?rest_route=%2Foembed%2F1.0%2Fembed&url=https%3A%2F%2F69b4844ae61d4e92bf26ad98af552775-devsite.readyship.co%2F%3Fp%3D7667 HTTP/1.1" 403 - "https://69b4844ae61d4e92bf26ad98af552775-devsite.readyship.co/?p=7667" "Mozilla/5.0 AppleWebKit/537.36 (KHTML, like Gecko; compatible; GPTBot/1.3; +https://openai.com/gptbot)"
15.158.215.109 - - [14/Apr/2026:13:55:22 +0000] "POST /wp-cron.php?doing_wp_cron=1776174922.6271300315856933593750 HTTP/1.1" 200 - "https://69b4844ae61d4e92bf26ad98af552775-devsite.readyship.co/wp-cron.php?doing_wp_cron=1776174922.6271300315856933593750" "WordPress/5.1.19; https://69b4844ae61d4e92bf26ad98af552775-devsite.readyship.co"
64.252.88.210 - - [14/Apr/2026:13:55:22 +0000] "GET /prizes/176761248 HTTP/1.1" 301 - "-" "Amazon CloudFront"
64.252.74.231 - - [14/Apr/2026:13:55:22 +0000] "GET /?cat=1&paged=51 HTTP/1.1" 200 11249 "-" "Amazon CloudFront"
64.252.74.231 - - [14/Apr/2026:13:55:24 +0000] "GET /?cat=1&paged=52 HTTP/1.1" 200 11265 "-" "Amazon CloudFront"
18.68.41.147 - - [14/Apr/2026:13:55:25 +0000] "GET /index.php?rest_route=%2Foembed%2F1.0%2Fembed&url=https%3A%2F%2F69b4844ae61d4e92bf26ad98af552775-devsite.readyship.co%2F%3Fp%3D7447 HTTP/1.1" 403 - "https://69b4844ae61d4e92bf26ad98af552775-devsite.readyship.co/?p=7447" "Mozilla/5.0 AppleWebKit/537.36 (KHTML, like Gecko; compatible; GPTBot/1.3; +https://openai.com/gptbot)"
18.68.41.173 - - [14/Apr/2026:13:55:26 +0000] "GET /index.php?rest_route=%2Foembed%2F1.0%2Fembed&url=https%3A%2F%2F69b4844ae61d4e92bf26ad98af552775-devsite.readyship.co%2F%3Fp%3D9944 HTTP/1.1" 403 - "https://69b4844ae61d4e92bf26ad98af552775-devsite.readyship.co/?p=9944" "Mozilla/5.0 AppleWebKit/537.36 (KHTML, like Gecko; compatible; GPTBot/1.3; +https://openai.com/gptbot)"
18.68.41.173 - - [14/Apr/2026:13:55:26 +0000] "GET /index.php?rest_route=%2Foembed%2F1.0%2Fembed&url=https%3A%2F%2F69b4844ae61d4e92bf26ad98af552775-devsite.readyship.co%2F%3Fp%3D7788 HTTP/1.1" 403 - "https://69b4844ae61d4e92bf26ad98af552775-devsite.readyship.co/?p=7788" "Mozilla/5.0 AppleWebKit/537.36 (KHTML, like Gecko; compatible; GPTBot/1.3; +https://openai.com/gptbot)"
64.252.86.163 - - [14/Apr/2026:13:55:23 +0000] "GET /prizes/176761248/ HTTP/1.1" 200 24264 "-" "Amazon CloudFront"
64.252.77.101 - - [14/Apr/2026:13:55:27 +0000] "GET /?author=1&paged=25 HTTP/1.1" 200 11251 "-" "Amazon CloudFront"
18.68.41.173 - - [14/Apr/2026:13:55:28 +0000] "GET /index.php?rest_route=%2Foembed%2F1.0%2Fembed&url=https%3A%2F%2F69b4844ae61d4e92bf26ad98af552775-devsite.readyship.co%2F%3Fp%3D7797 HTTP/1.1" 403 - "https://69b4844ae61d4e92bf26ad98af552775-devsite.readyship.co/?p=7797" "Mozilla/5.0 AppleWebKit/537.36 (KHTML, like Gecko; compatible; GPTBot/1.3; +https://openai.com/gptbot)"
18.68.41.177 - - [14/Apr/2026:13:55:29 +0000] "GET /index.php?rest_route=%2Foembed%2F1.0%2Fembed&url=https%3A%2F%2F69b4844ae61d4e92bf26ad98af552775-devsite.readyship.co%2F%3Fp%3D8989 HTTP/1.1" 403 - "https://69b4844ae61d4e92bf26ad98af552775-devsite.readyship.co/?p=8989" "Mozilla/5.0 AppleWebKit/537.36 (KHTML, like Gecko; compatible; GPTBot/1.3; +https://openai.com/gptbot)"
18.68.41.177 - - [14/Apr/2026:13:55:30 +0000] "GET /index.php?rest_route=%2Foembed%2F1.0%2Fembed&url=https%3A%2F%2F69b4844ae61d4e92bf26ad98af552775-devsite.readyship.co%2F%3Fp%3D7767 HTTP/1.1" 403 - "https://69b4844ae61d4e92bf26ad98af552775-devsite.readyship.co/?p=7767" "Mozilla/5.0 AppleWebKit/537.36 (KHTML, like Gecko; compatible; GPTBot/1.3; +https://openai.com/gptbot)"
18.68.41.171 - - [14/Apr/2026:13:55:30 +0000] "GET /index.php?rest_route=%2Foembed%2F1.0%2Fembed&url=https%3A%2F%2F69b4844ae61d4e92bf26ad98af552775-devsite.readyship.co%2F%3Fp%3D7171 HTTP/1.1" 403 - "https://69b4844ae61d4e92bf26ad98af552775-devsite.readyship.co/?p=7171" "Mozilla/5.0 AppleWebKit/537.36 (KHTML, like Gecko; compatible; GPTBot/1.3; +https://openai.com/gptbot)"
64.252.88.96 - - [14/Apr/2026:13:55:30 +0000] "GET /prizes/176773167 HTTP/1.1" 301 - "-" "Amazon CloudFront"
64.252.74.231 - - [14/Apr/2026:13:55:31 +0000] "GET /?cat=1&paged=53 HTTP/1.1" 200 11175 "-" "Amazon CloudFront"
64.252.74.231 - - [14/Apr/2026:13:55:32 +0000] "GET /?cat=1&paged=54 HTTP/1.1" 200 11150 "-" "Amazon CloudFront"
18.68.41.147 - - [14/Apr/2026:13:55:34 +0000] "GET /index.php?rest_route=%2Foembed%2F1.0%2Fembed&url=https%3A%2F%2F69b4844ae61d4e92bf26ad98af552775-devsite.readyship.co%2F%3Fp%3D7717 HTTP/1.1" 403 - "https://69b4844ae61d4e92bf26ad98af552775-devsite.readyship.co/?p=7717" "Mozilla/5.0 AppleWebKit/537.36 (KHTML, like Gecko; compatible; GPTBot/1.3; +https://openai.com/gptbot)"
64.252.88.96 - - [14/Apr/2026:13:55:31 +0000] "GET /prizes/176773167/ HTTP/1.1" 200 24292 "-" "Amazon CloudFront"
18.68.41.177 - - [14/Apr/2026:13:55:34 +0000] "GET /index.php?rest_route=%2Foembed%2F1.0%2Fembed&url=https%3A%2F%2F69b4844ae61d4e92bf26ad98af552775-devsite.readyship.co%2F%3Fp%3D7799 HTTP/1.1" 403 - "https://69b4844ae61d4e92bf26ad98af552775-devsite.readyship.co/?p=7799" "Mozilla/5.0 AppleWebKit/537.36 (KHTML, like Gecko; compatible; GPTBot/1.3; +https://openai.com/gptbot)"
18.68.41.173 - - [14/Apr/2026:13:55:35 +0000] "GET /index.php?rest_route=%2Foembed%2F1.0%2Fembed&url=https%3A%2F%2F69b4844ae61d4e92bf26ad98af552775-devsite.readyship.co%2F%3Fp%3D7744 HTTP/1.1" 403 - "https://69b4844ae61d4e92bf26ad98af552775-devsite.readyship.co/?p=7744" "Mozilla/5.0 AppleWebKit/537.36 (KHTML, like Gecko; compatible; GPTBot/1.3; +https://openai.com/gptbot)"
18.68.41.147 - - [14/Apr/2026:13:55:35 +0000] "GET /index.php?rest_route=%2Foembed%2F1.0%2Fembed&url=https%3A%2F%2F69b4844ae61d4e92bf26ad98af552775-devsite.readyship.co%2F%3Fp%3D8585 HTTP/1.1" 403 - "https://69b4844ae61d4e92bf26ad98af552775-devsite.readyship.co/?p=8585" "Mozilla/5.0 AppleWebKit/537.36 (KHTML, like Gecko; compatible; GPTBot/1.3; +https://openai.com/gptbot)"
18.68.41.147 - - [14/Apr/2026:13:55:36 +0000] "GET /index.php?rest_route=%2Foembed%2F1.0%2Fembed&url=https%3A%2F%2F69b4844ae61d4e92bf26ad98af552775-devsite.readyship.co%2F%3Fp%3D7878 HTTP/1.1" 403 - "https://69b4844ae61d4e92bf26ad98af552775-devsite.readyship.co/?p=7878" "Mozilla/5.0 AppleWebKit/537.36 (KHTML, like Gecko; compatible; GPTBot/1.3; +https://openai.com/gptbot)"
18.68.41.173 - - [14/Apr/2026:13:55:37 +0000] "GET /index.php?rest_route=%2Foembed%2F1.0%2Fembed&url=https%3A%2F%2F69b4844ae61d4e92bf26ad98af552775-devsite.readyship.co%2F%3Fp%3D7117 HTTP/1.1" 403 - "https://69b4844ae61d4e92bf26ad98af552775-devsite.readyship.co/?p=7117" "Mozilla/5.0 AppleWebKit/537.36 (KHTML, like Gecko; compatible; GPTBot/1.3; +https://openai.com/gptbot)"
18.68.41.171 - - [14/Apr/2026:13:55:37 +0000] "GET /index.php?rest_route=%2Foembed%2F1.0%2Fembed&url=https%3A%2F%2F69b4844ae61d4e92bf26ad98af552775-devsite.readyship.co%2F%3Fp%3D8833 HTTP/1.1" 403 - "https://69b4844ae61d4e92bf26ad98af552775-devsite.readyship.co/?p=8833" "Mozilla/5.0 AppleWebKit/537.36 (KHTML, like Gecko; compatible; GPTBot/1.3; +https://openai.com/gptbot)"
18.68.41.173 - - [14/Apr/2026:13:55:38 +0000] "GET /index.php?rest_route=%2Foembed%2F1.0%2Fembed&url=https%3A%2F%2F69b4844ae61d4e92bf26ad98af552775-devsite.readyship.co%2F%3Fp%3D7677 HTTP/1.1" 403 - "https://69b4844ae61d4e92bf26ad98af552775-devsite.readyship.co/?p=7677" "Mozilla/5.0 AppleWebKit/537.36 (KHTML, like Gecko; compatible; GPTBot/1.3; +https://openai.com/gptbot)"
64.252.86.163 - - [14/Apr/2026:13:55:37 +0000] "GET /prizes/176786006 HTTP/1.1" 301 - "-" "Amazon CloudFront"
64.252.75.25 - - [14/Apr/2026:13:55:38 +0000] "GET /?cat=1&paged=55 HTTP/1.1" 200 11275 "-" "Amazon CloudFront"
64.252.77.101 - - [14/Apr/2026:13:55:40 +0000] "GET /prizes/141511511 HTTP/1.1" 301 - "-" "Amazon CloudFront"
64.252.88.96 - - [14/Apr/2026:13:55:38 +0000] "GET /prizes/176786006/ HTTP/1.1" 200 24284 "-" "Amazon CloudFront"
64.252.74.231 - - [14/Apr/2026:13:55:41 +0000] "GET /prizes/141511511/ HTTP/1.1" 200 24277 "-" "Amazon CloudFront"
64.252.88.96 - - [14/Apr/2026:13:55:45 +0000] "GET /prizes/176859238 HTTP/1.1" 301 - "-" "Amazon CloudFront"
64.252.77.101 - - [14/Apr/2026:13:55:44 +0000] "GET /?cat=1&paged=56 HTTP/1.1" 200 11302 "-" "Amazon CloudFront"
64.252.77.101 - - [14/Apr/2026:13:55:46 +0000] "GET /prizes/228248228 HTTP/1.1" 301 - "-" "Amazon CloudFront"
64.252.88.210 - - [14/Apr/2026:13:55:45 +0000] "GET /prizes/176859238/ HTTP/1.1" 200 24281 "-" "Amazon CloudFront"
64.252.75.25 - - [14/Apr/2026:13:55:46 +0000] "GET /prizes/228248228/ HTTP/1.1" 200 24257 "-" "Amazon CloudFront"
64.252.77.101 - - [14/Apr/2026:13:55:50 +0000] "GET /prizes/197717177 HTTP/1.1" 301 - "-" "Amazon CloudFront"
64.252.86.163 - - [14/Apr/2026:13:55:52 +0000] "GET /prizes/176859450 HTTP/1.1" 301 - "-" "Amazon CloudFront"
64.252.77.101 - - [14/Apr/2026:13:55:50 +0000] "GET /prizes/197717177/ HTTP/1.1" 200 24256 "-" "Amazon CloudFront"
