64.252.77.101 - - [14/Apr/2026:13:55:54 +0000] "GET /prizes/151051511 HTTP/1.1" 301 - "-" "Amazon CloudFront"
64.252.88.96 - - [14/Apr/2026:13:55:53 +0000] "GET /prizes/176859450/ HTTP/1.1" 200 24275 "-" "Amazon CloudFront"
64.252.77.101 - - [14/Apr/2026:13:55:54 +0000] "GET /prizes/151051511/ HTTP/1.1" 200 24298 "-" "Amazon CloudFront"
64.252.74.231 - - [14/Apr/2026:13:55:58 +0000] "GET /prizes/188188218 HTTP/1.1" 301 - "-" "Amazon CloudFront"
64.252.88.210 - - [14/Apr/2026:13:55:59 +0000] "GET /prizes/176880046 HTTP/1.1" 301 - "-" "Amazon CloudFront"
64.252.77.101 - - [14/Apr/2026:13:55:59 +0000] "GET /prizes/188188218/ HTTP/1.1" 200 24274 "-" "Amazon CloudFront"
64.252.75.25 - - [14/Apr/2026:13:56:02 +0000] "GET /wp-content/plugins/woocommerce/assets/js/frontend/country-select.min.js?ver=3.6.7 HTTP/1.1" 200 4062 "-" "Amazon CloudFront"
64.252.86.163 - - [14/Apr/2026:13:56:00 +0000] "GET /prizes/176880046/ HTTP/1.1" 200 24271 "-" "Amazon CloudFront"
64.252.75.25 - - [14/Apr/2026:13:56:02 +0000] "GET /?case27_job_listing_tags=heated-seats HTTP/1.1" 200 11142 "-" "Amazon CloudFront"
64.252.77.101 - - [14/Apr/2026:13:56:04 +0000] "GET /?feed=rss2&p=96183 HTTP/1.1" 200 533 "-" "Amazon CloudFront"
64.252.77.101 - - [14/Apr/2026:13:56:04 +0000] "GET /?p=6667 HTTP/1.1" 200 21329 "-" "Amazon CloudFront"
64.252.77.101 - - [14/Apr/2026:13:56:05 +0000] "GET /?p=8886 HTTP/1.1" 200 20302 "-" "Amazon CloudFront"
64.252.86.163 - - [14/Apr/2026:13:56:06 +0000] "GET /prizes/176881389 HTTP/1.1" 301 - "-" "Amazon CloudFront"
64.252.77.101 - - [14/Apr/2026:13:56:06 +0000] "GET /?cat=1&paged=57 HTTP/1.1" 200 11213 "-" "Amazon CloudFront"
64.252.74.231 - - [14/Apr/2026:13:56:08 +0000] "GET /?cat=1&paged=58 HTTP/1.1" 200 11133 "-" "Amazon CloudFront"
64.252.88.96 - - [14/Apr/2026:13:56:07 +0000] "GET /prizes/176881389/ HTTP/1.1" 200 24303 "-" "Amazon CloudFront"
64.252.74.231 - - [14/Apr/2026:13:56:10 +0000] "GET /?p=6663 HTTP/1.1" 200 14070 "-" "Amazon CloudFront"
64.252.75.25 - - [14/Apr/2026:13:56:11 +0000] "GET /?p=6222 HTTP/1.1" 200 20671 "-" "Amazon CloudFront"
64.252.77.101 - - [14/Apr/2026:13:56:12 +0000] "GET /?p=7775 HTTP/1.1" 200 21308 "-" "Amazon CloudFront"
64.252.88.210 - - [14/Apr/2026:13:56:14 +0000] "GET /prizes/176885551 HTTP/1.1" 301 - "-" "Amazon CloudFront"
64.252.75.25 - - [14/Apr/2026:13:56:13 +0000] "GET /?p=6000 HTTP/1.1" 200 21179 "-" "Amazon CloudFront"
64.252.77.101 - - [14/Apr/2026:13:56:14 +0000] "GET /?p=6669 HTTP/1.1" 200 14364 "-" "Amazon CloudFront"
64.252.74.231 - - [14/Apr/2026:13:56:17 +0000] "GET /?p=6333 HTTP/1.1" 200 22587 "-" "Amazon CloudFront"
64.252.88.210 - - [14/Apr/2026:13:56:14 +0000] "GET /prizes/176885551/ HTTP/1.1" 200 24296 "-" "Amazon CloudFront"
64.252.77.101 - - [14/Apr/2026:13:56:18 +0000] "GET /?p=8888 HTTP/1.1" 200 21038 "-" "Amazon CloudFront"
64.252.77.101 - - [14/Apr/2026:13:56:19 +0000] "GET /?cat=1&paged=59 HTTP/1.1" 200 11239 "-" "Amazon CloudFront"
64.252.88.210 - - [14/Apr/2026:13:56:21 +0000] "GET /prizes/176912773 HTTP/1.1" 301 - "-" "Amazon CloudFront"
64.252.77.101 - - [14/Apr/2026:13:56:20 +0000] "GET /?p=8555 HTTP/1.1" 200 21026 "-" "Amazon CloudFront"
15.158.215.109 - - [14/Apr/2026:13:56:22 +0000] "POST /wp-cron.php?doing_wp_cron=1776174982.4670999050140380859375 HTTP/1.1" 200 - "https://69b4844ae61d4e92bf26ad98af552775-devsite.readyship.co/wp-cron.php?doing_wp_cron=1776174982.4670999050140380859375" "WordPress/5.1.19; https://69b4844ae61d4e92bf26ad98af552775-devsite.readyship.co"
64.252.75.25 - - [14/Apr/2026:13:56:22 +0000] "GET /?cat=1&paged=60 HTTP/1.1" 200 11087 "-" "Amazon CloudFront"
64.252.77.101 - - [14/Apr/2026:13:56:24 +0000] "GET /?p=5559 HTTP/1.1" 200 24729 "-" "Amazon CloudFront"
64.252.88.96 - - [14/Apr/2026:13:56:22 +0000] "GET /prizes/176912773/ HTTP/1.1" 200 24279 "-" "Amazon CloudFront"
64.252.75.25 - - [14/Apr/2026:13:56:25 +0000] "GET /?p=6665 HTTP/1.1" 200 25151 "-" "Amazon CloudFront"
18.68.41.182 - - [14/Apr/2026:13:56:26 +0000] "GET /index.php?rest_route=%2Foembed%2F1.0%2Fembed&url=https%3A%2F%2F69b4844ae61d4e92bf26ad98af552775-devsite.readyship.co%2F%3Fp%3D7775 HTTP/1.1" 403 - "https://69b4844ae61d4e92bf26ad98af552775-devsite.readyship.co/?p=7775" "Mozilla/5.0 AppleWebKit/537.36 (KHTML, like Gecko; compatible; GPTBot/1.3; +https://openai.com/gptbot)"
18.68.41.182 - - [14/Apr/2026:13:56:26 +0000] "GET /index.php?format=xml&rest_route=%2Foembed%2F1.0%2Fembed&url=https%3A%2F%2F69b4844ae61d4e92bf26ad98af552775-devsite.readyship.co%2F%3Fp%3D7775 HTTP/1.1" 403 - "https://69b4844ae61d4e92bf26ad98af552775-devsite.readyship.co/?p=7775" "Mozilla/5.0 AppleWebKit/537.36 (KHTML, like Gecko; compatible; GPTBot/1.3; +https://openai.com/gptbot)"
64.252.75.25 - - [14/Apr/2026:13:56:27 +0000] "GET /?p=7777 HTTP/1.1" 200 22968 "-" "Amazon CloudFront"
64.252.88.210 - - [14/Apr/2026:13:56:28 +0000] "GET /prizes/176924147 HTTP/1.1" 301 - "-" "Amazon CloudFront"
64.252.74.231 - - [14/Apr/2026:13:56:28 +0000] "GET /?p=6661 HTTP/1.1" 200 23810 "-" "Amazon CloudFront"
64.252.75.25 - - [14/Apr/2026:13:56:29 +0000] "GET /?p=6888 HTTP/1.1" 200 21132 "-" "Amazon CloudFront"
64.252.88.96 - - [14/Apr/2026:13:56:29 +0000] "GET /prizes/176924147/ HTTP/1.1" 200 24304 "-" "Amazon CloudFront"
64.252.88.210 - - [14/Apr/2026:13:56:36 +0000] "GET /prizes/176946076 HTTP/1.1" 301 - "-" "Amazon CloudFront"
64.252.74.231 - - [14/Apr/2026:13:56:31 +0000] "GET /?p=8890 HTTP/1.1" 200 16944 "-" "Amazon CloudFront"
64.252.75.25 - - [14/Apr/2026:13:56:36 +0000] "GET /?cat=1&paged=61 HTTP/1.1" 200 11210 "-" "Amazon CloudFront"
64.252.77.101 - - [14/Apr/2026:13:56:37 +0000] "GET /?p=7779 HTTP/1.1" 200 23004 "-" "Amazon CloudFront"
64.252.74.231 - - [14/Apr/2026:13:56:38 +0000] "GET /?cat=1&paged=62 HTTP/1.1" 200 11237 "-" "Amazon CloudFront"
64.252.88.210 - - [14/Apr/2026:13:56:36 +0000] "GET /prizes/176946076/ HTTP/1.1" 200 24291 "-" "Amazon CloudFront"
64.252.77.101 - - [14/Apr/2026:13:56:40 +0000] "GET /?p=8880 HTTP/1.1" 200 17455 "-" "Amazon CloudFront"
64.252.75.25 - - [14/Apr/2026:13:56:41 +0000] "GET /?p=6999 HTTP/1.1" 200 19224 "-" "Amazon CloudFront"
64.252.88.96 - - [14/Apr/2026:13:56:43 +0000] "GET /prizes/176968703 HTTP/1.1" 301 - "-" "Amazon CloudFront"
64.252.75.25 - - [14/Apr/2026:13:56:43 +0000] "GET /?p=8666 HTTP/1.1" 200 15919 "-" "Amazon CloudFront"
64.252.74.231 - - [14/Apr/2026:13:56:44 +0000] "GET /?p=9996 HTTP/1.1" 200 15016 "-" "Amazon CloudFront"
64.252.75.25 - - [14/Apr/2026:13:56:45 +0000] "GET /?p=8884 HTTP/1.1" 200 21235 "-" "Amazon CloudFront"
64.252.74.231 - - [14/Apr/2026:13:56:46 +0000] "GET /?p=8892 HTTP/1.1" 200 16414 "-" "Amazon CloudFront"
64.252.86.163 - - [14/Apr/2026:13:56:44 +0000] "GET /prizes/176968703/ HTTP/1.1" 200 24287 "-" "Amazon CloudFront"
64.252.75.25 - - [14/Apr/2026:13:56:47 +0000] "GET /?cat=1&paged=63 HTTP/1.1" 200 11165 "-" "Amazon CloudFront"
18.68.41.182 - - [14/Apr/2026:13:56:49 +0000] "GET /index.php?rest_route=%2Foembed%2F1.0%2Fembed&url=https%3A%2F%2F69b4844ae61d4e92bf26ad98af552775-devsite.readyship.co%2F%3Fp%3D7779 HTTP/1.1" 403 - "https://69b4844ae61d4e92bf26ad98af552775-devsite.readyship.co/?p=7779" "Mozilla/5.0 AppleWebKit/537.36 (KHTML, like Gecko; compatible; GPTBot/1.3; +https://openai.com/gptbot)"
18.68.41.182 - - [14/Apr/2026:13:56:49 +0000] "GET /index.php?format=xml&rest_route=%2Foembed%2F1.0%2Fembed&url=https%3A%2F%2F69b4844ae61d4e92bf26ad98af552775-devsite.readyship.co%2F%3Fp%3D7779 HTTP/1.1" 403 - "https://69b4844ae61d4e92bf26ad98af552775-devsite.readyship.co/?p=7779" "Mozilla/5.0 AppleWebKit/537.36 (KHTML, like Gecko; compatible; GPTBot/1.3; +https://openai.com/gptbot)"
64.252.75.25 - - [14/Apr/2026:13:56:50 +0000] "GET /?cat=1&paged=64 HTTP/1.1" 200 11293 "-" "Amazon CloudFront"
64.252.88.210 - - [14/Apr/2026:13:56:51 +0000] "GET /prizes/176990965 HTTP/1.1" 301 - "-" "Amazon CloudFront"
64.252.75.25 - - [14/Apr/2026:13:56:51 +0000] "GET /?p=8882 HTTP/1.1" 200 21057 "-" "Amazon CloudFront"
64.252.74.231 - - [14/Apr/2026:13:56:52 +0000] "GET /?p=7773 HTTP/1.1" 200 23052 "-" "Amazon CloudFront"
18.68.41.182 - - [14/Apr/2026:13:56:53 +0000] "GET /index.php?rest_route=%2Foembed%2F1.0%2Fembed&url=https%3A%2F%2F69b4844ae61d4e92bf26ad98af552775-devsite.readyship.co%2F%3Fp%3D6999 HTTP/1.1" 403 - "https://69b4844ae61d4e92bf26ad98af552775-devsite.readyship.co/?p=6999" "Mozilla/5.0 AppleWebKit/537.36 (KHTML, like Gecko; compatible; GPTBot/1.3; +https://openai.com/gptbot)"
18.68.41.177 - - [14/Apr/2026:13:56:54 +0000] "GET /index.php?format=xml&rest_route=%2Foembed%2F1.0%2Fembed&url=https%3A%2F%2F69b4844ae61d4e92bf26ad98af552775-devsite.readyship.co%2F%3Fp%3D6999 HTTP/1.1" 403 - "https://69b4844ae61d4e92bf26ad98af552775-devsite.readyship.co/?p=6999" "Mozilla/5.0 AppleWebKit/537.36 (KHTML, like Gecko; compatible; GPTBot/1.3; +https://openai.com/gptbot)"
64.252.86.163 - - [14/Apr/2026:13:56:51 +0000] "GET /prizes/176990965/ HTTP/1.1" 200 24289 "-" "Amazon CloudFront"
64.252.75.25 - - [14/Apr/2026:13:56:54 +0000] "GET /?p=7001 HTTP/1.1" 200 18198 "-" "Amazon CloudFront"
64.252.74.231 - - [14/Apr/2026:13:56:56 +0000] "GET /?p=8894 HTTP/1.1" 200 16908 "-" "Amazon CloudFront"
64.252.74.231 - - [14/Apr/2026:13:56:57 +0000] "GET /?p=9990 HTTP/1.1" 200 15821 "-" "Amazon CloudFront"
64.252.88.210 - - [14/Apr/2026:13:56:58 +0000] "GET /prizes/176996369 HTTP/1.1" 301 - "-" "Amazon CloudFront"
64.252.74.231 - - [14/Apr/2026:13:56:58 +0000] "GET /?cat=1&paged=65 HTTP/1.1" 200 11414 "-" "Amazon CloudFront"
64.252.74.231 - - [14/Apr/2026:13:57:00 +0000] "GET /?p=9994 HTTP/1.1" 200 15029 "-" "Amazon CloudFront"
64.252.88.210 - - [14/Apr/2026:13:56:59 +0000] "GET /prizes/176996369/ HTTP/1.1" 200 24288 "-" "Amazon CloudFront"
64.252.77.101 - - [14/Apr/2026:13:57:01 +0000] "GET /?cat=1&paged=66 HTTP/1.1" 200 11248 "-" "Amazon CloudFront"
64.252.77.101 - - [14/Apr/2026:13:57:03 +0000] "GET /?p=7771 HTTP/1.1" 200 22852 "-" "Amazon CloudFront"
18.68.41.182 - - [14/Apr/2026:13:57:05 +0000] "GET /index.php?rest_route=%2Foembed%2F1.0%2Fembed&url=https%3A%2F%2F69b4844ae61d4e92bf26ad98af552775-devsite.readyship.co%2F%3Fp%3D7773 HTTP/1.1" 403 - "https://69b4844ae61d4e92bf26ad98af552775-devsite.readyship.co/?p=7773" "Mozilla/5.0 AppleWebKit/537.36 (KHTML, like Gecko; compatible; GPTBot/1.3; +https://openai.com/gptbot)"
18.68.41.182 - - [14/Apr/2026:13:57:06 +0000] "GET /index.php?format=xml&rest_route=%2Foembed%2F1.0%2Fembed&url=https%3A%2F%2F69b4844ae61d4e92bf26ad98af552775-devsite.readyship.co%2F%3Fp%3D7773 HTTP/1.1" 403 - "https://69b4844ae61d4e92bf26ad98af552775-devsite.readyship.co/?p=7773" "Mozilla/5.0 AppleWebKit/537.36 (KHTML, like Gecko; compatible; GPTBot/1.3; +https://openai.com/gptbot)"
64.252.86.163 - - [14/Apr/2026:13:57:05 +0000] "GET /prizes/177002662 HTTP/1.1" 301 - "-" "Amazon CloudFront"
64.252.74.231 - - [14/Apr/2026:13:57:06 +0000] "GET /?p=7003 HTTP/1.1" 200 14236 "-" "Amazon CloudFront"
64.252.74.231 - - [14/Apr/2026:13:57:07 +0000] "GET /?p=8896 HTTP/1.1" 200 17285 "-" "Amazon CloudFront"
64.252.75.25 - - [14/Apr/2026:13:57:08 +0000] "GET /?p=9992 HTTP/1.1" 200 14338 "-" "Amazon CloudFront"
64.252.88.96 - - [14/Apr/2026:13:57:06 +0000] "GET /prizes/177002662/ HTTP/1.1" 200 24312 "-" "Amazon CloudFront"
64.252.75.25 - - [14/Apr/2026:13:57:10 +0000] "GET /?cat=1&paged=67 HTTP/1.1" 200 11368 "-" "Amazon CloudFront"
18.68.41.182 - - [14/Apr/2026:13:57:12 +0000] "GET /index.php?rest_route=%2Foembed%2F1.0%2Fembed&url=https%3A%2F%2F69b4844ae61d4e92bf26ad98af552775-devsite.readyship.co%2F%3Fp%3D7333 HTTP/1.1" 403 - "https://69b4844ae61d4e92bf26ad98af552775-devsite.readyship.co/?p=7333" "Mozilla/5.0 AppleWebKit/537.36 (KHTML, like Gecko; compatible; GPTBot/1.3; +https://openai.com/gptbot)"
64.252.77.101 - - [14/Apr/2026:13:57:11 +0000] "GET /?p=7888 HTTP/1.1" 200 21880 "-" "Amazon CloudFront"
18.68.41.177 - - [14/Apr/2026:13:57:13 +0000] "GET /index.php?format=xml&rest_route=%2Foembed%2F1.0%2Fembed&url=https%3A%2F%2F69b4844ae61d4e92bf26ad98af552775-devsite.readyship.co%2F%3Fp%3D7333 HTTP/1.1" 403 - "https://69b4844ae61d4e92bf26ad98af552775-devsite.readyship.co/?p=7333" "Mozilla/5.0 AppleWebKit/537.36 (KHTML, like Gecko; compatible; GPTBot/1.3; +https://openai.com/gptbot)"
64.252.88.210 - - [14/Apr/2026:13:57:13 +0000] "GET /prizes/177025278 HTTP/1.1" 301 - "-" "Amazon CloudFront"
18.68.41.177 - - [14/Apr/2026:13:57:14 +0000] "GET /index.php?rest_route=%2Foembed%2F1.0%2Fembed&url=https%3A%2F%2F69b4844ae61d4e92bf26ad98af552775-devsite.readyship.co%2F%3Fp%3D7771 HTTP/1.1" 403 - "https://69b4844ae61d4e92bf26ad98af552775-devsite.readyship.co/?p=7771" "Mozilla/5.0 AppleWebKit/537.36 (KHTML, like Gecko; compatible; GPTBot/1.3; +https://openai.com/gptbot)"
64.252.74.231 - - [14/Apr/2026:13:57:13 +0000] "GET /?p=7307 HTTP/1.1" 200 20579 "-" "Amazon CloudFront"
18.68.41.147 - - [14/Apr/2026:13:57:15 +0000] "GET /index.php?format=xml&rest_route=%2Foembed%2F1.0%2Fembed&url=https%3A%2F%2F69b4844ae61d4e92bf26ad98af552775-devsite.readyship.co%2F%3Fp%3D7771 HTTP/1.1" 403 - "https://69b4844ae61d4e92bf26ad98af552775-devsite.readyship.co/?p=7771" "Mozilla/5.0 AppleWebKit/537.36 (KHTML, like Gecko; compatible; GPTBot/1.3; +https://openai.com/gptbot)"
64.252.77.101 - - [14/Apr/2026:13:57:16 +0000] "GET /?cat=1&paged=68 HTTP/1.1" 200 11289 "-" "Amazon CloudFront"
64.252.88.96 - - [14/Apr/2026:13:57:14 +0000] "GET /prizes/177025278/ HTTP/1.1" 200 24291 "-" "Amazon CloudFront"
64.252.74.231 - - [14/Apr/2026:13:57:17 +0000] "GET /?p=8900 HTTP/1.1" 200 19528 "-" "Amazon CloudFront"
64.252.75.25 - - [14/Apr/2026:13:57:19 +0000] "GET /?cat=1&paged=69 HTTP/1.1" 200 11276 "-" "Amazon CloudFront"
64.252.86.163 - - [14/Apr/2026:13:57:21 +0000] "GET /prizes/177026743 HTTP/1.1" 301 - "-" "Amazon CloudFront"
64.252.77.101 - - [14/Apr/2026:13:57:20 +0000] "GET /?author=1&paged=1444 HTTP/1.1" 200 11257 "-" "Amazon CloudFront"
18.68.41.177 - - [14/Apr/2026:13:57:22 +0000] "GET /index.php?format=xml&rest_route=%2Foembed%2F1.0%2Fembed&url=https%3A%2F%2F69b4844ae61d4e92bf26ad98af552775-devsite.readyship.co%2F%3Fp%3D7888 HTTP/1.1" 403 - "https://69b4844ae61d4e92bf26ad98af552775-devsite.readyship.co/?p=7888" "Mozilla/5.0 AppleWebKit/537.36 (KHTML, like Gecko; compatible; GPTBot/1.3; +https://openai.com/gptbot)"
18.68.41.182 - - [14/Apr/2026:13:57:22 +0000] "GET /index.php?rest_route=%2Foembed%2F1.0%2Fembed&url=https%3A%2F%2F69b4844ae61d4e92bf26ad98af552775-devsite.readyship.co%2F%3Fp%3D7888 HTTP/1.1" 403 - "https://69b4844ae61d4e92bf26ad98af552775-devsite.readyship.co/?p=7888" "Mozilla/5.0 AppleWebKit/537.36 (KHTML, like Gecko; compatible; GPTBot/1.3; +https://openai.com/gptbot)"
15.158.215.109 - - [14/Apr/2026:13:57:22 +0000] "POST /wp-cron.php?doing_wp_cron=1776175042.3145430088043212890625 HTTP/1.1" 200 - "https://69b4844ae61d4e92bf26ad98af552775-devsite.readyship.co/wp-cron.php?doing_wp_cron=1776175042.3145430088043212890625" "WordPress/5.1.19; https://69b4844ae61d4e92bf26ad98af552775-devsite.readyship.co"
64.252.75.25 - - [14/Apr/2026:13:57:23 +0000] "GET /?author=1&paged=1666 HTTP/1.1" 200 11310 "-" "Amazon CloudFront"
64.252.88.210 - - [14/Apr/2026:13:57:21 +0000] "GET /prizes/177026743/ HTTP/1.1" 200 24299 "-" "Amazon CloudFront"
64.252.75.25 - - [14/Apr/2026:13:57:24 +0000] "GET /?author=1&paged=1000 HTTP/1.1" 200 11403 "-" "Amazon CloudFront"
64.252.75.25 - - [14/Apr/2026:13:57:26 +0000] "GET /?author=1&paged=1888 HTTP/1.1" 200 11265 "-" "Amazon CloudFront"
64.252.75.25 - - [14/Apr/2026:13:57:27 +0000] "GET /?author=1&paged=4449 HTTP/1.1" 200 10971 "-" "Amazon CloudFront"
64.252.88.96 - - [14/Apr/2026:13:57:29 +0000] "GET /prizes/177045187 HTTP/1.1" 301 - "-" "Amazon CloudFront"
64.252.75.25 - - [14/Apr/2026:13:57:28 +0000] "GET /?cat=1&paged=70 HTTP/1.1" 200 11242 "-" "Amazon CloudFront"
64.252.74.231 - - [14/Apr/2026:13:57:30 +0000] "GET /?author=1&paged=1999 HTTP/1.1" 200 11325 "-" "Amazon CloudFront"
64.252.77.101 - - [14/Apr/2026:13:57:31 +0000] "GET /?author=1&paged=1777 HTTP/1.1" 200 11313 "-" "Amazon CloudFront"
64.252.86.163 - - [14/Apr/2026:13:57:29 +0000] "GET /prizes/177045187/ HTTP/1.1" 200 24304 "-" "Amazon CloudFront"
64.252.74.231 - - [14/Apr/2026:13:57:32 +0000] "GET /?cat=1&paged=71 HTTP/1.1" 200 11345 "-" "Amazon CloudFront"
64.252.74.231 - - [14/Apr/2026:13:57:34 +0000] "GET /?author=1&paged=1333 HTTP/1.1" 200 11263 "-" "Amazon CloudFront"
64.252.88.210 - - [14/Apr/2026:13:57:36 +0000] "GET /prizes/177051157 HTTP/1.1" 301 - "-" "Amazon CloudFront"
64.252.74.231 - - [14/Apr/2026:13:57:35 +0000] "GET /?author=1&paged=1222 HTTP/1.1" 200 11321 "-" "Amazon CloudFront"
64.252.75.25 - - [14/Apr/2026:13:57:37 +0000] "GET /?author=1&paged=1555 HTTP/1.1" 200 11371 "-" "Amazon CloudFront"
64.252.74.231 - - [14/Apr/2026:13:57:38 +0000] "GET /?p=63360 HTTP/1.1" 200 14313 "-" "Amazon CloudFront"
64.252.86.163 - - [14/Apr/2026:13:57:37 +0000] "GET /prizes/177051157/ HTTP/1.1" 200 24291 "-" "Amazon CloudFront"
64.252.77.101 - - [14/Apr/2026:13:57:39 +0000] "GET /?author=1&paged=1002 HTTP/1.1" 200 11401 "-" "Amazon CloudFront"
64.252.75.25 - - [14/Apr/2026:13:57:40 +0000] "GET /?author=1&paged=1001 HTTP/1.1" 200 11441 "-" "Amazon CloudFront"
64.252.77.101 - - [14/Apr/2026:13:57:42 +0000] "GET /?p=63354 HTTP/1.1" 200 14179 "-" "Amazon CloudFront"
64.252.88.96 - - [14/Apr/2026:13:57:43 +0000] "GET /prizes/177111349 HTTP/1.1" 301 - "-" "Amazon CloudFront"
64.252.77.101 - - [14/Apr/2026:13:57:43 +0000] "GET /?p=58948 HTTP/1.1" 200 14518 "-" "Amazon CloudFront"
64.252.75.25 - - [14/Apr/2026:13:57:44 +0000] "GET /?author=1&paged=2001 HTTP/1.1" 200 11301 "-" "Amazon CloudFront"
64.252.75.25 - - [14/Apr/2026:13:57:45 +0000] "GET /?p=56733 HTTP/1.1" 200 14789 "-" "Amazon CloudFront"
64.252.77.101 - - [14/Apr/2026:13:57:46 +0000] "GET /?p=61165 HTTP/1.1" 200 14361 "-" "Amazon CloudFront"
64.252.86.163 - - [14/Apr/2026:13:57:44 +0000] "GET /prizes/177111349/ HTTP/1.1" 200 24298 "-" "Amazon CloudFront"
64.252.74.231 - - [14/Apr/2026:13:57:48 +0000] "GET /?p=56727 HTTP/1.1" 200 14871 "-" "Amazon CloudFront"
64.252.74.231 - - [14/Apr/2026:13:57:49 +0000] "GET /?p=61162 HTTP/1.1" 200 13963 "-" "Amazon CloudFront"
64.252.75.25 - - [14/Apr/2026:13:57:50 +0000] "GET /?p=65550 HTTP/1.1" 200 14626 "-" "Amazon CloudFront"
64.252.75.25 - - [14/Apr/2026:13:57:51 +0000] "GET /?p=65635 HTTP/1.1" 200 15116 "-" "Amazon CloudFront"
64.252.88.210 - - [14/Apr/2026:13:57:51 +0000] "GET /prizes/177115844 HTTP/1.1" 301 - "-" "Amazon CloudFront"
64.252.77.101 - - [14/Apr/2026:13:57:52 +0000] "GET /?author=1&paged=1004 HTTP/1.1" 200 11405 "-" "Amazon CloudFront"
64.252.74.231 - - [14/Apr/2026:13:57:54 +0000] "GET /?author=1&paged=1003 HTTP/1.1" 200 11341 "-" "Amazon CloudFront"
64.252.88.210 - - [14/Apr/2026:13:57:52 +0000] "GET /prizes/177115844/ HTTP/1.1" 200 24281 "-" "Amazon CloudFront"
64.252.75.25 - - [14/Apr/2026:13:57:55 +0000] "GET /?p=65563 HTTP/1.1" 200 14906 "-" "Amazon CloudFront"
64.252.75.25 - - [14/Apr/2026:13:57:56 +0000] "GET /?p=61189 HTTP/1.1" 200 14351 "-" "Amazon CloudFront"
64.252.77.101 - - [14/Apr/2026:13:57:57 +0000] "GET /?author=1&paged=2002 HTTP/1.1" 200 11301 "-" "Amazon CloudFront"
64.252.88.210 - - [14/Apr/2026:13:57:58 +0000] "GET /prizes/177127874 HTTP/1.1" 301 - "-" "Amazon CloudFront"
64.252.75.25 - - [14/Apr/2026:13:57:58 +0000] "GET /?p=56691 HTTP/1.1" 200 14800 "-" "Amazon CloudFront"
64.252.75.25 - - [14/Apr/2026:13:58:00 +0000] "GET /?p=56692 HTTP/1.1" 200 14940 "-" "Amazon CloudFront"
64.252.77.101 - - [14/Apr/2026:13:58:01 +0000] "GET /?p=65586 HTTP/1.1" 200 17428 "-" "Amazon CloudFront"
64.252.88.96 - - [14/Apr/2026:13:57:59 +0000] "GET /prizes/177127874/ HTTP/1.1" 200 24271 "-" "Amazon CloudFront"
64.252.75.25 - - [14/Apr/2026:13:58:02 +0000] "GET /?p=58949 HTTP/1.1" 200 14126 "-" "Amazon CloudFront"
64.252.77.101 - - [14/Apr/2026:13:58:03 +0000] "GET /?p=65571 HTTP/1.1" 200 14566 "-" "Amazon CloudFront"
64.252.74.231 - - [14/Apr/2026:13:58:04 +0000] "GET /?p=58944 HTTP/1.1" 200 14294 "-" "Amazon CloudFront"
64.252.88.210 - - [14/Apr/2026:13:58:06 +0000] "GET /prizes/177181874 HTTP/1.1" 301 - "-" "Amazon CloudFront"
64.252.74.231 - - [14/Apr/2026:13:58:05 +0000] "GET /?author=1&paged=1005 HTTP/1.1" 200 11368 "-" "Amazon CloudFront"
64.252.77.101 - - [14/Apr/2026:13:58:07 +0000] "GET /?author=1&paged=1006 HTTP/1.1" 200 11300 "-" "Amazon CloudFront"
64.252.74.231 - - [14/Apr/2026:13:58:08 +0000] "GET /?p=61163 HTTP/1.1" 200 15274 "-" "Amazon CloudFront"
64.252.75.25 - - [14/Apr/2026:13:58:09 +0000] "GET /?p=58945 HTTP/1.1" 200 14232 "-" "Amazon CloudFront"
64.252.88.96 - - [14/Apr/2026:13:58:07 +0000] "GET /prizes/177181874/ HTTP/1.1" 200 24293 "-" "Amazon CloudFront"
64.252.77.101 - - [14/Apr/2026:13:58:10 +0000] "GET /?p=56668 HTTP/1.1" 200 14419 "-" "Amazon CloudFront"
64.252.75.25 - - [14/Apr/2026:13:58:11 +0000] "GET /?p=56669 HTTP/1.1" 200 14583 "-" "Amazon CloudFront"
64.252.77.101 - - [14/Apr/2026:13:58:12 +0000] "GET /?author=1&paged=2004 HTTP/1.1" 200 11304 "-" "Amazon CloudFront"
64.252.86.163 - - [14/Apr/2026:13:58:14 +0000] "GET /prizes/177207208 HTTP/1.1" 301 - "-" "Amazon CloudFront"
64.252.74.231 - - [14/Apr/2026:13:58:14 +0000] "GET /?p=56685 HTTP/1.1" 200 14810 "-" "Amazon CloudFront"
64.252.75.25 - - [14/Apr/2026:13:58:15 +0000] "GET /?p=56684 HTTP/1.1" 200 14605 "-" "Amazon CloudFront"
64.252.74.231 - - [14/Apr/2026:13:58:16 +0000] "GET /?p=56672 HTTP/1.1" 200 14749 "-" "Amazon CloudFront"
64.252.88.210 - - [14/Apr/2026:13:58:15 +0000] "GET /prizes/177207208/ HTTP/1.1" 200 24269 "-" "Amazon CloudFront"
64.252.77.101 - - [14/Apr/2026:13:58:17 +0000] "GET /?p=56703 HTTP/1.1" 200 14460 "-" "Amazon CloudFront"
64.252.75.25 - - [14/Apr/2026:13:58:18 +0000] "GET /?author=1&paged=1007 HTTP/1.1" 200 11380 "-" "Amazon CloudFront"
64.252.74.231 - - [14/Apr/2026:13:58:20 +0000] "GET /?author=1&paged=1008 HTTP/1.1" 200 11409 "-" "Amazon CloudFront"
64.252.77.101 - - [14/Apr/2026:13:58:21 +0000] "GET /?p=56728 HTTP/1.1" 200 16975 "-" "Amazon CloudFront"
15.158.215.109 - - [14/Apr/2026:13:58:22 +0000] "POST /wp-cron.php?doing_wp_cron=1776175102.1510128974914550781250 HTTP/1.1" 200 - "https://69b4844ae61d4e92bf26ad98af552775-devsite.readyship.co/wp-cron.php?doing_wp_cron=1776175102.1510128974914550781250" "WordPress/5.1.19; https://69b4844ae61d4e92bf26ad98af552775-devsite.readyship.co"
64.252.88.96 - - [14/Apr/2026:13:58:21 +0000] "GET /prizes/177216420 HTTP/1.1" 301 - "-" "Amazon CloudFront"
64.252.75.25 - - [14/Apr/2026:13:58:22 +0000] "GET /?p=58970 HTTP/1.1" 200 14768 "-" "Amazon CloudFront"
64.252.77.101 - - [14/Apr/2026:13:58:23 +0000] "GET /?p=58946 HTTP/1.1" 200 14348 "-" "Amazon CloudFront"
64.252.75.25 - - [14/Apr/2026:13:58:24 +0000] "GET /?p=56701 HTTP/1.1" 200 14619 "-" "Amazon CloudFront"
64.252.88.96 - - [14/Apr/2026:13:58:23 +0000] "GET /prizes/177216420/ HTTP/1.1" 200 24252 "-" "Amazon CloudFront"
64.252.75.25 - - [14/Apr/2026:13:58:26 +0000] "GET /?author=1&paged=2005 HTTP/1.1" 200 11315 "-" "Amazon CloudFront"
64.252.74.231 - - [14/Apr/2026:13:58:27 +0000] "GET /?author=1&paged=2006 HTTP/1.1" 200 11311 "-" "Amazon CloudFront"
64.252.74.231 - - [14/Apr/2026:13:58:28 +0000] "GET /?p=56654 HTTP/1.1" 200 15602 "-" "Amazon CloudFront"
64.252.86.163 - - [14/Apr/2026:13:58:29 +0000] "GET /prizes/177269854 HTTP/1.1" 301 - "-" "Amazon CloudFront"
64.252.74.231 - - [14/Apr/2026:13:58:29 +0000] "GET /?p=56643 HTTP/1.1" 200 15643 "-" "Amazon CloudFront"
64.252.77.101 - - [14/Apr/2026:13:58:30 +0000] "GET /?p=58971 HTTP/1.1" 200 14457 "-" "Amazon CloudFront"
64.252.86.163 - - [14/Apr/2026:13:58:30 +0000] "GET /prizes/177269854/ HTTP/1.1" 200 24286 "-" "Amazon CloudFront"
64.252.75.25 - - [14/Apr/2026:13:58:31 +0000] "GET /?author=1&paged=1009 HTTP/1.1" 200 11421 "-" "Amazon CloudFront"
64.252.74.231 - - [14/Apr/2026:13:58:33 +0000] "GET /?author=1&paged=1010 HTTP/1.1" 200 11385 "-" "Amazon CloudFront"
64.252.74.231 - - [14/Apr/2026:13:58:34 +0000] "GET /?p=58947 HTTP/1.1" 200 14224 "-" "Amazon CloudFront"
64.252.74.231 - - [14/Apr/2026:13:58:35 +0000] "GET /?p=56732 HTTP/1.1" 200 14261 "-" "Amazon CloudFront"
64.252.86.163 - - [14/Apr/2026:13:58:36 +0000] "GET /prizes/177270642 HTTP/1.1" 301 - "-" "Amazon CloudFront"
64.252.77.101 - - [14/Apr/2026:13:58:36 +0000] "GET /?p=56731 HTTP/1.1" 200 13691 "-" "Amazon CloudFront"
64.252.75.25 - - [14/Apr/2026:13:58:38 +0000] "GET /?p=56730 HTTP/1.1" 200 14320 "-" "Amazon CloudFront"
64.252.75.25 - - [14/Apr/2026:13:58:39 +0000] "GET /?author=1&paged=2007 HTTP/1.1" 200 11186 "-" "Amazon CloudFront"
64.252.88.210 - - [14/Apr/2026:13:58:37 +0000] "GET /prizes/177270642/ HTTP/1.1" 200 24298 "-" "Amazon CloudFront"
64.252.77.101 - - [14/Apr/2026:13:58:40 +0000] "GET /?author=1&paged=2008 HTTP/1.1" 200 11446 "-" "Amazon CloudFront"
64.252.75.25 - - [14/Apr/2026:13:58:41 +0000] "GET /?p=56607 HTTP/1.1" 200 14472 "-" "Amazon CloudFront"
64.252.77.101 - - [14/Apr/2026:13:58:42 +0000] "GET /?p=56600 HTTP/1.1" 200 14305 "-" "Amazon CloudFront"
64.252.88.210 - - [14/Apr/2026:13:58:43 +0000] "GET /prizes/177275258 HTTP/1.1" 301 - "-" "Amazon CloudFront"
64.252.75.25 - - [14/Apr/2026:13:58:43 +0000] "GET /?p=56604 HTTP/1.1" 200 15001 "-" "Amazon CloudFront"
64.252.74.231 - - [14/Apr/2026:13:58:45 +0000] "GET /?p=56601 HTTP/1.1" 200 15548 "-" "Amazon CloudFront"
64.252.75.25 - - [14/Apr/2026:13:58:45 +0000] "GET /?p=96185 HTTP/1.1" 200 15235 "-" "Amazon CloudFront"
64.252.75.25 - - [14/Apr/2026:13:58:46 +0000] "GET /?author=1&paged=1012 HTTP/1.1" 200 11311 "-" "Amazon CloudFront"
64.252.88.96 - - [14/Apr/2026:13:58:44 +0000] "GET /prizes/177275258/ HTTP/1.1" 200 24280 "-" "Amazon CloudFront"
64.252.74.231 - - [14/Apr/2026:13:58:47 +0000] "GET /?p=56599 HTTP/1.1" 200 14619 "-" "Amazon CloudFront"
15.158.215.109 - - [14/Apr/2026:13:58:49 +0000] "POST /wp-cron.php?doing_wp_cron=1776175129.0544939041137695312500 HTTP/1.1" 200 - "https://69b4844ae61d4e92bf26ad98af552775-devsite.readyship.co/wp-cron.php?doing_wp_cron=1776175129.0544939041137695312500" "WordPress/5.1.19; https://69b4844ae61d4e92bf26ad98af552775-devsite.readyship.co"
64.252.75.25 - - [14/Apr/2026:13:58:48 +0000] "GET /?p=56608 HTTP/1.1" 200 14550 "-" "Amazon CloudFront"
64.252.86.163 - - [14/Apr/2026:13:58:51 +0000] "GET /prizes/177284036 HTTP/1.1" 301 - "-" "Amazon CloudFront"
64.252.75.25 - - [14/Apr/2026:13:58:50 +0000] "GET /?p=6919 HTTP/1.1" 200 18144 "-" "Amazon CloudFront"
64.252.74.231 - - [14/Apr/2026:13:58:51 +0000] "GET /?p=6929 HTTP/1.1" 200 19914 "-" "Amazon CloudFront"
64.252.77.101 - - [14/Apr/2026:13:58:52 +0000] "GET /?author=1&paged=2009 HTTP/1.1" 200 11163 "-" "Amazon CloudFront"
64.252.75.25 - - [14/Apr/2026:13:58:53 +0000] "GET /?author=1&paged=2010 HTTP/1.1" 200 11299 "-" "Amazon CloudFront"
64.252.86.163 - - [14/Apr/2026:13:58:51 +0000] "GET /prizes/177284036/ HTTP/1.1" 200 24307 "-" "Amazon CloudFront"
64.252.75.25 - - [14/Apr/2026:13:58:55 +0000] "GET /?p=56578 HTTP/1.1" 200 14450 "-" "Amazon CloudFront"
64.252.74.231 - - [14/Apr/2026:13:58:56 +0000] "GET /?p=56573 HTTP/1.1" 200 14616 "-" "Amazon CloudFront"
64.252.75.25 - - [14/Apr/2026:13:58:57 +0000] "GET /?p=56548 HTTP/1.1" 200 16103 "-" "Amazon CloudFront"
64.252.77.101 - - [14/Apr/2026:13:58:58 +0000] "GET /?p=56574 HTTP/1.1" 200 14651 "-" "Amazon CloudFront"
64.252.88.96 - - [14/Apr/2026:13:58:58 +0000] "GET /prizes/177299006 HTTP/1.1" 301 - "-" "Amazon CloudFront"
64.252.75.25 - - [14/Apr/2026:13:58:59 +0000] "GET /?author=1&paged=1013 HTTP/1.1" 200 11287 "-" "Amazon CloudFront"
64.252.88.96 - - [14/Apr/2026:13:58:59 +0000] "GET /prizes/177299006/ HTTP/1.1" 200 24295 "-" "Amazon CloudFront"
64.252.75.25 - - [14/Apr/2026:13:59:01 +0000] "GET /?author=1&paged=1014 HTTP/1.1" 200 11379 "-" "Amazon CloudFront"
64.252.75.25 - - [14/Apr/2026:13:59:02 +0000] "GET /?p=56572 HTTP/1.1" 200 14053 "-" "Amazon CloudFront"
64.252.75.25 - - [14/Apr/2026:13:59:03 +0000] "GET /?p=56591 HTTP/1.1" 200 14243 "-" "Amazon CloudFront"
64.252.86.163 - - [14/Apr/2026:13:59:05 +0000] "GET /prizes/177331167 HTTP/1.1" 301 - "-" "Amazon CloudFront"
64.252.75.25 - - [14/Apr/2026:13:59:05 +0000] "GET /?p=56564 HTTP/1.1" 200 14507 "-" "Amazon CloudFront"
64.252.75.25 - - [14/Apr/2026:13:59:06 +0000] "GET /?author=1&paged=2011 HTTP/1.1" 200 11197 "-" "Amazon CloudFront"
64.252.75.25 - - [14/Apr/2026:13:59:07 +0000] "GET /?author=1&paged=2012 HTTP/1.1" 200 11293 "-" "Amazon CloudFront"
64.252.88.210 - - [14/Apr/2026:13:59:06 +0000] "GET /prizes/177331167/ HTTP/1.1" 200 24275 "-" "Amazon CloudFront"
64.252.75.25 - - [14/Apr/2026:13:59:08 +0000] "GET /?p=56533 HTTP/1.1" 200 16887 "-" "Amazon CloudFront"
64.252.77.101 - - [14/Apr/2026:13:59:10 +0000] "GET /?p=56538 HTTP/1.1" 200 14307 "-" "Amazon CloudFront"
64.252.75.25 - - [14/Apr/2026:13:59:11 +0000] "GET /?p=56536 HTTP/1.1" 200 16972 "-" "Amazon CloudFront"
64.252.75.25 - - [14/Apr/2026:13:59:12 +0000] "GET /?p=56540 HTTP/1.1" 200 14182 "-" "Amazon CloudFront"
64.252.88.96 - - [14/Apr/2026:13:59:12 +0000] "GET /prizes/177398228 HTTP/1.1" 301 - "-" "Amazon CloudFront"
64.252.75.25 - - [14/Apr/2026:13:59:13 +0000] "GET /?author=1&paged=1015 HTTP/1.1" 200 11298 "-" "Amazon CloudFront"
64.252.75.25 - - [14/Apr/2026:13:59:14 +0000] "GET /?author=1&paged=1016 HTTP/1.1" 200 11311 "-" "Amazon CloudFront"
64.252.77.101 - - [14/Apr/2026:13:59:16 +0000] "GET /?p=56577 HTTP/1.1" 200 14281 "-" "Amazon CloudFront"
64.252.88.96 - - [14/Apr/2026:13:59:13 +0000] "GET /prizes/177398228/ HTTP/1.1" 200 24273 "-" "Amazon CloudFront"
64.252.77.101 - - [14/Apr/2026:13:59:17 +0000] "GET /?p=56541 HTTP/1.1" 200 14510 "-" "Amazon CloudFront"
64.252.74.231 - - [14/Apr/2026:13:59:18 +0000] "GET /?p=56542 HTTP/1.1" 200 14134 "-" "Amazon CloudFront"
64.252.86.163 - - [14/Apr/2026:13:59:20 +0000] "GET /prizes/177435561 HTTP/1.1" 301 - "-" "Amazon CloudFront"
64.252.75.25 - - [14/Apr/2026:13:59:19 +0000] "GET /?author=1&paged=2013 HTTP/1.1" 200 11351 "-" "Amazon CloudFront"
64.252.75.25 - - [14/Apr/2026:13:59:21 +0000] "GET /?author=1&paged=2014 HTTP/1.1" 200 11259 "-" "Amazon CloudFront"
15.158.215.109 - - [14/Apr/2026:13:59:22 +0000] "POST /wp-cron.php?doing_wp_cron=1776175162.7877960205078125000000 HTTP/1.1" 200 - "https://69b4844ae61d4e92bf26ad98af552775-devsite.readyship.co/wp-cron.php?doing_wp_cron=1776175162.7877960205078125000000" "WordPress/5.1.19; https://69b4844ae61d4e92bf26ad98af552775-devsite.readyship.co"
64.252.77.101 - - [14/Apr/2026:13:59:22 +0000] "GET /?p=56500 HTTP/1.1" 200 14360 "-" "Amazon CloudFront"
64.252.86.163 - - [14/Apr/2026:13:59:21 +0000] "GET /prizes/177435561/ HTTP/1.1" 200 24293 "-" "Amazon CloudFront"
64.252.75.25 - - [14/Apr/2026:13:59:24 +0000] "GET /?p=56468 HTTP/1.1" 200 14300 "-" "Amazon CloudFront"
64.252.74.231 - - [14/Apr/2026:13:59:25 +0000] "GET /?p=56499 HTTP/1.1" 200 14247 "-" "Amazon CloudFront"
64.252.75.25 - - [14/Apr/2026:13:59:26 +0000] "GET /?p=56469 HTTP/1.1" 200 14544 "-" "Amazon CloudFront"
64.252.88.210 - - [14/Apr/2026:13:59:27 +0000] "GET /prizes/177437369 HTTP/1.1" 301 - "-" "Amazon CloudFront"
64.252.77.101 - - [14/Apr/2026:13:59:27 +0000] "GET /?author=1&paged=1017 HTTP/1.1" 200 11317 "-" "Amazon CloudFront"
64.252.88.210 - - [14/Apr/2026:13:59:28 +0000] "GET /prizes/177437369/ HTTP/1.1" 200 24299 "-" "Amazon CloudFront"
64.252.75.25 - - [14/Apr/2026:13:59:28 +0000] "GET /?author=1&paged=1018 HTTP/1.1" 200 11361 "-" "Amazon CloudFront"
64.252.74.231 - - [14/Apr/2026:13:59:32 +0000] "GET /?p=76417 HTTP/1.1" 200 14658 "-" "Amazon CloudFront"
64.252.77.101 - - [14/Apr/2026:13:59:33 +0000] "GET /?p=76411 HTTP/1.1" 200 14714 "-" "Amazon CloudFront"
64.252.75.25 - - [14/Apr/2026:13:59:34 +0000] "GET /?p=56501 HTTP/1.1" 200 14623 "-" "Amazon CloudFront"
64.252.86.163 - - [14/Apr/2026:13:59:34 +0000] "GET /prizes/177439056 HTTP/1.1" 301 - "-" "Amazon CloudFront"
64.252.75.25 - - [14/Apr/2026:13:59:35 +0000] "GET /?author=1&paged=2015 HTTP/1.1" 200 11349 "-" "Amazon CloudFront"
64.252.75.25 - - [14/Apr/2026:13:59:36 +0000] "GET /?p=56444 HTTP/1.1" 200 14463 "-" "Amazon CloudFront"
64.252.88.96 - - [14/Apr/2026:13:59:35 +0000] "GET /prizes/177439056/ HTTP/1.1" 200 24289 "-" "Amazon CloudFront"
64.252.75.25 - - [14/Apr/2026:13:59:38 +0000] "GET /?author=1&paged=2016 HTTP/1.1" 200 11249 "-" "Amazon CloudFront"
64.252.74.231 - - [14/Apr/2026:13:59:39 +0000] "GET /?p=56442 HTTP/1.1" 200 14595 "-" "Amazon CloudFront"
64.252.75.25 - - [14/Apr/2026:13:59:40 +0000] "GET /?p=56441 HTTP/1.1" 200 14752 "-" "Amazon CloudFront"
64.252.88.210 - - [14/Apr/2026:13:59:42 +0000] "GET /prizes/177507783 HTTP/1.1" 301 - "-" "Amazon CloudFront"
64.252.74.231 - - [14/Apr/2026:13:59:41 +0000] "GET /?p=56462 HTTP/1.1" 200 14531 "-" "Amazon CloudFront"
64.252.74.231 - - [14/Apr/2026:13:59:42 +0000] "GET /?author=1&paged=1019 HTTP/1.1" 200 11399 "-" "Amazon CloudFront"
64.252.75.25 - - [14/Apr/2026:13:59:44 +0000] "GET /?author=1&paged=1020 HTTP/1.1" 200 11351 "-" "Amazon CloudFront"
64.252.88.96 - - [14/Apr/2026:13:59:42 +0000] "GET /prizes/177507783/ HTTP/1.1" 200 24314 "-" "Amazon CloudFront"
64.252.75.25 - - [14/Apr/2026:13:59:45 +0000] "GET /?p=76399 HTTP/1.1" 200 14769 "-" "Amazon CloudFront"
64.252.74.231 - - [14/Apr/2026:13:59:46 +0000] "GET /?p=56458 HTTP/1.1" 200 14373 "-" "Amazon CloudFront"
64.252.77.101 - - [14/Apr/2026:13:59:47 +0000] "GET /?p=56457 HTTP/1.1" 200 14689 "-" "Amazon CloudFront"
64.252.75.25 - - [14/Apr/2026:13:59:48 +0000] "GET /?author=1&paged=2017 HTTP/1.1" 200 11340 "-" "Amazon CloudFront"
64.252.86.163 - - [14/Apr/2026:13:59:49 +0000] "GET /prizes/177517359 HTTP/1.1" 301 - "-" "Amazon CloudFront"
64.252.75.25 - - [14/Apr/2026:13:59:50 +0000] "GET /?p=56415 HTTP/1.1" 200 14725 "-" "Amazon CloudFront"
64.252.77.101 - - [14/Apr/2026:13:59:51 +0000] "GET /?author=1&paged=2018 HTTP/1.1" 200 11291 "-" "Amazon CloudFront"
64.252.86.163 - - [14/Apr/2026:13:59:50 +0000] "GET /prizes/177517359/ HTTP/1.1" 200 24281 "-" "Amazon CloudFront"
64.252.77.101 - - [14/Apr/2026:13:59:52 +0000] "GET /?p=56393 HTTP/1.1" 200 14524 "-" "Amazon CloudFront"
64.252.77.101 - - [14/Apr/2026:13:59:53 +0000] "GET /?p=56395 HTTP/1.1" 200 15023 "-" "Amazon CloudFront"
64.252.75.25 - - [14/Apr/2026:13:59:54 +0000] "GET /?p=56396 HTTP/1.1" 200 14378 "-" "Amazon CloudFront"
64.252.74.231 - - [14/Apr/2026:13:59:55 +0000] "GET /?author=1&paged=1021 HTTP/1.1" 200 11287 "-" "Amazon CloudFront"
64.252.88.96 - - [14/Apr/2026:13:59:56 +0000] "GET /prizes/177544703 HTTP/1.1" 301 - "-" "Amazon CloudFront"
64.252.74.231 - - [14/Apr/2026:13:59:57 +0000] "GET /?author=1&paged=1022 HTTP/1.1" 200 11535 "-" "Amazon CloudFront"
64.252.77.101 - - [14/Apr/2026:13:59:58 +0000] "GET /?p=76343 HTTP/1.1" 200 17774 "-" "Amazon CloudFront"
64.252.88.210 - - [14/Apr/2026:13:59:57 +0000] "GET /prizes/177544703/ HTTP/1.1" 200 24293 "-" "Amazon CloudFront"
64.252.75.25 - - [14/Apr/2026:13:59:59 +0000] "GET /?p=76353 HTTP/1.1" 200 14650 "-" "Amazon CloudFront"
64.252.77.101 - - [14/Apr/2026:14:00:00 +0000] "GET /?p=76330 HTTP/1.1" 200 21481 "-" "Amazon CloudFront"
64.252.75.25 - - [14/Apr/2026:14:00:02 +0000] "GET /?author=1&paged=2019 HTTP/1.1" 200 11332 "-" "Amazon CloudFront"
64.252.88.210 - - [14/Apr/2026:14:00:04 +0000] "GET /prizes/177556844 HTTP/1.1" 301 - "-" "Amazon CloudFront"
64.252.75.25 - - [14/Apr/2026:14:00:04 +0000] "GET /?p=76332 HTTP/1.1" 200 22229 "-" "Amazon CloudFront"
64.252.74.231 - - [14/Apr/2026:14:00:05 +0000] "GET /?author=1&paged=2020 HTTP/1.1" 200 11310 "-" "Amazon CloudFront"
64.252.88.210 - - [14/Apr/2026:14:00:05 +0000] "GET /prizes/177556844/ HTTP/1.1" 200 24279 "-" "Amazon CloudFront"
64.252.77.101 - - [14/Apr/2026:14:00:07 +0000] "GET /?p=56357 HTTP/1.1" 200 14401 "-" "Amazon CloudFront"
64.252.75.25 - - [14/Apr/2026:14:00:08 +0000] "GET /?p=56356 HTTP/1.1" 200 14386 "-" "Amazon CloudFront"
64.252.77.101 - - [14/Apr/2026:14:00:09 +0000] "GET /?p=56359 HTTP/1.1" 200 14417 "-" "Amazon CloudFront"
64.252.75.25 - - [14/Apr/2026:14:00:10 +0000] "GET /?author=1&paged=1023 HTTP/1.1" 200 11321 "-" "Amazon CloudFront"
64.252.88.96 - - [14/Apr/2026:14:00:11 +0000] "GET /prizes/177574622 HTTP/1.1" 301 - "-" "Amazon CloudFront"
64.252.75.25 - - [14/Apr/2026:14:00:11 +0000] "GET /?author=1&paged=1024 HTTP/1.1" 200 11342 "-" "Amazon CloudFront"
64.252.75.25 - - [14/Apr/2026:14:00:12 +0000] "GET /?p=76322 HTTP/1.1" 200 14643 "-" "Amazon CloudFront"
64.252.75.25 - - [14/Apr/2026:14:00:14 +0000] "GET /?p=76300 HTTP/1.1" 200 16837 "-" "Amazon CloudFront"
64.252.86.163 - - [14/Apr/2026:14:00:12 +0000] "GET /prizes/177574622/ HTTP/1.1" 200 24296 "-" "Amazon CloudFront"
64.252.75.25 - - [14/Apr/2026:14:00:15 +0000] "GET /?p=56361 HTTP/1.1" 200 15536 "-" "Amazon CloudFront"
64.252.74.231 - - [14/Apr/2026:14:00:16 +0000] "GET /?author=1&paged=2021 HTTP/1.1" 200 11255 "-" "Amazon CloudFront"
64.252.75.25 - - [14/Apr/2026:14:00:17 +0000] "GET /?p=56337 HTTP/1.1" 200 14545 "-" "Amazon CloudFront"
64.252.88.96 - - [14/Apr/2026:14:00:19 +0000] "GET /prizes/177590258 HTTP/1.1" 301 - "-" "Amazon CloudFront"
64.252.77.101 - - [14/Apr/2026:14:00:18 +0000] "GET /?author=1&paged=2022 HTTP/1.1" 200 11344 "-" "Amazon CloudFront"
64.252.74.231 - - [14/Apr/2026:14:00:20 +0000] "GET /?p=76363 HTTP/1.1" 200 17889 "-" "Amazon CloudFront"
64.252.75.25 - - [14/Apr/2026:14:00:21 +0000] "GET /?p=76365 HTTP/1.1" 200 15448 "-" "Amazon CloudFront"
15.158.215.109 - - [14/Apr/2026:14:00:22 +0000] "POST /wp-cron.php?doing_wp_cron=1776175222.9459829330444335937500 HTTP/1.1" 200 - "https://69b4844ae61d4e92bf26ad98af552775-devsite.readyship.co/wp-cron.php?doing_wp_cron=1776175222.9459829330444335937500" "WordPress/5.1.19; https://69b4844ae61d4e92bf26ad98af552775-devsite.readyship.co"
64.252.88.96 - - [14/Apr/2026:14:00:20 +0000] "GET /prizes/177590258/ HTTP/1.1" 200 24274 "-" "Amazon CloudFront"
64.252.75.25 - - [14/Apr/2026:14:00:22 +0000] "GET /?p=56350 HTTP/1.1" 200 14646 "-" "Amazon CloudFront"
64.252.74.231 - - [14/Apr/2026:14:00:24 +0000] "GET /?author=1&paged=1025 HTTP/1.1" 200 11258 "-" "Amazon CloudFront"
64.252.74.231 - - [14/Apr/2026:14:00:25 +0000] "GET /?author=1&paged=1026 HTTP/1.1" 200 11355 "-" "Amazon CloudFront"
64.252.88.210 - - [14/Apr/2026:14:00:27 +0000] "GET /prizes/177619844 HTTP/1.1" 301 - "-" "Amazon CloudFront"
64.252.75.25 - - [14/Apr/2026:14:00:26 +0000] "GET /?p=76264 HTTP/1.1" 200 14747 "-" "Amazon CloudFront"
64.252.74.231 - - [14/Apr/2026:14:00:28 +0000] "GET /?p=76278 HTTP/1.1" 200 14880 "-" "Amazon CloudFront"
64.252.77.101 - - [14/Apr/2026:14:00:29 +0000] "GET /?p=76271 HTTP/1.1" 200 15868 "-" "Amazon CloudFront"
64.252.88.210 - - [14/Apr/2026:14:00:27 +0000] "GET /prizes/177619844/ HTTP/1.1" 200 24277 "-" "Amazon CloudFront"
64.252.75.25 - - [14/Apr/2026:14:00:30 +0000] "GET /?author=1&paged=2023 HTTP/1.1" 200 11340 "-" "Amazon CloudFront"
64.252.74.231 - - [14/Apr/2026:14:00:31 +0000] "GET /?p=76256 HTTP/1.1" 200 14442 "-" "Amazon CloudFront"
64.252.75.25 - - [14/Apr/2026:14:00:32 +0000] "GET /?author=1&paged=2024 HTTP/1.1" 200 11327 "-" "Amazon CloudFront"
64.252.88.210 - - [14/Apr/2026:14:00:34 +0000] "GET /prizes/177655056 HTTP/1.1" 301 - "-" "Amazon CloudFront"
64.252.75.25 - - [14/Apr/2026:14:00:34 +0000] "GET /?p=56272 HTTP/1.1" 200 14456 "-" "Amazon CloudFront"
64.252.77.101 - - [14/Apr/2026:14:00:35 +0000] "GET /?p=56277 HTTP/1.1" 200 14394 "-" "Amazon CloudFront"
64.252.74.231 - - [14/Apr/2026:14:00:36 +0000] "GET /?p=56322 HTTP/1.1" 200 14710 "-" "Amazon CloudFront"
64.252.88.210 - - [14/Apr/2026:14:00:35 +0000] "GET /prizes/177655056/ HTTP/1.1" 200 24273 "-" "Amazon CloudFront"
64.252.74.231 - - [14/Apr/2026:14:00:37 +0000] "GET /?author=1&paged=1027 HTTP/1.1" 200 11362 "-" "Amazon CloudFront"
64.252.74.231 - - [14/Apr/2026:14:00:38 +0000] "GET /?p=76222 HTTP/1.1" 200 22160 "-" "Amazon CloudFront"
64.252.74.231 - - [14/Apr/2026:14:00:39 +0000] "GET /?author=1&paged=1028 HTTP/1.1" 200 11476 "-" "Amazon CloudFront"
64.252.74.231 - - [14/Apr/2026:14:00:41 +0000] "GET /?p=76242 HTTP/1.1" 200 14690 "-" "Amazon CloudFront"
64.252.88.210 - - [14/Apr/2026:14:00:41 +0000] "GET /prizes/177672723 HTTP/1.1" 301 - "-" "Amazon CloudFront"
64.252.74.231 - - [14/Apr/2026:14:00:42 +0000] "GET /?p=76246 HTTP/1.1" 200 18076 "-" "Amazon CloudFront"
64.252.77.101 - - [14/Apr/2026:14:00:43 +0000] "GET /?author=1&paged=2025 HTTP/1.1" 200 11361 "-" "Amazon CloudFront"
64.252.86.163 - - [14/Apr/2026:14:00:42 +0000] "GET /prizes/177672723/ HTTP/1.1" 200 24284 "-" "Amazon CloudFront"
64.252.74.231 - - [14/Apr/2026:14:00:44 +0000] "GET /?p=56258 HTTP/1.1" 200 14605 "-" "Amazon CloudFront"
64.252.74.231 - - [14/Apr/2026:14:00:46 +0000] "GET /?author=1&paged=2026 HTTP/1.1" 200 11192 "-" "Amazon CloudFront"
64.252.75.25 - - [14/Apr/2026:14:00:47 +0000] "GET /?p=76220 HTTP/1.1" 200 14572 "-" "Amazon CloudFront"
64.252.74.231 - - [14/Apr/2026:14:00:48 +0000] "GET /?p=56276 HTTP/1.1" 200 14233 "-" "Amazon CloudFront"
64.252.75.25 - - [14/Apr/2026:14:00:49 +0000] "GET /?p=76226 HTTP/1.1" 200 22317 "-" "Amazon CloudFront"
64.252.88.96 - - [14/Apr/2026:14:00:49 +0000] "GET /prizes/177751359 HTTP/1.1" 301 - "-" "Amazon CloudFront"
64.252.74.231 - - [14/Apr/2026:14:00:50 +0000] "GET /?author=1&paged=1029 HTTP/1.1" 200 11447 "-" "Amazon CloudFront"
64.252.88.210 - - [14/Apr/2026:14:00:50 +0000] "GET /prizes/177751359/ HTTP/1.1" 200 24260 "-" "Amazon CloudFront"
64.252.77.101 - - [14/Apr/2026:14:00:52 +0000] "GET /?p=76260 HTTP/1.1" 200 14610 "-" "Amazon CloudFront"
64.252.74.231 - - [14/Apr/2026:14:00:53 +0000] "GET /?author=1&paged=1030 HTTP/1.1" 200 11353 "-" "Amazon CloudFront"
64.252.77.101 - - [14/Apr/2026:14:00:54 +0000] "GET /?p=56446 HTTP/1.1" 200 14814 "-" "Amazon CloudFront"
64.252.75.25 - - [14/Apr/2026:14:00:55 +0000] "GET /?p=76282 HTTP/1.1" 200 14699 "-" "Amazon CloudFront"
64.252.88.210 - - [14/Apr/2026:14:00:57 +0000] "GET /prizes/177771268 HTTP/1.1" 301 - "-" "Amazon CloudFront"
64.252.75.25 - - [14/Apr/2026:14:00:56 +0000] "GET /?author=1&paged=2027 HTTP/1.1" 200 11240 "-" "Amazon CloudFront"
64.252.75.25 - - [14/Apr/2026:14:00:58 +0000] "GET /?p=76274 HTTP/1.1" 200 13489 "-" "Amazon CloudFront"
64.252.75.25 - - [14/Apr/2026:14:00:59 +0000] "GET /?author=1&paged=2028 HTTP/1.1" 200 11338 "-" "Amazon CloudFront"
64.252.88.210 - - [14/Apr/2026:14:00:57 +0000] "GET /prizes/177771268/ HTTP/1.1" 200 24294 "-" "Amazon CloudFront"
64.252.75.25 - - [14/Apr/2026:14:01:00 +0000] "GET /?p=56195 HTTP/1.1" 200 14224 "-" "Amazon CloudFront"
64.252.74.231 - - [14/Apr/2026:14:01:02 +0000] "GET /?p=76326 HTTP/1.1" 200 14640 "-" "Amazon CloudFront"
64.252.77.101 - - [14/Apr/2026:14:01:03 +0000] "GET /?p=76334 HTTP/1.1" 200 14767 "-" "Amazon CloudFront"
64.252.88.96 - - [14/Apr/2026:14:01:04 +0000] "GET /prizes/177805137 HTTP/1.1" 301 - "-" "Amazon CloudFront"
64.252.74.231 - - [14/Apr/2026:14:01:04 +0000] "GET /?author=1&paged=1031 HTTP/1.1" 200 11313 "-" "Amazon CloudFront"
64.252.77.101 - - [14/Apr/2026:14:01:05 +0000] "GET /?p=76367 HTTP/1.1" 200 15026 "-" "Amazon CloudFront"
64.252.86.163 - - [14/Apr/2026:14:01:05 +0000] "GET /prizes/177805137/ HTTP/1.1" 200 24300 "-" "Amazon CloudFront"
64.252.75.25 - - [14/Apr/2026:14:01:06 +0000] "GET /?author=1&paged=1032 HTTP/1.1" 200 11358 "-" "Amazon CloudFront"
64.252.75.25 - - [14/Apr/2026:14:01:08 +0000] "GET /?p=76244 HTTP/1.1" 200 22374 "-" "Amazon CloudFront"
64.252.75.25 - - [14/Apr/2026:14:01:09 +0000] "GET /?p=76228 HTTP/1.1" 200 14475 "-" "Amazon CloudFront"
64.252.74.231 - - [14/Apr/2026:14:01:10 +0000] "GET /?author=1&paged=2029 HTTP/1.1" 200 11233 "-" "Amazon CloudFront"
64.252.86.163 - - [14/Apr/2026:14:01:12 +0000] "GET /prizes/177826733 HTTP/1.1" 301 - "-" "Amazon CloudFront"
64.252.74.231 - - [14/Apr/2026:14:01:11 +0000] "GET /?p=76216 HTTP/1.1" 200 21899 "-" "Amazon CloudFront"
64.252.74.231 - - [14/Apr/2026:14:01:12 +0000] "GET /?author=1&paged=2030 HTTP/1.1" 200 11207 "-" "Amazon CloudFront"
64.252.74.231 - - [14/Apr/2026:14:01:14 +0000] "GET /?p=56156 HTTP/1.1" 200 14615 "-" "Amazon CloudFront"
64.252.86.163 - - [14/Apr/2026:14:01:13 +0000] "GET /prizes/177826733/ HTTP/1.1" 200 24269 "-" "Amazon CloudFront"
64.252.77.101 - - [14/Apr/2026:14:01:15 +0000] "GET /?p=56176 HTTP/1.1" 200 14240 "-" "Amazon CloudFront"
64.252.74.231 - - [14/Apr/2026:14:01:16 +0000] "GET /?p=76355 HTTP/1.1" 200 22380 "-" "Amazon CloudFront"
64.252.66.105 - - [14/Apr/2026:14:01:16 +0000] "GET /?p=14113 HTTP/1.1" 200 14349 "-" "Amazon CloudFront"
64.252.74.231 - - [14/Apr/2026:14:01:17 +0000] "GET /?author=1&paged=1033 HTTP/1.1" 200 11377 "-" "Amazon CloudFront"
64.252.74.231 - - [14/Apr/2026:14:01:19 +0000] "GET /?p=76316 HTTP/1.1" 200 17961 "-" "Amazon CloudFront"
64.252.88.96 - - [14/Apr/2026:14:01:19 +0000] "GET /prizes/177831672 HTTP/1.1" 301 - "-" "Amazon CloudFront"
64.252.74.231 - - [14/Apr/2026:14:01:20 +0000] "GET /?author=1&paged=1034 HTTP/1.1" 200 11433 "-" "Amazon CloudFront"
64.252.75.25 - - [14/Apr/2026:14:01:21 +0000] "GET /?p=76202 HTTP/1.1" 200 16190 "-" "Amazon CloudFront"
15.158.215.109 - - [14/Apr/2026:14:01:23 +0000] "POST /wp-cron.php?doing_wp_cron=1776175283.1135039329528808593750 HTTP/1.1" 200 - "https://69b4844ae61d4e92bf26ad98af552775-devsite.readyship.co/wp-cron.php?doing_wp_cron=1776175283.1135039329528808593750" "WordPress/5.1.19; https://69b4844ae61d4e92bf26ad98af552775-devsite.readyship.co"
64.252.77.101 - - [14/Apr/2026:14:01:22 +0000] "GET /?p=56235 HTTP/1.1" 200 14514 "-" "Amazon CloudFront"
64.252.88.210 - - [14/Apr/2026:14:01:20 +0000] "GET /prizes/177831672/ HTTP/1.1" 200 24295 "-" "Amazon CloudFront"
64.252.74.231 - - [14/Apr/2026:14:01:24 +0000] "GET /?author=1&paged=2031 HTTP/1.1" 200 11268 "-" "Amazon CloudFront"
64.252.77.101 - - [14/Apr/2026:14:01:25 +0000] "GET /?p=56141 HTTP/1.1" 200 14455 "-" "Amazon CloudFront"
64.252.86.163 - - [14/Apr/2026:14:01:27 +0000] "GET /prizes/177848551 HTTP/1.1" 301 - "-" "Amazon CloudFront"
64.252.77.101 - - [14/Apr/2026:14:01:26 +0000] "GET /?author=1&paged=2032 HTTP/1.1" 200 11244 "-" "Amazon CloudFront"
64.252.77.101 - - [14/Apr/2026:14:01:28 +0000] "GET /?p=56119 HTTP/1.1" 200 14110 "-" "Amazon CloudFront"
64.252.75.25 - - [14/Apr/2026:14:01:29 +0000] "GET /?p=56121 HTTP/1.1" 200 16530 "-" "Amazon CloudFront"
64.252.77.101 - - [14/Apr/2026:14:01:30 +0000] "GET /?p=56377 HTTP/1.1" 200 14169 "-" "Amazon CloudFront"
64.252.86.163 - - [14/Apr/2026:14:01:28 +0000] "GET /prizes/177848551/ HTTP/1.1" 200 24292 "-" "Amazon CloudFront"
64.252.77.101 - - [14/Apr/2026:14:01:31 +0000] "GET /?author=1&paged=1035 HTTP/1.1" 200 11445 "-" "Amazon CloudFront"
64.252.74.231 - - [14/Apr/2026:14:01:32 +0000] "GET /?p=56257 HTTP/1.1" 200 14943 "-" "Amazon CloudFront"
64.252.74.231 - - [14/Apr/2026:14:01:34 +0000] "GET /?author=1&paged=1036 HTTP/1.1" 200 11532 "-" "Amazon CloudFront"
64.252.88.96 - - [14/Apr/2026:14:01:34 +0000] "GET /prizes/177856107 HTTP/1.1" 301 - "-" "Amazon CloudFront"
64.252.77.101 - - [14/Apr/2026:14:01:35 +0000] "GET /?p=56160 HTTP/1.1" 200 14602 "-" "Amazon CloudFront"
64.252.74.231 - - [14/Apr/2026:14:01:36 +0000] "GET /?p=56362 HTTP/1.1" 200 14706 "-" "Amazon CloudFront"
64.252.74.231 - - [14/Apr/2026:14:01:37 +0000] "GET /?author=1&paged=2033 HTTP/1.1" 200 11311 "-" "Amazon CloudFront"
64.252.86.163 - - [14/Apr/2026:14:01:35 +0000] "GET /prizes/177856107/ HTTP/1.1" 200 24314 "-" "Amazon CloudFront"
64.252.75.25 - - [14/Apr/2026:14:01:39 +0000] "GET /?p=56105 HTTP/1.1" 200 14828 "-" "Amazon CloudFront"
64.252.74.231 - - [14/Apr/2026:14:01:40 +0000] "GET /?p=56076 HTTP/1.1" 200 17414 "-" "Amazon CloudFront"
64.252.77.101 - - [14/Apr/2026:14:01:41 +0000] "GET /?p=56080 HTTP/1.1" 200 13935 "-" "Amazon CloudFront"
64.252.88.96 - - [14/Apr/2026:14:01:42 +0000] "GET /prizes/177889056 HTTP/1.1" 301 - "-" "Amazon CloudFront"
64.252.77.101 - - [14/Apr/2026:14:01:42 +0000] "GET /?p=56063 HTTP/1.1" 200 14561 "-" "Amazon CloudFront"
64.252.77.101 - - [14/Apr/2026:14:01:43 +0000] "GET /?p=56425 HTTP/1.1" 200 14290 "-" "Amazon CloudFront"
64.252.74.231 - - [14/Apr/2026:14:01:44 +0000] "GET /?author=1&paged=1037 HTTP/1.1" 200 11307 "-" "Amazon CloudFront"
64.252.88.96 - - [14/Apr/2026:14:01:43 +0000] "GET /prizes/177889056/ HTTP/1.1" 200 24291 "-" "Amazon CloudFront"
64.252.77.101 - - [14/Apr/2026:14:01:45 +0000] "GET /?p=76030 HTTP/1.1" 200 14867 "-" "Amazon CloudFront"
64.252.75.25 - - [14/Apr/2026:14:01:47 +0000] "GET /?author=1&paged=1038 HTTP/1.1" 200 11379 "-" "Amazon CloudFront"
64.252.74.231 - - [14/Apr/2026:14:01:48 +0000] "GET /?p=76036 HTTP/1.1" 200 14516 "-" "Amazon CloudFront"
64.252.77.101 - - [14/Apr/2026:14:01:49 +0000] "GET /?p=56157 HTTP/1.1" 200 14655 "-" "Amazon CloudFront"
64.252.88.210 - - [14/Apr/2026:14:01:50 +0000] "GET /prizes/177900420 HTTP/1.1" 301 - "-" "Amazon CloudFront"
64.252.74.231 - - [14/Apr/2026:14:01:50 +0000] "GET /?p=56068 HTTP/1.1" 200 14459 "-" "Amazon CloudFront"
64.252.75.25 - - [14/Apr/2026:14:01:51 +0000] "GET /?p=56070 HTTP/1.1" 200 14496 "-" "Amazon CloudFront"
64.252.77.101 - - [14/Apr/2026:14:01:52 +0000] "GET /?p=56426 HTTP/1.1" 200 14426 "-" "Amazon CloudFront"
64.252.86.163 - - [14/Apr/2026:14:01:51 +0000] "GET /prizes/177900420/ HTTP/1.1" 200 24313 "-" "Amazon CloudFront"
64.252.74.231 - - [14/Apr/2026:14:01:53 +0000] "GET /?p=56440 HTTP/1.1" 200 15503 "-" "Amazon CloudFront"
64.252.75.25 - - [14/Apr/2026:14:01:55 +0000] "GET /?p=76022 HTTP/1.1" 200 24378 "-" "Amazon CloudFront"
64.252.74.231 - - [14/Apr/2026:14:01:56 +0000] "GET /?p=56175 HTTP/1.1" 200 15596 "-" "Amazon CloudFront"
64.252.74.231 - - [14/Apr/2026:14:01:57 +0000] "GET /?p=76000 HTTP/1.1" 200 15121 "-" "Amazon CloudFront"
64.252.88.96 - - [14/Apr/2026:14:01:57 +0000] "GET /prizes/177952389 HTTP/1.1" 301 - "-" "Amazon CloudFront"
64.252.74.231 - - [14/Apr/2026:14:01:58 +0000] "GET /?author=1&paged=1039 HTTP/1.1" 200 11419 "-" "Amazon CloudFront"
64.252.77.101 - - [14/Apr/2026:14:02:00 +0000] "GET /?author=1&paged=1040 HTTP/1.1" 200 11360 "-" "Amazon CloudFront"
64.252.74.231 - - [14/Apr/2026:14:02:01 +0000] "GET /?p=75996 HTTP/1.1" 200 14531 "-" "Amazon CloudFront"
