64.252.75.25 - - [14/Apr/2026:16:03:29 +0000] "GET /?p=32404 HTTP/1.1" 200 16663 "-" "Amazon CloudFront"
64.252.75.25 - - [14/Apr/2026:16:03:30 +0000] "GET /?p=32368 HTTP/1.1" 200 21949 "-" "Amazon CloudFront"
64.252.74.231 - - [14/Apr/2026:16:03:31 +0000] "GET /?p=32370 HTTP/1.1" 200 16784 "-" "Amazon CloudFront"
64.252.77.101 - - [14/Apr/2026:16:03:32 +0000] "GET /?author=1&paged=2623 HTTP/1.1" 200 11281 "-" "Amazon CloudFront"
64.252.86.163 - - [14/Apr/2026:16:03:33 +0000] "GET /prizes/197801117 HTTP/1.1" 301 - "-" "Amazon CloudFront"
64.252.74.231 - - [14/Apr/2026:16:03:34 +0000] "GET /?author=1&paged=2624 HTTP/1.1" 200 11152 "-" "Amazon CloudFront"
64.252.75.25 - - [14/Apr/2026:16:03:35 +0000] "GET /?p=44229 HTTP/1.1" 200 24250 "-" "Amazon CloudFront"
64.252.88.96 - - [14/Apr/2026:16:03:34 +0000] "GET /prizes/197801117/ HTTP/1.1" 200 24295 "-" "Amazon CloudFront"
64.252.75.25 - - [14/Apr/2026:16:03:36 +0000] "GET /?author=2&paged=3201 HTTP/1.1" 200 11277 "-" "Amazon CloudFront"
64.252.75.25 - - [14/Apr/2026:16:03:37 +0000] "GET /?author=2&paged=3200 HTTP/1.1" 200 11389 "-" "Amazon CloudFront"
64.252.77.101 - - [14/Apr/2026:16:03:39 +0000] "GET /?author=2&paged=3243 HTTP/1.1" 200 11309 "-" "Amazon CloudFront"
64.252.88.210 - - [14/Apr/2026:16:03:40 +0000] "GET /prizes/197822258 HTTP/1.1" 301 - "-" "Amazon CloudFront"
64.252.75.25 - - [14/Apr/2026:16:03:40 +0000] "GET /?author=2&paged=3244 HTTP/1.1" 200 11297 "-" "Amazon CloudFront"
64.252.77.101 - - [14/Apr/2026:16:03:42 +0000] "GET /?p=44231 HTTP/1.1" 200 22702 "-" "Amazon CloudFront"
64.252.75.25 - - [14/Apr/2026:16:03:43 +0000] "GET /?p=44227 HTTP/1.1" 200 23262 "-" "Amazon CloudFront"
64.252.86.163 - - [14/Apr/2026:16:03:41 +0000] "GET /prizes/197822258/ HTTP/1.1" 200 24269 "-" "Amazon CloudFront"
64.252.77.101 - - [14/Apr/2026:16:03:44 +0000] "GET /?p=32400 HTTP/1.1" 200 16123 "-" "Amazon CloudFront"
64.252.77.101 - - [14/Apr/2026:16:03:45 +0000] "GET /?p=32378 HTTP/1.1" 200 15852 "-" "Amazon CloudFront"
64.252.77.101 - - [14/Apr/2026:16:03:46 +0000] "GET /?author=1&paged=2625 HTTP/1.1" 200 11041 "-" "Amazon CloudFront"
64.252.88.96 - - [14/Apr/2026:16:03:48 +0000] "GET /prizes/197842844 HTTP/1.1" 301 - "-" "Amazon CloudFront"
64.252.75.25 - - [14/Apr/2026:16:03:48 +0000] "GET /?author=1&paged=2626 HTTP/1.1" 200 11092 "-" "Amazon CloudFront"
64.252.77.101 - - [14/Apr/2026:16:03:49 +0000] "GET /?p=44205 HTTP/1.1" 200 25468 "-" "Amazon CloudFront"
64.252.77.101 - - [14/Apr/2026:16:03:50 +0000] "GET /?author=2&paged=3199 HTTP/1.1" 200 11149 "-" "Amazon CloudFront"
64.252.88.96 - - [14/Apr/2026:16:03:48 +0000] "GET /prizes/197842844/ HTTP/1.1" 200 24276 "-" "Amazon CloudFront"
64.252.77.101 - - [14/Apr/2026:16:03:51 +0000] "GET /?p=44207 HTTP/1.1" 200 22259 "-" "Amazon CloudFront"
64.252.75.25 - - [14/Apr/2026:16:03:52 +0000] "GET /?author=2&paged=3245 HTTP/1.1" 200 11355 "-" "Amazon CloudFront"
64.252.77.101 - - [14/Apr/2026:16:03:54 +0000] "GET /?author=2&paged=3246 HTTP/1.1" 200 11333 "-" "Amazon CloudFront"
64.252.86.163 - - [14/Apr/2026:16:03:55 +0000] "GET /prizes/197859157 HTTP/1.1" 301 - "-" "Amazon CloudFront"
64.252.75.25 - - [14/Apr/2026:16:03:55 +0000] "GET /?p=44211 HTTP/1.1" 200 23184 "-" "Amazon CloudFront"
64.252.75.25 - - [14/Apr/2026:16:03:56 +0000] "GET /?p=44193 HTTP/1.1" 200 22605 "-" "Amazon CloudFront"
64.252.77.101 - - [14/Apr/2026:16:03:57 +0000] "GET /?p=44219 HTTP/1.1" 200 24496 "-" "Amazon CloudFront"
64.252.88.96 - - [14/Apr/2026:16:03:56 +0000] "GET /prizes/197859157/ HTTP/1.1" 200 24262 "-" "Amazon CloudFront"
64.252.74.231 - - [14/Apr/2026:16:03:59 +0000] "GET /?p=44221 HTTP/1.1" 200 22613 "-" "Amazon CloudFront"
64.252.77.101 - - [14/Apr/2026:16:04:00 +0000] "GET /?author=1&paged=2627 HTTP/1.1" 200 11236 "-" "Amazon CloudFront"
64.252.74.231 - - [14/Apr/2026:16:04:01 +0000] "GET /?author=1&paged=2628 HTTP/1.1" 200 11378 "-" "Amazon CloudFront"
64.252.88.210 - - [14/Apr/2026:16:04:03 +0000] "GET /prizes/197883349 HTTP/1.1" 301 - "-" "Amazon CloudFront"
64.252.75.25 - - [14/Apr/2026:16:04:03 +0000] "GET /?p=44182 HTTP/1.1" 200 21838 "-" "Amazon CloudFront"
64.252.77.101 - - [14/Apr/2026:16:04:04 +0000] "GET /?p=44178 HTTP/1.1" 200 22565 "-" "Amazon CloudFront"
64.252.74.231 - - [14/Apr/2026:16:04:05 +0000] "GET /?p=44199 HTTP/1.1" 200 22823 "-" "Amazon CloudFront"
64.252.88.210 - - [14/Apr/2026:16:04:04 +0000] "GET /prizes/197883349/ HTTP/1.1" 200 24254 "-" "Amazon CloudFront"
64.252.75.25 - - [14/Apr/2026:16:04:06 +0000] "GET /?author=2&paged=3247 HTTP/1.1" 200 11387 "-" "Amazon CloudFront"
64.252.74.231 - - [14/Apr/2026:16:04:08 +0000] "GET /?author=2&paged=3248 HTTP/1.1" 200 11349 "-" "Amazon CloudFront"
64.252.77.101 - - [14/Apr/2026:16:04:09 +0000] "GET /?p=44203 HTTP/1.1" 200 22196 "-" "Amazon CloudFront"
64.252.86.163 - - [14/Apr/2026:16:04:11 +0000] "GET /prizes/197946016 HTTP/1.1" 301 - "-" "Amazon CloudFront"
64.252.77.101 - - [14/Apr/2026:16:04:10 +0000] "GET /?p=44213 HTTP/1.1" 200 22338 "-" "Amazon CloudFront"
64.252.74.231 - - [14/Apr/2026:16:04:12 +0000] "GET /?p=44225 HTTP/1.1" 200 23231 "-" "Amazon CloudFront"
64.252.74.231 - - [14/Apr/2026:16:04:13 +0000] "GET /?p=44223 HTTP/1.1" 200 22709 "-" "Amazon CloudFront"
64.252.88.96 - - [14/Apr/2026:16:04:12 +0000] "GET /prizes/197946016/ HTTP/1.1" 200 24273 "-" "Amazon CloudFront"
64.252.74.231 - - [14/Apr/2026:16:04:14 +0000] "GET /?author=1&paged=2629 HTTP/1.1" 200 11382 "-" "Amazon CloudFront"
64.252.74.231 - - [14/Apr/2026:16:04:15 +0000] "GET /?p=44187 HTTP/1.1" 200 23745 "-" "Amazon CloudFront"
64.252.77.101 - - [14/Apr/2026:16:04:17 +0000] "GET /?p=44195 HTTP/1.1" 200 15297 "-" "Amazon CloudFront"
64.252.77.101 - - [14/Apr/2026:16:04:18 +0000] "GET /?p=44189 HTTP/1.1" 200 21423 "-" "Amazon CloudFront"
64.252.88.210 - - [14/Apr/2026:16:04:18 +0000] "GET /prizes/197966935 HTTP/1.1" 301 - "-" "Amazon CloudFront"
64.252.75.25 - - [14/Apr/2026:16:04:19 +0000] "GET /?p=44180 HTTP/1.1" 200 22957 "-" "Amazon CloudFront"
64.252.77.101 - - [14/Apr/2026:16:04:20 +0000] "GET /?author=2&paged=3249 HTTP/1.1" 200 11423 "-" "Amazon CloudFront"
15.158.215.109 - - [14/Apr/2026:16:04:22 +0000] "POST /wp-cron.php?doing_wp_cron=1776182662.4176659584045410156250 HTTP/1.1" 200 - "https://69b4844ae61d4e92bf26ad98af552775-devsite.readyship.co/wp-cron.php?doing_wp_cron=1776182662.4176659584045410156250" "WordPress/5.1.19; https://69b4844ae61d4e92bf26ad98af552775-devsite.readyship.co"
64.252.88.96 - - [14/Apr/2026:16:04:19 +0000] "GET /prizes/197966935/ HTTP/1.1" 200 24292 "-" "Amazon CloudFront"
64.252.75.25 - - [14/Apr/2026:16:04:21 +0000] "GET /?author=2&paged=3250 HTTP/1.1" 200 11311 "-" "Amazon CloudFront"
64.252.77.101 - - [14/Apr/2026:16:04:23 +0000] "GET /?p=31599 HTTP/1.1" 200 17244 "-" "Amazon CloudFront"
64.252.75.25 - - [14/Apr/2026:16:04:24 +0000] "GET /?p=31601 HTTP/1.1" 200 16191 "-" "Amazon CloudFront"
64.252.88.210 - - [14/Apr/2026:16:04:26 +0000] "GET /prizes/197987410 HTTP/1.1" 301 - "-" "Amazon CloudFront"
64.252.77.101 - - [14/Apr/2026:16:04:26 +0000] "GET /?p=32372 HTTP/1.1" 200 16569 "-" "Amazon CloudFront"
64.252.77.101 - - [14/Apr/2026:16:04:27 +0000] "GET /?p=44191 HTTP/1.1" 200 16535 "-" "Amazon CloudFront"
64.252.77.101 - - [14/Apr/2026:16:04:28 +0000] "GET /?author=1&paged=2631 HTTP/1.1" 200 11252 "-" "Amazon CloudFront"
64.252.88.210 - - [14/Apr/2026:16:04:27 +0000] "GET /prizes/197987410/ HTTP/1.1" 200 24262 "-" "Amazon CloudFront"
64.252.74.231 - - [14/Apr/2026:16:04:29 +0000] "GET /?p=44215 HTTP/1.1" 200 23194 "-" "Amazon CloudFront"
64.252.74.231 - - [14/Apr/2026:16:04:30 +0000] "GET /?p=44209 HTTP/1.1" 200 22773 "-" "Amazon CloudFront"
64.252.77.101 - - [14/Apr/2026:16:04:31 +0000] "GET /?p=44197 HTTP/1.1" 200 22072 "-" "Amazon CloudFront"
64.252.77.101 - - [14/Apr/2026:16:04:32 +0000] "GET /?p=44185 HTTP/1.1" 200 22952 "-" "Amazon CloudFront"
64.252.88.96 - - [14/Apr/2026:16:04:33 +0000] "GET /prizes/198046026 HTTP/1.1" 301 - "-" "Amazon CloudFront"
64.252.75.25 - - [14/Apr/2026:16:04:34 +0000] "GET /?author=2&paged=3251 HTTP/1.1" 200 11312 "-" "Amazon CloudFront"
64.252.74.231 - - [14/Apr/2026:16:04:35 +0000] "GET /?author=2&paged=3252 HTTP/1.1" 200 11339 "-" "Amazon CloudFront"
64.252.75.25 - - [14/Apr/2026:16:04:36 +0000] "GET /?p=31581 HTTP/1.1" 200 17992 "-" "Amazon CloudFront"
64.252.86.163 - - [14/Apr/2026:16:04:34 +0000] "GET /prizes/198046026/ HTTP/1.1" 200 24288 "-" "Amazon CloudFront"
64.252.75.25 - - [14/Apr/2026:16:04:37 +0000] "GET /?p=31571 HTTP/1.1" 200 16971 "-" "Amazon CloudFront"
64.252.75.25 - - [14/Apr/2026:16:04:38 +0000] "GET /?p=31573 HTTP/1.1" 200 17771 "-" "Amazon CloudFront"
64.252.77.101 - - [14/Apr/2026:16:04:40 +0000] "GET /?p=31565 HTTP/1.1" 200 16225 "-" "Amazon CloudFront"
64.252.88.96 - - [14/Apr/2026:16:04:41 +0000] "GET /prizes/198046814 HTTP/1.1" 301 - "-" "Amazon CloudFront"
64.252.75.25 - - [14/Apr/2026:16:04:41 +0000] "GET /?author=1&paged=2632 HTTP/1.1" 200 11161 "-" "Amazon CloudFront"
64.252.74.231 - - [14/Apr/2026:16:04:42 +0000] "GET /?author=1&paged=2633 HTTP/1.1" 200 11140 "-" "Amazon CloudFront"
64.252.66.105 - - [14/Apr/2026:16:04:43 +0000] "GET /?p=61492 HTTP/1.1" 200 14399 "-" "Amazon CloudFront"
64.252.77.101 - - [14/Apr/2026:16:04:43 +0000] "GET /?p=31575 HTTP/1.1" 200 24178 "-" "Amazon CloudFront"
64.252.86.163 - - [14/Apr/2026:16:04:42 +0000] "GET /prizes/198046814/ HTTP/1.1" 200 24291 "-" "Amazon CloudFront"
64.252.74.231 - - [14/Apr/2026:16:04:45 +0000] "GET /?p=31583 HTTP/1.1" 200 17685 "-" "Amazon CloudFront"
64.252.74.231 - - [14/Apr/2026:16:04:46 +0000] "GET /?p=31585 HTTP/1.1" 200 17403 "-" "Amazon CloudFront"
64.252.75.25 - - [14/Apr/2026:16:04:47 +0000] "GET /?author=2&paged=3253 HTTP/1.1" 200 11296 "-" "Amazon CloudFront"
64.252.88.96 - - [14/Apr/2026:16:04:49 +0000] "GET /prizes/198054783 HTTP/1.1" 301 - "-" "Amazon CloudFront"
64.252.75.25 - - [14/Apr/2026:16:04:48 +0000] "GET /?author=2&paged=3254 HTTP/1.1" 200 11376 "-" "Amazon CloudFront"
64.252.74.231 - - [14/Apr/2026:16:04:50 +0000] "GET /?p=31577 HTTP/1.1" 200 15640 "-" "Amazon CloudFront"
64.252.77.101 - - [14/Apr/2026:16:04:51 +0000] "GET /?p=31591 HTTP/1.1" 200 16796 "-" "Amazon CloudFront"
64.252.88.96 - - [14/Apr/2026:16:04:50 +0000] "GET /prizes/198054783/ HTTP/1.1" 200 24287 "-" "Amazon CloudFront"
64.252.77.101 - - [14/Apr/2026:16:04:52 +0000] "GET /?p=31593 HTTP/1.1" 200 17077 "-" "Amazon CloudFront"
64.252.74.231 - - [14/Apr/2026:16:04:53 +0000] "GET /?p=32386 HTTP/1.1" 200 22935 "-" "Amazon CloudFront"
64.252.75.25 - - [14/Apr/2026:16:04:54 +0000] "GET /?p=32362 HTTP/1.1" 200 22463 "-" "Amazon CloudFront"
64.252.77.101 - - [14/Apr/2026:16:04:55 +0000] "GET /?p=44217 HTTP/1.1" 200 23414 "-" "Amazon CloudFront"
64.252.88.96 - - [14/Apr/2026:16:04:56 +0000] "GET /prizes/198072450 HTTP/1.1" 301 - "-" "Amazon CloudFront"
64.252.75.25 - - [14/Apr/2026:16:04:56 +0000] "GET /?p=31595 HTTP/1.1" 200 18128 "-" "Amazon CloudFront"
64.252.75.25 - - [14/Apr/2026:16:04:58 +0000] "GET /?p=32390 HTTP/1.1" 200 15234 "-" "Amazon CloudFront"
64.252.75.25 - - [14/Apr/2026:16:04:59 +0000] "GET /?p=32384 HTTP/1.1" 200 15770 "-" "Amazon CloudFront"
64.252.88.96 - - [14/Apr/2026:16:04:57 +0000] "GET /prizes/198072450/ HTTP/1.1" 200 24265 "-" "Amazon CloudFront"
64.252.77.101 - - [14/Apr/2026:16:05:00 +0000] "GET /?author=2&paged=3255 HTTP/1.1" 200 11359 "-" "Amazon CloudFront"
64.252.77.101 - - [14/Apr/2026:16:05:01 +0000] "GET /?author=2&paged=3256 HTTP/1.1" 200 11394 "-" "Amazon CloudFront"
64.252.75.25 - - [14/Apr/2026:16:05:03 +0000] "GET /?p=31597 HTTP/1.1" 200 15750 "-" "Amazon CloudFront"
64.252.86.163 - - [14/Apr/2026:16:05:04 +0000] "GET /prizes/198075945 HTTP/1.1" 301 - "-" "Amazon CloudFront"
64.252.77.101 - - [14/Apr/2026:16:05:04 +0000] "GET /?p=31587 HTTP/1.1" 200 18595 "-" "Amazon CloudFront"
64.252.75.25 - - [14/Apr/2026:16:05:05 +0000] "GET /?p=31589 HTTP/1.1" 200 16466 "-" "Amazon CloudFront"
64.252.77.101 - - [14/Apr/2026:16:05:07 +0000] "GET /?p=31569 HTTP/1.1" 200 15949 "-" "Amazon CloudFront"
64.252.88.210 - - [14/Apr/2026:16:05:05 +0000] "GET /prizes/198075945/ HTTP/1.1" 200 24298 "-" "Amazon CloudFront"
64.252.74.231 - - [14/Apr/2026:16:05:08 +0000] "GET /?p=31567 HTTP/1.1" 200 17423 "-" "Amazon CloudFront"
64.252.75.25 - - [14/Apr/2026:16:05:09 +0000] "GET /?p=32406 HTTP/1.1" 200 24225 "-" "Amazon CloudFront"
64.252.77.101 - - [14/Apr/2026:16:05:10 +0000] "GET /?p=31579 HTTP/1.1" 200 15704 "-" "Amazon CloudFront"
64.252.88.210 - - [14/Apr/2026:16:05:11 +0000] "GET /prizes/198086743 HTTP/1.1" 301 - "-" "Amazon CloudFront"
64.252.75.25 - - [14/Apr/2026:16:05:11 +0000] "GET /?p=32410 HTTP/1.1" 200 24372 "-" "Amazon CloudFront"
64.252.74.231 - - [14/Apr/2026:16:05:12 +0000] "GET /?p=32408 HTTP/1.1" 200 24079 "-" "Amazon CloudFront"
64.252.75.25 - - [14/Apr/2026:16:05:14 +0000] "GET /?author=2&paged=3257 HTTP/1.1" 200 11287 "-" "Amazon CloudFront"
64.252.88.96 - - [14/Apr/2026:16:05:12 +0000] "GET /prizes/198086743/ HTTP/1.1" 200 24297 "-" "Amazon CloudFront"
64.252.74.231 - - [14/Apr/2026:16:05:15 +0000] "GET /?author=2&paged=3258 HTTP/1.1" 200 11416 "-" "Amazon CloudFront"
64.252.75.25 - - [14/Apr/2026:16:05:17 +0000] "GET /?cat=1&paged=705 HTTP/1.1" 200 11320 "-" "Amazon CloudFront"
64.252.86.163 - - [14/Apr/2026:16:05:19 +0000] "GET /prizes/198100925 HTTP/1.1" 301 - "-" "Amazon CloudFront"
64.252.77.101 - - [14/Apr/2026:16:05:18 +0000] "GET /?cat=1&paged=704 HTTP/1.1" 200 11271 "-" "Amazon CloudFront"
64.252.75.25 - - [14/Apr/2026:16:05:19 +0000] "GET /?author=1&paged=2634 HTTP/1.1" 200 11187 "-" "Amazon CloudFront"
64.252.77.101 - - [14/Apr/2026:16:05:21 +0000] "GET /?author=1&paged=3957 HTTP/1.1" 200 11271 "-" "Amazon CloudFront"
64.252.88.96 - - [14/Apr/2026:16:05:19 +0000] "GET /prizes/198100925/ HTTP/1.1" 200 24277 "-" "Amazon CloudFront"
15.158.215.109 - - [14/Apr/2026:16:05:22 +0000] "POST /wp-cron.php?doing_wp_cron=1776182722.8534309864044189453125 HTTP/1.1" 200 - "https://69b4844ae61d4e92bf26ad98af552775-devsite.readyship.co/wp-cron.php?doing_wp_cron=1776182722.8534309864044189453125" "WordPress/5.1.19; https://69b4844ae61d4e92bf26ad98af552775-devsite.readyship.co"
64.252.75.25 - - [14/Apr/2026:16:05:22 +0000] "GET /?author=2&paged=3198 HTTP/1.1" 200 11237 "-" "Amazon CloudFront"
64.252.74.231 - - [14/Apr/2026:16:05:24 +0000] "GET /?author=1&paged=3960 HTTP/1.1" 200 11361 "-" "Amazon CloudFront"
64.252.75.25 - - [14/Apr/2026:16:05:25 +0000] "GET /?author=1&paged=3962 HTTP/1.1" 200 11334 "-" "Amazon CloudFront"
64.252.86.163 - - [14/Apr/2026:16:05:26 +0000] "GET /prizes/198147723 HTTP/1.1" 301 - "-" "Amazon CloudFront"
64.252.77.101 - - [14/Apr/2026:16:05:27 +0000] "GET /?author=2&paged=3971 HTTP/1.1" 200 11272 "-" "Amazon CloudFront"
64.252.74.231 - - [14/Apr/2026:16:05:28 +0000] "GET /?author=1&paged=2635 HTTP/1.1" 200 11171 "-" "Amazon CloudFront"
64.252.86.163 - - [14/Apr/2026:16:05:27 +0000] "GET /prizes/198147723/ HTTP/1.1" 200 24277 "-" "Amazon CloudFront"
64.252.74.231 - - [14/Apr/2026:16:05:29 +0000] "GET /?author=2&paged=3259 HTTP/1.1" 200 11360 "-" "Amazon CloudFront"
64.252.75.25 - - [14/Apr/2026:16:05:31 +0000] "GET /?author=2&paged=3260 HTTP/1.1" 200 11446 "-" "Amazon CloudFront"
64.252.74.231 - - [14/Apr/2026:16:05:32 +0000] "GET /?cat=1&paged=707 HTTP/1.1" 200 11184 "-" "Amazon CloudFront"
64.252.75.25 - - [14/Apr/2026:16:05:33 +0000] "GET /?cat=1&paged=706 HTTP/1.1" 200 11230 "-" "Amazon CloudFront"
64.252.88.210 - - [14/Apr/2026:16:05:34 +0000] "GET /prizes/198163814 HTTP/1.1" 301 - "-" "Amazon CloudFront"
64.252.77.101 - - [14/Apr/2026:16:05:35 +0000] "GET /?author=1&paged=2636 HTTP/1.1" 200 11303 "-" "Amazon CloudFront"
64.252.77.101 - - [14/Apr/2026:16:05:36 +0000] "GET /?author=1&paged=3955 HTTP/1.1" 200 11316 "-" "Amazon CloudFront"
64.252.88.96 - - [14/Apr/2026:16:05:35 +0000] "GET /prizes/198163814/ HTTP/1.1" 200 24256 "-" "Amazon CloudFront"
64.252.77.101 - - [14/Apr/2026:16:05:37 +0000] "GET /?author=2&paged=3196 HTTP/1.1" 200 11331 "-" "Amazon CloudFront"
64.252.77.101 - - [14/Apr/2026:16:05:38 +0000] "GET /?author=1&paged=3956 HTTP/1.1" 200 11316 "-" "Amazon CloudFront"
64.252.74.231 - - [14/Apr/2026:16:05:40 +0000] "GET /?author=1&paged=3958 HTTP/1.1" 200 11337 "-" "Amazon CloudFront"
64.252.88.210 - - [14/Apr/2026:16:05:41 +0000] "GET /prizes/198187985 HTTP/1.1" 301 - "-" "Amazon CloudFront"
64.252.74.231 - - [14/Apr/2026:16:05:41 +0000] "GET /?author=2&paged=3969 HTTP/1.1" 200 11293 "-" "Amazon CloudFront"
64.252.75.25 - - [14/Apr/2026:16:05:42 +0000] "GET /?author=1&paged=2637 HTTP/1.1" 200 11243 "-" "Amazon CloudFront"
64.252.74.231 - - [14/Apr/2026:16:05:44 +0000] "GET /?author=2&paged=3261 HTTP/1.1" 200 11373 "-" "Amazon CloudFront"
64.252.88.96 - - [14/Apr/2026:16:05:42 +0000] "GET /prizes/198187985/ HTTP/1.1" 200 24275 "-" "Amazon CloudFront"
64.252.75.25 - - [14/Apr/2026:16:05:45 +0000] "GET /?author=2&paged=3262 HTTP/1.1" 200 11423 "-" "Amazon CloudFront"
64.252.75.25 - - [14/Apr/2026:16:05:46 +0000] "GET /?cat=1&paged=709 HTTP/1.1" 200 11286 "-" "Amazon CloudFront"
64.252.75.25 - - [14/Apr/2026:16:05:48 +0000] "GET /?cat=1&paged=708 HTTP/1.1" 200 11181 "-" "Amazon CloudFront"
64.252.88.96 - - [14/Apr/2026:16:05:49 +0000] "GET /prizes/198203854 HTTP/1.1" 301 - "-" "Amazon CloudFront"
64.252.74.231 - - [14/Apr/2026:16:05:49 +0000] "GET /?author=2&paged=1579 HTTP/1.1" 200 11338 "-" "Amazon CloudFront"
64.252.74.231 - - [14/Apr/2026:16:05:50 +0000] "GET /?author=1&paged=3953 HTTP/1.1" 200 11296 "-" "Amazon CloudFront"
64.252.88.210 - - [14/Apr/2026:16:05:49 +0000] "GET /prizes/198203854/ HTTP/1.1" 200 24273 "-" "Amazon CloudFront"
64.252.75.25 - - [14/Apr/2026:16:05:52 +0000] "GET /?author=1&paged=3954 HTTP/1.1" 200 11252 "-" "Amazon CloudFront"
64.252.77.101 - - [14/Apr/2026:16:05:53 +0000] "GET /?author=2&paged=3195 HTTP/1.1" 200 11213 "-" "Amazon CloudFront"
64.252.67.128 - - [14/Apr/2026:16:05:55 +0000] "HEAD / HTTP/1.1" 200 - "-" "Amazon CloudFront"
64.252.77.101 - - [14/Apr/2026:16:05:54 +0000] "GET /?author=2&paged=1580 HTTP/1.1" 200 11245 "-" "Amazon CloudFront"
64.252.86.163 - - [14/Apr/2026:16:05:56 +0000] "GET /prizes/198204753 HTTP/1.1" 301 - "-" "Amazon CloudFront"
15.158.215.109 - - [14/Apr/2026:16:05:56 +0000] "POST /xmlrpc.php HTTP/1.1" 200 231 "-" "Wget/1.21.4"
64.252.74.231 - - [14/Apr/2026:16:05:56 +0000] "GET /?author=2&paged=3968 HTTP/1.1" 200 11352 "-" "Amazon CloudFront"
15.158.215.109 - - [14/Apr/2026:16:05:57 +0000] "POST /xmlrpc.php HTTP/1.1" 200 206 "-" "curl/8.6.0"
64.252.75.25 - - [14/Apr/2026:16:05:57 +0000] "GET /?author=1&paged=2639 HTTP/1.1" 200 11157 "-" "Amazon CloudFront"
15.158.215.109 - - [14/Apr/2026:16:05:58 +0000] "POST /xmlrpc.php HTTP/1.1" 200 206 "-" "Wget/1.21.4"
18.68.51.43 - - [14/Apr/2026:16:05:59 +0000] "GET /wp-login.php HTTP/1.1" 200 1185 "-" "curl/8.6.0"
64.252.88.96 - - [14/Apr/2026:16:05:57 +0000] "GET /prizes/198204753/ HTTP/1.1" 200 24288 "-" "Amazon CloudFront"
18.68.51.43 - - [14/Apr/2026:16:06:00 +0000] "POST /wp-login.php HTTP/1.1" 200 1575 "https://69b4844ae61d4e92bf26ad98af552775-devsite.readyship.co/wp-login.php" "curl/8.6.0"
64.252.88.210 - - [14/Apr/2026:16:06:03 +0000] "GET /prizes/198249187 HTTP/1.1" 301 - "-" "Amazon CloudFront"
64.252.88.210 - - [14/Apr/2026:16:06:04 +0000] "GET /prizes/198249187/ HTTP/1.1" 200 24318 "-" "Amazon CloudFront"
64.252.88.210 - - [14/Apr/2026:16:06:11 +0000] "GET /prizes/198316703 HTTP/1.1" 301 - "-" "Amazon CloudFront"
64.252.75.25 - - [14/Apr/2026:16:05:58 +0000] "GET /?author=2&paged=3263 HTTP/1.1" 200 11505 "-" "Amazon CloudFront"
64.252.77.101 - - [14/Apr/2026:16:06:12 +0000] "GET /?author=2&paged=3264 HTTP/1.1" 200 11363 "-" "Amazon CloudFront"
64.252.75.25 - - [14/Apr/2026:16:06:14 +0000] "GET /?cat=1&paged=711 HTTP/1.1" 200 11315 "-" "Amazon CloudFront"
64.252.86.163 - - [14/Apr/2026:16:06:12 +0000] "GET /prizes/198316703/ HTTP/1.1" 200 24290 "-" "Amazon CloudFront"
64.252.75.25 - - [14/Apr/2026:16:06:15 +0000] "GET /?cat=1&paged=710 HTTP/1.1" 200 11528 "-" "Amazon CloudFront"
64.252.75.25 - - [14/Apr/2026:16:06:17 +0000] "GET /?author=2&paged=1581 HTTP/1.1" 200 11404 "-" "Amazon CloudFront"
64.252.88.210 - - [14/Apr/2026:16:06:18 +0000] "GET /prizes/198360672 HTTP/1.1" 301 - "-" "Amazon CloudFront"
64.252.77.101 - - [14/Apr/2026:16:06:18 +0000] "GET /?author=1&paged=3951 HTTP/1.1" 200 11312 "-" "Amazon CloudFront"
64.252.77.101 - - [14/Apr/2026:16:06:19 +0000] "GET /?author=2&paged=3970 HTTP/1.1" 200 11417 "-" "Amazon CloudFront"
64.252.74.231 - - [14/Apr/2026:16:06:20 +0000] "GET /?author=2&paged=3193 HTTP/1.1" 200 11317 "-" "Amazon CloudFront"
64.252.86.163 - - [14/Apr/2026:16:06:19 +0000] "GET /prizes/198360672/ HTTP/1.1" 200 24268 "-" "Amazon CloudFront"
15.158.215.109 - - [14/Apr/2026:16:06:22 +0000] "POST /wp-cron.php?doing_wp_cron=1776182782.6212201118469238281250 HTTP/1.1" 200 - "https://69b4844ae61d4e92bf26ad98af552775-devsite.readyship.co/wp-cron.php?doing_wp_cron=1776182782.6212201118469238281250" "WordPress/5.1.19; https://69b4844ae61d4e92bf26ad98af552775-devsite.readyship.co"
64.252.74.231 - - [14/Apr/2026:16:06:22 +0000] "GET /?author=2&paged=1582 HTTP/1.1" 200 11244 "-" "Amazon CloudFront"
64.252.75.25 - - [14/Apr/2026:16:06:24 +0000] "GET /?author=2&paged=3966 HTTP/1.1" 200 11324 "-" "Amazon CloudFront"
64.252.74.231 - - [14/Apr/2026:16:06:25 +0000] "GET /?author=1&paged=2641 HTTP/1.1" 200 11188 "-" "Amazon CloudFront"
64.252.88.210 - - [14/Apr/2026:16:06:26 +0000] "GET /prizes/198370359 HTTP/1.1" 301 - "-" "Amazon CloudFront"
64.252.77.101 - - [14/Apr/2026:16:06:26 +0000] "GET /?author=2&paged=3265 HTTP/1.1" 200 11471 "-" "Amazon CloudFront"
64.252.74.231 - - [14/Apr/2026:16:06:27 +0000] "GET /?author=2&paged=3266 HTTP/1.1" 200 11400 "-" "Amazon CloudFront"
64.252.77.101 - - [14/Apr/2026:16:06:29 +0000] "GET /?cat=1&paged=712 HTTP/1.1" 200 11205 "-" "Amazon CloudFront"
64.252.88.96 - - [14/Apr/2026:16:06:27 +0000] "GET /prizes/198370359/ HTTP/1.1" 200 24293 "-" "Amazon CloudFront"
64.252.74.231 - - [14/Apr/2026:16:06:30 +0000] "GET /?cat=1&paged=713 HTTP/1.1" 200 11283 "-" "Amazon CloudFront"
64.252.75.25 - - [14/Apr/2026:16:06:32 +0000] "GET /?author=1&paged=2640 HTTP/1.1" 200 11143 "-" "Amazon CloudFront"
64.252.75.25 - - [14/Apr/2026:16:06:33 +0000] "GET /?author=1&paged=3949 HTTP/1.1" 200 11433 "-" "Amazon CloudFront"
64.252.88.96 - - [14/Apr/2026:16:06:34 +0000] "GET /prizes/198425258 HTTP/1.1" 301 - "-" "Amazon CloudFront"
64.252.77.101 - - [14/Apr/2026:16:06:34 +0000] "GET /?author=2&paged=1583 HTTP/1.1" 200 11402 "-" "Amazon CloudFront"
64.252.77.101 - - [14/Apr/2026:16:06:36 +0000] "GET /?author=2&paged=3192 HTTP/1.1" 200 11250 "-" "Amazon CloudFront"
64.252.88.96 - - [14/Apr/2026:16:06:35 +0000] "GET /prizes/198425258/ HTTP/1.1" 200 24271 "-" "Amazon CloudFront"
64.252.75.25 - - [14/Apr/2026:16:06:37 +0000] "GET /?author=2&paged=3191 HTTP/1.1" 200 11349 "-" "Amazon CloudFront"
64.252.75.25 - - [14/Apr/2026:16:06:38 +0000] "GET /?author=2&paged=1584 HTTP/1.1" 200 11283 "-" "Amazon CloudFront"
64.252.74.231 - - [14/Apr/2026:16:06:40 +0000] "GET /?author=1&paged=2642 HTTP/1.1" 200 11318 "-" "Amazon CloudFront"
64.252.88.210 - - [14/Apr/2026:16:06:41 +0000] "GET /prizes/198433026 HTTP/1.1" 301 - "-" "Amazon CloudFront"
64.252.77.101 - - [14/Apr/2026:16:06:41 +0000] "GET /?author=2&paged=3267 HTTP/1.1" 200 11347 "-" "Amazon CloudFront"
64.252.77.101 - - [14/Apr/2026:16:06:42 +0000] "GET /?author=2&paged=3268 HTTP/1.1" 200 11547 "-" "Amazon CloudFront"
64.252.77.101 - - [14/Apr/2026:16:06:44 +0000] "GET /?cat=1&paged=714 HTTP/1.1" 200 11205 "-" "Amazon CloudFront"
64.252.88.96 - - [14/Apr/2026:16:06:42 +0000] "GET /prizes/198433026/ HTTP/1.1" 200 24268 "-" "Amazon CloudFront"
64.252.75.25 - - [14/Apr/2026:16:06:45 +0000] "GET /?cat=1&paged=715 HTTP/1.1" 200 11505 "-" "Amazon CloudFront"
64.252.77.101 - - [14/Apr/2026:16:06:47 +0000] "GET /?author=1&paged=2643 HTTP/1.1" 200 11238 "-" "Amazon CloudFront"
64.252.88.96 - - [14/Apr/2026:16:06:49 +0000] "GET /prizes/198443258 HTTP/1.1" 301 - "-" "Amazon CloudFront"
64.252.77.101 - - [14/Apr/2026:16:06:48 +0000] "GET /?author=1&paged=3948 HTTP/1.1" 200 11337 "-" "Amazon CloudFront"
64.252.74.231 - - [14/Apr/2026:16:06:50 +0000] "GET /?author=2&paged=1585 HTTP/1.1" 200 11294 "-" "Amazon CloudFront"
64.252.74.231 - - [14/Apr/2026:16:06:51 +0000] "GET /?p=32730 HTTP/1.1" 200 22111 "-" "Amazon CloudFront"
64.252.88.210 - - [14/Apr/2026:16:06:49 +0000] "GET /prizes/198443258/ HTTP/1.1" 200 24276 "-" "Amazon CloudFront"
64.252.75.25 - - [14/Apr/2026:16:06:52 +0000] "GET /?p=32742 HTTP/1.1" 200 21848 "-" "Amazon CloudFront"
64.252.77.101 - - [14/Apr/2026:16:06:53 +0000] "GET /?p=32752 HTTP/1.1" 200 21294 "-" "Amazon CloudFront"
64.252.75.25 - - [14/Apr/2026:16:06:54 +0000] "GET /?author=1&paged=2644 HTTP/1.1" 200 11126 "-" "Amazon CloudFront"
64.252.88.210 - - [14/Apr/2026:16:06:56 +0000] "GET /prizes/198454733 HTTP/1.1" 301 - "-" "Amazon CloudFront"
64.252.77.101 - - [14/Apr/2026:16:06:56 +0000] "GET /?author=2&paged=3269 HTTP/1.1" 200 11392 "-" "Amazon CloudFront"
64.252.75.25 - - [14/Apr/2026:16:06:57 +0000] "GET /?author=2&paged=3270 HTTP/1.1" 200 11473 "-" "Amazon CloudFront"
64.252.77.101 - - [14/Apr/2026:16:06:58 +0000] "GET /?p=32736 HTTP/1.1" 200 17284 "-" "Amazon CloudFront"
64.252.88.96 - - [14/Apr/2026:16:06:57 +0000] "GET /prizes/198454733/ HTTP/1.1" 200 24271 "-" "Amazon CloudFront"
64.252.74.231 - - [14/Apr/2026:16:07:00 +0000] "GET /?cat=1&paged=717 HTTP/1.1" 200 11424 "-" "Amazon CloudFront"
64.252.74.231 - - [14/Apr/2026:16:07:01 +0000] "GET /?p=32734 HTTP/1.1" 200 21221 "-" "Amazon CloudFront"
64.252.74.231 - - [14/Apr/2026:16:07:02 +0000] "GET /?p=32738 HTTP/1.1" 200 16752 "-" "Amazon CloudFront"
64.252.88.210 - - [14/Apr/2026:16:07:03 +0000] "GET /prizes/198496359 HTTP/1.1" 301 - "-" "Amazon CloudFront"
64.252.77.101 - - [14/Apr/2026:16:07:03 +0000] "GET /?p=32732 HTTP/1.1" 200 16442 "-" "Amazon CloudFront"
64.252.75.25 - - [14/Apr/2026:16:07:05 +0000] "GET /?p=32744 HTTP/1.1" 200 21184 "-" "Amazon CloudFront"
64.252.86.163 - - [14/Apr/2026:16:07:04 +0000] "GET /prizes/198496359/ HTTP/1.1" 200 24303 "-" "Amazon CloudFront"
64.252.86.163 - - [14/Apr/2026:16:07:11 +0000] "GET /prizes/198498480 HTTP/1.1" 301 - "-" "Amazon CloudFront"
64.252.88.96 - - [14/Apr/2026:16:07:12 +0000] "GET /prizes/198498480/ HTTP/1.1" 200 24270 "-" "Amazon CloudFront"
64.252.86.163 - - [14/Apr/2026:16:07:19 +0000] "GET /prizes/198514571 HTTP/1.1" 301 - "-" "Amazon CloudFront"
64.252.88.96 - - [14/Apr/2026:16:07:19 +0000] "GET /prizes/198514571/ HTTP/1.1" 200 24266 "-" "Amazon CloudFront"
15.158.215.109 - - [14/Apr/2026:16:07:26 +0000] "POST /wp-cron.php?doing_wp_cron=1776182846.8987619876861572265625 HTTP/1.1" 200 - "https://69b4844ae61d4e92bf26ad98af552775-devsite.readyship.co/wp-cron.php?doing_wp_cron=1776182846.8987619876861572265625" "WordPress/5.1.19; https://69b4844ae61d4e92bf26ad98af552775-devsite.readyship.co"
64.252.86.163 - - [14/Apr/2026:16:07:26 +0000] "GET /prizes/198516379 HTTP/1.1" 301 - "-" "Amazon CloudFront"
64.252.75.25 - - [14/Apr/2026:16:07:06 +0000] "GET /?p=32748 HTTP/1.1" 200 15927 "-" "Amazon CloudFront"
64.252.77.101 - - [14/Apr/2026:16:07:28 +0000] "GET /?p=32754 HTTP/1.1" 200 18170 "-" "Amazon CloudFront"
64.252.75.25 - - [14/Apr/2026:16:07:29 +0000] "GET /?author=1&paged=2646 HTTP/1.1" 200 11266 "-" "Amazon CloudFront"
64.252.88.96 - - [14/Apr/2026:16:07:27 +0000] "GET /prizes/198516379/ HTTP/1.1" 200 24222 "-" "Amazon CloudFront"
64.252.74.231 - - [14/Apr/2026:16:07:31 +0000] "GET /?author=2&paged=3271 HTTP/1.1" 200 11541 "-" "Amazon CloudFront"
64.252.77.101 - - [14/Apr/2026:16:07:32 +0000] "GET /?author=2&paged=3272 HTTP/1.1" 200 11383 "-" "Amazon CloudFront"
64.252.75.25 - - [14/Apr/2026:16:07:33 +0000] "GET /?p=32756 HTTP/1.1" 200 17265 "-" "Amazon CloudFront"
64.252.88.210 - - [14/Apr/2026:16:07:34 +0000] "GET /prizes/198535955 HTTP/1.1" 301 - "-" "Amazon CloudFront"
64.252.75.25 - - [14/Apr/2026:16:07:34 +0000] "GET /?p=32746 HTTP/1.1" 200 18391 "-" "Amazon CloudFront"
64.252.74.231 - - [14/Apr/2026:16:07:35 +0000] "GET /?p=32750 HTTP/1.1" 200 21474 "-" "Amazon CloudFront"
64.252.74.231 - - [14/Apr/2026:16:07:37 +0000] "GET /?p=32758 HTTP/1.1" 200 17902 "-" "Amazon CloudFront"
64.252.88.96 - - [14/Apr/2026:16:07:35 +0000] "GET /prizes/198535955/ HTTP/1.1" 200 24283 "-" "Amazon CloudFront"
64.252.74.231 - - [14/Apr/2026:16:07:38 +0000] "GET /?p=32740 HTTP/1.1" 200 16570 "-" "Amazon CloudFront"
64.252.75.25 - - [14/Apr/2026:16:07:39 +0000] "GET /?cat=1&paged=719 HTTP/1.1" 200 11328 "-" "Amazon CloudFront"
64.252.74.231 - - [14/Apr/2026:16:07:40 +0000] "GET /?cat=1&paged=716 HTTP/1.1" 200 11377 "-" "Amazon CloudFront"
64.252.88.96 - - [14/Apr/2026:16:07:42 +0000] "GET /prizes/198550359 HTTP/1.1" 301 - "-" "Amazon CloudFront"
64.252.75.25 - - [14/Apr/2026:16:07:42 +0000] "GET /?cat=1&paged=718 HTTP/1.1" 200 11373 "-" "Amazon CloudFront"
64.252.74.231 - - [14/Apr/2026:16:07:43 +0000] "GET /?author=1&paged=2648 HTTP/1.1" 200 11332 "-" "Amazon CloudFront"
64.252.88.210 - - [14/Apr/2026:16:07:43 +0000] "GET /prizes/198550359/ HTTP/1.1" 200 24271 "-" "Amazon CloudFront"
64.252.77.101 - - [14/Apr/2026:16:07:44 +0000] "GET /?author=2&paged=3273 HTTP/1.1" 200 11505 "-" "Amazon CloudFront"
64.252.77.101 - - [14/Apr/2026:16:07:46 +0000] "GET /?author=2&paged=3274 HTTP/1.1" 200 11439 "-" "Amazon CloudFront"
64.252.77.101 - - [14/Apr/2026:16:07:47 +0000] "GET /?author=2&paged=1587 HTTP/1.1" 200 11316 "-" "Amazon CloudFront"
64.252.88.96 - - [14/Apr/2026:16:07:49 +0000] "GET /prizes/198590965 HTTP/1.1" 301 - "-" "Amazon CloudFront"
64.252.75.25 - - [14/Apr/2026:16:07:48 +0000] "GET /?author=2&paged=1586 HTTP/1.1" 200 11250 "-" "Amazon CloudFront"
64.252.77.101 - - [14/Apr/2026:16:07:50 +0000] "GET /?feed=rss2&p=32750 HTTP/1.1" 200 555 "-" "Amazon CloudFront"
64.252.77.101 - - [14/Apr/2026:16:07:51 +0000] "GET /?p=32760 HTTP/1.1" 200 22049 "-" "Amazon CloudFront"
64.252.77.101 - - [14/Apr/2026:16:07:52 +0000] "GET /?author=1&paged=2647 HTTP/1.1" 200 11368 "-" "Amazon CloudFront"
64.252.88.210 - - [14/Apr/2026:16:07:50 +0000] "GET /prizes/198590965/ HTTP/1.1" 200 24301 "-" "Amazon CloudFront"
64.252.75.25 - - [14/Apr/2026:16:07:53 +0000] "GET /?cat=1&paged=720 HTTP/1.1" 200 11223 "-" "Amazon CloudFront"
64.252.77.101 - - [14/Apr/2026:16:07:54 +0000] "GET /?cat=1&paged=721 HTTP/1.1" 200 11372 "-" "Amazon CloudFront"
64.252.77.101 - - [14/Apr/2026:16:07:56 +0000] "GET /?author=2&paged=3190 HTTP/1.1" 200 11255 "-" "Amazon CloudFront"
64.252.88.96 - - [14/Apr/2026:16:07:57 +0000] "GET /prizes/198619218 HTTP/1.1" 301 - "-" "Amazon CloudFront"
64.252.75.25 - - [14/Apr/2026:16:07:57 +0000] "GET /?author=1&paged=2650 HTTP/1.1" 200 11186 "-" "Amazon CloudFront"
64.252.75.25 - - [14/Apr/2026:16:07:58 +0000] "GET /?author=2&paged=3275 HTTP/1.1" 200 11482 "-" "Amazon CloudFront"
64.252.88.210 - - [14/Apr/2026:16:07:57 +0000] "GET /prizes/198619218/ HTTP/1.1" 200 24261 "-" "Amazon CloudFront"
64.252.75.25 - - [14/Apr/2026:16:08:00 +0000] "GET /?author=2&paged=3276 HTTP/1.1" 200 11360 "-" "Amazon CloudFront"
64.252.74.231 - - [14/Apr/2026:16:08:00 +0000] "GET /?p=67412 HTTP/1.1" 200 14995 "-" "Amazon CloudFront"
64.252.77.101 - - [14/Apr/2026:16:08:00 +0000] "GET /?p=48612 HTTP/1.1" 200 21578 "-" "Amazon CloudFront"
64.252.74.231 - - [14/Apr/2026:16:08:01 +0000] "GET /?author=2&paged=1588 HTTP/1.1" 200 11376 "-" "Amazon CloudFront"
64.252.75.25 - - [14/Apr/2026:16:08:03 +0000] "GET /?author=2&paged=1589 HTTP/1.1" 200 11344 "-" "Amazon CloudFront"
64.252.88.96 - - [14/Apr/2026:16:08:04 +0000] "GET /prizes/198624379 HTTP/1.1" 301 - "-" "Amazon CloudFront"
64.252.77.101 - - [14/Apr/2026:16:08:04 +0000] "GET /?author=1&paged=2649 HTTP/1.1" 200 11325 "-" "Amazon CloudFront"
64.252.75.25 - - [14/Apr/2026:16:08:05 +0000] "GET /?p=32762 HTTP/1.1" 200 17886 "-" "Amazon CloudFront"
64.252.75.25 - - [14/Apr/2026:16:08:06 +0000] "GET /?author=2&paged=3964 HTTP/1.1" 200 11278 "-" "Amazon CloudFront"
64.252.86.163 - - [14/Apr/2026:16:08:05 +0000] "GET /prizes/198624379/ HTTP/1.1" 200 24282 "-" "Amazon CloudFront"
64.252.77.101 - - [14/Apr/2026:16:08:08 +0000] "GET /?cat=1&paged=722 HTTP/1.1" 200 11377 "-" "Amazon CloudFront"
64.252.75.25 - - [14/Apr/2026:16:08:09 +0000] "GET /?cat=1&paged=723 HTTP/1.1" 200 11443 "-" "Amazon CloudFront"
64.252.75.25 - - [14/Apr/2026:16:08:10 +0000] "GET /?author=2&paged=3188 HTTP/1.1" 200 11439 "-" "Amazon CloudFront"
64.252.88.96 - - [14/Apr/2026:16:08:12 +0000] "GET /prizes/198629662 HTTP/1.1" 301 - "-" "Amazon CloudFront"
64.252.77.101 - - [14/Apr/2026:16:08:12 +0000] "GET /?author=1&paged=2652 HTTP/1.1" 200 11342 "-" "Amazon CloudFront"
64.252.74.231 - - [14/Apr/2026:16:08:13 +0000] "GET /?author=2&paged=3277 HTTP/1.1" 200 11400 "-" "Amazon CloudFront"
64.252.74.231 - - [14/Apr/2026:16:08:14 +0000] "GET /?author=1&paged=2651 HTTP/1.1" 200 11380 "-" "Amazon CloudFront"
64.252.86.163 - - [14/Apr/2026:16:08:13 +0000] "GET /prizes/198629662/ HTTP/1.1" 200 24272 "-" "Amazon CloudFront"
64.252.74.231 - - [14/Apr/2026:16:08:16 +0000] "GET /?author=2&paged=3278 HTTP/1.1" 200 11532 "-" "Amazon CloudFront"
64.252.74.231 - - [14/Apr/2026:16:08:17 +0000] "GET /?author=2&paged=1591 HTTP/1.1" 200 11325 "-" "Amazon CloudFront"
64.252.75.25 - - [14/Apr/2026:16:08:18 +0000] "GET /?p=32778 HTTP/1.1" 200 16632 "-" "Amazon CloudFront"
64.252.86.163 - - [14/Apr/2026:16:08:19 +0000] "GET /prizes/198660501 HTTP/1.1" 301 - "-" "Amazon CloudFront"
64.252.74.231 - - [14/Apr/2026:16:08:20 +0000] "GET /?p=32774 HTTP/1.1" 200 21415 "-" "Amazon CloudFront"
64.252.86.163 - - [14/Apr/2026:16:08:20 +0000] "GET /prizes/198660501/ HTTP/1.1" 200 24294 "-" "Amazon CloudFront"
15.158.215.109 - - [14/Apr/2026:16:08:23 +0000] "POST /wp-cron.php?doing_wp_cron=1776182903.0972750186920166015625 HTTP/1.1" 200 - "https://69b4844ae61d4e92bf26ad98af552775-devsite.readyship.co/wp-cron.php?doing_wp_cron=1776182903.0972750186920166015625" "WordPress/5.1.19; https://69b4844ae61d4e92bf26ad98af552775-devsite.readyship.co"
64.252.77.101 - - [14/Apr/2026:16:08:21 +0000] "GET /?author=2&paged=3962 HTTP/1.1" 200 11338 "-" "Amazon CloudFront"
64.252.77.101 - - [14/Apr/2026:16:08:24 +0000] "GET /?author=2&paged=3963 HTTP/1.1" 200 11294 "-" "Amazon CloudFront"
64.252.75.25 - - [14/Apr/2026:16:08:25 +0000] "GET /?p=32776 HTTP/1.1" 200 17969 "-" "Amazon CloudFront"
64.252.74.231 - - [14/Apr/2026:16:08:26 +0000] "GET /?p=32802 HTTP/1.1" 200 21336 "-" "Amazon CloudFront"
64.252.86.163 - - [14/Apr/2026:16:08:27 +0000] "GET /prizes/198670389 HTTP/1.1" 301 - "-" "Amazon CloudFront"
64.252.74.231 - - [14/Apr/2026:16:08:27 +0000] "GET /?p=32772 HTTP/1.1" 200 18163 "-" "Amazon CloudFront"
64.252.75.25 - - [14/Apr/2026:16:08:28 +0000] "GET /?author=2&paged=3279 HTTP/1.1" 200 11468 "-" "Amazon CloudFront"
64.252.88.96 - - [14/Apr/2026:16:08:27 +0000] "GET /prizes/198670389/ HTTP/1.1" 200 24280 "-" "Amazon CloudFront"
64.252.75.25 - - [14/Apr/2026:16:08:30 +0000] "GET /?p=32812 HTTP/1.1" 200 21239 "-" "Amazon CloudFront"
64.252.77.101 - - [14/Apr/2026:16:08:31 +0000] "GET /?author=2&paged=3280 HTTP/1.1" 200 11406 "-" "Amazon CloudFront"
64.252.75.25 - - [14/Apr/2026:16:08:32 +0000] "GET /?author=2&paged=1592 HTTP/1.1" 200 11313 "-" "Amazon CloudFront"
64.252.75.25 - - [14/Apr/2026:16:08:34 +0000] "GET /?p=32766 HTTP/1.1" 200 16990 "-" "Amazon CloudFront"
64.252.86.163 - - [14/Apr/2026:16:08:34 +0000] "GET /prizes/198710228 HTTP/1.1" 301 - "-" "Amazon CloudFront"
64.252.74.231 - - [14/Apr/2026:16:08:35 +0000] "GET /?p=32770 HTTP/1.1" 200 17959 "-" "Amazon CloudFront"
64.252.77.101 - - [14/Apr/2026:16:08:36 +0000] "GET /?p=32808 HTTP/1.1" 200 18046 "-" "Amazon CloudFront"
64.252.74.231 - - [14/Apr/2026:16:08:37 +0000] "GET /?p=32818 HTTP/1.1" 200 18145 "-" "Amazon CloudFront"
64.252.88.210 - - [14/Apr/2026:16:08:35 +0000] "GET /prizes/198710228/ HTTP/1.1" 200 24278 "-" "Amazon CloudFront"
64.252.77.101 - - [14/Apr/2026:16:08:38 +0000] "GET /?p=32800 HTTP/1.1" 200 17734 "-" "Amazon CloudFront"
64.252.74.231 - - [14/Apr/2026:16:08:39 +0000] "GET /?p=32768 HTTP/1.1" 200 18208 "-" "Amazon CloudFront"
64.252.77.101 - - [14/Apr/2026:16:08:40 +0000] "GET /?p=32810 HTTP/1.1" 200 17533 "-" "Amazon CloudFront"
64.252.88.96 - - [14/Apr/2026:16:08:42 +0000] "GET /prizes/198757248 HTTP/1.1" 301 - "-" "Amazon CloudFront"
64.252.74.231 - - [14/Apr/2026:16:08:41 +0000] "GET /?author=2&paged=3281 HTTP/1.1" 200 11319 "-" "Amazon CloudFront"
64.252.74.231 - - [14/Apr/2026:16:08:42 +0000] "GET /?p=48608 HTTP/1.1" 200 22008 "-" "Amazon CloudFront"
64.252.77.101 - - [14/Apr/2026:16:08:42 +0000] "GET /?p=32780 HTTP/1.1" 200 17941 "-" "Amazon CloudFront"
64.252.74.231 - - [14/Apr/2026:16:08:44 +0000] "GET /?author=2&paged=3282 HTTP/1.1" 200 11349 "-" "Amazon CloudFront"
64.252.88.210 - - [14/Apr/2026:16:08:42 +0000] "GET /prizes/198757248/ HTTP/1.1" 200 24266 "-" "Amazon CloudFront"
64.252.77.101 - - [14/Apr/2026:16:08:45 +0000] "GET /?p=32814 HTTP/1.1" 200 18042 "-" "Amazon CloudFront"
64.252.74.231 - - [14/Apr/2026:16:08:46 +0000] "GET /?p=32804 HTTP/1.1" 200 17975 "-" "Amazon CloudFront"
64.252.74.231 - - [14/Apr/2026:16:08:47 +0000] "GET /?p=32816 HTTP/1.1" 200 18170 "-" "Amazon CloudFront"
64.252.77.101 - - [14/Apr/2026:16:08:48 +0000] "GET /?p=32806 HTTP/1.1" 200 21558 "-" "Amazon CloudFront"
64.252.88.210 - - [14/Apr/2026:16:08:49 +0000] "GET /prizes/198786046 HTTP/1.1" 301 - "-" "Amazon CloudFront"
64.252.74.231 - - [14/Apr/2026:16:08:49 +0000] "GET /?p=32764 HTTP/1.1" 200 16719 "-" "Amazon CloudFront"
64.252.75.25 - - [14/Apr/2026:16:08:50 +0000] "GET /?p=32798 HTTP/1.1" 200 18069 "-" "Amazon CloudFront"
64.252.75.25 - - [14/Apr/2026:16:08:51 +0000] "GET /?cat=1&paged=725 HTTP/1.1" 200 11332 "-" "Amazon CloudFront"
64.252.86.163 - - [14/Apr/2026:16:08:50 +0000] "GET /prizes/198786046/ HTTP/1.1" 200 24231 "-" "Amazon CloudFront"
64.252.74.231 - - [14/Apr/2026:16:08:53 +0000] "GET /?feed=rss2&p=32810 HTTP/1.1" 200 516 "-" "Amazon CloudFront"
64.252.77.101 - - [14/Apr/2026:16:08:54 +0000] "GET /?author=2&paged=3283 HTTP/1.1" 200 11490 "-" "Amazon CloudFront"
64.252.75.25 - - [14/Apr/2026:16:08:55 +0000] "GET /?p=32782 HTTP/1.1" 200 18143 "-" "Amazon CloudFront"
64.252.88.96 - - [14/Apr/2026:16:08:56 +0000] "GET /prizes/198792016 HTTP/1.1" 301 - "-" "Amazon CloudFront"
64.252.77.101 - - [14/Apr/2026:16:08:56 +0000] "GET /?author=2&paged=3284 HTTP/1.1" 200 11339 "-" "Amazon CloudFront"
64.252.75.25 - - [14/Apr/2026:16:08:57 +0000] "GET /?cat=1&paged=724 HTTP/1.1" 200 11433 "-" "Amazon CloudFront"
64.252.75.25 - - [14/Apr/2026:16:08:59 +0000] "GET /?author=2&paged=1594 HTTP/1.1" 200 11213 "-" "Amazon CloudFront"
64.252.88.96 - - [14/Apr/2026:16:08:57 +0000] "GET /prizes/198792016/ HTTP/1.1" 200 24271 "-" "Amazon CloudFront"
64.252.74.231 - - [14/Apr/2026:16:09:00 +0000] "GET /?author=2&paged=1593 HTTP/1.1" 200 11209 "-" "Amazon CloudFront"
64.252.74.231 - - [14/Apr/2026:16:09:01 +0000] "GET /?author=1&paged=2653 HTTP/1.1" 200 11275 "-" "Amazon CloudFront"
64.252.77.101 - - [14/Apr/2026:16:09:03 +0000] "GET /?author=2&paged=3960 HTTP/1.1" 200 11361 "-" "Amazon CloudFront"
64.252.88.210 - - [14/Apr/2026:16:09:04 +0000] "GET /prizes/198806854 HTTP/1.1" 301 - "-" "Amazon CloudFront"
64.252.75.25 - - [14/Apr/2026:16:09:04 +0000] "GET /?p=32796 HTTP/1.1" 200 15463 "-" "Amazon CloudFront"
64.252.74.231 - - [14/Apr/2026:16:09:05 +0000] "GET /?cat=1&paged=726 HTTP/1.1" 200 11160 "-" "Amazon CloudFront"
64.252.74.231 - - [14/Apr/2026:16:09:07 +0000] "GET /?cat=1&paged=727 HTTP/1.1" 200 11345 "-" "Amazon CloudFront"
64.252.86.163 - - [14/Apr/2026:16:09:05 +0000] "GET /prizes/198806854/ HTTP/1.1" 200 24291 "-" "Amazon CloudFront"
64.252.75.25 - - [14/Apr/2026:16:09:08 +0000] "GET /?author=2&paged=3285 HTTP/1.1" 200 11338 "-" "Amazon CloudFront"
64.252.74.231 - - [14/Apr/2026:16:09:09 +0000] "GET /?p=32784 HTTP/1.1" 200 18200 "-" "Amazon CloudFront"
64.252.75.25 - - [14/Apr/2026:16:09:10 +0000] "GET /?author=2&paged=3965 HTTP/1.1" 200 11352 "-" "Amazon CloudFront"
64.252.86.163 - - [14/Apr/2026:16:09:12 +0000] "GET /prizes/198860309 HTTP/1.1" 301 - "-" "Amazon CloudFront"
64.252.77.101 - - [14/Apr/2026:16:09:12 +0000] "GET /?author=1&paged=2654 HTTP/1.1" 200 11336 "-" "Amazon CloudFront"
64.252.77.101 - - [14/Apr/2026:16:09:13 +0000] "GET /?author=2&paged=1595 HTTP/1.1" 200 11206 "-" "Amazon CloudFront"
64.252.88.96 - - [14/Apr/2026:16:09:13 +0000] "GET /prizes/198860309/ HTTP/1.1" 200 24271 "-" "Amazon CloudFront"
64.252.75.25 - - [14/Apr/2026:16:09:15 +0000] "GET /?author=2&paged=1596 HTTP/1.1" 200 11284 "-" "Amazon CloudFront"
64.252.70.193 - - [14/Apr/2026:16:09:17 +0000] "GET /?author=1&paged=2655 HTTP/1.1" 200 11291 "-" "Amazon CloudFront"
64.252.77.101 - - [14/Apr/2026:16:09:17 +0000] "GET /?p=67344 HTTP/1.1" 200 14372 "-" "Amazon CloudFront"
64.252.75.25 - - [14/Apr/2026:16:09:18 +0000] "GET /?p=70668 HTTP/1.1" 200 14615 "-" "Amazon CloudFront"
64.252.70.193 - - [14/Apr/2026:16:09:18 +0000] "GET /?author=2&paged=3959 HTTP/1.1" 200 11390 "-" "Amazon CloudFront"
64.252.88.96 - - [14/Apr/2026:16:09:19 +0000] "GET /prizes/198884602 HTTP/1.1" 301 - "-" "Amazon CloudFront"
64.252.72.180 - - [14/Apr/2026:16:09:19 +0000] "GET /?p=32794 HTTP/1.1" 200 17962 "-" "Amazon CloudFront"
64.252.72.8 - - [14/Apr/2026:16:09:21 +0000] "GET /?cat=1&paged=728 HTTP/1.1" 200 11316 "-" "Amazon CloudFront"
64.252.88.210 - - [14/Apr/2026:16:09:20 +0000] "GET /prizes/198884602/ HTTP/1.1" 200 24295 "-" "Amazon CloudFront"
15.158.215.109 - - [14/Apr/2026:16:09:23 +0000] "POST /wp-cron.php?doing_wp_cron=1776182963.1442189216613769531250 HTTP/1.1" 200 - "https://69b4844ae61d4e92bf26ad98af552775-devsite.readyship.co/wp-cron.php?doing_wp_cron=1776182963.1442189216613769531250" "WordPress/5.1.19; https://69b4844ae61d4e92bf26ad98af552775-devsite.readyship.co"
64.252.74.231 - - [14/Apr/2026:16:09:23 +0000] "GET /?p=81987 HTTP/1.1" 200 17801 "-" "Amazon CloudFront"
64.252.70.193 - - [14/Apr/2026:16:09:22 +0000] "GET /?cat=1&paged=729 HTTP/1.1" 200 11312 "-" "Amazon CloudFront"
64.252.72.8 - - [14/Apr/2026:16:09:24 +0000] "GET /?author=2&paged=3287 HTTP/1.1" 200 11470 "-" "Amazon CloudFront"
64.252.72.180 - - [14/Apr/2026:16:09:26 +0000] "GET /?p=32786 HTTP/1.1" 200 17715 "-" "Amazon CloudFront"
64.252.88.96 - - [14/Apr/2026:16:09:27 +0000] "GET /prizes/198888642 HTTP/1.1" 301 - "-" "Amazon CloudFront"
64.252.70.193 - - [14/Apr/2026:16:09:27 +0000] "GET /?author=1&paged=3946 HTTP/1.1" 200 11359 "-" "Amazon CloudFront"
64.252.72.8 - - [14/Apr/2026:16:09:28 +0000] "GET /?author=1&paged=2656 HTTP/1.1" 200 11353 "-" "Amazon CloudFront"
64.252.86.163 - - [14/Apr/2026:16:09:27 +0000] "GET /prizes/198888642/ HTTP/1.1" 200 24269 "-" "Amazon CloudFront"
64.252.72.180 - - [14/Apr/2026:16:09:30 +0000] "GET /?author=2&paged=1590 HTTP/1.1" 200 11290 "-" "Amazon CloudFront"
64.252.72.8 - - [14/Apr/2026:16:09:31 +0000] "GET /?author=2&paged=1598 HTTP/1.1" 200 11336 "-" "Amazon CloudFront"
64.252.72.8 - - [14/Apr/2026:16:09:33 +0000] "GET /?author=1&paged=3947 HTTP/1.1" 200 11349 "-" "Amazon CloudFront"
64.252.88.96 - - [14/Apr/2026:16:09:34 +0000] "GET /prizes/198905743 HTTP/1.1" 301 - "-" "Amazon CloudFront"
64.252.70.193 - - [14/Apr/2026:16:09:34 +0000] "GET /?author=1&paged=3950 HTTP/1.1" 200 11419 "-" "Amazon CloudFront"
64.252.70.193 - - [14/Apr/2026:16:09:36 +0000] "GET /?p=32792 HTTP/1.1" 200 21219 "-" "Amazon CloudFront"
64.252.88.96 - - [14/Apr/2026:16:09:35 +0000] "GET /prizes/198905743/ HTTP/1.1" 200 24291 "-" "Amazon CloudFront"
64.252.72.8 - - [14/Apr/2026:16:09:37 +0000] "GET /?cat=1&paged=730 HTTP/1.1" 200 11270 "-" "Amazon CloudFront"
64.252.72.8 - - [14/Apr/2026:16:09:38 +0000] "GET /?cat=1&paged=731 HTTP/1.1" 200 11360 "-" "Amazon CloudFront"
64.252.70.193 - - [14/Apr/2026:16:09:40 +0000] "GET /?author=2&paged=3288 HTTP/1.1" 200 11336 "-" "Amazon CloudFront"
64.252.86.163 - - [14/Apr/2026:16:09:42 +0000] "GET /prizes/198919137 HTTP/1.1" 301 - "-" "Amazon CloudFront"
64.252.70.193 - - [14/Apr/2026:16:09:41 +0000] "GET /?author=2&paged=3289 HTTP/1.1" 200 11399 "-" "Amazon CloudFront"
64.252.72.180 - - [14/Apr/2026:16:09:43 +0000] "GET /?author=1&paged=3944 HTTP/1.1" 200 11333 "-" "Amazon CloudFront"
64.252.72.8 - - [14/Apr/2026:16:09:44 +0000] "GET /?p=32788 HTTP/1.1" 200 16597 "-" "Amazon CloudFront"
64.252.86.163 - - [14/Apr/2026:16:09:43 +0000] "GET /prizes/198919137/ HTTP/1.1" 200 24257 "-" "Amazon CloudFront"
64.252.72.8 - - [14/Apr/2026:16:09:45 +0000] "GET /?author=1&paged=3945 HTTP/1.1" 200 11356 "-" "Amazon CloudFront"
64.252.70.193 - - [14/Apr/2026:16:09:47 +0000] "GET /?author=2&paged=1599 HTTP/1.1" 200 11329 "-" "Amazon CloudFront"
64.252.88.96 - - [14/Apr/2026:16:09:49 +0000] "GET /prizes/198951076 HTTP/1.1" 301 - "-" "Amazon CloudFront"
64.252.72.8 - - [14/Apr/2026:16:09:48 +0000] "GET /?author=2&paged=1600 HTTP/1.1" 200 11254 "-" "Amazon CloudFront"
64.252.70.193 - - [14/Apr/2026:16:09:50 +0000] "GET /?author=2&paged=3961 HTTP/1.1" 200 11306 "-" "Amazon CloudFront"
64.252.72.180 - - [14/Apr/2026:16:09:51 +0000] "GET /?p=32790 HTTP/1.1" 200 18605 "-" "Amazon CloudFront"
64.252.86.163 - - [14/Apr/2026:16:09:50 +0000] "GET /prizes/198951076/ HTTP/1.1" 200 24265 "-" "Amazon CloudFront"
64.252.72.180 - - [14/Apr/2026:16:09:52 +0000] "GET /?cat=1&paged=732 HTTP/1.1" 200 11262 "-" "Amazon CloudFront"
64.252.70.193 - - [14/Apr/2026:16:09:54 +0000] "GET /?cat=1&paged=733 HTTP/1.1" 200 11348 "-" "Amazon CloudFront"
64.252.68.163 - - [14/Apr/2026:16:09:54 +0000] "GET /?p=27253 HTTP/1.1" 200 15843 "-" "Amazon CloudFront"
64.252.86.163 - - [14/Apr/2026:16:09:57 +0000] "GET /prizes/198997218 HTTP/1.1" 301 - "-" "Amazon CloudFront"
64.252.72.8 - - [14/Apr/2026:16:09:55 +0000] "GET /?author=2&paged=3290 HTTP/1.1" 200 11362 "-" "Amazon CloudFront"
64.252.72.180 - - [14/Apr/2026:16:09:57 +0000] "GET /?author=2&paged=3291 HTTP/1.1" 200 11380 "-" "Amazon CloudFront"
64.252.70.193 - - [14/Apr/2026:16:09:58 +0000] "GET /?author=1&paged=3943 HTTP/1.1" 200 11349 "-" "Amazon CloudFront"
64.252.86.163 - - [14/Apr/2026:16:09:58 +0000] "GET /prizes/198997218/ HTTP/1.1" 200 24188 "-" "Amazon CloudFront"
64.252.72.8 - - [14/Apr/2026:16:09:59 +0000] "GET /?author=1&paged=3942 HTTP/1.1" 200 11317 "-" "Amazon CloudFront"
64.252.70.193 - - [14/Apr/2026:16:10:01 +0000] "GET /?author=2&paged=3957 HTTP/1.1" 200 11273 "-" "Amazon CloudFront"
64.252.74.231 - - [14/Apr/2026:16:10:04 +0000] "GET /?feed=rss2&p=67342 HTTP/1.1" 200 534 "-" "Amazon CloudFront"
64.252.72.180 - - [14/Apr/2026:16:10:03 +0000] "GET /?author=2&paged=1601 HTTP/1.1" 200 11259 "-" "Amazon CloudFront"
64.252.88.210 - - [14/Apr/2026:16:10:05 +0000] "GET /prizes/199072703 HTTP/1.1" 301 - "-" "Amazon CloudFront"
64.252.72.180 - - [14/Apr/2026:16:10:04 +0000] "GET /?author=2&paged=1602 HTTP/1.1" 200 11274 "-" "Amazon CloudFront"
64.252.70.193 - - [14/Apr/2026:16:10:06 +0000] "GET /?author=2&paged=3186 HTTP/1.1" 200 11669 "-" "Amazon CloudFront"
64.252.72.180 - - [14/Apr/2026:16:10:07 +0000] "GET /?author=1&paged=2658 HTTP/1.1" 200 11287 "-" "Amazon CloudFront"
64.252.88.210 - - [14/Apr/2026:16:10:06 +0000] "GET /prizes/199072703/ HTTP/1.1" 200 24291 "-" "Amazon CloudFront"
64.252.72.8 - - [14/Apr/2026:16:10:09 +0000] "GET /?author=2&paged=3187 HTTP/1.1" 200 11348 "-" "Amazon CloudFront"
64.252.72.8 - - [14/Apr/2026:16:10:10 +0000] "GET /?cat=1&paged=735 HTTP/1.1" 200 11577 "-" "Amazon CloudFront"
64.252.72.8 - - [14/Apr/2026:16:10:12 +0000] "GET /?author=2&paged=3292 HTTP/1.1" 200 11271 "-" "Amazon CloudFront"
64.252.86.163 - - [14/Apr/2026:16:10:12 +0000] "GET /prizes/199074480 HTTP/1.1" 301 - "-" "Amazon CloudFront"
64.252.72.8 - - [14/Apr/2026:16:10:13 +0000] "GET /?author=2&paged=3293 HTTP/1.1" 200 11322 "-" "Amazon CloudFront"
64.252.72.180 - - [14/Apr/2026:16:10:15 +0000] "GET /?author=1&paged=3941 HTTP/1.1" 200 11419 "-" "Amazon CloudFront"
64.252.86.163 - - [14/Apr/2026:16:10:13 +0000] "GET /prizes/199074480/ HTTP/1.1" 200 24281 "-" "Amazon CloudFront"
64.252.70.193 - - [14/Apr/2026:16:10:16 +0000] "GET /?author=1&paged=3940 HTTP/1.1" 200 11268 "-" "Amazon CloudFront"
64.252.72.180 - - [14/Apr/2026:16:10:18 +0000] "GET /?author=2&paged=3955 HTTP/1.1" 200 11315 "-" "Amazon CloudFront"
64.252.72.8 - - [14/Apr/2026:16:10:19 +0000] "GET /?author=2&paged=1603 HTTP/1.1" 200 11275 "-" "Amazon CloudFront"
64.252.88.210 - - [14/Apr/2026:16:10:20 +0000] "GET /prizes/199120733 HTTP/1.1" 301 - "-" "Amazon CloudFront"
64.252.70.193 - - [14/Apr/2026:16:10:21 +0000] "GET /?author=2&paged=1604 HTTP/1.1" 200 11263 "-" "Amazon CloudFront"
15.158.215.109 - - [14/Apr/2026:16:10:23 +0000] "POST /wp-cron.php?doing_wp_cron=1776183022.9734039306640625000000 HTTP/1.1" 200 - "https://69b4844ae61d4e92bf26ad98af552775-devsite.readyship.co/wp-cron.php?doing_wp_cron=1776183022.9734039306640625000000" "WordPress/5.1.19; https://69b4844ae61d4e92bf26ad98af552775-devsite.readyship.co"
64.252.72.180 - - [14/Apr/2026:16:10:22 +0000] "GET /?author=2&paged=3184 HTTP/1.1" 200 11336 "-" "Amazon CloudFront"
64.252.86.163 - - [14/Apr/2026:16:10:21 +0000] "GET /prizes/199120733/ HTTP/1.1" 200 24257 "-" "Amazon CloudFront"
64.252.70.193 - - [14/Apr/2026:16:10:24 +0000] "GET /?author=1&paged=2660 HTTP/1.1" 200 11361 "-" "Amazon CloudFront"
64.252.72.8 - - [14/Apr/2026:16:10:25 +0000] "GET /?author=2&paged=3185 HTTP/1.1" 200 11428 "-" "Amazon CloudFront"
64.252.70.193 - - [14/Apr/2026:16:10:27 +0000] "GET /?cat=1&paged=737 HTTP/1.1" 200 11130 "-" "Amazon CloudFront"
64.252.88.210 - - [14/Apr/2026:16:10:28 +0000] "GET /prizes/199125450 HTTP/1.1" 301 - "-" "Amazon CloudFront"
64.252.70.193 - - [14/Apr/2026:16:10:29 +0000] "GET /?author=2&paged=3294 HTTP/1.1" 200 11360 "-" "Amazon CloudFront"
64.252.88.210 - - [14/Apr/2026:16:10:29 +0000] "GET /prizes/199125450/ HTTP/1.1" 200 24263 "-" "Amazon CloudFront"
64.252.72.180 - - [14/Apr/2026:16:10:30 +0000] "GET /?author=2&paged=3295 HTTP/1.1" 200 11404 "-" "Amazon CloudFront"
