64.252.76.84 - - [23/Sep/2026:12:26:10 +0000] "GET /sitemap659.xml?fileloc=%2Fvar%2Fwww%2Fvolumes%2F69b4844ae61d4e92bf26ad98af552775%2Flogs%2Fopenlitespeed%2Faccess.log.2026_09_12.14&path=%2Fvar%2Fwww%2Fvolumes%2F69b4844ae61d4e92bf26ad98af552775%2Flogs%2Fopenlitespeed HTTP/1.1" 200 482900 "-" "Amazon CloudFront"
64.252.69.209 - - [23/Sep/2026:12:26:11 +0000] "GET /?path=//sys/bus/acpi/devices/LNXCPU:06/physical_node/node0/memory21/node0/cpu1/driver/cpu2/subsystem/drivers/processor/cpu5/firmware_node/physical_node/subsystem/devices/cpu0/driver/cpu1/cache/power HTTP/1.1" 200 3280 "-" "Amazon CloudFront"
64.252.69.95 - - [23/Sep/2026:12:26:12 +0000] "GET /?p=6281 HTTP/1.1" 200 4265 "-" "Amazon CloudFront"
64.252.69.95 - - [23/Sep/2026:12:26:15 +0000] "GET /?path=//sys/class/thermal/cooling_device3/device/physical_node/node0/cpu1/driver/cpu0/node0/cpu2/driver/cpu7/subsystem/drivers/processor/cpu4/firmware_node/subsystem/devices/LNXSYBUS:00/LNXCPU:03/thermal_cooling/device/physical_node/firmware_node/thermal_cooling/power HTTP/1.1" 200 3397 "-" "Amazon CloudFront"
64.252.76.84 - - [23/Sep/2026:12:26:15 +0000] "GET /sitemap321.xml?fileloc=%2Fvar%2Fwww%2Fvolumes%2F69b4844ae61d4e92bf26ad98af552775%2Flogs%2Fopenlitespeed%2Faccess.log.2026_09_10.17&path=%2Fvar%2Fwww%2Fvolumes%2F69b4844ae61d4e92bf26ad98af552775%2Flogs%2Fopenlitespeed HTTP/1.1" 200 493380 "-" "Amazon CloudFront"
64.252.69.95 - - [23/Sep/2026:12:26:19 +0000] "GET /?path=//sys/class/thermal/cooling_device3/device/physical_node/node0/cpu1/driver/cpu0/node0/cpu2/driver/cpu6/firmware_node/thermal_cooling/device/subsystem/devices/PNP0A03:00/device:18/subsystem/devices/device:02/PNP0400:00/physical_node/power HTTP/1.1" 200 3367 "-" "Amazon CloudFront"
64.252.71.228 - - [23/Sep/2026:12:26:20 +0000] "GET /?fileloc=/var/www/volumes/69b4844ae61d4e92bf26ad98af552775/wordpress/ms-sites.php&path=/var/www/volumes/69b4844ae61d4e92bf26ad98af552775/wordpress HTTP/1.1" 200 139115 "-" "Amazon CloudFront"
64.252.74.114 - - [23/Sep/2026:12:26:20 +0000] "GET /sitemap321.xml?fileloc=%2Fvar%2Fwww%2Fvolumes%2F69b4844ae61d4e92bf26ad98af552775%2Flogs%2Fopenlitespeed%2Faccess.log.2026_08_24.16&path=%2Fvar%2Fwww%2Fvolumes%2F69b4844ae61d4e92bf26ad98af552775%2Flogs%2Fopenlitespeed HTTP/1.1" 200 719870 "-" "Amazon CloudFront"
64.252.69.95 - - [23/Sep/2026:12:26:23 +0000] "GET /?path=//sys/bus/acpi/devices/LNXCPU:06/physical_node/node0/memory21/node0/cpu1/driver/cpu2/driver/cpu6/firmware_node/physical_node/subsystem/drivers/processor/cpu3/firmware_node/subsystem/devices/LNXSYBUS:00/LNXCPU:04 HTTP/1.1" 200 3545 "-" "Amazon CloudFront"
64.252.76.84 - - [23/Sep/2026:12:26:25 +0000] "GET /sitemap659.xml?fileloc=%2Fvar%2Fwww%2Fvolumes%2F69b4844ae61d4e92bf26ad98af552775%2Flogs%2Fopenlitespeed%2Faccess.log.2026_09_20&path=%2Fvar%2Fwww%2Fvolumes%2F69b4844ae61d4e92bf26ad98af552775%2Flogs%2Fopenlitespeed HTTP/1.1" 200 513870 "-" "Amazon CloudFront"
64.252.69.95 - - [23/Sep/2026:12:26:28 +0000] "GET /?path=//sys/class/thermal/cooling_device3/device/physical_node/node0/cpu1/driver/cpu0/node0/cpu2/driver/cpu7/firmware_node/subsystem/devices/LNXSYBUS:00/PNP0A03:00/physical_node/0000:00:00.0/subsystem/drivers/ena/module/drivers/pci:ena/0000:00:05.0 HTTP/1.1" 200 4866 "-" "Amazon CloudFront"
64.252.74.114 - - [23/Sep/2026:12:26:30 +0000] "GET /sitemap659.xml?fileloc=%2Fvar%2Fwww%2Fvolumes%2F69b4844ae61d4e92bf26ad98af552775%2Flogs%2Fopenlitespeed%2Faccess.log.2026_09_19.10&path=%2Fvar%2Fwww%2Fvolumes%2F69b4844ae61d4e92bf26ad98af552775%2Flogs%2Fopenlitespeed HTTP/1.1" 200 523780 "-" "Amazon CloudFront"
64.252.69.209 - - [23/Sep/2026:12:26:31 +0000] "GET /?path=//sys/bus/acpi/devices/LNXCPU:06/physical_node/node0/memory21/node0/cpu1/driver/cpu2/firmware_node/physical_node/subsystem/drivers/processor/cpu6/firmware_node/subsystem/devices/LNXSYSTM:00/LNXSYBUS:00/PNP0A03:00/device:00/power HTTP/1.1" 200 3349 "-" "Amazon CloudFront"
64.252.67.137 - - [23/Sep/2026:12:26:35 +0000] "GET /?path=//sys/class/thermal/cooling_device3/device/physical_node/node0/cpu1/driver/cpu0/node0/cpu2/driver/cpu3/firmware_node/subsystem/devices/PNP0A03:00/physical_node/0000:00:04.0/nvme/nvme0/nvme0n1/device/nvme0n1/subsystem/md0/md/dev-nvme2n1/block HTTP/1.1" 200 4199 "-" "Amazon CloudFront"
64.252.74.114 - - [23/Sep/2026:12:26:35 +0000] "GET /sitemap464.xml?fileloc=%2Fvar%2Fwww%2Fvolumes%2F69b4844ae61d4e92bf26ad98af552775%2Flogs%2Fopenlitespeed%2Faccess.log.2026_09_20.31&path=%2Fvar%2Fwww%2Fvolumes%2F69b4844ae61d4e92bf26ad98af552775%2Flogs%2Fopenlitespeed HTTP/1.1" 200 538253 "-" "Amazon CloudFront"
64.252.69.95 - - [23/Sep/2026:12:26:39 +0000] "GET /?path=//sys/bus/acpi/devices/LNXCPU:06/physical_node/node0/memory21/node0/cpu1/driver/cpu2/subsystem/drivers/processor/cpu4/driver/cpu3/firmware_node/physical_node/firmware_node/thermal_cooling/subsystem/cooling_device0/power HTTP/1.1" 200 3330 "-" "Amazon CloudFront"
64.252.76.84 - - [23/Sep/2026:12:26:40 +0000] "GET /sitemap321.xml?fileloc=%2Fvar%2Fwww%2Fvolumes%2F69b4844ae61d4e92bf26ad98af552775%2Flogs%2Fopenlitespeed%2Faccess.log.2026_09_11.19&path=%2Fvar%2Fwww%2Fvolumes%2F69b4844ae61d4e92bf26ad98af552775%2Flogs%2Fopenlitespeed HTTP/1.1" 200 474151 "-" "Amazon CloudFront"
64.252.67.137 - - [23/Sep/2026:12:26:44 +0000] "GET /?path=//sys/class/thermal/cooling_device3/device/physical_node/node0/cpu1/driver/cpu0/node0/cpu2/driver/cpu1/firmware_node/subsystem/devices/LNXSYBUS:00/PNP0103:00/subsystem/devices/LNXSYBUS:00/LNXCPU:06/thermal_cooling HTTP/1.1" 200 3418 "-" "Amazon CloudFront"
64.252.66.61 - - [23/Sep/2026:12:26:47 +0000] "GET /?path=//sys/class/thermal/cooling_device3/device/physical_node/node0/cpu1/driver/cpu0/node0/cpu2/driver/cpu6/firmware_node/subsystem/devices/LNXCPU:03/physical_node/subsystem/drivers/processor/cpu4/cache/power HTTP/1.1" 200 3343 "-" "Amazon CloudFront"
64.252.75.242 - - [23/Sep/2026:12:26:45 +0000] "GET /sitemap464.xml?fileloc=%2Fvar%2Fwww%2Fvolumes%2F69b4844ae61d4e92bf26ad98af552775%2Flogs%2Fopenlitespeed%2Faccess.log.2026_09_11.30&path=%2Fvar%2Fwww%2Fvolumes%2F69b4844ae61d4e92bf26ad98af552775%2Flogs%2Fopenlitespeed HTTP/1.1" 200 520638 "-" "Amazon CloudFront"
64.252.75.242 - - [23/Sep/2026:12:26:50 +0000] "GET /sitemap464.xml?fileloc=%2Fvar%2Fwww%2Fvolumes%2F69b4844ae61d4e92bf26ad98af552775%2Flogs%2Fopenlitespeed%2Faccess.log.2026_09_20.18&path=%2Fvar%2Fwww%2Fvolumes%2F69b4844ae61d4e92bf26ad98af552775%2Flogs%2Fopenlitespeed HTTP/1.1" 200 508729 "-" "Amazon CloudFront"
64.252.69.95 - - [23/Sep/2026:12:26:52 +0000] "GET /?path=//sys/class/thermal/cooling_device3/device/physical_node/node0/cpu1/driver/cpu0/node0/cpu2/driver/cpu3/firmware_node/subsystem/devices/LNXSYSTM:00/LNXSYBUS:00/PNP0C0F:00/subsystem/devices/LNXSYSTM:00/LNXSYBUS:00/PNP0A03:00/device:02/PNP0303:00/physical_node/firmware_node/power HTTP/1.1" 200 3399 "-" "Amazon CloudFront"
64.252.67.137 - - [23/Sep/2026:12:26:55 +0000] "GET /?path=//sys/bus/acpi/devices/LNXCPU:06/physical_node/node0/memory21/node0/cpu1/driver/cpu2/firmware_node/subsystem/devices/LNXCPU:02/physical_node/driver/cpu1/power HTTP/1.1" 200 3323 "-" "Amazon CloudFront"
64.252.74.114 - - [23/Sep/2026:12:26:55 +0000] "GET /sitemap321.xml?fileloc=%2Fvar%2Fwww%2Fvolumes%2F69b4844ae61d4e92bf26ad98af552775%2Flogs%2Fopenlitespeed%2Faccess.log.2026_08_24.14&path=%2Fvar%2Fwww%2Fvolumes%2F69b4844ae61d4e92bf26ad98af552775%2Flogs%2Fopenlitespeed HTTP/1.1" 200 719038 "-" "Amazon CloudFront"
64.252.66.61 - - [23/Sep/2026:12:26:59 +0000] "GET /?path=//sys/class/thermal/cooling_device3/device/physical_node/node0/cpu1/driver/cpu0/node0/cpu2/driver/cpu7/firmware_node/subsystem/devices/LNXCPU:00/subsystem/devices/device:06/physical_node/nvme/nvme0/device/nvme/nvme0/nvme0n1/nvme0n1p1/trace HTTP/1.1" 200 3357 "-" "Amazon CloudFront"
64.252.76.84 - - [23/Sep/2026:12:27:00 +0000] "GET /sitemap464.xml?fileloc=%2Fvar%2Fwww%2Fvolumes%2F69b4844ae61d4e92bf26ad98af552775%2Flogs%2Fopenlitespeed%2Faccess.log.2026_09_20.23&path=%2Fvar%2Fwww%2Fvolumes%2F69b4844ae61d4e92bf26ad98af552775%2Flogs%2Fopenlitespeed HTTP/1.1" 200 530950 "-" "Amazon CloudFront"
64.252.67.137 - - [23/Sep/2026:12:27:04 +0000] "GET /?path=//sys/bus/acpi/devices/LNXCPU:06/physical_node/node0/memory21/node0/cpu1/driver/cpu2/driver/cpu5/subsystem/drivers/processor/cpu3/firmware_node/thermal_cooling/device/physical_node/firmware_node/subsystem/devices/LNXCPU:03/thermal_cooling HTTP/1.1" 200 3439 "-" "Amazon CloudFront"
64.252.76.84 - - [23/Sep/2026:12:27:05 +0000] "GET /sitemap464.xml?fileloc=%2Fvar%2Fwww%2Fvolumes%2F69b4844ae61d4e92bf26ad98af552775%2Flogs%2Fopenlitespeed%2Faccess.log.2026_09_18.04&path=%2Fvar%2Fwww%2Fvolumes%2F69b4844ae61d4e92bf26ad98af552775%2Flogs%2Fopenlitespeed HTTP/1.1" 200 683505 "-" "Amazon CloudFront"
64.252.67.137 - - [23/Sep/2026:12:27:08 +0000] "GET /?path=//sys/class/thermal/cooling_device3/device/physical_node/node0/cpu1/driver/cpu0/node0/cpu2/driver/cpu6/firmware_node/subsystem/devices/LNXCPU:00/subsystem/devices/device:1b HTTP/1.1" 200 3373 "-" "Amazon CloudFront"
64.252.67.137 - - [23/Sep/2026:12:27:11 +0000] "GET /?path=//sys/class/thermal/cooling_device3/device/physical_node/node0/cpu1/driver/cpu0/node0/cpu2/driver/cpu4/firmware_node/subsystem/devices/device:1b/subsystem/devices/PNP0A03:00/physical_node/firmware_node/device:04/power HTTP/1.1" 200 3323 "-" "Amazon CloudFront"
64.252.75.242 - - [23/Sep/2026:12:27:10 +0000] "GET /sitemap321.xml?fileloc=%2Fvar%2Fwww%2Fvolumes%2F69b4844ae61d4e92bf26ad98af552775%2Flogs%2Fopenlitespeed%2Faccess.log.2026_09_11.42&path=%2Fvar%2Fwww%2Fvolumes%2F69b4844ae61d4e92bf26ad98af552775%2Flogs%2Fopenlitespeed HTTP/1.1" 200 518891 "-" "Amazon CloudFront"
64.252.69.209 - - [23/Sep/2026:12:27:13 +0000] "GET /?fileloc=//sys/class/thermal/cooling_device1/subsystem/cooling_device7/device/subsystem/devices/PNP0A03:00/device:12/subsystem/devices/device:1a/subsystem/devices/PNP0A03:00/device:06/subsystem/devices/device:13/subsystem/devices/LNXCPU:05/physical_node/driver/cpu5/driver/cpu0/driver/cpu3/driver/cpu5/node0/memory5/node0/memory5/node0/memory21/node0/memory5/subsystem/devices/memory26/node0/memory14/node0/memory22/node0/cpu0/node0/distance&path=//sys/class/thermal/cooling_device1/subsystem/cooling_device7/device/subsystem/devices/PNP0A03:00/device:12/subsystem/devices/device:1a/subsystem/devices/PNP0A03:00/device:06/subsystem/devices/device:13/subsystem/devices/LNXCPU:05/physical_node/driver/cpu5/driver/cpu0/driver/cpu3/driver/cpu5/node0/memory5/node0/memory5/node0/memory21/node0/memory5/subsystem/devices/memory26/node0/memory14/node0/memory22/node0/cpu0/node0 HTTP/1.1" 200 3030 "-" "Amazon CloudFront"
64.252.67.137 - - [23/Sep/2026:12:27:16 +0000] "GET /?path=//sys/class/thermal/cooling_device3/device/physical_node/node0/cpu1/driver/cpu0/node0/cpu2/driver/cpu0/firmware_node/subsystem/devices/PNP0B00:00/physical_node/firmware_node/subsystem/devices/LNXCPU:02/thermal_cooling HTTP/1.1" 200 3408 "-" "Amazon CloudFront"
64.252.76.84 - - [23/Sep/2026:12:27:15 +0000] "GET /sitemap464.xml?fileloc=%2Fvar%2Fwww%2Fvolumes%2F69b4844ae61d4e92bf26ad98af552775%2Flogs%2Fopenlitespeed%2Faccess.log.2026_09_18.06&path=%2Fvar%2Fwww%2Fvolumes%2F69b4844ae61d4e92bf26ad98af552775%2Flogs%2Fopenlitespeed HTTP/1.1" 200 687953 "-" "Amazon CloudFront"
64.252.69.209 - - [23/Sep/2026:12:27:20 +0000] "GET /?path=//sys/class/thermal/cooling_device3/device/physical_node/node0/cpu1/driver/cpu0/node0/cpu2/driver/cpu3/subsystem/devices/cpu5/firmware_node/subsystem/devices/LNXSYBUS:00/PNP0A03:00/physical_node/firmware_node/device:00 HTTP/1.1" 200 3328 "-" "Amazon CloudFront"
64.252.74.114 - - [23/Sep/2026:12:27:20 +0000] "GET /sitemap321.xml?fileloc=%2Fvar%2Fwww%2Fvolumes%2F69b4844ae61d4e92bf26ad98af552775%2Flogs%2Fopenlitespeed%2Faccess.log.2026_09_10.11&path=%2Fvar%2Fwww%2Fvolumes%2F69b4844ae61d4e92bf26ad98af552775%2Flogs%2Fopenlitespeed HTTP/1.1" 200 436292 "-" "Amazon CloudFront"
64.252.67.137 - - [23/Sep/2026:12:27:23 +0000] "GET /?path=//sys/class/thermal/cooling_device3/device/physical_node/node0/cpu1/driver/cpu0/node0/cpu2/driver/cpu7/subsystem/drivers/processor/cpu4/firmware_node/subsystem/devices/LNXSYBUS:00/PNP0A03:00/device:02/physical_node HTTP/1.1" 200 4299 "-" "Amazon CloudFront"
64.252.67.137 - - [23/Sep/2026:12:27:27 +0000] "GET /?path=//sys/class/thermal/cooling_device3/device/physical_node/node0/cpu1/driver/cpu0/node0/cpu2/driver/cpu0/firmware_node/subsystem/devices/PNP0A03:00/device:14/subsystem/devices/PNP0A03:00/device:20/physical_node/nvme/nvme1/nvme1n1/holders/md0/trace HTTP/1.1" 200 3360 "-" "Amazon CloudFront"
64.252.76.84 - - [23/Sep/2026:12:27:25 +0000] "GET /sitemap659.xml?fileloc=%2Fvar%2Fwww%2Fvolumes%2F69b4844ae61d4e92bf26ad98af552775%2Flogs%2Fopenlitespeed%2Faccess.log.2026_09_10.19&path=%2Fvar%2Fwww%2Fvolumes%2F69b4844ae61d4e92bf26ad98af552775%2Flogs%2Fopenlitespeed HTTP/1.1" 200 488597 "-" "Amazon CloudFront"
64.252.71.228 - - [23/Sep/2026:12:27:28 +0000] "GET /products/detail/264945723?fileloc=/var/www/volumes/69b4844ae61d4e92bf26ad98af552775/wordpress/wp-admin/index.php&path=/var/www/volumes/69b4844ae61d4e92bf26ad98af552775/wordpress/wp-admin HTTP/1.1" 200 4821 "-" "Amazon CloudFront"
64.252.72.34 - - [23/Sep/2026:12:27:28 +0000] "GET /prizes/140360309?fileloc=/var/log/secure-20260809&path=/var/log HTTP/1.1" 200 2556 "-" "Amazon CloudFront"
64.252.76.84 - - [23/Sep/2026:12:27:30 +0000] "GET /sitemap860.xml?fileloc=%2Fvar%2Fwww%2Fvolumes%2F69b4844ae61d4e92bf26ad98af552775%2Fwordpress%2Fwp-admin%2Fcss%2Fie-rtl.min.css&path=%2Fvar%2Fwww%2Fvolumes%2F69b4844ae61d4e92bf26ad98af552775%2Fwordpress%2Fwp-admin%2Fcss HTTP/1.1" 200 5415 "-" "Amazon CloudFront"
64.252.69.95 - - [23/Sep/2026:12:27:31 +0000] "GET /?path=//sys/class/thermal/cooling_device3/device/physical_node/node0/cpu1/driver/cpu0/node0/cpu2/driver/cpu3/subsystem/devices/cpu5/firmware_node/subsystem/devices/LNXSYBUS:00/PNP0A03:00/physical_node/firmware_node/device:06 HTTP/1.1" 200 3425 "-" "Amazon CloudFront"
64.252.74.114 - - [23/Sep/2026:12:27:35 +0000] "GET /sitemap556.xml?fileloc=%2F%2Ftmp%2Fsess_3urock3v35qj3le6u312r5ilam&path=%2F%2Ftmp HTTP/1.1" 200 2557 "-" "Amazon CloudFront"
64.252.69.95 - - [23/Sep/2026:12:27:35 +0000] "GET /?path=//sys/class/thermal/cooling_device3/device/physical_node/node0/cpu1/driver/cpu0/node0/cpu2/driver/cpu0/firmware_node/subsystem/devices/LNXCPU:06/subsystem/devices/LNXSYBUS:00/LNXCPU:03/thermal_cooling/power HTTP/1.1" 200 3335 "-" "Amazon CloudFront"
64.252.75.242 - - [23/Sep/2026:12:27:40 +0000] "GET /sitemap556.xml?fileloc=%2F%2Flib64%2Flibxcb-dri2.so.0.0.0&path=%2F%2Flib64 HTTP/1.1" 200 2549 "-" "Amazon CloudFront"
64.252.69.95 - - [23/Sep/2026:12:27:40 +0000] "GET /?path=//sys/class/thermal/cooling_device3/device/physical_node/node0/cpu1/driver/cpu0/node0/cpu2/driver/cpu0/firmware_node/subsystem/devices/LNXSYBUS:00/PNP0A03:00/device:06/subsystem/devices/PNP0A03:00/physical_node/firmware_node/device:02/PNP0501:01 HTTP/1.1" 200 3493 "-" "Amazon CloudFront"
64.252.67.137 - - [23/Sep/2026:12:27:43 +0000] "GET /?path=//sys/class/thermal/cooling_device3/device/physical_node/node0/cpu1/driver/cpu0/node0/cpu2/driver/cpu0/firmware_node/subsystem/devices/LNXSYBUS:00/PNP0A03:00/physical_node/pci_bus/0000:00/device/0000:00:01.3/subsystem/drivers/nvme/0000:00:1e.0/nvme HTTP/1.1" 200 3180 "-" "Amazon CloudFront"
64.252.74.114 - - [23/Sep/2026:12:27:45 +0000] "GET /sitemap556.xml?fileloc=%2Fvar%2Fwww%2Fvolumes%2F69b4844ae61d4e92bf26ad98af552775%2Fwordpress%2Fwp-admin%2Fnetwork%2Fthemes.php&path=%2Fvar%2Fwww%2Fvolumes%2F69b4844ae61d4e92bf26ad98af552775%2Fwordpress%2Fwp-admin%2Fnetwork HTTP/1.1" 200 5976 "-" "Amazon CloudFront"
64.252.66.61 - - [23/Sep/2026:12:27:49 +0000] "GET /?path=//sys/class/thermal/cooling_device3/device/physical_node/node0/cpu1/driver/cpu0/node0/cpu2/driver/cpu7/firmware_node/subsystem/devices/LNXSYBUS:00/LNXCPU:06/subsystem/devices/device:1b HTTP/1.1" 200 3403 "-" "Amazon CloudFront"
64.252.76.84 - - [23/Sep/2026:12:27:50 +0000] "GET /sitemap556.xml?fileloc=%2F%2Ftmp%2Fsess_ho623papjjija0q0p86mpsnljf&path=%2F%2Ftmp HTTP/1.1" 200 2556 "-" "Amazon CloudFront"
64.252.69.95 - - [23/Sep/2026:12:27:52 +0000] "GET /?path=//sys/class/thermal/cooling_device3/device/physical_node/node0/cpu1/driver/cpu0/node0/cpu2/driver/cpu4/firmware_node/subsystem/devices/device:02/physical_node/firmware_node/PNP0B00:00/subsystem/devices/LNXSYBUS:00/PNP0C0F:03 HTTP/1.1" 200 3464 "-" "Amazon CloudFront"
64.252.74.114 - - [23/Sep/2026:12:27:55 +0000] "GET /sitemap860.xml?fileloc=%2Fvar%2Fwww%2Fvolumes%2F69b4844ae61d4e92bf26ad98af552775%2Fwordpress%2Fwp-admin%2Fincludes%2Fbookmark.php&path=%2Fvar%2Fwww%2Fvolumes%2F69b4844ae61d4e92bf26ad98af552775%2Fwordpress%2Fwp-admin%2Fincludes HTTP/1.1" 200 5156 "-" "Amazon CloudFront"
64.252.66.61 - - [23/Sep/2026:12:27:55 +0000] "GET /?path=//sys/class/thermal/cooling_device3/device/physical_node/node0/cpu1/driver/cpu0/node0/cpu2/driver/cpu7/firmware_node/thermal_cooling/device/subsystem/devices/device:01/physical_node/subsystem/devices/0000:00:01.0/firmware_node/PNP0501:01/power HTTP/1.1" 200 3365 "-" "Amazon CloudFront"
64.252.66.61 - - [23/Sep/2026:12:27:57 +0000] "GET /prizes/140324965 HTTP/1.1" 200 4265 "-" "Amazon CloudFront"
64.252.69.209 - - [23/Sep/2026:12:27:59 +0000] "GET /?path=//sys/class/thermal/cooling_device3/device/physical_node/node0/cpu1/driver/cpu0/node0/cpu2/driver/cpu7/firmware_node/subsystem/devices/LNXSYBUS:00/LNXCPU:06/subsystem/devices/device:06 HTTP/1.1" 200 3438 "-" "Amazon CloudFront"
64.252.76.84 - - [23/Sep/2026:12:28:00 +0000] "GET /sitemap556.xml?fileloc=%2F%2Ftmp%2Fsess_8g2i6692rk4l7j4q6f8qcfuvcv&path=%2F%2Ftmp HTTP/1.1" 200 2557 "-" "Amazon CloudFront"
64.252.66.61 - - [23/Sep/2026:12:28:03 +0000] "GET /?path=//sys/class/thermal/cooling_device3/device/physical_node/node0/cpu1/driver/cpu0/node0/cpu2/driver/cpu6/firmware_node/subsystem/devices/LNXCPU:03/physical_node/subsystem/drivers/processor/cpu2/cache/index2 HTTP/1.1" 200 3713 "-" "Amazon CloudFront"
64.252.75.242 - - [23/Sep/2026:12:28:05 +0000] "GET /sitemap860.xml?fileloc=%2Fvar%2Fwww%2Fvolumes%2F69b4844ae61d4e92bf26ad98af552775%2Fwordpress%2Fwp-admin%2Fcss%2Fmedia-rtl.min.css&path=%2Fvar%2Fwww%2Fvolumes%2F69b4844ae61d4e92bf26ad98af552775%2Fwordpress%2Fwp-admin%2Fcss HTTP/1.1" 200 6786 "-" "Amazon CloudFront"
64.252.67.137 - - [23/Sep/2026:12:28:07 +0000] "GET /?path=//sys/bus/acpi/devices/LNXCPU:06/physical_node/node0/memory21/node0/cpu1/driver/cpu2/subsystem/drivers/processor/cpu4/firmware_node/physical_node/subsystem/drivers/processor/cpu2/topology HTTP/1.1" 200 3331 "-" "Amazon CloudFront"
64.252.75.242 - - [23/Sep/2026:12:28:10 +0000] "GET /sitemap556.xml?fileloc=%2F%2Ftmp%2Fsess_osv51rc25104v1shoipartp66c&path=%2F%2Ftmp HTTP/1.1" 200 2554 "-" "Amazon CloudFront"
64.252.71.228 - - [23/Sep/2026:12:28:11 +0000] "GET /products/detail/82755783?fileloc=//bin/php72-cgi&path=//bin HTTP/1.1" 200 2541 "-" "Amazon CloudFront"
64.252.69.95 - - [23/Sep/2026:12:28:12 +0000] "GET /?path=//sys/class/thermal/cooling_device3/device/physical_node/node0/cpu1/driver/cpu0/node0/cpu2/driver/cpu0/firmware_node/subsystem/devices/LNXSYBUS:00/PNP0A03:00/device:12/subsystem/devices/PNP0A03:00/device:01/physical_node/power HTTP/1.1" 200 3342 "-" "Amazon CloudFront"
64.252.76.84 - - [23/Sep/2026:12:28:15 +0000] "GET /sitemap556.xml?fileloc=%2F%2Flib64%2Fgcrt1.o&path=%2F%2Flib64 HTTP/1.1" 200 2542 "-" "Amazon CloudFront"
64.252.69.95 - - [23/Sep/2026:12:28:16 +0000] "GET /?path=//sys/class/thermal/cooling_device3/device/physical_node/node0/cpu1/driver/cpu0/node0/cpu2/driver/cpu4/firmware_node/subsystem/devices/device:02/PNP0F13:00/subsystem/devices/device:18/power HTTP/1.1" 200 3313 "-" "Amazon CloudFront"
64.252.69.95 - - [23/Sep/2026:12:28:20 +0000] "GET /?path=//sys/class/thermal/cooling_device3/device/physical_node/node0/cpu1/driver/cpu0/node0/cpu2/driver/cpu0/firmware_node/subsystem/devices/PNP0A03:00/physical_node/0000:00:05.0/firmware_node/subsystem/devices/device:02/PNP0B00:00/power HTTP/1.1" 200 3333 "-" "Amazon CloudFront"
64.252.76.84 - - [23/Sep/2026:12:28:20 +0000] "GET /sitemap556.xml?fileloc=%2Fvar%2Fwww%2Fvolumes%2F69b4844ae61d4e92bf26ad98af552775%2Fwordpress%2Fwp-includes%2Fcss%2Fmedia-views.min.css&path=%2Fvar%2Fwww%2Fvolumes%2F69b4844ae61d4e92bf26ad98af552775%2Fwordpress%2Fwp-includes%2Fcss HTTP/1.1" 200 10002 "-" "Amazon CloudFront"
64.252.67.137 - - [23/Sep/2026:12:28:20 +0000] "GET /?fileloc=//sys/class/thermal/cooling_device1/subsystem/cooling_device7/device/physical_node/firmware_node/subsystem/devices/LNXCPU:06/physical_node/node0/memory17/node0/cpu5/node0/memory24/node0/memory12/node0/memory27/node0/memory32/node0/memory19/node0/memory22/state&path=//sys/class/thermal/cooling_device1/subsystem/cooling_device7/device/physical_node/firmware_node/subsystem/devices/LNXCPU:06/physical_node/node0/memory17/node0/cpu5/node0/memory24/node0/memory12/node0/memory27/node0/memory32/node0/memory19/node0/memory22 HTTP/1.1" 200 2819 "-" "Amazon CloudFront"
64.252.66.61 - - [23/Sep/2026:12:28:23 +0000] "GET /?path=//sys/class/thermal/cooling_device3/device/physical_node/node0/cpu1/driver/cpu0/node0/cpu2/driver/cpu3/subsystem/devices/cpu5/firmware_node/subsystem/devices/LNXSYBUS:00/PNP0A03:00/physical_node/firmware_node/device:1a HTTP/1.1" 200 3432 "-" "Amazon CloudFront"
64.252.75.242 - - [23/Sep/2026:12:28:25 +0000] "GET /sitemap556.xml?fileloc=%2F%2Ftmp%2Fsess_ntbl77vka2fm31bi23v4tje9bj&path=%2F%2Ftmp HTTP/1.1" 200 2557 "-" "Amazon CloudFront"
64.252.66.61 - - [23/Sep/2026:12:28:27 +0000] "GET /?path=//sys/class/thermal/cooling_device3/device/physical_node/node0/cpu1/driver/cpu0/node0/cpu2/driver/cpu7/firmware_node/subsystem/devices/LNXSYBUS:00/LNXCPU:06/subsystem/devices/device:0e HTTP/1.1" 200 3403 "-" "Amazon CloudFront"
64.252.76.84 - - [23/Sep/2026:12:28:30 +0000] "GET /sitemap556.xml?fileloc=%2F%2Flib64%2Flibxcb-xfixes.so.0.0.0&path=%2F%2Flib64 HTTP/1.1" 200 2552 "-" "Amazon CloudFront"
64.252.67.137 - - [23/Sep/2026:12:28:31 +0000] "GET /?path=//sys/class/thermal/cooling_device3/device/physical_node/node0/memory28/node0/cpu5/firmware_node/subsystem/devices/PNP0A03:00/physical_node/pci_bus/0000:00/device/0000:00:1f.0/driver/module/drivers/pci:nvme/0000:00:1e.0/driver/0000:00:1f.0/nvme/nvme2/nvme2n1/holders/md0/slaves/nvme1n1/holders/md0/md/dev-nvme1n1/block/subsystem/nvme0n1/mq HTTP/1.1" 200 3352 "-" "Amazon CloudFront"
64.252.75.242 - - [23/Sep/2026:12:28:35 +0000] "GET /sitemap556.xml?fileloc=%2F%2Ftmp%2Fsess_sb9ah580fgtve46n2i4ua6ud04&path=%2F%2Ftmp HTTP/1.1" 200 2555 "-" "Amazon CloudFront"
64.252.69.209 - - [23/Sep/2026:12:28:35 +0000] "GET /?path=//sys/class/thermal/cooling_device3/device/physical_node/node0/cpu1/driver/cpu0/node0/cpu2/driver/cpu1/firmware_node/subsystem/devices/LNXSYBUS:00/PNP0A03:00/device:10/subsystem/devices/PNP0A03:00/device:20/physical_node/nvme/nvme1/device/firmware_node HTTP/1.1" 200 3523 "-" "Amazon CloudFront"
64.252.67.137 - - [23/Sep/2026:12:28:39 +0000] "GET /?path=//sys/class/thermal/cooling_device3/device/physical_node/node0/cpu1/driver/cpu0/node0/cpu2/driver/cpu7/firmware_node/subsystem/devices/LNXSYSTM:00/LNXSLPBN:00/subsystem/devices/PNP0A03:00/device:21/physical_node/nvme/nvme2/nvme2n1/mq/3/cpu3 HTTP/1.1" 200 2911 "-" "Amazon CloudFront"
64.252.76.84 - - [23/Sep/2026:12:28:40 +0000] "GET /sitemap556.xml?fileloc=%2Fvar%2Fwww%2Fvolumes%2F69b4844ae61d4e92bf26ad98af552775%2Fwordpress%2Fwp-includes%2Fblocks%2Fcategories.php&path=%2Fvar%2Fwww%2Fvolumes%2F69b4844ae61d4e92bf26ad98af552775%2Fwordpress%2Fwp-includes%2Fblocks HTTP/1.1" 200 3579 "-" "Amazon CloudFront"
64.252.69.95 - - [23/Sep/2026:12:28:43 +0000] "GET /?path=//sys/bus/acpi/devices/LNXCPU:06/physical_node/node0/memory21/node0/cpu1/driver/cpu2/firmware_node/thermal_cooling/subsystem/cooling_device1/device/physical_node/subsystem/drivers/processor/cpu0/cache/index1/power HTTP/1.1" 200 3344 "-" "Amazon CloudFront"
64.252.76.84 - - [23/Sep/2026:12:28:45 +0000] "GET /sitemap556.xml?fileloc=%2F%2Ftmp%2Fsess_d9prqf4ljl5m573hk1g7kik1b7&path=%2F%2Ftmp HTTP/1.1" 200 2558 "-" "Amazon CloudFront"
64.252.69.209 - - [23/Sep/2026:12:28:47 +0000] "GET /?path=//sys/bus/acpi/devices/LNXCPU:06/physical_node/node0/memory21/node0/cpu1/driver/cpu2/firmware_node/physical_node/driver/cpu0/firmware_node/thermal_cooling/device/subsystem/devices/PNP0A03:00/device:0a HTTP/1.1" 200 3422 "-" "Amazon CloudFront"
64.252.76.84 - - [23/Sep/2026:12:28:50 +0000] "GET /sitemap556.xml?fileloc=%2Fvar%2Fwww%2Fvolumes%2F69b4844ae61d4e92bf26ad98af552775%2Fwordpress%2Fwp-admin%2Fcss%2Fie-rtl.min.css&path=%2Fvar%2Fwww%2Fvolumes%2F69b4844ae61d4e92bf26ad98af552775%2Fwordpress%2Fwp-admin%2Fcss HTTP/1.1" 200 5415 "-" "Amazon CloudFront"
64.252.69.209 - - [23/Sep/2026:12:28:51 +0000] "GET /?path=//sys/class/thermal/cooling_device3/device/physical_node/node0/cpu1/driver/cpu0/node0/cpu2/driver/cpu4/firmware_node/subsystem/devices/device:02/physical_node/firmware_node/PNP0B00:00/subsystem/devices/LNXSYBUS:00/LNXCPU:01 HTTP/1.1" 200 3498 "-" "Amazon CloudFront"
64.252.75.242 - - [23/Sep/2026:12:28:55 +0000] "GET /sitemap556.xml?fileloc=%2F%2Ftmp%2Fsess_c248k0ll8isuuoij0j4mu0lp0t&path=%2F%2Ftmp HTTP/1.1" 200 2556 "-" "Amazon CloudFront"
64.252.66.61 - - [23/Sep/2026:12:28:55 +0000] "GET /?path=//sys/class/thermal/cooling_device3/device/physical_node/node0/cpu1/driver/cpu0/node0/cpu2/driver/cpu7/firmware_node/subsystem/devices/PNP0A03:00/physical_node/firmware_node/device:0f/subsystem/devices/LNXSYBUS:00/PNP0C0F:03 HTTP/1.1" 200 3465 "-" "Amazon CloudFront"
64.252.69.209 - - [23/Sep/2026:12:29:00 +0000] "GET /?path=//sys/class/thermal/cooling_device3/device/physical_node/node0/cpu1/driver/cpu0/node0/cpu2/driver/cpu7/firmware_node/thermal_cooling/device/subsystem/devices/PNP0A03:00/physical_node/0000:00:05.0/subsystem/slots/25 HTTP/1.1" 200 3493 "-" "Amazon CloudFront"
64.252.76.84 - - [23/Sep/2026:12:29:00 +0000] "GET /sitemap556.xml?fileloc=%2Fvar%2Fwww%2Fvolumes%2F69b4844ae61d4e92bf26ad98af552775%2Fwordpress%2Fwp-admin%2Fuser%2Findex.php&path=%2Fvar%2Fwww%2Fvolumes%2F69b4844ae61d4e92bf26ad98af552775%2Fwordpress%2Fwp-admin%2Fuser HTTP/1.1" 200 2753 "-" "Amazon CloudFront"
64.252.67.137 - - [23/Sep/2026:12:29:03 +0000] "GET /?path=//sys/class/thermal/cooling_device3/device/physical_node/node0/cpu1/driver/cpu0/node0/cpu2/driver/cpu6/firmware_node/physical_node/firmware_node/subsystem/devices/LNXSYSTM:00/LNXSYBUS:00/LNXCPU:06 HTTP/1.1" 200 3492 "-" "Amazon CloudFront"
64.252.74.114 - - [23/Sep/2026:12:29:05 +0000] "GET /sitemap860.xml?fileloc=%2Fvar%2Fwww%2Fvolumes%2F69b4844ae61d4e92bf26ad98af552775%2Fwordpress%2Fwp-admin%2Fcss%2Fl10n-rtl.min.css&path=%2Fvar%2Fwww%2Fvolumes%2F69b4844ae61d4e92bf26ad98af552775%2Fwordpress%2Fwp-admin%2Fcss HTTP/1.1" 200 3217 "-" "Amazon CloudFront"
64.252.67.137 - - [23/Sep/2026:12:29:07 +0000] "GET /?path=//sys/class/thermal/cooling_device3/device/physical_node/node0/cpu1/driver/cpu0/node0/cpu2/driver/cpu6/subsystem/devices/cpu0/firmware_node/physical_node/firmware_node/thermal_cooling/device/subsystem/devices/LNXCPU:07/thermal_cooling HTTP/1.1" 200 3421 "-" "Amazon CloudFront"
64.252.74.114 - - [23/Sep/2026:12:29:10 +0000] "GET /sitemap556.xml?fileloc=%2F%2Flib64%2Flibicutest.so.50&path=%2F%2Flib64 HTTP/1.1" 200 2547 "-" "Amazon CloudFront"
64.252.67.137 - - [23/Sep/2026:12:29:11 +0000] "GET /?path=//sys/class/thermal/cooling_device3/device/physical_node/node0/cpu1/driver/cpu0/node0/cpu2/driver/cpu1/firmware_node/subsystem/devices/LNXSYBUS:00/PNP0A03:00/device:17/subsystem/devices/LNXSYBUS:00/LNXCPU:03/thermal_cooling/device HTTP/1.1" 200 3548 "-" "Amazon CloudFront"
64.252.75.242 - - [23/Sep/2026:12:29:15 +0000] "GET /sitemap556.xml?fileloc=%2F%2Ftmp%2Fsess_8thjnqsqmhlfgfr44m1um0epf6&path=%2F%2Ftmp HTTP/1.1" 200 2557 "-" "Amazon CloudFront"
64.252.66.61 - - [23/Sep/2026:12:29:15 +0000] "GET /?path=//sys/class/thermal/cooling_device3/device/physical_node/node0/cpu1/driver/cpu0/node0/cpu2/driver/cpu0/firmware_node/subsystem/devices/LNXSYBUS:00/PNP0A03:00/physical_node/firmware_node/device:0d/subsystem/drivers/hpet HTTP/1.1" 200 3219 "-" "Amazon CloudFront"
64.252.67.137 - - [23/Sep/2026:12:29:20 +0000] "GET /?path=//sys/bus/acpi/devices/LNXCPU:06/physical_node/node0/memory21/node0/cpu1/driver/cpu2/firmware_node/physical_node/driver/cpu0/firmware_node/thermal_cooling/device/subsystem/devices/PNP0A03:00/device:07 HTTP/1.1" 200 3459 "-" "Amazon CloudFront"
64.252.74.114 - - [23/Sep/2026:12:29:20 +0000] "GET /sitemap556.xml?fileloc=%2F%2Flib64%2Flibgpgme.so.11.8.1&path=%2F%2Flib64 HTTP/1.1" 200 2550 "-" "Amazon CloudFront"
64.252.69.95 - - [23/Sep/2026:12:29:21 +0000] "GET /?path=//sys/class/thermal/cooling_device1/subsystem/cooling_device7/device/subsystem/devices/device:0a/subsystem/devices/LNXCPU:03/thermal_cooling/device/physical_node/node0/cpu2/node0/cpu1/node0/memory16/node0/cpu0/node0/memory21/node0/memory16/node0/memory26/node0/memory22/node0/memory18/node0/memory5/subsystem/devices/memory27/node0/cpu2/node0/memory0/node0/memory22 HTTP/1.1" 200 3785 "-" "Amazon CloudFront"
64.252.66.61 - - [23/Sep/2026:12:29:23 +0000] "GET /?path=//sys/class/thermal/cooling_device3/device/physical_node/node0/cpu1/driver/cpu0/node0/cpu2/driver/cpu3/firmware_node/subsystem/devices/LNXSYBUS:00/PNP0C0F:03/subsystem/devices/device:0e/power HTTP/1.1" 200 3325 "-" "Amazon CloudFront"
64.252.75.242 - - [23/Sep/2026:12:29:25 +0000] "GET /sitemap556.xml?fileloc=%2F%2Fetc%2FDIR_COLORS.256color&path=%2F%2Fetc HTTP/1.1" 200 4823 "-" "Amazon CloudFront"
64.252.66.61 - - [23/Sep/2026:12:29:27 +0000] "GET /?p=96487 HTTP/1.1" 200 4265 "-" "Amazon CloudFront"
64.252.66.61 - - [23/Sep/2026:12:29:27 +0000] "GET /?path=//sys/class/thermal/cooling_device3/device/physical_node/node0/cpu1/driver/cpu0/node0/cpu2/driver/cpu7/firmware_node/subsystem/devices/PNP0A03:00/device:02/PNP0F13:00/subsystem/devices/device:02/PNP0F13:00 HTTP/1.1" 200 3457 "-" "Amazon CloudFront"
64.252.75.242 - - [23/Sep/2026:12:29:30 +0000] "GET /sitemap556.xml?fileloc=%2F%2Flib64%2Flibicudata.so.62.1&path=%2F%2Flib64 HTTP/1.1" 200 2549 "-" "Amazon CloudFront"
64.252.66.61 - - [23/Sep/2026:12:29:31 +0000] "GET /?path=//sys/bus/acpi/devices/LNXCPU:06/physical_node/node0/memory21/node0/cpu1/driver/cpu2/subsystem/drivers/processor/cpu7/firmware_node/subsystem/devices/LNXSYBUS:00/PNP0A03:00/device:06 HTTP/1.1" 200 3430 "-" "Amazon CloudFront"
64.252.74.114 - - [23/Sep/2026:12:29:35 +0000] "GET /sitemap556.xml?fileloc=%2F%2Ftmp%2Fsess_5bt4k163ilkih68npqiinj7bc5&path=%2F%2Ftmp HTTP/1.1" 200 2557 "-" "Amazon CloudFront"
64.252.66.61 - - [23/Sep/2026:12:29:35 +0000] "GET /?path=//sys/class/thermal/cooling_device3/device/physical_node/node0/cpu1/driver/cpu0/node0/cpu2/driver/cpu0/firmware_node/subsystem/devices/LNXSYBUS:00/PNP0A03:00/physical_node/pci_bus/0000:00/device/0000:00:1f.0/subsystem/slots/11/module/parameters HTTP/1.1" 200 3200 "-" "Amazon CloudFront"
64.252.66.61 - - [23/Sep/2026:12:29:39 +0000] "GET /?path=//sys/class/thermal/cooling_device3/device/physical_node/node0/cpu1/driver/cpu0/node0/cpu2/driver/cpu3/firmware_node/subsystem/devices/PNP0F13:00/subsystem/devices/PNP0A03:00/device:07/physical_node/net/eth0/power HTTP/1.1" 200 3335 "-" "Amazon CloudFront"
64.252.76.84 - - [23/Sep/2026:12:29:40 +0000] "GET /sitemap556.xml?fileloc=%2F%2Ftmp%2Fsess_ia9ocfn1ik5dm5sj01u6e6ko3u&path=%2F%2Ftmp HTTP/1.1" 200 2557 "-" "Amazon CloudFront"
64.252.69.209 - - [23/Sep/2026:12:29:44 +0000] "GET /?path=//sys/class/thermal/cooling_device3/device/physical_node/node0/cpu1/driver/cpu0/node0/cpu2/driver/cpu1/firmware_node/subsystem/devices/LNXSYBUS:00/PNP0A03:00/device:01/subsystem/devices/LNXSYBUS:00/LNXCPU:03/thermal_cooling HTTP/1.1" 200 3434 "-" "Amazon CloudFront"
64.252.75.242 - - [23/Sep/2026:12:29:45 +0000] "GET /sitemap556.xml?fileloc=%2F%2Flib64%2Flibply.so.2.1.0&path=%2F%2Flib64 HTTP/1.1" 200 2548 "-" "Amazon CloudFront"
64.252.66.61 - - [23/Sep/2026:12:29:47 +0000] "GET /?path=//sys/class/thermal/cooling_device3/device/physical_node/node0/cpu1/driver/cpu0/node0/cpu2/driver/cpu7/firmware_node/subsystem/devices/PNP0A03:00/physical_node/firmware_node/device:1c/subsystem/devices/PNP0A03:00/device:19/power HTTP/1.1" 200 3329 "-" "Amazon CloudFront"
64.252.76.84 - - [23/Sep/2026:12:29:50 +0000] "GET /sitemap556.xml?fileloc=%2F%2Flib64%2Flibldap_r-2.4.so.2.10.7&path=%2F%2Flib64 HTTP/1.1" 200 2554 "-" "Amazon CloudFront"
64.252.67.137 - - [23/Sep/2026:12:29:51 +0000] "GET /?path=//sys/class/thermal/cooling_device3/device/physical_node/node0/cpu1/driver/cpu0/node0/cpu2/driver/cpu1/firmware_node/physical_node/firmware_node/thermal_cooling/device/subsystem/devices/PNP0C0F:02/power HTTP/1.1" 200 3316 "-" "Amazon CloudFront"
64.252.75.242 - - [23/Sep/2026:12:29:55 +0000] "GET /sitemap556.xml?fileloc=%2F%2Flib64%2Flibsensors.so.4&path=%2F%2Flib64 HTTP/1.1" 200 2546 "-" "Amazon CloudFront"
64.252.69.209 - - [23/Sep/2026:12:29:55 +0000] "GET /?path=//sys/class/thermal/cooling_device3/device/physical_node/node0/cpu1/driver/cpu0/node0/cpu2/driver/cpu7/firmware_node/subsystem/devices/PNP0A03:00/device:1a/subsystem/devices/LNXSYBUS:00/LNXCPU:07 HTTP/1.1" 200 3554 "-" "Amazon CloudFront"
64.252.66.61 - - [23/Sep/2026:12:29:59 +0000] "GET /?path=//sys/bus/acpi/devices/LNXCPU:06/physical_node/node0/memory21/node0/cpu1/driver/cpu2/firmware_node/thermal_cooling/subsystem/cooling_device3/device/physical_node/subsystem/drivers/processor/cpu2 HTTP/1.1" 200 3600 "-" "Amazon CloudFront"
64.252.76.84 - - [23/Sep/2026:12:30:00 +0000] "GET /sitemap556.xml?fileloc=%2F%2Flib64%2Flibip6tc.so.0.1.0&path=%2F%2Flib64 HTTP/1.1" 200 2549 "-" "Amazon CloudFront"
64.252.69.209 - - [23/Sep/2026:12:30:04 +0000] "GET /?path=//sys/class/thermal/cooling_device3/device/physical_node/node0/memory28/node0/cpu5/firmware_node/subsystem/devices/PNP0A03:00/physical_node/pci_bus/0000:00/device/0000:00:1f.0/driver/module/drivers/pci:nvme/0000:00:1f.0/driver/module/drivers/pci:nvme/0000:00:1e.0/nvme/nvme1/nvme1n1/holders/md0/subsystem/nvme2n1/holders/md0/md/dev-nvme2n1/block/mq/6/cpu6 HTTP/1.1" 200 3055 "-" "Amazon CloudFront"
64.252.75.242 - - [23/Sep/2026:12:30:05 +0000] "GET /sitemap812.xml?fileloc=%2Fvar%2Fwww%2Fvolumes%2F69b4844ae61d4e92bf26ad98af552775%2Fwordpress%2Fwp-includes%2Fl10n.php&path=%2Fvar%2Fwww%2Fvolumes%2F69b4844ae61d4e92bf26ad98af552775%2Fwordpress%2Fwp-includes HTTP/1.1" 200 12685 "-" "Amazon CloudFront"
64.252.69.209 - - [23/Sep/2026:12:30:07 +0000] "GET /?path=//sys/class/thermal/cooling_device3/device/physical_node/node0/cpu1/driver/cpu0/node0/cpu2/driver/cpu1/firmware_node/thermal_cooling/subsystem/cooling_device4/device/physical_node/subsystem/devices/cpu5/cache HTTP/1.1" 200 3328 "-" "Amazon CloudFront"
64.252.76.84 - - [23/Sep/2026:12:30:10 +0000] "GET /sitemap556.xml?fileloc=%2Fvar%2Fwww%2Fvolumes%2F69b4844ae61d4e92bf26ad98af552775%2Fwordpress%2Fwp-includes%2Fms-files.php&path=%2Fvar%2Fwww%2Fvolumes%2F69b4844ae61d4e92bf26ad98af552775%2Fwordpress%2Fwp-includes HTTP/1.1" 200 3695 "-" "Amazon CloudFront"
64.252.67.137 - - [23/Sep/2026:12:30:11 +0000] "GET /?path=//sys/class/thermal/cooling_device1/subsystem/cooling_device7/device/subsystem/devices/PNP0A03:00/device:12/subsystem/devices/device:1a/subsystem/devices/PNP0A03:00/device:06/subsystem/devices/device:13/subsystem/devices/LNXCPU:05/physical_node/driver/cpu5/driver/cpu7/driver/cpu5/driver/cpu5/node0/memory30/subsystem/devices/memory31/node0/memory3/node0/cpu1/driver/cpu3/topology HTTP/1.1" 200 3583 "-" "Amazon CloudFront"
64.252.67.137 - - [23/Sep/2026:12:30:11 +0000] "GET /?path=//sys/class/thermal/cooling_device3/device/physical_node/node0/cpu1/driver/cpu0/node0/cpu2/driver/cpu7/firmware_node/subsystem/devices/PNP0A03:00/device:02/subsystem/devices/LNXSYBUS:01/power HTTP/1.1" 200 3323 "-" "Amazon CloudFront"
64.252.75.242 - - [23/Sep/2026:12:30:15 +0000] "GET /sitemap556.xml?fileloc=%2Fvar%2Fwww%2Fvolumes%2F69b4844ae61d4e92bf26ad98af552775%2Fwordpress%2Fwp-admin%2Fadmin-footer.php&path=%2Fvar%2Fwww%2Fvolumes%2F69b4844ae61d4e92bf26ad98af552775%2Fwordpress%2Fwp-admin HTTP/1.1" 200 3552 "-" "Amazon CloudFront"
64.252.66.61 - - [23/Sep/2026:12:30:15 +0000] "GET /?path=//sys/bus/acpi/devices/LNXCPU:06/physical_node/node0/memory21/node0/cpu1/driver/cpu2/firmware_node/subsystem/devices/LNXSYSTM:00/LNXSLPBN:00/input/input4/subsystem/input5/event3 HTTP/1.1" 200 3294 "-" "Amazon CloudFront"
64.252.69.95 - - [23/Sep/2026:12:30:19 +0000] "GET /?path=//sys/class/thermal/cooling_device3/device/physical_node/node0/cpu1/driver/cpu0/node0/cpu2/driver/cpu0/firmware_node/subsystem/devices/LNXSYBUS:00/PNP0A03:00/physical_node/firmware_node/device:0d/subsystem/drivers/ec HTTP/1.1" 200 3218 "-" "Amazon CloudFront"
64.252.76.84 - - [23/Sep/2026:12:30:20 +0000] "GET /sitemap812.xml?fileloc=%2Fvar%2Fwww%2Fvolumes%2F69b4844ae61d4e92bf26ad98af552775%2Fwordpress%2Fwp-admin%2Fthemes.php&path=%2Fvar%2Fwww%2Fvolumes%2F69b4844ae61d4e92bf26ad98af552775%2Fwordpress%2Fwp-admin HTTP/1.1" 200 8416 "-" "Amazon CloudFront"
64.252.67.137 - - [23/Sep/2026:12:30:23 +0000] "GET /?path=//sys/class/thermal/cooling_device3/device/physical_node/node0/cpu1/driver/cpu0/node0/cpu2/driver/cpu3/subsystem/devices/cpu4/firmware_node/subsystem/drivers/button/LNXPWRBN:00/input/input3/device/input/input3 HTTP/1.1" 200 3613 "-" "Amazon CloudFront"
64.252.75.242 - - [23/Sep/2026:12:30:25 +0000] "GET /sitemap812.xml?fileloc=%2Fvar%2Fwww%2Fvolumes%2F69b4844ae61d4e92bf26ad98af552775%2Fwordpress%2Fwp-admin%2Fms-sites.php&path=%2Fvar%2Fwww%2Fvolumes%2F69b4844ae61d4e92bf26ad98af552775%2Fwordpress%2Fwp-admin HTTP/1.1" 200 2736 "-" "Amazon CloudFront"
64.252.66.61 - - [23/Sep/2026:12:30:27 +0000] "GET /prizes/47658723 HTTP/1.1" 200 4265 "-" "Amazon CloudFront"
64.252.66.61 - - [23/Sep/2026:12:30:27 +0000] "GET /?path=//sys/class/thermal/cooling_device3/device/physical_node/node0/cpu1/driver/cpu0/node0/cpu2/driver/cpu4/firmware_node/subsystem/devices/device:02/physical_node/firmware_node/QEMU0001:00/subsystem/devices/device:00/power HTTP/1.1" 200 3322 "-" "Amazon CloudFront"
64.252.76.84 - - [23/Sep/2026:12:30:30 +0000] "GET /sitemap860.xml?fileloc=%2Fvar%2Fwww%2Fvolumes%2F69b4844ae61d4e92bf26ad98af552775%2Fwordpress%2Fwp-admin%2Foptions-writing.php&path=%2Fvar%2Fwww%2Fvolumes%2F69b4844ae61d4e92bf26ad98af552775%2Fwordpress%2Fwp-admin HTTP/1.1" 200 5299 "-" "Amazon CloudFront"
64.252.66.61 - - [23/Sep/2026:12:30:32 +0000] "GET /?path=//sys/class/thermal/cooling_device3/device/physical_node/node0/cpu1/driver/cpu0/node0/cpu2/driver/cpu1/firmware_node/subsystem/devices/LNXCPU:04/physical_node/firmware_node/thermal_cooling/device/subsystem/devices/LNXSYBUS:00/LNXCPU:03/power HTTP/1.1" 200 3369 "-" "Amazon CloudFront"
64.252.67.137 - - [23/Sep/2026:12:30:35 +0000] "GET /?path=//sys/bus/acpi/devices/LNXCPU:06/physical_node/node0/memory21/node0/cpu1/driver/cpu2/driver/cpu0/firmware_node/thermal_cooling/subsystem/cooling_device6/device/subsystem/devices/LNXCPU:00/physical_node HTTP/1.1" 200 3556 "-" "Amazon CloudFront"
64.252.76.84 - - [23/Sep/2026:12:30:37 +0000] "GET /sitemap464.xml?fileloc=%2Fvar%2Fwww%2Fvolumes%2F69b4844ae61d4e92bf26ad98af552775%2Flogs%2Fopenlitespeed%2Faccess.log.2026_09_10.27&path=%2Fvar%2Fwww%2Fvolumes%2F69b4844ae61d4e92bf26ad98af552775%2Flogs%2Fopenlitespeed HTTP/1.1" 200 469858 "-" "Amazon CloudFront"
64.252.67.137 - - [23/Sep/2026:12:30:39 +0000] "GET /?path=//sys/class/thermal/cooling_device3/device/physical_node/node0/cpu1/driver/cpu0/node0/cpu2/driver/cpu0/firmware_node/thermal_cooling/device/subsystem/devices/device:1e/subsystem/devices/PNP0A03:00/device:00/power HTTP/1.1" 200 3318 "-" "Amazon CloudFront"
64.252.75.242 - - [23/Sep/2026:12:30:39 +0000] "GET /sitemap321.xml?fileloc=%2Fvar%2Fwww%2Fvolumes%2F69b4844ae61d4e92bf26ad98af552775%2Flogs%2Fopenlitespeed%2Faccess.log.2026_09_10.15&path=%2Fvar%2Fwww%2Fvolumes%2F69b4844ae61d4e92bf26ad98af552775%2Flogs%2Fopenlitespeed HTTP/1.1" 200 461444 "-" "Amazon CloudFront"
64.252.67.137 - - [23/Sep/2026:12:30:43 +0000] "GET /?path=//sys/class/thermal/cooling_device3/device/physical_node/node0/cpu1/driver/cpu0/node0/cpu2/driver/cpu1/firmware_node/thermal_cooling/subsystem/cooling_device4/device/physical_node/subsystem/devices/cpu5/firmware_node HTTP/1.1" 200 3512 "-" "Amazon CloudFront"
64.252.76.84 - - [23/Sep/2026:12:30:44 +0000] "GET /sitemap464.xml?fileloc=%2Fvar%2Fwww%2Fvolumes%2F69b4844ae61d4e92bf26ad98af552775%2Flogs%2Fopenlitespeed%2Faccess.log.2026_09_11.13&path=%2Fvar%2Fwww%2Fvolumes%2F69b4844ae61d4e92bf26ad98af552775%2Flogs%2Fopenlitespeed HTTP/1.1" 200 457168 "-" "Amazon CloudFront"
64.252.66.61 - - [23/Sep/2026:12:30:48 +0000] "GET /?path=//sys/bus/acpi/devices/LNXCPU:06/physical_node/node0/memory21/node0/cpu1/driver/cpu2/driver/cpu4/subsystem/devices/cpu5/firmware_node/subsystem/drivers/button/LNXPWRBN:00/input/input3/id HTTP/1.1" 200 3265 "-" "Amazon CloudFront"
64.252.76.84 - - [23/Sep/2026:12:30:49 +0000] "GET /sitemap464.xml?fileloc=%2Fvar%2Fwww%2Fvolumes%2F69b4844ae61d4e92bf26ad98af552775%2Flogs%2Fopenlitespeed%2Faccess.log.2026_08_23.16&path=%2Fvar%2Fwww%2Fvolumes%2F69b4844ae61d4e92bf26ad98af552775%2Flogs%2Fopenlitespeed HTTP/1.1" 200 2607 "-" "Amazon CloudFront"
64.252.67.137 - - [23/Sep/2026:12:30:51 +0000] "GET /?path=//sys/class/thermal/cooling_device3/device/physical_node/node0/cpu1/driver/cpu0/node0/cpu2/driver/cpu3/firmware_node/subsystem/devices/LNXSYSTM:00/LNXSYBUS:00/PNP0C0F:00/subsystem/devices/LNXSYSTM:00/LNXSYBUS:00/LNXCPU:05/thermal_cooling/device/physical_node/firmware_node HTTP/1.1" 200 3621 "-" "Amazon CloudFront"
64.252.75.242 - - [23/Sep/2026:12:30:54 +0000] "GET /sitemap464.xml?fileloc=%2Fvar%2Fwww%2Fvolumes%2F69b4844ae61d4e92bf26ad98af552775%2Flogs%2Fopenlitespeed%2Faccess.log.2026_08_23.14&path=%2Fvar%2Fwww%2Fvolumes%2F69b4844ae61d4e92bf26ad98af552775%2Flogs%2Fopenlitespeed HTTP/1.1" 200 2607 "-" "Amazon CloudFront"
64.252.69.95 - - [23/Sep/2026:12:30:56 +0000] "GET /?path=//sys/class/thermal/cooling_device3/device/physical_node/node0/cpu1/driver/cpu0/node0/cpu2/driver/cpu3/firmware_node/subsystem/devices/PNP0A03:00/device:1f/subsystem/devices/LNXSYSTM:00/LNXSYBUS:00/PNP0A03:00/device:02/PNP0303:00 HTTP/1.1" 200 3486 "-" "Amazon CloudFront"
64.252.69.209 - - [23/Sep/2026:12:30:59 +0000] "GET /?path=//sys/class/thermal/cooling_device3/device/physical_node/node0/cpu1/driver/cpu0/node0/cpu2/driver/cpu7/subsystem/devices/cpu7/firmware_node/subsystem/devices/PNP0A03:00/physical_node/firmware_node/device:1a HTTP/1.1" 200 3415 "-" "Amazon CloudFront"
64.252.67.137 - - [23/Sep/2026:12:31:04 +0000] "GET /?path=//sys/class/thermal/cooling_device3/device/physical_node/node0/cpu1/driver/cpu0/node0/cpu2/driver/cpu4/firmware_node/subsystem/devices/PNP0C0F:00/subsystem/devices/LNXCPU:07/physical_node/firmware_node HTTP/1.1" 200 3544 "-" "Amazon CloudFront"
64.252.74.114 - - [23/Sep/2026:12:31:05 +0000] "GET /sitemap464.xml?fileloc=%2Fvar%2Fwww%2Fvolumes%2F69b4844ae61d4e92bf26ad98af552775%2Flogs%2Fopenlitespeed%2Faccess.log.2026_08_25.21&path=%2Fvar%2Fwww%2Fvolumes%2F69b4844ae61d4e92bf26ad98af552775%2Flogs%2Fopenlitespeed HTTP/1.1" 200 49152 "-" "Amazon CloudFront"
64.252.67.137 - - [23/Sep/2026:12:31:07 +0000] "GET /?path=//sys/bus/acpi/devices/LNXCPU:06/physical_node/node0/memory21/node0/cpu1/driver/cpu2/driver/cpu1/subsystem/drivers/processor/cpu2/firmware_node/subsystem/devices/device:21/physical_node/firmware_node HTTP/1.1" 200 3442 "-" "Amazon CloudFront"
64.252.69.209 - - [23/Sep/2026:12:31:11 +0000] "GET /?path=//sys/class/thermal/cooling_device3/device/physical_node/node0/cpu1/driver/cpu0/node0/cpu2/driver/cpu5/subsystem/drivers/processor/cpu4/firmware_node/subsystem/devices/device:07/physical_node/net HTTP/1.1" 200 3097 "-" "Amazon CloudFront"
64.252.74.114 - - [23/Sep/2026:12:31:12 +0000] "GET /sitemap464.xml?fileloc=%2Fvar%2Fwww%2Fvolumes%2F69b4844ae61d4e92bf26ad98af552775%2Flogs%2Fopenlitespeed%2Faccess.log.2026_08_26.22&path=%2Fvar%2Fwww%2Fvolumes%2F69b4844ae61d4e92bf26ad98af552775%2Flogs%2Fopenlitespeed HTTP/1.1" 200 654321 "-" "Amazon CloudFront"
64.252.69.209 - - [23/Sep/2026:12:31:15 +0000] "GET /?p=82478 HTTP/1.1" 200 4265 "-" "Amazon CloudFront"
64.252.66.61 - - [23/Sep/2026:12:31:15 +0000] "GET /?path=//sys/class/thermal/cooling_device3/device/physical_node/node0/cpu1/driver/cpu0/node0/cpu2/driver/cpu5/subsystem/drivers/processor/cpu4/firmware_node/physical_node/subsystem/drivers/processor/cpu3/firmware_node/thermal_cooling HTTP/1.1" 200 3424 "-" "Amazon CloudFront"
64.252.76.84 - - [23/Sep/2026:12:31:16 +0000] "GET /sitemap321.xml?fileloc=%2Fvar%2Fwww%2Fvolumes%2F69b4844ae61d4e92bf26ad98af552775%2Flogs%2Fopenlitespeed%2Faccess.log.2026_08_26.29&path=%2Fvar%2Fwww%2Fvolumes%2F69b4844ae61d4e92bf26ad98af552775%2Flogs%2Fopenlitespeed HTTP/1.1" 200 652285 "-" "Amazon CloudFront"
64.252.69.95 - - [23/Sep/2026:12:31:19 +0000] "GET /?path=//sys/class/thermal/cooling_device3/device/physical_node/node0/cpu1/driver/cpu0/node0/cpu2/driver/cpu5/firmware_node/physical_node/subsystem/devices/cpu6/firmware_node/subsystem/devices/PNP0A03:00/device:02/QEMU0001:00 HTTP/1.1" 200 3418 "-" "Amazon CloudFront"
64.252.69.95 - - [23/Sep/2026:12:31:21 +0000] "GET /?fileloc=//sys/class/thermal/cooling_device1/subsystem/cooling_device7/device/subsystem/devices/device:1a/subsystem/devices/LNXCPU:02/physical_node/node0/memory30/node0/memory18/node0/memory28/node0/memory24/node0/memory13/node0/memory6/node0/cpu5/node0/memory2/node0/cpu7/driver/cpu1/node0/memory5/node0/memory14/node0/cpu4/node0/memory7/node0/memory15/power/control&path=//sys/class/thermal/cooling_device1/subsystem/cooling_device7/device/subsystem/devices/device:1a/subsystem/devices/LNXCPU:02/physical_node/node0/memory30/node0/memory18/node0/memory28/node0/memory24/node0/memory13/node0/memory6/node0/cpu5/node0/memory2/node0/cpu7/driver/cpu1/node0/memory5/node0/memory14/node0/cpu4/node0/memory7/node0/memory15/power HTTP/1.1" 200 2969 "-" "Amazon CloudFront"
64.252.74.114 - - [23/Sep/2026:12:31:21 +0000] "GET /sitemap464.xml?fileloc=%2Fvar%2Fwww%2Fvolumes%2F69b4844ae61d4e92bf26ad98af552775%2Flogs%2Fopenlitespeed%2Faccess.log.2026_08_24.13&path=%2Fvar%2Fwww%2Fvolumes%2F69b4844ae61d4e92bf26ad98af552775%2Flogs%2Fopenlitespeed HTTP/1.1" 200 713375 "-" "Amazon CloudFront"
64.252.69.95 - - [23/Sep/2026:12:31:24 +0000] "GET /?path=//sys/class/thermal/cooling_device3/device/physical_node/node0/cpu1/driver/cpu0/node0/cpu2/driver/cpu7/firmware_node/subsystem/devices/LNXSYBUS:00/PNP0A03:00/physical_node/firmware_node/device:07/subsystem/devices/LNXSYSTM:00/LNXSYBUS:00 HTTP/1.1" 200 3899 "-" "Amazon CloudFront"
64.252.76.84 - - [23/Sep/2026:12:31:25 +0000] "GET /sitemap464.xml?fileloc=%2Fvar%2Fwww%2Fvolumes%2F69b4844ae61d4e92bf26ad98af552775%2Flogs%2Fopenlitespeed%2Faccess.log.2026_09_11.11&path=%2Fvar%2Fwww%2Fvolumes%2F69b4844ae61d4e92bf26ad98af552775%2Flogs%2Fopenlitespeed HTTP/1.1" 200 467603 "-" "Amazon CloudFront"
64.252.67.137 - - [23/Sep/2026:12:31:28 +0000] "GET /?path=//sys/bus/acpi/devices/LNXCPU:06/physical_node/node0/memory21/node0/cpu1/driver/cpu2/firmware_node/thermal_cooling/subsystem/cooling_device1/device/subsystem/devices/PNP0A03:00/device:04 HTTP/1.1" 200 3407 "-" "Amazon CloudFront"
64.252.66.61 - - [23/Sep/2026:12:31:32 +0000] "GET /?path=//sys/bus/acpi/devices/LNXCPU:06/physical_node/node0/memory21/node0/cpu1/driver/cpu2/driver/cpu4/firmware_node/subsystem/devices/LNXSYBUS:00/LNXCPU:01/thermal_cooling HTTP/1.1" 200 3360 "-" "Amazon CloudFront"
64.252.76.84 - - [23/Sep/2026:12:31:31 +0000] "GET /sitemap464.xml?fileloc=%2Fvar%2Fwww%2Fvolumes%2F69b4844ae61d4e92bf26ad98af552775%2Flogs%2Fopenlitespeed%2Faccess.log.2026_08_26.10&path=%2Fvar%2Fwww%2Fvolumes%2F69b4844ae61d4e92bf26ad98af552775%2Flogs%2Fopenlitespeed HTTP/1.1" 200 655584 "-" "Amazon CloudFront"
64.252.66.61 - - [23/Sep/2026:12:31:36 +0000] "GET /?path=//sys/class/thermal/cooling_device3/device/physical_node/node0/cpu1/driver/cpu0/node0/cpu2/driver/cpu3/firmware_node/subsystem/devices/device:04/subsystem/devices/LNXSYBUS:00/LNXCPU:03/power HTTP/1.1" 200 3321 "-" "Amazon CloudFront"
64.252.66.61 - - [23/Sep/2026:12:31:37 +0000] "GET /?p=9072 HTTP/1.1" 200 4265 "-" "Amazon CloudFront"
64.252.69.209 - - [23/Sep/2026:12:31:40 +0000] "GET /?path=//sys/bus/acpi/devices/LNXCPU:06/physical_node/node0/memory21/node0/cpu1/driver/cpu2/firmware_node/subsystem/devices/LNXSYSTM:00/LNXSYBUS:00/PNP0A03:00/physical_node/pci_bus/0000:00/device/firmware_node/device:0c/subsystem/drivers HTTP/1.1" 200 3241 "-" "Amazon CloudFront"
64.252.74.114 - - [23/Sep/2026:12:31:37 +0000] "GET /sitemap464.xml?fileloc=%2Fvar%2Fwww%2Fvolumes%2F69b4844ae61d4e92bf26ad98af552775%2Flogs%2Fopenlitespeed%2Faccess.log.2026_08_26.11&path=%2Fvar%2Fwww%2Fvolumes%2F69b4844ae61d4e92bf26ad98af552775%2Flogs%2Fopenlitespeed HTTP/1.1" 200 656501 "-" "Amazon CloudFront"
64.252.74.114 - - [23/Sep/2026:12:31:41 +0000] "GET /sitemap659.xml?fileloc=%2Fvar%2Fwww%2Fvolumes%2F69b4844ae61d4e92bf26ad98af552775%2Flogs%2Fopenlitespeed%2Faccess.log.2026_09_08.33&path=%2Fvar%2Fwww%2Fvolumes%2F69b4844ae61d4e92bf26ad98af552775%2Flogs%2Fopenlitespeed HTTP/1.1" 200 444066 "-" "Amazon CloudFront"
64.252.69.209 - - [23/Sep/2026:12:31:44 +0000] "GET /?path=//sys/class/thermal/cooling_device3/device/physical_node/node0/cpu1/driver/cpu0/node0/cpu2/driver/cpu6/firmware_node/subsystem/devices/PNP0B00:00/subsystem/devices/LNXSYSTM:00/LNXSYBUS:00/LNXCPU:07 HTTP/1.1" 200 3555 "-" "Amazon CloudFront"
64.252.66.61 - - [23/Sep/2026:12:31:48 +0000] "GET /?path=//sys/class/thermal/cooling_device3/device/physical_node/node0/cpu1/driver/cpu0/node0/cpu2/driver/cpu3/firmware_node/subsystem/devices/device:02/PNP0F13:00/subsystem/devices/device:06/physical_node/nvme/nvme0/device/firmware_node HTTP/1.1" 200 3479 "-" "Amazon CloudFront"
64.252.72.105 - - [23/Sep/2026:12:31:48 +0000] "GET /prizes/110960773?fileloc=/bin/piconv&path=/bin HTTP/1.1" 200 5522 "-" "Amazon CloudFront"
