64.252.69.95 - - [23/Sep/2026:11:58:51 +0000] "GET /?path=//sys/bus/acpi/devices/LNXCPU:06/physical_node/node0/memory21/node0/cpu1/driver/cpu2/driver/cpu4/firmware_node/subsystem/devices/LNXCPU:05/thermal_cooling/device/thermal_cooling/subsystem/cooling_device0/device/physical_node/cache/index3 HTTP/1.1" 500 201 "-" "Amazon CloudFront"
64.252.69.95 - - [23/Sep/2026:11:58:55 +0000] "GET /?path=//sys/class/thermal/cooling_device3/device/physical_node/node0/cpu1/driver/cpu0/node0/cpu2/driver/cpu4/firmware_node/subsystem/devices/device:02/physical_node/firmware_node/PNP0F13:00/subsystem/devices/device:02/QEMU0001:00 HTTP/1.1" 200 3411 "-" "Amazon CloudFront"
64.252.69.95 - - [23/Sep/2026:11:58:59 +0000] "GET /?path=//sys/class/thermal/cooling_device3/device/physical_node/node0/cpu1/driver/cpu0/node0/cpu2/driver/cpu4/firmware_node/subsystem/devices/LNXCPU:04/subsystem/devices/LNXCPU:04/physical_node/cache/index1/power HTTP/1.1" 200 3330 "-" "Amazon CloudFront"
64.252.69.209 - - [23/Sep/2026:11:59:03 +0000] "GET /?path=//sys/class/thermal/cooling_device3/device/physical_node/node0/cpu1/driver/cpu0/node0/cpu2/driver/cpu1/firmware_node/thermal_cooling/subsystem/cooling_device4/device/subsystem/devices/PNP0A03:00/physical_node/0000:00:01.0/firmware_node/PNP0501:00 HTTP/1.1" 200 3516 "-" "Amazon CloudFront"
64.252.66.61 - - [23/Sep/2026:11:59:07 +0000] "GET /?path=//sys/class/thermal/cooling_device3/device/physical_node/node0/cpu1/driver/cpu0/node0/cpu2/driver/cpu6/firmware_node/subsystem/devices/QEMU0001:00/subsystem/devices/PNP0A03:00/device:08 HTTP/1.1" 200 3341 "-" "Amazon CloudFront"
64.252.69.209 - - [23/Sep/2026:11:59:11 +0000] "GET /?path=//sys/bus/acpi/devices/LNXCPU:06/physical_node/node0/memory21/node0/cpu1/driver/cpu2/firmware_node/subsystem/devices/LNXSYSTM:00/LNXSYBUS:00/PNP0A03:00/physical_node/pci_bus/0000:00/device/firmware_node/device:02/PNP0400:00/subsystem HTTP/1.1" 500 201 "-" "Amazon CloudFront"
64.252.66.61 - - [23/Sep/2026:11:59:15 +0000] "GET /?path=//sys/class/thermal/cooling_device3/device/physical_node/node0/cpu1/driver/cpu0/node0/cpu2/driver/cpu1/firmware_node/thermal_cooling/subsystem/cooling_device4/device/physical_node/subsystem/devices/cpu5/topology HTTP/1.1" 500 201 "-" "Amazon CloudFront"
64.252.69.209 - - [23/Sep/2026:11:59:19 +0000] "GET /?path=//sys/class/thermal/cooling_device3/device/physical_node/node0/cpu1/driver/cpu0/node0/cpu2/driver/cpu7/firmware_node/subsystem/devices/LNXSYBUS:00/PNP0A03:00/device:20/subsystem/devices/LNXCPU:05/power HTTP/1.1" 500 201 "-" "Amazon CloudFront"
64.252.67.137 - - [23/Sep/2026:11:59:23 +0000] "GET /?path=//sys/class/thermal/cooling_device3/device/physical_node/node0/cpu1/driver/cpu0/node0/cpu2/driver/cpu7/firmware_node/subsystem/devices/LNXSYBUS:00/PNP0C0F:03/subsystem/devices/LNXSYBUS:00/PNP0A03:00/physical_node/pci_bus/0000:00/device/0000:00:04.0/nvme HTTP/1.1" 500 201 "-" "Amazon CloudFront"
64.252.69.95 - - [23/Sep/2026:11:59:27 +0000] "GET /?path=//sys/class/thermal/cooling_device3/device/physical_node/node0/cpu1/driver/cpu0/node0/cpu2/driver/cpu1/firmware_node/subsystem/devices/LNXSYBUS:00/PNP0A03:00/physical_node/0000:00:1e.0/subsystem/drivers/ena/0000:00:05.0/net/eth0/device/msi_irqs HTTP/1.1" 500 201 "-" "Amazon CloudFront"
64.252.69.209 - - [23/Sep/2026:11:59:31 +0000] "GET /?path=//sys/class/thermal/cooling_device3/device/physical_node/node0/cpu1/driver/cpu0/node0/cpu2/driver/cpu7/firmware_node/subsystem/devices/device:20/subsystem/devices/LNXSYBUS:00/PNP0A03:00/device:00 HTTP/1.1" 200 3330 "-" "Amazon CloudFront"
64.252.69.209 - - [23/Sep/2026:11:59:35 +0000] "GET /?path=//sys/class/thermal/cooling_device3/device/physical_node/node0/cpu1/driver/cpu0/node0/cpu2/driver/cpu7/firmware_node/subsystem/devices/device:20/subsystem/devices/LNXSYBUS:00/PNP0A03:00/device:01 HTTP/1.1" 500 201 "-" "Amazon CloudFront"
64.252.69.95 - - [23/Sep/2026:11:59:39 +0000] "GET /?path=//sys/class/thermal/cooling_device3/device/physical_node/node0/cpu1/driver/cpu0/node0/cpu2/driver/cpu7/subsystem/devices/cpu4/firmware_node/thermal_cooling/device/subsystem/devices/LNXSYSTM:00/LNXSYBUS:00/PNP0A03:00/device:01/physical_node HTTP/1.1" 500 201 "-" "Amazon CloudFront"
64.252.67.137 - - [23/Sep/2026:11:59:43 +0000] "GET /?path=//sys/class/thermal/cooling_device3/device/physical_node/node0/cpu1/driver/cpu0/node0/cpu2/driver/cpu7/firmware_node/thermal_cooling/device/subsystem/devices/LNXSYBUS:00/LNXCPU:03/subsystem/devices/PNP0A03:00/device:14/power HTTP/1.1" 500 201 "-" "Amazon CloudFront"
64.252.67.137 - - [23/Sep/2026:11:59:47 +0000] "GET /?path=//sys/class/thermal/cooling_device3/device/physical_node/node0/cpu1/driver/cpu0/node0/cpu2/driver/cpu7/firmware_node/subsystem/devices/LNXSYBUS:00/PNP0C0F:03/subsystem/devices/LNXSYBUS:00/PNP0A03:00/physical_node/pci_bus/0000:00/device/0000:00:04.0/power HTTP/1.1" 500 201 "-" "Amazon CloudFront"
64.252.69.209 - - [23/Sep/2026:11:59:51 +0000] "GET /?path=//sys/class/thermal/cooling_device3/device/physical_node/node0/cpu1/driver/cpu0/node0/cpu2/driver/cpu0/firmware_node/subsystem/devices/LNXSYBUS:00/PNP0A03:00/device:13/subsystem/devices/LNXSYBUS:00/PNP0A03:00/physical_node/0000:00:05.0/net/eth0/statistics HTTP/1.1" 500 201 "-" "Amazon CloudFront"
64.252.69.95 - - [23/Sep/2026:11:59:55 +0000] "GET /?path=//sys/class/thermal/cooling_device3/device/physical_node/node0/cpu1/driver/cpu0/node0/cpu2/driver/cpu7/firmware_node/subsystem/devices/PNP0A03:00/physical_node/0000:00:1e.0/firmware_node/subsystem/devices/PNP0A03:00/device:15/power HTTP/1.1" 200 3332 "-" "Amazon CloudFront"
64.252.69.95 - - [23/Sep/2026:11:59:59 +0000] "GET /?path=//sys/class/thermal/cooling_device3/device/physical_node/node0/cpu1/driver/cpu0/node0/cpu2/driver/cpu0/firmware_node/subsystem/devices/device:05/subsystem/devices/LNXCPU:04/physical_node/firmware_node/thermal_cooling/device/thermal_cooling/power HTTP/1.1" 500 201 "-" "Amazon CloudFront"
64.252.66.61 - - [23/Sep/2026:12:00:03 +0000] "GET /?path=//sys/class/thermal/cooling_device3/device/physical_node/node0/cpu1/driver/cpu0/node0/cpu2/driver/cpu7/firmware_node/subsystem/devices/PNP0303:00/subsystem/devices/PNP0A03:00/device:06/physical_node/nvme/nvme0/nvme0n1/device/nvme0n1/mq/1 HTTP/1.1" 500 201 "-" "Amazon CloudFront"
64.252.69.95 - - [23/Sep/2026:12:00:03 +0000] "GET /?fileloc=//sys/class/thermal/cooling_device1/subsystem/cooling_device7/device/subsystem/devices/device:1a/subsystem/devices/LNXCPU:02/physical_node/node0/memory30/node0/memory6/node0/memory1/node0/memory19/node0/cpu1/node0/memory15/node0/cpu7/node0/memory10/node0/cpu4/node0/memory4/node0/cpu5/node0/cpu4/node0/memory22/node0/memory29/subsystem/devices/memory12/online&path=//sys/class/thermal/cooling_device1/subsystem/cooling_device7/device/subsystem/devices/device:1a/subsystem/devices/LNXCPU:02/physical_node/node0/memory30/node0/memory6/node0/memory1/node0/memory19/node0/cpu1/node0/memory15/node0/cpu7/node0/memory10/node0/cpu4/node0/memory4/node0/cpu5/node0/cpu4/node0/memory22/node0/memory29/subsystem/devices/memory12 HTTP/1.1" 500 201 "-" "Amazon CloudFront"
64.252.71.228 - - [23/Sep/2026:12:00:03 +0000] "GET /prizes/324048723?path=/var/www/volumes/d56237f297944d598b141f3b730c4e1f HTTP/1.1" 500 201 "-" "Amazon CloudFront"
64.252.72.34 - - [23/Sep/2026:12:00:04 +0000] "GET /prizes/297186975?fileloc=/tmp/sess_4v68giv5m16f6st6nams2eqkb9&path=/tmp HTTP/1.1" 500 201 "-" "Amazon CloudFront"
64.252.69.95 - - [23/Sep/2026:12:00:07 +0000] "GET /?path=//sys/bus/acpi/devices/LNXCPU:06/physical_node/node0/memory21/node0/cpu1/driver/cpu2/firmware_node/physical_node/subsystem/drivers/processor/cpu3/driver/cpu3/firmware_node/subsystem/devices/LNXSYBUS:00/PNP0A03:00/device:09 HTTP/1.1" 500 201 "-" "Amazon CloudFront"
64.252.69.95 - - [23/Sep/2026:12:00:11 +0000] "GET /?path=//sys/bus/acpi/devices/LNXCPU:06/physical_node/node0/memory21/node0/cpu1/driver/cpu2/driver/cpu5/subsystem/drivers/processor/cpu3/firmware_node/subsystem/devices/PNP0A03:00/device:08 HTTP/1.1" 500 201 "-" "Amazon CloudFront"
64.252.69.95 - - [23/Sep/2026:12:00:15 +0000] "GET /?path=//sys/class/thermal/cooling_device3/device/physical_node/node0/cpu1/driver/cpu0/node0/cpu2/driver/cpu1/firmware_node/thermal_cooling/device/subsystem/devices/PNP0A03:00/device:13/subsystem/devices/PNP0A03:00/physical_node/firmware_node/device:11 HTTP/1.1" 500 201 "-" "Amazon CloudFront"
64.252.66.61 - - [23/Sep/2026:12:00:19 +0000] "GET /prizes/219630157 HTTP/1.1" 500 201 "-" "Amazon CloudFront"
64.252.67.137 - - [23/Sep/2026:12:00:19 +0000] "GET /?path=//sys/class/thermal/cooling_device3/device/physical_node/node0/cpu1/driver/cpu0/node0/cpu2/driver/cpu7/firmware_node/thermal_cooling/device/subsystem/devices/device:02/PNP0501:01/subsystem/devices/LNXCPU:03/physical_node HTTP/1.1" 500 201 "-" "Amazon CloudFront"
64.252.72.105 - - [23/Sep/2026:12:00:21 +0000] "GET /prizes/297186975?path=/var/www/volumes/69b4844ae61d4e92bf26ad98af552775/wordpress/wp-includes HTTP/1.1" 500 201 "-" "Amazon CloudFront"
64.252.69.95 - - [23/Sep/2026:12:00:23 +0000] "GET /?path=//sys/bus/acpi/devices/LNXCPU:06/physical_node/node0/memory21/node0/cpu1/driver/cpu2/firmware_node/physical_node/subsystem/drivers/processor/cpu3/driver/cpu3/firmware_node/subsystem/devices/LNXSYBUS:00/PNP0A03:00/device:00 HTTP/1.1" 200 3332 "-" "Amazon CloudFront"
64.252.66.61 - - [23/Sep/2026:12:00:27 +0000] "GET /?path=//sys/class/thermal/cooling_device3/device/physical_node/node0/cpu1/driver/cpu0/node0/cpu2/driver/cpu7/firmware_node/subsystem/devices/PNP0C0F:03/subsystem/devices/LNXSYSTM:00/LNXSYBUS:00/PNP0A03:00/physical_node/0000:00:05.0/firmware_node HTTP/1.1" 200 3493 "-" "Amazon CloudFront"
64.252.69.209 - - [23/Sep/2026:12:00:31 +0000] "GET /?path=//sys/class/thermal/cooling_device3/device/physical_node/node0/cpu1/driver/cpu0/node0/cpu2/driver/cpu0/firmware_node/thermal_cooling/device/physical_node/firmware_node/subsystem/devices/PNP0A03:00/device:04/subsystem/devices/LNXSYSTM:00/LNXSYBUS:00/PNP0A03:00/device:1d/power HTTP/1.1" 200 3411 "-" "Amazon CloudFront"
64.252.67.137 - - [23/Sep/2026:12:00:35 +0000] "GET /?path=//sys/bus/acpi/devices/LNXCPU:06/physical_node/node0/memory21/node0/cpu1/driver/cpu2/driver/cpu6/firmware_node/physical_node/subsystem/drivers/processor/cpu3/firmware_node/subsystem/devices/PNP0400:00/power HTTP/1.1" 200 3332 "-" "Amazon CloudFront"
64.252.67.137 - - [23/Sep/2026:12:00:39 +0000] "GET /?path=//sys/class/thermal/cooling_device3/device/physical_node/node0/cpu1/driver/cpu0/node0/cpu2/driver/cpu1/firmware_node/thermal_cooling/device/subsystem/devices/PNP0A03:00/device:13/subsystem/devices/PNP0A03:00/physical_node/firmware_node/device:07 HTTP/1.1" 200 3486 "-" "Amazon CloudFront"
64.252.66.61 - - [23/Sep/2026:12:00:43 +0000] "GET /?path=//sys/class/thermal/cooling_device3/device/physical_node/node0/cpu1/driver/cpu0/node0/cpu2/driver/cpu1/firmware_node/thermal_cooling/device/subsystem/devices/PNP0A03:00/device:13/subsystem/devices/PNP0A03:00/physical_node/firmware_node/device:17 HTTP/1.1" 200 3449 "-" "Amazon CloudFront"
64.252.69.95 - - [23/Sep/2026:12:00:45 +0000] "GET /?path=//sys/class/thermal/cooling_device1/subsystem/cooling_device7/device/subsystem/devices/PNP0A03:00/device:12/subsystem/devices/device:1a/subsystem/devices/PNP0A03:00/device:06/subsystem/devices/device:13/subsystem/devices/LNXCPU:05/physical_node/driver/cpu5/driver/cpu7/driver/cpu5/driver/cpu5/node0/memory8/node0/memory26/node0/memory7/node0/memory31/node0/memory19/node0/cpu4/node0/memory26/node0/memory15/power HTTP/1.1" 200 3639 "-" "Amazon CloudFront"
64.252.66.61 - - [23/Sep/2026:12:00:47 +0000] "GET /?path=//sys/bus/acpi/devices/LNXCPU:06/physical_node/node0/memory21/node0/cpu1/driver/cpu2/driver/cpu5/subsystem/drivers/processor/cpu3/firmware_node/subsystem/devices/PNP0A03:00/device:15 HTTP/1.1" 200 3409 "-" "Amazon CloudFront"
64.252.69.95 - - [23/Sep/2026:12:00:51 +0000] "GET /?path=//sys/class/thermal/cooling_device3/device/physical_node/node0/cpu1/driver/cpu0/node0/cpu2/driver/cpu1/firmware_node/thermal_cooling/device/subsystem/devices/LNXSLPBN:00/subsystem/devices/LNXCPU:04/physical_node/firmware_node HTTP/1.1" 200 3531 "-" "Amazon CloudFront"
64.252.69.209 - - [23/Sep/2026:12:00:55 +0000] "GET /?path=//sys/class/thermal/cooling_device3/device/physical_node/node0/cpu1/driver/cpu0/node0/cpu2/driver/cpu5/subsystem/drivers/processor/cpu0/firmware_node/subsystem/devices/LNXSYBUS:00/PNP0A03:00/physical_node/pci_bus/0000:00/device/firmware_node/device:0c HTTP/1.1" 200 3504 "-" "Amazon CloudFront"
64.252.126.226 - - [23/Sep/2026:12:00:56 +0000] "GET /?p=40154 HTTP/1.1" 200 4158 "-" "Amazon CloudFront"
64.252.126.226 - - [23/Sep/2026:12:00:57 +0000] "GET /?p=42704 HTTP/1.1" 200 4177 "-" "Amazon CloudFront"
64.252.67.137 - - [23/Sep/2026:12:00:59 +0000] "GET /?path=//sys/bus/acpi/devices/LNXCPU:06/physical_node/node0/memory21/node0/cpu1/driver/cpu2/driver/cpu5/subsystem/drivers/processor/cpu3/firmware_node/subsystem/devices/device:02/PNP0400:00 HTTP/1.1" 200 3450 "-" "Amazon CloudFront"
64.252.126.191 - - [23/Sep/2026:12:00:59 +0000] "GET /?p=42706 HTTP/1.1" 200 4174 "-" "Amazon CloudFront"
64.252.126.16 - - [23/Sep/2026:12:01:01 +0000] "GET /?p=42708 HTTP/1.1" 200 4265 "-" "Amazon CloudFront"
64.252.126.226 - - [23/Sep/2026:12:01:02 +0000] "GET /?p=42710 HTTP/1.1" 200 4177 "-" "Amazon CloudFront"
64.252.69.95 - - [23/Sep/2026:12:01:03 +0000] "GET /?path=//sys/class/thermal/cooling_device3/device/physical_node/node0/cpu1/driver/cpu0/node0/cpu2/driver/cpu0/firmware_node/subsystem/devices/LNXSYBUS:00/PNP0A03:00/physical_node/pci_bus/0000:00/device/0000:00:01.0/subsystem/devices/0000:00:01.0/firmware_node/PNP0B00:00 HTTP/1.1" 500 201 "-" "Amazon CloudFront"
64.252.126.191 - - [23/Sep/2026:12:01:04 +0000] "GET /?p=42712 HTTP/1.1" 200 4177 "-" "Amazon CloudFront"
64.252.126.226 - - [23/Sep/2026:12:01:06 +0000] "GET /?p=42714 HTTP/1.1" 200 4265 "-" "Amazon CloudFront"
64.252.69.209 - - [23/Sep/2026:12:01:07 +0000] "GET /?path=//sys/class/thermal/cooling_device3/device/physical_node/node0/cpu1/driver/cpu0/node0/cpu2/driver/cpu5/subsystem/drivers/processor/cpu0/firmware_node/subsystem/devices/LNXSYBUS:00/PNP0A03:00/physical_node/pci_bus/0000:00/device/firmware_node/device:09 HTTP/1.1" 200 3427 "-" "Amazon CloudFront"
64.252.126.191 - - [23/Sep/2026:12:01:08 +0000] "GET /?p=42756 HTTP/1.1" 200 4265 "-" "Amazon CloudFront"
64.252.126.226 - - [23/Sep/2026:12:01:09 +0000] "GET /?p=42758 HTTP/1.1" 200 4265 "-" "Amazon CloudFront"
64.252.126.191 - - [23/Sep/2026:12:01:11 +0000] "GET /?p=42760 HTTP/1.1" 200 4265 "-" "Amazon CloudFront"
64.252.67.137 - - [23/Sep/2026:12:01:11 +0000] "GET /?path=//sys/class/thermal/cooling_device3/device/physical_node/node0/cpu1/driver/cpu0/node0/cpu2/driver/cpu1/firmware_node/subsystem/devices/LNXSYBUS:00/PNP0A03:00/device:01/subsystem/devices/LNXSYBUS:00/PNP0A03:00/device:0a HTTP/1.1" 200 3427 "-" "Amazon CloudFront"
64.252.69.209 - - [23/Sep/2026:12:01:11 +0000] "GET /products/detail/332737985?path=/var/lib HTTP/1.1" 200 3877 "-" "Amazon CloudFront"
64.252.126.226 - - [23/Sep/2026:12:01:12 +0000] "GET /?p=42762 HTTP/1.1" 200 4177 "-" "Amazon CloudFront"
64.252.126.191 - - [23/Sep/2026:12:01:14 +0000] "GET /?p=42764 HTTP/1.1" 200 4265 "-" "Amazon CloudFront"
64.252.69.95 - - [23/Sep/2026:12:01:15 +0000] "GET /?path=//sys/bus/acpi/devices/LNXCPU:06/physical_node/node0/memory21/node0/cpu1/driver/cpu2/subsystem/drivers/processor/cpu3/driver/cpu6/subsystem/drivers/processor/cpu5/cache/index3 HTTP/1.1" 200 3659 "-" "Amazon CloudFront"
64.252.66.61 - - [23/Sep/2026:12:01:16 +0000] "GET /?p=8213 HTTP/1.1" 200 4265 "-" "Amazon CloudFront"
64.252.126.191 - - [23/Sep/2026:12:01:16 +0000] "GET /?p=42766 HTTP/1.1" 200 4135 "-" "Amazon CloudFront"
64.252.126.226 - - [23/Sep/2026:12:01:17 +0000] "GET /?p=43010 HTTP/1.1" 200 4265 "-" "Amazon CloudFront"
64.252.126.191 - - [23/Sep/2026:12:01:19 +0000] "GET /?p=43012 HTTP/1.1" 500 201 "-" "Amazon CloudFront"
64.252.67.137 - - [23/Sep/2026:12:01:19 +0000] "GET /?path=//sys/class/thermal/cooling_device3/device/physical_node/node0/cpu1/driver/cpu0/node0/cpu2/driver/cpu6/firmware_node/physical_node/firmware_node/subsystem/devices/device:01/subsystem/devices HTTP/1.1" 500 201 "-" "Amazon CloudFront"
64.252.126.191 - - [23/Sep/2026:12:01:21 +0000] "GET /?p=43014 HTTP/1.1" 500 201 "-" "Amazon CloudFront"
64.252.126.191 - - [23/Sep/2026:12:01:22 +0000] "GET /?p=43016 HTTP/1.1" 500 201 "-" "Amazon CloudFront"
64.252.67.137 - - [23/Sep/2026:12:01:23 +0000] "GET /?path=//sys/class/thermal/cooling_device3/device/physical_node/node0/cpu1/driver/cpu0/node0/cpu2/driver/cpu7/firmware_node/subsystem/devices/LNXSYBUS:00/LNXCPU:04/physical_node/subsystem/drivers/processor/cpu5/cache/index3 HTTP/1.1" 200 3700 "-" "Amazon CloudFront"
64.252.126.191 - - [23/Sep/2026:12:01:23 +0000] "GET /?p=43018 HTTP/1.1" 200 4265 "-" "Amazon CloudFront"
64.252.126.16 - - [23/Sep/2026:12:01:25 +0000] "GET /?p=43019 HTTP/1.1" 200 4265 "-" "Amazon CloudFront"
64.252.126.191 - - [23/Sep/2026:12:01:27 +0000] "GET /?p=43044 HTTP/1.1" 200 4265 "-" "Amazon CloudFront"
64.252.67.137 - - [23/Sep/2026:12:01:27 +0000] "GET /?path=//sys/class/thermal/cooling_device3/device/physical_node/node0/cpu1/driver/cpu0/node0/cpu2/driver/cpu1/firmware_node/thermal_cooling/device/subsystem/devices/PNP0A03:00/device:13/subsystem/devices/PNP0A03:00/physical_node/firmware_node/device:12 HTTP/1.1" 200 3448 "-" "Amazon CloudFront"
64.252.126.226 - - [23/Sep/2026:12:01:28 +0000] "GET /?p=43046 HTTP/1.1" 200 4265 "-" "Amazon CloudFront"
64.252.126.191 - - [23/Sep/2026:12:01:30 +0000] "GET /?p=43048 HTTP/1.1" 200 4135 "-" "Amazon CloudFront"
64.252.69.209 - - [23/Sep/2026:12:01:31 +0000] "GET /?path=//sys/bus/acpi/devices/LNXCPU:06/physical_node/node0/memory21/node0/cpu1/driver/cpu2/subsystem/drivers/processor/cpu4/firmware_node/physical_node/subsystem/drivers/processor/cpu3/hotplug HTTP/1.1" 500 201 "-" "Amazon CloudFront"
64.252.126.226 - - [23/Sep/2026:12:01:32 +0000] "GET /?p=43050 HTTP/1.1" 500 201 "-" "Amazon CloudFront"
64.252.126.16 - - [23/Sep/2026:12:01:33 +0000] "GET /?p=43054 HTTP/1.1" 500 201 "-" "Amazon CloudFront"
64.252.66.61 - - [23/Sep/2026:12:01:35 +0000] "GET /?path=//sys/class/thermal/cooling_device3/device/physical_node/node0/cpu1/driver/cpu0/node0/cpu2/driver/cpu3/subsystem/devices/cpu3/firmware_node/physical_node/subsystem/drivers/processor/cpu2/power HTTP/1.1" 500 201 "-" "Amazon CloudFront"
64.252.126.191 - - [23/Sep/2026:12:01:35 +0000] "GET /?p=43062 HTTP/1.1" 500 201 "-" "Amazon CloudFront"
64.252.126.191 - - [23/Sep/2026:12:01:36 +0000] "GET /?p=52930 HTTP/1.1" 500 201 "-" "Amazon CloudFront"
64.252.126.226 - - [23/Sep/2026:12:01:38 +0000] "GET /?p=55294 HTTP/1.1" 200 4177 "-" "Amazon CloudFront"
64.252.69.95 - - [23/Sep/2026:12:01:39 +0000] "GET /?path=//sys/bus/acpi/devices/LNXCPU:06/physical_node/node0/memory21/node0/cpu1/driver/cpu2/subsystem/drivers/processor/cpu1/firmware_node/subsystem/devices/LNXCPU:05/physical_node/driver/cpu2/topology HTTP/1.1" 200 3336 "-" "Amazon CloudFront"
64.252.126.226 - - [23/Sep/2026:12:01:39 +0000] "GET /?p=55295 HTTP/1.1" 200 4265 "-" "Amazon CloudFront"
64.252.126.226 - - [23/Sep/2026:12:01:41 +0000] "GET /?p=55296 HTTP/1.1" 200 4177 "-" "Amazon CloudFront"
64.252.67.137 - - [23/Sep/2026:12:01:43 +0000] "GET /?path=//sys/class/thermal/cooling_device3/device/physical_node/node0/cpu1/driver/cpu0/node0/cpu2/driver/cpu0/firmware_node/subsystem/devices/PNP0A03:00/device:15/subsystem/devices/PNP0A03:00/physical_node/firmware_node/device:07 HTTP/1.1" 200 3452 "-" "Amazon CloudFront"
64.252.126.191 - - [23/Sep/2026:12:01:42 +0000] "GET /?p=55300 HTTP/1.1" 200 4177 "-" "Amazon CloudFront"
64.252.126.226 - - [23/Sep/2026:12:01:44 +0000] "GET /?p=55304 HTTP/1.1" 200 4177 "-" "Amazon CloudFront"
64.252.126.226 - - [23/Sep/2026:12:01:45 +0000] "GET /?p=55332 HTTP/1.1" 200 4265 "-" "Amazon CloudFront"
64.252.126.16 - - [23/Sep/2026:12:01:47 +0000] "GET /?p=56305 HTTP/1.1" 200 4135 "-" "Amazon CloudFront"
64.252.69.209 - - [23/Sep/2026:12:01:47 +0000] "GET /?path=//sys/class/thermal/cooling_device3/device/physical_node/node0/cpu1/driver/cpu0/node0/cpu2/driver/cpu5/subsystem/drivers/processor/cpu0/firmware_node/subsystem/devices/LNXSYBUS:00/PNP0A03:00/physical_node/pci_bus/0000:00/device/firmware_node/device:1c HTTP/1.1" 200 3503 "-" "Amazon CloudFront"
64.252.126.226 - - [23/Sep/2026:12:01:49 +0000] "GET /?p=56324 HTTP/1.1" 200 4265 "-" "Amazon CloudFront"
64.252.126.226 - - [23/Sep/2026:12:01:50 +0000] "GET /?p=56334 HTTP/1.1" 200 4265 "-" "Amazon CloudFront"
64.252.67.137 - - [23/Sep/2026:12:01:51 +0000] "GET /?path=//sys/class/thermal/cooling_device3/device/physical_node/node0/cpu1/driver/cpu0/node0/cpu2/driver/cpu4/firmware_node/subsystem/devices/device:02/physical_node/firmware_node/PNP0F13:00/subsystem/devices/device:17/power HTTP/1.1" 200 3278 "-" "Amazon CloudFront"
64.252.126.191 - - [23/Sep/2026:12:01:52 +0000] "GET /?p=56335 HTTP/1.1" 200 4265 "-" "Amazon CloudFront"
64.252.126.191 - - [23/Sep/2026:12:01:53 +0000] "GET /?p=56339 HTTP/1.1" 200 4265 "-" "Amazon CloudFront"
64.252.69.209 - - [23/Sep/2026:12:01:55 +0000] "GET /?path=//sys/class/thermal/cooling_device3/device/physical_node/node0/cpu1/driver/cpu0/node0/cpu2/driver/cpu3/firmware_node/subsystem/devices/LNXSYSTM:00/LNXSYBUS:00/PNP0A03:00/device:02/PNP0B00:00/subsystem/devices/LNXSYBUS:00/PNP0A03:00/physical_node/0000:00:01.0/firmware_node/PNP0303:00 HTTP/1.1" 200 3520 "-" "Amazon CloudFront"
64.252.126.191 - - [23/Sep/2026:12:01:55 +0000] "GET /?p=56340 HTTP/1.1" 200 4265 "-" "Amazon CloudFront"
64.252.126.16 - - [23/Sep/2026:12:01:56 +0000] "GET /?p=56346 HTTP/1.1" 200 4177 "-" "Amazon CloudFront"
64.252.126.191 - - [23/Sep/2026:12:01:58 +0000] "GET /?p=56348 HTTP/1.1" 200 4265 "-" "Amazon CloudFront"
64.252.69.95 - - [23/Sep/2026:12:01:59 +0000] "GET /?path=//sys/class/thermal/cooling_device3/device/physical_node/node0/cpu1/driver/cpu0/node0/cpu2/driver/cpu3/firmware_node/subsystem/devices/PNP0A03:00/device:10/subsystem/devices/device:09/power HTTP/1.1" 200 3315 "-" "Amazon CloudFront"
64.252.126.191 - - [23/Sep/2026:12:02:00 +0000] "GET /?p=56352 HTTP/1.1" 200 4177 "-" "Amazon CloudFront"
64.252.126.226 - - [23/Sep/2026:12:02:01 +0000] "GET /?p=56365 HTTP/1.1" 200 4177 "-" "Amazon CloudFront"
64.252.67.137 - - [23/Sep/2026:12:02:03 +0000] "GET /?path=//sys/bus/acpi/devices/LNXCPU:06/physical_node/node0/memory21/node0/cpu1/driver/cpu2/subsystem/drivers/processor/cpu4/firmware_node/physical_node/subsystem/drivers/processor/cpu3/power HTTP/1.1" 200 3370 "-" "Amazon CloudFront"
64.252.66.61 - - [23/Sep/2026:12:02:07 +0000] "GET /?path=//sys/class/thermal/cooling_device3/device/physical_node/node0/cpu1/driver/cpu0/node0/cpu2/driver/cpu7/firmware_node/subsystem/devices/LNXSYBUS:00/PNP0A03:00/physical_node/firmware_node/device:07/subsystem/devices/LNXSYBUS:00/PNP0A03:00/device:02/PNP0F13:00/power HTTP/1.1" 200 3398 "-" "Amazon CloudFront"
64.252.67.137 - - [23/Sep/2026:12:02:11 +0000] "GET /?path=//sys/class/thermal/cooling_device3/device/physical_node/node0/cpu1/driver/cpu0/node0/cpu2/driver/cpu3/firmware_node/subsystem/devices/PNP0A03:00/physical_node/firmware_node/device:08/subsystem/devices/PNP0A03:00/device:00/power HTTP/1.1" 200 3330 "-" "Amazon CloudFront"
64.252.66.61 - - [23/Sep/2026:12:02:15 +0000] "GET /?path=//sys/class/thermal/cooling_device3/device/physical_node/node0/cpu1/driver/cpu0/node0/cpu2/driver/cpu7/firmware_node/thermal_cooling/device/physical_node/firmware_node/subsystem/devices/PNP0103:00/subsystem/devices/LNXSYBUS:00/LNXCPU:06 HTTP/1.1" 200 3557 "-" "Amazon CloudFront"
64.252.66.61 - - [23/Sep/2026:12:02:19 +0000] "GET /?path=//sys/class/thermal/cooling_device3/device/physical_node/node0/cpu1/driver/cpu0/node0/cpu2/driver/cpu4/firmware_node/subsystem/devices/device:02/physical_node/firmware_node/PNP0303:00/subsystem/devices/LNXSYSTM:00/power HTTP/1.1" 200 3328 "-" "Amazon CloudFront"
64.252.72.105 - - [23/Sep/2026:12:02:21 +0000] "GET /?path=/run/udev HTTP/1.1" 200 2961 "-" "Amazon CloudFront"
64.252.71.228 - - [23/Sep/2026:12:02:21 +0000] "GET /prizes/294520167?path=/var/www/volumes/5001db9de52a4e93beb66f3d2b4a0bfe HTTP/1.1" 200 2642 "-" "Amazon CloudFront"
64.252.67.137 - - [23/Sep/2026:12:02:23 +0000] "GET /?path=//sys/class/thermal/cooling_device3/device/physical_node/node0/cpu1/driver/cpu0/node0/cpu2/driver/cpu6/subsystem/devices/cpu2/subsystem/devices/cpu5/firmware_node/thermal_cooling/device/physical_node/cache HTTP/1.1" 200 3331 "-" "Amazon CloudFront"
64.252.71.228 - - [23/Sep/2026:12:02:26 +0000] "GET /prizes/90167288?fileloc=/lib64/libgdbm.so.4.0.0&path=/lib64 HTTP/1.1" 200 2548 "-" "Amazon CloudFront"
64.252.66.61 - - [23/Sep/2026:12:02:27 +0000] "GET /?path=//sys/bus/acpi/devices/LNXCPU:06/physical_node/node0/memory21/node0/cpu1/driver/cpu2/firmware_node/thermal_cooling/subsystem/cooling_device0/device/physical_node/driver/cpu0/firmware_node/thermal_cooling/subsystem/cooling_device4/device HTTP/1.1" 200 3539 "-" "Amazon CloudFront"
64.252.69.209 - - [23/Sep/2026:12:02:31 +0000] "GET /?path=//sys/class/thermal/cooling_device3/device/physical_node/node0/cpu1/driver/cpu0/node0/cpu2/driver/cpu7/firmware_node/subsystem/devices/PNP0501:00/subsystem/devices/LNXCPU:06/physical_node/cache/power HTTP/1.1" 200 3331 "-" "Amazon CloudFront"
64.252.69.95 - - [23/Sep/2026:12:02:35 +0000] "GET /?path=//sys/bus/acpi/devices/LNXCPU:06/physical_node/node0/memory21/node0/cpu1/driver/cpu2/firmware_node/thermal_cooling/device/subsystem/devices/device:07/physical_node/net/eth0/device/driver/module/holders HTTP/1.1" 200 2834 "-" "Amazon CloudFront"
64.252.66.61 - - [23/Sep/2026:12:02:39 +0000] "GET /?path=//sys/class/thermal/cooling_device3/device/physical_node/node0/cpu1/driver/cpu0/node0/cpu2/driver/cpu7/firmware_node/subsystem/devices/PNP0A03:00/device:18/subsystem/devices/PNP0A03:00/device:06/physical_node/nvme HTTP/1.1" 200 3100 "-" "Amazon CloudFront"
64.252.69.95 - - [23/Sep/2026:12:02:44 +0000] "GET /?path=//sys/class/thermal/cooling_device3/device/physical_node/node0/cpu1/driver/cpu0/node0/cpu2/driver/cpu1/firmware_node/subsystem/devices/LNXSYBUS:00/subsystem/devices/LNXPWRBN:00/input/input3/device/input HTTP/1.1" 200 3103 "-" "Amazon CloudFront"
64.252.67.137 - - [23/Sep/2026:12:02:47 +0000] "GET /?path=//sys/bus/acpi/devices/LNXCPU:06/physical_node/node0/memory21/node0/cpu1/driver/cpu2/driver/cpu4/subsystem/devices/cpu5/firmware_node/thermal_cooling/device/physical_node/firmware_node/thermal_cooling/subsystem/cooling_device4/power HTTP/1.1" 200 3325 "-" "Amazon CloudFront"
64.252.66.61 - - [23/Sep/2026:12:02:51 +0000] "GET /?path=//sys/class/thermal/cooling_device3/device/physical_node/node0/cpu1/driver/cpu0/node0/cpu2/driver/cpu7/firmware_node/subsystem/devices/PNP0A03:00/device:18/subsystem/devices/PNP0A03:00/device:06/physical_node/msi_irqs HTTP/1.1" 200 3164 "-" "Amazon CloudFront"
64.252.69.95 - - [23/Sep/2026:12:02:55 +0000] "GET /?path=//sys/bus/acpi/devices/LNXCPU:06/physical_node/node0/memory21/node0/cpu1/driver/cpu2/subsystem/drivers/processor/cpu5/firmware_node/physical_node/driver/cpu2/subsystem/devices/cpu4/cache HTTP/1.1" 200 3331 "-" "Amazon CloudFront"
64.252.67.137 - - [23/Sep/2026:12:02:59 +0000] "GET /?path=//sys/class/thermal/cooling_device3/device/physical_node/node0/cpu1/driver/cpu0/node0/cpu2/driver/cpu7/firmware_node/subsystem/devices/device:02/PNP0501:00/physical_node/firmware_node/subsystem/devices/LNXSYSTM:00/LNXSYBUS:00/LNXCPU:02/thermal_cooling/device/thermal_cooling HTTP/1.1" 200 3501 "-" "Amazon CloudFront"
64.252.67.137 - - [23/Sep/2026:12:03:03 +0000] "GET /?path=//sys/class/thermal/cooling_device3/device/physical_node/node0/cpu1/driver/cpu0/node0/cpu2/driver/cpu1/firmware_node/subsystem/devices/device:01/subsystem/devices/LNXCPU:02/thermal_cooling/power HTTP/1.1" 200 3314 "-" "Amazon CloudFront"
64.252.69.95 - - [23/Sep/2026:12:03:07 +0000] "GET /?path=//sys/bus/acpi/devices/LNXCPU:06/physical_node/node0/memory21/node0/cpu1/driver/cpu2/driver/cpu4/subsystem/drivers/processor/cpu3/firmware_node/physical_node/firmware_node/thermal_cooling/device/thermal_cooling/device/power HTTP/1.1" 200 3322 "-" "Amazon CloudFront"
64.252.67.137 - - [23/Sep/2026:12:03:11 +0000] "GET /?path=//sys/bus/acpi/devices/LNXCPU:06/physical_node/node0/memory21/node0/cpu1/driver/cpu2/firmware_node/thermal_cooling/device/physical_node/subsystem/devices/cpu5/subsystem/drivers/processor/cpu0/driver/cpu5/cache HTTP/1.1" 200 3369 "-" "Amazon CloudFront"
64.252.69.209 - - [23/Sep/2026:12:03:15 +0000] "GET /?path=//sys/class/thermal/cooling_device3/device/physical_node/node0/cpu1/driver/cpu0/node0/cpu2/driver/cpu5/firmware_node/physical_node/subsystem/drivers/processor/cpu2/subsystem/drivers/processor/cpu6/topology HTTP/1.1" 200 3339 "-" "Amazon CloudFront"
64.252.69.209 - - [23/Sep/2026:12:03:19 +0000] "GET /?path=//sys/bus/acpi/devices/LNXCPU:06/physical_node/node0/memory21/node0/cpu1/driver/cpu2/subsystem/drivers/processor/cpu4/driver/cpu4/subsystem/drivers/processor/cpu3/cache/index0 HTTP/1.1" 200 3652 "-" "Amazon CloudFront"
64.252.66.61 - - [23/Sep/2026:12:03:23 +0000] "GET /?path=//sys/class/thermal/cooling_device3/device/physical_node/node0/cpu1/driver/cpu0/node0/cpu2/driver/cpu1/firmware_node/subsystem/devices/LNXSYBUS:00/PNP0A03:00/physical_node/firmware_node/device:04/subsystem/devices/LNXCPU:04/thermal_cooling/device/thermal_cooling/power HTTP/1.1" 200 3397 "-" "Amazon CloudFront"
64.252.67.137 - - [23/Sep/2026:12:03:27 +0000] "GET /?path=//sys/class/thermal/cooling_device3/device/physical_node/node0/cpu1/driver/cpu0/node0/cpu2/driver/cpu7/firmware_node/subsystem/devices/PNP0A03:00/device:02/PNP0501:00/subsystem/devices/LNXSYBUS:00/LNXCPU:06/physical_node/firmware_node HTTP/1.1" 200 3566 "-" "Amazon CloudFront"
64.252.69.95 - - [23/Sep/2026:12:03:31 +0000] "GET /?path=//sys/class/thermal/cooling_device3/device/physical_node/node0/cpu1/driver/cpu0/node0/cpu2/driver/cpu0/firmware_node/subsystem/devices/PNP0A03:00/physical_node/firmware_node/device:0f/subsystem/devices/device:02/PNP0303:00/power HTTP/1.1" 200 3334 "-" "Amazon CloudFront"
64.252.67.137 - - [23/Sep/2026:12:03:35 +0000] "GET /?path=//sys/bus/acpi/devices/LNXCPU:06/physical_node/node0/memory21/node0/cpu1/driver/cpu2/firmware_node/thermal_cooling/device/subsystem/drivers/button/LNXSLPBN:00/driver/LNXSLPBN:00/input/input4/subsystem/event1/device HTTP/1.1" 200 3613 "-" "Amazon CloudFront"
64.252.69.209 - - [23/Sep/2026:12:03:39 +0000] "GET /?path=//sys/class/thermal/cooling_device3/device/physical_node/node0/cpu1/driver/cpu0/node0/cpu2/driver/cpu6/firmware_node/subsystem/devices/PNP0A03:00/subsystem/devices/LNXSYBUS:00/LNXCPU:00/thermal_cooling/device/physical_node/firmware_node/thermal_cooling/power HTTP/1.1" 200 3381 "-" "Amazon CloudFront"
64.252.69.95 - - [23/Sep/2026:12:03:41 +0000] "GET /?path=//sys/class/thermal/cooling_device1/subsystem/cooling_device7/device/subsystem/devices/PNP0A03:00/device:12/subsystem/devices/device:1a/subsystem/devices/PNP0A03:00/device:06/subsystem/devices/device:13/subsystem/devices/LNXCPU:05/physical_node/driver/cpu5/driver/cpu7/driver/cpu5/driver/cpu5/node0/memory1/node0/memory20/node0/cpu0/node0/memory30/node0/memory15/node0/cpu4/firmware_node/subsystem/devices/device:1a/power HTTP/1.1" 200 3648 "-" "Amazon CloudFront"
64.252.66.61 - - [23/Sep/2026:12:03:43 +0000] "GET /?path=//sys/class/thermal/cooling_device3/device/physical_node/node0/cpu1/driver/cpu0/node0/cpu2/driver/cpu7/subsystem/drivers/processor/cpu4/firmware_node/physical_node/firmware_node/thermal_cooling/subsystem/cooling_device5/device/power HTTP/1.1" 200 3326 "-" "Amazon CloudFront"
64.252.69.95 - - [23/Sep/2026:12:03:47 +0000] "GET /?path=//sys/class/thermal/cooling_device3/device/physical_node/node0/cpu1/driver/cpu0/node0/cpu2/driver/cpu0/firmware_node/subsystem/devices/PNP0A03:00/device:15/subsystem/devices/LNXSYSTM:00/LNXSYBUS:00/LNXCPU:06/physical_node/firmware_node HTTP/1.1" 200 3562 "-" "Amazon CloudFront"
64.252.66.61 - - [23/Sep/2026:12:03:51 +0000] "GET /?path=//sys/class/thermal/cooling_device3/device/physical_node/node0/cpu1/driver/cpu0/node0/cpu2/driver/cpu0/firmware_node/subsystem/devices/LNXSYBUS:00/PNP0A03:00/physical_node/pci_bus/0000:00/device/0000:00:01.0/subsystem/drivers/nvme/0000:00:1f.0/firmware_node HTTP/1.1" 200 3535 "-" "Amazon CloudFront"
64.252.120.98 - - [23/Sep/2026:12:03:53 +0000] "GET /?fileloc=//usr/share/doc/freetds-1.1.20/images/note.gif&path=//usr/share/doc/freetds-1.1.20/images HTTP/1.1" 200 2592 "-" "Amazon CloudFront"
64.252.66.61 - - [23/Sep/2026:12:03:55 +0000] "GET /?path=//sys/class/thermal/cooling_device3/device/physical_node/node0/cpu1/driver/cpu0/node0/cpu2/driver/cpu6/firmware_node/subsystem/devices/PNP0A03:00/device:21/subsystem/devices/PNP0A03:00/device:20/physical_node/firmware_node/power HTTP/1.1" 200 3326 "-" "Amazon CloudFront"
64.252.69.209 - - [23/Sep/2026:12:03:59 +0000] "GET /?path=//sys/class/thermal/cooling_device3/device/physical_node/node0/cpu1/driver/cpu0/node0/cpu2/driver/cpu0/firmware_node/subsystem/devices/PNP0A03:00/device:15/subsystem/devices/LNXSYSTM:00/LNXSYBUS:00/LNXCPU:06/physical_node/cache HTTP/1.1" 200 3360 "-" "Amazon CloudFront"
64.252.69.95 - - [23/Sep/2026:12:04:03 +0000] "GET /?path=//sys/class/thermal/cooling_device3/device/physical_node/node0/cpu1/driver/cpu0/node0/cpu2/driver/cpu6/firmware_node/subsystem/devices/device:1b/subsystem/devices/device:16/power HTTP/1.1" 200 3297 "-" "Amazon CloudFront"
64.252.120.98 - - [23/Sep/2026:12:04:04 +0000] "GET /?fileloc=//usr/share/doc/freetds-1.1.20/images/important.gif&path=//usr/share/doc/freetds-1.1.20/images HTTP/1.1" 200 2595 "-" "Amazon CloudFront"
64.252.67.137 - - [23/Sep/2026:12:04:07 +0000] "GET /?path=//sys/class/thermal/cooling_device3/device/physical_node/node0/cpu1/driver/cpu0/node0/cpu2/driver/cpu7/subsystem/devices/cpu7/firmware_node/subsystem/devices/PNP0A03:00/physical_node/pci_bus/0000:00/device/0000:00:01.0/firmware_node/PNP0501:01 HTTP/1.1" 200 3489 "-" "Amazon CloudFront"
64.252.67.137 - - [23/Sep/2026:12:04:08 +0000] "GET /?path=//sys/class/thermal/cooling_device1/subsystem/cooling_device7/device/subsystem/devices/PNP0A03:00/device:12/subsystem/devices/device:1a/subsystem/devices/PNP0A03:00/device:06/subsystem/devices/device:13/subsystem/devices/LNXCPU:05/physical_node/driver/cpu5/driver/cpu4/node0/memory0/node0/memory15/node0/cpu4/node0/cpu0/node0/memory30/node0/memory17/node0/memory8/node0/memory23/node0/memory14/node0/cpu4/hotplug HTTP/1.1" 200 3500 "-" "Amazon CloudFront"
64.252.66.61 - - [23/Sep/2026:12:04:11 +0000] "GET /?path=//sys/class/thermal/cooling_device3/device/physical_node/node0/cpu1/driver/cpu0/node0/cpu2/driver/cpu0/firmware_node/subsystem/devices/LNXSYBUS:00/PNP0A03:00/physical_node/pci_bus/0000:00/device/0000:00:01.3/firmware_node/subsystem/devices/PNP0A03:00/device:0d HTTP/1.1" 200 3500 "-" "Amazon CloudFront"
64.252.120.98 - - [23/Sep/2026:12:04:13 +0000] "GET /?fileloc=//usr/share/doc/freetds-1.1.20/images/warning.gif&path=//usr/share/doc/freetds-1.1.20/images HTTP/1.1" 200 2595 "-" "Amazon CloudFront"
64.252.66.61 - - [23/Sep/2026:12:04:15 +0000] "GET /?path=//sys/bus/acpi/devices/LNXCPU:06/physical_node/node0/memory21/node0/cpu1/driver/cpu2/subsystem/drivers/processor/cpu7/firmware_node/thermal_cooling/device/physical_node/driver/cpu3/firmware_node/power HTTP/1.1" 200 3333 "-" "Amazon CloudFront"
64.252.69.209 - - [23/Sep/2026:12:04:19 +0000] "GET /?path=//sys/class/thermal/cooling_device3/device/physical_node/node0/cpu1/driver/cpu0/node0/cpu2/driver/cpu0/firmware_node/thermal_cooling/device/physical_node/firmware_node/subsystem/devices/LNXSYSTM:00/LNXSYBUS:00/PNP0A03:00/device:21/subsystem/drivers/tpm_crb HTTP/1.1" 200 3274 "-" "Amazon CloudFront"
64.252.120.98 - - [23/Sep/2026:12:04:21 +0000] "GET /?fileloc=//usr/share/doc/freetds-1.1.20/images/index.html&path=//usr/share/doc/freetds-1.1.20/images HTTP/1.1" 200 3371 "-" "Amazon CloudFront"
64.252.69.95 - - [23/Sep/2026:12:04:23 +0000] "GET /?path=//sys/class/thermal/cooling_device3/device/physical_node/node0/cpu1/driver/cpu0/node0/cpu2/driver/cpu1/firmware_node/subsystem/devices/device:10/subsystem/devices/LNXSYBUS:00/LNXCPU:05/power HTTP/1.1" 200 3316 "-" "Amazon CloudFront"
64.252.66.61 - - [23/Sep/2026:12:04:27 +0000] "GET /?path=//sys/bus/acpi/devices/LNXCPU:06/physical_node/node0/memory21/node0/cpu1/driver/cpu2/driver/cpu1/firmware_node/physical_node/subsystem/drivers/processor/cpu7/firmware_node/subsystem/devices/LNXCPU:06 HTTP/1.1" 200 3540 "-" "Amazon CloudFront"
64.252.69.95 - - [23/Sep/2026:12:04:28 +0000] "GET /?p=7546 HTTP/1.1" 200 4265 "-" "Amazon CloudFront"
64.252.67.137 - - [23/Sep/2026:12:04:31 +0000] "GET /?path=//sys/bus/acpi/devices/LNXCPU:06/physical_node/node0/memory21/node0/cpu1/driver/cpu2/firmware_node/thermal_cooling/device/subsystem/devices/LNXSYBUS:00/LNXCPU:06/subsystem/drivers/button/LNXPWRBN:00/input HTTP/1.1" 200 3112 "-" "Amazon CloudFront"
64.252.118.206 - - [23/Sep/2026:12:04:33 +0000] "GET /?fileloc=//usr/share/doc/freetds-1.1.20/images/tip.gif&path=//usr/share/doc/freetds-1.1.20/images HTTP/1.1" 200 2592 "-" "Amazon CloudFront"
64.252.69.209 - - [23/Sep/2026:12:04:35 +0000] "GET /?path=//sys/class/thermal/cooling_device3/device/physical_node/node0/cpu1/driver/cpu0/node0/cpu2/driver/cpu0/firmware_node/thermal_cooling/device/physical_node/firmware_node/subsystem/devices/device:18/subsystem/devices/device:02/PNP0303:00 HTTP/1.1" 200 3464 "-" "Amazon CloudFront"
64.252.69.209 - - [23/Sep/2026:12:04:39 +0000] "GET /?path=//sys/bus/acpi/devices/LNXCPU:06/physical_node/node0/memory21/node0/cpu1/driver/cpu2/firmware_node/subsystem/devices/LNXSYSTM:00/LNXSYBUS:00/PNP0A03:00/device:06/physical_node/nvme/nvme0/subsystem/nvme2/power HTTP/1.1" 200 3345 "-" "Amazon CloudFront"
64.252.69.95 - - [23/Sep/2026:12:04:43 +0000] "GET /?path=//sys/class/thermal/cooling_device3/device/physical_node/node0/cpu1/driver/cpu0/node0/cpu2/driver/cpu0/firmware_node/thermal_cooling/device/physical_node/firmware_node/subsystem/devices/device:21/subsystem/devices/LNXSYSTM:00/LNXSLPBN:00 HTTP/1.1" 200 3425 "-" "Amazon CloudFront"
64.252.118.206 - - [23/Sep/2026:12:04:43 +0000] "GET /?path=//usr/share/doc/freetds-1.1.20/images/callouts HTTP/1.1" 200 3292 "-" "Amazon CloudFront"
64.252.67.137 - - [23/Sep/2026:12:04:47 +0000] "GET /?path=//sys/bus/acpi/devices/LNXCPU:06/physical_node/node0/memory21/node0/cpu1/driver/cpu2/firmware_node/thermal_cooling/device/physical_node/driver/cpu2/subsystem/devices/cpu6/subsystem/drivers/processor/cpu1/firmware_node HTTP/1.1" 200 3539 "-" "Amazon CloudFront"
64.252.69.209 - - [23/Sep/2026:12:04:51 +0000] "GET /?path=//sys/bus/acpi/devices/LNXCPU:06/physical_node/node0/memory21/node0/cpu1/driver/cpu2/subsystem/devices/cpu0/firmware_node/thermal_cooling/subsystem/cooling_device6/device/physical_node/driver/cpu6/power HTTP/1.1" 200 3399 "-" "Amazon CloudFront"
64.252.69.95 - - [23/Sep/2026:12:04:55 +0000] "GET /?path=//sys/class/thermal/cooling_device3/device/physical_node/node0/cpu1/driver/cpu0/node0/cpu2/driver/cpu7/firmware_node/subsystem/devices/PNP0A03:00/device:05/subsystem/devices/LNXCPU:02/physical_node/firmware_node HTTP/1.1" 200 3532 "-" "Amazon CloudFront"
64.252.120.98 - - [23/Sep/2026:12:04:56 +0000] "GET /?fileloc=//usr/share/doc/freetds-1.1.20/images/caution.gif&path=//usr/share/doc/freetds-1.1.20/images HTTP/1.1" 200 2593 "-" "Amazon CloudFront"
64.252.66.61 - - [23/Sep/2026:12:04:59 +0000] "GET /?path=//sys/class/thermal/cooling_device3/device/physical_node/node0/cpu1/driver/cpu0/node0/cpu2/driver/cpu4/firmware_node/subsystem/devices/LNXCPU:04/subsystem/devices/LNXSYSTM:00/LNXSYBUS:00/PNP0A03:00/device:0e/power HTTP/1.1" 200 3341 "-" "Amazon CloudFront"
64.252.66.61 - - [23/Sep/2026:12:05:03 +0000] "GET /?path=//sys/class/thermal/cooling_device3/device/physical_node/node0/cpu1/driver/cpu0/node0/cpu2/driver/cpu0/firmware_node/thermal_cooling/device/subsystem/devices/LNXCPU:05/subsystem/devices/device:19/power HTTP/1.1" 200 3326 "-" "Amazon CloudFront"
64.252.67.137 - - [23/Sep/2026:12:05:07 +0000] "GET /?path=//sys/bus/acpi/devices/LNXCPU:06/physical_node/node0/memory21/node0/cpu1/driver/cpu2/subsystem/devices/cpu1/driver/cpu3/firmware_node/physical_node/power HTTP/1.1" 200 3333 "-" "Amazon CloudFront"
64.252.69.95 - - [23/Sep/2026:12:05:11 +0000] "GET /?path=//sys/class/thermal/cooling_device3/device/physical_node/node0/cpu1/driver/cpu0/node0/cpu2/driver/cpu4/firmware_node/subsystem/devices/device:02/physical_node/firmware_node/QEMU0001:00/subsystem/devices/device:1a/power HTTP/1.1" 200 3323 "-" "Amazon CloudFront"
64.252.69.95 - - [23/Sep/2026:12:05:15 +0000] "GET /?path=//sys/class/thermal/cooling_device3/device/physical_node/node0/memory28/node0/cpu5/firmware_node/subsystem/devices/PNP0A03:00/physical_node/pci_bus/0000:00/device/0000:00:1f.0/driver/module/drivers/pci:nvme/0000:00:1e.0/driver/0000:00:1f.0/nvme/nvme2/nvme2n1/holders/md0/slaves/nvme1n1/holders/md0/md/dev-nvme1n1/block/subsystem/nvme1n1/bdi HTTP/1.1" 200 3685 "-" "Amazon CloudFront"
64.252.69.209 - - [23/Sep/2026:12:05:19 +0000] "GET /?path=//sys/class/thermal/cooling_device3/device/physical_node/node0/cpu1/driver/cpu0/node0/cpu2/driver/cpu0/firmware_node/thermal_cooling/device/physical_node/firmware_node/subsystem/devices/device:21/subsystem/devices/LNXSYSTM:00/LNXPWRBN:00 HTTP/1.1" 200 3426 "-" "Amazon CloudFront"
64.252.75.242 - - [23/Sep/2026:12:05:21 +0000] "GET /sitemap408.xml?path=%2Fvar%2Fcache%2Fman%2Fda HTTP/1.1" 200 3039 "-" "Amazon CloudFront"
64.252.75.242 - - [23/Sep/2026:12:05:21 +0000] "GET /sitemap408.xml?path=%2Fvar%2Fcache%2Fman%2Fca HTTP/1.1" 200 3009 "-" "Amazon CloudFront"
64.252.74.114 - - [23/Sep/2026:12:05:21 +0000] "GET /sitemap408.xml?path=%2Fvar%2Fcache%2Fman%2Fcs HTTP/1.1" 200 3101 "-" "Amazon CloudFront"
64.252.74.114 - - [23/Sep/2026:12:05:21 +0000] "GET /sitemap408.xml?fileloc=%2Fvar%2Frun%2Fcloud-init%2Finstance-data-sensitive.json&path=%2Fvar%2Frun%2Fcloud-init HTTP/1.1" 200 2579 "-" "Amazon CloudFront"
64.252.75.242 - - [23/Sep/2026:12:05:21 +0000] "GET /sitemap408.xml?fileloc=%2Fvar%2Frun%2Fcloud-init%2Finstance-data.json&path=%2Fvar%2Frun%2Fcloud-init HTTP/1.1" 200 6117 "-" "Amazon CloudFront"
64.252.75.242 - - [23/Sep/2026:12:05:22 +0000] "GET /sitemap408.xml?path=%2Fvar%2Fcache%2Fman%2Fpl HTTP/1.1" 200 3079 "-" "Amazon CloudFront"
64.252.76.84 - - [23/Sep/2026:12:05:21 +0000] "GET /sitemap408.xml?path=%2Fvar%2Fcache%2Fman%2Fde HTTP/1.1" 200 3074 "-" "Amazon CloudFront"
64.252.76.84 - - [23/Sep/2026:12:05:22 +0000] "GET /sitemap408.xml?path=%2Fvar%2Fcache%2Fman%2Ftr HTTP/1.1" 200 3079 "-" "Amazon CloudFront"
64.252.76.84 - - [23/Sep/2026:12:05:22 +0000] "GET /sitemap408.xml?path=%2Fvar%2Fcache%2Fman%2Fko HTTP/1.1" 200 3010 "-" "Amazon CloudFront"
64.252.74.114 - - [23/Sep/2026:12:05:22 +0000] "GET /sitemap408.xml?path=%2Fvar%2Fcache%2Fman%2Fit HTTP/1.1" 200 3117 "-" "Amazon CloudFront"
64.252.74.114 - - [23/Sep/2026:12:05:22 +0000] "GET /sitemap408.xml?path=%2Fvar%2Frun%2Flock HTTP/1.1" 200 2947 "-" "Amazon CloudFront"
64.252.76.84 - - [23/Sep/2026:12:05:22 +0000] "GET /sitemap408.xml?path=%2Fvar%2Frun%2Flog HTTP/1.1" 200 2608 "-" "Amazon CloudFront"
64.252.74.114 - - [23/Sep/2026:12:05:22 +0000] "GET /sitemap408.xml?path=%2Fvar%2Fcache%2Fman%2Fpt HTTP/1.1" 200 3011 "-" "Amazon CloudFront"
64.252.74.114 - - [23/Sep/2026:12:05:22 +0000] "GET /sitemap408.xml?path=%2Fvar%2Fcache%2Fman%2Fes HTTP/1.1" 200 3080 "-" "Amazon CloudFront"
64.252.75.242 - - [23/Sep/2026:12:05:23 +0000] "GET /sitemap408.xml?path=%2Fvar%2Fcache%2Fman%2Fja HTTP/1.1" 200 3081 "-" "Amazon CloudFront"
64.252.75.242 - - [23/Sep/2026:12:05:23 +0000] "GET /sitemap408.xml?path=%2Fvar%2Flib%2Fsystemd HTTP/1.1" 200 2993 "-" "Amazon CloudFront"
64.252.75.242 - - [23/Sep/2026:12:05:23 +0000] "GET /sitemap408.xml?path=%2Fvar%2Frun%2Fdbus HTTP/1.1" 200 2609 "-" "Amazon CloudFront"
64.252.74.114 - - [23/Sep/2026:12:05:23 +0000] "GET /sitemap408.xml?path=%2Fvar%2Frun%2Fsetrans HTTP/1.1" 200 2610 "-" "Amazon CloudFront"
64.252.76.84 - - [23/Sep/2026:12:05:23 +0000] "GET /sitemap408.xml?path=%2Fvar%2Fcache%2Fman%2Fid HTTP/1.1" 200 3011 "-" "Amazon CloudFront"
64.252.74.114 - - [23/Sep/2026:12:05:23 +0000] "GET /sitemap408.xml?path=%2Fvar%2Fcache%2Fman%2Fuk HTTP/1.1" 200 3010 "-" "Amazon CloudFront"
64.252.76.84 - - [23/Sep/2026:12:05:23 +0000] "GET /sitemap408.xml?path=%2Fvar%2Flib%2Fmisc HTTP/1.1" 200 2890 "-" "Amazon CloudFront"
64.252.69.209 - - [23/Sep/2026:12:05:23 +0000] "GET /?path=//sys/bus/acpi/devices/LNXCPU:06/physical_node/node0/memory21/node0/cpu1/driver/cpu2/driver/cpu4/subsystem/drivers/processor/cpu1/firmware_node/subsystem/devices/LNXSYSTM:00/LNXSYBUS:00/power HTTP/1.1" 200 3322 "-" "Amazon CloudFront"
64.252.76.84 - - [23/Sep/2026:12:05:23 +0000] "GET /sitemap408.xml?path=%2Fvar%2Fcache%2Fman%2Ffr HTTP/1.1" 200 3116 "-" "Amazon CloudFront"
64.252.76.84 - - [23/Sep/2026:12:05:23 +0000] "GET /sitemap408.xml?path=%2Fvar%2Fcache%2Fyum HTTP/1.1" 200 2858 "-" "Amazon CloudFront"
64.252.74.114 - - [23/Sep/2026:12:05:24 +0000] "GET /sitemap408.xml?path=%2Fvar%2Fspool%2Fat HTTP/1.1" 200 2608 "-" "Amazon CloudFront"
64.252.74.114 - - [23/Sep/2026:12:05:24 +0000] "GET /sitemap408.xml?path=%2Fvar%2Frun%2Fudev HTTP/1.1" 200 2926 "-" "Amazon CloudFront"
64.252.74.114 - - [23/Sep/2026:12:05:24 +0000] "GET /sitemap408.xml?path=%2Fvar%2Fcache%2Fman%2Flocal HTTP/1.1" 200 3230 "-" "Amazon CloudFront"
64.252.75.242 - - [23/Sep/2026:12:05:24 +0000] "GET /sitemap408.xml?path=%2Fvar%2Fcache%2Fman%2Fcat3 HTTP/1.1" 200 2618 "-" "Amazon CloudFront"
64.252.75.242 - - [23/Sep/2026:12:05:24 +0000] "GET /sitemap408.xml?path=%2Fvar%2Fcache%2Fman%2Fru HTTP/1.1" 200 3118 "-" "Amazon CloudFront"
64.252.75.242 - - [23/Sep/2026:12:05:24 +0000] "GET /sitemap408.xml?path=%2Fvar%2Fcache%2Fman%2Fcat4 HTTP/1.1" 200 2618 "-" "Amazon CloudFront"
64.252.75.242 - - [23/Sep/2026:12:05:24 +0000] "GET /sitemap408.xml?path=%2Fvar%2Flib%2Fgssproxy HTTP/1.1" 200 2909 "-" "Amazon CloudFront"
64.252.75.242 - - [23/Sep/2026:12:05:24 +0000] "GET /sitemap408.xml?path=%2Fvar%2Fcache%2Fman%2Fcat7 HTTP/1.1" 200 2618 "-" "Amazon CloudFront"
64.252.75.242 - - [23/Sep/2026:12:05:24 +0000] "GET /sitemap408.xml?path=%2Fvar%2Fspool%2Fmail HTTP/1.1" 200 3461 "-" "Amazon CloudFront"
64.252.74.114 - - [23/Sep/2026:12:05:25 +0000] "GET /sitemap408.xml?path=%2Fvar%2Fspool%2Flpd HTTP/1.1" 200 2609 "-" "Amazon CloudFront"
64.252.76.84 - - [23/Sep/2026:12:05:25 +0000] "GET /sitemap408.xml?path=%2Fvar%2Fcache%2Fman%2Fcat5 HTTP/1.1" 200 2618 "-" "Amazon CloudFront"
64.252.76.84 - - [23/Sep/2026:12:05:25 +0000] "GET /sitemap408.xml?path=%2Fvar%2Fcache%2Fman%2Fcat8 HTTP/1.1" 200 2618 "-" "Amazon CloudFront"
64.252.76.84 - - [23/Sep/2026:12:05:25 +0000] "GET /sitemap408.xml?path=%2Fvar%2Fcache%2Fman%2Fcat9 HTTP/1.1" 200 2618 "-" "Amazon CloudFront"
64.252.74.114 - - [23/Sep/2026:12:05:25 +0000] "GET /sitemap408.xml?path=%2Fvar%2Fcache%2Fman%2Fen HTTP/1.1" 200 3143 "-" "Amazon CloudFront"
64.252.74.114 - - [23/Sep/2026:12:05:25 +0000] "GET /sitemap408.xml?path=%2Fvar%2Flib%2Famazon HTTP/1.1" 200 2861 "-" "Amazon CloudFront"
64.252.75.242 - - [23/Sep/2026:12:05:25 +0000] "GET /sitemap408.xml?path=%2Fvar%2Fspool%2Fcron HTTP/1.1" 200 2609 "-" "Amazon CloudFront"
64.252.75.242 - - [23/Sep/2026:12:05:25 +0000] "GET /sitemap408.xml?path=%2Fvar%2Flog%2Fsa HTTP/1.1" 200 4301 "-" "Amazon CloudFront"
64.252.74.114 - - [23/Sep/2026:12:05:25 +0000] "GET /sitemap408.xml?path=%2Fvar%2Fcache%2Fman%2Fcat6 HTTP/1.1" 200 2618 "-" "Amazon CloudFront"
64.252.74.114 - - [23/Sep/2026:12:05:26 +0000] "GET /sitemap408.xml?path=%2Fvar%2Frun%2Ffaillock HTTP/1.1" 200 2612 "-" "Amazon CloudFront"
64.252.76.84 - - [23/Sep/2026:12:05:26 +0000] "GET /sitemap408.xml?path=%2Fvar%2Flog%2Faudit HTTP/1.1" 200 2611 "-" "Amazon CloudFront"
64.252.74.114 - - [23/Sep/2026:12:05:26 +0000] "GET /sitemap408.xml?path=%2Fvar%2Flib%2Fpostfix HTTP/1.1" 200 2610 "-" "Amazon CloudFront"
64.252.76.84 - - [23/Sep/2026:12:05:26 +0000] "GET /sitemap408.xml?path=%2Fvar%2Fcache%2Fman%2Fcat1 HTTP/1.1" 200 2618 "-" "Amazon CloudFront"
64.252.74.114 - - [23/Sep/2026:12:05:26 +0000] "GET /sitemap408.xml?fileloc=%2Fvar%2Frun%2Fcloud-init%2F.instance-id&path=%2Fvar%2Frun%2Fcloud-init HTTP/1.1" 200 2585 "-" "Amazon CloudFront"
64.252.74.114 - - [23/Sep/2026:12:05:26 +0000] "GET /sitemap408.xml?path=%2Fvar%2Flog%2Fmail HTTP/1.1" 200 2883 "-" "Amazon CloudFront"
64.252.76.84 - - [23/Sep/2026:12:05:26 +0000] "GET /sitemap408.xml?path=%2Fvar%2Frun%2Fnetreport HTTP/1.1" 200 2611 "-" "Amazon CloudFront"
64.252.75.242 - - [23/Sep/2026:12:05:26 +0000] "GET /sitemap408.xml?path=%2Fvar%2Flib%2Finitramfs HTTP/1.1" 200 2612 "-" "Amazon CloudFront"
64.252.75.242 - - [23/Sep/2026:12:05:27 +0000] "GET /sitemap408.xml?path=%2Fvar%2Frun%2Fsepermit HTTP/1.1" 200 2611 "-" "Amazon CloudFront"
64.252.75.242 - - [23/Sep/2026:12:05:27 +0000] "GET /sitemap408.xml?path=%2Fvar%2Fcache%2Fman%2Fsv HTTP/1.1" 200 3117 "-" "Amazon CloudFront"
64.252.75.242 - - [23/Sep/2026:12:05:27 +0000] "GET /sitemap408.xml?path=%2Fvar%2Fspool%2Fanacron HTTP/1.1" 200 2969 "-" "Amazon CloudFront"
64.252.74.114 - - [23/Sep/2026:12:05:27 +0000] "GET /sitemap408.xml?path=%2Fvar%2Fcache%2Fman%2Fcat2 HTTP/1.1" 200 2618 "-" "Amazon CloudFront"
64.252.74.114 - - [23/Sep/2026:12:05:27 +0000] "GET /sitemap408.xml?path=%2Fvar%2Flib%2Fstateless HTTP/1.1" 200 2901 "-" "Amazon CloudFront"
64.252.76.84 - - [23/Sep/2026:12:05:27 +0000] "GET /sitemap408.xml?fileloc=%2Fvar%2Frun%2Fcloud-init%2Fenabled&path=%2Fvar%2Frun%2Fcloud-init HTTP/1.1" 200 2564 "-" "Amazon CloudFront"
64.252.66.61 - - [23/Sep/2026:12:05:27 +0000] "GET /?path=//sys/class/thermal/cooling_device3/device/physical_node/node0/cpu1/driver/cpu0/node0/cpu2/driver/cpu7/firmware_node/thermal_cooling/device/subsystem/devices/LNXSYBUS:00/PNP0A03:00/device:1a/subsystem/devices/PNP0A03:00 HTTP/1.1" 200 4449 "-" "Amazon CloudFront"
