64.252.76.84 - - [23/Sep/2026:11:50:58 +0000] "GET /sitemap556.xml?fileloc=%2Fvar%2Fwww%2Fvolumes%2F69b4844ae61d4e92bf26ad98af552775%2Fwordpress%2Fwp-admin%2Fload-styles.php&path=%2Fvar%2Fwww%2Fvolumes%2F69b4844ae61d4e92bf26ad98af552775%2Fwordpress%2Fwp-admin HTTP/1.1" 200 3556 "-" "Amazon CloudFront"
64.252.76.84 - - [23/Sep/2026:11:50:58 +0000] "GET /sitemap556.xml?fileloc=%2Fvar%2Fwww%2Fvolumes%2F69b4844ae61d4e92bf26ad98af552775%2Fwordpress%2Fwp-admin%2Fpost.php&path=%2Fvar%2Fwww%2Fvolumes%2F69b4844ae61d4e92bf26ad98af552775%2Fwordpress%2Fwp-admin HTTP/1.1" 200 5343 "-" "Amazon CloudFront"
64.252.69.209 - - [23/Sep/2026:11:51:00 +0000] "GET /?fileloc=//proc/schedstat&path=//proc HTTP/1.1" 200 2893 "-" "Amazon CloudFront"
64.252.69.95 - - [23/Sep/2026:11:51:04 +0000] "GET /?fileloc=//etc/systemd/coredump.conf&path=//etc/systemd HTTP/1.1" 200 2904 "-" "Amazon CloudFront"
64.252.66.61 - - [23/Sep/2026:11:51:08 +0000] "GET /products/detail/97888278?fileloc=//sbin/addgnupghome&path=//sbin HTTP/1.1" 200 3689 "-" "Amazon CloudFront"
64.252.75.242 - - [23/Sep/2026:11:51:13 +0000] "GET /sitemap556.xml?fileloc=%2Fvar%2Fwww%2Fvolumes%2F69b4844ae61d4e92bf26ad98af552775%2Fwordpress%2Fwp-includes%2Fnav-menu-template.php&path=%2Fvar%2Fwww%2Fvolumes%2F69b4844ae61d4e92bf26ad98af552775%2Fwordpress%2Fwp-includes HTTP/1.1" 200 7852 "-" "Amazon CloudFront"
64.252.76.84 - - [23/Sep/2026:11:51:13 +0000] "GET /sitemap812.xml?fileloc=%2Fvar%2Fwww%2Fvolumes%2F69b4844ae61d4e92bf26ad98af552775%2Fwordpress%2Fwp-includes%2Fcategory.php&path=%2Fvar%2Fwww%2Fvolumes%2F69b4844ae61d4e92bf26ad98af552775%2Fwordpress%2Fwp-includes HTTP/1.1" 200 6039 "-" "Amazon CloudFront"
64.252.75.242 - - [23/Sep/2026:11:51:13 +0000] "GET /sitemap812.xml?fileloc=%2Fvar%2Fwww%2Fvolumes%2F69b4844ae61d4e92bf26ad98af552775%2Fwordpress%2Fwp-includes%2Fclass-wp-taxonomy.php&path=%2Fvar%2Fwww%2Fvolumes%2F69b4844ae61d4e92bf26ad98af552775%2Fwordpress%2Fwp-includes HTTP/1.1" 200 5174 "-" "Amazon CloudFront"
64.252.69.209 - - [23/Sep/2026:11:51:16 +0000] "GET /?fileloc=//sbin/ifcfg&path=//sbin HTTP/1.1" 200 3737 "-" "Amazon CloudFront"
64.252.69.209 - - [23/Sep/2026:11:51:16 +0000] "GET /?fileloc=//etc/logrotate.d/fa410502b12f4af780703c7492dfe955&path=//etc/logrotate.d HTTP/1.1" 200 2705 "-" "Amazon CloudFront"
64.252.72.34 - - [23/Sep/2026:11:51:19 +0000] "GET /prizes/329162066?fileloc=/var/www/volumes/69b4844ae61d4e92bf26ad98af552775/wordpress/wp-admin/user/php_errors.log&path=/var/www/volumes/69b4844ae61d4e92bf26ad98af552775/wordpress/wp-admin/user HTTP/1.1" 200 3102 "-" "Amazon CloudFront"
64.252.67.137 - - [23/Sep/2026:11:51:20 +0000] "GET /?path=//sys/class/thermal/cooling_device3/device/physical_node/node0/cpu1/driver/cpu0/node0/cpu2/driver/cpu6/firmware_node/physical_node/firmware_node/subsystem/devices/device:0b/subsystem/drivers HTTP/1.1" 200 3192 "-" "Amazon CloudFront"
64.252.72.105 - - [23/Sep/2026:11:51:21 +0000] "GET /prizes/339177379?fileloc=/bin/nohup&path=/bin HTTP/1.1" 200 2537 "-" "Amazon CloudFront"
64.252.69.95 - - [23/Sep/2026:11:51:24 +0000] "GET /?path=//sys/class/thermal/cooling_device3/device/physical_node/node0/cpu1/driver/cpu0/node0/cpu2/driver/cpu6/subsystem/drivers/processor/cpu5/firmware_node/thermal_cooling/device/physical_node/firmware_node/subsystem/devices/LNXCPU:01 HTTP/1.1" 200 3550 "-" "Amazon CloudFront"
64.252.71.228 - - [23/Sep/2026:11:51:25 +0000] "GET /products/detail/264945723?path=/var/www/volumes/d4e18b15e13f42f3847360bd9baec13b HTTP/1.1" 200 2642 "-" "Amazon CloudFront"
64.252.66.61 - - [23/Sep/2026:11:51:28 +0000] "GET /?path=//sys/class/thermal/cooling_device3/device/physical_node/node0/cpu1/driver/cpu0/node0/cpu2/driver/cpu3/subsystem/drivers/processor/cpu5/firmware_node/physical_node/firmware_node/thermal_cooling/device/subsystem/devices/LNXSYBUS:00/PNP0A03:00/device:00/power HTTP/1.1" 200 3407 "-" "Amazon CloudFront"
64.252.69.209 - - [23/Sep/2026:11:51:32 +0000] "GET /?path=//sys/class/thermal/cooling_device3/device/physical_node/node0/cpu1/driver/cpu0/node0/cpu2/driver/cpu4/firmware_node/subsystem/devices/device:02/physical_node/firmware_node/PNP0B00:00/subsystem/devices/LNXSYBUS:00/LNXCPU:07 HTTP/1.1" 200 3546 "-" "Amazon CloudFront"
64.252.74.114 - - [23/Sep/2026:11:51:35 +0000] "GET /sitemap860.xml?fileloc=%2Fvar%2Fwww%2Fvolumes%2F69b4844ae61d4e92bf26ad98af552775%2Fwordpress%2Fwp-admin%2Fadmin-ajax.php&path=%2Fvar%2Fwww%2Fvolumes%2F69b4844ae61d4e92bf26ad98af552775%2Fwordpress%2Fwp-admin HTTP/1.1" 200 4183 "-" "Amazon CloudFront"
64.252.76.84 - - [23/Sep/2026:11:51:35 +0000] "GET /sitemap556.xml?fileloc=%2Fvar%2Fwww%2Fvolumes%2F69b4844ae61d4e92bf26ad98af552775%2Fwordpress%2Fwp-includes%2Fmeta.php&path=%2Fvar%2Fwww%2Fvolumes%2F69b4844ae61d4e92bf26ad98af552775%2Fwordpress%2Fwp-includes HTTP/1.1" 200 10723 "-" "Amazon CloudFront"
64.252.74.114 - - [23/Sep/2026:11:51:35 +0000] "GET /sitemap860.xml?fileloc=%2Fvar%2Fwww%2Fvolumes%2F69b4844ae61d4e92bf26ad98af552775%2Fwordpress%2Fwp-admin%2Fhaccess.php&path=%2Fvar%2Fwww%2Fvolumes%2F69b4844ae61d4e92bf26ad98af552775%2Fwordpress%2Fwp-admin HTTP/1.1" 200 3648 "-" "Amazon CloudFront"
64.252.69.209 - - [23/Sep/2026:11:51:36 +0000] "GET /?path=//sys/class/thermal/cooling_device3/device/physical_node/node0/cpu1/driver/cpu0/node0/cpu2/driver/cpu5/subsystem/devices/cpu5/firmware_node/thermal_cooling/device/physical_node/firmware_node/subsystem/devices/LNXSYSTM:00/LNXSLPBN:00/input HTTP/1.1" 200 3120 "-" "Amazon CloudFront"
64.252.66.61 - - [23/Sep/2026:11:51:38 +0000] "GET /?path=//sys/class/thermal/cooling_device1/subsystem/cooling_device7/device/subsystem/devices/PNP0A03:00/device:12/subsystem/devices/device:1a/subsystem/devices/PNP0A03:00/device:06/subsystem/devices/device:13/subsystem/devices/LNXCPU:05/physical_node/driver/cpu5/driver/cpu4/node0/memory0/node0/memory15/subsystem/devices/memory28/node0/memory17/node0/memory18/subsystem/devices/memory11/node0/memory21/power HTTP/1.1" 200 3592 "-" "Amazon CloudFront"
64.252.69.95 - - [23/Sep/2026:11:51:40 +0000] "GET /?path=//sys/class/thermal/cooling_device3/device/physical_node/node0/cpu1/driver/cpu0/node0/cpu2/driver/cpu3/subsystem/devices/cpu5/firmware_node/subsystem/devices/LNXSYBUS:00/PNP0A03:00/physical_node/firmware_node/device:1e HTTP/1.1" 200 3432 "-" "Amazon CloudFront"
64.252.76.84 - - [23/Sep/2026:11:51:41 +0000] "GET /sitemap556.xml?fileloc=%2Fvar%2Fwww%2Fvolumes%2F69b4844ae61d4e92bf26ad98af552775%2Fwordpress%2Fwp-includes%2Fclass-walker-page.php&path=%2Fvar%2Fwww%2Fvolumes%2F69b4844ae61d4e92bf26ad98af552775%2Fwordpress%2Fwp-includes HTTP/1.1" 200 4431 "-" "Amazon CloudFront"
64.252.76.84 - - [23/Sep/2026:11:51:41 +0000] "GET /sitemap556.xml?fileloc=%2Fvar%2Fwww%2Fvolumes%2F69b4844ae61d4e92bf26ad98af552775%2Fwordpress%2Fwp-admin%2Fmoderation.php&path=%2Fvar%2Fwww%2Fvolumes%2F69b4844ae61d4e92bf26ad98af552775%2Fwordpress%2Fwp-admin HTTP/1.1" 200 2756 "-" "Amazon CloudFront"
64.252.75.242 - - [23/Sep/2026:11:51:41 +0000] "GET /sitemap556.xml?fileloc=%2Fvar%2Fwww%2Fvolumes%2F69b4844ae61d4e92bf26ad98af552775%2Fwordpress%2Fwp-admin%2Frevision.php&path=%2Fvar%2Fwww%2Fvolumes%2F69b4844ae61d4e92bf26ad98af552775%2Fwordpress%2Fwp-admin HTTP/1.1" 200 4418 "-" "Amazon CloudFront"
64.252.69.95 - - [23/Sep/2026:11:51:44 +0000] "GET /?path=//sys/class/thermal/cooling_device3/device/physical_node/node0/cpu1/driver/cpu0/node0/cpu2/driver/cpu5/firmware_node/physical_node/subsystem/drivers/processor/cpu2/subsystem/drivers/processor/cpu7/cache HTTP/1.1" 200 3335 "-" "Amazon CloudFront"
64.252.76.84 - - [23/Sep/2026:11:51:45 +0000] "GET /sitemap860.xml?fileloc=%2Fvar%2Fwww%2Fvolumes%2F69b4844ae61d4e92bf26ad98af552775%2Fwordpress%2Fwp-admin%2Fprofile.php&path=%2Fvar%2Fwww%2Fvolumes%2F69b4844ae61d4e92bf26ad98af552775%2Fwordpress%2Fwp-admin HTTP/1.1" 200 2776 "-" "Amazon CloudFront"
64.252.74.114 - - [23/Sep/2026:11:51:45 +0000] "GET /sitemap860.xml?fileloc=%2Fvar%2Fwww%2Fvolumes%2F69b4844ae61d4e92bf26ad98af552775%2Fwordpress%2Fwp-admin%2Fms-options.php&path=%2Fvar%2Fwww%2Fvolumes%2F69b4844ae61d4e92bf26ad98af552775%2Fwordpress%2Fwp-admin HTTP/1.1" 200 2740 "-" "Amazon CloudFront"
64.252.75.242 - - [23/Sep/2026:11:51:45 +0000] "GET /sitemap556.xml?fileloc=%2Fvar%2Fwww%2Fvolumes%2F69b4844ae61d4e92bf26ad98af552775%2Fwordpress%2Fwp-includes%2Fms-blogs.php&path=%2Fvar%2Fwww%2Fvolumes%2F69b4844ae61d4e92bf26ad98af552775%2Fwordpress%2Fwp-includes HTTP/1.1" 200 8191 "-" "Amazon CloudFront"
64.252.66.61 - - [23/Sep/2026:11:51:48 +0000] "GET /?path=//sys/bus/acpi/devices/LNXCPU:06/physical_node/node0/memory21/node0/cpu1/driver/cpu2/driver/cpu5/firmware_node/thermal_cooling/subsystem/cooling_device2/device/thermal_cooling/subsystem/cooling_device2/power HTTP/1.1" 200 3313 "-" "Amazon CloudFront"
64.252.69.95 - - [23/Sep/2026:11:51:52 +0000] "GET /?path=//sys/class/thermal/cooling_device3/device/physical_node/node0/cpu1/driver/cpu0/node0/cpu2/driver/cpu7/firmware_node/thermal_cooling/device/subsystem/devices/LNXSYBUS:00/PNP0A03:00/device:0f/subsystem/devices/PNP0A03:00/physical_node/0000:00:1f.0 HTTP/1.1" 200 4792 "-" "Amazon CloudFront"
64.252.67.137 - - [23/Sep/2026:11:51:56 +0000] "GET /?path=//sys/class/thermal/cooling_device1/subsystem/cooling_device7/device/subsystem/devices/PNP0A03:00/device:12/subsystem/devices/device:1a/subsystem/devices/PNP0A03:00/device:06/subsystem/devices/device:13/subsystem/devices/LNXCPU:05/physical_node/driver/cpu5/driver/cpu4/node0/memory31/node0/memory29/node0/memory32/node0/memory23/node0/memory7/node0/memory9/node0/cpu4/node0/cpu5/firmware_node/thermal_cooling/subsystem HTTP/1.1" 200 3637 "-" "Amazon CloudFront"
64.252.66.61 - - [23/Sep/2026:11:51:56 +0000] "GET /?path=//sys/bus/acpi/devices/LNXCPU:06/physical_node/node0/memory21/node0/cpu1/driver/cpu2/driver/cpu6/firmware_node/physical_node/subsystem/drivers/processor/cpu3/firmware_node/subsystem/devices/PNP0C0F:04/power HTTP/1.1" 200 3334 "-" "Amazon CloudFront"
64.252.69.209 - - [23/Sep/2026:11:52:00 +0000] "GET /?path=//sys/class/thermal/cooling_device3/device/physical_node/node0/cpu1/driver/cpu0/node0/cpu2/driver/cpu6/firmware_node/subsystem/devices/LNXCPU:00/subsystem/devices/PNP0C0F:04 HTTP/1.1" 200 3410 "-" "Amazon CloudFront"
64.252.76.84 - - [23/Sep/2026:11:52:04 +0000] "GET /sitemap860.xml?fileloc=%2Fvar%2Fwww%2Fvolumes%2F69b4844ae61d4e92bf26ad98af552775%2Fwordpress%2Fwp-admin%2Fabout.php&path=%2Fvar%2Fwww%2Fvolumes%2F69b4844ae61d4e92bf26ad98af552775%2Fwordpress%2Fwp-admin HTTP/1.1" 200 6779 "-" "Amazon CloudFront"
64.252.75.242 - - [23/Sep/2026:11:52:04 +0000] "GET /sitemap556.xml?fileloc=%2Fvar%2Fwww%2Fvolumes%2F69b4844ae61d4e92bf26ad98af552775%2Fwordpress%2Fwp-admin%2Fadmin-ajax.php&path=%2Fvar%2Fwww%2Fvolumes%2F69b4844ae61d4e92bf26ad98af552775%2Fwordpress%2Fwp-admin HTTP/1.1" 200 4183 "-" "Amazon CloudFront"
64.252.75.242 - - [23/Sep/2026:11:52:04 +0000] "GET /sitemap812.xml?fileloc=%2Fvar%2Fwww%2Fvolumes%2F69b4844ae61d4e92bf26ad98af552775%2Fwordpress%2Fwp-includes%2FID3%2Fmodule.tag.id3v1.php&path=%2Fvar%2Fwww%2Fvolumes%2F69b4844ae61d4e92bf26ad98af552775%2Fwordpress%2Fwp-includes%2FID3 HTTP/1.1" 200 6771 "-" "Amazon CloudFront"
64.252.69.95 - - [23/Sep/2026:11:52:04 +0000] "GET /?path=//sys/class/thermal/cooling_device3/device/physical_node/node0/cpu1/driver/cpu0/node0/cpu2/driver/cpu6/subsystem/drivers/processor/cpu1/firmware_node/subsystem/devices/LNXSYBUS:00/LNXCPU:07/power HTTP/1.1" 200 3336 "-" "Amazon CloudFront"
64.252.66.61 - - [23/Sep/2026:11:52:06 +0000] "GET /?p=56390 HTTP/1.1" 200 4177 "-" "Amazon CloudFront"
64.252.67.137 - - [23/Sep/2026:11:52:08 +0000] "GET /?path=//sys/bus/acpi/devices/LNXCPU:06/physical_node/node0/memory21/node0/cpu1/driver/cpu2/firmware_node/physical_node/subsystem/drivers/processor/cpu6/firmware_node/subsystem/devices/device:09/power HTTP/1.1" 200 3312 "-" "Amazon CloudFront"
64.252.67.137 - - [23/Sep/2026:11:52:12 +0000] "GET /?path=//sys/class/thermal/cooling_device3/device/physical_node/node0/cpu1/driver/cpu0/node0/cpu2/driver/cpu3/subsystem/drivers/processor/cpu6/subsystem/drivers/processor/cpu1/firmware_node/physical_node/topology HTTP/1.1" 200 3343 "-" "Amazon CloudFront"
64.252.67.137 - - [23/Sep/2026:11:52:16 +0000] "GET /?path=//sys/class/thermal/cooling_device3/device/physical_node/node0/cpu1/driver/cpu0/node0/cpu2/driver/cpu5/subsystem/devices/cpu5/firmware_node/thermal_cooling/device/physical_node/firmware_node/subsystem/devices/LNXSYBUS:00/PNP0A03:00/device:06/power HTTP/1.1" 200 3384 "-" "Amazon CloudFront"
64.252.67.137 - - [23/Sep/2026:11:52:20 +0000] "GET /?path=//sys/class/thermal/cooling_device3/device/physical_node/node0/cpu1/driver/cpu0/node0/cpu2/driver/cpu7/firmware_node/subsystem/devices/PNP0A03:00/physical_node/firmware_node/device:13/subsystem/devices/LNXCPU:00/thermal_cooling/device/thermal_cooling/power HTTP/1.1" 200 3384 "-" "Amazon CloudFront"
64.252.74.114 - - [23/Sep/2026:11:52:23 +0000] "GET /sitemap556.xml?fileloc=%2Fvar%2Fwww%2Fvolumes%2F69b4844ae61d4e92bf26ad98af552775%2Fwordpress%2Fwp-includes%2Frewrite.php&path=%2Fvar%2Fwww%2Fvolumes%2F69b4844ae61d4e92bf26ad98af552775%2Fwordpress%2Fwp-includes HTTP/1.1" 200 8173 "-" "Amazon CloudFront"
64.252.74.114 - - [23/Sep/2026:11:52:23 +0000] "GET /sitemap812.xml?fileloc=%2Fvar%2Fwww%2Fvolumes%2F69b4844ae61d4e92bf26ad98af552775%2Fwordpress%2Fwp-includes%2Fregistration.php&path=%2Fvar%2Fwww%2Fvolumes%2F69b4844ae61d4e92bf26ad98af552775%2Fwordpress%2Fwp-includes HTTP/1.1" 200 2719 "-" "Amazon CloudFront"
64.252.74.114 - - [23/Sep/2026:11:52:23 +0000] "GET /sitemap860.xml?fileloc=%2Fvar%2Fwww%2Fvolumes%2F69b4844ae61d4e92bf26ad98af552775%2Fwordpress%2Fwp-admin%2Fupgrade-functions.php&path=%2Fvar%2Fwww%2Fvolumes%2F69b4844ae61d4e92bf26ad98af552775%2Fwordpress%2Fwp-admin HTTP/1.1" 200 2772 "-" "Amazon CloudFront"
64.252.74.114 - - [23/Sep/2026:11:52:23 +0000] "GET /sitemap556.xml?fileloc=%2Fvar%2Fwww%2Fvolumes%2F69b4844ae61d4e92bf26ad98af552775%2Fwordpress%2Fwp-admin%2Fhaccess.php&path=%2Fvar%2Fwww%2Fvolumes%2F69b4844ae61d4e92bf26ad98af552775%2Fwordpress%2Fwp-admin HTTP/1.1" 200 3648 "-" "Amazon CloudFront"
64.252.76.84 - - [23/Sep/2026:11:52:23 +0000] "GET /sitemap812.xml?path=%2Fvar%2Fwww%2Fvolumes%2Fa6b896270e1744ed8ac99026574ec815 HTTP/1.1" 200 2642 "-" "Amazon CloudFront"
64.252.76.84 - - [23/Sep/2026:11:52:23 +0000] "GET /sitemap556.xml?fileloc=%2Fvar%2Fwww%2Fvolumes%2F69b4844ae61d4e92bf26ad98af552775%2Fwordpress%2Fwp-admin%2Fprofile.php&path=%2Fvar%2Fwww%2Fvolumes%2F69b4844ae61d4e92bf26ad98af552775%2Fwordpress%2Fwp-admin HTTP/1.1" 200 2776 "-" "Amazon CloudFront"
64.252.67.137 - - [23/Sep/2026:11:52:25 +0000] "GET /?path=//sys/class/thermal/cooling_device3/device/physical_node/node0/cpu1/driver/cpu0/node0/cpu2/driver/cpu3/subsystem/drivers/processor/cpu5/firmware_node/subsystem/devices/device:02/PNP0501:01 HTTP/1.1" 200 3455 "-" "Amazon CloudFront"
64.252.69.209 - - [23/Sep/2026:11:52:28 +0000] "GET /?path=//sys/class/thermal/cooling_device3/device/physical_node/node0/cpu1/driver/cpu0/node0/cpu2/driver/cpu3/firmware_node/subsystem/devices/LNXSYSTM:00/LNXSYBUS:00/PNP0C0F:00/subsystem/devices/PNP0A03:00/physical_node/pci_bus/0000:00/device/0000:00:01.0/power HTTP/1.1" 200 3409 "-" "Amazon CloudFront"
64.252.69.95 - - [23/Sep/2026:11:52:32 +0000] "GET /?path=//sys/class/thermal/cooling_device3/device/physical_node/node0/cpu1/driver/cpu0/node0/cpu2/driver/cpu7/firmware_node/subsystem/devices/LNXSYBUS:00/LNXCPU:06/subsystem/devices/device:1a HTTP/1.1" 200 3403 "-" "Amazon CloudFront"
64.252.67.137 - - [23/Sep/2026:11:52:36 +0000] "GET /?path=//sys/class/thermal/cooling_device3/device/physical_node/node0/cpu1/driver/cpu0/node0/cpu2/driver/cpu5/subsystem/drivers/processor/cpu6/firmware_node/subsystem/devices/device:20/physical_node/nvme/nvme1/nvme1n1/mq/5/cpu5 HTTP/1.1" 200 2873 "-" "Amazon CloudFront"
64.252.66.61 - - [23/Sep/2026:11:52:40 +0000] "GET /?path=//sys/class/thermal/cooling_device3/device/physical_node/node0/cpu1/driver/cpu0/node0/cpu2/driver/cpu3/subsystem/drivers/processor/cpu5/firmware_node/subsystem/devices/device:17/power HTTP/1.1" 200 3315 "-" "Amazon CloudFront"
64.252.67.137 - - [23/Sep/2026:11:52:44 +0000] "GET /?path=//sys/class/thermal/cooling_device3/device/physical_node/node0/cpu1/driver/cpu0/node0/cpu2/driver/cpu6/firmware_node/subsystem/devices/LNXCPU:00/subsystem/devices/device:08 HTTP/1.1" 200 3373 "-" "Amazon CloudFront"
64.252.67.137 - - [23/Sep/2026:11:52:48 +0000] "GET /?path=//sys/class/thermal/cooling_device3/device/physical_node/node0/cpu1/driver/cpu0/node0/cpu2/driver/cpu6/firmware_node/subsystem/devices/PNP0A03:00/device:01/physical_node/subsystem/devices/0000:00:04.0/msi_irqs HTTP/1.1" 200 3169 "-" "Amazon CloudFront"
64.252.66.61 - - [23/Sep/2026:11:52:52 +0000] "GET /?path=//sys/class/thermal/cooling_device3/device/physical_node/node0/cpu1/driver/cpu0/node0/cpu2/driver/cpu3/subsystem/drivers/processor/cpu5/firmware_node/subsystem/devices/device:02/PNP0400:00 HTTP/1.1" 200 3451 "-" "Amazon CloudFront"
64.252.69.95 - - [23/Sep/2026:11:52:56 +0000] "GET /?path=//sys/class/thermal/cooling_device3/device/physical_node/node0/cpu1/driver/cpu0/node0/cpu2/driver/cpu4/firmware_node/subsystem/devices/device:1b/subsystem/devices/PNP0A03:00/physical_node/firmware_node/device:21/power HTTP/1.1" 200 3323 "-" "Amazon CloudFront"
64.252.66.61 - - [23/Sep/2026:11:53:00 +0000] "GET /?path=//sys/class/thermal/cooling_device3/device/physical_node/node0/cpu1/driver/cpu0/node0/cpu2/driver/cpu7/firmware_node/subsystem/devices/LNXSYBUS:00/PNP0A03:00/physical_node/0000:00:04.0/firmware_node/subsystem/drivers/tpm_crb HTTP/1.1" 200 3228 "-" "Amazon CloudFront"
64.252.69.95 - - [23/Sep/2026:11:53:04 +0000] "GET /?path=//sys/bus/acpi/devices/LNXCPU:06/physical_node/node0/memory21/node0/cpu1/driver/cpu2/subsystem/devices/cpu7/subsystem/drivers/processor/cpu1/driver/cpu7/firmware_node/thermal_cooling/device/physical_node/cache/index0 HTTP/1.1" 200 3687 "-" "Amazon CloudFront"
64.252.67.137 - - [23/Sep/2026:11:53:08 +0000] "GET /?path=//sys/class/thermal/cooling_device3/device/physical_node/node0/cpu1/driver/cpu0/node0/cpu2/driver/cpu0/firmware_node/subsystem/devices/PNP0B00:00/physical_node/firmware_node/subsystem/devices/LNXCPU:02/power HTTP/1.1" 200 3325 "-" "Amazon CloudFront"
64.252.67.137 - - [23/Sep/2026:11:53:12 +0000] "GET /?path=//sys/class/thermal/cooling_device3/device/physical_node/node0/cpu1/driver/cpu0/node0/cpu2/driver/cpu6/firmware_node/subsystem/devices/PNP0A03:00/device:1f/subsystem/devices/PNP0400:00/physical_node/firmware_node HTTP/1.1" 200 3443 "-" "Amazon CloudFront"
64.252.69.95 - - [23/Sep/2026:11:53:16 +0000] "GET /?path=//sys/class/thermal/cooling_device3/device/physical_node/node0/cpu1/driver/cpu0/node0/cpu2/driver/cpu7/firmware_node/subsystem/devices/LNXSYBUS:00/LNXCPU:06/subsystem/devices/device:14 HTTP/1.1" 200 3403 "-" "Amazon CloudFront"
64.252.66.61 - - [23/Sep/2026:11:53:21 +0000] "GET /?path=//sys/class/thermal/cooling_device3/device/physical_node/node0/cpu1/driver/cpu0/node0/cpu2/driver/cpu3/firmware_node/subsystem/devices/device:05/physical_node/subsystem/slots/16/module/parameters HTTP/1.1" 200 3116 "-" "Amazon CloudFront"
64.252.69.95 - - [23/Sep/2026:11:53:24 +0000] "GET /?path=//sys/bus/acpi/devices/LNXCPU:06/physical_node/node0/memory21/node0/cpu1/driver/cpu2/driver/cpu5/subsystem/drivers/processor/cpu3/firmware_node/subsystem/devices/device:00/power HTTP/1.1" 200 3301 "-" "Amazon CloudFront"
64.252.69.209 - - [23/Sep/2026:11:53:25 +0000] "GET /?p=12939 HTTP/1.1" 200 4265 "-" "Amazon CloudFront"
64.252.67.137 - - [23/Sep/2026:11:53:27 +0000] "GET /?p=68124 HTTP/1.1" 200 4265 "-" "Amazon CloudFront"
64.252.69.209 - - [23/Sep/2026:11:53:28 +0000] "GET /?path=//sys/class/thermal/cooling_device3/device/physical_node/node0/cpu1/driver/cpu0/node0/cpu2/driver/cpu7/firmware_node/subsystem/devices/LNXSYBUS:00/LNXCPU:06/subsystem/devices/device:20 HTTP/1.1" 200 3437 "-" "Amazon CloudFront"
64.252.67.137 - - [23/Sep/2026:11:53:32 +0000] "GET /?path=//sys/class/thermal/cooling_device3/device/physical_node/node0/cpu1/driver/cpu0/node0/cpu2/driver/cpu1/firmware_node/subsystem/devices/LNXSYBUS:00/PNP0A03:00/device:17/subsystem/devices/LNXSYBUS:00/LNXCPU:06/thermal_cooling/power HTTP/1.1" 200 3352 "-" "Amazon CloudFront"
64.252.66.61 - - [23/Sep/2026:11:53:33 +0000] "GET /?p=41908 HTTP/1.1" 200 4265 "-" "Amazon CloudFront"
64.252.69.209 - - [23/Sep/2026:11:53:34 +0000] "GET /prizes/149255884 HTTP/1.1" 200 4177 "-" "Amazon CloudFront"
64.252.66.61 - - [23/Sep/2026:11:53:36 +0000] "GET /?path=//sys/bus/acpi/devices/LNXCPU:06/physical_node/node0/memory21/node0/cpu1/driver/cpu2/firmware_node/physical_node/driver/cpu0/firmware_node/thermal_cooling/device/subsystem/devices/PNP0A03:00/device:03 HTTP/1.1" 200 3369 "-" "Amazon CloudFront"
64.252.66.61 - - [23/Sep/2026:11:53:40 +0000] "GET /?path=//sys/bus/acpi/devices/LNXCPU:06/physical_node/node0/memory21/node0/cpu1/driver/cpu2/firmware_node/subsystem/devices/LNXSYSTM:00/LNXSYBUS:00/PNP0A03:00/physical_node/pci_bus/0000:00/device/firmware_node/device:02/PNP0501:01/power HTTP/1.1" 200 3355 "-" "Amazon CloudFront"
64.252.67.137 - - [23/Sep/2026:11:53:44 +0000] "GET /?path=//sys/bus/acpi/devices/LNXCPU:06/physical_node/node0/memory21/node0/cpu1/driver/cpu2/driver/cpu0/firmware_node/physical_node/subsystem/drivers/processor/cpu2/firmware_node/subsystem/devices/LNXCPU:07/power HTTP/1.1" 200 3325 "-" "Amazon CloudFront"
64.252.69.95 - - [23/Sep/2026:11:53:48 +0000] "GET /?path=//sys/class/thermal/cooling_device3/device/physical_node/node0/cpu1/driver/cpu0/node0/cpu2/driver/cpu1/firmware_node/subsystem/devices/device:08/subsystem/devices/LNXCPU:06/power HTTP/1.1" 200 3302 "-" "Amazon CloudFront"
64.252.69.95 - - [23/Sep/2026:11:53:52 +0000] "GET /?path=//sys/class/thermal/cooling_device3/device/physical_node/node0/memory28/node0/cpu5/firmware_node/subsystem/devices/PNP0A03:00/physical_node/pci_bus/0000:00/device/0000:00:1f.0/driver/module/drivers/pci:nvme/0000:00:1e.0/driver/0000:00:1f.0/nvme/nvme2/nvme2n1/holders/md0/md/rd0/block/holders/md0/slaves/nvme1n1/mq/3 HTTP/1.1" 200 3510 "-" "Amazon CloudFront"
64.252.67.137 - - [23/Sep/2026:11:53:56 +0000] "GET /?path=//sys/class/thermal/cooling_device3/device/physical_node/node0/cpu1/driver/cpu0/node0/cpu2/driver/cpu3/subsystem/devices/cpu6/subsystem/devices/cpu5/firmware_node/thermal_cooling/device/thermal_cooling HTTP/1.1" 200 3398 "-" "Amazon CloudFront"
64.252.66.61 - - [23/Sep/2026:11:53:57 +0000] "GET /?fileloc=//sys/class/thermal/cooling_device1/subsystem/cooling_device7/device/subsystem/devices/device:1a/subsystem/devices/LNXCPU:02/physical_node/node0/memory30/node0/memory24/node0/memory14/node0/memory5/subsystem/devices/memory24/node0/memory11/node0/memory28/node0/memory19/node0/memory9/node0/memory24/node0/memory23/node0/memory26/node0/cpu0/node0/memory20/node0/cpu2/cache/index3/power/control&path=//sys/class/thermal/cooling_device1/subsystem/cooling_device7/device/subsystem/devices/device:1a/subsystem/devices/LNXCPU:02/physical_node/node0/memory30/node0/memory24/node0/memory14/node0/memory5/subsystem/devices/memory24/node0/memory11/node0/memory28/node0/memory19/node0/memory9/node0/memory24/node0/memory23/node0/memory26/node0/cpu0/node0/memory20/node0/cpu2/cache/index3/power HTTP/1.1" 200 2994 "-" "Amazon CloudFront"
64.252.69.209 - - [23/Sep/2026:11:53:59 +0000] "GET /?path=//sys/class/thermal/cooling_device3/device/physical_node/node0/memory28/node0/cpu5/firmware_node/subsystem/devices/PNP0A03:00/physical_node/pci_bus/0000:00/device/0000:00:1f.0/driver/module/drivers/pci:nvme/0000:00:1e.0/driver/0000:00:1f.0/nvme/nvme2/nvme2n1/holders/md0/md/rd0/block/holders/md0/slaves/nvme1n1/mq/7 HTTP/1.1" 200 3511 "-" "Amazon CloudFront"
64.252.69.95 - - [23/Sep/2026:11:54:03 +0000] "GET /?path=//sys/class/thermal/cooling_device3/device/physical_node/node0/cpu1/driver/cpu0/node0/cpu2/driver/cpu3/firmware_node/subsystem/devices/PNP0A03:00/device:1f/subsystem/devices/LNXSYSTM:00/LNXSYBUS:00/PNP0A03:00/device:02/power HTTP/1.1" 200 3352 "-" "Amazon CloudFront"
64.252.69.209 - - [23/Sep/2026:11:54:07 +0000] "GET /?path=//sys/class/thermal/cooling_device3/device/physical_node/node0/cpu1/driver/cpu0/node0/cpu2/driver/cpu0/firmware_node/thermal_cooling/device/physical_node/firmware_node/subsystem/devices/LNXSYBUS:01/subsystem/devices/PNP0A03:00/device:04 HTTP/1.1" 200 3447 "-" "Amazon CloudFront"
64.252.69.95 - - [23/Sep/2026:11:54:13 +0000] "GET /?path=//sys/class/thermal/cooling_device3/device/physical_node/node0/cpu1/driver/cpu0/node0/cpu2/driver/cpu7/firmware_node/subsystem/devices/device:1b/subsystem/devices/LNXCPU:04/physical_node/cache/index1/power HTTP/1.1" 200 3337 "-" "Amazon CloudFront"
64.252.72.105 - - [23/Sep/2026:11:54:15 +0000] "GET /prizes/122287511?fileloc=/var/www/volumes/69b4844ae61d4e92bf26ad98af552775/wordpress/wp-admin/edit.php&path=/var/www/volumes/69b4844ae61d4e92bf26ad98af552775/wordpress/wp-admin HTTP/1.1" 200 7370 "-" "Amazon CloudFront"
64.252.66.61 - - [23/Sep/2026:11:54:15 +0000] "GET /?path=//sys/bus/acpi/devices/LNXCPU:06/physical_node/node0/memory21/node0/cpu1/driver/cpu2/driver/cpu4/firmware_node/subsystem/devices/LNXCPU:05/subsystem/drivers/button/LNXPWRBN:00/input/input3/device/input HTTP/1.1" 200 3105 "-" "Amazon CloudFront"
64.252.67.137 - - [23/Sep/2026:11:54:19 +0000] "GET /?path=//sys/bus/acpi/devices/LNXCPU:06/physical_node/node0/memory21/node0/cpu1/driver/cpu2/subsystem/drivers/processor/cpu7/firmware_node/subsystem/devices/LNXSYBUS:00/PNP0A03:00/device:0d HTTP/1.1" 200 3422 "-" "Amazon CloudFront"
64.252.67.137 - - [23/Sep/2026:11:54:24 +0000] "GET /?path=//sys/class/thermal/cooling_device3/device/physical_node/node0/cpu1/driver/cpu0/node0/cpu2/driver/cpu7/firmware_node/subsystem/devices/PNP0A03:00/device:05/subsystem/devices/LNXSYBUS:00/LNXCPU:06/physical_node HTTP/1.1" 200 3640 "-" "Amazon CloudFront"
64.252.67.137 - - [23/Sep/2026:11:54:27 +0000] "GET /?path=//sys/class/thermal/cooling_device3/device/physical_node/node0/cpu1/driver/cpu0/node0/cpu2/driver/cpu5/subsystem/drivers/processor/cpu6/subsystem/drivers/processor/cpu5/firmware_node/physical_node/power HTTP/1.1" 200 3391 "-" "Amazon CloudFront"
64.252.69.95 - - [23/Sep/2026:11:54:31 +0000] "GET /?path=//sys/class/thermal/cooling_device3/device/physical_node/node0/cpu1/driver/cpu0/node0/cpu2/driver/cpu6/firmware_node/subsystem/devices/PNP0B00:00/subsystem/devices/PNP0A03:00/physical_node/0000:00:04.0/nvme/nvme0/device/msi_irqs HTTP/1.1" 200 3187 "-" "Amazon CloudFront"
64.252.72.105 - - [23/Sep/2026:11:54:34 +0000] "GET /prizes/202181521?path=/var/www/volumes/89f46155da9f4d96a10cbfd4f2cc02ee HTTP/1.1" 200 2642 "-" "Amazon CloudFront"
64.252.69.209 - - [23/Sep/2026:11:54:34 +0000] "GET /?p=82670 HTTP/1.1" 200 4177 "-" "Amazon CloudFront"
64.252.69.209 - - [23/Sep/2026:11:54:35 +0000] "GET /?path=//sys/class/thermal/cooling_device3/device/physical_node/node0/cpu1/driver/cpu0/node0/cpu2/driver/cpu7/subsystem/drivers/processor/cpu4/firmware_node/subsystem/devices/LNXSYBUS:00/LNXCPU:06/physical_node/firmware_node/thermal_cooling/device HTTP/1.1" 200 3576 "-" "Amazon CloudFront"
64.252.72.34 - - [23/Sep/2026:11:54:37 +0000] "GET /prizes/110960773?fileloc=/bin/auvirt&path=/bin HTTP/1.1" 200 2539 "-" "Amazon CloudFront"
64.252.66.61 - - [23/Sep/2026:11:54:39 +0000] "GET /?path=//sys/bus/acpi/devices/LNXCPU:06/physical_node/node0/memory21/node0/cpu1/driver/cpu2/driver/cpu0/firmware_node/thermal_cooling/subsystem/cooling_device6/device/subsystem/devices/LNXCPU:00/power HTTP/1.1" 200 3317 "-" "Amazon CloudFront"
64.252.66.61 - - [23/Sep/2026:11:54:43 +0000] "GET /?path=//sys/bus/acpi/devices/LNXCPU:06/physical_node/node0/memory21/node0/cpu1/driver/cpu2/subsystem/devices/cpu0/driver/cpu1/firmware_node/thermal_cooling/subsystem/cooling_device2/device HTTP/1.1" 200 3534 "-" "Amazon CloudFront"
64.252.66.61 - - [23/Sep/2026:11:54:47 +0000] "GET /?path=//sys/class/thermal/cooling_device3/device/physical_node/node0/cpu1/driver/cpu0/node0/cpu2/driver/cpu7/firmware_node/subsystem/devices/PNP0A03:00/device:1a/subsystem/devices/device:06/physical_node/nvme/nvme0/nvme0n1/bdi HTTP/1.1" 200 3468 "-" "Amazon CloudFront"
64.252.67.137 - - [23/Sep/2026:11:54:51 +0000] "GET /?path=//sys/class/thermal/cooling_device3/device/physical_node/node0/cpu1/driver/cpu0/node0/cpu2/driver/cpu3/firmware_node/subsystem/devices/PNP0A03:00/device:1f/subsystem/devices/LNXSYSTM:00/LNXSYBUS:00/PNP0A03:00/device:02/PNP0501:01 HTTP/1.1" 200 3483 "-" "Amazon CloudFront"
64.252.66.61 - - [23/Sep/2026:11:54:52 +0000] "GET /?path=//sys/class/thermal/cooling_device1/subsystem/cooling_device7/device/subsystem/devices/PNP0A03:00/device:12/subsystem/devices/device:1a/subsystem/devices/PNP0A03:00/device:06/subsystem/devices/device:13/subsystem/devices/LNXCPU:05/physical_node/driver/cpu5/driver/cpu4/node0/memory31/node0/memory8/subsystem/devices/memory28/node0/memory32/subsystem/devices/memory26/subsystem/devices/memory20/node0/memory30/node0/memory7/node0/cpu0/node0/cpu3/driver HTTP/1.1" 200 3525 "-" "Amazon CloudFront"
64.252.66.61 - - [23/Sep/2026:11:54:56 +0000] "GET /?path=//sys/bus/acpi/devices/LNXCPU:06/physical_node/node0/memory21/node0/cpu1/driver/cpu2/subsystem/drivers/processor/cpu3/firmware_node/subsystem/devices/device:1c HTTP/1.1" 200 3357 "-" "Amazon CloudFront"
64.252.69.95 - - [23/Sep/2026:11:54:59 +0000] "GET /?path=//sys/class/thermal/cooling_device3/device/physical_node/node0/cpu1/driver/cpu0/node0/cpu2/driver/cpu7/firmware_node/subsystem/devices/PNP0A03:00/device:1a/subsystem/devices/device:06/physical_node/nvme/nvme0/nvme0n1/integrity HTTP/1.1" 200 3418 "-" "Amazon CloudFront"
64.252.67.137 - - [23/Sep/2026:11:55:03 +0000] "GET /?path=//sys/class/thermal/cooling_device3/device/physical_node/node0/cpu1/driver/cpu0/node0/cpu2/driver/cpu6/firmware_node/subsystem/devices/PNP0A03:00/device:01/physical_node/subsystem/drivers/ena/0000:00:05.0/net/eth0/queues/tx-4 HTTP/1.1" 200 3408 "-" "Amazon CloudFront"
64.252.72.105 - - [23/Sep/2026:11:55:06 +0000] "GET /prizes/107266278?path=/s3/bc91eb4aa3e44757b028cbf9c6434181/wordpress HTTP/1.1" 200 2889 "-" "Amazon CloudFront"
64.252.66.61 - - [23/Sep/2026:11:55:07 +0000] "GET /?path=//sys/bus/acpi/devices/LNXCPU:06/physical_node/node0/memory21/node0/cpu1/driver/cpu2/firmware_node/thermal_cooling/subsystem/cooling_device6/subsystem/cooling_device7/device/physical_node/driver/cpu4/cache/index0 HTTP/1.1" 200 3669 "-" "Amazon CloudFront"
64.252.67.137 - - [23/Sep/2026:11:55:11 +0000] "GET /?path=//sys/class/thermal/cooling_device3/device/physical_node/node0/cpu1/driver/cpu0/node0/cpu2/driver/cpu4/firmware_node/subsystem/devices/device:02/PNP0501:00/physical_node/tty/ttyS0/subsystem/tty59/power HTTP/1.1" 200 3342 "-" "Amazon CloudFront"
64.252.67.137 - - [23/Sep/2026:11:55:15 +0000] "GET /?path=//sys/bus/acpi/devices/LNXCPU:06/physical_node/node0/memory21/node0/cpu1/driver/cpu2/firmware_node/physical_node/subsystem/devices/cpu2/driver/cpu6/subsystem/drivers/processor/cpu1/cache/index1/power HTTP/1.1" 200 3336 "-" "Amazon CloudFront"
64.252.67.137 - - [23/Sep/2026:11:55:19 +0000] "GET /?path=//sys/class/thermal/cooling_device3/device/physical_node/node0/cpu1/driver/cpu0/node0/cpu2/driver/cpu0/firmware_node/subsystem/devices/LNXSYBUS:00/PNP0A03:00/physical_node/pci_bus/0000:00/device/firmware_node/device:18/subsystem/devices/PNP0C0F:02/power HTTP/1.1" 200 3397 "-" "Amazon CloudFront"
64.252.67.137 - - [23/Sep/2026:11:55:23 +0000] "GET /?path=//sys/class/thermal/cooling_device3/device/physical_node/node0/cpu1/driver/cpu0/node0/cpu2/driver/cpu0/firmware_node/thermal_cooling/device/physical_node/firmware_node/subsystem/devices/device:21/subsystem/devices/PNP0103:00/power HTTP/1.1" 200 3324 "-" "Amazon CloudFront"
64.252.69.95 - - [23/Sep/2026:11:55:27 +0000] "GET /?path=//sys/class/thermal/cooling_device3/device/physical_node/node0/cpu1/driver/cpu0/node0/cpu2/driver/cpu5/firmware_node/physical_node/subsystem/devices/cpu2/subsystem/devices/cpu6/firmware_node/power HTTP/1.1" 200 3305 "-" "Amazon CloudFront"
64.252.72.105 - - [23/Sep/2026:11:55:30 +0000] "GET /products/detail/315279804?fileloc=/var/www/volumes/69b4844ae61d4e92bf26ad98af552775/wordpress/wp-admin/options-general.php&path=/var/www/volumes/69b4844ae61d4e92bf26ad98af552775/wordpress/wp-admin HTTP/1.1" 200 7329 "-" "Amazon CloudFront"
64.252.67.137 - - [23/Sep/2026:11:55:31 +0000] "GET /?path=//sys/bus/acpi/devices/LNXCPU:06/physical_node/node0/memory21/node0/cpu1/driver/cpu2/subsystem/drivers/processor/cpu3/firmware_node/subsystem/devices/device:16 HTTP/1.1" 200 3358 "-" "Amazon CloudFront"
64.252.66.61 - - [23/Sep/2026:11:55:35 +0000] "GET /?path=//sys/bus/acpi/devices/LNXCPU:06/physical_node/node0/memory21/node0/cpu1/driver/cpu2/firmware_node/subsystem/devices/LNXSYSTM:00/LNXSLPBN:00/input/input4/subsystem/input5/mouse0 HTTP/1.1" 200 3296 "-" "Amazon CloudFront"
64.252.67.137 - - [23/Sep/2026:11:55:39 +0000] "GET /?path=//sys/class/thermal/cooling_device3/device/physical_node/node0/cpu1/driver/cpu0/node0/cpu2/driver/cpu7/firmware_node/subsystem/devices/device:14/subsystem/devices/PNP0A03:00/physical_node/firmware_node/device:02/PNP0501:00/power HTTP/1.1" 200 3336 "-" "Amazon CloudFront"
64.252.66.61 - - [23/Sep/2026:11:55:43 +0000] "GET /?path=//sys/class/thermal/cooling_device3/device/physical_node/node0/cpu1/driver/cpu0/node0/cpu2/driver/cpu6/firmware_node/subsystem/devices/PNP0303:00/subsystem/devices/PNP0A03:00/physical_node/0000:00:1e.0/nvme/nvme1/device/nvme/nvme1 HTTP/1.1" 200 3762 "-" "Amazon CloudFront"
64.252.67.137 - - [23/Sep/2026:11:55:47 +0000] "GET /?path=//sys/class/thermal/cooling_device3/device/physical_node/node0/cpu1/driver/cpu0/node0/cpu2/driver/cpu7/firmware_node/thermal_cooling/device/subsystem/devices/PNP0A03:00/device:05/subsystem/drivers/button/LNXSLPBN:00/input/input4/capabilities HTTP/1.1" 200 3503 "-" "Amazon CloudFront"
64.252.69.95 - - [23/Sep/2026:11:55:51 +0000] "GET /?path=//sys/class/thermal/cooling_device3/device/physical_node/node0/cpu1/driver/cpu0/node0/cpu2/driver/cpu7/firmware_node/subsystem/devices/PNP0C0F:03/subsystem/devices/LNXSYBUS:00/LNXCPU:03/physical_node/cache/index2/power HTTP/1.1" 200 3346 "-" "Amazon CloudFront"
64.252.67.137 - - [23/Sep/2026:11:55:55 +0000] "GET /?path=//sys/bus/acpi/devices/LNXCPU:06/physical_node/node0/memory21/node0/cpu1/driver/cpu2/firmware_node/physical_node/driver/cpu7/firmware_node/thermal_cooling/subsystem/cooling_device1/device/subsystem/devices/LNXSYSTM:00/LNXSLPBN:00/input HTTP/1.1" 200 3124 "-" "Amazon CloudFront"
64.252.69.209 - - [23/Sep/2026:11:55:59 +0000] "GET /?path=//sys/class/thermal/cooling_device3/device/physical_node/node0/cpu1/driver/cpu0/node0/cpu2/driver/cpu1/firmware_node/subsystem/devices/device:05/physical_node/firmware_node/subsystem/devices/LNXCPU:00/thermal_cooling/device HTTP/1.1" 200 3526 "-" "Amazon CloudFront"
64.252.66.61 - - [23/Sep/2026:11:56:03 +0000] "GET /?path=//sys/class/thermal/cooling_device3/device/physical_node/node0/cpu1/driver/cpu0/node0/cpu2/driver/cpu7/subsystem/devices/cpu3/firmware_node/subsystem/devices/PNP0A03:00/device:20/physical_node/nvme/nvme1/nvme1n1/device/nvme1n1/slaves HTTP/1.1" 200 2867 "-" "Amazon CloudFront"
64.252.67.137 - - [23/Sep/2026:11:56:07 +0000] "GET /?path=//sys/class/thermal/cooling_device3/device/physical_node/node0/cpu1/driver/cpu0/node0/cpu2/driver/cpu0/firmware_node/subsystem/devices/device:14/subsystem/devices/LNXSYBUS:00/PNP0A03:00/physical_node/0000:00:1f.0/nvme/nvme2/nvme2n1/device/nvme2n1/power HTTP/1.1" 200 3405 "-" "Amazon CloudFront"
64.252.69.209 - - [23/Sep/2026:11:56:11 +0000] "GET /?path=//sys/class/thermal/cooling_device3/device/physical_node/node0/cpu1/driver/cpu0/node0/cpu2/driver/cpu7/firmware_node/subsystem/devices/PNP0501:00/subsystem/devices/PNP0A03:00/device:21/physical_node/power HTTP/1.1" 200 3327 "-" "Amazon CloudFront"
64.252.69.209 - - [23/Sep/2026:11:56:15 +0000] "GET /?path=//sys/class/thermal/cooling_device3/device/physical_node/node0/cpu1/driver/cpu0/node0/cpu2/driver/cpu0/firmware_node/subsystem/devices/LNXCPU:06/subsystem/devices/PNP0A03:00/device:17/power HTTP/1.1" 200 3316 "-" "Amazon CloudFront"
64.252.67.137 - - [23/Sep/2026:11:56:22 +0000] "GET /?path=//sys/bus/acpi/devices/LNXCPU:06/physical_node/node0/memory21/node0/cpu1/driver/cpu2/firmware_node/thermal_cooling/subsystem/cooling_device1/device/subsystem/devices/LNXPWRBN:00/driver HTTP/1.1" 200 3311 "-" "Amazon CloudFront"
64.252.69.209 - - [23/Sep/2026:11:56:23 +0000] "GET /?path=//sys/class/thermal/cooling_device3/device/physical_node/node0/cpu1/driver/cpu0/node0/cpu2/driver/cpu3/firmware_node/subsystem/devices/device:18/subsystem/devices/PNP0A03:00/device:02/PNP0400:00/power HTTP/1.1" 200 3336 "-" "Amazon CloudFront"
64.252.67.137 - - [23/Sep/2026:11:56:27 +0000] "GET /?path=//sys/class/thermal/cooling_device3/device/physical_node/node0/cpu1/driver/cpu0/node0/cpu2/driver/cpu6/subsystem/drivers/processor/cpu3/firmware_node/thermal_cooling/subsystem/cooling_device3 HTTP/1.1" 200 3390 "-" "Amazon CloudFront"
64.252.66.61 - - [23/Sep/2026:11:56:31 +0000] "GET /?path=//sys/class/thermal/cooling_device3/device/physical_node/node0/cpu1/driver/cpu0/node0/cpu2/driver/cpu1/firmware_node/thermal_cooling/device/subsystem/devices/device:15/subsystem/devices/PNP0501:00/physical_node HTTP/1.1" 200 3468 "-" "Amazon CloudFront"
64.252.69.209 - - [23/Sep/2026:11:56:36 +0000] "GET /?path=//sys/class/thermal/cooling_device3/device/physical_node/node0/cpu1/driver/cpu0/node0/cpu2/driver/cpu0/firmware_node/subsystem/devices/device:14/subsystem/devices/LNXSYBUS:00/PNP0A03:00/physical_node/0000:00:1f.0/nvme/nvme2/nvme2n1/device/nvme2n1/mq HTTP/1.1" 200 3424 "-" "Amazon CloudFront"
64.252.69.209 - - [23/Sep/2026:11:56:39 +0000] "GET /?path=//sys/class/thermal/cooling_device3/device/physical_node/node0/cpu1/driver/cpu0/node0/cpu2/driver/cpu3/firmware_node/subsystem/devices/PNP0400:00/subsystem/devices/device:07/physical_node/net/eth0/queues/rx-7 HTTP/1.1" 200 3191 "-" "Amazon CloudFront"
64.252.69.209 - - [23/Sep/2026:11:56:43 +0000] "GET /?path=//sys/bus/acpi/devices/LNXCPU:06/physical_node/node0/memory21/node0/cpu1/driver/cpu2/driver/cpu4/firmware_node/subsystem/drivers/button/LNXPWRBN:00/subsystem/devices/LNXCPU:03/thermal_cooling/device/physical_node/cache/index1 HTTP/1.1" 200 3706 "-" "Amazon CloudFront"
64.252.69.209 - - [23/Sep/2026:11:56:47 +0000] "GET /?path=//sys/class/thermal/cooling_device3/device/physical_node/node0/cpu1/driver/cpu0/node0/cpu2/driver/cpu7/firmware_node/thermal_cooling/device/subsystem/devices/PNP0A03:00/subsystem/devices/LNXSYBUS:00/LNXCPU:00/thermal_cooling/power HTTP/1.1" 200 3339 "-" "Amazon CloudFront"
64.252.67.137 - - [23/Sep/2026:11:56:51 +0000] "GET /?path=//sys/class/thermal/cooling_device3/device/physical_node/node0/cpu1/driver/cpu0/node0/cpu2/driver/cpu4/firmware_node/subsystem/devices/device:02/PNP0501:00/physical_node/tty/ttyS0/subsystem/tty30/power HTTP/1.1" 200 3342 "-" "Amazon CloudFront"
64.252.67.137 - - [23/Sep/2026:11:56:55 +0000] "GET /?path=//sys/bus/acpi/devices/LNXCPU:06/physical_node/node0/memory21/node0/cpu1/driver/cpu2/subsystem/drivers/processor/cpu7/firmware_node/subsystem/devices/LNXSYBUS:00/PNP0A03:00/device:0e HTTP/1.1" 200 3422 "-" "Amazon CloudFront"
64.252.69.95 - - [23/Sep/2026:11:56:59 +0000] "GET /?path=//sys/class/thermal/cooling_device3/device/physical_node/node0/cpu1/driver/cpu0/node0/cpu2/driver/cpu7/firmware_node/subsystem/devices/LNXCPU:05/physical_node/firmware_node/subsystem/devices/LNXSYSTM:00/LNXSYBUS:00/LNXCPU:02/thermal_cooling HTTP/1.1" 200 3447 "-" "Amazon CloudFront"
64.252.67.137 - - [23/Sep/2026:11:57:03 +0000] "GET /?path=//sys/bus/acpi/devices/LNXCPU:06/physical_node/node0/memory21/node0/cpu1/driver/cpu2/driver/cpu5/firmware_node/subsystem/devices/LNXSYBUS:00/PNP0A03:00/physical_node/firmware_node/device:02/PNP0501:00 HTTP/1.1" 200 3450 "-" "Amazon CloudFront"
64.252.71.228 - - [23/Sep/2026:11:57:06 +0000] "GET /prizes/288103389?path=/var/www/volumes/6e617cbccd64427d8fa610c4f3e0b256 HTTP/1.1" 200 2643 "-" "Amazon CloudFront"
64.252.71.228 - - [23/Sep/2026:11:57:06 +0000] "GET /?fileloc=/var/spool/anacron/cron.monthly&path=/var/spool/anacron HTTP/1.1" 200 2565 "-" "Amazon CloudFront"
64.252.71.228 - - [23/Sep/2026:11:57:06 +0000] "GET /prizes/110960773?fileloc=/bin/dirname&path=/bin HTTP/1.1" 200 2537 "-" "Amazon CloudFront"
64.252.69.95 - - [23/Sep/2026:11:57:07 +0000] "GET /?path=//sys/bus/acpi/devices/LNXCPU:06/physical_node/node0/memory21/node0/cpu1/driver/cpu2/firmware_node/subsystem/drivers/button/LNXSLPBN:00/subsystem/devices/LNXCPU:05/thermal_cooling/device/physical_node/driver/cpu4/hotplug HTTP/1.1" 200 3240 "-" "Amazon CloudFront"
64.252.69.95 - - [23/Sep/2026:11:57:11 +0000] "GET /?path=//sys/bus/acpi/devices/LNXCPU:06/physical_node/node0/memory21/node0/cpu1/driver/cpu2/driver/cpu0/subsystem/devices/cpu7/subsystem/drivers/processor/cpu4/cache/index2 HTTP/1.1" 200 3583 "-" "Amazon CloudFront"
64.252.69.209 - - [23/Sep/2026:11:57:15 +0000] "GET /?path=//sys/class/thermal/cooling_device3/device/physical_node/node0/cpu1/driver/cpu0/node0/cpu2/driver/cpu1/firmware_node/subsystem/devices/device:0b/subsystem/devices/LNXSYBUS:00/LNXCPU:06/physical_node/firmware_node HTTP/1.1" 200 3529 "-" "Amazon CloudFront"
64.252.72.105 - - [23/Sep/2026:11:57:17 +0000] "GET /prizes/110960773?fileloc=/bin/db_replicate&path=/bin HTTP/1.1" 200 2543 "-" "Amazon CloudFront"
64.252.69.209 - - [23/Sep/2026:11:57:19 +0000] "GET /?path=//sys/class/thermal/cooling_device3/device/physical_node/node0/cpu1/driver/cpu0/node0/cpu2/driver/cpu7/firmware_node/subsystem/devices/PNP0A03:00/device:1e/subsystem/devices/PNP0A03:00/device:02/PNP0400:00 HTTP/1.1" 200 3463 "-" "Amazon CloudFront"
64.252.69.209 - - [23/Sep/2026:11:57:23 +0000] "GET /?path=//sys/class/thermal/cooling_device3/device/physical_node/node0/cpu1/driver/cpu0/node0/cpu2/driver/cpu3/firmware_node/subsystem/devices/PNP0A03:00/device:15/subsystem/devices/device:08/power HTTP/1.1" 200 3315 "-" "Amazon CloudFront"
64.252.67.137 - - [23/Sep/2026:11:57:26 +0000] "GET /?p=10571 HTTP/1.1" 200 4265 "-" "Amazon CloudFront"
64.252.69.95 - - [23/Sep/2026:11:57:27 +0000] "GET /?path=//sys/class/thermal/cooling_device3/device/physical_node/node0/cpu1/driver/cpu0/node0/cpu2/driver/cpu7/subsystem/drivers/processor/cpu1/firmware_node/subsystem/devices/LNXSYBUS:00/PNP0A03:00/physical_node/pci_bus/0000:00/device/firmware_node/device:1b HTTP/1.1" 200 3501 "-" "Amazon CloudFront"
64.252.66.61 - - [23/Sep/2026:11:57:31 +0000] "GET /?path=//sys/class/thermal/cooling_device3/device/physical_node/node0/cpu1/driver/cpu0/node0/cpu2/driver/cpu3/firmware_node/subsystem/devices/LNXSYSTM:00/LNXSYBUS:00/LNXCPU:05/subsystem/devices/LNXSYBUS:00/LNXCPU:05/thermal_cooling/device/physical_node/cache HTTP/1.1" 200 3401 "-" "Amazon CloudFront"
64.252.69.95 - - [23/Sep/2026:11:57:35 +0000] "GET /?path=//sys/class/thermal/cooling_device3/device/physical_node/node0/cpu1/driver/cpu0/node0/cpu2/driver/cpu3/firmware_node/subsystem/devices/PNP0A03:00/physical_node/0000:00:04.0/nvme/nvme0/device/subsystem/slots/9/module/parameters HTTP/1.1" 200 3176 "-" "Amazon CloudFront"
64.252.67.137 - - [23/Sep/2026:11:57:39 +0000] "GET /?path=//sys/class/thermal/cooling_device3/device/physical_node/node0/cpu1/driver/cpu0/node0/cpu2/driver/cpu4/firmware_node/subsystem/devices/device:02/physical_node/firmware_node/PNP0F13:00/subsystem/devices/PNP0A03:00/device:07 HTTP/1.1" 200 3460 "-" "Amazon CloudFront"
64.252.69.95 - - [23/Sep/2026:11:57:45 +0000] "GET /?path=//sys/class/thermal/cooling_device3/device/physical_node/node0/cpu1/driver/cpu0/node0/cpu2/driver/cpu4/firmware_node/subsystem/devices/device:1e/subsystem/devices/LNXSYSTM:00/LNXSYBUS:00/LNXCPU:07/power HTTP/1.1" 200 3292 "-" "Amazon CloudFront"
64.252.67.137 - - [23/Sep/2026:11:57:47 +0000] "GET /?path=//sys/class/thermal/cooling_device3/device/physical_node/node0/cpu1/driver/cpu0/node0/cpu2/driver/cpu7/firmware_node/subsystem/devices/LNXSYBUS:00/PNP0A03:00/device:1a/subsystem/devices/PNP0501:00/physical_node/power HTTP/1.1" 200 3335 "-" "Amazon CloudFront"
64.252.69.95 - - [23/Sep/2026:11:57:49 +0000] "GET /?path=//sys/class/thermal/cooling_device1/subsystem/cooling_device7/device/subsystem/devices/PNP0A03:00/device:12/subsystem/devices/device:1a/subsystem/devices/PNP0A03:00/device:06/subsystem/devices/device:13/subsystem/devices/LNXCPU:05/physical_node/driver/cpu5/driver/cpu4/node0/memory31/node0/memory29/node0/cpu6/node0/memory0/subsystem/devices/memory12/node0/memory3/node0/cpu7/node0/cpu7/driver/cpu3/node0/memory15/subsystem/drivers HTTP/1.1" 200 3106 "-" "Amazon CloudFront"
64.252.69.95 - - [23/Sep/2026:11:57:52 +0000] "GET /?path=//sys/class/thermal/cooling_device3/device/physical_node/node0/cpu1/driver/cpu0/node0/cpu2/driver/cpu1/firmware_node/subsystem/devices/device:02/physical_node/firmware_node/PNP0303:00/subsystem/devices/LNXPWRBN:00/input/input3/power HTTP/1.1" 200 3365 "-" "Amazon CloudFront"
64.252.66.61 - - [23/Sep/2026:11:57:55 +0000] "GET /?path=//sys/bus/acpi/devices/LNXCPU:06/physical_node/node0/memory21/node0/cpu1/driver/cpu2/firmware_node/physical_node/subsystem/drivers/processor/cpu6/firmware_node/subsystem/devices/LNXSYSTM:00/LNXSYBUS:00/PNP0A03:00/device:02/power HTTP/1.1" 200 3352 "-" "Amazon CloudFront"
64.252.67.137 - - [23/Sep/2026:11:57:59 +0000] "GET /?path=//sys/class/thermal/cooling_device3/device/physical_node/node0/cpu1/driver/cpu0/node0/cpu2/driver/cpu3/subsystem/drivers/processor/cpu5/firmware_node/subsystem/devices/LNXCPU:06/thermal_cooling HTTP/1.1" 200 3415 "-" "Amazon CloudFront"
64.252.67.137 - - [23/Sep/2026:11:58:03 +0000] "GET /?path=//sys/class/thermal/cooling_device1/subsystem/cooling_device7/device/subsystem/devices/device:1a/subsystem/devices/LNXCPU:02/physical_node/node0/memory30/node0/memory24/node0/memory14/node0/memory30/node0/subsystem/devices/node0/memory29/node0/memory29/node0/memory10/node0/memory4/node0/memory29/node0/memory7/node0/cpu7/power HTTP/1.1" 200 3542 "-" "Amazon CloudFront"
64.252.69.95 - - [23/Sep/2026:11:58:04 +0000] "GET /?path=//sys/class/thermal/cooling_device3/device/physical_node/node0/cpu1/driver/cpu0/node0/cpu2/driver/cpu7/firmware_node/subsystem/devices/PNP0A03:00/physical_node/firmware_node/device:03/subsystem/devices/device:18/power HTTP/1.1" 200 3323 "-" "Amazon CloudFront"
64.252.66.61 - - [23/Sep/2026:11:58:07 +0000] "GET /?path=//sys/class/thermal/cooling_device3/device/physical_node/node0/cpu1/driver/cpu0/node0/cpu2/driver/cpu7/firmware_node/subsystem/devices/LNXSYBUS:00/LNXCPU:04/physical_node/firmware_node/subsystem/devices/LNXSYBUS:00/PNP0A03:00/device:0c/power HTTP/1.1" 200 3371 "-" "Amazon CloudFront"
64.252.69.95 - - [23/Sep/2026:11:58:11 +0000] "GET /?path=//sys/class/thermal/cooling_device3/device/physical_node/node0/cpu1/driver/cpu0/node0/cpu2/driver/cpu3/firmware_node/subsystem/devices/device:16/subsystem/devices/LNXSYBUS:00/LNXCPU:01/thermal_cooling/power HTTP/1.1" 200 3338 "-" "Amazon CloudFront"
64.252.69.95 - - [23/Sep/2026:11:58:15 +0000] "GET /?path=//sys/class/thermal/cooling_device3/device/physical_node/node0/cpu1/driver/cpu0/node0/cpu2/driver/cpu7/firmware_node/subsystem/devices/device:20/subsystem/devices/LNXSYBUS:00/PNP0A03:00/device:1b HTTP/1.1" 200 3420 "-" "Amazon CloudFront"
64.252.69.95 - - [23/Sep/2026:11:58:19 +0000] "GET /?path=//sys/bus/acpi/devices/LNXCPU:06/physical_node/node0/memory21/node0/cpu1/driver/cpu2/driver/cpu4/firmware_node/physical_node/firmware_node/subsystem/drivers/tpm_crb HTTP/1.1" 200 3153 "-" "Amazon CloudFront"
64.252.66.61 - - [23/Sep/2026:11:58:23 +0000] "GET /?path=//sys/class/thermal/cooling_device3/device/physical_node/node0/cpu1/driver/cpu0/node0/cpu2/driver/cpu7/firmware_node/subsystem/devices/PNP0303:00/subsystem/devices/LNXSYBUS:00/PNP0A03:00/device:20/physical_node/nvme/nvme1/device/msi_irqs HTTP/1.1" 200 3384 "-" "Amazon CloudFront"
64.252.69.209 - - [23/Sep/2026:11:58:27 +0000] "GET /?path=//sys/class/thermal/cooling_device3/device/physical_node/node0/cpu1/driver/cpu0/node0/cpu2/driver/cpu6/subsystem/drivers/processor/cpu6/firmware_node/subsystem/devices/LNXSYBUS:00/LNXCPU:02/physical_node/firmware_node HTTP/1.1" 200 3474 "-" "Amazon CloudFront"
64.252.66.61 - - [23/Sep/2026:11:58:31 +0000] "GET /?path=//sys/class/thermal/cooling_device3/device/physical_node/node0/cpu1/driver/cpu0/node0/cpu2/driver/cpu7/firmware_node/subsystem/devices/device:20/subsystem/devices/LNXSYBUS:00/PNP0A03:00/device:17 HTTP/1.1" 200 3420 "-" "Amazon CloudFront"
64.252.69.209 - - [23/Sep/2026:11:58:35 +0000] "GET /?path=//sys/class/thermal/cooling_device3/device/physical_node/node0/cpu1/driver/cpu0/node0/cpu2/driver/cpu0/firmware_node/subsystem/devices/PNP0B00:00/subsystem/devices/LNXSYBUS:00/LNXCPU:02/physical_node/topology HTTP/1.1" 500 201 "-" "Amazon CloudFront"
64.252.69.95 - - [23/Sep/2026:11:58:39 +0000] "GET /?path=//sys/bus/acpi/devices/LNXCPU:06/physical_node/node0/memory21/node0/cpu1/driver/cpu2/firmware_node/physical_node/subsystem/drivers/processor/cpu3/driver/cpu7/subsystem/devices/cpu1/cache/index2/power HTTP/1.1" 200 3339 "-" "Amazon CloudFront"
64.252.69.95 - - [23/Sep/2026:11:58:43 +0000] "GET /?path=//sys/class/thermal/cooling_device3/device/physical_node/node0/cpu1/driver/cpu0/node0/cpu2/driver/cpu0/firmware_node/subsystem/devices/LNXSYBUS:00/PNP0A03:00/physical_node/firmware_node/device:09/subsystem/devices/device:1e/power HTTP/1.1" 200 3342 "-" "Amazon CloudFront"
64.252.66.61 - - [23/Sep/2026:11:58:47 +0000] "GET /?path=//sys/class/thermal/cooling_device3/device/physical_node/node0/cpu1/driver/cpu0/node0/cpu2/driver/cpu6/firmware_node/subsystem/devices/QEMU0001:00/subsystem/devices/PNP0A03:00/device:13 HTTP/1.1" 200 3402 "-" "Amazon CloudFront"
