64.252.66.61 - - [03/Sep/2026:02:58:32 +0000] "GET /?path=//sys/class/thermal/cooling_device3/device/physical_node/node0/memory28/node0/cpu5/firmware_node/subsystem/devices/PNP0A03:00/physical_node/pci_bus/0000:00/device/0000:00:01.0/subsystem/drivers/nvme/0000:00:1e.0/driver/module/drivers/pci:nvme/0000:00:1f.0/nvme/nvme2/power HTTP/1.1" 200 3433 "-" "Amazon CloudFront"
64.252.67.164 - - [03/Sep/2026:02:58:36 +0000] "GET /?path=//sys/class/thermal/cooling_device3/device/physical_node/node0/memory28/node0/cpu5/firmware_node/subsystem/devices/PNP0A03:00/physical_node/pci_bus/0000:00/device/0000:00:1f.0/driver/module/drivers/pci:nvme/0000:00:04.0/nvme/nvme0/nvme0n1/nvme0n1p128/subsystem/nvme0n1p128 HTTP/1.1" 200 3839 "-" "Amazon CloudFront"
64.252.66.61 - - [03/Sep/2026:02:58:40 +0000] "GET /?path=//sys/class/thermal/cooling_device3/device/physical_node/node0/memory28/node0/cpu5/firmware_node/subsystem/devices/PNP0A03:00/physical_node/pci_bus/0000:00/device/0000:00:1e.0/driver/module/drivers/pci:nvme/module/drivers/pci:nvme/0000:00:1e.0/firmware_node/subsystem/devices/device:16 HTTP/1.1" 200 3516 "-" "Amazon CloudFront"
64.252.66.61 - - [03/Sep/2026:02:58:44 +0000] "GET /products/detail/208628339?path=//sys/bus/node/devices/node0/cpu1/driver/cpu7/driver/cpu2/node0/cpu1/firmware_node/thermal_cooling/device/physical_node/firmware_node/subsystem/devices/PNP0A03:00/physical_node/0000:00:1e.0/nvme/nvme1/nvme1n1/holders/md0/subsystem/md0/md/dev-nvme2n1/block/device/nvme2n1/mq/1 HTTP/1.1" 200 3411 "-" "Amazon CloudFront"
64.252.68.74 - - [03/Sep/2026:02:58:48 +0000] "GET /?path=//sys/bus/memory/devices/memory1/node0/memory7/node0/cpu1/subsystem/drivers/processor/cpu5/firmware_node/subsystem/devices/PNP0A03:00/physical_node/firmware_node/device:20/physical_node/driver/0000:00:1e.0/driver/0000:00:1e.0/nvme/nvme1/device/nvme/nvme1/nvme1n1/holders/md0/md/rd0/block/device/nvme1n1/holders/md0/md/rd1/block/trace HTTP/1.1" 200 3524 "-" "Amazon CloudFront"
64.252.68.74 - - [03/Sep/2026:02:58:52 +0000] "GET /?path=//sys/class/thermal/cooling_device3/device/physical_node/node0/memory28/node0/cpu5/firmware_node/subsystem/devices/PNP0A03:00/physical_node/pci_bus/0000:00/device/0000:00:1e.0/driver/0000:00:1f.0/nvme/nvme2/nvme2n1/subsystem/md0/slaves/nvme1n1/holders/md0/md/dev-nvme2n1 HTTP/1.1" 200 3752 "-" "Amazon CloudFront"
64.252.68.74 - - [03/Sep/2026:02:58:57 +0000] "GET /products/detail/208628339?path=//sys/bus/node/devices/node0/cpu1/driver/cpu7/driver/cpu2/node0/cpu4/firmware_node/subsystem/devices/PNP0A03:00/physical_node/0000:00:04.0/firmware_node/physical_node/nvme/nvme0/device/nvme/nvme0/nvme0n1/nvme0n1p128/subsystem/md0/md/dev-nvme2n1/block/device/nvme2n1/holders/md0/bdi/power HTTP/1.1" 200 3482 "-" "Amazon CloudFront"
64.252.66.61 - - [03/Sep/2026:02:59:05 +0000] "GET /products/detail/208628339?path=//sys/bus/node/devices/node0/cpu1/driver/cpu7/driver/cpu2/node0/cpu1/firmware_node/thermal_cooling/device/physical_node/firmware_node/subsystem/devices/PNP0A03:00/physical_node/0000:00:1e.0/nvme/nvme1/nvme1n1/holders/md0/md/rd0/block/holders/md0/bdi/subsystem/0:40/power HTTP/1.1" 200 3450 "-" "Amazon CloudFront"
64.252.66.102 - - [03/Sep/2026:02:59:07 +0000] "GET /?path=//sys/bus/memory/devices/memory1/node0/memory30/node0/cpu6/firmware_node/subsystem/devices/device:21/physical_node/driver/module/drivers/pci:nvme/0000:00:1e.0/driver/0000:00:1f.0/nvme/nvme2/device/nvme/nvme2/nvme2n1/subsystem/nvme1n1/holders/md0/md/rd0/block/holders/md0/md/dev-nvme2n1/block/device/nvme2n1/mq/2/cpu2 HTTP/1.1" 200 3029 "-" "Amazon CloudFront"
64.252.72.118 - - [03/Sep/2026:02:59:08 +0000] "GET /prizes/198000450?path=/var/www/volumes/c2e61134f056472c994bc9dc10a50daf HTTP/1.1" 200 2643 "-" "Amazon CloudFront"
64.252.68.74 - - [03/Sep/2026:02:59:10 +0000] "GET /?path=//sys/class/thermal/cooling_device3/device/physical_node/node0/memory28/node0/cpu5/firmware_node/subsystem/devices/LNXSYBUS:00/PNP0A03:00/device:1b/subsystem/devices/LNXSYBUS:00/PNP0A03:00/physical_node/pci_bus/0000:00/device/0000:00:1e.0/driver/0000:00:1e.0/driver/0000:00:1f.0/nvme/nvme2/nvme2n1/holders/md0/slaves/nvme2n1/holders/md0/md/rd0/block/mq/1/cpu1 HTTP/1.1" 200 3060 "-" "Amazon CloudFront"
64.252.68.74 - - [03/Sep/2026:02:59:13 +0000] "GET /products/detail/208628339?path=//sys/bus/node/devices/node0/cpu1/driver/cpu7/driver/cpu2/node0/cpu4/firmware_node/subsystem/devices/PNP0A03:00/physical_node/0000:00:04.0/nvme/nvme0/nvme0n1/device/nvme0n1/nvme0n1p1/subsystem/md0/md/dev-nvme1n1/block/device/nvme1n1/holders/md0/md/dev-nvme2n1/block/holders HTTP/1.1" 200 3209 "-" "Amazon CloudFront"
64.252.68.74 - - [03/Sep/2026:02:59:17 +0000] "GET /?path=//sys/class/thermal/cooling_device3/device/physical_node/node0/memory28/node0/cpu5/firmware_node/subsystem/devices/PNP0A03:00/physical_node/pci_bus/0000:00/device/0000:00:1f.0/driver/0000:00:04.0/driver/module/drivers/pci:nvme/0000:00:1e.0/nvme/nvme1/nvme1n1/slaves HTTP/1.1" 200 2919 "-" "Amazon CloudFront"
64.252.66.102 - - [03/Sep/2026:02:59:20 +0000] "GET /?path=//sys/bus/memory/devices/memory14/node0/memory20/node0/cpu7/driver/cpu2/driver/cpu4/firmware_node/subsystem/devices/PNP0A03:00/physical_node/0000:00:1f.0/firmware_node/physical_node/nvme/nvme2/device/nvme/nvme2/nvme2n1/subsystem/nvme2n1/holders/md0/md/dev-nvme1n1/block/device/nvme1n1/holders/md0/md/dev-nvme2n1/block/mq/5/cpu5 HTTP/1.1" 200 3021 "-" "Amazon CloudFront"
64.252.68.74 - - [03/Sep/2026:02:59:24 +0000] "GET /products/detail/208628339?path=//sys/bus/node/devices/node0/cpu1/driver/cpu7/driver/cpu2/node0/cpu4/firmware_node/thermal_cooling/device/physical_node/firmware_node/thermal_cooling/device/subsystem/devices/device:20/physical_node/nvme/nvme1/nvme1n1/subsystem/nvme2n1/holders/md0/md/rd0/block/holders/md0/md/dev-nvme1n1/block/slaves HTTP/1.1" 200 2969 "-" "Amazon CloudFront"
64.252.66.102 - - [03/Sep/2026:02:59:28 +0000] "GET /?path=//sys/class/thermal/cooling_device3/device/physical_node/node0/memory28/node0/cpu5/firmware_node/subsystem/devices/PNP0A03:00/physical_node/pci_bus/0000:00/device/0000:00:04.0/subsystem/drivers/nvme/0000:00:1f.0/driver/0000:00:1f.0/driver/module/drivers/pci:nvme/0000:00:1e.0 HTTP/1.1" 200 4832 "-" "Amazon CloudFront"
64.252.68.74 - - [03/Sep/2026:02:59:33 +0000] "GET /products/detail/208628339?path=//sys/bus/node/devices/node0/cpu1/driver/cpu7/driver/cpu2/node0/cpu4/firmware_node/subsystem/devices/PNP0A03:00/physical_node/0000:00:04.0/firmware_node/physical_node/nvme/nvme0/nvme0n1/nvme0n1p128/subsystem/md0/md/dev-nvme1n1/block/holders/md0/slaves/nvme1n1/mq/5 HTTP/1.1" 200 3394 "-" "Amazon CloudFront"
64.252.68.74 - - [03/Sep/2026:02:59:36 +0000] "GET /?path=//sys/bus/memory/devices/memory1/node0/memory30/node0/cpu6/firmware_node/subsystem/devices/device:21/physical_node/driver/module/drivers/pci:nvme/0000:00:1f.0/driver/0000:00:1f.0/firmware_node/physical_node/nvme/nvme2/subsystem/nvme1/device/nvme/nvme1/nvme1n1/holders/md0/md/rd0/block/holders/md0/md/dev-nvme1n1/block/device/nvme1n1/bdi HTTP/1.1" 200 3663 "-" "Amazon CloudFront"
64.252.67.164 - - [03/Sep/2026:02:59:40 +0000] "GET /products/detail/208628339?path=//sys/bus/node/devices/node0/cpu1/driver/cpu7/driver/cpu2/node0/cpu1/firmware_node/thermal_cooling/device/physical_node/firmware_node/subsystem/devices/PNP0A03:00/device:07/physical_node/subsystem/drivers/nvme/0000:00:1f.0/nvme/nvme2/nvme2n1/device/nvme2n1/holders/md0/slaves HTTP/1.1" 200 3244 "-" "Amazon CloudFront"
64.252.66.102 - - [03/Sep/2026:02:59:44 +0000] "GET /?path=//sys/bus/acpi/devices/LNXCPU:06/physical_node/node0/memory21/node0/cpu0/subsystem/drivers/processor/cpu6/firmware_node/subsystem/devices/device:06/physical_node/driver/0000:00:04.0/driver/0000:00:1e.0/nvme/nvme1/nvme1n1/holders/md0/md/dev-nvme2n1/block/holders/md0/md/rd0/block/device/nvme1n1/mq/5/cpu5 HTTP/1.1" 200 3004 "-" "Amazon CloudFront"
64.252.66.61 - - [03/Sep/2026:02:59:48 +0000] "GET /?path=//sys/class/thermal/cooling_device3/device/physical_node/node0/memory28/node0/cpu5/firmware_node/subsystem/devices/PNP0A03:00/physical_node/pci_bus/0000:00/device/0000:00:1f.0/driver/module/drivers/pci:nvme/0000:00:04.0/driver/0000:00:1e.0/subsystem/slots/27 HTTP/1.1" 200 3545 "-" "Amazon CloudFront"
64.252.68.74 - - [03/Sep/2026:02:59:52 +0000] "GET /products/detail/208628339?path=//sys/bus/node/devices/node0/cpu1/driver/cpu7/driver/cpu2/node0/cpu1/firmware_node/thermal_cooling/device/physical_node/firmware_node/subsystem/devices/PNP0A03:00/physical_node/0000:00:01.0/subsystem/drivers/ena/module/drivers/pci:ena/0000:00:05.0/net/eth0/queues/rx-6 HTTP/1.1" 200 3277 "-" "Amazon CloudFront"
64.252.66.102 - - [03/Sep/2026:02:59:56 +0000] "GET /?path=//sys/class/thermal/cooling_device3/device/physical_node/node0/memory28/node0/cpu5/firmware_node/subsystem/devices/PNP0A03:00/physical_node/pci_bus/0000:00/device/0000:00:1f.0/driver/module/drivers/pci:nvme/0000:00:1e.0/subsystem/devices/0000:00:1e.0/driver/0000:00:04.0/firmware_node HTTP/1.1" 200 3528 "-" "Amazon CloudFront"
64.252.66.61 - - [03/Sep/2026:03:00:00 +0000] "GET /?path=//sys/bus/memory/devices/memory1/node0/memory7/node0/cpu1/subsystem/drivers/processor/cpu5/firmware_node/subsystem/devices/PNP0A03:00/physical_node/firmware_node/physical_node/0000:00:1e.0/driver/module/drivers/pci:nvme/0000:00:1f.0/driver/0000:00:1e.0/nvme/nvme1/nvme1n1/holders/md0/md/rd1/block/device/nvme2n1/holders/md0/slaves/nvme2n1/trace HTTP/1.1" 200 3546 "-" "Amazon CloudFront"
64.252.66.61 - - [03/Sep/2026:03:00:05 +0000] "GET /products/detail/208628339?path=//sys/bus/node/devices/node0/cpu1/driver/cpu7/driver/cpu2/node0/cpu1/firmware_node/thermal_cooling/device/physical_node/firmware_node/subsystem/drivers/button/LNXPWRBN:00/subsystem/devices/LNXSYSTM:00/LNXSYBUS:00/PNP0A03:00/device:21/physical_node/nvme/nvme2/nvme2n1/holders/md0/slaves/nvme1n1/bdi/power HTTP/1.1" 200 3516 "-" "Amazon CloudFront"
64.252.66.61 - - [03/Sep/2026:03:00:08 +0000] "GET /?path=//sys/class/thermal/cooling_device3/device/physical_node/node0/memory28/node0/cpu5/firmware_node/subsystem/devices/PNP0A03:00/physical_node/pci_bus/0000:00/device/firmware_node/device:02/PNP0400:00/subsystem/drivers/button/LNXSLPBN:00/driver/LNXSLPBN:00/driver/LNXPWRBN:00/input/input3 HTTP/1.1" 200 3731 "-" "Amazon CloudFront"
64.252.68.74 - - [03/Sep/2026:03:00:12 +0000] "GET /products/detail/208628339?path=//sys/bus/node/devices/node0/cpu1/driver/cpu7/driver/cpu2/node0/cpu1/firmware_node/thermal_cooling/device/physical_node/firmware_node/subsystem/devices/LNXSYSTM:00/LNXSYBUS:00/PNP0A03:00/device:06/physical_node/nvme/nvme0/device/nvme/nvme0/nvme0n1/nvme0n1p1/subsystem/nvme2n1/mq/4/cpu4 HTTP/1.1" 200 2976 "-" "Amazon CloudFront"
64.252.68.74 - - [03/Sep/2026:03:00:17 +0000] "GET /?path=//sys/class/thermal/cooling_device3/device/physical_node/node0/memory28/node0/cpu5/firmware_node/subsystem/devices/PNP0A03:00/physical_node/pci_bus/0000:00/device/0000:00:1f.0/driver/module/drivers/pci:nvme/0000:00:04.0/driver/0000:00:1f.0/subsystem/devices/0000:00:1e.0/msi_irqs HTTP/1.1" 200 3442 "-" "Amazon CloudFront"
64.252.66.61 - - [03/Sep/2026:03:00:20 +0000] "GET /products/detail/208628339?path=//sys/bus/node/devices/node0/cpu1/driver/cpu7/driver/cpu2/node0/cpu1/firmware_node/thermal_cooling/device/physical_node/firmware_node/subsystem/devices/LNXSYBUS:00/PNP0A03:00/device:20/physical_node/nvme/nvme1/nvme1n1/subsystem/md0/slaves/nvme2n1/holders/md0/md/dev-nvme1n1/block/bdi/power HTTP/1.1" 200 3409 "-" "Amazon CloudFront"
64.252.68.74 - - [03/Sep/2026:03:00:24 +0000] "GET /?path=//sys/class/thermal/cooling_device3/device/physical_node/node0/memory28/node0/cpu5/firmware_node/subsystem/devices/PNP0A03:00/device:06/subsystem/devices/device:21/physical_node/nvme/nvme2/device/driver/0000:00:1f.0/driver/module/drivers/pci:nvme/module/drivers/pci:nvme/0000:00:1f.0/nvme/nvme2/nvme2n1/holders/md0/md/dev-nvme2n1/block/holders/md0/slaves/nvme1n1/trace HTTP/1.1" 200 3547 "-" "Amazon CloudFront"
64.252.66.61 - - [03/Sep/2026:03:00:29 +0000] "GET /products/detail/208628339?path=//sys/bus/node/devices/node0/cpu1/driver/cpu7/driver/cpu2/node0/cpu4/firmware_node/thermal_cooling/device/physical_node/firmware_node/thermal_cooling/device/subsystem/devices/PNP0A03:00/device:20/physical_node/nvme/nvme1/nvme1n1/holders/md0/slaves/nvme2n1/subsystem/nvme0n1/bdi/power HTTP/1.1" 200 3447 "-" "Amazon CloudFront"
64.252.66.61 - - [03/Sep/2026:03:00:32 +0000] "GET /?path=//sys/class/thermal/cooling_device3/device/physical_node/node0/memory28/node0/cpu5/firmware_node/subsystem/devices/PNP0A03:00/physical_node/pci_bus/0000:00/device/0000:00:1e.0/driver/0000:00:1f.0/nvme/nvme2/nvme2n1/subsystem/nvme1n1/holders/md0/md/dev-nvme2n1/block/bdi HTTP/1.1" 200 3569 "-" "Amazon CloudFront"
64.252.67.164 - - [03/Sep/2026:03:00:38 +0000] "GET /products/detail/208628339?path=//sys/bus/node/devices/node0/cpu1/driver/cpu7/driver/cpu2/node0/cpu4/firmware_node/subsystem/devices/PNP0A03:00/device:21/physical_node/nvme/nvme2/device/nvme/nvme2/nvme2n1/subsystem/nvme1n1/holders/md0/md/rd1/block/holders/md0/md/rd0 HTTP/1.1" 200 3690 "-" "Amazon CloudFront"
64.252.68.74 - - [03/Sep/2026:03:00:41 +0000] "GET /products/detail/208628339?path=//sys/bus/node/devices/node0/cpu1/driver/cpu7/driver/cpu2/node0/cpu4/firmware_node/thermal_cooling/device/physical_node/firmware_node/thermal_cooling/device/subsystem/devices/LNXSYSTM:00/LNXSYBUS:00/PNP0A03:00/device:21/physical_node/nvme/nvme2/subsystem/nvme1/nvme1n1/holders/md0/slaves/nvme2n1/mq/2/cpu2 HTTP/1.1" 200 2989 "-" "Amazon CloudFront"
64.252.66.61 - - [03/Sep/2026:03:00:44 +0000] "GET /?path=//sys/class/thermal/cooling_device3/device/physical_node/node0/memory28/node0/cpu5/firmware_node/subsystem/devices/LNXSYSTM:00/LNXSYBUS:00/PNP0A03:00/physical_node/0000:00:04.0/driver/0000:00:1e.0/nvme/nvme1/device/driver/module/drivers/pci:nvme/0000:00:1f.0/nvme/nvme2/nvme2n1/subsystem/nvme1n1/holders/md0/md/rd1/block/holders/md0/md/dev-nvme1n1/block/mq/2 HTTP/1.1" 200 3560 "-" "Amazon CloudFront"
64.252.67.164 - - [03/Sep/2026:03:00:48 +0000] "GET /products/detail/208628339?path=//sys/bus/node/devices/node0/cpu1/driver/cpu7/driver/cpu2/node0/cpu4/firmware_node/thermal_cooling/device/physical_node/firmware_node/subsystem/devices/device:20/physical_node/nvme/nvme1/nvme1n1/holders/md0/md/dev-nvme1n1/block/holders/md0/slaves/nvme2n1/bdi/subsystem/259:2 HTTP/1.1" 200 3564 "-" "Amazon CloudFront"
64.252.70.102 - - [03/Sep/2026:03:00:49 +0000] "GET /prizes/127391632?fileloc=/sbin/init&path=/sbin HTTP/1.1" 200 2537 "-" "Amazon CloudFront"
64.252.71.147 - - [03/Sep/2026:03:00:49 +0000] "GET /prizes/198000450?path=/var/www/volumes/2f5dda90d37742a0b1cd0809a1c98d89 HTTP/1.1" 200 2643 "-" "Amazon CloudFront"
64.252.72.118 - - [03/Sep/2026:03:00:51 +0000] "GET /prizes/127391632?fileloc=/sbin/faillock&path=/sbin HTTP/1.1" 200 2540 "-" "Amazon CloudFront"
64.252.70.102 - - [03/Sep/2026:03:00:53 +0000] "GET /prizes/80015743?fileloc=/run/cron.reboot&path=/run HTTP/1.1" 200 2541 "-" "Amazon CloudFront"
64.252.68.74 - - [03/Sep/2026:03:00:53 +0000] "GET /?path=//sys/bus/memory/devices/memory1/node0/memory7/node0/cpu1/subsystem/drivers/processor/cpu5/firmware_node/subsystem/devices/PNP0A03:00/physical_node/firmware_node/physical_node/0000:00:1e.0/driver/module/drivers/pci:nvme/0000:00:1f.0/driver/0000:00:1e.0/nvme/nvme1/nvme1n1/holders/md0/md/dev-nvme2n1/block/holders/md0/md/rd1/block/mq/5 HTTP/1.1" 200 3505 "-" "Amazon CloudFront"
64.252.66.102 - - [03/Sep/2026:03:00:57 +0000] "GET /?path=//sys/bus/memory/devices/memory1/node0/memory30/node0/cpu6/firmware_node/subsystem/devices/device:21/physical_node/driver/0000:00:1e.0/subsystem/drivers/nvme/0000:00:04.0/driver/module/drivers/pci:nvme/0000:00:1e.0/firmware_node/physical_node/nvme/nvme1/nvme1n1/device/nvme1n1/holders/md0/slaves/nvme2n1/holders/md0/md/rd1/block/device/nvme2n1/mq/1/cpu1 HTTP/1.1" 200 3045 "-" "Amazon CloudFront"
64.252.67.164 - - [03/Sep/2026:03:01:02 +0000] "GET /?path=//sys/bus/memory/devices/memory1/node0/memory7/node0/cpu1/subsystem/drivers/processor/cpu5/firmware_node/subsystem/devices/PNP0A03:00/physical_node/firmware_node/physical_node/0000:00:1e.0/driver/module/drivers/pci:nvme/0000:00:1f.0/driver/0000:00:1e.0/nvme/nvme1/nvme1n1/holders/md0/md/dev-nvme2n1/block/holders/md0/md/rd1/block/mq/1 HTTP/1.1" 200 3505 "-" "Amazon CloudFront"
64.252.68.74 - - [03/Sep/2026:03:01:05 +0000] "GET /products/detail/208628339?path=//sys/bus/node/devices/node0/cpu1/driver/cpu7/driver/cpu2/node0/cpu4/firmware_node/subsystem/devices/PNP0A03:00/physical_node/0000:00:04.0/subsystem/drivers/nvme/0000:00:1e.0/nvme/nvme1/nvme1n1/holders/md0/md/rd0/block/device/nvme1n1/mq/0/cpu0 HTTP/1.1" 200 2924 "-" "Amazon CloudFront"
64.252.66.102 - - [03/Sep/2026:03:01:09 +0000] "GET /?path=//sys/class/thermal/cooling_device3/device/physical_node/node0/memory28/node0/cpu5/firmware_node/subsystem/devices/PNP0A03:00/physical_node/pci_bus/0000:00/device/0000:00:04.0/subsystem/drivers/nvme/0000:00:04.0/driver/0000:00:1f.0/driver/module/drivers/pci:nvme/0000:00:1f.0/nvme HTTP/1.1" 200 3186 "-" "Amazon CloudFront"
64.252.68.74 - - [03/Sep/2026:03:01:13 +0000] "GET /products/detail/208628339?path=//sys/bus/node/devices/node0/cpu1/driver/cpu7/driver/cpu2/node0/cpu4/firmware_node/subsystem/devices/PNP0A03:00/physical_node/0000:00:04.0/firmware_node/physical_node/nvme/nvme0/nvme0n1/nvme0n1p128/subsystem/nvme2n1/holders/md0/md/dev-nvme1n1/block/holders/md0/md/dev-nvme1n1/block/bdi HTTP/1.1" 200 3561 "-" "Amazon CloudFront"
64.252.67.164 - - [03/Sep/2026:03:01:17 +0000] "GET /products/detail/208628339?path=//sys/bus/node/devices/node0/cpu1/driver/cpu7/driver/cpu2/node0/cpu4/firmware_node/subsystem/devices/PNP0A03:00/device:21/physical_node/nvme/nvme2/device/nvme/nvme2/nvme2n1/subsystem/nvme2n1/holders/md0/slaves/nvme1n1/holders/md0/md/dev-nvme1n1/block/power HTTP/1.1" 200 3438 "-" "Amazon CloudFront"
64.252.66.61 - - [03/Sep/2026:03:01:21 +0000] "GET /?path=//sys/class/thermal/cooling_device3/device/physical_node/node0/memory28/node0/cpu5/firmware_node/subsystem/devices/PNP0A03:00/physical_node/pci_bus/0000:00/device/0000:00:1f.0/driver/0000:00:04.0/driver/0000:00:1f.0/nvme/nvme2/nvme2n1/holders/md0/md/rd0 HTTP/1.1" 200 3706 "-" "Amazon CloudFront"
64.252.68.74 - - [03/Sep/2026:03:01:25 +0000] "GET /?path=//sys/class/thermal/cooling_device3/device/physical_node/node0/memory28/node0/cpu5/firmware_node/subsystem/devices/PNP0A03:00/physical_node/pci_bus/0000:00/device/0000:00:05.0/subsystem/drivers/nvme/module/drivers/pci:nvme/0000:00:1e.0/driver/0000:00:1e.0/driver/0000:00:1f.0/msi_irqs HTTP/1.1" 200 3467 "-" "Amazon CloudFront"
64.252.66.61 - - [03/Sep/2026:03:01:29 +0000] "GET /?path=//sys/bus/memory/devices/memory1/node0/memory30/node0/cpu6/firmware_node/subsystem/devices/device:21/physical_node/driver/module/drivers/pci:nvme/0000:00:1e.0/driver/0000:00:1f.0/nvme/nvme2/nvme2n1/subsystem/md0/md/dev-nvme1n1/block/device/device/firmware_node/physical_node/nvme/nvme1/nvme1n1/holders/md0/md/rd0/block/mq/6 HTTP/1.1" 200 3500 "-" "Amazon CloudFront"
64.252.66.61 - - [03/Sep/2026:03:01:33 +0000] "GET /?path=//sys/class/thermal/cooling_device3/device/physical_node/node0/memory28/node0/cpu5/firmware_node/subsystem/devices/LNXSYBUS:00/PNP0A03:00/device:1b/subsystem/devices/LNXSYBUS:00/PNP0A03:00/physical_node/0000:00:04.0/driver/0000:00:1e.0/driver/0000:00:1f.0/nvme/nvme2/nvme2n1/device/nvme2n1/holders/md0/md/dev-nvme1n1/block/holders/md0/slaves/nvme1n1/mq/7 HTTP/1.1" 200 3524 "-" "Amazon CloudFront"
64.252.67.164 - - [03/Sep/2026:03:01:37 +0000] "GET /?path=//sys/class/thermal/cooling_device3/device/physical_node/node0/memory28/node0/cpu5/firmware_node/subsystem/devices/PNP0A03:00/physical_node/pci_bus/0000:00/device/0000:00:1f.0/driver/module/drivers/pci:nvme/0000:00:04.0/subsystem/drivers/nvme/0000:00:04.0/driver/module HTTP/1.1" 200 3744 "-" "Amazon CloudFront"
64.252.67.164 - - [03/Sep/2026:03:01:41 +0000] "GET /products/detail/208628339?path=//sys/bus/node/devices/node0/cpu1/driver/cpu7/driver/cpu2/node0/cpu4/firmware_node/thermal_cooling/device/physical_node/firmware_node/thermal_cooling/device/subsystem/devices/PNP0A03:00/device:05/physical_node/subsystem/drivers/nvme/0000:00:1e.0/nvme/nvme1/nvme1n1/holders/md0/slaves/nvme2n1/mq/4 HTTP/1.1" 200 3431 "-" "Amazon CloudFront"
64.252.67.164 - - [03/Sep/2026:03:01:44 +0000] "GET /?path=//sys/bus/acpi/devices/LNXCPU:06/physical_node/node0/memory21/node0/cpu0/subsystem/drivers/processor/cpu6/firmware_node/subsystem/devices/device:06/physical_node/driver/0000:00:04.0/driver/0000:00:1e.0/nvme/nvme1/nvme1n1/holders/md0/slaves/nvme2n1/holders/md0/md/rd0/block/device/device/nvme/nvme1/nvme1n1/bdi HTTP/1.1" 200 3603 "-" "Amazon CloudFront"
64.252.67.164 - - [03/Sep/2026:03:01:49 +0000] "GET /products/detail/208628339?path=//sys/bus/node/devices/node0/cpu1/driver/cpu7/driver/cpu2/node0/cpu1/firmware_node/thermal_cooling/device/physical_node/firmware_node/subsystem/devices/device:06/physical_node/nvme/nvme0/nvme0n1/nvme0n1p1/subsystem/md0/md/rd1/block/holders/md0/md/dev-nvme1n1/block HTTP/1.1" 200 4226 "-" "Amazon CloudFront"
64.252.67.164 - - [03/Sep/2026:03:01:52 +0000] "GET /products/detail/208628339?path=//sys/bus/node/devices/node0/cpu1/driver/cpu7/driver/cpu2/node0/cpu4/firmware_node/subsystem/devices/LNXSYSTM:00/LNXSYBUS:00/PNP0A03:00/device:20/physical_node/nvme/nvme1/device/nvme/nvme1/nvme1n1/device/nvme1n1/subsystem/md0/md/dev-nvme2n1/block/mq/2 HTTP/1.1" 200 3377 "-" "Amazon CloudFront"
64.252.66.102 - - [03/Sep/2026:03:01:57 +0000] "GET /?path=//sys/bus/memory/devices/memory1/node0/memory7/node0/cpu1/subsystem/drivers/processor/cpu5/firmware_node/subsystem/devices/PNP0A03:00/physical_node/firmware_node/device:20/physical_node/driver/0000:00:1f.0/nvme/nvme2/device/driver/0000:00:1e.0/nvme/nvme1/nvme1n1/holders/md0/md/rd0/block/holders/md0/md/rd0/block/device/nvme1n1/mq/1 HTTP/1.1" 200 3505 "-" "Amazon CloudFront"
64.252.68.74 - - [03/Sep/2026:03:02:00 +0000] "GET /products/detail/208628339?path=//sys/bus/node/devices/node0/cpu1/driver/cpu7/driver/cpu2/node0/cpu4/firmware_node/subsystem/devices/PNP0A03:00/device:06/physical_node/firmware_node/physical_node/nvme/nvme0/nvme0n1/subsystem/nvme2n1/device/nvme2n1/holders/md0/slaves/nvme1n1/holders/md0/md/dev-nvme1n1/block/trace HTTP/1.1" 200 3352 "-" "Amazon CloudFront"
64.252.66.102 - - [03/Sep/2026:03:02:05 +0000] "GET /products/detail/208628339?path=//sys/bus/node/devices/node0/cpu1/driver/cpu7/driver/cpu2/node0/cpu4/firmware_node/subsystem/devices/device:06/physical_node/nvme/nvme0/nvme0n1/subsystem/nvme1n1/holders/md0/md/rd0/block/device/device/nvme/nvme1/nvme1n1/bdi HTTP/1.1" 200 3500 "-" "Amazon CloudFront"
64.252.66.61 - - [03/Sep/2026:03:02:08 +0000] "GET /products/detail/208628339?path=//sys/bus/node/devices/node0/cpu1/driver/cpu7/driver/cpu2/node0/cpu4/firmware_node/thermal_cooling/device/physical_node/firmware_node/thermal_cooling/device/subsystem/devices/LNXSYSTM:00/LNXSYBUS:00/PNP0A03:00/device:21/physical_node/nvme/nvme2/nvme2n1/holders/md0/slaves/nvme1n1/holders/md0/subsystem/nvme2n1/mq/7 HTTP/1.1" 200 3462 "-" "Amazon CloudFront"
64.252.67.164 - - [03/Sep/2026:03:02:13 +0000] "GET /?path=//sys/class/thermal/cooling_device3/device/physical_node/node0/memory28/node0/cpu5/firmware_node/subsystem/devices/PNP0A03:00/physical_node/pci_bus/0000:00/device/0000:00:05.0/subsystem/drivers/nvme/module/drivers/pci:nvme/0000:00:1f.0/driver/0000:00:04.0/driver/module/holders HTTP/1.1" 200 2923 "-" "Amazon CloudFront"
64.252.68.74 - - [03/Sep/2026:03:02:17 +0000] "GET /products/detail/208628339?path=//sys/bus/node/devices/node0/cpu1/driver/cpu7/driver/cpu2/node0/cpu4/firmware_node/thermal_cooling/device/physical_node/firmware_node/thermal_cooling/device/subsystem/devices/PNP0A03:00/device:05/physical_node/subsystem/drivers/nvme/0000:00:1f.0/nvme/nvme2/nvme2n1/holders/md0/md/rd1/block/mq/2 HTTP/1.1" 200 3435 "-" "Amazon CloudFront"
64.252.67.164 - - [03/Sep/2026:03:02:21 +0000] "GET /?path=//sys/bus/memory/devices/memory1/node0/memory7/node0/cpu1/subsystem/drivers/processor/cpu5/firmware_node/subsystem/devices/PNP0A03:00/physical_node/firmware_node/device:20/physical_node/driver/0000:00:04.0/driver/module/drivers/pci:nvme/0000:00:1e.0/nvme/nvme1/device/nvme/nvme1/nvme1n1/holders/md0/md/rd1/block/holders/md0/md/rd0/block/mq/5 HTTP/1.1" 200 3528 "-" "Amazon CloudFront"
64.252.66.61 - - [03/Sep/2026:03:02:25 +0000] "GET /?path=//sys/class/thermal/cooling_device3/device/physical_node/node0/memory28/node0/cpu5/firmware_node/subsystem/devices/PNP0A03:00/physical_node/pci_bus/0000:00/device/0000:00:1f.0/driver/module/drivers/pci:nvme/0000:00:1e.0/firmware_node/subsystem/devices/LNXSYBUS:00/PNP0A03:00/device:08 HTTP/1.1" 200 3524 "-" "Amazon CloudFront"
64.252.66.61 - - [03/Sep/2026:03:02:30 +0000] "GET /?path=//sys/class/thermal/cooling_device3/device/physical_node/node0/cpu1/driver/cpu0/node0/cpu2/firmware_node/subsystem/devices/LNXSYSTM:00/LNXSYBUS:00/PNP0C0F:04/subsystem/devices/PNP0A03:00/device:20/physical_node/driver/module/drivers/pci:nvme/0000:00:1e.0/nvme/nvme1/device/nvme/nvme1/nvme1n1/holders/md0/md/rd0/block/holders/md0/md/rd1/block/mq/0 HTTP/1.1" 200 3558 "-" "Amazon CloudFront"
64.252.66.61 - - [03/Sep/2026:03:02:32 +0000] "GET /?path=//sys/bus/memory/devices/memory1/node0/memory7/node0/cpu1/subsystem/drivers/processor/cpu5/firmware_node/subsystem/devices/PNP0A03:00/physical_node/firmware_node/device:20/physical_node/driver/0000:00:04.0/driver/module/drivers/pci:nvme/0000:00:1e.0/nvme/nvme1/device/nvme/nvme1/nvme1n1/holders/md0/md/rd1/block/device/nvme2n1/holders/md0/integrity HTTP/1.1" 200 3622 "-" "Amazon CloudFront"
64.252.67.164 - - [03/Sep/2026:03:02:37 +0000] "GET /?path=//sys/class/thermal/cooling_device3/device/physical_node/node0/cpu1/driver/cpu0/node0/cpu2/firmware_node/subsystem/devices/LNXSYSTM:00/LNXSYBUS:00/PNP0C0F:02/subsystem/devices/LNXSYSTM:00/LNXSYBUS:00/PNP0A03:00/physical_node/0000:00:04.0/driver/module/drivers/pci:nvme/module/drivers/pci:nvme/0000:00:1f.0/nvme/nvme2/nvme2n1/device/nvme2n1/holders/md0/md/rd0 HTTP/1.1" 200 3920 "-" "Amazon CloudFront"
64.252.67.164 - - [03/Sep/2026:03:02:38 +0000] "GET /products/detail/188911703?path=/var/www/volumes/eb40eeed47724532a873aca844dcda58 HTTP/1.1" 200 2642 "-" "Amazon CloudFront"
64.252.66.102 - - [03/Sep/2026:03:02:41 +0000] "GET /?path=//sys/bus/memory/devices/memory1/node0/memory7/node0/cpu1/subsystem/drivers/processor/cpu5/firmware_node/subsystem/devices/PNP0A03:00/physical_node/firmware_node/device:20/physical_node/driver/0000:00:04.0/driver/module/drivers/pci:nvme/0000:00:1e.0/nvme/nvme1/device/nvme/nvme1/nvme1n1/holders/md0/md/rd1/block/device/nvme2n1/holders/md0/bdi HTTP/1.1" 200 3682 "-" "Amazon CloudFront"
64.252.66.102 - - [03/Sep/2026:03:02:45 +0000] "GET /products/detail/208628339?path=//sys/bus/node/devices/node0/cpu1/driver/cpu7/driver/cpu2/node0/cpu4/firmware_node/subsystem/devices/LNXSYBUS:00/LNXCPU:03/thermal_cooling/device/thermal_cooling/device/physical_node/firmware_node/physical_node/subsystem/drivers/processor/cpu4/cache/index1/power HTTP/1.1" 200 3401 "-" "Amazon CloudFront"
64.252.67.164 - - [03/Sep/2026:03:02:48 +0000] "GET /products/detail/208628339?path=//sys/bus/node/devices/node0/cpu1/driver/cpu7/driver/cpu2/node0/cpu4/firmware_node/thermal_cooling/device/physical_node/firmware_node/subsystem/devices/device:21/physical_node/nvme/nvme2/nvme2n1/subsystem/md0/md/dev-nvme1n1/block/holders/md0/slaves/nvme1n1/device/nvme1n1/holders HTTP/1.1" 200 3177 "-" "Amazon CloudFront"
64.252.67.164 - - [03/Sep/2026:03:02:53 +0000] "GET /?path=//sys/class/thermal/cooling_device3/device/physical_node/node0/cpu1/driver/cpu0/node0/cpu2/firmware_node/subsystem/devices/LNXSYSTM:00/LNXSYBUS:00/PNP0C0F:04/subsystem/devices/PNP0A03:00/physical_node/pci_bus/0000:00/device/0000:00:04.0/driver/module/drivers/pci:nvme/module/drivers/pci:nvme/0000:00:1e.0/nvme/nvme1/nvme1n1/holders/md0/slaves/nvme1n1/holders/md0/md/rd1/block/mq/1 HTTP/1.1" 200 3592 "-" "Amazon CloudFront"
64.252.67.164 - - [03/Sep/2026:03:02:56 +0000] "GET /?path=//sys/bus/memory/devices/memory1/node0/memory30/node0/cpu6/firmware_node/subsystem/devices/device:21/physical_node/driver/module/drivers/pci:nvme/0000:00:1e.0/driver/0000:00:1f.0/nvme/nvme2/subsystem/nvme1/device/nvme/nvme1/nvme1n1/holders/md0/md/dev-nvme2n1/block/device/nvme2n1/holders/md0/md/rd1/block/mq/4 HTTP/1.1" 200 3486 "-" "Amazon CloudFront"
64.252.68.74 - - [03/Sep/2026:03:03:01 +0000] "GET /?path=//sys/class/thermal/cooling_device3/device/physical_node/node0/memory28/node0/cpu3/driver/cpu0/firmware_node/subsystem/devices/device:05/subsystem/devices/LNXSYBUS:00/PNP0A03:00/physical_node/0000:00:04.0/driver/module/drivers/pci:nvme/0000:00:1f.0/nvme/nvme2/nvme2n1/device/nvme2n1/holders/md0/md/rd0/block/holders/md0/md/dev-nvme2n1/block/mq/7/cpu7 HTTP/1.1" 200 3075 "-" "Amazon CloudFront"
64.252.68.74 - - [03/Sep/2026:03:03:04 +0000] "GET /?path=//sys/class/thermal/cooling_device3/device/physical_node/node0/memory28/node0/cpu5/firmware_node/subsystem/devices/PNP0A03:00/physical_node/pci_bus/0000:00/device/0000:00:04.0/driver/0000:00:04.0/driver/0000:00:1e.0/nvme/nvme1/subsystem/nvme0/nvme0n1/nvme0n1p128/power HTTP/1.1" 200 3411 "-" "Amazon CloudFront"
64.252.66.102 - - [03/Sep/2026:03:03:10 +0000] "GET /products/detail/225861420?path=//sys/devices/pci0000:00/firmware_node/device:07/physical_node/firmware_node/subsystem/devices/device:20/physical_node/driver/0000:00:1f.0/nvme/nvme2/nvme2n1/device/subsystem/nvme2/device/driver/module/drivers/pci:nvme/module/drivers/pci:nvme/0000:00:1e.0/nvme/nvme1/nvme1n1/holders/md0/slaves/nvme1n1/holders/md0/md/dev-nvme2n1/block HTTP/1.1" 200 4426 "-" "Amazon CloudFront"
64.252.66.61 - - [03/Sep/2026:03:03:12 +0000] "GET /products/detail/208628339?path=//sys/bus/node/devices/node0/cpu1/driver/cpu7/driver/cpu2/node0/cpu4/firmware_node/subsystem/devices/PNP0A03:00/physical_node/firmware_node/physical_node/0000:00:01.3/subsystem/drivers/nvme/module/drivers/pci:nvme/0000:00:1f.0/nvme/nvme2/nvme2n1/holders/md0/md/rd0/block/device/device/msi_irqs HTTP/1.1" 200 3528 "-" "Amazon CloudFront"
64.252.66.102 - - [03/Sep/2026:03:03:17 +0000] "GET /?path=//sys/class/thermal/cooling_device3/device/physical_node/node0/memory0/node0/cpu0/firmware_node/subsystem/devices/device:02/QEMU0001:00/subsystem/devices/LNXSYBUS:00/PNP0A03:00/physical_node/0000:00:1f.0/driver/module/drivers/pci:nvme/0000:00:1e.0/driver/module/drivers/pci:nvme/0000:00:1e.0/nvme/nvme1/nvme1n1/holders/md0/md/rd0/block/holders/md0/md/dev-nvme1n1/block/mq/6/cpu6 HTTP/1.1" 200 3095 "-" "Amazon CloudFront"
64.252.66.102 - - [03/Sep/2026:03:03:21 +0000] "GET /?path=//sys/bus/memory/devices/memory1/node0/memory30/node0/cpu6/firmware_node/subsystem/devices/device:21/physical_node/driver/module/drivers/pci:nvme/0000:00:1e.0/nvme/nvme1/device/firmware_node/physical_node/driver/0000:00:04.0/nvme/nvme0/subsystem/nvme1/nvme1n1/holders/md0/slaves/nvme2n1/holders/md0/md/rd0/block/mq/7 HTTP/1.1" 200 3495 "-" "Amazon CloudFront"
64.252.66.61 - - [03/Sep/2026:03:03:26 +0000] "GET /?path=//sys/class/thermal/cooling_device3/device/physical_node/node0/memory28/node0/cpu5/firmware_node/subsystem/devices/PNP0A03:00/physical_node/pci_bus/0000:00/device/0000:00:1f.0/driver/0000:00:04.0/driver/module/drivers/pci:nvme/0000:00:04.0/firmware_node/subsystem/devices/device:08 HTTP/1.1" 200 3507 "-" "Amazon CloudFront"
64.252.68.74 - - [03/Sep/2026:03:03:29 +0000] "GET /?path=//sys/class/thermal/cooling_device3/device/physical_node/node0/cpu0/node0/cpu4/firmware_node/subsystem/devices/LNXSYSTM:00/LNXSYBUS:01/subsystem/devices/PNP0A03:00/physical_node/0000:00:1e.0/driver/module/drivers/pci:nvme/module/drivers/pci:nvme/0000:00:1e.0/driver/0000:00:1f.0/nvme/nvme2/device/nvme/nvme2/nvme2n1/holders/md0/md/rd1/block/holders/md0/slaves/nvme2n1/trace HTTP/1.1" 200 3554 "-" "Amazon CloudFront"
64.252.66.61 - - [03/Sep/2026:03:03:33 +0000] "GET /?path=//sys/bus/memory/devices/memory1/node0/memory7/node0/cpu1/subsystem/drivers/processor/cpu5/firmware_node/subsystem/devices/PNP0A03:00/physical_node/firmware_node/physical_node/0000:00:1e.0/driver/0000:00:1f.0/driver/0000:00:1e.0/nvme/nvme1/nvme1n1/holders/md0/md/rd1/block/device/device/nvme/nvme2/nvme2n1/holders/md0/md/rd0/block/bdi HTTP/1.1" 200 3673 "-" "Amazon CloudFront"
64.252.68.74 - - [03/Sep/2026:03:03:36 +0000] "GET /?path=//sys/bus/acpi/devices/LNXCPU:06/physical_node/node0/memory21/node0/cpu1/subsystem/drivers/processor/cpu2/firmware_node/subsystem/devices/PNP0A03:00/physical_node/0000:00:1f.0/driver/0000:00:04.0/nvme/nvme0/device/driver/0000:00:1e.0/nvme/nvme1/nvme1n1/holders/md0/md/dev-nvme2n1/block/device/nvme2n1/holders/md0/slaves/nvme1n1/queue HTTP/1.1" 200 4990 "-" "Amazon CloudFront"
64.252.66.61 - - [03/Sep/2026:03:03:41 +0000] "GET /?path=//sys/class/thermal/cooling_device3/device/physical_node/node0/memory28/node0/cpu5/firmware_node/subsystem/devices/PNP0A03:00/physical_node/pci_bus/0000:00/device/0000:00:1e.0/driver/module/drivers/pci:nvme/0000:00:1e.0/driver/0000:00:1f.0/subsystem/devices/0000:00:05.0/net/eth0/queues HTTP/1.1" 200 3704 "-" "Amazon CloudFront"
64.252.67.164 - - [03/Sep/2026:03:03:45 +0000] "GET /products/detail/208628339?path=//sys/bus/node/devices/node0/cpu1/driver/cpu7/driver/cpu2/node0/cpu1/firmware_node/thermal_cooling/device/physical_node/firmware_node/subsystem/devices/LNXSYBUS:00/PNP0A03:00/device:20/physical_node/nvme/nvme1/nvme1n1/holders/md0/slaves/nvme2n1/subsystem/md0/slaves/nvme1n1/mq/5 HTTP/1.1" 200 3408 "-" "Amazon CloudFront"
64.252.68.74 - - [03/Sep/2026:03:03:48 +0000] "GET /products/detail/208628339?path=//sys/bus/node/devices/node0/cpu1/driver/cpu7/driver/cpu2/node0/cpu4/firmware_node/subsystem/devices/LNXSYSTM:00/LNXSYBUS:00/PNP0A03:00/device:20/physical_node/nvme/nvme1/device/nvme/nvme1/nvme1n1/device/nvme1n1/holders/md0/slaves/nvme2n1/holders/md0/slaves HTTP/1.1" 200 3233 "-" "Amazon CloudFront"
64.252.68.74 - - [03/Sep/2026:03:03:52 +0000] "GET /?path=//sys/bus/memory/devices/memory1/node0/memory7/node0/cpu1/subsystem/drivers/processor/cpu5/firmware_node/subsystem/devices/PNP0A03:00/physical_node/firmware_node/physical_node/0000:00:1e.0/driver/module/drivers/pci:nvme/0000:00:1f.0/driver/0000:00:1e.0/nvme/nvme1/nvme1n1/holders/md0/md/dev-nvme2n1/block/holders/md0/md/dev-nvme2n1/block/slaves HTTP/1.1" 200 3015 "-" "Amazon CloudFront"
64.252.66.61 - - [03/Sep/2026:03:03:58 +0000] "GET /?path=//sys/bus/memory/devices/memory1/node0/memory7/node0/cpu1/subsystem/drivers/processor/cpu5/firmware_node/subsystem/devices/PNP0A03:00/physical_node/firmware_node/physical_node/0000:00:1e.0/driver/0000:00:1f.0/driver/0000:00:1f.0/nvme/nvme2/nvme2n1/holders/md0/md/rd0/block/device/nvme1n1/device/nvme1n1/holders/md0/md/rd0/block/mq/7 HTTP/1.1" 200 3497 "-" "Amazon CloudFront"
64.252.66.61 - - [03/Sep/2026:03:04:02 +0000] "GET /products/detail/208628339?path=//sys/bus/node/devices/node0/cpu1/driver/cpu7/driver/cpu2/node0/cpu4/firmware_node/subsystem/devices/PNP0A03:00/physical_node/0000:00:04.0/firmware_node/physical_node/nvme/nvme0/nvme0n1/nvme0n1p128/subsystem/md0/md/dev-nvme1n1/block/holders/md0/slaves/nvme2n1/mq/1 HTTP/1.1" 200 3395 "-" "Amazon CloudFront"
64.252.66.61 - - [03/Sep/2026:03:04:05 +0000] "GET /?path=//sys/bus/memory/devices/memory1/node0/memory7/node0/cpu1/subsystem/drivers/processor/cpu5/firmware_node/subsystem/devices/PNP0A03:00/physical_node/firmware_node/physical_node/0000:00:1e.0/driver/module/drivers/pci:nvme/0000:00:1e.0/nvme/nvme1/device/nvme/nvme1/nvme1n1/device/nvme1n1/holders/md0/md/rd0/block/holders/md0/slaves HTTP/1.1" 200 3317 "-" "Amazon CloudFront"
64.252.68.74 - - [03/Sep/2026:03:04:09 +0000] "GET /products/detail/208628339?path=//sys/bus/node/devices/node0/cpu1/driver/cpu7/driver/cpu2/node0/cpu4/firmware_node/thermal_cooling/device/physical_node/firmware_node/subsystem/devices/PNP0A03:00/device:20/physical_node/nvme/nvme1/nvme1n1/subsystem/md0/md/rd1/block/holders/md0/md/dev-nvme1n1/block/power HTTP/1.1" 200 3445 "-" "Amazon CloudFront"
64.252.66.102 - - [03/Sep/2026:03:04:12 +0000] "GET /?path=//sys/class/thermal/cooling_device3/device/physical_node/node0/memory28/node0/cpu5/firmware_node/subsystem/devices/PNP0A03:00/physical_node/pci_bus/0000:00/device/0000:00:1f.0/driver/module/drivers/pci:nvme/0000:00:1f.0/firmware_node/subsystem/devices/PNP0A03:00/device:02/power HTTP/1.1" 200 3410 "-" "Amazon CloudFront"
64.252.67.164 - - [03/Sep/2026:03:04:17 +0000] "GET /products/detail/208628339?path=//sys/bus/node/devices/node0/cpu1/driver/cpu7/driver/cpu2/node0/cpu1/firmware_node/thermal_cooling/subsystem/cooling_device3/device/subsystem/devices/PNP0A03:00/physical_node/0000:00:1e.0/nvme/nvme1/nvme1n1/device/nvme1n1/holders/md0/md/dev-nvme2n1/block/holders/md0/md/rd1/block/queue HTTP/1.1" 200 4777 "-" "Amazon CloudFront"
64.252.67.164 - - [03/Sep/2026:03:04:20 +0000] "GET /?path=//sys/class/thermal/cooling_device3/device/physical_node/node0/memory28/node0/cpu5/firmware_node/subsystem/devices/PNP0A03:00/physical_node/pci_bus/0000:00/device/0000:00:1f.0/driver/0000:00:04.0/driver/0000:00:1f.0/firmware_node/subsystem/devices/LNXSYBUS:00/PNP0A03:00/device:0d/power HTTP/1.1" 200 3426 "-" "Amazon CloudFront"
64.252.67.164 - - [03/Sep/2026:03:04:25 +0000] "GET /products/detail/208628339?path=//sys/bus/node/devices/node0/cpu1/driver/cpu7/driver/cpu2/node0/cpu4/firmware_node/thermal_cooling/device/physical_node/firmware_node/subsystem/devices/PNP0A03:00/device:20/physical_node/nvme/nvme1/nvme1n1/subsystem/md0/md/rd1/block/holders/md0/md/dev-nvme1n1/block/bdi HTTP/1.1" 200 3559 "-" "Amazon CloudFront"
64.252.67.164 - - [03/Sep/2026:03:04:29 +0000] "GET /?path=//sys/class/thermal/cooling_device3/device/physical_node/node0/cpu1/driver/cpu0/node0/cpu2/firmware_node/subsystem/devices/LNXSYSTM:00/LNXSYBUS:00/PNP0C0F:02/subsystem/devices/LNXSYSTM:00/LNXSYBUS:00/PNP0A03:00/physical_node/0000:00:1e.0/driver/module/drivers/pci:nvme/0000:00:1f.0/nvme/nvme2/nvme2n1/holders/md0/md/rd1/block/holders/md0/md/rd0 HTTP/1.1" 200 3940 "-" "Amazon CloudFront"
64.252.68.74 - - [03/Sep/2026:03:04:33 +0000] "GET /products/detail/208628339?path=//sys/bus/node/devices/node0/cpu1/driver/cpu7/driver/cpu2/node0/cpu4/firmware_node/subsystem/devices/PNP0A03:00/physical_node/0000:00:04.0/firmware_node/physical_node/nvme/nvme0/device/nvme/nvme0/nvme0n1/nvme0n1p128/subsystem/nvme2n1/holders/md0/slaves/nvme2n1/holders/md0/md/dev-nvme1n1/block HTTP/1.1" 200 4278 "-" "Amazon CloudFront"
64.252.66.102 - - [03/Sep/2026:03:04:36 +0000] "GET /?path=//sys/class/thermal/cooling_device3/device/physical_node/node0/memory28/node0/cpu5/firmware_node/subsystem/devices/PNP0A03:00/physical_node/pci_bus/0000:00/device/0000:00:05.0/subsystem/devices/0000:00:04.0/driver/module/drivers/pci:nvme/module/drivers/pci:nvme/0000:00:1f.0/nvme HTTP/1.1" 200 3194 "-" "Amazon CloudFront"
64.252.66.61 - - [03/Sep/2026:03:04:41 +0000] "GET /?path=//sys/class/thermal/cooling_device3/device/physical_node/node0/cpu1/driver/cpu0/node0/cpu2/firmware_node/subsystem/devices/LNXSYSTM:00/LNXSYBUS:00/PNP0C0F:04/subsystem/devices/PNP0A03:00/physical_node/0000:00:1f.0/nvme/nvme2/device/driver/module/drivers/pci:nvme/module/drivers/pci:nvme/0000:00:1e.0/nvme/nvme1/nvme1n1/holders/md0/slaves/nvme2n1/holders/md0/md/dev-nvme1n1/block/bdi/power HTTP/1.1" 200 3641 "-" "Amazon CloudFront"
64.252.68.74 - - [03/Sep/2026:03:04:45 +0000] "GET /products/detail/208628339?path=//sys/bus/node/devices/node0/cpu1/driver/cpu7/driver/cpu2/node0/cpu4/firmware_node/thermal_cooling/device/physical_node/firmware_node/subsystem/devices/device:21/physical_node/nvme/nvme2/nvme2n1/subsystem/md0/md/dev-nvme1n1/block/holders/md0/md/dev-nvme2n1/block/device/nvme2n1/integrity HTTP/1.1" 200 3525 "-" "Amazon CloudFront"
64.252.67.164 - - [03/Sep/2026:03:04:49 +0000] "GET /?path=//sys/class/thermal/cooling_device3/device/physical_node/node0/memory28/node0/cpu3/driver/cpu0/firmware_node/subsystem/devices/LNXSYSTM:00/LNXPWRBN:00/subsystem/devices/LNXSYSTM:00/LNXSYBUS:00/PNP0A03:00/device:21/physical_node/nvme/nvme2/device/driver/module/drivers/pci:nvme/module/drivers/pci:nvme/0000:00:1e.0/nvme/nvme1/nvme1n1/holders/md0/md/dev-nvme2n1/block/mq/1 HTTP/1.1" 200 3568 "-" "Amazon CloudFront"
64.252.66.61 - - [03/Sep/2026:03:04:53 +0000] "GET /products/detail/208628339?path=//sys/bus/node/devices/node0/cpu1/driver/cpu7/driver/cpu2/node0/cpu4/firmware_node/subsystem/devices/PNP0A03:00/device:21/physical_node/nvme/nvme2/device/nvme/nvme2/nvme2n1/holders/md0/slaves/nvme2n1/subsystem/nvme1n1/holders/md0/md/rd0/block/bdi HTTP/1.1" 200 3548 "-" "Amazon CloudFront"
64.252.66.61 - - [03/Sep/2026:03:04:57 +0000] "GET /?path=//sys/class/thermal/cooling_device3/device/physical_node/node0/memory28/node0/cpu5/firmware_node/subsystem/devices/PNP0A03:00/physical_node/pci_bus/0000:00/device/0000:00:1f.0/driver/0000:00:04.0/driver/module/drivers/pci:nvme/0000:00:1f.0/subsystem/devices/0000:00:01.3/power HTTP/1.1" 200 3413 "-" "Amazon CloudFront"
64.252.66.61 - - [03/Sep/2026:03:05:01 +0000] "GET /?path=//sys/bus/memory/devices/memory1/node0/memory7/node0/cpu1/subsystem/drivers/processor/cpu5/firmware_node/subsystem/devices/PNP0A03:00/physical_node/firmware_node/physical_node/0000:00:1e.0/driver/0000:00:1e.0/driver/module/drivers/pci:nvme/0000:00:1f.0/nvme/nvme2/nvme2n1/holders/md0/slaves/nvme1n1/device/device/nvme/nvme1/nvme1n1/holders/md0/slaves/nvme2n1/mq HTTP/1.1" 200 3594 "-" "Amazon CloudFront"
64.252.66.61 - - [03/Sep/2026:03:05:05 +0000] "GET /?fileloc=//lib64/pkgconfig/xcb-composite.pc&path=//lib64/pkgconfig HTTP/1.1" 200 2697 "-" "Amazon CloudFront"
64.252.66.61 - - [03/Sep/2026:03:05:08 +0000] "GET /?fileloc=//lib64/.libssl.so.1.0.2k.hmac&path=//lib64 HTTP/1.1" 200 2602 "-" "Amazon CloudFront"
64.252.68.74 - - [03/Sep/2026:03:05:12 +0000] "GET /products/detail/88710753?fileloc=//tmp/sess_ih02vuv1glvoj4u6tbmbr89irp&path=//tmp HTTP/1.1" 200 2557 "-" "Amazon CloudFront"
64.252.66.102 - - [03/Sep/2026:03:05:17 +0000] "GET /?fileloc=//sys/module/nfsd/sections/.text.unlikely&path=//sys/module/nfsd/sections HTTP/1.1" 200 2589 "-" "Amazon CloudFront"
64.252.66.61 - - [03/Sep/2026:03:05:21 +0000] "GET /?fileloc=//etc/rwtab&path=//etc HTTP/1.1" 200 2857 "-" "Amazon CloudFront"
64.252.68.74 - - [03/Sep/2026:03:05:24 +0000] "GET /?fileloc=//sys/module/mbcache/srcversion&path=//sys/module/mbcache HTTP/1.1" 200 2589 "-" "Amazon CloudFront"
64.252.66.61 - - [03/Sep/2026:03:05:28 +0000] "GET /?fileloc=//sys/module/xfs/refcnt&path=//sys/module/xfs HTTP/1.1" 200 2562 "-" "Amazon CloudFront"
64.252.67.164 - - [03/Sep/2026:03:05:33 +0000] "GET /?fileloc=//bin/msghack&path=//bin HTTP/1.1" 200 5625 "-" "Amazon CloudFront"
64.252.68.74 - - [03/Sep/2026:03:05:36 +0000] "GET /?fileloc=//lib64/python2.7/csv.py&path=//lib64/python2.7 HTTP/1.1" 200 7521 "-" "Amazon CloudFront"
64.252.66.102 - - [03/Sep/2026:03:05:41 +0000] "GET /products/detail/115223066?fileloc=//bin/cd&path=//bin HTTP/1.1" 200 2562 "-" "Amazon CloudFront"
64.252.66.61 - - [03/Sep/2026:03:05:44 +0000] "GET /?fileloc=//lib64/pkgconfig/libcurl.pc&path=//lib64/pkgconfig HTTP/1.1" 200 3859 "-" "Amazon CloudFront"
64.252.68.74 - - [03/Sep/2026:03:05:49 +0000] "GET /?fileloc=//lib64/python2.7/poplib.py&path=//lib64/python2.7 HTTP/1.1" 200 6655 "-" "Amazon CloudFront"
64.252.66.61 - - [03/Sep/2026:03:05:54 +0000] "GET /products/detail/195729076?fileloc=//lib64/python3.7/threading.py&path=//lib64/python3.7 HTTP/1.1" 200 15798 "-" "Amazon CloudFront"
64.252.68.74 - - [03/Sep/2026:03:05:57 +0000] "GET /?fileloc=//sbin/yum-complete-transaction&path=//sbin HTTP/1.1" 200 5480 "-" "Amazon CloudFront"
64.252.67.164 - - [03/Sep/2026:03:06:01 +0000] "GET /?fileloc=//etc/sysconfig/rpcbind&path=//etc/sysconfig HTTP/1.1" 200 2614 "-" "Amazon CloudFront"
64.252.68.74 - - [03/Sep/2026:03:06:05 +0000] "GET /?fileloc=//lib64/python3.7/calendar.py&path=//lib64/python3.7 HTTP/1.1" 200 8574 "-" "Amazon CloudFront"
64.252.66.102 - - [03/Sep/2026:03:06:08 +0000] "GET /?fileloc=//proc/mounts&path=//proc HTTP/1.1" 200 22288 "-" "Amazon CloudFront"
64.252.67.164 - - [03/Sep/2026:03:06:12 +0000] "GET /?fileloc=//proc/thread-self/status&path=//proc/thread-self HTTP/1.1" 200 3026 "-" "Amazon CloudFront"
64.252.66.102 - - [03/Sep/2026:03:06:18 +0000] "GET /?fileloc=//etc/logrotate.d/c2e61134f056472c994bc9dc10a50daf&path=//etc/logrotate.d HTTP/1.1" 200 2704 "-" "Amazon CloudFront"
64.252.67.164 - - [03/Sep/2026:03:06:20 +0000] "GET /products/detail/293871501?fileloc=//lib64/python3.7/stringprep.py&path=//lib64/python3.7 HTTP/1.1" 200 6277 "-" "Amazon CloudFront"
64.252.66.102 - - [03/Sep/2026:03:06:25 +0000] "GET /?fileloc=//lib64/python3.7/contextvars.py&path=//lib64/python3.7 HTTP/1.1" 200 2622 "-" "Amazon CloudFront"
64.252.66.61 - - [03/Sep/2026:03:06:28 +0000] "GET /?path=//s3/a6b896270e1744ed8ac99026574ec815 HTTP/1.1" 200 2877 "-" "Amazon CloudFront"
64.252.67.164 - - [03/Sep/2026:03:06:33 +0000] "GET /products/detail/208628339?path=//sys/bus/node/devices/node0/cpu1/driver/cpu7/driver/cpu2/node0/cpu4/firmware_node/subsystem/devices/PNP0A03:00/device:20/physical_node/firmware_node/physical_node/nvme/nvme1/nvme1n1/device/nvme1n1/subsystem/md0/md/dev-nvme1n1/block/holders/md0/slaves/nvme2n1 HTTP/1.1" 200 4223 "-" "Amazon CloudFront"
64.252.67.164 - - [03/Sep/2026:03:06:36 +0000] "GET /products/detail/208628339?path=//sys/bus/node/devices/node0/cpu1/driver/cpu7/driver/cpu2/node0/cpu1/firmware_node/thermal_cooling/device/physical_node/firmware_node/subsystem/devices/LNXSYSTM:00/LNXSYBUS:00/PNP0A03:00/device:06/physical_node/nvme/nvme0/device/nvme/nvme0/nvme0n1/nvme0n1p128/subsystem/nvme1n1/holders/md0/power HTTP/1.1" 200 3487 "-" "Amazon CloudFront"
64.252.66.102 - - [03/Sep/2026:03:06:41 +0000] "GET /?path=//sys/class/thermal/cooling_device3/device/physical_node/node0/memory28/node0/cpu5/firmware_node/subsystem/devices/PNP0A03:00/physical_node/pci_bus/0000:00/device/0000:00:1f.0/driver/0000:00:04.0/driver/module/drivers/pci:nvme/0000:00:1f.0/subsystem/devices/0000:00:00.0/power HTTP/1.1" 200 3411 "-" "Amazon CloudFront"
64.252.66.61 - - [03/Sep/2026:03:06:44 +0000] "GET /products/detail/208628339?path=//sys/bus/node/devices/node0/cpu1/driver/cpu7/driver/cpu2/node0/cpu1/firmware_node/thermal_cooling/subsystem/cooling_device1/device/subsystem/devices/LNXSYSTM:00/LNXSYBUS:00/PNP0A03:00/physical_node/0000:00:1f.0/nvme/nvme2/nvme2n1/holders/md0/slaves/nvme2n1/holders/md0/md/dev-nvme1n1/block/mq/3 HTTP/1.1" 200 3455 "-" "Amazon CloudFront"
64.252.68.74 - - [03/Sep/2026:03:06:49 +0000] "GET /products/detail/208628339?path=//sys/bus/node/devices/node0/cpu1/driver/cpu7/driver/cpu2/node0/cpu4/firmware_node/thermal_cooling/device/physical_node/firmware_node/thermal_cooling/device/subsystem/devices/LNXSYSTM:00/LNXSYBUS:00/PNP0A03:00/device:21/physical_node/nvme/nvme2/nvme2n1/holders/md0/md/rd0/block/holders/md0/subsystem/nvme2n1/trace HTTP/1.1" 200 3498 "-" "Amazon CloudFront"
64.252.67.164 - - [03/Sep/2026:03:06:52 +0000] "GET /?path=//sys/class/thermal/cooling_device3/device/physical_node/node0/memory0/node0/cpu0/firmware_node/subsystem/devices/device:02/QEMU0001:00/subsystem/devices/LNXSYBUS:00/PNP0A03:00/physical_node/0000:00:1f.0/driver/module/drivers/pci:nvme/0000:00:1e.0/nvme/nvme1/device/driver/0000:00:1f.0/nvme/nvme2/nvme2n1/holders/md0/slaves/nvme1n1/holders/md0/md/dev-nvme1n1/block/mq/0/cpu0 HTTP/1.1" 200 3099 "-" "Amazon CloudFront"
64.252.67.164 - - [03/Sep/2026:03:06:57 +0000] "GET /?path=//sys/class/thermal/cooling_device3/device/physical_node/node0/memory28/node0/cpu5/firmware_node/subsystem/devices/PNP0A03:00/physical_node/pci_bus/0000:00/device/0000:00:01.3/subsystem/devices/0000:00:1f.0/driver/0000:00:1e.0/driver/0000:00:1f.0/nvme/nvme2/nvme2n1/holders/md0/bdi HTTP/1.1" 200 3557 "-" "Amazon CloudFront"
64.252.66.102 - - [03/Sep/2026:03:07:00 +0000] "GET /?path=//sys/class/thermal/cooling_device3/device/physical_node/node0/memory28/node0/cpu5/firmware_node/subsystem/devices/PNP0A03:00/physical_node/pci_bus/0000:00/device/0000:00:1f.0/driver/0000:00:04.0/driver/0000:00:04.0/firmware_node/subsystem/devices/LNXCPU:04/power HTTP/1.1" 200 3391 "-" "Amazon CloudFront"
64.252.67.164 - - [03/Sep/2026:03:07:04 +0000] "GET /?path=//sys/class/thermal/cooling_device3/device/physical_node/node0/cpu1/driver/cpu0/node0/cpu2/firmware_node/subsystem/devices/PNP0303:00/subsystem/devices/LNXSYBUS:00/PNP0A03:00/physical_node/pci_bus/0000:00/device/0000:00:1e.0/driver/0000:00:1e.0/nvme/nvme1/nvme1n1/holders/md0/md/rd0/block/holders/md0/slaves/nvme1n1/mq/6/cpu6 HTTP/1.1" 200 3042 "-" "Amazon CloudFront"
64.252.66.102 - - [03/Sep/2026:03:07:09 +0000] "GET /?path=//sys/class/thermal/cooling_device3/device/physical_node/node0/cpu1/driver/cpu0/node0/cpu2/firmware_node/subsystem/devices/LNXSYSTM:00/LNXSYBUS:00/PNP0C0F:02/subsystem/devices/LNXSYSTM:00/LNXSYBUS:00/PNP0A03:00/physical_node/0000:00:04.0/driver/0000:00:1f.0/nvme/nvme2/nvme2n1/holders/md0/md/dev-nvme1n1/block/device/nvme1n1/mq/0/cpu0 HTTP/1.1" 200 3038 "-" "Amazon CloudFront"
64.252.71.147 - - [03/Sep/2026:03:07:12 +0000] "GET /prizes/245951884?path=/var/www/volumes/61d5830126fa4469b4a3595b51c08e8d HTTP/1.1" 200 2642 "-" "Amazon CloudFront"
64.252.66.61 - - [03/Sep/2026:03:07:13 +0000] "GET /products/detail/208628339?path=//sys/bus/node/devices/node0/cpu1/driver/cpu7/driver/cpu2/node0/cpu1/firmware_node/thermal_cooling/device/physical_node/firmware_node/subsystem/devices/device:06/physical_node/nvme/nvme0/nvme0n1/nvme0n1p1/subsystem/md0/md/rd0/block/device/nvme1n1/holders/md0/slaves/nvme1n1/bdi HTTP/1.1" 200 3567 "-" "Amazon CloudFront"
64.252.68.74 - - [03/Sep/2026:03:07:17 +0000] "GET /products/detail/208628339?path=//sys/bus/node/devices/node0/cpu1/driver/cpu7/driver/cpu2/node0/cpu1/firmware_node/thermal_cooling/device/physical_node/firmware_node/subsystem/devices/LNXSYBUS:00/PNP0A03:00/device:20/physical_node/nvme/nvme1/device/nvme/nvme1/nvme1n1/subsystem/nvme2n1/holders/md0/md/dev-nvme2n1/block/slaves HTTP/1.1" 200 2987 "-" "Amazon CloudFront"
