64.252.66.61 - - [03/Sep/2026:02:41:12 +0000] "GET /products/detail/208628339?path=//sys/bus/node/devices/node0/cpu1/driver/cpu7/driver/cpu2/node0/cpu4/firmware_node/subsystem/devices/PNP0A03:00/physical_node/0000:00:04.0/nvme/nvme0/device/nvme/nvme0/nvme0n1/nvme0n1p1/subsystem/nvme2n1/device/nvme2n1/mq/7/cpu7 HTTP/1.1" 200 2876 "-" "Amazon CloudFront"
64.252.66.61 - - [03/Sep/2026:02:41:16 +0000] "GET /?path=//sys/class/thermal/cooling_device3/device/physical_node/node0/memory28/node0/cpu5/firmware_node/subsystem/devices/PNP0A03:00/physical_node/pci_bus/0000:00/device/firmware_node/device:03/subsystem/devices/LNXSYSTM:00/LNXSLPBN:00/driver/LNXSLPBN:00/input/input4/event2/power HTTP/1.1" 200 3428 "-" "Amazon CloudFront"
64.252.67.164 - - [03/Sep/2026:02:41:19 +0000] "GET /?healthcheck_timestamp=1788403002133 HTTP/1.1" 200 62091 "-" "Amazon CloudFront"
64.252.66.61 - - [03/Sep/2026:02:41:20 +0000] "GET /?path=//sys/bus/memory/devices/memory1/node0/memory7/node0/cpu1/subsystem/drivers/processor/cpu5/firmware_node/subsystem/devices/PNP0A03:00/physical_node/firmware_node/physical_node/0000:00:1e.0/driver/module/drivers/pci:nvme/0000:00:1f.0/driver/0000:00:1e.0/nvme/nvme1/nvme1n1/device/nvme1n1/holders/md0/md/rd1/block/device/nvme2n1/queue HTTP/1.1" 200 4973 "-" "Amazon CloudFront"
64.252.68.74 - - [03/Sep/2026:02:41:24 +0000] "GET /?path=//sys/class/thermal/cooling_device3/device/physical_node/node0/memory28/node0/cpu5/firmware_node/subsystem/devices/PNP0A03:00/physical_node/pci_bus/0000:00/device/0000:00:1f.0/driver/0000:00:04.0/driver/module/drivers/pci:nvme/0000:00:04.0/subsystem/slots/26 HTTP/1.1" 200 3536 "-" "Amazon CloudFront"
64.252.68.74 - - [03/Sep/2026:02:41:28 +0000] "GET /?path=//sys/class/thermal/cooling_device3/device/physical_node/node0/memory28/node0/cpu5/firmware_node/subsystem/devices/PNP0A03:00/physical_node/pci_bus/0000:00/device/0000:00:1f.0/driver/0000:00:04.0/driver/module/drivers/pci:nvme/0000:00:04.0/subsystem/slots/25 HTTP/1.1" 200 3535 "-" "Amazon CloudFront"
64.252.66.61 - - [03/Sep/2026:02:41:33 +0000] "GET /?path=//sys/class/thermal/cooling_device3/device/physical_node/node0/cpu1/driver/cpu0/node0/cpu2/firmware_node/subsystem/devices/LNXSYSTM:00/LNXSYBUS:00/PNP0C0F:04/subsystem/devices/PNP0A03:00/physical_node/0000:00:1f.0/nvme/nvme2/device/driver/module/drivers/pci:nvme/module/drivers/pci:nvme/0000:00:1e.0/nvme/nvme1/nvme1n1/holders/md0/slaves/nvme2n1/holders/md0/md/dev-nvme1n1/block/slaves HTTP/1.1" 200 3098 "-" "Amazon CloudFront"
64.252.68.74 - - [03/Sep/2026:02:41:36 +0000] "GET /?path=//sys/bus/memory/devices/memory1/node0/memory7/node0/cpu1/subsystem/drivers/processor/cpu5/firmware_node/subsystem/devices/PNP0A03:00/physical_node/firmware_node/device:20/physical_node/driver/0000:00:1f.0/nvme/nvme2/device/driver/0000:00:1e.0/nvme/nvme1/nvme1n1/holders/md0/md/dev-nvme1n1/block/holders/md0/md/dev-nvme1n1/block/device/nvme1n1/queue HTTP/1.1" 200 4921 "-" "Amazon CloudFront"
64.252.66.102 - - [03/Sep/2026:02:41:40 +0000] "GET /?path=//sys/class/thermal/cooling_device3/device/physical_node/node0/memory28/node0/cpu5/firmware_node/subsystem/devices/LNXSYBUS:00/PNP0A03:00/device:1b/subsystem/devices/LNXSYBUS:00/PNP0A03:00/physical_node/pci_bus/0000:00/device/0000:00:1e.0/driver/0000:00:1e.0/driver/0000:00:1f.0/nvme/nvme2/nvme2n1/holders/md0/slaves/nvme2n1/holders/md0/md/dev-nvme1n1/block/mq/3 HTTP/1.1" 200 3533 "-" "Amazon CloudFront"
64.252.68.74 - - [03/Sep/2026:02:41:44 +0000] "GET /products/detail/208628339?path=//sys/bus/node/devices/node0/cpu1/driver/cpu7/driver/cpu2/node0/cpu4/firmware_node/subsystem/devices/PNP0A03:00/physical_node/0000:00:04.0/nvme/nvme0/nvme0n1/subsystem/nvme1n1/holders/md0/md/rd0/block/holders/md0/slaves/nvme2n1/device/nvme2n1/mq/3 HTTP/1.1" 200 3389 "-" "Amazon CloudFront"
64.252.66.61 - - [03/Sep/2026:02:41:48 +0000] "GET /?path=//sys/class/thermal/cooling_device3/device/physical_node/node0/memory0/node0/cpu0/firmware_node/subsystem/devices/device:02/QEMU0001:00/subsystem/devices/LNXSYBUS:00/PNP0A03:00/physical_node/0000:00:1f.0/driver/module/drivers/pci:nvme/0000:00:1e.0/nvme/nvme1/device/driver/0000:00:1f.0/nvme/nvme2/nvme2n1/holders/md0/md/rd0/block/holders/md0/md/rd1 HTTP/1.1" 200 3919 "-" "Amazon CloudFront"
64.252.66.61 - - [03/Sep/2026:02:41:52 +0000] "GET /?path=//sys/bus/memory/devices/memory1/node0/memory30/node0/cpu6/firmware_node/subsystem/devices/device:21/physical_node/driver/module/drivers/pci:nvme/0000:00:1f.0/driver/0000:00:1e.0/nvme/nvme1/nvme1n1/holders/md0/md/rd0/block/device/device/nvme/nvme1/subsystem/nvme2/nvme2n1/holders/md0/slaves/nvme1n1/mq/0 HTTP/1.1" 200 3464 "-" "Amazon CloudFront"
64.252.67.164 - - [03/Sep/2026:02:41:56 +0000] "GET /?path=//sys/bus/memory/devices/memory1/node0/memory30/node0/cpu6/firmware_node/subsystem/devices/device:21/physical_node/driver/module/drivers/pci:nvme/0000:00:1f.0/driver/0000:00:1e.0/nvme/nvme1/nvme1n1/device/nvme1n1/subsystem/nvme2n1/holders/md0/md/rd1/block/device/nvme2n1/holders/md0/md/rd0/block/mq/4/cpu4 HTTP/1.1" 200 3016 "-" "Amazon CloudFront"
64.252.67.164 - - [03/Sep/2026:02:42:00 +0000] "GET /?path=//sys/class/thermal/cooling_device3/device/physical_node/node0/memory0/node0/cpu0/firmware_node/subsystem/devices/device:02/QEMU0001:00/subsystem/devices/LNXSYBUS:00/PNP0A03:00/physical_node/0000:00:1f.0/driver/module/drivers/pci:nvme/0000:00:1e.0/nvme/nvme1/device/driver/0000:00:1f.0/nvme/nvme2/nvme2n1/holders/md0/md/rd0/block/holders/md0/md/dev-nvme1n1 HTTP/1.1" 200 3934 "-" "Amazon CloudFront"
64.252.66.61 - - [03/Sep/2026:02:42:05 +0000] "GET /?path=//sys/bus/memory/devices/memory1/node0/memory28/node0/cpu2/driver/cpu4/firmware_node/subsystem/devices/PNP0A03:00/physical_node/0000:00:04.0/driver/0000:00:1f.0/subsystem/drivers/nvme/0000:00:1f.0/nvme/nvme2/nvme2n1/holders/md0/md/dev-nvme2n1/block/device/nvme2n1/holders/md0/md/rd0/block/mq/0 HTTP/1.1" 200 3435 "-" "Amazon CloudFront"
64.252.66.102 - - [03/Sep/2026:02:42:08 +0000] "GET /?path=//sys/class/thermal/cooling_device3/device/physical_node/node0/cpu1/driver/cpu0/node0/cpu2/firmware_node/subsystem/devices/PNP0303:00/subsystem/devices/LNXSYBUS:00/PNP0A03:00/physical_node/pci_bus/0000:00/device/0000:00:1e.0/driver/0000:00:1e.0/nvme/nvme1/nvme1n1/holders/md0/md/dev-nvme2n1/block/holders/md0/md/rd1/block/mq/4 HTTP/1.1" 200 3516 "-" "Amazon CloudFront"
64.252.67.164 - - [03/Sep/2026:02:42:12 +0000] "GET /?path=//sys/bus/memory/devices/memory1/node0/memory30/node0/cpu6/firmware_node/subsystem/devices/device:21/physical_node/driver/module/drivers/pci:nvme/0000:00:1e.0/driver/0000:00:04.0/firmware_node/physical_node/subsystem/drivers/nvme/0000:00:1f.0/nvme/nvme2/nvme2n1/device/nvme2n1/holders/md0/md/rd1/block/holders/md0/power HTTP/1.1" 200 3535 "-" "Amazon CloudFront"
64.252.67.164 - - [03/Sep/2026:02:42:16 +0000] "GET /?path=//sys/bus/memory/devices/memory1/node0/memory30/node0/cpu6/firmware_node/subsystem/devices/device:21/physical_node/driver/module/drivers/pci:nvme/0000:00:1e.0/driver/0000:00:04.0/firmware_node/physical_node/subsystem/drivers/nvme/0000:00:1f.0/nvme/nvme2/nvme2n1/device/nvme2n1/holders/md0/md/rd1/block/holders/md0/queue HTTP/1.1" 200 4905 "-" "Amazon CloudFront"
64.252.67.164 - - [03/Sep/2026:02:42:20 +0000] "GET /?path=//sys/class/thermal/cooling_device3/device/physical_node/node0/memory29/node0/cpu4/driver/cpu2/driver/cpu1/firmware_node/subsystem/devices/device:10/subsystem/devices/LNXSYSTM:00/LNXSYBUS:00/PNP0A03:00/physical_node/pci_bus/0000:00/device/0000:00:1e.0/nvme/nvme1/nvme1n1/holders/md0/md/rd1/block/holders/md0/slaves/nvme2n1/mq/4 HTTP/1.1" 200 3529 "-" "Amazon CloudFront"
64.252.66.102 - - [03/Sep/2026:02:42:24 +0000] "GET /products/detail/208628339?path=//sys/bus/node/devices/node0/cpu1/driver/cpu7/driver/cpu2/node0/cpu4/firmware_node/subsystem/devices/PNP0A03:00/device:21/physical_node/nvme/nvme2/nvme2n1/device/device/nvme/nvme2/nvme2n1/holders/md0/slaves/nvme1n1/mq/6 HTTP/1.1" 200 3342 "-" "Amazon CloudFront"
64.252.68.74 - - [03/Sep/2026:02:42:28 +0000] "GET /?path=//sys/class/thermal/cooling_device3/device/physical_node/node0/memory28/node0/cpu5/firmware_node/subsystem/devices/PNP0A03:00/physical_node/pci_bus/0000:00/device/0000:00:1e.0/driver/0000:00:1f.0/nvme/nvme2/nvme2n1/subsystem/md0/md/rd0/block/mq/5 HTTP/1.1" 200 3373 "-" "Amazon CloudFront"
64.252.66.61 - - [03/Sep/2026:02:42:32 +0000] "GET /?path=//sys/bus/memory/devices/memory1/node0/memory7/node0/cpu1/subsystem/drivers/processor/cpu5/firmware_node/subsystem/devices/PNP0A03:00/physical_node/firmware_node/device:20/physical_node/driver/0000:00:1f.0/nvme/nvme2/device/driver/0000:00:1e.0/nvme/nvme1/nvme1n1/holders/md0/md/dev-nvme2n1/block/holders/md0/md/dev-nvme2n1/block/mq/2/cpu2 HTTP/1.1" 200 3028 "-" "Amazon CloudFront"
64.252.66.102 - - [03/Sep/2026:02:42:37 +0000] "GET /?path=//sys/class/thermal/cooling_device3/device/physical_node/node0/memory28/node0/cpu5/firmware_node/subsystem/devices/PNP0A03:00/physical_node/pci_bus/0000:00/device/0000:00:1f.0/driver/0000:00:04.0/subsystem/drivers/ena/module/drivers/pci:ena/0000:00:05.0/firmware_node/power HTTP/1.1" 200 3420 "-" "Amazon CloudFront"
64.252.67.164 - - [03/Sep/2026:02:42:40 +0000] "GET /products/detail/208628339?path=//sys/bus/node/devices/node0/cpu1/driver/cpu7/driver/cpu2/node0/cpu1/firmware_node/thermal_cooling/subsystem/cooling_device3/device/subsystem/devices/PNP0A03:00/physical_node/0000:00:1e.0/nvme/nvme1/nvme1n1/device/nvme1n1/holders/md0/md/dev-nvme2n1/block/holders/md0/slaves/nvme2n1/power HTTP/1.1" 200 3485 "-" "Amazon CloudFront"
64.252.66.61 - - [03/Sep/2026:02:42:44 +0000] "GET /products/detail/208628339?path=//sys/bus/node/devices/node0/cpu1/driver/cpu7/driver/cpu2/node0/cpu4/firmware_node/subsystem/devices/PNP0A03:00/physical_node/0000:00:04.0/firmware_node/physical_node/nvme/nvme0/device/nvme/nvme0/nvme0n1/nvme0n1p128/subsystem/nvme2n1/holders/md0/md/dev-nvme1n1/block/holders/md0 HTTP/1.1" 200 4100 "-" "Amazon CloudFront"
64.252.68.74 - - [03/Sep/2026:02:42:48 +0000] "GET /?path=//sys/class/thermal/cooling_device3/device/physical_node/node0/memory0/node0/cpu0/firmware_node/subsystem/devices/device:02/QEMU0001:00/subsystem/devices/LNXSYBUS:00/PNP0A03:00/physical_node/0000:00:1f.0/driver/module/drivers/pci:nvme/0000:00:1e.0/nvme/nvme1/device/driver/0000:00:1f.0/nvme/nvme2/nvme2n1/holders/md0/slaves/nvme1n1/holders/md0/md/dev-nvme1n1/block/mq/7 HTTP/1.1" 200 3575 "-" "Amazon CloudFront"
64.252.66.102 - - [03/Sep/2026:02:42:52 +0000] "GET /products/detail/208628339?path=//sys/bus/node/devices/node0/cpu1/driver/cpu7/driver/cpu2/node0/cpu4/firmware_node/subsystem/devices/PNP0A03:00/device:21/physical_node/nvme/nvme2/nvme2n1/device/device/nvme/nvme2/nvme2n1/subsystem/md0/md/rd0/block/holders/md0/md/dev-nvme2n1 HTTP/1.1" 200 3707 "-" "Amazon CloudFront"
64.252.66.102 - - [03/Sep/2026:02:42:56 +0000] "GET /?path=//sys/class/thermal/cooling_device3/device/physical_node/node0/memory28/node0/cpu5/firmware_node/subsystem/devices/PNP0A03:00/physical_node/pci_bus/0000:00/device/0000:00:1e.0/driver/module/drivers/pci:nvme/0000:00:1f.0/driver/0000:00:1f.0/firmware_node/subsystem/drivers/ec HTTP/1.1" 200 3286 "-" "Amazon CloudFront"
64.252.68.74 - - [03/Sep/2026:02:43:00 +0000] "GET /products/detail/208628339?path=//sys/bus/node/devices/node0/cpu1/driver/cpu7/driver/cpu2/node0/cpu1/firmware_node/thermal_cooling/device/physical_node/firmware_node/subsystem/devices/LNXSYSTM:00/LNXSYBUS:00/PNP0A03:00/device:06/physical_node/nvme/nvme0/nvme0n1/subsystem/md0/md/dev-nvme2n1/block/mq/3/cpu3 HTTP/1.1" 200 2957 "-" "Amazon CloudFront"
64.252.66.102 - - [03/Sep/2026:02:43:04 +0000] "GET /?path=//sys/bus/node/devices/node0/memory25/node0/cpu1/driver/cpu4/firmware_node/subsystem/devices/device:21/physical_node/firmware_node/physical_node/driver/0000:00:1e.0/subsystem/drivers/nvme/module/drivers/pci:nvme/0000:00:1e.0/nvme/nvme1/nvme1n1/device/nvme1n1/holders/md0/md/dev-nvme2n1/block/holders/md0/md/rd1/block/device/nvme2n1/mq/0 HTTP/1.1" 200 3503 "-" "Amazon CloudFront"
64.252.68.74 - - [03/Sep/2026:02:43:08 +0000] "GET /?path=//sys/class/thermal/cooling_device3/device/physical_node/node0/memory28/node0/cpu5/firmware_node/subsystem/devices/PNP0A03:00/physical_node/pci_bus/0000:00/device/0000:00:1e.0/driver/0000:00:04.0/driver/0000:00:1e.0/firmware_node/subsystem/devices/PNP0A03:00/device:21/power HTTP/1.1" 200 3396 "-" "Amazon CloudFront"
64.252.67.164 - - [03/Sep/2026:02:43:12 +0000] "GET /?path=//sys/bus/memory/devices/memory1/node0/memory28/node0/cpu2/driver/cpu4/firmware_node/subsystem/devices/PNP0A03:00/physical_node/0000:00:04.0/driver/0000:00:1f.0/subsystem/drivers/nvme/0000:00:1e.0/firmware_node/physical_node/nvme/nvme1/nvme1n1/device/nvme1n1/holders/md0/md/dev-nvme2n1/block/holders/md0/md/rd0/block/mq/1 HTTP/1.1" 200 3488 "-" "Amazon CloudFront"
64.252.66.61 - - [03/Sep/2026:02:43:16 +0000] "GET /?path=//sys/bus/node/devices/node0/memory2/node0/cpu4/driver/cpu1/driver/cpu2/subsystem/drivers/processor/cpu2/firmware_node/physical_node/firmware_node/subsystem/devices/LNXSYBUS:00/PNP0A03:00/physical_node/0000:00:1f.0/nvme/nvme2/nvme2n1/holders/md0/md/dev-nvme1n1/block/device/device/nvme/nvme1/nvme1n1/holders/md0/slaves/nvme1n1/mq HTTP/1.1" 200 3569 "-" "Amazon CloudFront"
64.252.67.164 - - [03/Sep/2026:02:43:20 +0000] "GET /products/detail/208628339?path=//sys/bus/node/devices/node0/cpu1/driver/cpu7/driver/cpu2/node0/cpu4/firmware_node/subsystem/devices/PNP0A03:00/physical_node/0000:00:04.0/nvme/nvme0/device/nvme/nvme0/nvme0n1/nvme0n1p128/subsystem/md0/slaves/nvme1n1/holders/md0/slaves/nvme1n1/mq/4 HTTP/1.1" 200 3374 "-" "Amazon CloudFront"
64.252.66.61 - - [03/Sep/2026:02:43:24 +0000] "GET /?path=//sys/class/thermal/cooling_device3/device/physical_node/node0/memory28/node0/cpu5/firmware_node/subsystem/devices/LNXSYSTM:00/LNXSYBUS:00/PNP0A03:00/physical_node/0000:00:04.0/driver/0000:00:1e.0/nvme/nvme1/device/driver/module/drivers/pci:nvme/0000:00:04.0/nvme/nvme0/nvme0n1/nvme0n1p128/subsystem/md0/slaves/nvme1n1/holders/md0/md/dev-nvme1n1/block/mq/5 HTTP/1.1" 200 3546 "-" "Amazon CloudFront"
64.252.66.61 - - [03/Sep/2026:02:43:28 +0000] "GET /?path=//sys/bus/memory/devices/memory1/node0/memory7/node0/cpu1/subsystem/drivers/processor/cpu5/firmware_node/subsystem/devices/PNP0A03:00/physical_node/firmware_node/device:20/physical_node/driver/0000:00:1e.0/driver/0000:00:1e.0/nvme/nvme1/device/nvme/nvme1/nvme1n1/holders/md0/md/rd1/block/holders/md0/md/rd1/block/device/nvme2n1/mq/2 HTTP/1.1" 200 3502 "-" "Amazon CloudFront"
64.252.67.164 - - [03/Sep/2026:02:43:32 +0000] "GET /?path=//sys/class/thermal/cooling_device3/device/physical_node/node0/cpu0/node0/cpu4/firmware_node/subsystem/devices/device:02/PNP0303:00/subsystem/devices/LNXSYBUS:00/PNP0A03:00/device:20/physical_node/driver/0000:00:04.0/nvme/nvme0/device/driver/module/drivers/pci:nvme/0000:00:1f.0/nvme/nvme2/nvme2n1/holders/md0/md/dev-nvme2n1/block/holders/md0/slaves/nvme1n1/mq/5 HTTP/1.1" 200 3573 "-" "Amazon CloudFront"
64.252.66.61 - - [03/Sep/2026:02:43:36 +0000] "GET /?path=//sys/class/thermal/cooling_device3/device/physical_node/node0/cpu1/driver/cpu0/node0/cpu2/firmware_node/subsystem/devices/LNXSYSTM:00/LNXSYBUS:00/PNP0C0F:02/subsystem/devices/LNXSYSTM:00/LNXSYBUS:00/PNP0A03:00/physical_node/0000:00:1e.0/driver/module/drivers/pci:nvme/0000:00:1f.0/nvme/nvme2/nvme2n1/holders/md0/slaves/nvme1n1/holders/md0/slaves/nvme1n1 HTTP/1.1" 200 4456 "-" "Amazon CloudFront"
64.252.66.61 - - [03/Sep/2026:02:43:40 +0000] "GET /?path=//sys/class/thermal/cooling_device3/device/physical_node/node0/cpu1/driver/cpu0/node0/cpu2/firmware_node/subsystem/devices/PNP0303:00/subsystem/devices/LNXSYBUS:00/PNP0A03:00/physical_node/0000:00:1e.0/driver/module/drivers/pci:nvme/module/drivers/pci:nvme/0000:00:1f.0/nvme/nvme2/nvme2n1/holders/md0/md/rd1/block/holders/md0/integrity HTTP/1.1" 200 3619 "-" "Amazon CloudFront"
64.252.66.102 - - [03/Sep/2026:02:43:44 +0000] "GET /?path=//sys/bus/memory/devices/memory14/node0/memory16/node0/cpu1/driver/cpu4/firmware_node/physical_node/subsystem/drivers/processor/cpu2/firmware_node/subsystem/devices/PNP0A03:00/physical_node/pci_bus/0000:00/device/0000:00:04.0/driver/module/drivers/pci:nvme/0000:00:1f.0/nvme/nvme2/nvme2n1/holders/md0/md/rd1/block/device/nvme2n1/holders/md0/md/dev-nvme1n1/block/bdi/power HTTP/1.1" 200 3597 "-" "Amazon CloudFront"
64.252.66.61 - - [03/Sep/2026:02:43:48 +0000] "GET /?path=//sys/class/thermal/cooling_device3/device/physical_node/node0/memory28/node0/cpu5/firmware_node/subsystem/devices/LNXSYBUS:00/PNP0A03:00/device:1b/subsystem/devices/LNXSYBUS:00/PNP0A03:00/device:21/physical_node/driver/module/drivers/pci:nvme/module/drivers/pci:nvme/0000:00:1e.0/nvme/nvme1/nvme1n1/holders/md0/slaves/nvme2n1/holders/md0/bdi/power HTTP/1.1" 200 3563 "-" "Amazon CloudFront"
64.252.66.102 - - [03/Sep/2026:02:43:52 +0000] "GET /?path=//sys/class/thermal/cooling_device3/device/physical_node/node0/memory28/node0/cpu5/firmware_node/subsystem/devices/PNP0A03:00/physical_node/pci_bus/0000:00/device/0000:00:1e.0/driver/module/drivers/pci:nvme/0000:00:1e.0/driver/0000:00:1f.0/nvme/nvme2/nvme2n1/mq/7 HTTP/1.1" 200 3389 "-" "Amazon CloudFront"
64.252.66.61 - - [03/Sep/2026:02:43:56 +0000] "GET /?path=//sys/class/thermal/cooling_device3/device/physical_node/node0/memory28/node0/cpu5/firmware_node/subsystem/devices/PNP0A03:00/physical_node/pci_bus/0000:00/device/0000:00:1e.0/driver/module/drivers/pci:nvme/0000:00:1e.0/driver/0000:00:1f.0/subsystem/drivers/nvme/0000:00:04.0/msi_irqs HTTP/1.1" 200 3270 "-" "Amazon CloudFront"
64.252.68.74 - - [03/Sep/2026:02:44:00 +0000] "GET /?path=//sys/bus/memory/devices/memory14/node0/memory16/node0/cpu1/driver/cpu6/firmware_node/subsystem/devices/LNXSYSTM:00/LNXSYBUS:00/PNP0A03:00/physical_node/0000:00:04.0/driver/0000:00:1e.0/subsystem/drivers/nvme/module/drivers/pci:nvme/0000:00:1e.0/nvme/nvme1/nvme1n1/holders/md0/md/rd1/block/device/nvme2n1/device/nvme2n1/holders/md0/md/rd0/block HTTP/1.1" 200 4478 "-" "Amazon CloudFront"
64.252.66.61 - - [03/Sep/2026:02:44:04 +0000] "GET /?path=//sys/bus/acpi/devices/LNXCPU:06/physical_node/node0/memory21/node0/cpu0/subsystem/drivers/processor/cpu6/firmware_node/subsystem/devices/device:06/physical_node/driver/0000:00:04.0/driver/0000:00:1e.0/nvme/nvme1/nvme1n1/holders/md0/slaves/nvme1n1/holders/md0/md/dev-nvme2n1/block/device/nvme2n1/mq/4/cpu4 HTTP/1.1" 200 3008 "-" "Amazon CloudFront"
64.252.68.74 - - [03/Sep/2026:02:44:08 +0000] "GET /products/detail/208628339?path=//sys/bus/node/devices/node0/cpu1/driver/cpu7/driver/cpu2/node0/cpu4/firmware_node/thermal_cooling/device/physical_node/firmware_node/subsystem/devices/device:20/physical_node/nvme/nvme1/nvme1n1/holders/md0/md/dev-nvme1n1/block/holders/md0/md/dev-nvme1n1/block/mq HTTP/1.1" 200 3433 "-" "Amazon CloudFront"
64.252.66.61 - - [03/Sep/2026:02:44:12 +0000] "GET /?path=//sys/class/thermal/cooling_device3/device/physical_node/node0/memory28/node0/cpu5/firmware_node/subsystem/devices/PNP0A03:00/physical_node/pci_bus/0000:00/device/0000:00:1f.0/driver/module/drivers/pci:nvme/0000:00:04.0/firmware_node/subsystem/devices/device:15/power HTTP/1.1" 200 3411 "-" "Amazon CloudFront"
64.252.66.102 - - [03/Sep/2026:02:44:17 +0000] "GET /?path=//sys/bus/memory/devices/memory1/node0/memory7/node0/cpu1/subsystem/drivers/processor/cpu5/firmware_node/subsystem/devices/PNP0A03:00/physical_node/firmware_node/physical_node/0000:00:1e.0/driver/module/drivers/pci:nvme/0000:00:1e.0/nvme/nvme1/device/nvme/nvme1/nvme1n1/device/nvme1n1/holders/md0/md/rd0/block/mq/0 HTTP/1.1" 200 3467 "-" "Amazon CloudFront"
64.252.68.74 - - [03/Sep/2026:02:44:20 +0000] "GET /?path=//sys/class/thermal/cooling_device3/device/physical_node/node0/memory28/node0/cpu5/firmware_node/subsystem/devices/PNP0A03:00/physical_node/pci_bus/0000:00/device/0000:00:04.0/driver/0000:00:04.0/driver/0000:00:1e.0/nvme/nvme1/nvme1n1/subsystem/nvme2n1/bdi HTTP/1.1" 200 3513 "-" "Amazon CloudFront"
64.252.66.61 - - [03/Sep/2026:02:44:24 +0000] "GET /products/detail/272703723?path=//sys/devices/pci0000:00/firmware_node/physical_node/pci_bus/0000:00/device/firmware_node/physical_node/0000:00:00.0/subsystem/drivers/nvme/module/drivers/pci:nvme/0000:00:04.0/driver/0000:00:1e.0/nvme/nvme1/subsystem/nvme2/nvme2n1/holders/md0/slaves/nvme1n1/device/nvme1n1/holders/md0/md/dev-nvme1n1/block/mq/0 HTTP/1.1" 200 3439 "-" "Amazon CloudFront"
64.252.66.61 - - [03/Sep/2026:02:44:28 +0000] "GET /products/detail/208628339?path=//sys/bus/node/devices/node0/cpu1/driver/cpu7/driver/cpu2/node0/cpu4/firmware_node/subsystem/devices/PNP0A03:00/physical_node/0000:00:04.0/firmware_node/physical_node/nvme/nvme0/nvme0n1/nvme0n1p128/subsystem/md0/md/dev-nvme1n1/block/holders/md0/md/rd0/block HTTP/1.1" 200 4218 "-" "Amazon CloudFront"
64.252.68.74 - - [03/Sep/2026:02:44:32 +0000] "GET /products/detail/208628339?path=//sys/bus/node/devices/node0/cpu1/driver/cpu7/driver/cpu2/node0/cpu4/firmware_node/subsystem/devices/PNP0A03:00/device:20/physical_node/firmware_node/physical_node/nvme/nvme1/subsystem/nvme2/device/nvme/nvme2/nvme2n1/holders/md0/slaves/nvme1n1/mq/1 HTTP/1.1" 200 3362 "-" "Amazon CloudFront"
64.252.67.164 - - [03/Sep/2026:02:44:36 +0000] "GET /?path=//sys/bus/memory/devices/memory1/node0/memory30/node0/cpu6/firmware_node/subsystem/devices/device:21/physical_node/driver/module/drivers/pci:nvme/0000:00:1f.0/driver/0000:00:1f.0/firmware_node/physical_node/nvme/nvme2/subsystem/nvme1/device/nvme/nvme1/nvme1n1/holders/md0/md/dev-nvme2n1/block/device/nvme2n1/holders/md0/slaves/nvme2n1/mq/2 HTTP/1.1" 200 3504 "-" "Amazon CloudFront"
64.252.66.61 - - [03/Sep/2026:02:44:40 +0000] "GET /?path=//sys/class/thermal/cooling_device3/device/physical_node/node0/cpu1/driver/cpu0/node0/cpu2/firmware_node/subsystem/devices/LNXSYBUS:00/PNP0A03:00/device:11/subsystem/devices/device:20/physical_node/nvme/nvme1/device/driver/module/drivers/pci:nvme/0000:00:1f.0/nvme/nvme2/nvme2n1/holders/md0/md/rd1/block/holders/md0/md/rd1/block/trace HTTP/1.1" 200 3554 "-" "Amazon CloudFront"
64.252.66.102 - - [03/Sep/2026:02:44:44 +0000] "GET /products/detail/208628339?path=//sys/bus/node/devices/node0/cpu1/driver/cpu7/driver/cpu2/node0/cpu4/firmware_node/subsystem/devices/device:20/physical_node/firmware_node/physical_node/nvme/nvme1/subsystem/nvme1/nvme1n1/device/nvme1n1/holders/md0/md/dev-nvme1n1/block/holders/md0/md/dev-nvme2n1 HTTP/1.1" 200 3705 "-" "Amazon CloudFront"
64.252.66.61 - - [03/Sep/2026:02:44:48 +0000] "GET /products/detail/208628339?path=//sys/bus/node/devices/node0/cpu1/driver/cpu7/driver/cpu2/node0/cpu1/firmware_node/thermal_cooling/device/physical_node/firmware_node/subsystem/devices/PNP0A03:00/physical_node/0000:00:1e.0/nvme/nvme1/nvme1n1/subsystem/md0/md/dev-nvme2n1/block/device/nvme2n1/holders/md0/bdi HTTP/1.1" 200 3560 "-" "Amazon CloudFront"
64.252.66.61 - - [03/Sep/2026:02:44:52 +0000] "GET /products/detail/208628339?path=//sys/bus/node/devices/node0/cpu1/driver/cpu7/driver/cpu2/node0/cpu4/firmware_node/subsystem/devices/PNP0A03:00/device:21/physical_node/nvme/nvme2/device/nvme/nvme2/nvme2n1/holders/md0/md/dev-nvme2n1/block/subsystem/md0/slaves/nvme1n1/bdi HTTP/1.1" 200 3521 "-" "Amazon CloudFront"
64.252.67.164 - - [03/Sep/2026:02:44:57 +0000] "GET /?path=//sys/bus/memory/devices/memory1/node0/memory28/node0/cpu2/driver/cpu4/firmware_node/subsystem/devices/PNP0A03:00/physical_node/0000:00:04.0/driver/0000:00:1f.0/subsystem/drivers/nvme/0000:00:1f.0/nvme/nvme2/nvme2n1/holders/md0/slaves/nvme2n1/holders/md0/md/rd0/block/device/nvme1n1/mq/3/cpu3 HTTP/1.1" 200 3000 "-" "Amazon CloudFront"
64.252.67.164 - - [03/Sep/2026:02:45:01 +0000] "GET /?fileloc=//etc/system-release&path=//etc HTTP/1.1" 200 2561 "-" "Amazon CloudFront"
64.252.66.102 - - [03/Sep/2026:02:45:04 +0000] "GET /?fileloc=//etc/logrotate.d/b17e78e2e443406083a2605e586f22d1&path=//etc/logrotate.d HTTP/1.1" 200 2703 "-" "Amazon CloudFront"
64.252.68.74 - - [03/Sep/2026:02:45:08 +0000] "GET /?fileloc=//sys/module/dm_log/sections/__ksymtab_strings&path=//sys/module/dm_log/sections HTTP/1.1" 200 2593 "-" "Amazon CloudFront"
64.252.66.61 - - [03/Sep/2026:02:45:13 +0000] "GET /?fileloc=//tmp/sess_qeum0rrpb9etqdum6j24rq5789&path=//tmp HTTP/1.1" 200 2556 "-" "Amazon CloudFront"
64.252.67.164 - - [03/Sep/2026:02:45:16 +0000] "GET /products/detail/232499935?fileloc=//tmp/sess_8914feih45hvk36cq1vitrpi5h&path=//tmp HTTP/1.1" 200 2555 "-" "Amazon CloudFront"
64.252.67.164 - - [03/Sep/2026:02:45:20 +0000] "GET /?fileloc=//sys/module/dns_resolver/srcversion&path=//sys/module/dns_resolver HTTP/1.1" 200 2592 "-" "Amazon CloudFront"
64.252.67.164 - - [03/Sep/2026:02:45:24 +0000] "GET /products/detail/272703723?fileloc=//lib64/python2.7/code.py&path=//lib64/python2.7 HTTP/1.1" 200 5877 "-" "Amazon CloudFront"
64.252.66.61 - - [03/Sep/2026:02:45:28 +0000] "GET /products/detail/187873763?fileloc=//tmp/sess_vuo16p0qj6ujqvqlkv7rr15u6c&path=//tmp HTTP/1.1" 200 2558 "-" "Amazon CloudFront"
64.252.66.102 - - [03/Sep/2026:02:45:32 +0000] "GET /?fileloc=//tmp/sess_hn79sdut7uip5vj0hme8dt61ip&path=//tmp HTTP/1.1" 200 2556 "-" "Amazon CloudFront"
64.252.68.74 - - [03/Sep/2026:02:45:36 +0000] "GET /products/detail/171699208?fileloc=//tmp/sess_u085oj4hqudshk0a2f5ulppr4t&path=//tmp HTTP/1.1" 200 2555 "-" "Amazon CloudFront"
64.252.68.74 - - [03/Sep/2026:02:45:41 +0000] "GET /?fileloc=//lib64/python2.7/py_compile.py&path=//lib64/python2.7 HTTP/1.1" 200 4713 "-" "Amazon CloudFront"
64.252.68.74 - - [03/Sep/2026:02:45:44 +0000] "GET /?fileloc=//lib/locale/C.utf8/LC_NUMERIC&path=//lib/locale/C.utf8 HTTP/1.1" 200 2611 "-" "Amazon CloudFront"
64.252.67.164 - - [03/Sep/2026:02:45:48 +0000] "GET /?fileloc=//lib/rpm/rpm.daily&path=//lib/rpm HTTP/1.1" 200 2731 "-" "Amazon CloudFront"
64.252.68.74 - - [03/Sep/2026:02:45:52 +0000] "GET /products/detail/263585036?fileloc=//tmp/sess_24b11ncpvvj2n281j7dpm3sb8o&path=//tmp HTTP/1.1" 200 2556 "-" "Amazon CloudFront"
64.252.66.102 - - [03/Sep/2026:02:45:57 +0000] "GET /?fileloc=//lib64/libsoftokn3.chk&path=//lib64 HTTP/1.1" 200 2547 "-" "Amazon CloudFront"
64.252.66.61 - - [03/Sep/2026:02:46:01 +0000] "GET /?fileloc=//tmp/sess_fik9qh18rfvrlqq1ho4jg6mf3i&path=//tmp HTTP/1.1" 200 2559 "-" "Amazon CloudFront"
64.252.67.164 - - [03/Sep/2026:02:46:04 +0000] "GET /?fileloc=//etc/logrotate.d/372b3744c1da44c78758630ba090e653&path=//etc/logrotate.d HTTP/1.1" 200 2703 "-" "Amazon CloudFront"
64.252.68.74 - - [03/Sep/2026:02:46:08 +0000] "GET /?fileloc=//lib64/librpmsign.so.1.2.2&path=//lib64 HTTP/1.1" 200 2550 "-" "Amazon CloudFront"
64.252.68.74 - - [03/Sep/2026:02:46:12 +0000] "GET /?fileloc=//etc/php.d/20-xsl.ini&path=//etc/php.d HTTP/1.1" 200 2581 "-" "Amazon CloudFront"
64.252.75.204 - - [03/Sep/2026:02:46:12 +0000] "GET /sitemap323.xml?path=%2Fvar%2Fwww%2Fvolumes HTTP/1.1" 200 11241 "-" "Amazon CloudFront"
64.252.66.61 - - [03/Sep/2026:02:46:16 +0000] "GET /?fileloc=//etc/php.d/20-ctype.ini&path=//etc/php.d HTTP/1.1" 200 2582 "-" "Amazon CloudFront"
64.252.68.74 - - [03/Sep/2026:02:46:20 +0000] "GET /?fileloc=//lib64/sa/sa1&path=//lib64/sa HTTP/1.1" 200 3410 "-" "Amazon CloudFront"
64.252.67.164 - - [03/Sep/2026:02:46:24 +0000] "GET /products/detail/223916743?fileloc=//tmp/sess_960eoklpcccrfhmh70es3v05pa&path=//tmp HTTP/1.1" 200 2556 "-" "Amazon CloudFront"
64.252.66.61 - - [03/Sep/2026:02:46:28 +0000] "GET /products/detail/54265511?fileloc=//tmp/sess_bec9jei97kd69u5596uj71k5q3&path=//tmp HTTP/1.1" 200 2557 "-" "Amazon CloudFront"
64.252.68.74 - - [03/Sep/2026:02:46:33 +0000] "GET /products/detail/278945440?fileloc=//etc/logrotate.d/ecc6d0e181a9416f83d7e77a649c9cbd&path=//etc/logrotate.d HTTP/1.1" 200 2704 "-" "Amazon CloudFront"
64.252.67.164 - - [03/Sep/2026:02:46:37 +0000] "GET /products/detail/81999561?fileloc=//tmp/sess_ivm9ocj6pivcpom180tidjd603&path=//tmp HTTP/1.1" 200 2558 "-" "Amazon CloudFront"
64.252.68.74 - - [03/Sep/2026:02:46:40 +0000] "GET /?fileloc=//tmp/sess_gmvt57d8fmkv3r7iie19pipf3v&path=//tmp HTTP/1.1" 200 2557 "-" "Amazon CloudFront"
64.252.66.61 - - [03/Sep/2026:02:46:44 +0000] "GET /?fileloc=//tmp/sess_5v9jrsutbc404ptqm8b99vgmen&path=//tmp HTTP/1.1" 200 2556 "-" "Amazon CloudFront"
64.252.68.74 - - [03/Sep/2026:02:46:48 +0000] "GET /?fileloc=//sbin/awslogsd&path=//sbin HTTP/1.1" 200 2764 "-" "Amazon CloudFront"
64.252.66.102 - - [03/Sep/2026:02:46:52 +0000] "GET /?fileloc=//lib64/pkgconfig/openssl.pc&path=//lib64/pkgconfig HTTP/1.1" 200 2695 "-" "Amazon CloudFront"
64.252.66.61 - - [03/Sep/2026:02:46:57 +0000] "GET /?fileloc=//etc/mail/sendmail.cf&path=//etc/mail HTTP/1.1" 200 19272 "-" "Amazon CloudFront"
64.252.66.61 - - [03/Sep/2026:02:47:00 +0000] "GET /?fileloc=//etc/logrotate.d/2189d45c2a5b4313ac7dfa184fe5f19f&path=//etc/logrotate.d HTTP/1.1" 200 2703 "-" "Amazon CloudFront"
64.252.66.102 - - [03/Sep/2026:02:47:05 +0000] "GET /?fileloc=//lib64/python2.7/ssl.py&path=//lib64/python2.7 HTTP/1.1" 200 12881 "-" "Amazon CloudFront"
64.252.67.164 - - [03/Sep/2026:02:47:08 +0000] "GET /products/detail/170101682?fileloc=//tmp/sess_28aa921r6h06bjjjhgh3u3enqv&path=//tmp HTTP/1.1" 200 2557 "-" "Amazon CloudFront"
64.252.66.102 - - [03/Sep/2026:02:47:12 +0000] "GET /?fileloc=//sys/module/raid0/sections/__param&path=//sys/module/raid0/sections HTTP/1.1" 200 2585 "-" "Amazon CloudFront"
64.252.68.74 - - [03/Sep/2026:02:47:16 +0000] "GET /?fileloc=//lib/rpm/rpmrc&path=//lib/rpm HTTP/1.1" 200 5534 "-" "Amazon CloudFront"
64.252.66.61 - - [03/Sep/2026:02:47:20 +0000] "GET /products/detail/54265511?fileloc=//tmp/sess_5s01frl2oanil8ikfr359kgia4&path=//tmp HTTP/1.1" 200 2554 "-" "Amazon CloudFront"
64.252.66.102 - - [03/Sep/2026:02:47:24 +0000] "GET /products/detail/208628339?path=//sys/bus/node/devices/node0/cpu1/driver/cpu7/driver/cpu2/node0/cpu1/firmware_node/thermal_cooling/device/physical_node/firmware_node/subsystem/devices/LNXSYSTM:00/LNXSYBUS:00/PNP0A03:00/device:06/physical_node/nvme/nvme0/nvme0n1/nvme0n1p1/subsystem/md0/md/dev-nvme2n1/block/mq/2 HTTP/1.1" 200 3408 "-" "Amazon CloudFront"
64.252.67.164 - - [03/Sep/2026:02:47:29 +0000] "GET /?path=//sys/class/thermal/cooling_device3/device/physical_node/node0/memory28/node0/cpu5/firmware_node/subsystem/devices/PNP0A03:00/physical_node/pci_bus/0000:00/device/0000:00:04.0/subsystem/devices/0000:00:1f.0/driver/0000:00:1e.0/driver/0000:00:1f.0/nvme/nvme2/nvme2n1/integrity HTTP/1.1" 200 3483 "-" "Amazon CloudFront"
64.252.66.102 - - [03/Sep/2026:02:47:33 +0000] "GET /products/detail/208628339?path=//sys/bus/node/devices/node0/cpu1/driver/cpu7/driver/cpu2/node0/cpu1/firmware_node/thermal_cooling/device/physical_node/firmware_node/subsystem/devices/device:06/physical_node/nvme/nvme0/nvme0n1/nvme0n1p128/subsystem/nvme2n1/holders/md0/md/rd0/block/device/nvme1n1/bdi HTTP/1.1" 200 3558 "-" "Amazon CloudFront"
64.252.68.74 - - [03/Sep/2026:02:47:36 +0000] "GET /?path=//sys/bus/memory/devices/memory1/node0/memory28/node0/cpu2/driver/cpu4/firmware_node/subsystem/devices/PNP0A03:00/physical_node/0000:00:04.0/driver/0000:00:1f.0/subsystem/drivers/nvme/0000:00:1e.0/nvme/nvme1/nvme1n1/device/nvme1n1/holders/md0/md/rd0/block/holders/md0/slaves/nvme2n1/device/nvme2n1/mq/0 HTTP/1.1" 200 3453 "-" "Amazon CloudFront"
64.252.68.74 - - [03/Sep/2026:02:47:40 +0000] "GET /products/detail/208628339?path=//sys/bus/node/devices/node0/cpu1/driver/cpu7/driver/cpu2/node0/cpu4/firmware_node/subsystem/devices/device:20/physical_node/firmware_node/physical_node/nvme/nvme1/subsystem/nvme1/nvme1n1/device/nvme1n1/holders/md0/slaves/nvme2n1/holders/md0/md/rd1/block/device HTTP/1.1" 200 3889 "-" "Amazon CloudFront"
64.252.66.102 - - [03/Sep/2026:02:47:44 +0000] "GET /?fileloc=//etc/rpc&path=//etc HTTP/1.1" 200 3317 "-" "Amazon CloudFront"
64.252.66.102 - - [03/Sep/2026:02:47:44 +0000] "GET /?path=//sys/class/thermal/cooling_device3/device/physical_node/node0/memory28/node0/cpu5/firmware_node/subsystem/devices/PNP0A03:00/physical_node/pci_bus/0000:00/device/0000:00:05.0/subsystem/drivers/nvme/module/drivers/pci:nvme/0000:00:04.0/driver/0000:00:1f.0/driver/0000:00:1e.0/nvme HTTP/1.1" 200 3198 "-" "Amazon CloudFront"
64.252.66.102 - - [03/Sep/2026:02:47:48 +0000] "GET /products/detail/208628339?path=//sys/bus/node/devices/node0/cpu1/driver/cpu7/driver/cpu2/node0/cpu4/firmware_node/subsystem/devices/PNP0A03:00/device:06/physical_node/firmware_node/physical_node/nvme/nvme0/nvme0n1/subsystem/nvme2n1/device/device/nvme/nvme2/nvme2n1/holders/md0/md/dev-nvme1n1/block/mq/1 HTTP/1.1" 200 3408 "-" "Amazon CloudFront"
64.252.66.61 - - [03/Sep/2026:02:47:52 +0000] "GET /?path=//sys/bus/memory/devices/memory1/node0/memory30/node0/cpu6/firmware_node/subsystem/devices/device:21/physical_node/driver/module/drivers/pci:nvme/0000:00:1e.0/nvme/nvme1/nvme1n1/device/nvme1n1/holders/md0/md/dev-nvme2n1/block/holders/md0/md/dev-nvme2n1/block/device/nvme2n1/subsystem/nvme2n1/mq/6/cpu6 HTTP/1.1" 200 2988 "-" "Amazon CloudFront"
64.252.66.61 - - [03/Sep/2026:02:47:56 +0000] "GET /?path=//sys/class/thermal/cooling_device3/device/physical_node/node0/memory29/node0/cpu4/driver/cpu2/driver/cpu1/firmware_node/subsystem/devices/device:10/subsystem/devices/LNXSYSTM:00/LNXSYBUS:00/PNP0A03:00/physical_node/pci_bus/0000:00/device/0000:00:1e.0/nvme/nvme1/nvme1n1/holders/md0/md/rd1/block/holders/md0/slaves/nvme1n1/mq/6/cpu6 HTTP/1.1" 200 3058 "-" "Amazon CloudFront"
64.252.67.164 - - [03/Sep/2026:02:48:00 +0000] "GET /products/detail/208628339?path=//sys/bus/node/devices/node0/cpu1/driver/cpu7/driver/cpu2/node0/cpu4/firmware_node/subsystem/devices/PNP0A03:00/device:21/physical_node/nvme/nvme2/device/nvme/nvme2/nvme2n1/holders/md0/md/rd0/block/subsystem/nvme0n1/device/nvme0n1/mq/1/cpu6 HTTP/1.1" 200 2930 "-" "Amazon CloudFront"
64.252.68.74 - - [03/Sep/2026:02:48:05 +0000] "GET /?path=//sys/class/thermal/cooling_device3/device/physical_node/node0/cpu1/driver/cpu0/node0/cpu2/firmware_node/subsystem/devices/LNXSYSTM:00/LNXSYBUS:00/PNP0C0F:02/subsystem/devices/LNXSYSTM:00/LNXSYBUS:00/PNP0A03:00/physical_node/0000:00:04.0/driver/0000:00:1e.0/nvme/nvme1/device/nvme/nvme1/nvme1n1/holders/md0/slaves/nvme2n1/holders/md0/md/dev-nvme1n1/block/mq/1 HTTP/1.1" 200 3536 "-" "Amazon CloudFront"
64.252.68.74 - - [03/Sep/2026:02:48:09 +0000] "GET /products/detail/208628339?path=//sys/bus/node/devices/node0/cpu1/driver/cpu7/driver/cpu2/node0/cpu4/firmware_node/thermal_cooling/device/physical_node/firmware_node/subsystem/devices/device:20/physical_node/nvme/nvme1/nvme1n1/holders/md0/md/dev-nvme1n1/block/subsystem/nvme2n1/device/nvme2n1/mq/5 HTTP/1.1" 200 3381 "-" "Amazon CloudFront"
64.252.66.102 - - [03/Sep/2026:02:48:12 +0000] "GET /products/detail/208628339?path=//sys/bus/node/devices/node0/cpu1/driver/cpu7/driver/cpu2/node0/cpu4/firmware_node/subsystem/devices/PNP0A03:00/physical_node/0000:00:1f.0/nvme/nvme2/subsystem/nvme1/nvme1n1/holders/md0/slaves/nvme2n1/device/device/nvme/nvme2/nvme2n1/holders/md0/md/rd0 HTTP/1.1" 200 3721 "-" "Amazon CloudFront"
64.252.67.164 - - [03/Sep/2026:02:48:17 +0000] "GET /products/detail/208628339?path=//sys/bus/node/devices/node0/cpu1/driver/cpu7/driver/cpu2/node0/cpu1/firmware_node/thermal_cooling/device/physical_node/firmware_node/subsystem/devices/PNP0A03:00/physical_node/0000:00:1e.0/nvme/nvme1/nvme1n1/holders/md0/md/rd1/block/subsystem/md0/slaves/nvme1n1/device HTTP/1.1" 200 3904 "-" "Amazon CloudFront"
64.252.66.102 - - [03/Sep/2026:02:48:20 +0000] "GET /products/detail/208628339?path=//sys/bus/node/devices/node0/cpu1/driver/cpu7/driver/cpu2/node0/cpu4/firmware_node/subsystem/devices/PNP0A03:00/physical_node/firmware_node/physical_node/0000:00:05.0/subsystem/drivers/nvme/0000:00:1f.0/nvme/nvme2/nvme2n1/holders/md0/slaves/nvme2n1/holders/md0/slaves/nvme1n1/trace HTTP/1.1" 200 3409 "-" "Amazon CloudFront"
64.252.66.102 - - [03/Sep/2026:02:48:24 +0000] "GET /?path=//sys/class/thermal/cooling_device3/device/physical_node/node0/memory28/node0/cpu5/firmware_node/subsystem/devices/PNP0A03:00/physical_node/pci_bus/0000:00/device/0000:00:1f.0/driver/0000:00:04.0/subsystem/devices/0000:00:1e.0/nvme/nvme1/nvme1n1/mq/3/cpu3 HTTP/1.1" 200 2914 "-" "Amazon CloudFront"
64.252.66.102 - - [03/Sep/2026:02:48:28 +0000] "GET /products/detail/208628339?path=//sys/bus/node/devices/node0/cpu1/driver/cpu7/driver/cpu2/node0/cpu4/firmware_node/subsystem/devices/PNP0A03:00/physical_node/0000:00:04.0/subsystem/drivers/nvme/0000:00:1e.0/nvme/nvme1/nvme1n1/holders/md0/md/dev-nvme1n1/block/holders/md0/md/dev-nvme2n1/block/mq HTTP/1.1" 200 3447 "-" "Amazon CloudFront"
64.252.67.164 - - [03/Sep/2026:02:48:32 +0000] "GET /?path=//sys/class/thermal/cooling_device3/device/physical_node/node0/cpu1/driver/cpu0/node0/cpu2/firmware_node/subsystem/devices/LNXSYSTM:00/LNXSYBUS:00/PNP0C0F:04/subsystem/devices/PNP0A03:00/physical_node/pci_bus/0000:00/device/0000:00:1f.0/driver/module/drivers/pci:nvme/module/drivers/pci:nvme/0000:00:1f.0/nvme/nvme2/nvme2n1/holders/md0/slaves/nvme2n1/holders/md0/md/rd0/block/mq/7 HTTP/1.1" 200 3593 "-" "Amazon CloudFront"
64.252.68.74 - - [03/Sep/2026:02:48:38 +0000] "GET /?path=//sys/class/thermal/cooling_device3/device/physical_node/node0/memory28/node0/cpu5/firmware_node/subsystem/devices/PNP0A03:00/physical_node/pci_bus/0000:00/device/0000:00:1f.0/driver/module/drivers/pci:nvme/0000:00:1f.0/firmware_node/subsystem/devices/LNXSYBUS:00/PNP0A03:00/device:16 HTTP/1.1" 200 3518 "-" "Amazon CloudFront"
64.252.66.102 - - [03/Sep/2026:02:48:40 +0000] "GET /?path=//sys/class/thermal/cooling_device3/device/physical_node/node0/memory28/node0/cpu5/firmware_node/subsystem/devices/PNP0A03:00/physical_node/pci_bus/0000:00/device/0000:00:05.0/subsystem/drivers/nvme/module/drivers/pci:nvme/0000:00:1e.0/driver/0000:00:1e.0/driver/module/holders HTTP/1.1" 200 2917 "-" "Amazon CloudFront"
64.252.66.61 - - [03/Sep/2026:02:48:44 +0000] "GET /products/detail/208628339?path=//sys/bus/node/devices/node0/cpu1/driver/cpu7/driver/cpu2/node0/cpu4/firmware_node/subsystem/devices/PNP0A03:00/device:21/physical_node/subsystem/drivers/nvme/0000:00:1f.0/nvme/nvme2/nvme2n1/holders/md0/md/rd0/block/holders/md0/md/rd1/block/trace HTTP/1.1" 200 3409 "-" "Amazon CloudFront"
64.252.66.102 - - [03/Sep/2026:02:48:50 +0000] "GET /products/detail/208628339?path=//sys/bus/node/devices/node0/cpu1/driver/cpu7/driver/cpu2/node0/cpu1/firmware_node/thermal_cooling/device/physical_node/firmware_node/subsystem/devices/LNXSYBUS:00/PNP0A03:00/device:20/physical_node/nvme/nvme1/nvme1n1/holders/md0/md/dev-nvme2n1/block/bdi/subsystem/0:40/power HTTP/1.1" 200 3461 "-" "Amazon CloudFront"
64.252.67.164 - - [03/Sep/2026:02:48:52 +0000] "GET /products/detail/208628339?path=//sys/bus/node/devices/node0/cpu1/driver/cpu7/driver/cpu2/node0/cpu4/firmware_node/subsystem/devices/LNXSYBUS:00/LNXCPU:03/thermal_cooling/device/thermal_cooling/device/physical_node/firmware_node/physical_node/subsystem/drivers/processor/cpu4/cache/index2/power HTTP/1.1" 200 3401 "-" "Amazon CloudFront"
64.252.67.164 - - [03/Sep/2026:02:48:56 +0000] "GET /products/detail/208628339?path=//sys/bus/node/devices/node0/cpu1/driver/cpu7/driver/cpu2/node0/cpu1/firmware_node/thermal_cooling/device/physical_node/firmware_node/subsystem/devices/PNP0A03:00/physical_node/0000:00:1e.0/nvme/nvme1/nvme1n1/subsystem/nvme2n1/holders/md0/md/rd0/block/holders/md0/md/rd0 HTTP/1.1" 200 3735 "-" "Amazon CloudFront"
64.252.67.164 - - [03/Sep/2026:02:49:00 +0000] "GET /?path=//sys/class/thermal/cooling_device3/device/physical_node/node0/memory28/node0/cpu5/firmware_node/subsystem/devices/LNXSYBUS:00/PNP0A03:00/device:1b/subsystem/devices/LNXSYBUS:00/PNP0A03:00/device:21/physical_node/driver/module/drivers/pci:nvme/0000:00:04.0/driver/0000:00:1e.0/nvme/nvme1/device/nvme/nvme1/nvme1n1/holders/md0/md/dev-nvme2n1/block/holders/md0 HTTP/1.1" 200 4323 "-" "Amazon CloudFront"
64.252.68.74 - - [03/Sep/2026:02:49:05 +0000] "GET /products/detail/208628339?path=//sys/bus/node/devices/node0/cpu1/driver/cpu7/driver/cpu2/node0/cpu4/firmware_node/thermal_cooling/device/physical_node/firmware_node/thermal_cooling/device/subsystem/devices/PNP0A03:00/device:20/physical_node/nvme/nvme1/nvme1n1/holders/md0/md/dev-nvme1n1/block/subsystem/nvme1n1/holders/md0/bdi/power HTTP/1.1" 200 3478 "-" "Amazon CloudFront"
64.252.66.61 - - [03/Sep/2026:02:49:09 +0000] "GET /?path=//sys/class/thermal/cooling_device3/device/physical_node/node0/memory28/node0/cpu5/firmware_node/subsystem/devices/PNP0A03:00/physical_node/pci_bus/0000:00/device/0000:00:1e.0/driver/module/drivers/pci:nvme/0000:00:1f.0/nvme/nvme2/subsystem/nvme1/nvme1n1/power HTTP/1.1" 200 3422 "-" "Amazon CloudFront"
64.252.66.61 - - [03/Sep/2026:02:49:12 +0000] "GET /products/detail/208628339?path=//sys/bus/node/devices/node0/cpu1/driver/cpu7/driver/cpu2/node0/cpu4/firmware_node/subsystem/devices/PNP0A03:00/physical_node/firmware_node/physical_node/0000:00:05.0/subsystem/drivers/nvme/0000:00:1f.0/nvme/nvme2/nvme2n1/holders/md0/md/rd0/block/holders/md0/md/rd0/block HTTP/1.1" 200 4253 "-" "Amazon CloudFront"
64.252.66.61 - - [03/Sep/2026:02:49:16 +0000] "GET /products/detail/225861420?path=//sys/devices/pci0000:00/firmware_node/device:07/physical_node/firmware_node/subsystem/devices/device:20/physical_node/driver/0000:00:1f.0/nvme/nvme2/nvme2n1/subsystem/nvme1n1/holders/md0/md/rd0/block/holders/md0/md/rd0/block/device/device/driver/module/drivers/pci:nvme/module/drivers/pci:nvme/0000:00:1f.0/nvme/nvme2/nvme2n1/mq/2/cpu2 HTTP/1.1" 200 3004 "-" "Amazon CloudFront"
64.252.67.164 - - [03/Sep/2026:02:49:20 +0000] "GET /products/detail/208628339?path=//sys/bus/node/devices/node0/cpu1/driver/cpu7/driver/cpu2/node0/cpu1/firmware_node/thermal_cooling/device/physical_node/firmware_node/subsystem/devices/LNXSYBUS:00/PNP0A03:00/device:20/physical_node/nvme/nvme1/nvme1n1/subsystem/md0/slaves/nvme2n1/holders/md0/md/rd1/block/mq/7 HTTP/1.1" 200 3430 "-" "Amazon CloudFront"
64.252.66.61 - - [03/Sep/2026:02:49:24 +0000] "GET /?path=//sys/class/thermal/cooling_device3/device/physical_node/node0/memory28/node0/cpu5/firmware_node/subsystem/devices/PNP0A03:00/physical_node/pci_bus/0000:00/device/0000:00:1e.0/driver/module/drivers/pci:nvme/0000:00:1f.0/driver/0000:00:1f.0/firmware_node/subsystem/devices/device:00/power HTTP/1.1" 200 3434 "-" "Amazon CloudFront"
64.252.66.102 - - [03/Sep/2026:02:49:28 +0000] "GET /?path=//sys/bus/memory/devices/memory1/node0/memory7/node0/cpu1/subsystem/drivers/processor/cpu5/firmware_node/subsystem/devices/PNP0A03:00/physical_node/firmware_node/physical_node/0000:00:1e.0/driver/0000:00:1e.0/driver/module/drivers/pci:nvme/0000:00:1f.0/nvme/nvme2/nvme2n1/holders/md0/slaves/nvme1n1/device/nvme1n1/holders/md0/md/rd1/block/mq/3/cpu3 HTTP/1.1" 200 3050 "-" "Amazon CloudFront"
64.252.66.61 - - [03/Sep/2026:02:49:32 +0000] "GET /?path=//sys/bus/memory/devices/memory1/node0/memory7/node0/cpu1/subsystem/drivers/processor/cpu5/firmware_node/subsystem/devices/PNP0A03:00/physical_node/firmware_node/physical_node/0000:00:1e.0/driver/0000:00:04.0/driver/module/drivers/pci:nvme/0000:00:1f.0/nvme/nvme2/device/nvme/nvme2/nvme2n1/holders/md0/md/dev-nvme2n1/block/device/nvme2n1/mq/1 HTTP/1.1" 200 3508 "-" "Amazon CloudFront"
64.252.68.74 - - [03/Sep/2026:02:49:36 +0000] "GET /products/detail/208628339?path=//sys/bus/node/devices/node0/cpu1/driver/cpu7/driver/cpu2/node0/cpu4/firmware_node/subsystem/devices/PNP0A03:00/physical_node/0000:00:1e.0/subsystem/drivers/nvme/module/drivers/pci:nvme/0000:00:1f.0/firmware_node/physical_node/nvme/nvme2/nvme2n1/holders/md0/md/dev-nvme1n1/block/bdi HTTP/1.1" 200 3572 "-" "Amazon CloudFront"
64.252.67.164 - - [03/Sep/2026:02:49:40 +0000] "GET /products/detail/208628339?path=//sys/bus/node/devices/node0/cpu1/driver/cpu7/driver/cpu2/node0/cpu1/firmware_node/thermal_cooling/device/physical_node/firmware_node/subsystem/devices/PNP0A03:00/physical_node/0000:00:1e.0/nvme/nvme1/nvme1n1/holders/md0/md/rd1/block/holders/md0/md/dev-nvme1n1/block/queue HTTP/1.1" 200 4738 "-" "Amazon CloudFront"
64.252.66.61 - - [03/Sep/2026:02:49:45 +0000] "GET /products/detail/208628339?path=//sys/bus/node/devices/node0/cpu1/driver/cpu7/driver/cpu2/node0/cpu4/firmware_node/subsystem/devices/PNP0A03:00/physical_node/0000:00:04.0/firmware_node/physical_node/nvme/nvme0/device/nvme/nvme0/nvme0n1/nvme0n1p128/subsystem/md0/md/rd0/block/holders/md0/slaves/nvme2n1/mq/7 HTTP/1.1" 200 3426 "-" "Amazon CloudFront"
64.252.68.74 - - [03/Sep/2026:02:49:48 +0000] "GET /products/detail/208628339?path=//sys/bus/node/devices/node0/cpu1/driver/cpu7/driver/cpu2/node0/cpu1/firmware_node/thermal_cooling/device/physical_node/firmware_node/subsystem/drivers/button/LNXSLPBN:00/subsystem/devices/device:21/physical_node/nvme/nvme2/nvme2n1/device/nvme2n1/holders/md0/md/rd0/block/bdi/power HTTP/1.1" 200 3485 "-" "Amazon CloudFront"
64.252.68.74 - - [03/Sep/2026:02:49:52 +0000] "GET /?path=//sys/bus/memory/devices/memory1/node0/memory30/node0/cpu6/firmware_node/subsystem/devices/device:21/physical_node/driver/module/drivers/pci:nvme/0000:00:1e.0/driver/0000:00:04.0/firmware_node/physical_node/subsystem/drivers/nvme/0000:00:1f.0/nvme/nvme2/nvme2n1/device/nvme2n1/holders/md0/md/dev-nvme2n1/block/mq/0/cpu0 HTTP/1.1" 200 3005 "-" "Amazon CloudFront"
64.252.66.61 - - [03/Sep/2026:02:49:58 +0000] "GET /?path=//sys/class/thermal/cooling_device3/device/physical_node/node0/cpu1/driver/cpu0/node0/cpu2/firmware_node/subsystem/devices/PNP0303:00/subsystem/devices/LNXSYBUS:00/PNP0A03:00/physical_node/0000:00:1f.0/nvme/nvme2/device/driver/0000:00:1e.0/nvme/nvme1/nvme1n1/holders/md0/slaves/nvme2n1/holders/md0/md/rd0/block/mq/7 HTTP/1.1" 200 3512 "-" "Amazon CloudFront"
64.252.66.102 - - [03/Sep/2026:02:50:00 +0000] "GET /products/detail/208628339?path=//sys/bus/node/devices/node0/cpu1/driver/cpu7/driver/cpu2/node0/cpu4/firmware_node/subsystem/devices/PNP0A03:00/physical_node/0000:00:04.0/subsystem/drivers/nvme/0000:00:1e.0/nvme/nvme1/nvme1n1/device/nvme1n1/holders/md0/slaves/nvme2n1/holders/md0/slaves/nvme2n1/mq/3 HTTP/1.1" 200 3405 "-" "Amazon CloudFront"
64.252.67.164 - - [03/Sep/2026:02:50:06 +0000] "GET /?path=//sys/bus/memory/devices/memory1/node0/memory7/node0/cpu1/subsystem/drivers/processor/cpu5/firmware_node/subsystem/devices/PNP0A03:00/physical_node/firmware_node/physical_node/0000:00:1e.0/driver/0000:00:1e.0/nvme/nvme1/nvme1n1/holders/md0/slaves/nvme1n1/device/device/driver/module/drivers/pci:nvme/0000:00:1f.0/nvme/nvme2/nvme2n1/holders/md0/power HTTP/1.1" 200 3556 "-" "Amazon CloudFront"
64.252.66.102 - - [03/Sep/2026:02:50:08 +0000] "GET /products/detail/208628339?path=//sys/bus/node/devices/node0/cpu1/driver/cpu7/driver/cpu2/node0/cpu1/firmware_node/thermal_cooling/device/physical_node/firmware_node/subsystem/devices/PNP0A03:00/physical_node/0000:00:1e.0/nvme/nvme1/nvme1n1/holders/md0/md/rd1/block/device/nvme2n1/subsystem/nvme1n1/mq/6 HTTP/1.1" 200 3395 "-" "Amazon CloudFront"
64.252.67.164 - - [03/Sep/2026:02:50:15 +0000] "GET /products/detail/208628339?path=//sys/bus/node/devices/node0/cpu1/driver/cpu7/driver/cpu2/node0/cpu4/firmware_node/thermal_cooling/device/physical_node/firmware_node/subsystem/devices/PNP0A03:00/device:20/physical_node/nvme/nvme1/nvme1n1/subsystem/md0/md/rd1/block/holders/md0/md/dev-nvme2n1/block/power HTTP/1.1" 200 3448 "-" "Amazon CloudFront"
64.252.67.164 - - [03/Sep/2026:02:50:16 +0000] "GET /products/detail/208628339?path=//sys/bus/node/devices/node0/cpu1/driver/cpu7/driver/cpu2/node0/cpu1/firmware_node/thermal_cooling/subsystem/cooling_device1/device/subsystem/devices/LNXSYSTM:00/LNXSYBUS:00/PNP0A03:00/physical_node/firmware_node/device:21/physical_node/nvme/nvme2/device/nvme/nvme2/nvme2n1/mq/3 HTTP/1.1" 200 3385 "-" "Amazon CloudFront"
64.252.67.164 - - [03/Sep/2026:02:50:20 +0000] "GET /?path=//sys/class/thermal/cooling_device3/device/physical_node/node0/cpu1/driver/cpu0/node0/cpu2/firmware_node/subsystem/devices/LNXSYSTM:00/LNXSYBUS:00/PNP0C0F:02/subsystem/devices/LNXSYSTM:00/LNXSYBUS:00/PNP0A03:00/physical_node/0000:00:04.0/driver/module/drivers/pci:nvme/module/drivers/pci:nvme/0000:00:1e.0/nvme/nvme1/nvme1n1/holders/md0/slaves/nvme2n1/device/nvme2n1/mq/2/cpu2 HTTP/1.1" 200 3079 "-" "Amazon CloudFront"
64.252.66.61 - - [03/Sep/2026:02:50:24 +0000] "GET /products/detail/208628339?path=//sys/bus/node/devices/node0/cpu1/driver/cpu7/driver/cpu2/node0/cpu4/firmware_node/subsystem/devices/PNP0A03:00/physical_node/0000:00:04.0/firmware_node/physical_node/nvme/nvme0/device/nvme/nvme0/nvme0n1/nvme0n1p128/subsystem/nvme2n1/holders/md0/md/dev-nvme2n1/block/device/nvme2n1/slaves HTTP/1.1" 200 2973 "-" "Amazon CloudFront"
64.252.68.74 - - [03/Sep/2026:02:50:28 +0000] "GET /?path=//sys/bus/memory/devices/memory1/node0/memory7/node0/cpu1/subsystem/drivers/processor/cpu5/firmware_node/subsystem/devices/PNP0A03:00/physical_node/firmware_node/physical_node/0000:00:1e.0/driver/module/drivers/pci:nvme/0000:00:1f.0/driver/0000:00:1e.0/nvme/nvme1/nvme1n1/holders/md0/slaves/nvme2n1/device/device/nvme/nvme2/nvme2n1/slaves HTTP/1.1" 200 2976 "-" "Amazon CloudFront"
64.252.66.61 - - [03/Sep/2026:02:50:32 +0000] "GET /?path=//sys/bus/node/devices/node0/memory2/node0/cpu4/driver/cpu1/driver/cpu2/subsystem/drivers/processor/cpu2/firmware_node/physical_node/firmware_node/subsystem/devices/LNXSYBUS:00/PNP0A03:00/physical_node/0000:00:1f.0/nvme/nvme2/nvme2n1/holders/md0/md/dev-nvme2n1/block/device/device/nvme/nvme2/nvme2n1/holders/md0/md/rd1/block/bdi HTTP/1.1" 200 3672 "-" "Amazon CloudFront"
64.252.67.164 - - [03/Sep/2026:02:50:36 +0000] "GET /products/detail/208628339?path=//sys/bus/node/devices/node0/cpu1/driver/cpu7/driver/cpu2/node0/cpu4/firmware_node/subsystem/devices/PNP0A03:00/physical_node/0000:00:04.0/firmware_node/physical_node/nvme/nvme0/nvme0n1/nvme0n1p128/subsystem/nvme2n1/holders/md0/md/rd1/block/device/nvme2n1/mq/6/cpu6 HTTP/1.1" 200 2944 "-" "Amazon CloudFront"
