64.252.67.164 - - [03/Sep/2026:00:15:52 +0000] "GET /?path=//sys/bus/acpi/devices/LNXCPU:06/physical_node/node0/memory21/node0/cpu0/subsystem/drivers/processor/cpu6/firmware_node/subsystem/devices/device:06/physical_node/driver/0000:00:04.0/driver/0000:00:1e.0/nvme/nvme1/device/nvme/nvme1/nvme1n1/holders/md0/slaves/nvme2n1/device/nvme2n1/holders/md0/slaves/nvme1n1/mq/5 HTTP/1.1" 200 3457 "-" "Amazon CloudFront"
64.252.66.102 - - [03/Sep/2026:00:15:56 +0000] "GET /?path=//sys/bus/memory/devices/memory1/node0/memory30/node0/cpu6/firmware_node/subsystem/devices/device:21/physical_node/driver/module/drivers/pci:nvme/0000:00:1e.0/driver/0000:00:1f.0/nvme/nvme2/device/nvme/nvme2/nvme2n1/device/nvme2n1/holders/md0/md/rd0/block/holders/md0/md/rd0/block/subsystem/nvme0n1/nvme0n1p1/power HTTP/1.1" 200 3545 "-" "Amazon CloudFront"
64.252.67.164 - - [03/Sep/2026:00:15:58 +0000] "GET /products/detail/82612925?path=/var/www/volumes/df87aee8712c409d9714011eec93f94b HTTP/1.1" 200 2642 "-" "Amazon CloudFront"
64.252.67.164 - - [03/Sep/2026:00:16:00 +0000] "GET /?path=//sys/bus/memory/devices/memory1/node0/memory30/node0/cpu6/firmware_node/subsystem/devices/device:21/physical_node/driver/module/drivers/pci:nvme/0000:00:1f.0/driver/0000:00:1f.0/firmware_node/physical_node/nvme/nvme2/subsystem/nvme2/nvme2n1/device/nvme2n1/holders/md0/md/dev-nvme1n1/block/device/nvme1n1/holders/md0/slaves/nvme1n1/slaves HTTP/1.1" 200 3005 "-" "Amazon CloudFront"
64.252.68.74 - - [03/Sep/2026:00:16:05 +0000] "GET /?path=//sys/class/thermal/cooling_device3/device/physical_node/node0/memory0/node0/cpu3/subsystem/devices/cpu6/driver/cpu0/driver/cpu7/firmware_node/subsystem/devices/LNXSYSTM:00/LNXSYBUS:00/PNP0A03:00/device:21/physical_node/nvme/nvme2/nvme2n1/holders/md0/md/rd0/block/device/nvme1n1/holders/md0/md/dev-nvme2n1/block/mq/4/cpu4 HTTP/1.1" 200 3046 "-" "Amazon CloudFront"
64.252.68.74 - - [03/Sep/2026:00:16:08 +0000] "GET /?path=//sys/class/thermal/cooling_device3/device/physical_node/node0/memory28/node0/cpu5/firmware_node/subsystem/devices/PNP0A03:00/physical_node/pci_bus/0000:00/device/firmware_node/device:03/subsystem/devices/LNXSYSTM:00/LNXPWRBN:00/driver/LNXPWRBN:00/driver/LNXSLPBN:00/input/input4/capabilities HTTP/1.1" 200 3559 "-" "Amazon CloudFront"
64.252.67.164 - - [03/Sep/2026:00:16:12 +0000] "GET /?path=//sys/class/thermal/cooling_device3/device/physical_node/node0/cpu0/node0/cpu4/firmware_node/subsystem/devices/device:02/PNP0303:00/subsystem/devices/device:20/physical_node/nvme/nvme1/device/driver/0000:00:1f.0/driver/0000:00:1f.0/nvme/nvme2/nvme2n1/holders/md0/md/dev-nvme1n1/block/holders/md0/md/dev-nvme1n1/block/mq/2/cpu2 HTTP/1.1" 200 2952 "-" "Amazon CloudFront"
64.252.67.164 - - [03/Sep/2026:00:16:16 +0000] "GET /?path=//sys/class/thermal/cooling_device3/device/physical_node/node0/memory28/node0/cpu5/firmware_node/subsystem/devices/PNP0A03:00/physical_node/pci_bus/0000:00/device/0000:00:1e.0/driver/module/drivers/pci:nvme/0000:00:04.0/driver/module/drivers/pci:nvme/0000:00:1f.0/power HTTP/1.1" 200 3415 "-" "Amazon CloudFront"
64.252.68.74 - - [03/Sep/2026:00:16:20 +0000] "GET /?path=//sys/class/thermal/cooling_device3/device/physical_node/node0/memory28/node0/cpu5/firmware_node/subsystem/devices/PNP0A03:00/physical_node/pci_bus/0000:00/device/0000:00:1e.0/driver/module/drivers/pci:nvme/0000:00:1f.0/driver/0000:00:1e.0/firmware_node/subsystem/devices/device:20 HTTP/1.1" 200 3528 "-" "Amazon CloudFront"
64.252.67.164 - - [03/Sep/2026:00:16:24 +0000] "GET /?path=//sys/class/thermal/cooling_device3/device/physical_node/node0/cpu1/driver/cpu0/node0/cpu2/firmware_node/subsystem/devices/LNXSYBUS:00/subsystem/devices/PNP0A03:00/physical_node/0000:00:1e.0/driver/module/drivers/pci:nvme/module/drivers/pci:nvme/0000:00:1e.0/nvme/nvme1/nvme1n1/device/nvme1n1/holders/md0/md/dev-nvme2n1/block/holders/md0/md/dev-nvme2n1/block/mq/4 HTTP/1.1" 200 3537 "-" "Amazon CloudFront"
64.252.66.61 - - [03/Sep/2026:00:16:28 +0000] "GET /?path=//sys/class/thermal/cooling_device3/device/physical_node/node0/memory28/node0/cpu5/firmware_node/subsystem/devices/PNP0A03:00/physical_node/pci_bus/0000:00/device/0000:00:1e.0/driver/module/drivers/pci:nvme/0000:00:1f.0/driver/0000:00:1e.0/firmware_node/subsystem/devices/device:02 HTTP/1.1" 200 3723 "-" "Amazon CloudFront"
64.252.66.102 - - [03/Sep/2026:00:16:32 +0000] "GET /?path=//sys/class/thermal/cooling_device3/device/physical_node/node0/memory28/node0/cpu5/firmware_node/subsystem/devices/PNP0A03:00/physical_node/pci_bus/0000:00/device/0000:00:1e.0/driver/module/drivers/pci:nvme/0000:00:1f.0/driver/0000:00:1e.0/firmware_node/subsystem/devices/LNXPWRBN:00 HTTP/1.1" 200 3457 "-" "Amazon CloudFront"
64.252.66.102 - - [03/Sep/2026:00:16:37 +0000] "GET /?path=//sys/class/thermal/cooling_device3/device/physical_node/node0/memory28/node0/cpu5/firmware_node/subsystem/devices/PNP0A03:00/physical_node/pci_bus/0000:00/device/0000:00:1e.0/driver/module/drivers/pci:nvme/0000:00:1f.0/driver/0000:00:1e.0/firmware_node/subsystem/devices/device:08 HTTP/1.1" 200 3509 "-" "Amazon CloudFront"
64.252.66.61 - - [03/Sep/2026:00:16:41 +0000] "GET /?path=//sys/bus/node/devices/node0/memory2/node0/cpu4/driver/cpu1/driver/cpu2/subsystem/drivers/processor/cpu2/firmware_node/physical_node/firmware_node/subsystem/devices/PNP0A03:00/physical_node/0000:00:1f.0/nvme/nvme2/nvme2n1/device/device/nvme/nvme2/nvme2n1/holders/md0/slaves/nvme1n1/holders/md0/md/dev-nvme2n1/block/mq/4/cpu4 HTTP/1.1" 200 3028 "-" "Amazon CloudFront"
64.252.67.164 - - [03/Sep/2026:00:16:44 +0000] "GET /products/detail/208628339?path=//sys/bus/node/devices/node0/cpu1/driver/cpu7/driver/cpu2/node0/cpu1/firmware_node/thermal_cooling/subsystem/cooling_device3/device/subsystem/devices/PNP0A03:00/physical_node/firmware_node/physical_node/0000:00:1e.0/nvme/nvme1/nvme1n1/holders/md0/slaves/nvme2n1/holders/md0/md/rd1/block/mq/5 HTTP/1.1" 200 3436 "-" "Amazon CloudFront"
64.252.66.61 - - [03/Sep/2026:00:16:48 +0000] "GET /?path=//sys/class/thermal/cooling_device3/device/physical_node/node0/memory28/node0/cpu5/firmware_node/subsystem/devices/PNP0A03:00/physical_node/pci_bus/0000:00/device/0000:00:1e.0/driver/0000:00:1f.0/nvme/nvme2/nvme2n1/subsystem/md0/md/rd1/block/mq/5 HTTP/1.1" 200 3372 "-" "Amazon CloudFront"
64.252.66.61 - - [03/Sep/2026:00:16:52 +0000] "GET /?path=//sys/class/thermal/cooling_device3/device/physical_node/node0/memory28/node0/cpu5/firmware_node/subsystem/devices/PNP0A03:00/physical_node/pci_bus/0000:00/device/0000:00:1e.0/driver/module/drivers/pci:nvme/0000:00:04.0/driver/module/drivers/pci:nvme/0000:00:1f.0/subsystem HTTP/1.1" 200 3543 "-" "Amazon CloudFront"
64.252.67.164 - - [03/Sep/2026:00:16:57 +0000] "GET /?path=//sys/class/thermal/cooling_device3/device/physical_node/node0/cpu1/driver/cpu0/node0/cpu2/firmware_node/subsystem/devices/LNXSYBUS:00/subsystem/devices/PNP0A03:00/physical_node/0000:00:1e.0/driver/module/drivers/pci:nvme/module/drivers/pci:nvme/0000:00:1e.0/nvme/nvme1/nvme1n1/device/nvme1n1/holders/md0/md/dev-nvme2n1/block/holders/md0/md/dev-nvme2n1/block/mq/2 HTTP/1.1" 200 3536 "-" "Amazon CloudFront"
64.252.66.102 - - [03/Sep/2026:00:17:00 +0000] "GET /products/detail/272703723?path=//sys/devices/pci0000:00/firmware_node/physical_node/pci_bus/0000:00/device/firmware_node/physical_node/0000:00:00.0/subsystem/drivers/nvme/module/drivers/pci:nvme/0000:00:04.0/driver/0000:00:1e.0/nvme/nvme1/nvme1n1/holders/md0/md/dev-nvme1n1/block/device/nvme1n1/holders/md0/md/dev-nvme1n1/block/subsystem/nvme0n1/mq/0/cpu0 HTTP/1.1" 200 2981 "-" "Amazon CloudFront"
64.252.66.61 - - [03/Sep/2026:00:17:05 +0000] "GET /?path=//sys/bus/memory/devices/memory1/node0/memory28/node0/cpu2/driver/cpu4/firmware_node/subsystem/devices/PNP0A03:00/physical_node/0000:00:04.0/driver/0000:00:1f.0/subsystem/drivers/nvme/0000:00:1e.0/firmware_node/physical_node/nvme/nvme1/nvme1n1/holders/md0/md/rd0/block/device/nvme1n1/holders/md0/slaves/nvme2n1/device/nvme2n1/mq/4 HTTP/1.1" 200 3502 "-" "Amazon CloudFront"
64.252.66.61 - - [03/Sep/2026:00:17:08 +0000] "GET /products/detail/208628339?path=//sys/bus/node/devices/node0/cpu1/driver/cpu7/driver/cpu2/node0/cpu1/firmware_node/thermal_cooling/subsystem/cooling_device3/device/subsystem/devices/PNP0A03:00/physical_node/firmware_node/physical_node/0000:00:1e.0/nvme/nvme1/nvme1n1/holders/md0/slaves/nvme2n1/holders/md0/md/rd1/block/mq/2 HTTP/1.1" 200 3434 "-" "Amazon CloudFront"
64.252.66.102 - - [03/Sep/2026:00:17:13 +0000] "GET /products/detail/208628339?path=//sys/bus/node/devices/node0/cpu1/driver/cpu7/driver/cpu2/node0/cpu1/firmware_node/thermal_cooling/subsystem/cooling_device3/device/subsystem/devices/PNP0A03:00/physical_node/firmware_node/physical_node/0000:00:1e.0/nvme/nvme1/nvme1n1/holders/md0/slaves/nvme2n1/holders/md0/md/rd1/block/mq/0 HTTP/1.1" 200 3434 "-" "Amazon CloudFront"
64.252.67.164 - - [03/Sep/2026:00:17:16 +0000] "GET /products/detail/208628339?path=//sys/bus/node/devices/node0/cpu1/driver/cpu7/driver/cpu2/node0/cpu1/firmware_node/thermal_cooling/subsystem/cooling_device3/device/subsystem/devices/PNP0A03:00/physical_node/firmware_node/physical_node/0000:00:1e.0/nvme/nvme1/nvme1n1/holders/md0/slaves/nvme2n1/holders/md0/slaves/nvme2n1/mq/2/cpu2 HTTP/1.1" 200 2969 "-" "Amazon CloudFront"
64.252.67.164 - - [03/Sep/2026:00:17:20 +0000] "GET /?path=//sys/bus/memory/devices/memory1/node0/memory7/node0/cpu1/subsystem/drivers/processor/cpu5/firmware_node/subsystem/devices/PNP0A03:00/physical_node/firmware_node/physical_node/0000:00:1e.0/driver/0000:00:1f.0/driver/0000:00:1e.0/nvme/nvme1/nvme1n1/holders/md0/md/rd1/block/device/device/nvme/nvme2/nvme2n1/holders/md0/slaves/nvme2n1/slaves HTTP/1.1" 200 3017 "-" "Amazon CloudFront"
64.252.66.102 - - [03/Sep/2026:00:17:24 +0000] "GET /?path=//sys/class/thermal/cooling_device3/device/physical_node/node0/memory28/node0/cpu3/driver/cpu0/firmware_node/subsystem/devices/device:05/subsystem/devices/LNXSYBUS:00/PNP0A03:00/physical_node/0000:00:04.0/driver/module/drivers/pci:nvme/module/drivers/pci:nvme/0000:00:1f.0/nvme/nvme2/nvme2n1/holders/md0/md/rd0/block/holders/md0/md/dev-nvme2n1/block/device/nvme2n1/mq/3 HTTP/1.1" 200 3567 "-" "Amazon CloudFront"
64.252.66.61 - - [03/Sep/2026:00:17:28 +0000] "GET /?path=//sys/class/thermal/cooling_device3/device/physical_node/node0/cpu0/node0/cpu4/firmware_node/subsystem/devices/LNXSYSTM:00/LNXSYBUS:01/subsystem/devices/PNP0A03:00/physical_node/0000:00:1e.0/driver/module/drivers/pci:nvme/module/drivers/pci:nvme/0000:00:1e.0/driver/0000:00:1f.0/nvme/nvme2/device/nvme/nvme2/nvme2n1/holders/md0/md/dev-nvme2n1/block/mq/3 HTTP/1.1" 200 3467 "-" "Amazon CloudFront"
64.252.66.102 - - [03/Sep/2026:00:17:33 +0000] "GET /products/detail/208628339?path=//sys/bus/node/devices/node0/cpu1/driver/cpu7/driver/cpu2/node0/cpu4/firmware_node/subsystem/devices/PNP0A03:00/device:06/physical_node/firmware_node/physical_node/nvme/nvme0/nvme0n1/device/nvme0n1/subsystem/md0/md/rd1/block/holders/md0/md/rd1/block/slaves HTTP/1.1" 200 2918 "-" "Amazon CloudFront"
64.252.67.164 - - [03/Sep/2026:00:17:37 +0000] "GET /products/detail/272703723?path=//sys/devices/pci0000:00/firmware_node/physical_node/pci_bus/0000:00/device/firmware_node/physical_node/0000:00:00.0/subsystem/drivers/nvme/module/drivers/pci:nvme/0000:00:04.0/driver/0000:00:1e.0/nvme/nvme1/nvme1n1/device/nvme1n1/holders/md0/md/rd0/block/holders/md0/md/rd0/block/subsystem/nvme0n1 HTTP/1.1" 200 4325 "-" "Amazon CloudFront"
64.252.66.61 - - [03/Sep/2026:00:17:41 +0000] "GET /?path=//sys/class/thermal/cooling_device3/device/physical_node/node0/memory28/node0/cpu3/driver/cpu0/firmware_node/subsystem/devices/device:05/subsystem/devices/LNXSYBUS:00/PNP0A03:00/physical_node/0000:00:04.0/driver/module/drivers/pci:nvme/0000:00:1f.0/nvme/nvme2/nvme2n1/device/nvme2n1/holders/md0/md/rd0/block/holders/md0/md/dev-nvme2n1/block/mq/6 HTTP/1.1" 200 3542 "-" "Amazon CloudFront"
64.252.66.61 - - [03/Sep/2026:00:17:44 +0000] "GET /products/detail/272703723?path=//sys/devices/pci0000:00/firmware_node/physical_node/pci_bus/0000:00/device/firmware_node/physical_node/0000:00:00.0/subsystem/drivers/nvme/module/drivers/pci:nvme/0000:00:04.0/driver/0000:00:1e.0/nvme/nvme1/nvme1n1/device/nvme1n1/holders/md0/md/rd0/block/holders/md0/md/rd0/block/subsystem/nvme2n1 HTTP/1.1" 200 4252 "-" "Amazon CloudFront"
64.252.68.74 - - [03/Sep/2026:00:17:49 +0000] "GET /?path=//sys/class/thermal/cooling_device3/device/physical_node/node0/memory28/node0/cpu5/firmware_node/subsystem/devices/PNP0A03:00/physical_node/pci_bus/0000:00/device/0000:00:1f.0/driver/module/drivers/pci:nvme/0000:00:1f.0/subsystem/slots/10/module HTTP/1.1" 200 3273 "-" "Amazon CloudFront"
64.252.68.74 - - [03/Sep/2026:00:17:52 +0000] "GET /?path=//sys/bus/memory/devices/memory1/node0/memory30/node0/cpu6/firmware_node/subsystem/devices/device:21/physical_node/driver/module/drivers/pci:nvme/0000:00:1e.0/driver/0000:00:1f.0/nvme/nvme2/device/nvme/nvme2/nvme2n1/device/nvme2n1/holders/md0/md/rd0/block/holders/md0/md/rd0/block/subsystem/nvme0n1/bdi/power HTTP/1.1" 200 3529 "-" "Amazon CloudFront"
64.252.66.102 - - [03/Sep/2026:00:17:56 +0000] "GET /?path=//sys/class/thermal/cooling_device3/device/physical_node/node0/memory28/node0/cpu5/firmware_node/subsystem/devices/PNP0A03:00/physical_node/pci_bus/0000:00/device/firmware_node/device:02/QEMU0001:00/subsystem/devices/LNXPWRBN:00/driver/LNXSLPBN:00/driver/LNXSLPBN:00/input/input4/event2 HTTP/1.1" 200 3421 "-" "Amazon CloudFront"
64.252.66.102 - - [03/Sep/2026:00:18:01 +0000] "GET /?path=//sys/bus/memory/devices/memory1/node0/memory30/node0/cpu6/firmware_node/subsystem/devices/device:21/physical_node/driver/module/drivers/pci:nvme/0000:00:1e.0/nvme/nvme1/subsystem/nvme1/nvme1n1/device/device/driver/0000:00:1f.0/nvme/nvme2/nvme2n1/holders/md0/slaves/nvme1n1/holders/md0/slaves HTTP/1.1" 200 3264 "-" "Amazon CloudFront"
64.252.67.164 - - [03/Sep/2026:00:18:04 +0000] "GET /?path=//sys/bus/memory/devices/memory1/node0/memory7/node0/cpu1/subsystem/drivers/processor/cpu5/firmware_node/subsystem/devices/PNP0A03:00/physical_node/firmware_node/physical_node/0000:00:1e.0/driver/0000:00:04.0/driver/module/drivers/pci:nvme/0000:00:1f.0/nvme/nvme2/device/nvme/nvme2/nvme2n1/holders/md0/md/dev-nvme1n1/block/device/nvme1n1/holders/md0/integrity HTTP/1.1" 200 3626 "-" "Amazon CloudFront"
64.252.67.164 - - [03/Sep/2026:00:18:09 +0000] "GET /?path=//sys/bus/memory/devices/memory1/node0/memory30/node0/cpu6/firmware_node/subsystem/devices/device:21/physical_node/driver/module/drivers/pci:nvme/0000:00:1f.0/driver/0000:00:1f.0/firmware_node/physical_node/nvme/nvme2/subsystem/nvme1/nvme1n1/holders/md0/md/rd0/block/holders/md0/md/rd1/block/device/nvme2n1/device/nvme2n1/mq/7 HTTP/1.1" 200 3501 "-" "Amazon CloudFront"
64.252.67.164 - - [03/Sep/2026:00:18:12 +0000] "GET /?path=//sys/class/thermal/cooling_device3/device/physical_node/node0/cpu1/driver/cpu0/node0/cpu2/firmware_node/subsystem/devices/PNP0303:00/subsystem/devices/LNXSYBUS:00/PNP0A03:00/device:06/physical_node/driver/module/drivers/pci:nvme/module/drivers/pci:nvme/0000:00:04.0/nvme/nvme0/device/nvme/nvme0/nvme0n1/mq/1/cpu2 HTTP/1.1" 200 3004 "-" "Amazon CloudFront"
64.252.66.61 - - [03/Sep/2026:00:18:17 +0000] "GET /?path=//sys/bus/memory/devices/memory1/node0/memory30/node0/cpu6/firmware_node/subsystem/devices/device:21/physical_node/driver/module/drivers/pci:nvme/0000:00:1f.0/driver/0000:00:1f.0/firmware_node/physical_node/nvme/nvme2/subsystem/nvme1/nvme1n1/holders/md0/md/rd0/block/holders/md0/md/rd1/block/device/nvme2n1/device/nvme2n1/mq/6 HTTP/1.1" 200 3499 "-" "Amazon CloudFront"
64.252.66.61 - - [03/Sep/2026:00:18:20 +0000] "GET /?path=//sys/class/thermal/cooling_device3/device/physical_node/node0/memory28/node0/cpu5/firmware_node/subsystem/devices/PNP0A03:00/physical_node/pci_bus/0000:00/device/0000:00:01.0/firmware_node/PNP0B00:00/subsystem/devices/LNXPWRBN:00/driver/LNXSLPBN:00/driver/LNXSLPBN:00/input/input4/event2 HTTP/1.1" 200 3417 "-" "Amazon CloudFront"
64.252.67.164 - - [03/Sep/2026:00:18:24 +0000] "GET /?path=//sys/class/thermal/cooling_device3/device/physical_node/node0/memory28/node0/cpu5/firmware_node/subsystem/devices/LNXSYSTM:00/LNXSYBUS:00/PNP0A03:00/physical_node/0000:00:04.0/driver/0000:00:1e.0/nvme/nvme1/device/driver/module/drivers/pci:nvme/0000:00:04.0/nvme/nvme0/nvme0n1/subsystem/nvme2n1/holders/md0/md/rd0/block/holders/md0/md/rd0/block/mq/3/cpu3 HTTP/1.1" 200 3080 "-" "Amazon CloudFront"
64.252.67.164 - - [03/Sep/2026:00:18:28 +0000] "GET /?path=//sys/bus/memory/devices/memory1/node0/memory30/node0/cpu6/firmware_node/subsystem/devices/device:21/physical_node/driver/module/drivers/pci:nvme/0000:00:1e.0/nvme/nvme1/nvme1n1/subsystem/nvme1n1/holders/md0/md/rd0/block/holders/md0/md/dev-nvme1n1/block/device/device/driver/module/drivers/pci:nvme/0000:00:1f.0/nvme HTTP/1.1" 200 3259 "-" "Amazon CloudFront"
64.252.68.74 - - [03/Sep/2026:00:18:32 +0000] "GET /?path=//sys/class/thermal/cooling_device3/device/physical_node/node0/memory28/node0/cpu5/firmware_node/subsystem/devices/PNP0A03:00/physical_node/pci_bus/0000:00/device/0000:00:1f.0/driver/module/drivers/pci:nvme/0000:00:1e.0/subsystem/devices/0000:00:1f.0/driver/0000:00:04.0 HTTP/1.1" 200 4765 "-" "Amazon CloudFront"
64.252.66.61 - - [03/Sep/2026:00:18:36 +0000] "GET /?path=//sys/class/thermal/cooling_device3/device/physical_node/node0/memory28/node0/cpu5/firmware_node/subsystem/devices/PNP0A03:00/physical_node/pci_bus/0000:00/device/0000:00:1f.0/driver/module/drivers/pci:nvme/0000:00:04.0/subsystem/slots/3/module/parameters HTTP/1.1" 200 3208 "-" "Amazon CloudFront"
64.252.67.164 - - [03/Sep/2026:00:18:40 +0000] "GET /?path=//sys/class/thermal/cooling_device3/device/physical_node/node0/cpu1/driver/cpu0/node0/cpu2/firmware_node/subsystem/devices/LNXSYSTM:00/LNXSYBUS:00/PNP0C0F:02/subsystem/devices/LNXSYSTM:00/LNXSYBUS:00/PNP0A03:00/physical_node/0000:00:1e.0/driver/module/drivers/pci:nvme/0000:00:1f.0/nvme/nvme2/nvme2n1/holders/md0/md/rd1/block/mq/5/cpu5 HTTP/1.1" 200 3058 "-" "Amazon CloudFront"
64.252.66.102 - - [03/Sep/2026:00:18:44 +0000] "GET /?path=//sys/class/thermal/cooling_device3/device/physical_node/node0/memory28/node0/cpu5/firmware_node/subsystem/devices/PNP0A03:00/physical_node/pci_bus/0000:00/device/0000:00:1e.0/driver/module/drivers/pci:nvme/0000:00:1e.0/driver/0000:00:04.0/firmware_node/subsystem/devices/PNP0A03:00/device:0c HTTP/1.1" 200 3523 "-" "Amazon CloudFront"
64.252.68.74 - - [03/Sep/2026:00:18:48 +0000] "GET /?path=//sys/bus/memory/devices/memory8/node0/memory2/node0/cpu1/driver/cpu7/driver/cpu1/subsystem/drivers/processor/cpu5/firmware_node/subsystem/devices/LNXSYBUS:00/PNP0A03:00/physical_node/0000:00:1e.0/nvme/nvme1/nvme1n1/holders/md0/md/rd1/block/device/nvme2n1/holders/md0/md/rd0/block/device/nvme1n1/bdi HTTP/1.1" 200 3609 "-" "Amazon CloudFront"
64.252.66.102 - - [03/Sep/2026:00:18:52 +0000] "GET /products/detail/208628339?path=//sys/bus/node/devices/node0/cpu1/driver/cpu7/driver/cpu2/node0/cpu1/firmware_node/thermal_cooling/device/physical_node/firmware_node/subsystem/devices/LNXSYSTM:00/LNXSYBUS:00/PNP0A03:00/device:05/physical_node/subsystem/drivers/ena/0000:00:05.0/net/eth0/device/net/eth0/queues/rx-0 HTTP/1.1" 200 3299 "-" "Amazon CloudFront"
64.252.68.74 - - [03/Sep/2026:00:18:56 +0000] "GET /?path=//sys/class/thermal/cooling_device3/device/physical_node/node0/memory28/node0/cpu5/firmware_node/subsystem/devices/PNP0A03:00/physical_node/pci_bus/0000:00/device/0000:00:1e.0/driver/0000:00:04.0/driver/0000:00:1e.0/firmware_node/subsystem/devices/LNXSYSTM:00/LNXSYBUS:00/LNXCPU:02 HTTP/1.1" 200 3642 "-" "Amazon CloudFront"
64.252.66.102 - - [03/Sep/2026:00:19:01 +0000] "GET /?path=//sys/class/thermal/cooling_device3/device/physical_node/node0/cpu1/driver/cpu0/node0/cpu2/firmware_node/subsystem/devices/LNXSYSTM:00/LNXSYBUS:00/PNP0C0F:04/subsystem/devices/PNP0A03:00/device:20/physical_node/driver/module/drivers/pci:nvme/0000:00:1e.0/nvme/nvme1/device/nvme/nvme1/nvme1n1/holders/md0/md/rd0/block/holders/md0/md/dev-nvme1n1/block/power HTTP/1.1" 200 3591 "-" "Amazon CloudFront"
64.252.66.61 - - [03/Sep/2026:00:19:04 +0000] "GET /?path=//sys/bus/memory/devices/memory14/node0/memory16/node0/cpu1/driver/cpu4/firmware_node/physical_node/subsystem/drivers/processor/cpu2/firmware_node/subsystem/devices/PNP0A03:00/physical_node/pci_bus/0000:00/device/0000:00:04.0/driver/module/drivers/pci:nvme/0000:00:1f.0/nvme/nvme2/nvme2n1/holders/md0/md/dev-nvme1n1/block/holders/md0/md/dev-nvme1n1/block/device/nvme1n1/mq/4 HTTP/1.1" 200 3563 "-" "Amazon CloudFront"
64.252.68.74 - - [03/Sep/2026:00:19:08 +0000] "GET /?path=//sys/class/thermal/cooling_device3/device/physical_node/node0/memory28/node0/cpu5/firmware_node/subsystem/devices/LNXSYBUS:00/PNP0A03:00/device:1b/subsystem/devices/LNXSYBUS:00/PNP0A03:00/device:21/physical_node/driver/module/drivers/pci:nvme/module/drivers/pci:nvme/0000:00:1e.0/nvme/nvme1/nvme1n1/holders/md0/md/dev-nvme1n1/block/mq/3/cpu3 HTTP/1.1" 200 3048 "-" "Amazon CloudFront"
64.252.68.74 - - [03/Sep/2026:00:19:12 +0000] "GET /?path=//sys/class/thermal/cooling_device3/device/physical_node/node0/memory28/node0/cpu5/firmware_node/subsystem/devices/LNXSYSTM:00/LNXSYBUS:00/PNP0A03:00/physical_node/0000:00:04.0/driver/0000:00:1e.0/nvme/nvme1/device/driver/module/drivers/pci:nvme/0000:00:1f.0/nvme/nvme2/nvme2n1/subsystem/nvme1n1/holders/md0/md/dev-nvme2n1/block/holders/md0/slaves/nvme1n1/mq/6/cpu6 HTTP/1.1" 200 3092 "-" "Amazon CloudFront"
64.252.66.61 - - [03/Sep/2026:00:19:16 +0000] "GET /?path=//sys/class/thermal/cooling_device3/device/physical_node/node0/memory28/node0/cpu5/firmware_node/subsystem/devices/PNP0A03:00/physical_node/pci_bus/0000:00/device/0000:00:1e.0/driver/module/drivers/pci:nvme/0000:00:1e.0/driver/0000:00:04.0/firmware_node/subsystem/devices/PNP0A03:00/device:08 HTTP/1.1" 200 3523 "-" "Amazon CloudFront"
64.252.66.61 - - [03/Sep/2026:00:19:20 +0000] "GET /?path=//sys/class/thermal/cooling_device3/device/physical_node/node0/memory28/node0/cpu5/firmware_node/subsystem/devices/LNXSYBUS:00/PNP0A03:00/device:1b/subsystem/devices/LNXSYBUS:00/PNP0A03:00/device:21/physical_node/driver/module/drivers/pci:nvme/0000:00:04.0/driver/0000:00:1e.0/nvme/nvme1/device/nvme/nvme1/nvme1n1/holders/md0/slaves/nvme1n1/mq/5/cpu5 HTTP/1.1" 200 3049 "-" "Amazon CloudFront"
64.252.66.61 - - [03/Sep/2026:00:19:24 +0000] "GET /?path=//sys/class/thermal/cooling_device3/device/physical_node/node0/memory28/node0/cpu5/firmware_node/subsystem/devices/PNP0A03:00/physical_node/pci_bus/0000:00/device/0000:00:1e.0/driver/0000:00:04.0/driver/0000:00:1e.0/firmware_node/subsystem/devices/LNXSYSTM:00/LNXSYBUS:00/PNP0103:00 HTTP/1.1" 200 3518 "-" "Amazon CloudFront"
64.252.66.102 - - [03/Sep/2026:00:19:27 +0000] "GET /?fileloc=//etc/system-release-cpe&path=//etc HTTP/1.1" 200 2565 "-" "Amazon CloudFront"
64.252.66.61 - - [03/Sep/2026:00:19:29 +0000] "GET /?path=//sys/class/thermal/cooling_device3/device/physical_node/node0/memory28/node0/cpu5/firmware_node/subsystem/devices/PNP0A03:00/physical_node/pci_bus/0000:00/device/0000:00:1e.0/driver/module/drivers/pci:nvme/0000:00:1e.0/driver/0000:00:04.0/firmware_node/subsystem/devices/PNP0A03:00/device:12 HTTP/1.1" 200 3523 "-" "Amazon CloudFront"
64.252.67.164 - - [03/Sep/2026:00:19:32 +0000] "GET /?path=//sys/bus/memory/devices/memory14/node0/memory16/node0/cpu1/driver/cpu4/firmware_node/physical_node/subsystem/drivers/processor/cpu2/firmware_node/subsystem/devices/PNP0A03:00/physical_node/pci_bus/0000:00/device/0000:00:04.0/driver/module/drivers/pci:nvme/0000:00:1f.0/nvme/nvme2/nvme2n1/holders/md0/md/rd1/block/holders/md0/md/rd0/block/device/nvme1n1/mq/3 HTTP/1.1" 200 3559 "-" "Amazon CloudFront"
64.252.67.164 - - [03/Sep/2026:00:19:36 +0000] "GET /products/detail/208628339?path=//sys/bus/node/devices/node0/cpu1/driver/cpu7/driver/cpu2/node0/cpu4/firmware_node/subsystem/devices/PNP0A03:00/device:21/physical_node/nvme/nvme2/device/nvme/nvme2/nvme2n1/holders/md0/md/rd0/block/subsystem/nvme0n1/device/nvme0n1/mq/0 HTTP/1.1" 200 3479 "-" "Amazon CloudFront"
64.252.68.74 - - [03/Sep/2026:00:19:40 +0000] "GET /products/detail/208628339?path=//sys/bus/node/devices/node0/cpu1/driver/cpu7/driver/cpu2/node0/cpu1/firmware_node/thermal_cooling/device/physical_node/firmware_node/subsystem/devices/PNP0A03:00/device:20/physical_node/subsystem/drivers/nvme/module/drivers/pci:nvme/0000:00:1f.0/nvme/nvme2/nvme2n1/holders/md0/slaves/nvme1n1/mq HTTP/1.1" 200 3489 "-" "Amazon CloudFront"
64.252.68.74 - - [03/Sep/2026:00:19:44 +0000] "GET /products/detail/208628339?path=//sys/bus/node/devices/node0/cpu1/driver/cpu7/driver/cpu2/node0/cpu1/firmware_node/thermal_cooling/subsystem/cooling_device3/device/subsystem/devices/PNP0A03:00/physical_node/firmware_node/physical_node/0000:00:1e.0/nvme/nvme1/nvme1n1/holders/md0/slaves/nvme2n1/holders/md0/slaves/nvme2n1/mq/3/cpu3 HTTP/1.1" 200 2975 "-" "Amazon CloudFront"
64.252.68.74 - - [03/Sep/2026:00:19:48 +0000] "GET /?path=//sys/class/thermal/cooling_device3/device/physical_node/node0/cpu0/node0/cpu4/firmware_node/subsystem/devices/device:02/PNP0303:00/subsystem/devices/device:20/physical_node/nvme/nvme1/device/driver/0000:00:1f.0/driver/0000:00:1f.0/nvme/nvme2/nvme2n1/holders/md0/md/dev-nvme1n1/block/holders/md0/md/rd0/block/power HTTP/1.1" 200 3535 "-" "Amazon CloudFront"
64.252.66.102 - - [03/Sep/2026:00:19:52 +0000] "GET /products/detail/208628339?path=//sys/bus/node/devices/node0/cpu1/driver/cpu7/driver/cpu2/node0/cpu4/firmware_node/subsystem/devices/PNP0A03:00/physical_node/0000:00:04.0/firmware_node/physical_node/nvme/nvme0/device/nvme/nvme0/nvme0n1/subsystem/md0/md/rd1/block/holders/md0/slaves/nvme1n1/mq/3 HTTP/1.1" 200 3409 "-" "Amazon CloudFront"
64.252.66.61 - - [03/Sep/2026:00:19:56 +0000] "GET /?path=//sys/bus/acpi/devices/LNXCPU:06/physical_node/node0/memory21/node0/cpu0/subsystem/drivers/processor/cpu6/firmware_node/subsystem/devices/device:06/physical_node/driver/0000:00:04.0/driver/0000:00:1e.0/nvme/nvme1/device/nvme/nvme1/nvme1n1/device/nvme1n1/holders/md0/slaves/nvme2n1/holders/md0/md/dev-nvme1n1/block/queue HTTP/1.1" 200 4963 "-" "Amazon CloudFront"
64.252.66.61 - - [03/Sep/2026:00:20:00 +0000] "GET /products/detail/208628339?path=//sys/bus/node/devices/node0/cpu1/driver/cpu7/driver/cpu2/node0/cpu4/firmware_node/subsystem/devices/PNP0A03:00/physical_node/0000:00:04.0/nvme/nvme0/device/nvme/nvme0/nvme0n1/nvme0n1p1/subsystem/nvme2n1/holders/md0/slaves/nvme1n1/mq/1/cpu1 HTTP/1.1" 200 2910 "-" "Amazon CloudFront"
64.252.67.164 - - [03/Sep/2026:00:20:04 +0000] "GET /?path=//sys/class/thermal/cooling_device3/device/physical_node/node0/memory29/node0/cpu4/driver/cpu2/driver/cpu1/firmware_node/subsystem/devices/device:10/subsystem/devices/LNXSYSTM:00/LNXSYBUS:00/PNP0A03:00/physical_node/pci_bus/0000:00/device/0000:00:1e.0/nvme/nvme1/nvme1n1/holders/md0/md/rd1/block/holders/md0/md/rd0/block/trace HTTP/1.1" 200 3553 "-" "Amazon CloudFront"
64.252.67.164 - - [03/Sep/2026:00:20:08 +0000] "GET /?path=//sys/class/thermal/cooling_device3/device/physical_node/node0/memory28/node0/cpu5/firmware_node/subsystem/devices/PNP0A03:00/physical_node/pci_bus/0000:00/device/0000:00:00.0/subsystem/drivers/nvme/0000:00:1f.0/driver/module/drivers/pci:nvme/0000:00:04.0/driver/module/sections HTTP/1.1" 200 4136 "-" "Amazon CloudFront"
64.252.68.74 - - [03/Sep/2026:00:20:12 +0000] "GET /?path=//sys/bus/memory/devices/memory1/node0/memory7/node0/cpu1/subsystem/drivers/processor/cpu5/firmware_node/subsystem/devices/PNP0A03:00/physical_node/firmware_node/physical_node/0000:00:1e.0/driver/0000:00:04.0/driver/module/drivers/pci:nvme/0000:00:1f.0/nvme/nvme2/device/nvme/nvme2/nvme2n1/holders/md0/slaves/nvme2n1/holders/md0/md/dev-nvme2n1/block/integrity HTTP/1.1" 200 3627 "-" "Amazon CloudFront"
64.252.66.102 - - [03/Sep/2026:00:20:16 +0000] "GET /?path=//sys/class/thermal/cooling_device3/device/physical_node/node0/memory28/node0/cpu5/firmware_node/subsystem/devices/LNXSYBUS:00/PNP0A03:00/device:1b/subsystem/devices/LNXSYBUS:00/PNP0A03:00/physical_node/pci_bus/0000:00/device/0000:00:1f.0/driver/module/drivers/pci:nvme/0000:00:04.0/driver/module/drivers/pci:nvme/0000:00:1f.0/nvme/nvme2/nvme2n1/holders/md0/slaves/nvme1n1/power HTTP/1.1" 200 3584 "-" "Amazon CloudFront"
64.252.66.102 - - [03/Sep/2026:00:20:20 +0000] "GET /?path=//sys/class/thermal/cooling_device3/device/physical_node/node0/memory29/node0/cpu4/driver/cpu2/driver/cpu1/firmware_node/subsystem/devices/device:10/subsystem/devices/LNXSYSTM:00/LNXSYBUS:00/PNP0A03:00/physical_node/pci_bus/0000:00/device/0000:00:1e.0/nvme/nvme1/nvme1n1/holders/md0/md/rd1/block/holders/md0/md/rd0/block/mq HTTP/1.1" 200 3577 "-" "Amazon CloudFront"
64.252.67.164 - - [03/Sep/2026:00:20:25 +0000] "GET /?path=//sys/class/thermal/cooling_device3/device/physical_node/node0/memory29/node0/cpu4/driver/cpu2/driver/cpu1/firmware_node/subsystem/devices/device:10/subsystem/devices/LNXSYSTM:00/LNXSYBUS:00/PNP0A03:00/physical_node/pci_bus/0000:00/device/0000:00:1e.0/nvme/nvme1/nvme1n1/holders/md0/md/rd1/block/holders/md0/md/rd0/block/integrity HTTP/1.1" 200 3623 "-" "Amazon CloudFront"
64.252.68.74 - - [03/Sep/2026:00:20:28 +0000] "GET /?path=//sys/class/thermal/cooling_device3/device/physical_node/node0/memory28/node0/cpu5/firmware_node/subsystem/devices/PNP0A03:00/physical_node/pci_bus/0000:00/device/0000:00:1f.0/driver/0000:00:04.0/driver/module/drivers/pci:nvme/0000:00:04.0/subsystem/devices/0000:00:05.0 HTTP/1.1" 200 4894 "-" "Amazon CloudFront"
64.252.66.61 - - [03/Sep/2026:00:20:33 +0000] "GET /products/detail/208628339?path=//sys/bus/node/devices/node0/cpu1/driver/cpu7/driver/cpu2/node0/cpu4/firmware_node/thermal_cooling/device/physical_node/firmware_node/subsystem/devices/device:21/physical_node/nvme/nvme2/nvme2n1/subsystem/md0/md/dev-nvme1n1/block/holders/md0/md/rd1/block/mq/0 HTTP/1.1" 200 3385 "-" "Amazon CloudFront"
64.252.66.61 - - [03/Sep/2026:00:20:36 +0000] "GET /?path=//sys/bus/memory/devices/memory1/node0/memory30/node0/cpu6/firmware_node/subsystem/devices/device:21/physical_node/driver/module/drivers/pci:nvme/0000:00:1f.0/driver/0000:00:1e.0/nvme/nvme1/nvme1n1/holders/md0/md/dev-nvme1n1/block/holders/md0/md/dev-nvme2n1/block/device/subsystem/nvme0/device/nvme/nvme0/nvme0n1/mq HTTP/1.1" 200 3315 "-" "Amazon CloudFront"
64.252.66.61 - - [03/Sep/2026:00:20:40 +0000] "GET /?path=//sys/class/thermal/cooling_device3/device/physical_node/node0/memory28/node0/cpu5/firmware_node/subsystem/devices/LNXSYBUS:00/PNP0A03:00/device:1b/subsystem/devices/LNXSYBUS:00/PNP0A03:00/device:21/physical_node/driver/module/drivers/pci:nvme/0000:00:04.0/driver/0000:00:1e.0/nvme/nvme1/nvme1n1/holders/md0/slaves/nvme1n1/holders/md0/md/dev-nvme1n1/block/mq/3 HTTP/1.1" 200 3538 "-" "Amazon CloudFront"
64.252.68.74 - - [03/Sep/2026:00:20:44 +0000] "GET /products/detail/208628339?path=//sys/bus/node/devices/node0/cpu1/driver/cpu7/driver/cpu2/node0/cpu1/firmware_node/thermal_cooling/device/physical_node/firmware_node/subsystem/devices/device:06/physical_node/nvme/nvme0/nvme0n1/device/nvme0n1/nvme0n1p1/subsystem/nvme1n1/holders/md0/md/rd1/block/integrity HTTP/1.1" 200 3505 "-" "Amazon CloudFront"
64.252.67.164 - - [03/Sep/2026:00:20:48 +0000] "GET /?path=//sys/class/thermal/cooling_device3/device/physical_node/node0/memory28/node0/cpu5/firmware_node/subsystem/devices/LNXSYBUS:00/PNP0A03:00/device:1b/subsystem/devices/LNXSYBUS:00/PNP0A03:00/device:21/physical_node/driver/module/drivers/pci:nvme/0000:00:04.0/driver/0000:00:1e.0/nvme/nvme1/nvme1n1/holders/md0/slaves/nvme1n1/holders/md0/md/dev-nvme1n1/block/mq/7 HTTP/1.1" 200 3539 "-" "Amazon CloudFront"
64.252.68.74 - - [03/Sep/2026:00:20:52 +0000] "GET /?path=//sys/class/thermal/cooling_device3/device/physical_node/node0/memory0/node0/cpu0/firmware_node/subsystem/devices/device:17/subsystem/devices/device:06/physical_node/nvme/nvme0/device/driver/module/drivers/pci:nvme/0000:00:1e.0/driver/module/drivers/pci:nvme/0000:00:1e.0/nvme/nvme1/nvme1n1/holders/md0/md/rd0/block/holders/md0/md/rd1/block HTTP/1.1" 200 4453 "-" "Amazon CloudFront"
64.252.66.61 - - [03/Sep/2026:00:20:56 +0000] "GET /?path=//sys/class/thermal/cooling_device3/device/physical_node/node0/memory28/node0/cpu5/firmware_node/subsystem/devices/PNP0A03:00/physical_node/pci_bus/0000:00/device/0000:00:1f.0/driver/module/drivers/pci:nvme/0000:00:1f.0/subsystem/drivers/ena/module/parameters HTTP/1.1" 200 3304 "-" "Amazon CloudFront"
64.252.68.74 - - [03/Sep/2026:00:21:01 +0000] "GET /?path=//sys/class/thermal/cooling_device3/device/physical_node/node0/memory28/node0/cpu5/firmware_node/subsystem/devices/PNP0A03:00/physical_node/pci_bus/0000:00/device/0000:00:1f.0/driver/module/drivers/pci:nvme/0000:00:1e.0/firmware_node/subsystem/devices/LNXSYSTM:00/power HTTP/1.1" 200 3419 "-" "Amazon CloudFront"
64.252.68.74 - - [03/Sep/2026:00:21:04 +0000] "GET /products/detail/208628339?path=//sys/bus/node/devices/node0/cpu1/driver/cpu7/driver/cpu2/node0/cpu4/firmware_node/thermal_cooling/device/physical_node/firmware_node/thermal_cooling/device/subsystem/devices/PNP0A03:00/device:20/physical_node/nvme/nvme1/nvme1n1/subsystem/nvme2n1/holders/md0/md/rd0/block/bdi/power HTTP/1.1" 200 3471 "-" "Amazon CloudFront"
64.252.66.102 - - [03/Sep/2026:00:21:08 +0000] "GET /?path=//sys/bus/memory/devices/memory1/node0/memory28/node0/cpu2/driver/cpu4/firmware_node/subsystem/devices/PNP0A03:00/physical_node/0000:00:04.0/driver/0000:00:1f.0/subsystem/drivers/nvme/0000:00:1e.0/firmware_node/physical_node/nvme/nvme1/nvme1n1/holders/md0/md/rd0/block/device/nvme1n1/holders/md0/md/rd1/block/device/nvme2n1/power HTTP/1.1" 200 3554 "-" "Amazon CloudFront"
64.252.66.102 - - [03/Sep/2026:00:21:13 +0000] "GET /?path=//sys/class/thermal/cooling_device3/device/physical_node/node0/memory28/node0/cpu5/firmware_node/subsystem/devices/LNXSYSTM:00/LNXSYBUS:00/PNP0A03:00/physical_node/0000:00:04.0/driver/0000:00:1e.0/nvme/nvme1/device/driver/module/drivers/pci:nvme/0000:00:1f.0/nvme/nvme2/nvme2n1/subsystem/nvme1n1/holders/md0/slaves/nvme1n1/holders/md0/md/rd0/block/mq/3/cpu3 HTTP/1.1" 200 3056 "-" "Amazon CloudFront"
64.252.67.164 - - [03/Sep/2026:00:21:16 +0000] "GET /?path=//sys/class/thermal/cooling_device3/device/physical_node/node0/memory28/node0/cpu5/firmware_node/subsystem/devices/PNP0A03:00/physical_node/pci_bus/0000:00/device/0000:00:1e.0/driver/module/drivers/pci:nvme/0000:00:1e.0/driver/0000:00:1f.0/subsystem/devices/0000:00:01.0/firmware_node/PNP0F13:00 HTTP/1.1" 200 3544 "-" "Amazon CloudFront"
64.252.66.102 - - [03/Sep/2026:00:21:22 +0000] "GET /?path=//sys/class/thermal/cooling_device3/device/physical_node/node0/memory28/node0/cpu5/firmware_node/subsystem/devices/PNP0A03:00/physical_node/pci_bus/0000:00/device/firmware_node/device:0f/subsystem/drivers/button/LNXSLPBN:00/driver/LNXPWRBN:00/input/input3/power HTTP/1.1" 200 3418 "-" "Amazon CloudFront"
64.252.67.164 - - [03/Sep/2026:00:21:24 +0000] "GET /?path=//sys/class/thermal/cooling_device3/device/physical_node/node0/cpu1/driver/cpu0/node0/cpu2/firmware_node/subsystem/devices/PNP0303:00/subsystem/devices/LNXSYBUS:00/PNP0A03:00/physical_node/pci_bus/0000:00/device/0000:00:1e.0/driver/0000:00:1e.0/nvme/nvme1/nvme1n1/holders/md0/md/rd1/block/holders/md0/md/dev-nvme2n1/block/mq/2/cpu2 HTTP/1.1" 200 3045 "-" "Amazon CloudFront"
64.252.66.102 - - [03/Sep/2026:00:21:28 +0000] "GET /products/detail/208628339?path=//sys/bus/node/devices/node0/cpu1/driver/cpu7/driver/cpu2/node0/cpu4/firmware_node/subsystem/devices/PNP0A03:00/device:06/physical_node/firmware_node/physical_node/nvme/nvme0/nvme0n1/device/nvme0n1/subsystem/nvme1n1/holders/md0/md/rd0/block/holders/md0/queue HTTP/1.1" 200 4635 "-" "Amazon CloudFront"
64.252.66.102 - - [03/Sep/2026:00:21:33 +0000] "GET /?path=//sys/bus/acpi/devices/device:21/physical_node/driver/0000:00:04.0/firmware_node/subsystem/devices/LNXSYBUS:00/LNXCPU:02/physical_node/driver/cpu0/node0/memory28/node0/cpu3/firmware_node/subsystem/drivers/button/LNXPWRBN:00/input/input3/event1/device/device/input/input3/event1 HTTP/1.1" 200 3412 "-" "Amazon CloudFront"
64.252.67.164 - - [03/Sep/2026:00:21:36 +0000] "GET /?path=//sys/bus/memory/devices/memory1/node0/memory30/node0/cpu6/firmware_node/subsystem/devices/device:21/physical_node/driver/module/drivers/pci:nvme/0000:00:1e.0/nvme/nvme1/device/firmware_node/physical_node/driver/0000:00:04.0/nvme/nvme0/subsystem/nvme1/nvme1n1/holders/md0/md/rd0/block/device/nvme1n1/holders/md0/md/dev-nvme1n1 HTTP/1.1" 200 3876 "-" "Amazon CloudFront"
64.252.66.61 - - [03/Sep/2026:00:21:43 +0000] "GET /?path=//sys/bus/memory/devices/memory1/node0/memory28/node0/cpu2/driver/cpu4/firmware_node/subsystem/devices/PNP0A03:00/physical_node/0000:00:04.0/driver/0000:00:1f.0/subsystem/drivers/nvme/0000:00:1e.0/firmware_node/physical_node/nvme/nvme1/nvme1n1/holders/md0/md/rd0/block/device/nvme1n1/holders/md0/md/rd1/block/device/nvme2n1/queue HTTP/1.1" 200 4972 "-" "Amazon CloudFront"
64.252.70.102 - - [03/Sep/2026:00:21:43 +0000] "GET /prizes/252780531?path=/var/www/volumes/587f70bb77ec4b16abaf43e8dc347040 HTTP/1.1" 200 2643 "-" "Amazon CloudFront"
64.252.66.61 - - [03/Sep/2026:00:21:44 +0000] "GET /?path=//sys/class/thermal/cooling_device3/device/physical_node/node0/memory28/node0/cpu5/firmware_node/subsystem/devices/PNP0A03:00/physical_node/pci_bus/0000:00/device/0000:00:1e.0/driver/0000:00:04.0/subsystem/devices/0000:00:1f.0/driver/0000:00:04.0/nvme/nvme0/nvme0n1/nvme0n1p128/power HTTP/1.1" 200 3438 "-" "Amazon CloudFront"
64.252.71.147 - - [03/Sep/2026:00:21:47 +0000] "GET /products/detail/82199713?path=/var/www/volumes/69b4844ae61d4e92bf26ad98af552775/wordpress/wp-content HTTP/1.1" 200 3218 "-" "Amazon CloudFront"
64.252.66.61 - - [03/Sep/2026:00:21:48 +0000] "GET /?path=//sys/class/thermal/cooling_device3/device/physical_node/node0/memory28/node0/cpu5/firmware_node/subsystem/devices/PNP0A03:00/physical_node/pci_bus/0000:00/device/firmware_node/device:16/subsystem/devices/LNXSLPBN:00/driver/LNXPWRBN:00/driver/LNXPWRBN:00/input/input3/event1/power HTTP/1.1" 200 3431 "-" "Amazon CloudFront"
64.252.68.74 - - [03/Sep/2026:00:21:52 +0000] "GET /?path=//sys/class/thermal/cooling_device3/device/physical_node/node0/cpu1/driver/cpu0/node0/cpu2/firmware_node/subsystem/devices/LNXSYSTM:00/LNXSYBUS:00/PNP0C0F:02/subsystem/devices/LNXSYSTM:00/LNXSYBUS:00/PNP0A03:00/device:06/physical_node/driver/0000:00:1e.0/nvme/nvme1/nvme1n1/holders/md0/slaves/nvme2n1/holders/md0/slaves/nvme2n1/mq/4 HTTP/1.1" 200 3503 "-" "Amazon CloudFront"
64.252.66.61 - - [03/Sep/2026:00:21:56 +0000] "GET /products/detail/208628339?path=//sys/bus/node/devices/node0/cpu1/driver/cpu7/driver/cpu2/node0/cpu1/firmware_node/thermal_cooling/device/physical_node/firmware_node/subsystem/devices/LNXSYBUS:00/PNP0A03:00/device:20/physical_node/nvme/nvme1/nvme1n1/holders/md0/md/dev-nvme2n1/block/holders/md0/integrity HTTP/1.1" 200 3506 "-" "Amazon CloudFront"
64.252.66.102 - - [03/Sep/2026:00:22:00 +0000] "GET /?path=//sys/class/thermal/cooling_device3/device/physical_node/node0/memory0/node0/cpu3/subsystem/devices/cpu6/driver/cpu0/driver/cpu7/firmware_node/subsystem/devices/LNXSYSTM:00/LNXSYBUS:00/PNP0A03:00/device:21/physical_node/nvme/nvme2/nvme2n1/holders/md0/md/rd0/block/device/nvme1n1/holders/md0/md/dev-nvme2n1/block/mq/7/cpu7 HTTP/1.1" 200 3043 "-" "Amazon CloudFront"
64.252.66.102 - - [03/Sep/2026:00:22:04 +0000] "GET /?path=//sys/class/thermal/cooling_device3/device/physical_node/node0/memory28/node0/cpu5/firmware_node/subsystem/devices/PNP0A03:00/physical_node/pci_bus/0000:00/device/0000:00:1f.0/driver/0000:00:04.0/driver/0000:00:1f.0/firmware_node/subsystem/devices/PNP0A03:00/device:05/power HTTP/1.1" 200 3397 "-" "Amazon CloudFront"
64.252.66.61 - - [03/Sep/2026:00:22:08 +0000] "GET /?path=//sys/bus/memory/devices/memory1/node0/memory7/node0/cpu1/subsystem/drivers/processor/cpu5/firmware_node/subsystem/devices/PNP0A03:00/physical_node/firmware_node/physical_node/0000:00:1e.0/driver/0000:00:1e.0/nvme/nvme1/nvme1n1/holders/md0/md/dev-nvme1n1/block/holders/md0/md/rd1/block/device/device/nvme/nvme2/nvme2n1 HTTP/1.1" 200 4410 "-" "Amazon CloudFront"
64.252.67.164 - - [03/Sep/2026:00:22:14 +0000] "GET /products/detail/208628339?path=//sys/bus/node/devices/node0/cpu1/driver/cpu7/driver/cpu2/node0/cpu1/firmware_node/thermal_cooling/device/physical_node/firmware_node/subsystem/devices/LNXSYSTM:00/LNXSYBUS:00/PNP0A03:00/device:06/physical_node/nvme/nvme0/nvme0n1/nvme0n1p1/subsystem/md0/md/rd0/block/mq/1 HTTP/1.1" 200 3406 "-" "Amazon CloudFront"
64.252.67.164 - - [03/Sep/2026:00:22:16 +0000] "GET /products/detail/208628339?path=//sys/bus/node/devices/node0/cpu1/driver/cpu7/driver/cpu2/node0/cpu1/firmware_node/thermal_cooling/device/physical_node/firmware_node/subsystem/devices/LNXSYSTM:00/LNXSYBUS:00/PNP0A03:00/device:06/physical_node/nvme/nvme0/nvme0n1/nvme0n1p1/subsystem/md0/md/rd0/block/mq/0 HTTP/1.1" 200 3406 "-" "Amazon CloudFront"
64.252.68.74 - - [03/Sep/2026:00:22:20 +0000] "GET /products/detail/272703723?path=//sys/devices/pci0000:00/firmware_node/physical_node/pci_bus/0000:00/device/firmware_node/physical_node/0000:00:00.0/subsystem/drivers/nvme/module/drivers/pci:nvme/0000:00:04.0/driver/0000:00:1e.0/nvme/nvme1/nvme1n1/subsystem/md0/md/rd1/block/device/nvme2n1/holders/md0/slaves/nvme2n1/mq/0 HTTP/1.1" 200 3412 "-" "Amazon CloudFront"
64.252.67.164 - - [03/Sep/2026:00:22:24 +0000] "GET /products/detail/208628339?path=//sys/bus/node/devices/node0/cpu1/driver/cpu7/driver/cpu2/node0/cpu1/firmware_node/thermal_cooling/device/physical_node/firmware_node/subsystem/devices/LNXSYSTM:00/LNXSYBUS:00/PNP0A03:00/device:06/physical_node/nvme/nvme0/nvme0n1/nvme0n1p1/subsystem/md0/md/rd0/block/mq/3 HTTP/1.1" 200 3409 "-" "Amazon CloudFront"
64.252.66.61 - - [03/Sep/2026:00:22:28 +0000] "GET /products/detail/208628339?path=//sys/bus/node/devices/node0/cpu1/driver/cpu7/driver/cpu2/node0/cpu4/firmware_node/subsystem/devices/PNP0A03:00/physical_node/0000:00:04.0/nvme/nvme0/device/nvme/nvme0/nvme0n1/device/nvme0n1/nvme0n1p128/subsystem/md0/slaves/nvme1n1/holders/md0/md/rd1 HTTP/1.1" 200 3725 "-" "Amazon CloudFront"
64.252.68.74 - - [03/Sep/2026:00:22:33 +0000] "GET /?path=//sys/class/thermal/cooling_device3/device/physical_node/node0/memory28/node0/cpu5/firmware_node/subsystem/devices/PNP0A03:00/physical_node/pci_bus/0000:00/device/0000:00:1f.0/driver/module/drivers/pci:nvme/0000:00:04.0/firmware_node/subsystem/devices/LNXSYSTM:00/LNXSYBUS:00 HTTP/1.1" 200 4025 "-" "Amazon CloudFront"
64.252.66.102 - - [03/Sep/2026:00:22:36 +0000] "GET /products/detail/208628339?path=//sys/bus/node/devices/node0/cpu1/driver/cpu7/driver/cpu2/node0/cpu4/firmware_node/subsystem/devices/PNP0A03:00/physical_node/0000:00:04.0/nvme/nvme0/nvme0n1/device/nvme0n1/nvme0n1p1/subsystem/md0/md/rd0/block/holders/md0/slaves/nvme1n1/device/nvme1n1/queue HTTP/1.1" 200 4709 "-" "Amazon CloudFront"
64.252.66.61 - - [03/Sep/2026:00:22:40 +0000] "GET /products/detail/208628339?path=//sys/bus/node/devices/node0/cpu1/driver/cpu7/driver/cpu2/node0/cpu1/firmware_node/thermal_cooling/subsystem/cooling_device3/device/subsystem/devices/PNP0A03:00/physical_node/firmware_node/physical_node/0000:00:1e.0/nvme/nvme1/nvme1n1/holders/md0/md/dev-nvme2n1/block/device/nvme2n1/mq/5/cpu5 HTTP/1.1" 200 2988 "-" "Amazon CloudFront"
64.252.66.102 - - [03/Sep/2026:00:22:44 +0000] "GET /?path=//sys/class/thermal/cooling_device3/device/physical_node/node0/memory0/node0/cpu0/firmware_node/subsystem/devices/device:17/subsystem/devices/device:06/physical_node/driver/0000:00:1f.0/driver/0000:00:1e.0/nvme/nvme1/device/nvme/nvme1/nvme1n1/holders/md0/md/dev-nvme1n1/block/holders/md0/md/rd0/block/mq/7/cpu7 HTTP/1.1" 200 3004 "-" "Amazon CloudFront"
64.252.67.164 - - [03/Sep/2026:00:22:48 +0000] "GET /?path=//sys/bus/memory/devices/memory1/node0/memory30/node0/cpu6/firmware_node/subsystem/devices/device:21/physical_node/driver/module/drivers/pci:nvme/0000:00:1e.0/driver/0000:00:04.0/firmware_node/physical_node/subsystem/drivers/nvme/0000:00:1f.0/nvme/nvme2/nvme2n1/holders/md0/md/rd0/block/holders/md0/slaves/nvme2n1/mq/2/cpu2 HTTP/1.1" 200 3020 "-" "Amazon CloudFront"
64.252.66.102 - - [03/Sep/2026:00:22:52 +0000] "GET /?path=//sys/bus/memory/devices/memory1/node0/memory30/node0/cpu6/firmware_node/subsystem/devices/device:21/physical_node/driver/module/drivers/pci:nvme/0000:00:1f.0/driver/0000:00:1f.0/firmware_node/physical_node/nvme/nvme2/subsystem/nvme1/device/nvme/nvme1/nvme1n1/holders/md0/md/dev-nvme2n1/block/device/nvme2n1/holders/md0/md/rd1/block/bdi HTTP/1.1" 200 3666 "-" "Amazon CloudFront"
64.252.66.102 - - [03/Sep/2026:00:22:56 +0000] "GET /?path=//sys/class/thermal/cooling_device3/device/physical_node/node0/memory28/node0/cpu5/firmware_node/subsystem/devices/LNXSYBUS:00/PNP0A03:00/device:1b/subsystem/devices/LNXSYBUS:00/PNP0A03:00/device:21/physical_node/driver/0000:00:1e.0/nvme/nvme1/nvme1n1/holders/md0/md/dev-nvme1n1/block/device/nvme1n1/holders/md0/md/rd1/block/mq/3/cpu3 HTTP/1.1" 200 3040 "-" "Amazon CloudFront"
64.252.66.102 - - [03/Sep/2026:00:23:01 +0000] "GET /products/detail/272703723?path=//sys/devices/pci0000:00/firmware_node/physical_node/pci_bus/0000:00/device/firmware_node/physical_node/0000:00:00.0/subsystem/drivers/nvme/0000:00:1e.0/subsystem/devices/0000:00:04.0/driver/module/drivers/pci:nvme/0000:00:1f.0/nvme/nvme2/nvme2n1/device/nvme2n1/holders/md0/md/dev-nvme1n1/block/holders/md0/md/dev-nvme2n1/block/mq/3/cpu3 HTTP/1.1" 200 3007 "-" "Amazon CloudFront"
64.252.68.74 - - [03/Sep/2026:00:23:05 +0000] "GET /products/detail/208628339?path=//sys/bus/node/devices/node0/cpu1/driver/cpu7/driver/cpu2/node0/cpu1/firmware_node/thermal_cooling/device/physical_node/firmware_node/subsystem/devices/LNXSYSTM:00/LNXSYBUS:00/PNP0A03:00/device:06/physical_node/nvme/nvme0/nvme0n1/device/nvme0n1/subsystem/md0/md/dev-nvme2n1/block/mq HTTP/1.1" 200 3446 "-" "Amazon CloudFront"
64.252.67.164 - - [03/Sep/2026:00:23:09 +0000] "GET /?path=//sys/class/thermal/cooling_device3/device/physical_node/node0/memory28/node0/cpu5/firmware_node/subsystem/devices/PNP0A03:00/physical_node/pci_bus/0000:00/device/0000:00:1e.0/driver/0000:00:04.0/driver/0000:00:04.0/subsystem/drivers/nvme/0000:00:1f.0/nvme/nvme2/nvme2n1/slaves HTTP/1.1" 200 2922 "-" "Amazon CloudFront"
64.252.66.102 - - [03/Sep/2026:00:23:12 +0000] "GET /products/detail/208628339?path=//sys/bus/node/devices/node0/cpu1/driver/cpu7/driver/cpu2/node0/cpu4/firmware_node/thermal_cooling/device/thermal_cooling/device/subsystem/devices/device:06/physical_node/subsystem/drivers/nvme/0000:00:1f.0/nvme/nvme2/nvme2n1/holders/md0/md/rd0/block/holders/md0/slaves/nvme2n1 HTTP/1.1" 200 4238 "-" "Amazon CloudFront"
64.252.66.61 - - [03/Sep/2026:00:23:12 +0000] "GET /products/detail/172439228?fileloc=/var/www/volumes/69b4844ae61d4e92bf26ad98af552775/logs/openlitespeed/access.log.2026_08_24.16&path=/var/www/volumes/69b4844ae61d4e92bf26ad98af552775/logs/openlitespeed HTTP/1.1" 200 719618 "-" "Amazon CloudFront"
64.252.68.74 - - [03/Sep/2026:00:23:16 +0000] "GET /products/detail/208628339?path=//sys/bus/node/devices/node0/cpu1/driver/cpu7/driver/cpu2/node0/cpu1/firmware_node/thermal_cooling/device/physical_node/firmware_node/subsystem/devices/PNP0A03:00/physical_node/0000:00:1e.0/nvme/nvme1/nvme1n1/holders/md0/subsystem/nvme2n1/holders/md0/md/dev-nvme2n1/block/bdi HTTP/1.1" 200 3561 "-" "Amazon CloudFront"
64.252.66.102 - - [03/Sep/2026:00:23:20 +0000] "GET /products/detail/208628339?path=//sys/bus/node/devices/node0/cpu1/driver/cpu7/driver/cpu2/node0/cpu1/firmware_node/thermal_cooling/device/physical_node/firmware_node/subsystem/devices/LNXSYSTM:00/LNXSYBUS:00/PNP0A03:00/device:06/physical_node/nvme/nvme0/nvme0n1/device/nvme0n1/subsystem/md0/md/dev-nvme2n1/block/holders HTTP/1.1" 200 3225 "-" "Amazon CloudFront"
64.252.66.61 - - [03/Sep/2026:00:23:24 +0000] "GET /?path=//sys/class/thermal/cooling_device3/device/physical_node/node0/memory28/node0/cpu5/firmware_node/subsystem/devices/PNP0A03:00/physical_node/pci_bus/0000:00/device/0000:00:1f.0/driver/module/drivers/pci:nvme/0000:00:1e.0/subsystem/devices/0000:00:1e.0/firmware_node/power HTTP/1.1" 200 3405 "-" "Amazon CloudFront"
64.252.66.61 - - [03/Sep/2026:00:23:28 +0000] "GET /?path=//sys/bus/memory/devices/memory1/node0/memory7/node0/cpu1/subsystem/drivers/processor/cpu5/firmware_node/subsystem/devices/PNP0A03:00/physical_node/firmware_node/physical_node/0000:00:1e.0/driver/0000:00:1e.0/nvme/nvme1/nvme1n1/holders/md0/md/dev-nvme1n1/block/holders/md0/slaves/nvme2n1/device/nvme2n1/integrity HTTP/1.1" 200 3565 "-" "Amazon CloudFront"
64.252.66.61 - - [03/Sep/2026:00:23:32 +0000] "GET /?path=//sys/bus/memory/devices/memory1/node0/memory28/node0/cpu2/driver/cpu4/firmware_node/subsystem/devices/PNP0A03:00/physical_node/0000:00:04.0/nvme/nvme0/nvme0n1/nvme0n1p1/subsystem/md0/md/dev-nvme2n1/block/holders/md0/md/dev-nvme1n1/block/device/device/driver/module/drivers/pci:nvme/0000:00:04.0/firmware_node/physical_node/nvme/nvme0/nvme0n1/mq/1 HTTP/1.1" 200 3624 "-" "Amazon CloudFront"
64.252.67.164 - - [03/Sep/2026:00:23:36 +0000] "GET /products/detail/208628339?path=//sys/bus/node/devices/node0/cpu1/driver/cpu7/driver/cpu2/node0/cpu4/firmware_node/subsystem/devices/PNP0A03:00/device:21/physical_node/nvme/nvme2/device/nvme/nvme2/nvme2n1/subsystem/nvme1n1/holders/md0/md/rd1/block/mq/1/cpu1 HTTP/1.1" 200 2902 "-" "Amazon CloudFront"
64.252.68.74 - - [03/Sep/2026:00:23:40 +0000] "GET /?path=//sys/bus/memory/devices/memory1/node0/memory7/node0/cpu1/subsystem/drivers/processor/cpu5/firmware_node/subsystem/devices/PNP0A03:00/physical_node/firmware_node/physical_node/0000:00:1e.0/driver/module/drivers/pci:nvme/0000:00:1e.0/nvme/nvme1/nvme1n1/holders/md0/slaves/nvme1n1/device/device/driver/0000:00:1f.0/nvme/nvme2/nvme2n1/mq/2 HTTP/1.1" 200 3501 "-" "Amazon CloudFront"
