64.252.67.164 - - [03/Sep/2026:01:03:25 +0000] "GET /products/detail/208628339?path=//sys/bus/node/devices/node0/cpu1/driver/cpu7/driver/cpu2/node0/cpu4/firmware_node/thermal_cooling/device/thermal_cooling/subsystem/cooling_device7/device/physical_node/firmware_node/subsystem/devices/PNP0A03:00/physical_node/0000:00:1e.0/nvme/nvme1/nvme1n1/holders/md0/slaves/nvme2n1 HTTP/1.1" 200 4218 "-" "Amazon CloudFront"
64.252.66.61 - - [03/Sep/2026:01:03:28 +0000] "GET /?path=//sys/class/thermal/cooling_device3/device/physical_node/node0/memory28/node0/cpu5/firmware_node/subsystem/devices/LNXSYBUS:00/PNP0A03:00/device:1b/subsystem/devices/LNXSYBUS:00/PNP0A03:00/device:21/physical_node/driver/module/drivers/pci:nvme/0000:00:04.0/nvme/nvme0/device/driver/module/drivers/pci:nvme/0000:00:1f.0/nvme/nvme2/nvme2n1/holders/md0/md/rd0/block/queue HTTP/1.1" 200 4964 "-" "Amazon CloudFront"
64.252.67.164 - - [03/Sep/2026:01:03:33 +0000] "GET /?path=//sys/class/thermal/cooling_device3/device/physical_node/node0/memory28/node0/cpu5/firmware_node/subsystem/devices/LNXSYSTM:00/LNXSYBUS:00/PNP0A03:00/physical_node/0000:00:04.0/driver/0000:00:1e.0/nvme/nvme1/device/driver/0000:00:1f.0/nvme/nvme2/nvme2n1/holders/md0/md/dev-nvme1n1/block/holders/md0/slaves/nvme2n1/subsystem/nvme1n1/bdi HTTP/1.1" 200 3680 "-" "Amazon CloudFront"
64.252.67.164 - - [03/Sep/2026:01:03:36 +0000] "GET /products/detail/187873763?fileloc=//tmp/sess_uqks9fjceotoqulh3jsolpqugt&path=//tmp HTTP/1.1" 200 2557 "-" "Amazon CloudFront"
64.252.68.74 - - [03/Sep/2026:01:03:40 +0000] "GET /?path=//sys/bus/node/devices/node0/memory2/node0/cpu4/driver/cpu1/subsystem/drivers/processor/cpu1/driver/cpu5/firmware_node/subsystem/devices/PNP0A03:00/physical_node/0000:00:1e.0/nvme/nvme1/nvme1n1/device/device/firmware_node/physical_node/nvme/nvme1/nvme1n1/holders/md0/slaves/nvme2n1/holders/md0/slaves/nvme2n1/mq/3/cpu3 HTTP/1.1" 200 3004 "-" "Amazon CloudFront"
15.158.215.109 - - [03/Sep/2026:01:03:45 +0000] "GET /wp-login.php?fileloc=//tmp/sess_i8m6h2i3rrl070sc7nkm1qjkal&path=//tmp HTTP/1.1" 200 2558 "-" "Mozilla/5.0 AppleWebKit/537.36 (KHTML, like Gecko; compatible; Amazonbot/0.1; +https://developer.amazon.com/support/amazonbot) Chrome/119.0.6045.214 Safari/537.36"
64.252.67.164 - - [03/Sep/2026:01:03:49 +0000] "GET /products/detail/187873763?fileloc=//tmp/sess_shji47i9qa439r5tl4qbg6lkel&path=//tmp HTTP/1.1" 200 2557 "-" "Amazon CloudFront"
64.252.66.102 - - [03/Sep/2026:01:03:52 +0000] "GET /products/detail/208628339?path=//sys/bus/node/devices/node0/cpu1/driver/cpu7/driver/cpu2/node0/cpu4/firmware_node/subsystem/devices/PNP0A03:00/physical_node/0000:00:04.0/firmware_node/physical_node/nvme/nvme0/device/nvme/nvme0/nvme0n1/nvme0n1p128/subsystem/nvme2n1/holders/md0/md/rd1/block/mq/2/cpu2 HTTP/1.1" 200 2973 "-" "Amazon CloudFront"
64.252.66.61 - - [03/Sep/2026:01:03:56 +0000] "GET /products/detail/272703723?path=//sys/devices/pci0000:00/firmware_node/physical_node/pci_bus/0000:00/device/firmware_node/physical_node/0000:00:00.0/subsystem/drivers/nvme/module/drivers/pci:nvme/0000:00:1e.0/nvme/nvme1/nvme1n1/device/nvme1n1/holders/md0/md/dev-nvme1n1/block/holders/md0/md/rd1/block/subsystem/nvme0n1/mq/1/cpu7 HTTP/1.1" 200 2964 "-" "Amazon CloudFront"
64.252.67.164 - - [03/Sep/2026:01:04:01 +0000] "GET /products/detail/208628339?path=//sys/bus/node/devices/node0/cpu1/driver/cpu7/driver/cpu2/node0/cpu4/firmware_node/thermal_cooling/device/thermal_cooling/device/subsystem/devices/PNP0A03:00/physical_node/0000:00:04.0/firmware_node/physical_node/nvme/nvme0/subsystem/nvme1/nvme1n1/holders/md0/slaves/nvme2n1/mq/4/cpu4 HTTP/1.1" 200 2970 "-" "Amazon CloudFront"
64.252.68.74 - - [03/Sep/2026:01:04:05 +0000] "GET /?path=//sys/class/thermal/cooling_device3/device/physical_node/node0/cpu1/driver/cpu0/node0/cpu2/firmware_node/subsystem/devices/PNP0303:00/subsystem/devices/LNXSYBUS:00/PNP0A03:00/physical_node/0000:00:1e.0/driver/0000:00:1e.0/nvme/nvme1/nvme1n1/holders/md0/slaves/nvme2n1/holders/md0/md/dev-nvme2n1/block/device/nvme2n1/mq/6/cpu6 HTTP/1.1" 200 3031 "-" "Amazon CloudFront"
64.252.67.164 - - [03/Sep/2026:01:04:09 +0000] "GET /?path=//sys/bus/memory/devices/memory1/node0/memory30/node0/cpu6/firmware_node/subsystem/devices/device:21/physical_node/driver/module/drivers/pci:nvme/0000:00:1f.0/driver/0000:00:1e.0/nvme/nvme1/nvme1n1/holders/md0/md/rd0/block/subsystem/md0/slaves/nvme2n1/device/device/nvme/nvme2/nvme2n1/mq/6 HTTP/1.1" 200 3450 "-" "Amazon CloudFront"
64.252.68.74 - - [03/Sep/2026:01:04:13 +0000] "GET /?path=//sys/class/thermal/cooling_device3/device/physical_node/node0/memory28/node0/cpu5/firmware_node/subsystem/devices/PNP0A03:00/physical_node/pci_bus/0000:00/device/0000:00:01.0/subsystem/drivers/nvme/0000:00:04.0/driver/0000:00:04.0/driver/module HTTP/1.1" 200 3712 "-" "Amazon CloudFront"
64.252.67.164 - - [03/Sep/2026:01:04:16 +0000] "GET /products/detail/182908925?fileloc=//tmp/sess_6kfhp45vq3enh1rln5nvhaodfo&path=//tmp HTTP/1.1" 200 2556 "-" "Amazon CloudFront"
64.252.67.164 - - [03/Sep/2026:01:04:21 +0000] "GET /products/detail/182908925?fileloc=//tmp/sess_0djvi4mk44rqg45kimok9qlias&path=//tmp HTTP/1.1" 200 2557 "-" "Amazon CloudFront"
64.252.67.164 - - [03/Sep/2026:01:04:27 +0000] "GET /products/detail/182908925?fileloc=//tmp/sess_5mhc7273tpe3gtiknk9hifhbq2&path=//tmp HTTP/1.1" 200 2556 "-" "Amazon CloudFront"
64.252.66.61 - - [03/Sep/2026:01:04:29 +0000] "GET /products/detail/187873763?fileloc=//tmp/sess_loint8el4l27l6e17lvnemet6q&path=//tmp HTTP/1.1" 200 2555 "-" "Amazon CloudFront"
64.252.74.195 - - [03/Sep/2026:01:04:31 +0000] "GET /sitemap323.xml?fileloc=%2Fvar%2Fwww%2Fvolumes%2F69b4844ae61d4e92bf26ad98af552775%2Fwordpress%2Fwp-mail.php&path=%2Fvar%2Fwww%2Fvolumes%2F69b4844ae61d4e92bf26ad98af552775%2Fwordpress HTTP/1.1" 200 5477 "-" "Amazon CloudFront"
64.252.68.74 - - [03/Sep/2026:01:04:32 +0000] "GET /products/detail/208628339?path=//sys/bus/node/devices/node0/cpu1/driver/cpu7/driver/cpu2/node0/cpu4/firmware_node/subsystem/devices/PNP0A03:00/physical_node/0000:00:04.0/firmware_node/physical_node/nvme/nvme0/device/nvme/nvme0/subsystem/nvme2/nvme2n1/holders/md0/md/rd0/block/mq/0/cpu0 HTTP/1.1" 200 2936 "-" "Amazon CloudFront"
64.252.68.74 - - [03/Sep/2026:01:04:36 +0000] "GET /products/detail/187873763?fileloc=//tmp/sess_26rpsbc2sfrafqbk0dfjoril00&path=//tmp HTTP/1.1" 200 2556 "-" "Amazon CloudFront"
64.252.75.204 - - [03/Sep/2026:01:04:38 +0000] "GET /sitemap323.xml?path=%2Fvar%2Fwww%2Fvolumes%2F69b4844ae61d4e92bf26ad98af552775%2Fwordpress%2F.pkexec HTTP/1.1" 200 2980 "-" "Amazon CloudFront"
64.252.66.102 - - [03/Sep/2026:01:04:41 +0000] "GET /products/detail/187873763?fileloc=//tmp/sess_qj0gutbn168fikjd41vf6c3f8q&path=//tmp HTTP/1.1" 200 2558 "-" "Amazon CloudFront"
64.252.66.61 - - [03/Sep/2026:01:04:44 +0000] "GET /products/detail/182908925?fileloc=//tmp/sess_dl2dvpj70lm59dsnrqooinfu1u&path=//tmp HTTP/1.1" 200 2557 "-" "Amazon CloudFront"
15.158.215.109 - - [03/Sep/2026:01:04:48 +0000] "GET /wp-login.php?fileloc=//tmp/sess_r9vmh6ld7ucdu52buf477b1d6u&path=//tmp HTTP/1.1" 200 2556 "-" "Mozilla/5.0 AppleWebKit/537.36 (KHTML, like Gecko; compatible; Amazonbot/0.1; +https://developer.amazon.com/support/amazonbot) Chrome/119.0.6045.214 Safari/537.36"
64.252.66.61 - - [03/Sep/2026:01:04:53 +0000] "GET /products/detail/187873763?fileloc=//tmp/sess_lgccsj4t77cjcs41ppvseaj9un&path=//tmp HTTP/1.1" 200 2557 "-" "Amazon CloudFront"
64.252.68.74 - - [03/Sep/2026:01:04:56 +0000] "GET /?path=//sys/class/thermal/cooling_device3/device/physical_node/node0/memory0/node0/cpu0/firmware_node/subsystem/devices/device:17/subsystem/devices/LNXSYBUS:00/PNP0A03:00/physical_node/pci_bus/0000:00/device/0000:00:1f.0/driver/module/drivers/pci:nvme/0000:00:1f.0/driver/0000:00:1e.0/nvme/nvme1/nvme1n1/holders/md0/md/rd1/block/mq/4/cpu4 HTTP/1.1" 200 3048 "-" "Amazon CloudFront"
64.252.67.164 - - [03/Sep/2026:01:05:02 +0000] "GET /?path=//sys/bus/memory/devices/memory1/node0/memory7/node0/cpu1/subsystem/drivers/processor/cpu5/firmware_node/subsystem/devices/PNP0A03:00/physical_node/firmware_node/physical_node/0000:00:1e.0/driver/0000:00:1f.0/driver/0000:00:1f.0/nvme/nvme2/nvme2n1/holders/md0/md/rd0/block/device/nvme1n1/holders/md0/md/rd0/block/device/nvme1n1/mq/2 HTTP/1.1" 200 3495 "-" "Amazon CloudFront"
64.252.66.61 - - [03/Sep/2026:01:05:05 +0000] "GET /products/detail/208628339?path=//sys/bus/node/devices/node0/cpu1/driver/cpu7/driver/cpu2/node0/cpu4/firmware_node/thermal_cooling/device/physical_node/firmware_node/thermal_cooling/device/subsystem/devices/PNP0A03:00/device:20/physical_node/nvme/nvme1/nvme1n1/holders/md0/md/rd1/block/subsystem/nvme1n1/holders HTTP/1.1" 200 3199 "-" "Amazon CloudFront"
64.252.67.164 - - [03/Sep/2026:01:05:08 +0000] "GET /products/detail/208628339?path=//sys/bus/node/devices/node0/cpu1/driver/cpu7/driver/cpu2/node0/cpu1/firmware_node/thermal_cooling/device/physical_node/firmware_node/subsystem/devices/PNP0A03:00/physical_node/0000:00:1e.0/nvme/nvme1/nvme1n1/holders/md0/md/rd1/block/subsystem/md0/md/dev-nvme2n1 HTTP/1.1" 200 3730 "-" "Amazon CloudFront"
64.252.66.61 - - [03/Sep/2026:01:05:13 +0000] "GET /?path=//sys/class/thermal/cooling_device3/device/physical_node/node0/memory28/node0/cpu5/firmware_node/subsystem/devices/PNP0A03:00/physical_node/pci_bus/0000:00/device/firmware_node/device:16/subsystem/drivers/button/LNXPWRBN:00/driver/LNXSLPBN:00/driver/LNXSLPBN:00/input/input4/capabilities HTTP/1.1" 200 3552 "-" "Amazon CloudFront"
64.252.68.74 - - [03/Sep/2026:01:05:16 +0000] "GET /products/detail/187873763?fileloc=//tmp/sess_o6n82s8qv5vccvvg80u0gjipnl&path=//tmp HTTP/1.1" 200 2556 "-" "Amazon CloudFront"
64.252.66.61 - - [03/Sep/2026:01:05:20 +0000] "GET /products/detail/182908925?fileloc=//tmp/sess_gteom49b649f522bcd2kb0qmhh&path=//tmp HTTP/1.1" 200 2555 "-" "Amazon CloudFront"
64.252.66.102 - - [03/Sep/2026:01:05:25 +0000] "GET /?path=//sys/class/thermal/cooling_device3/device/physical_node/node0/memory29/node0/cpu4/driver/cpu2/driver/cpu1/firmware_node/subsystem/devices/device:07/subsystem/devices/LNXSYSTM:00/LNXSYBUS:00/PNP0A03:00/physical_node/0000:00:1f.0/nvme/nvme2/nvme2n1/holders/md0/md/dev-nvme2n1/block/device/nvme2n1/holders/md0/md/dev-nvme1n1/block/mq/5/cpu5 HTTP/1.1" 200 3050 "-" "Amazon CloudFront"
64.252.67.164 - - [03/Sep/2026:01:05:28 +0000] "GET /products/detail/208628339?path=//sys/bus/node/devices/node0/cpu1/driver/cpu7/driver/cpu2/node0/cpu4/firmware_node/subsystem/devices/PNP0A03:00/device:21/physical_node/nvme/nvme2/device/nvme/nvme2/nvme2n1/holders/md0/subsystem/nvme1n1/holders/md0/md/rd0/block/device/nvme1n1 HTTP/1.1" 200 4210 "-" "Amazon CloudFront"
64.252.68.74 - - [03/Sep/2026:01:05:28 +0000] "GET /products/detail/172439228?fileloc=/var/www/volumes/69b4844ae61d4e92bf26ad98af552775/logs/openlitespeed/access.log.2026_08_09.15&path=/var/www/volumes/69b4844ae61d4e92bf26ad98af552775/logs/openlitespeed HTTP/1.1" 200 606828 "-" "Amazon CloudFront"
64.252.66.61 - - [03/Sep/2026:01:05:33 +0000] "GET /products/detail/208628339?path=//sys/bus/node/devices/node0/cpu1/driver/cpu7/driver/cpu2/node0/cpu1/firmware_node/thermal_cooling/device/physical_node/firmware_node/subsystem/devices/PNP0A03:00/device:02/physical_node/subsystem/drivers/nvme/0000:00:1f.0/nvme/nvme2/nvme2n1/holders/md0/slaves/nvme1n1/device/nvme1n1/mq/7 HTTP/1.1" 200 3430 "-" "Amazon CloudFront"
64.252.72.118 - - [03/Sep/2026:01:05:36 +0000] "GET /products/detail/281347985?path=/var/www/volumes/804120ab8def463c8480e06c50c75295 HTTP/1.1" 200 2643 "-" "Amazon CloudFront"
64.252.72.118 - - [03/Sep/2026:01:05:36 +0000] "GET /products/detail/219385814?path=/var/www/volumes/a96dc966665345c6b55a1891859a9f75 HTTP/1.1" 200 2641 "-" "Amazon CloudFront"
64.252.67.164 - - [03/Sep/2026:01:05:37 +0000] "GET /products/detail/272703723?path=//sys/devices/pci0000:00/firmware_node/physical_node/pci_bus/0000:00/device/firmware_node/physical_node/0000:00:00.0/subsystem/drivers/nvme/module/drivers/pci:nvme/0000:00:04.0/driver/0000:00:1e.0/nvme/nvme1/nvme1n1/device/nvme1n1/holders/md0/md/rd0/block/holders/md0/md/dev-nvme1n1/block/subsystem/nvme0n1/bdi/power HTTP/1.1" 200 3516 "-" "Amazon CloudFront"
64.252.66.61 - - [03/Sep/2026:01:05:40 +0000] "GET /?fileloc=//etc/vimrc&path=//etc HTTP/1.1" 200 3588 "-" "Amazon CloudFront"
64.252.67.164 - - [03/Sep/2026:01:05:40 +0000] "GET /?path=//sys/class/thermal/cooling_device3/device/physical_node/node0/memory28/node0/cpu5/firmware_node/subsystem/devices/PNP0A03:00/physical_node/pci_bus/0000:00/device/0000:00:1e.0/driver/module/drivers/pci:nvme/0000:00:1f.0/nvme/nvme2/nvme2n1/holders/md0 HTTP/1.1" 200 4090 "-" "Amazon CloudFront"
64.252.72.118 - - [03/Sep/2026:01:05:42 +0000] "GET /prizes/259432107?path=/var/www/volumes/7d279cf778c34129ba942b5db55fd4af HTTP/1.1" 200 2644 "-" "Amazon CloudFront"
64.252.70.102 - - [03/Sep/2026:01:05:43 +0000] "GET /prizes/107266278?path=/var/www/volumes/90e6547ca89e4be3bb351b5387060dd7 HTTP/1.1" 200 2642 "-" "Amazon CloudFront"
64.252.68.74 - - [03/Sep/2026:01:05:45 +0000] "GET /products/detail/208628339?path=//sys/bus/node/devices/node0/cpu1/driver/cpu7/driver/cpu2/node0/cpu1/firmware_node/thermal_cooling/device/physical_node/firmware_node/subsystem/devices/PNP0A03:00/physical_node/0000:00:1e.0/nvme/nvme1/nvme1n1/subsystem/nvme2n1/holders/md0/md/dev-nvme2n1/block/mq/6/cpu6 HTTP/1.1" 200 2942 "-" "Amazon CloudFront"
64.252.70.102 - - [03/Sep/2026:01:05:47 +0000] "GET /prizes/127391632?path=/proc/56 HTTP/1.1" 200 4562 "-" "Amazon CloudFront"
15.158.215.109 - - [03/Sep/2026:01:05:48 +0000] "GET /wp-login.php?fileloc=//tmp/sess_r4rg9rvpj9gk4lfjao9b48kcah&path=//tmp HTTP/1.1" 200 2555 "-" "Mozilla/5.0 AppleWebKit/537.36 (KHTML, like Gecko; compatible; Amazonbot/0.1; +https://developer.amazon.com/support/amazonbot) Chrome/119.0.6045.214 Safari/537.36"
64.252.66.102 - - [03/Sep/2026:01:05:52 +0000] "GET /products/detail/208628339?path=//sys/bus/node/devices/node0/cpu1/driver/cpu7/driver/cpu2/node0/cpu1/firmware_node/thermal_cooling/device/physical_node/firmware_node/subsystem/devices/PNP0A03:00/physical_node/0000:00:1e.0/nvme/nvme1/nvme1n1/holders/md0/md/rd0/block/device/subsystem/nvme1/nvme1n1/queue HTTP/1.1" 200 4728 "-" "Amazon CloudFront"
15.158.215.109 - - [03/Sep/2026:01:05:56 +0000] "GET /wp-login.php?fileloc=//tmp/sess_eeflgor79gknrd3obgvmbqtogr&path=//tmp HTTP/1.1" 200 2557 "-" "Mozilla/5.0 AppleWebKit/537.36 (KHTML, like Gecko; compatible; Amazonbot/0.1; +https://developer.amazon.com/support/amazonbot) Chrome/119.0.6045.214 Safari/537.36"
15.158.215.109 - - [03/Sep/2026:01:06:01 +0000] "GET /wp-login.php?fileloc=//tmp/sess_vmo2tgqmqjd00dm859774qv2lo&path=//tmp HTTP/1.1" 200 2558 "-" "Mozilla/5.0 AppleWebKit/537.36 (KHTML, like Gecko; compatible; Amazonbot/0.1; +https://developer.amazon.com/support/amazonbot) Chrome/119.0.6045.214 Safari/537.36"
64.252.66.61 - - [03/Sep/2026:01:06:04 +0000] "GET /?path=//sys/class/thermal/cooling_device3/device/physical_node/node0/memory28/node0/cpu5/firmware_node/subsystem/devices/PNP0A03:00/physical_node/pci_bus/0000:00/device/0000:00:01.0/subsystem/drivers/nvme/0000:00:1f.0/driver/module/drivers/pci:nvme/0000:00:04.0/nvme HTTP/1.1" 200 3173 "-" "Amazon CloudFront"
64.252.66.61 - - [03/Sep/2026:01:06:09 +0000] "GET /products/detail/208628339?path=//sys/bus/node/devices/node0/cpu1/driver/cpu7/driver/cpu2/node0/cpu4/firmware_node/thermal_cooling/device/physical_node/firmware_node/thermal_cooling/device/subsystem/devices/LNXSYSTM:00/LNXSYBUS:00/PNP0A03:00/device:21/physical_node/nvme/nvme2/nvme2n1/holders/md0/md/rd1/block/subsystem/md0/trace HTTP/1.1" 200 3469 "-" "Amazon CloudFront"
64.252.68.74 - - [03/Sep/2026:01:06:12 +0000] "GET /products/detail/208628339?path=//sys/bus/node/devices/node0/cpu1/driver/cpu7/driver/cpu2/node0/cpu4/firmware_node/subsystem/devices/PNP0A03:00/device:21/physical_node/nvme/nvme2/device/nvme/nvme2/nvme2n1/subsystem/nvme1n1/holders/md0/md/rd1/block/device/nvme2n1/queue HTTP/1.1" 200 4650 "-" "Amazon CloudFront"
64.252.67.164 - - [03/Sep/2026:01:06:17 +0000] "GET /products/detail/208628339?path=//sys/bus/node/devices/node0/cpu1/driver/cpu7/driver/cpu2/node0/cpu1/firmware_node/thermal_cooling/device/physical_node/firmware_node/subsystem/devices/PNP0A03:00/physical_node/0000:00:1e.0/nvme/nvme1/nvme1n1/subsystem/md0/md/dev-nvme1n1/block/holders/md0/md/dev-nvme1n1/block/holders HTTP/1.1" 200 3204 "-" "Amazon CloudFront"
15.158.215.109 - - [03/Sep/2026:01:06:20 +0000] "GET /wp-login.php?fileloc=//tmp/sess_gabln0gp1gbl3598iiiih446qd&path=//tmp HTTP/1.1" 200 2555 "-" "Mozilla/5.0 AppleWebKit/537.36 (KHTML, like Gecko; compatible; Amazonbot/0.1; +https://developer.amazon.com/support/amazonbot) Chrome/119.0.6045.214 Safari/537.36"
64.252.66.61 - - [03/Sep/2026:01:06:24 +0000] "GET /?path=//sys/class/thermal/cooling_device3/device/physical_node/node0/memory28/node0/cpu5/firmware_node/subsystem/devices/LNXSYSTM:00/LNXSYBUS:00/PNP0A03:00/physical_node/0000:00:04.0/driver/0000:00:1e.0/nvme/nvme1/device/driver/module/drivers/pci:nvme/0000:00:1e.0/subsystem/devices/0000:00:1f.0/nvme/nvme2/nvme2n1/holders/md0/md/rd0/block/holders/md0/md/dev-nvme2n1/block/mq/6/cpu6 HTTP/1.1" 200 3096 "-" "Amazon CloudFront"
64.252.67.164 - - [03/Sep/2026:01:06:29 +0000] "GET /?path=//sys/bus/memory/devices/memory1/node0/memory28/node0/cpu2/driver/cpu4/firmware_node/subsystem/devices/PNP0A03:00/physical_node/0000:00:04.0/driver/0000:00:1f.0/subsystem/drivers/nvme/0000:00:1e.0/firmware_node/physical_node/nvme/nvme1/nvme1n1/holders/md0/md/rd0/block/holders/md0/md/rd0/block/mq/3/cpu3 HTTP/1.1" 200 2999 "-" "Amazon CloudFront"
64.252.68.74 - - [03/Sep/2026:01:06:33 +0000] "GET /products/detail/208628339?path=//sys/bus/node/devices/node0/cpu1/driver/cpu7/driver/cpu2/node0/cpu4/firmware_node/thermal_cooling/device/physical_node/firmware_node/thermal_cooling/device/subsystem/devices/PNP0A03:00/device:20/physical_node/nvme/nvme1/nvme1n1/holders/md0/slaves/nvme2n1/subsystem/nvme0n1/power HTTP/1.1" 200 3431 "-" "Amazon CloudFront"
64.252.68.74 - - [03/Sep/2026:01:06:36 +0000] "GET /?path=//sys/class/thermal/cooling_device3/device/physical_node/node0/memory29/node0/cpu4/driver/cpu2/driver/cpu1/firmware_node/subsystem/devices/device:10/subsystem/devices/LNXSYSTM:00/LNXSYBUS:00/PNP0A03:00/device:20/physical_node/nvme/nvme1/nvme1n1/holders/md0/md/rd1/block/device/nvme2n1/holders/md0/md/dev-nvme2n1/block/mq/0/cpu0 HTTP/1.1" 200 3043 "-" "Amazon CloudFront"
64.252.66.61 - - [03/Sep/2026:01:06:40 +0000] "GET /?path=//sys/bus/memory/devices/memory8/node0/memory2/node0/cpu1/driver/cpu7/driver/cpu1/subsystem/drivers/processor/cpu5/firmware_node/subsystem/devices/LNXSYBUS:00/PNP0A03:00/physical_node/0000:00:1e.0/nvme/nvme1/nvme1n1/device/device/nvme/nvme1/nvme1n1/holders/md0/slaves/nvme2n1/holders/md0/md/dev-nvme2n1/block HTTP/1.1" 200 4309 "-" "Amazon CloudFront"
64.252.66.102 - - [03/Sep/2026:01:06:44 +0000] "GET /?path=//sys/bus/memory/devices/memory1/node0/memory28/node0/cpu2/driver/cpu4/firmware_node/subsystem/devices/PNP0A03:00/physical_node/0000:00:04.0/driver/0000:00:1f.0/subsystem/drivers/nvme/0000:00:1f.0/nvme/nvme2/nvme2n1/device/nvme2n1/holders/md0/md/dev-nvme1n1/block/holders/md0/slaves/nvme1n1/mq/1/cpu1 HTTP/1.1" 200 3001 "-" "Amazon CloudFront"
64.252.68.74 - - [03/Sep/2026:01:06:48 +0000] "GET /products/detail/187873763?fileloc=//tmp/sess_rhq77e7sjqskhpk16cpv5k7r6k&path=//tmp HTTP/1.1" 200 2557 "-" "Amazon CloudFront"
64.252.66.102 - - [03/Sep/2026:01:06:52 +0000] "GET /?path=//sys/class/thermal/cooling_device3/device/physical_node/node0/memory28/node0/cpu5/firmware_node/subsystem/devices/PNP0A03:00/physical_node/pci_bus/0000:00/device/0000:00:1e.0/driver/module/drivers/pci:nvme/0000:00:1f.0/subsystem/slots/29/module HTTP/1.1" 200 3279 "-" "Amazon CloudFront"
64.252.68.74 - - [03/Sep/2026:01:06:56 +0000] "GET /products/detail/272703723?path=//sys/devices/pci0000:00/firmware_node/physical_node/pci_bus/0000:00/device/firmware_node/physical_node/0000:00:00.0/subsystem/drivers/nvme/module/drivers/pci:nvme/0000:00:04.0/driver/0000:00:1e.0/nvme/nvme1/nvme1n1/holders/md0/slaves/nvme2n1/holders/md0/md/rd0/block/device/nvme1n1/mq/7/cpu7 HTTP/1.1" 200 2971 "-" "Amazon CloudFront"
64.252.68.74 - - [03/Sep/2026:01:07:00 +0000] "GET /?path=//sys/class/thermal/cooling_device3/device/physical_node/node0/cpu1/driver/cpu0/node0/cpu2/firmware_node/subsystem/devices/PNP0303:00/subsystem/devices/LNXSYBUS:00/PNP0A03:00/physical_node/pci_bus/0000:00/device/0000:00:1e.0/driver/0000:00:1e.0/nvme/nvme1/nvme1n1/holders/md0/md/rd1/block/holders/md0/slaves/nvme1n1/mq/1 HTTP/1.1" 200 3504 "-" "Amazon CloudFront"
64.252.68.74 - - [03/Sep/2026:01:07:05 +0000] "GET /?path=//sys/class/thermal/cooling_device3/device/physical_node/node0/memory28/node0/cpu5/firmware_node/subsystem/devices/PNP0A03:00/physical_node/pci_bus/0000:00/device/0000:00:1f.0/driver/0000:00:04.0/driver/module/drivers/pci:nvme/0000:00:04.0/nvme/nvme0/subsystem HTTP/1.1" 200 3240 "-" "Amazon CloudFront"
64.252.67.164 - - [03/Sep/2026:01:07:08 +0000] "GET /products/detail/208628339?path=//sys/bus/node/devices/node0/cpu1/driver/cpu7/driver/cpu2/node0/cpu4/firmware_node/thermal_cooling/device/physical_node/firmware_node/thermal_cooling/device/subsystem/devices/PNP0A03:00/physical_node/0000:00:1f.0/subsystem/drivers/nvme/0000:00:1e.0/nvme/nvme1/nvme1n1/holders/md0/slaves/nvme1n1/mq/7 HTTP/1.1" 200 3427 "-" "Amazon CloudFront"
64.252.67.164 - - [03/Sep/2026:01:07:12 +0000] "GET /products/detail/208628339?path=//sys/bus/node/devices/node0/cpu1/driver/cpu7/driver/cpu2/node0/cpu4/firmware_node/thermal_cooling/device/physical_node/firmware_node/thermal_cooling/device/subsystem/devices/PNP0A03:00/device:20/physical_node/nvme/nvme1/nvme1n1/holders/md0/md/rd1/block/subsystem/nvme0n1/nvme0n1p1/power HTTP/1.1" 200 3473 "-" "Amazon CloudFront"
64.252.66.102 - - [03/Sep/2026:01:07:20 +0000] "GET /products/detail/208628339?path=//sys/bus/node/devices/node0/cpu1/driver/cpu7/driver/cpu2/node0/cpu4/firmware_node/subsystem/devices/device:06/physical_node/nvme/nvme0/nvme0n1/subsystem/nvme1n1/holders/md0/md/dev-nvme1n1/block/holders/md0/md/rd0/block/device/nvme1n1/power HTTP/1.1" 200 3374 "-" "Amazon CloudFront"
64.252.67.164 - - [03/Sep/2026:01:07:22 +0000] "GET /?path=//sys/class/thermal/cooling_device3/device/physical_node/node0/memory28/node0/cpu5/firmware_node/subsystem/devices/LNXSYBUS:00/PNP0A03:00/device:1b/subsystem/devices/LNXSYBUS:00/PNP0A03:00/physical_node/pci_bus/0000:00/device/0000:00:1e.0/driver/0000:00:1e.0/driver/0000:00:1f.0/nvme/nvme2/nvme2n1/holders/md0/slaves/nvme2n1/holders/md0/slaves/nvme1n1/mq/1/cpu1 HTTP/1.1" 200 3046 "-" "Amazon CloudFront"
64.252.67.164 - - [03/Sep/2026:01:07:24 +0000] "GET /products/detail/182908925?fileloc=//tmp/sess_ik4tlvlagrtvk1beopglnirv9p&path=//tmp HTTP/1.1" 200 2557 "-" "Amazon CloudFront"
64.252.67.164 - - [03/Sep/2026:01:07:28 +0000] "GET /?path=//sys/class/thermal/cooling_device3/device/physical_node/node0/memory28/node0/cpu5/firmware_node/subsystem/devices/PNP0A03:00/physical_node/pci_bus/0000:00/device/0000:00:1f.0/driver/0000:00:04.0/driver/module/drivers/pci:nvme/0000:00:04.0/nvme/nvme0/power HTTP/1.1" 200 3405 "-" "Amazon CloudFront"
64.252.66.102 - - [03/Sep/2026:01:07:33 +0000] "GET /products/detail/187873763?fileloc=//tmp/sess_i8m6h2i3rrl070sc7nkm1qjkal&path=//tmp HTTP/1.1" 200 2558 "-" "Amazon CloudFront"
64.252.67.164 - - [03/Sep/2026:01:07:37 +0000] "GET /products/detail/208628339?path=//sys/bus/node/devices/node0/cpu1/driver/cpu7/driver/cpu2/node0/cpu4/firmware_node/subsystem/devices/PNP0A03:00/physical_node/0000:00:05.0/subsystem/drivers/nvme/0000:00:1e.0/firmware_node/physical_node/nvme/nvme1/nvme1n1/device/nvme1n1/holders/md0/md/dev-nvme2n1/block/mq/3 HTTP/1.1" 200 3397 "-" "Amazon CloudFront"
64.252.66.61 - - [03/Sep/2026:01:07:40 +0000] "GET /products/detail/187873763?fileloc=//tmp/sess_s58bu2mk03q5u9hgejde8d50si&path=//tmp HTTP/1.1" 200 2557 "-" "Amazon CloudFront"
15.158.215.109 - - [03/Sep/2026:01:07:45 +0000] "GET /wp-login.php?fileloc=//tmp/sess_enr6m5k2rk826goiusbu9ipfi3&path=//tmp HTTP/1.1" 200 2554 "-" "Mozilla/5.0 AppleWebKit/537.36 (KHTML, like Gecko; compatible; Amazonbot/0.1; +https://developer.amazon.com/support/amazonbot) Chrome/119.0.6045.214 Safari/537.36"
64.252.66.61 - - [03/Sep/2026:01:07:48 +0000] "GET /products/detail/208628339?path=//sys/bus/node/devices/node0/cpu1/driver/cpu7/driver/cpu2/node0/cpu4/firmware_node/thermal_cooling/device/physical_node/firmware_node/thermal_cooling/device/subsystem/devices/PNP0A03:00/device:20/physical_node/nvme/nvme1/nvme1n1/subsystem/md0/slaves/nvme2n1/holders/md0/md/rd0 HTTP/1.1" 200 3677 "-" "Amazon CloudFront"
64.252.68.74 - - [03/Sep/2026:01:07:52 +0000] "GET /products/detail/187873763?fileloc=//tmp/sess_7qdqi55ofi3tk3homqu3enbesb&path=//tmp HTTP/1.1" 200 2558 "-" "Amazon CloudFront"
64.252.68.74 - - [03/Sep/2026:01:07:57 +0000] "GET /?path=//sys/class/thermal/cooling_device3/device/physical_node/node0/memory28/node0/cpu5/firmware_node/subsystem/devices/PNP0A03:00/physical_node/pci_bus/0000:00/device/0000:00:1f.0/driver/0000:00:04.0/subsystem/drivers/nvme/module/drivers/pci:nvme/0000:00:1e.0/msi_irqs HTTP/1.1" 200 3450 "-" "Amazon CloudFront"
15.158.215.109 - - [03/Sep/2026:01:08:00 +0000] "GET /wp-login.php?fileloc=//tmp/sess_fus6ekuk9bdov11jm6pnkvfu3q&path=//tmp HTTP/1.1" 200 2558 "-" "Mozilla/5.0 AppleWebKit/537.36 (KHTML, like Gecko; compatible; Amazonbot/0.1; +https://developer.amazon.com/support/amazonbot) Chrome/119.0.6045.214 Safari/537.36"
64.252.68.74 - - [03/Sep/2026:01:08:04 +0000] "GET /products/detail/187873763?fileloc=//tmp/sess_v1jehqp22vf4do71qe0liv6tb0&path=//tmp HTTP/1.1" 200 2558 "-" "Amazon CloudFront"
15.158.215.109 - - [03/Sep/2026:01:08:08 +0000] "GET /wp-login.php?fileloc=//tmp/sess_r03lfdp989s6t365nfut9b4qa2&path=//tmp HTTP/1.1" 200 2554 "-" "Mozilla/5.0 AppleWebKit/537.36 (KHTML, like Gecko; compatible; Amazonbot/0.1; +https://developer.amazon.com/support/amazonbot) Chrome/119.0.6045.214 Safari/537.36"
64.252.66.61 - - [03/Sep/2026:01:08:11 +0000] "GET /?fileloc=//etc/inputrc&path=//etc HTTP/1.1" 200 2957 "-" "Amazon CloudFront"
64.252.66.61 - - [03/Sep/2026:01:08:12 +0000] "GET /products/detail/182908925?fileloc=//tmp/sess_7fpv0lprch8fibpodmrffotqod&path=//tmp HTTP/1.1" 200 2557 "-" "Amazon CloudFront"
64.252.66.102 - - [03/Sep/2026:01:08:17 +0000] "GET /products/detail/208628339?path=//sys/bus/node/devices/node0/cpu1/driver/cpu7/driver/cpu2/node0/cpu1/firmware_node/thermal_cooling/device/physical_node/firmware_node/subsystem/devices/device:21/physical_node/subsystem/drivers/nvme/module/drivers/pci:nvme/0000:00:1e.0/nvme/nvme1/nvme1n1/holders/md0/md/rd1 HTTP/1.1" 200 3741 "-" "Amazon CloudFront"
15.158.215.109 - - [03/Sep/2026:01:08:21 +0000] "GET /wp-login.php?fileloc=//tmp/sess_n82ikrs5j8avduiff8au61a3vb&path=//tmp HTTP/1.1" 200 2556 "-" "Mozilla/5.0 AppleWebKit/537.36 (KHTML, like Gecko; compatible; Amazonbot/0.1; +https://developer.amazon.com/support/amazonbot) Chrome/119.0.6045.214 Safari/537.36"
64.252.67.164 - - [03/Sep/2026:01:08:25 +0000] "GET /?path=//sys/class/thermal/cooling_device3/device/physical_node/node0/memory28/node0/cpu5/firmware_node/subsystem/devices/PNP0A03:00/physical_node/pci_bus/0000:00/device/firmware_node/device:02/PNP0501:01/subsystem/devices/LNXSYSTM:00/LNXSLPBN:00/driver/LNXPWRBN:00/input/input3/event1 HTTP/1.1" 200 3424 "-" "Amazon CloudFront"
15.158.215.109 - - [03/Sep/2026:01:08:29 +0000] "GET /wp-login.php?fileloc=//tmp/sess_iur8ke767rfmtd3mt1j0mdidmd&path=//tmp HTTP/1.1" 200 2556 "-" "Mozilla/5.0 AppleWebKit/537.36 (KHTML, like Gecko; compatible; Amazonbot/0.1; +https://developer.amazon.com/support/amazonbot) Chrome/119.0.6045.214 Safari/537.36"
64.252.66.61 - - [03/Sep/2026:01:08:33 +0000] "GET /?path=//sys/class/thermal/cooling_device3/device/physical_node/node0/memory28/node0/cpu5/firmware_node/subsystem/devices/PNP0A03:00/physical_node/pci_bus/0000:00/device/0000:00:04.0/driver/0000:00:04.0/driver/0000:00:1e.0/nvme/nvme1/nvme1n1/subsystem/md0/trace HTTP/1.1" 200 3361 "-" "Amazon CloudFront"
64.252.68.74 - - [03/Sep/2026:01:08:37 +0000] "GET /products/detail/208628339?path=//sys/bus/node/devices/node0/cpu1/driver/cpu7/driver/cpu2/node0/cpu4/firmware_node/subsystem/devices/PNP0A03:00/physical_node/0000:00:04.0/nvme/nvme0/nvme0n1/subsystem/nvme1n1/holders/md0/md/rd0/block/device/nvme1n1/holders/md0/md/rd1/block/device HTTP/1.1" 200 3893 "-" "Amazon CloudFront"
64.252.66.61 - - [03/Sep/2026:01:08:40 +0000] "GET /products/detail/208628339?path=//sys/bus/node/devices/node0/cpu1/driver/cpu7/driver/cpu2/node0/cpu1/firmware_node/thermal_cooling/subsystem/cooling_device1/device/subsystem/devices/LNXSYSTM:00/LNXSYBUS:00/PNP0A03:00/physical_node/firmware_node/device:06/physical_node/nvme/nvme0/device/nvme/nvme0/nvme0n1/mq/1/cpu2 HTTP/1.1" 200 2938 "-" "Amazon CloudFront"
64.252.67.164 - - [03/Sep/2026:01:08:44 +0000] "GET /?path=//sys/bus/memory/devices/memory1/node0/memory30/node0/cpu6/firmware_node/subsystem/devices/device:21/physical_node/driver/module/drivers/pci:nvme/0000:00:1f.0/driver/0000:00:1e.0/nvme/nvme1/nvme1n1/holders/md0/md/rd0/block/device/nvme1n1/holders/md0/md/dev-nvme2n1/block/device/nvme2n1/subsystem/nvme2n1/mq/6/cpu6 HTTP/1.1" 200 3015 "-" "Amazon CloudFront"
64.252.66.61 - - [03/Sep/2026:01:08:48 +0000] "GET /products/detail/187873763?fileloc=//tmp/sess_em3tgeg01kqlijc2hb7m80jq7c&path=//tmp HTTP/1.1" 200 2558 "-" "Amazon CloudFront"
64.252.67.164 - - [03/Sep/2026:01:08:52 +0000] "GET /products/detail/208628339?path=//sys/bus/node/devices/node0/cpu1/driver/cpu7/driver/cpu2/node0/cpu1/firmware_node/thermal_cooling/device/physical_node/firmware_node/subsystem/devices/LNXSYBUS:00/PNP0A03:00/device:06/physical_node/subsystem/drivers/nvme/module/drivers/pci:nvme/0000:00:1e.0/nvme/nvme1/nvme1n1/holders/md0/md HTTP/1.1" 200 4195 "-" "Amazon CloudFront"
64.252.68.74 - - [03/Sep/2026:01:08:56 +0000] "GET /?path=//sys/class/thermal/cooling_device3/device/physical_node/node0/memory28/node0/cpu5/firmware_node/subsystem/devices/LNXSYBUS:00/PNP0A03:00/device:1b/subsystem/devices/LNXSYBUS:00/PNP0A03:00/device:21/physical_node/driver/0000:00:1e.0/nvme/nvme1/nvme1n1/holders/md0/md/dev-nvme2n1/block/holders/md0/md/rd0/block/mq/5 HTTP/1.1" 200 3481 "-" "Amazon CloudFront"
64.252.66.61 - - [03/Sep/2026:01:09:00 +0000] "GET /products/detail/187873763?fileloc=//tmp/sess_4logp9uq69i1b0t88n26hms4ti&path=//tmp HTTP/1.1" 200 2556 "-" "Amazon CloudFront"
15.158.215.109 - - [03/Sep/2026:01:09:05 +0000] "GET /wp-login.php?fileloc=//tmp/sess_l35bj10pemihlmggl5p5qqq4ud&path=//tmp HTTP/1.1" 200 2557 "-" "Mozilla/5.0 AppleWebKit/537.36 (KHTML, like Gecko; compatible; Amazonbot/0.1; +https://developer.amazon.com/support/amazonbot) Chrome/119.0.6045.214 Safari/537.36"
64.252.66.102 - - [03/Sep/2026:01:09:08 +0000] "GET /products/detail/187873763?fileloc=//tmp/sess_9net0s05bdtb65ct9k0878mkpc&path=//tmp HTTP/1.1" 200 2554 "-" "Amazon CloudFront"
64.252.68.74 - - [03/Sep/2026:01:09:12 +0000] "GET /products/detail/187873763?fileloc=//tmp/sess_ef0hu00o2g8s6affkuiit0dcco&path=//tmp HTTP/1.1" 200 2555 "-" "Amazon CloudFront"
64.252.66.102 - - [03/Sep/2026:01:09:16 +0000] "GET /?path=//sys/class/thermal/cooling_device3/device/physical_node/node0/memory28/node0/cpu5/firmware_node/subsystem/devices/PNP0A03:00/physical_node/pci_bus/0000:00/device/0000:00:05.0/subsystem/drivers/nvme/module/drivers/pci:nvme/0000:00:04.0/driver/0000:00:04.0/driver/0000:00:1e.0 HTTP/1.1" 200 4843 "-" "Amazon CloudFront"
64.252.66.61 - - [03/Sep/2026:01:09:20 +0000] "GET /products/detail/208628339?path=//sys/bus/node/devices/node0/cpu1/driver/cpu7/driver/cpu2/node0/cpu4/firmware_node/thermal_cooling/device/physical_node/firmware_node/thermal_cooling/device/subsystem/devices/device:20/physical_node/nvme/nvme1/nvme1n1/subsystem/nvme2n1/holders/md0/md/rd0/block/holders/md0/slaves/nvme1n1/mq HTTP/1.1" 200 3452 "-" "Amazon CloudFront"
64.252.68.74 - - [03/Sep/2026:01:09:24 +0000] "GET /?path=//sys/bus/memory/devices/memory1/node0/memory7/node0/cpu1/subsystem/drivers/processor/cpu5/firmware_node/subsystem/devices/PNP0A03:00/physical_node/firmware_node/physical_node/0000:00:1e.0/driver/0000:00:1e.0/nvme/nvme1/nvme1n1/holders/md0/slaves/nvme1n1/device/device/driver/0000:00:1f.0/nvme/nvme2/nvme2n1/holders/md0/md/dev-nvme2n1/block/mq HTTP/1.1" 200 3557 "-" "Amazon CloudFront"
64.252.70.102 - - [03/Sep/2026:01:09:30 +0000] "GET /prizes/324048723?path=/proc/31286 HTTP/1.1" 200 2602 "-" "Amazon CloudFront"
64.252.66.102 - - [03/Sep/2026:01:09:30 +0000] "GET /?path=//sys/bus/memory/devices/memory1/node0/memory30/node0/cpu6/firmware_node/subsystem/devices/device:21/physical_node/driver/module/drivers/pci:nvme/0000:00:1e.0/driver/0000:00:1f.0/nvme/nvme2/device/nvme/nvme2/nvme2n1/device/nvme2n1/holders/md0/md/rd0/block/holders/md0/md/rd1/block/subsystem/nvme1n1/mq/6 HTTP/1.1" 200 3474 "-" "Amazon CloudFront"
64.252.66.61 - - [03/Sep/2026:01:09:34 +0000] "GET /products/detail/182908925?fileloc=//tmp/sess_7ckkm212nt9jv431k89nflt0mf&path=//tmp HTTP/1.1" 200 2557 "-" "Amazon CloudFront"
64.252.70.102 - - [03/Sep/2026:01:09:34 +0000] "GET /prizes/131652016?path=/var/www/volumes/bb4dc62639834c8b82d03bbdaaba5962 HTTP/1.1" 200 2642 "-" "Amazon CloudFront"
64.252.68.74 - - [03/Sep/2026:01:09:36 +0000] "GET /products/detail/208628339?path=//sys/bus/node/devices/node0/cpu1/driver/cpu7/driver/cpu2/node0/cpu4/firmware_node/subsystem/devices/PNP0A03:00/physical_node/firmware_node/physical_node/0000:00:1e.0/nvme/nvme1/device/nvme/nvme1/subsystem/nvme2/nvme2n1/holders/md0/md/rd1/block HTTP/1.1" 200 4184 "-" "Amazon CloudFront"
15.158.215.109 - - [03/Sep/2026:01:09:40 +0000] "GET /wp-login.php?fileloc=//tmp/sess_eg7l432pe3obdgqrrvahp5mq9j&path=//tmp HTTP/1.1" 200 2558 "-" "Mozilla/5.0 AppleWebKit/537.36 (KHTML, like Gecko; compatible; Amazonbot/0.1; +https://developer.amazon.com/support/amazonbot) Chrome/119.0.6045.214 Safari/537.36"
64.252.67.164 - - [03/Sep/2026:01:09:45 +0000] "GET /?path=//sys/bus/memory/devices/memory14/node0/memory16/node0/cpu1/driver/cpu4/firmware_node/physical_node/subsystem/drivers/processor/cpu2/firmware_node/subsystem/devices/PNP0A03:00/physical_node/pci_bus/0000:00/device/0000:00:04.0/driver/0000:00:1e.0/nvme/nvme1/nvme1n1/holders/md0/slaves/nvme2n1/holders/md0/md/rd1/block/device/nvme2n1/mq/3/cpu3 HTTP/1.1" 200 3057 "-" "Amazon CloudFront"
64.252.68.74 - - [03/Sep/2026:01:09:48 +0000] "GET /products/detail/182908925?fileloc=//tmp/sess_j083ulnilc0v9rfk12tbuln6lj&path=//tmp HTTP/1.1" 200 2556 "-" "Amazon CloudFront"
64.252.68.74 - - [03/Sep/2026:01:09:53 +0000] "GET /products/detail/208628339?path=//sys/bus/node/devices/node0/cpu1/driver/cpu7/driver/cpu2/node0/cpu4/firmware_node/subsystem/devices/PNP0A03:00/physical_node/0000:00:1f.0/nvme/nvme2/subsystem/nvme2/nvme2n1/holders/md0/md/dev-nvme2n1/block/holders/md0/bdi HTTP/1.1" 200 3489 "-" "Amazon CloudFront"
64.252.66.102 - - [03/Sep/2026:01:09:56 +0000] "GET /?path=//sys/class/thermal/cooling_device3/device/physical_node/node0/memory28/node0/cpu5/firmware_node/subsystem/devices/PNP0A03:00/physical_node/pci_bus/0000:00/device/0000:00:1e.0/driver/0000:00:1f.0/nvme/nvme2/nvme2n1/subsystem/nvme0n1/mq/1/cpu2 HTTP/1.1" 200 2900 "-" "Amazon CloudFront"
64.252.67.164 - - [03/Sep/2026:01:10:00 +0000] "GET /?path=//sys/class/thermal/cooling_device3/device/physical_node/node0/memory28/node0/cpu5/firmware_node/subsystem/devices/LNXSYBUS:00/PNP0A03:00/device:1b/subsystem/devices/LNXSYBUS:00/PNP0A03:00/physical_node/pci_bus/0000:00/device/0000:00:1e.0/driver/0000:00:04.0/driver/module/drivers/pci:nvme/0000:00:1e.0/nvme/nvme1/nvme1n1/holders/md0/md/rd0/block/mq/3 HTTP/1.1" 200 3528 "-" "Amazon CloudFront"
64.252.66.102 - - [03/Sep/2026:01:10:05 +0000] "GET /products/detail/187873763?fileloc=//tmp/sess_1lgunk7ogsnr2fd2hulq6mu8hg&path=//tmp HTTP/1.1" 200 2556 "-" "Amazon CloudFront"
64.252.67.164 - - [03/Sep/2026:01:10:10 +0000] "GET /?path=//sys/class/thermal/cooling_device3/device/physical_node/node0/memory28/node0/cpu5/firmware_node/subsystem/devices/PNP0A03:00/physical_node/pci_bus/0000:00/device/0000:00:04.0/driver/0000:00:04.0/driver/0000:00:1f.0/subsystem/drivers/nvme/0000:00:1f.0/nvme HTTP/1.1" 200 3154 "-" "Amazon CloudFront"
64.252.66.61 - - [03/Sep/2026:01:10:13 +0000] "GET /products/detail/208628339?path=//sys/bus/node/devices/node0/cpu1/driver/cpu7/driver/cpu2/node0/cpu4/firmware_node/subsystem/devices/PNP0A03:00/physical_node/0000:00:1e.0/subsystem/drivers/nvme/0000:00:1e.0/nvme/nvme1/nvme1n1/holders/md0/md/rd1/block/device/nvme2n1/holders/md0/md/bitmap HTTP/1.1" 200 3545 "-" "Amazon CloudFront"
64.252.67.164 - - [03/Sep/2026:01:10:16 +0000] "GET /?path=//sys/class/thermal/cooling_device3/device/physical_node/node0/cpu1/driver/cpu0/node0/cpu2/firmware_node/subsystem/devices/LNXSYSTM:00/LNXSYBUS:00/PNP0C0F:04/subsystem/devices/PNP0A03:00/physical_node/0000:00:1f.0/driver/module/drivers/pci:nvme/0000:00:1e.0/nvme/nvme1/nvme1n1/holders/md0/md/dev-nvme1n1/block/holders/md0/md/dev-nvme1n1/block/device/nvme1n1/mq HTTP/1.1" 200 3615 "-" "Amazon CloudFront"
64.252.66.61 - - [03/Sep/2026:01:10:21 +0000] "GET /products/detail/182908925?fileloc=//tmp/sess_2n5ruqbjb6khcj5seenpellj1e&path=//tmp HTTP/1.1" 200 2556 "-" "Amazon CloudFront"
64.252.66.61 - - [03/Sep/2026:01:10:26 +0000] "GET /products/detail/272703723?path=//sys/devices/pci0000:00/firmware_node/physical_node/pci_bus/0000:00/device/firmware_node/physical_node/0000:00:00.0/subsystem/drivers/nvme/module/drivers/pci:nvme/0000:00:1e.0/nvme/nvme1/nvme1n1/device/nvme1n1/holders/md0/md/dev-nvme1n1/block/holders/md0/md/dev-nvme2n1/block/bdi/subsystem/0:38/power HTTP/1.1" 200 3470 "-" "Amazon CloudFront"
15.158.215.109 - - [03/Sep/2026:01:10:29 +0000] "GET /wp-login.php?fileloc=//tmp/sess_i5ev72csivclrml3i04g8ko1jn&path=//tmp HTTP/1.1" 200 2557 "-" "Mozilla/5.0 AppleWebKit/537.36 (KHTML, like Gecko; compatible; Amazonbot/0.1; +https://developer.amazon.com/support/amazonbot) Chrome/119.0.6045.214 Safari/537.36"
64.252.68.74 - - [03/Sep/2026:01:10:33 +0000] "GET /?path=//sys/class/thermal/cooling_device3/device/physical_node/node0/memory28/node0/cpu5/firmware_node/subsystem/devices/PNP0A03:00/physical_node/pci_bus/0000:00/device/0000:00:1e.0/driver/module/drivers/pci:nvme/0000:00:04.0/driver/0000:00:1f.0/subsystem/devices/0000:00:01.0/firmware_node/PNP0303:00 HTTP/1.1" 200 3547 "-" "Amazon CloudFront"
64.252.66.61 - - [03/Sep/2026:01:10:36 +0000] "GET /products/detail/182908925?fileloc=//tmp/sess_8te957ud5ps2n6la8v24fujc7i&path=//tmp HTTP/1.1" 200 2555 "-" "Amazon CloudFront"
64.252.66.102 - - [03/Sep/2026:01:10:40 +0000] "GET /?path=//sys/class/thermal/cooling_device3/device/physical_node/node0/memory28/node0/cpu5/firmware_node/subsystem/devices/LNXSYBUS:00/PNP0A03:00/device:1b/subsystem/devices/LNXSYBUS:00/PNP0A03:00/physical_node/pci_bus/0000:00/device/0000:00:1e.0/driver/0000:00:04.0/driver/module/drivers/pci:nvme/0000:00:1e.0/nvme/nvme1/nvme1n1/holders/md0/md/rd0/block/mq/2 HTTP/1.1" 200 3527 "-" "Amazon CloudFront"
15.158.215.109 - - [03/Sep/2026:01:10:44 +0000] "GET /wp-login.php?fileloc=//tmp/sess_enq2ehia9rlbqimqkrcem4ltsv&path=//tmp HTTP/1.1" 200 2556 "-" "Mozilla/5.0 AppleWebKit/537.36 (KHTML, like Gecko; compatible; Amazonbot/0.1; +https://developer.amazon.com/support/amazonbot) Chrome/119.0.6045.214 Safari/537.36"
64.252.66.61 - - [03/Sep/2026:01:10:49 +0000] "GET /products/detail/208628339?path=//sys/bus/node/devices/node0/cpu1/driver/cpu7/driver/cpu2/node0/cpu4/firmware_node/thermal_cooling/device/physical_node/firmware_node/thermal_cooling/device/subsystem/devices/device:20/physical_node/nvme/nvme1/subsystem/nvme1/nvme1n1/holders/md0/slaves/nvme1n1/holders/md0/md/rd0 HTTP/1.1" 200 3737 "-" "Amazon CloudFront"
64.252.68.74 - - [03/Sep/2026:01:10:53 +0000] "GET /products/detail/187873763?fileloc=//tmp/sess_o6rkqq5dss2cjbp2v86mk89mo4&path=//tmp HTTP/1.1" 200 2557 "-" "Amazon CloudFront"
64.252.66.102 - - [03/Sep/2026:01:10:57 +0000] "GET /?path=//sys/class/thermal/cooling_device3/device/physical_node/node0/memory28/node0/cpu5/firmware_node/subsystem/devices/LNXSYBUS:00/PNP0A03:00/device:1b/subsystem/devices/LNXSYBUS:00/PNP0A03:00/device:21/physical_node/driver/module/drivers/pci:nvme/0000:00:04.0/driver/0000:00:1e.0/nvme/nvme1/nvme1n1/holders/md0/slaves/nvme1n1/holders/md0/md/dev-nvme1n1/block/bdi/power HTTP/1.1" 200 3585 "-" "Amazon CloudFront"
64.252.67.164 - - [03/Sep/2026:01:11:01 +0000] "GET /products/detail/187873763?fileloc=//tmp/sess_tcl1tn1q64q7qohk8vlb6ap24s&path=//tmp HTTP/1.1" 200 2556 "-" "Amazon CloudFront"
15.158.215.109 - - [03/Sep/2026:01:11:05 +0000] "GET /wp-login.php?fileloc=//tmp/sess_l496ms0kr68p8kaegedl83hqkd&path=//tmp HTTP/1.1" 200 2557 "-" "Mozilla/5.0 AppleWebKit/537.36 (KHTML, like Gecko; compatible; Amazonbot/0.1; +https://developer.amazon.com/support/amazonbot) Chrome/119.0.6045.214 Safari/537.36"
64.252.68.74 - - [03/Sep/2026:01:11:09 +0000] "GET /?path=//sys/class/thermal/cooling_device3/device/physical_node/node0/memory28/node0/cpu5/firmware_node/subsystem/devices/PNP0A03:00/physical_node/pci_bus/0000:00/device/firmware_node/device:1d/subsystem/devices/LNXSYSTM:00/LNXSLPBN:00/driver/LNXPWRBN:00/driver/LNXSLPBN:00 HTTP/1.1" 200 3487 "-" "Amazon CloudFront"
64.252.68.74 - - [03/Sep/2026:01:11:13 +0000] "GET /?path=//sys/bus/memory/devices/memory1/node0/memory30/node0/cpu6/firmware_node/subsystem/devices/device:21/physical_node/driver/0000:00:1e.0/subsystem/drivers/nvme/0000:00:04.0/driver/module/drivers/pci:nvme/0000:00:1e.0/firmware_node/physical_node/nvme/nvme1/nvme1n1/holders/md0/md/dev-nvme2n1/block/device/nvme2n1/holders/md0/md/dev-nvme2n1/block/device/nvme2n1/mq/6/cpu6 HTTP/1.1" 200 3044 "-" "Amazon CloudFront"
64.252.67.164 - - [03/Sep/2026:01:11:16 +0000] "GET /products/detail/208628339?path=//sys/bus/node/devices/node0/cpu1/driver/cpu7/driver/cpu2/node0/cpu1/firmware_node/thermal_cooling/device/physical_node/firmware_node/subsystem/devices/LNXSYSTM:00/LNXSYBUS:00/PNP0A03:00/device:06/physical_node/nvme/nvme0/nvme0n1/subsystem/nvme1n1/mq/6/cpu6 HTTP/1.1" 200 2917 "-" "Amazon CloudFront"
64.252.68.74 - - [03/Sep/2026:01:11:20 +0000] "GET /?path=//sys/bus/node/devices/node0/memory25/node0/cpu1/driver/cpu4/firmware_node/subsystem/devices/device:06/physical_node/driver/0000:00:1e.0/nvme/nvme1/device/firmware_node/physical_node/nvme/nvme1/subsystem/nvme2/nvme2n1/holders/md0/md/dev-nvme1n1/block/device/nvme1n1 HTTP/1.1" 200 4226 "-" "Amazon CloudFront"
15.158.215.109 - - [03/Sep/2026:01:11:24 +0000] "GET /wp-login.php?fileloc=//tmp/sess_l4gvhfpj6thogtdv8nvc1brfge&path=//tmp HTTP/1.1" 200 2557 "-" "Mozilla/5.0 AppleWebKit/537.36 (KHTML, like Gecko; compatible; Amazonbot/0.1; +https://developer.amazon.com/support/amazonbot) Chrome/119.0.6045.214 Safari/537.36"
64.252.66.102 - - [03/Sep/2026:01:11:30 +0000] "GET /products/detail/208628339?path=//sys/bus/node/devices/node0/cpu1/driver/cpu7/driver/cpu2/node0/cpu4/firmware_node/subsystem/devices/PNP0A03:00/physical_node/0000:00:04.0/firmware_node/physical_node/nvme/nvme0/device/nvme/nvme0/subsystem/nvme2/nvme2n1/holders/md0/slaves/nvme1n1/mq/4/cpu4 HTTP/1.1" 200 2927 "-" "Amazon CloudFront"
64.252.68.74 - - [03/Sep/2026:01:11:31 +0000] "GET /products/detail/169064551?path=/var/www/volumes/89f46155da9f4d96a10cbfd4f2cc02ee HTTP/1.1" 200 2642 "-" "Amazon CloudFront"
64.252.66.61 - - [03/Sep/2026:01:11:32 +0000] "GET /products/detail/187873763?fileloc=//tmp/sess_1oeno7ljl1q2qmer3j46dt414t&path=//tmp HTTP/1.1" 200 2556 "-" "Amazon CloudFront"
64.252.68.74 - - [03/Sep/2026:01:11:36 +0000] "GET /products/detail/208628339?path=//sys/bus/node/devices/node0/cpu1/driver/cpu7/driver/cpu2/node0/cpu4/firmware_node/subsystem/devices/PNP0A03:00/physical_node/0000:00:1f.0/nvme/nvme2/subsystem/nvme2/nvme2n1/holders/md0/md/dev-nvme2n1/block/holders/md0/queue HTTP/1.1" 200 4611 "-" "Amazon CloudFront"
64.252.67.164 - - [03/Sep/2026:01:11:40 +0000] "GET /?path=//sys/class/thermal/cooling_device3/device/physical_node/node0/memory28/node0/cpu5/firmware_node/subsystem/devices/PNP0A03:00/physical_node/pci_bus/0000:00/device/0000:00:1f.0/driver/module/drivers/pci:nvme/0000:00:04.0/firmware_node/subsystem/devices/PNP0A03:00/device:13 HTTP/1.1" 200 3506 "-" "Amazon CloudFront"
64.252.67.164 - - [03/Sep/2026:01:11:45 +0000] "GET /?path=//sys/class/thermal/cooling_device3/device/physical_node/node0/cpu1/driver/cpu0/node0/cpu2/firmware_node/subsystem/devices/PNP0303:00/subsystem/devices/LNXSYBUS:00/PNP0A03:00/physical_node/0000:00:1f.0/nvme/nvme2/nvme2n1/holders/md0/slaves/nvme2n1/holders/md0/md/dev-nvme1n1/block/device/nvme1n1/mq/2 HTTP/1.1" 200 3457 "-" "Amazon CloudFront"
15.158.215.109 - - [03/Sep/2026:01:11:49 +0000] "GET /wp-login.php?fileloc=//tmp/sess_em3cvhvvbumsnf4b6aabeai8vk&path=//tmp HTTP/1.1" 200 2554 "-" "Mozilla/5.0 AppleWebKit/537.36 (KHTML, like Gecko; compatible; Amazonbot/0.1; +https://developer.amazon.com/support/amazonbot) Chrome/119.0.6045.214 Safari/537.36"
64.252.68.74 - - [03/Sep/2026:01:11:52 +0000] "GET /products/detail/187873763?fileloc=//tmp/sess_sn08dnmuhkaub6truflntpuigm&path=//tmp HTTP/1.1" 200 2553 "-" "Amazon CloudFront"
64.252.68.74 - - [03/Sep/2026:01:11:56 +0000] "GET /?path=//sys/bus/memory/devices/memory1/node0/memory7/node0/cpu1/subsystem/drivers/processor/cpu5/firmware_node/subsystem/devices/PNP0A03:00/physical_node/firmware_node/physical_node/0000:00:1e.0/driver/0000:00:1f.0/driver/0000:00:1e.0/nvme/nvme1/nvme1n1/device/nvme1n1/holders/md0/md/rd0/block/holders/md0/md/rd1/block/device/nvme2n1/mq/1 HTTP/1.1" 200 3504 "-" "Amazon CloudFront"
64.252.66.61 - - [03/Sep/2026:01:12:01 +0000] "GET /products/detail/187873763?fileloc=//tmp/sess_rla5b1kt7455qpainc2qlkvpht&path=//tmp HTTP/1.1" 200 2556 "-" "Amazon CloudFront"
64.252.66.61 - - [03/Sep/2026:01:12:05 +0000] "GET /?path=//sys/class/thermal/cooling_device3/device/physical_node/node0/memory28/node0/cpu5/firmware_node/subsystem/devices/PNP0A03:00/physical_node/pci_bus/0000:00/device/0000:00:05.0/subsystem/devices/0000:00:04.0/driver/0000:00:1e.0/nvme/nvme1/power HTTP/1.1" 200 3380 "-" "Amazon CloudFront"
15.158.215.109 - - [03/Sep/2026:01:12:08 +0000] "GET /wp-login.php?fileloc=//tmp/sess_knou1iu8anv0dflk85lbpa9l8d&path=//tmp HTTP/1.1" 200 2556 "-" "Mozilla/5.0 AppleWebKit/537.36 (KHTML, like Gecko; compatible; Amazonbot/0.1; +https://developer.amazon.com/support/amazonbot) Chrome/119.0.6045.214 Safari/537.36"
64.252.66.102 - - [03/Sep/2026:01:12:13 +0000] "GET /products/detail/187873763?fileloc=//tmp/sess_27cnali9qt81mm5cmsveed5m1n&path=//tmp HTTP/1.1" 200 2556 "-" "Amazon CloudFront"
64.252.66.61 - - [03/Sep/2026:01:12:16 +0000] "GET /?path=//sys/bus/memory/devices/memory1/node0/memory30/node0/cpu6/firmware_node/subsystem/devices/device:21/physical_node/driver/module/drivers/pci:nvme/0000:00:1e.0/nvme/nvme1/nvme1n1/device/nvme1n1/holders/md0/md/dev-nvme2n1/block/device/subsystem/nvme2/nvme2n1/holders/md0/md/dev-nvme2n1/block/mq/1 HTTP/1.1" 200 3435 "-" "Amazon CloudFront"
64.252.67.164 - - [03/Sep/2026:01:12:21 +0000] "GET /products/detail/182908925?fileloc=//tmp/sess_bv35a8lhlef43delvkvedg0o8u&path=//tmp HTTP/1.1" 200 2557 "-" "Amazon CloudFront"
64.252.68.74 - - [03/Sep/2026:01:12:26 +0000] "GET /products/detail/187873763?fileloc=//tmp/sess_4uinlqba07n4hqivje60md2pp2&path=//tmp HTTP/1.1" 200 2556 "-" "Amazon CloudFront"
64.252.66.61 - - [03/Sep/2026:01:12:29 +0000] "GET /products/detail/208628339?path=//sys/bus/node/devices/node0/cpu1/driver/cpu7/driver/cpu2/node0/cpu4/firmware_node/thermal_cooling/device/physical_node/firmware_node/thermal_cooling/device/subsystem/devices/LNXSYSTM:00/LNXSYBUS:00/PNP0A03:00/device:21/physical_node/nvme/nvme2/nvme2n1/holders/md0/md/rd1/block/holders/md0/subsystem/nvme0n1p128 HTTP/1.1" 200 3928 "-" "Amazon CloudFront"
64.252.66.61 - - [03/Sep/2026:01:12:31 +0000] "GET /?fileloc=//etc/machine-id&path=//etc HTTP/1.1" 200 2567 "-" "Amazon CloudFront"
64.252.66.102 - - [03/Sep/2026:01:12:32 +0000] "GET /products/detail/187873763?fileloc=//tmp/sess_c1jkfmht5ng6jnlae8qjq7gj4g&path=//tmp HTTP/1.1" 200 2558 "-" "Amazon CloudFront"
15.158.215.109 - - [03/Sep/2026:01:12:37 +0000] "GET /wp-login.php?fileloc=//tmp/sess_hevj97cfik4l0mc25f6sojcatv&path=//tmp HTTP/1.1" 200 2557 "-" "Mozilla/5.0 AppleWebKit/537.36 (KHTML, like Gecko; compatible; Amazonbot/0.1; +https://developer.amazon.com/support/amazonbot) Chrome/119.0.6045.214 Safari/537.36"
15.158.215.109 - - [03/Sep/2026:01:12:41 +0000] "GET /wp-login.php?fileloc=//tmp/sess_bmo1nf2uu5v9h02cikqgi9ffn1&path=//tmp HTTP/1.1" 200 2557 "-" "Mozilla/5.0 AppleWebKit/537.36 (KHTML, like Gecko; compatible; Amazonbot/0.1; +https://developer.amazon.com/support/amazonbot) Chrome/119.0.6045.214 Safari/537.36"
64.252.66.61 - - [03/Sep/2026:01:12:44 +0000] "GET /products/detail/187873763?fileloc=//tmp/sess_uh58ddb7q1vh0cmbknbl5p48lu&path=//tmp HTTP/1.1" 200 2557 "-" "Amazon CloudFront"
64.252.66.61 - - [03/Sep/2026:01:12:49 +0000] "GET /products/detail/208628339?path=//sys/bus/node/devices/node0/cpu1/driver/cpu7/driver/cpu2/node0/cpu4/firmware_node/subsystem/devices/PNP0A03:00/physical_node/0000:00:1e.0/subsystem/drivers/nvme/0000:00:1e.0/nvme/nvme1/nvme1n1/holders/md0/slaves/nvme1n1/holders/md0/md/rd0/block/device/device/firmware_node HTTP/1.1" 200 3553 "-" "Amazon CloudFront"
64.252.66.61 - - [03/Sep/2026:01:12:53 +0000] "GET /?path=//sys/class/thermal/cooling_device3/device/physical_node/node0/cpu0/node0/cpu4/firmware_node/subsystem/devices/LNXSYSTM:00/LNXSYBUS:01/subsystem/devices/PNP0A03:00/physical_node/0000:00:1e.0/driver/module/drivers/pci:nvme/module/drivers/pci:nvme/0000:00:1e.0/driver/0000:00:1f.0/nvme/nvme2/device/nvme/nvme2/nvme2n1/holders/md0/md/rd0/block/mq/5 HTTP/1.1" 200 3524 "-" "Amazon CloudFront"
