64.252.68.74 - - [03/Sep/2026:01:20:48 +0000] "GET /?path=//sys/bus/memory/devices/memory1/node0/memory30/node0/cpu6/firmware_node/subsystem/devices/device:21/physical_node/driver/module/drivers/pci:nvme/0000:00:1e.0/nvme/nvme1/nvme1n1/device/subsystem/nvme0/device/firmware_node/physical_node/driver/module/drivers/pci:nvme/0000:00:1f.0/nvme/nvme2/nvme2n1/holders/md0/md/rd0/block/holders/md0/slaves/nvme1n1/bdi HTTP/1.1" 200 3693 "-" "Amazon CloudFront"
64.252.66.61 - - [03/Sep/2026:01:20:55 +0000] "GET /?path=//sys/bus/memory/devices/memory14/node0/memory20/node0/cpu7/driver/cpu2/driver/cpu4/firmware_node/subsystem/devices/PNP0A03:00/physical_node/0000:00:1f.0/firmware_node/physical_node/nvme/nvme2/device/nvme/nvme2/nvme2n1/subsystem/nvme1n1/device/nvme1n1/holders/md0/md/dev-nvme1n1/block/holders/md0/md/dev-nvme2n1/block/mq/7/cpu7 HTTP/1.1" 200 3017 "-" "Amazon CloudFront"
64.252.68.74 - - [03/Sep/2026:01:20:56 +0000] "GET /?path=//sys/class/thermal/cooling_device3/device/physical_node/node0/memory28/node0/cpu5/firmware_node/subsystem/devices/PNP0A03:00/physical_node/pci_bus/0000:00/device/0000:00:1e.0/driver/module/drivers/pci:nvme/0000:00:1f.0/subsystem/drivers/ena/0000:00:05.0/net HTTP/1.1" 200 3185 "-" "Amazon CloudFront"
64.252.68.74 - - [03/Sep/2026:01:21:02 +0000] "GET /?path=//sys/class/thermal/cooling_device3/device/physical_node/node0/cpu1/driver/cpu0/node0/cpu2/firmware_node/subsystem/devices/PNP0303:00/subsystem/devices/PNP0A03:00/physical_node/pci_bus/0000:00/device/0000:00:1f.0/driver/module/drivers/pci:nvme/module/drivers/pci:nvme/0000:00:1e.0/nvme/nvme1/nvme1n1/holders/md0/slaves/nvme1n1/mq/5 HTTP/1.1" 200 3505 "-" "Amazon CloudFront"
64.252.72.118 - - [03/Sep/2026:01:21:04 +0000] "GET /prizes/168417450?path=/var/www/volumes/a975bbb5a809478babda26a106c80f5e HTTP/1.1" 200 2642 "-" "Amazon CloudFront"
64.252.70.102 - - [03/Sep/2026:01:21:04 +0000] "GET /products/detail/219385814?path=/var/www/volumes/lost+found HTTP/1.1" 200 2625 "-" "Amazon CloudFront"
64.252.66.102 - - [03/Sep/2026:01:21:05 +0000] "GET /?fileloc=//etc/idmapd.conf&path=//etc HTTP/1.1" 200 4391 "-" "Amazon CloudFront"
64.252.66.61 - - [03/Sep/2026:01:21:05 +0000] "GET /?path=//sys/class/thermal/cooling_device3/device/physical_node/node0/memory28/node0/cpu5/firmware_node/subsystem/devices/PNP0A03:00/physical_node/pci_bus/0000:00/device/0000:00:1f.0/driver/0000:00:04.0/driver/0000:00:1f.0/subsystem/slots/25/module/parameters HTTP/1.1" 200 3194 "-" "Amazon CloudFront"
64.252.72.118 - - [03/Sep/2026:01:21:08 +0000] "GET /prizes/80015743?path=/etc/xinetd.d HTTP/1.1" 200 2874 "-" "Amazon CloudFront"
64.252.68.74 - - [03/Sep/2026:01:21:08 +0000] "GET /?path=//sys/bus/memory/devices/memory14/node0/memory16/node0/cpu1/driver/cpu4/firmware_node/physical_node/subsystem/drivers/processor/cpu2/firmware_node/subsystem/devices/PNP0A03:00/physical_node/pci_bus/0000:00/device/0000:00:04.0/driver/module/drivers/pci:nvme/0000:00:1f.0/nvme/nvme2/nvme2n1/holders/md0/md/rd0/block/holders/md0/md/rd1/block/device/nvme2n1/mq/4/cpu4 HTTP/1.1" 200 3083 "-" "Amazon CloudFront"
64.252.67.164 - - [03/Sep/2026:01:21:13 +0000] "GET /?path=//sys/class/thermal/cooling_device3/device/physical_node/node0/memory28/node0/cpu5/firmware_node/subsystem/devices/PNP0A03:00/physical_node/pci_bus/0000:00/device/0000:00:1e.0/driver/module/drivers/pci:nvme/0000:00:1e.0/driver/0000:00:04.0/firmware_node/subsystem/devices/PNP0A03:00/device:0b HTTP/1.1" 200 3523 "-" "Amazon CloudFront"
64.252.71.147 - - [03/Sep/2026:01:21:13 +0000] "GET /prizes/107266278?path=/s3/d56237f297944d598b141f3b730c4e1f/wordpress HTTP/1.1" 200 2890 "-" "Amazon CloudFront"
64.252.70.102 - - [03/Sep/2026:01:21:13 +0000] "GET /prizes/136978874?path=/var/www/volumes/0d12edd31ab0488b8d201eff314afd52 HTTP/1.1" 200 2642 "-" "Amazon CloudFront"
64.252.66.61 - - [03/Sep/2026:01:21:16 +0000] "GET /?path=//sys/class/thermal/cooling_device3/device/physical_node/node0/memory28/node0/cpu5/firmware_node/subsystem/devices/PNP0A03:00/physical_node/pci_bus/0000:00/device/0000:00:1e.0/driver/module/drivers/pci:nvme/0000:00:1e.0/driver/0000:00:04.0/firmware_node/subsystem/devices/PNP0A03:00/device:06 HTTP/1.1" 200 3541 "-" "Amazon CloudFront"
64.252.68.74 - - [03/Sep/2026:01:21:21 +0000] "GET /products/detail/272703723?path=//sys/devices/pci0000:00/firmware_node/physical_node/pci_bus/0000:00/device/firmware_node/physical_node/0000:00:00.0/subsystem/drivers/nvme/module/drivers/pci:nvme/0000:00:04.0/driver/0000:00:1e.0/driver/0000:00:1e.0/subsystem/devices/0000:00:1f.0/nvme/nvme2/nvme2n1/holders/md0/md/rd1/block/holders/md0/md/dev-nvme2n1/block/device/nvme2n1/bdi/power HTTP/1.1" 200 3527 "-" "Amazon CloudFront"
64.252.67.164 - - [03/Sep/2026:01:21:24 +0000] "GET /?path=//sys/class/thermal/cooling_device3/device/physical_node/node0/memory28/node0/cpu5/firmware_node/subsystem/devices/PNP0A03:00/physical_node/pci_bus/0000:00/device/0000:00:1e.0/driver/0000:00:04.0/driver/0000:00:1e.0/firmware_node/subsystem/devices/LNXSYSTM:00/LNXSYBUS:00/LNXCPU:04 HTTP/1.1" 200 3642 "-" "Amazon CloudFront"
64.252.66.61 - - [03/Sep/2026:01:21:28 +0000] "GET /?path=//sys/class/thermal/cooling_device3/device/physical_node/node0/memory28/node0/cpu5/firmware_node/subsystem/devices/PNP0A03:00/physical_node/pci_bus/0000:00/device/0000:00:01.3/firmware_node/subsystem/devices/LNXSYSTM:00/LNXPWRBN:00/driver/LNXSLPBN:00/driver/LNXSLPBN:00/input/input4/id HTTP/1.1" 200 3358 "-" "Amazon CloudFront"
64.252.66.61 - - [03/Sep/2026:01:21:36 +0000] "GET /?path=//sys/bus/memory/devices/memory14/node0/memory16/node0/cpu1/driver/cpu4/firmware_node/physical_node/subsystem/drivers/processor/cpu2/firmware_node/subsystem/devices/PNP0A03:00/physical_node/pci_bus/0000:00/device/0000:00:04.0/driver/module/drivers/pci:nvme/0000:00:1f.0/nvme/nvme2/nvme2n1/holders/md0/md/rd1/block/device/nvme2n1/holders/md0/md/rd1/block/mq/6 HTTP/1.1" 200 3549 "-" "Amazon CloudFront"
64.252.67.164 - - [03/Sep/2026:01:21:38 +0000] "GET /?path=//sys/class/thermal/cooling_device3/device/physical_node/node0/memory28/node0/cpu5/firmware_node/subsystem/devices/PNP0A03:00/physical_node/pci_bus/0000:00/device/0000:00:1f.0/driver/module/drivers/pci:nvme/0000:00:04.0/firmware_node/subsystem/devices/device:09/power HTTP/1.1" 200 3411 "-" "Amazon CloudFront"
64.252.66.102 - - [03/Sep/2026:01:21:41 +0000] "GET /?path=//sys/class/thermal/cooling_device3/device/physical_node/node0/memory28/node0/cpu5/firmware_node/subsystem/devices/PNP0A03:00/physical_node/pci_bus/0000:00/device/0000:00:1f.0/driver/0000:00:04.0/driver/0000:00:1f.0/subsystem/slots/10/module/parameters HTTP/1.1" 200 3189 "-" "Amazon CloudFront"
64.252.66.102 - - [03/Sep/2026:01:21:45 +0000] "GET /?path=//sys/class/thermal/cooling_device3/device/physical_node/node0/memory28/node0/cpu5/firmware_node/subsystem/devices/LNXSYBUS:00/PNP0A03:00/device:1b/subsystem/devices/LNXSYBUS:00/PNP0A03:00/device:21/physical_node/driver/0000:00:1e.0/nvme/nvme1/nvme1n1/holders/md0/md/rd1/block/holders/md0/md/dev-nvme1n1/block/power HTTP/1.1" 200 3531 "-" "Amazon CloudFront"
64.252.66.102 - - [03/Sep/2026:01:21:48 +0000] "GET /?path=//sys/class/thermal/cooling_device3/device/physical_node/node0/memory28/node0/cpu5/firmware_node/subsystem/devices/PNP0A03:00/physical_node/pci_bus/0000:00/device/0000:00:1f.0/driver/module/drivers/pci:nvme/0000:00:04.0/firmware_node/subsystem/devices/device:02/PNP0B00:00 HTTP/1.1" 200 3502 "-" "Amazon CloudFront"
64.252.66.102 - - [03/Sep/2026:01:21:52 +0000] "GET /?path=//sys/class/thermal/cooling_device3/device/physical_node/node0/memory28/node0/cpu5/firmware_node/subsystem/devices/PNP0A03:00/physical_node/pci_bus/0000:00/device/0000:00:01.0/subsystem/drivers/nvme/module/drivers/pci:nvme/0000:00:1e.0/driver/0000:00:1e.0/msi_irqs HTTP/1.1" 200 3439 "-" "Amazon CloudFront"
64.252.67.164 - - [03/Sep/2026:01:21:56 +0000] "GET /?path=//sys/class/thermal/cooling_device3/device/physical_node/node0/memory28/node0/cpu5/firmware_node/subsystem/devices/PNP0A03:00/physical_node/pci_bus/0000:00/device/0000:00:00.0/subsystem/drivers/nvme/0000:00:1e.0/driver/0000:00:04.0/driver/0000:00:1e.0/nvme/nvme1/nvme1n1 HTTP/1.1" 200 4217 "-" "Amazon CloudFront"
64.252.66.61 - - [03/Sep/2026:01:22:02 +0000] "GET /?path=//sys/bus/acpi/devices/LNXCPU:06/physical_node/node0/memory21/node0/cpu0/subsystem/drivers/processor/cpu6/firmware_node/subsystem/devices/device:06/physical_node/driver/0000:00:04.0/driver/0000:00:1f.0/nvme/nvme2/nvme2n1/device/nvme2n1/holders/md0/slaves/nvme1n1/holders/md0/md/rd0/block/device/nvme1n1/mq/0 HTTP/1.1" 200 3458 "-" "Amazon CloudFront"
64.252.66.102 - - [03/Sep/2026:01:22:05 +0000] "GET /products/detail/208628339?path=//sys/bus/node/devices/node0/cpu1/driver/cpu7/driver/cpu2/node0/cpu1/firmware_node/thermal_cooling/device/physical_node/firmware_node/subsystem/devices/PNP0A03:00/physical_node/0000:00:1e.0/nvme/nvme1/nvme1n1/holders/md0/subsystem/nvme2n1/device/nvme2n1/mq/5 HTTP/1.1" 200 3369 "-" "Amazon CloudFront"
64.252.66.61 - - [03/Sep/2026:01:22:08 +0000] "GET /?path=//sys/bus/memory/devices/memory1/node0/memory28/node0/cpu2/driver/cpu4/firmware_node/subsystem/devices/PNP0A03:00/physical_node/0000:00:04.0/driver/0000:00:1f.0/subsystem/drivers/nvme/0000:00:1f.0/nvme/nvme2/nvme2n1/holders/md0/slaves/nvme2n1/holders/md0/md/rd0/block/device/nvme1n1/mq/2/cpu2 HTTP/1.1" 200 2994 "-" "Amazon CloudFront"
64.252.68.74 - - [03/Sep/2026:01:22:16 +0000] "GET /?path=//sys/bus/memory/devices/memory14/node0/memory16/node0/cpu1/driver/cpu4/firmware_node/physical_node/subsystem/drivers/processor/cpu2/firmware_node/subsystem/devices/PNP0A03:00/physical_node/pci_bus/0000:00/device/0000:00:04.0/driver/module/drivers/pci:nvme/0000:00:1f.0/nvme/nvme2/nvme2n1/holders/md0/md/dev-nvme2n1/block/device/nvme2n1/holders/md0/md/rd1/block/slaves HTTP/1.1" 200 3073 "-" "Amazon CloudFront"
64.252.66.61 - - [03/Sep/2026:01:22:19 +0000] "GET /products/detail/208628339?path=//sys/bus/node/devices/node0/cpu1/driver/cpu7/driver/cpu2/node0/cpu1/firmware_node/thermal_cooling/device/physical_node/firmware_node/subsystem/drivers/button/LNXSLPBN:00/subsystem/devices/PNP0A03:00/physical_node/0000:00:1f.0/nvme/nvme2/nvme2n1/device/nvme2n1/holders/md0/md/rd1/block/mq HTTP/1.1" 200 3486 "-" "Amazon CloudFront"
64.252.66.61 - - [03/Sep/2026:01:22:22 +0000] "GET /?path=//sys/bus/memory/devices/memory1/node0/memory28/node0/cpu2/driver/cpu4/firmware_node/subsystem/devices/PNP0A03:00/physical_node/0000:00:04.0/driver/0000:00:1f.0/subsystem/drivers/nvme/0000:00:1f.0/nvme/nvme2/nvme2n1/holders/md0/md/dev-nvme2n1/block/holders/md0/md/dev-nvme1n1/block/bdi/power HTTP/1.1" 200 3480 "-" "Amazon CloudFront"
64.252.68.74 - - [03/Sep/2026:01:22:26 +0000] "GET /?path=//sys/bus/memory/devices/memory1/node0/memory30/node0/cpu6/firmware_node/subsystem/devices/device:21/physical_node/driver/module/drivers/pci:nvme/0000:00:1e.0/driver/0000:00:1f.0/nvme/nvme2/nvme2n1/subsystem/nvme2n1/holders/md0/md/dev-nvme1n1/block/holders/md0/md/dev-nvme1n1/block/device/nvme1n1/device/nvme1n1/mq/7 HTTP/1.1" 200 3483 "-" "Amazon CloudFront"
64.252.68.74 - - [03/Sep/2026:01:22:30 +0000] "GET /?path=//sys/bus/memory/devices/memory1/node0/memory30/node0/cpu6/firmware_node/subsystem/devices/device:21/physical_node/driver/module/drivers/pci:nvme/0000:00:1e.0/driver/0000:00:1f.0/nvme/nvme2/nvme2n1/subsystem/md0/md/rd0/block/device/nvme1n1/device/nvme1n1/holders/md0/md/dev-nvme2n1/block/mq/1 HTTP/1.1" 200 3447 "-" "Amazon CloudFront"
64.252.68.74 - - [03/Sep/2026:01:22:34 +0000] "GET /products/detail/208628339?path=//sys/bus/node/devices/node0/cpu1/driver/cpu7/driver/cpu2/node0/cpu4/firmware_node/subsystem/devices/PNP0A03:00/device:06/physical_node/firmware_node/physical_node/nvme/nvme0/nvme0n1/device/nvme0n1/subsystem/md0/md/rd1/block/holders/md0/md/dev-nvme1n1/block/mq HTTP/1.1" 200 3442 "-" "Amazon CloudFront"
64.252.66.61 - - [03/Sep/2026:01:22:37 +0000] "GET /?path=//sys/class/thermal/cooling_device3/device/physical_node/node0/cpu1/driver/cpu0/node0/cpu2/firmware_node/subsystem/devices/LNXSYSTM:00/LNXSYBUS:00/PNP0C0F:04/subsystem/devices/PNP0A03:00/physical_node/pci_bus/0000:00/device/0000:00:1f.0/driver/module/drivers/pci:nvme/module/drivers/pci:nvme/0000:00:1f.0/nvme/nvme2/nvme2n1/holders/md0/slaves/nvme2n1/holders/md0/slaves/nvme1n1/mq/6 HTTP/1.1" 200 3580 "-" "Amazon CloudFront"
64.252.67.164 - - [03/Sep/2026:01:22:40 +0000] "GET /products/detail/208628339?path=//sys/bus/node/devices/node0/cpu1/driver/cpu7/driver/cpu2/node0/cpu4/firmware_node/subsystem/devices/PNP0A03:00/device:06/physical_node/firmware_node/physical_node/nvme/nvme0/nvme0n1/device/nvme0n1/subsystem/md0/md/rd1/block/holders/md0/md/dev-nvme1n1/block/queue HTTP/1.1" 200 4728 "-" "Amazon CloudFront"
64.252.66.102 - - [03/Sep/2026:01:22:45 +0000] "GET /products/detail/208628339?path=//sys/bus/node/devices/node0/cpu1/driver/cpu7/driver/cpu2/node0/cpu4/firmware_node/subsystem/devices/PNP0A03:00/physical_node/0000:00:04.0/nvme/nvme0/nvme0n1/subsystem/nvme1n1/holders/md0/slaves/nvme2n1/holders/md0/md/rd0/block/device/nvme1n1/mq/3 HTTP/1.1" 200 3388 "-" "Amazon CloudFront"
64.252.66.61 - - [03/Sep/2026:01:22:48 +0000] "GET /?path=//sys/class/thermal/cooling_device3/device/physical_node/node0/memory28/node0/cpu3/driver/cpu0/firmware_node/subsystem/devices/device:05/subsystem/devices/LNXSYBUS:00/PNP0A03:00/physical_node/0000:00:04.0/driver/module/drivers/pci:nvme/module/drivers/pci:nvme/0000:00:1f.0/nvme/nvme2/nvme2n1/holders/md0/md/rd0/block/device/nvme1n1/holders/md0/slaves/nvme1n1/mq/3 HTTP/1.1" 200 3566 "-" "Amazon CloudFront"
64.252.66.102 - - [03/Sep/2026:01:22:52 +0000] "GET /?path=//sys/bus/memory/devices/memory1/node0/memory7/node0/cpu1/subsystem/drivers/processor/cpu5/firmware_node/subsystem/devices/PNP0A03:00/physical_node/firmware_node/physical_node/0000:00:1e.0/driver/0000:00:1f.0/driver/0000:00:1e.0/nvme/nvme1/nvme1n1/device/nvme1n1/holders/md0/md/rd1/block/device/nvme2n1/holders/md0/md/dev-nvme1n1/block/mq/7/cpu7 HTTP/1.1" 200 3043 "-" "Amazon CloudFront"
64.252.67.164 - - [03/Sep/2026:01:22:56 +0000] "GET /products/detail/208628339?path=//sys/bus/node/devices/node0/cpu1/driver/cpu7/driver/cpu2/node0/cpu4/firmware_node/subsystem/devices/PNP0A03:00/physical_node/0000:00:04.0/firmware_node/physical_node/nvme/nvme0/device/nvme/nvme0/nvme0n1/subsystem/md0/md/rd1/block/holders/md0/slaves/nvme1n1/mq/1 HTTP/1.1" 200 3408 "-" "Amazon CloudFront"
64.252.66.102 - - [03/Sep/2026:01:23:01 +0000] "GET /products/detail/272703723?path=//sys/devices/pci0000:00/firmware_node/physical_node/pci_bus/0000:00/device/firmware_node/physical_node/0000:00:00.0/subsystem/drivers/nvme/module/drivers/pci:nvme/0000:00:04.0/driver/0000:00:1e.0/nvme/nvme1/nvme1n1/subsystem/nvme2n1/holders/md0/slaves/nvme1n1/holders/md0/md/dev-nvme2n1/block/device/nvme2n1/mq/2 HTTP/1.1" 200 3444 "-" "Amazon CloudFront"
64.252.68.74 - - [03/Sep/2026:01:23:04 +0000] "GET /products/detail/272703723?path=//sys/devices/pci0000:00/firmware_node/physical_node/pci_bus/0000:00/device/firmware_node/physical_node/0000:00:00.0/subsystem/drivers/nvme/module/drivers/pci:nvme/0000:00:04.0/driver/0000:00:1e.0/nvme/nvme1/nvme1n1/subsystem/nvme2n1/holders/md0/slaves/nvme1n1/holders/md0/md/dev-nvme2n1/block/device/nvme2n1/mq/5 HTTP/1.1" 200 3446 "-" "Amazon CloudFront"
64.252.66.61 - - [03/Sep/2026:01:23:08 +0000] "GET /?path=//sys/bus/memory/devices/memory1/node0/memory30/node0/cpu6/firmware_node/subsystem/devices/device:21/physical_node/driver/module/drivers/pci:nvme/0000:00:1e.0/driver/0000:00:1f.0/nvme/nvme2/device/nvme/nvme2/nvme2n1/device/nvme2n1/holders/md0/md/dev-nvme1n1/block/holders/md0/md/dev-nvme2n1/block/subsystem/nvme0n1/nvme0n1p1/power HTTP/1.1" 200 3559 "-" "Amazon CloudFront"
64.252.66.61 - - [03/Sep/2026:01:23:13 +0000] "GET /?path=//sys/class/thermal/cooling_device3/device/physical_node/node0/memory28/node0/cpu5/firmware_node/subsystem/devices/PNP0A03:00/physical_node/pci_bus/0000:00/device/0000:00:05.0/subsystem/drivers/nvme/0000:00:04.0/driver/0000:00:04.0/driver/module/drivers/pci:nvme/module HTTP/1.1" 200 3746 "-" "Amazon CloudFront"
64.252.67.164 - - [03/Sep/2026:01:23:16 +0000] "GET /?path=//sys/class/thermal/cooling_device3/device/physical_node/node0/memory28/node0/cpu5/firmware_node/subsystem/devices/LNXSYBUS:00/PNP0A03:00/device:1b/subsystem/devices/LNXSYBUS:00/PNP0A03:00/physical_node/pci_bus/0000:00/device/0000:00:1e.0/driver/0000:00:1e.0/driver/0000:00:1f.0/nvme/nvme2/nvme2n1/holders/md0/md/dev-nvme2n1/block/holders/md0/slaves/nvme2n1/mq/1 HTTP/1.1" 200 3532 "-" "Amazon CloudFront"
64.252.66.102 - - [03/Sep/2026:01:23:20 +0000] "GET /products/detail/272703723?path=//sys/devices/pci0000:00/firmware_node/physical_node/pci_bus/0000:00/device/firmware_node/physical_node/0000:00:00.0/subsystem/drivers/nvme/module/drivers/pci:nvme/0000:00:04.0/driver/0000:00:1e.0/nvme/nvme1/nvme1n1/holders/md0/md/dev-nvme1n1/block/holders/md0/slaves/nvme2n1/subsystem/nvme0n1/device/nvme0n1/mq/0/cpu4 HTTP/1.1" 200 2988 "-" "Amazon CloudFront"
64.252.68.74 - - [03/Sep/2026:01:23:24 +0000] "GET /?path=//sys/bus/acpi/devices/LNXCPU:06/physical_node/driver/cpu6/driver/cpu5/node0/cpu7/node0/cpu2/firmware_node/subsystem/devices/LNXSYSTM:00/LNXSYBUS:00/PNP0A03:00/physical_node/0000:00:05.0/subsystem/drivers/nvme/module/drivers/pci:nvme/0000:00:1e.0/nvme/nvme1/nvme1n1/holders/md0/md/rd0/block/device/nvme1n1/holders/md0/md/rd1/block/mq/6 HTTP/1.1" 200 3537 "-" "Amazon CloudFront"
64.252.67.164 - - [03/Sep/2026:01:23:29 +0000] "GET /products/detail/208628339?path=//sys/bus/node/devices/node0/cpu1/driver/cpu7/driver/cpu2/node0/cpu4/firmware_node/subsystem/devices/PNP0A03:00/device:21/physical_node/nvme/nvme2/device/nvme/nvme2/nvme2n1/holders/md0/md/rd0/block/subsystem/md0/md/dev-nvme2n1/block/power HTTP/1.1" 200 3414 "-" "Amazon CloudFront"
64.252.66.61 - - [03/Sep/2026:01:23:33 +0000] "GET /?path=//sys/bus/memory/devices/memory1/node0/memory30/node0/cpu6/firmware_node/subsystem/devices/device:21/physical_node/driver/module/drivers/pci:nvme/0000:00:1f.0/driver/0000:00:1e.0/nvme/nvme1/nvme1n1/holders/md0/md/dev-nvme1n1/block/holders/md0/md/dev-nvme2n1/block/device/subsystem/nvme0/device/nvme/nvme0/nvme0n1/trace HTTP/1.1" 200 3521 "-" "Amazon CloudFront"
64.252.66.102 - - [03/Sep/2026:01:23:36 +0000] "GET /?path=//sys/bus/memory/devices/memory1/node0/memory30/node0/cpu6/firmware_node/subsystem/devices/device:21/physical_node/driver/module/drivers/pci:nvme/0000:00:1f.0/driver/0000:00:1e.0/nvme/nvme1/nvme1n1/holders/md0/md/dev-nvme1n1/block/holders/md0/md/dev-nvme2n1/block/device/subsystem/nvme0/device/nvme/nvme0/nvme0n1/slaves HTTP/1.1" 200 3013 "-" "Amazon CloudFront"
64.252.66.102 - - [03/Sep/2026:01:23:40 +0000] "GET /products/detail/208628339?path=//sys/bus/node/devices/node0/cpu1/driver/cpu7/driver/cpu2/node0/cpu4/firmware_node/subsystem/devices/PNP0A03:00/physical_node/0000:00:04.0/firmware_node/physical_node/nvme/nvme0/nvme0n1/nvme0n1p128/subsystem/md0/md/dev-nvme1n1/block/holders/md0/md/rd1/block HTTP/1.1" 200 4219 "-" "Amazon CloudFront"
64.252.67.164 - - [03/Sep/2026:01:23:44 +0000] "GET /?path=//sys/class/thermal/cooling_device3/device/physical_node/node0/memory28/node0/cpu5/firmware_node/subsystem/devices/LNXSYBUS:00/PNP0A03:00/device:1b/subsystem/devices/LNXSYBUS:00/PNP0A03:00/physical_node/pci_bus/0000:00/device/0000:00:1f.0/driver/module/drivers/pci:nvme/0000:00:04.0/driver/module/drivers/pci:nvme/0000:00:1f.0/nvme/nvme2/nvme2n1/holders/md0/slaves/nvme1n1/slaves HTTP/1.1" 200 3058 "-" "Amazon CloudFront"
64.252.66.61 - - [03/Sep/2026:01:23:48 +0000] "GET /products/detail/208628339?path=//sys/bus/node/devices/node0/cpu1/driver/cpu7/driver/cpu2/node0/cpu4/firmware_node/subsystem/devices/PNP0A03:00/physical_node/0000:00:04.0/subsystem/drivers/nvme/0000:00:1e.0/nvme/nvme1/nvme1n1/device/nvme1n1/holders/md0/slaves/nvme2n1/device/nvme2n1/holders/md0/trace HTTP/1.1" 200 3409 "-" "Amazon CloudFront"
64.252.66.102 - - [03/Sep/2026:01:23:52 +0000] "GET /products/detail/208628339?path=//sys/bus/node/devices/node0/cpu1/driver/cpu7/driver/cpu2/node0/cpu4/firmware_node/subsystem/devices/PNP0A03:00/physical_node/0000:00:04.0/subsystem/drivers/nvme/0000:00:1e.0/nvme/nvme1/nvme1n1/device/nvme1n1/holders/md0/slaves/nvme2n1/device/nvme2n1/holders/md0/slaves HTTP/1.1" 200 3235 "-" "Amazon CloudFront"
64.252.67.164 - - [03/Sep/2026:01:23:56 +0000] "GET /?path=//sys/class/thermal/cooling_device3/device/physical_node/node0/memory28/node0/cpu5/firmware_node/subsystem/devices/PNP0A03:00/physical_node/pci_bus/0000:00/device/firmware_node/device:03/subsystem/devices/LNXPWRBN:00/driver/LNXSLPBN:00/driver/LNXPWRBN:00/input HTTP/1.1" 200 3174 "-" "Amazon CloudFront"
64.252.68.74 - - [03/Sep/2026:01:24:00 +0000] "GET /products/detail/208628339?path=//sys/bus/node/devices/node0/cpu1/driver/cpu7/driver/cpu2/node0/cpu4/firmware_node/subsystem/devices/device:06/physical_node/nvme/nvme0/nvme0n1/subsystem/md0/md/dev-nvme1n1/block/holders/md0/md/dev-nvme1n1/block/device/nvme1n1/device/nvme1n1/queue HTTP/1.1" 200 4703 "-" "Amazon CloudFront"
64.252.66.102 - - [03/Sep/2026:01:24:07 +0000] "GET /?path=//sys/class/thermal/cooling_device3/device/physical_node/node0/memory28/node0/cpu5/firmware_node/subsystem/devices/PNP0A03:00/physical_node/pci_bus/0000:00/device/0000:00:1f.0/driver/module/drivers/pci:nvme/0000:00:1e.0/firmware_node/subsystem/devices/device:0b/power HTTP/1.1" 200 3412 "-" "Amazon CloudFront"
64.252.66.102 - - [03/Sep/2026:01:24:10 +0000] "GET /?path=//sys/class/thermal/cooling_device3/device/physical_node/node0/memory28/node0/cpu5/firmware_node/subsystem/devices/PNP0A03:00/physical_node/pci_bus/0000:00/device/0000:00:1e.0/driver/module/drivers/pci:nvme/0000:00:1e.0/driver/0000:00:1f.0/subsystem/devices/0000:00:01.0/firmware_node/power HTTP/1.1" 200 3438 "-" "Amazon CloudFront"
64.252.67.164 - - [03/Sep/2026:01:24:13 +0000] "GET /?path=//sys/bus/memory/devices/memory1/node0/memory28/node0/cpu2/driver/cpu4/firmware_node/subsystem/devices/PNP0A03:00/physical_node/0000:00:04.0/driver/0000:00:1f.0/subsystem/drivers/nvme/0000:00:1e.0/firmware_node/physical_node/nvme/nvme1/nvme1n1/holders/md0/md/rd0/block/device/nvme1n1/holders/md0/md/rd1/block/device/nvme2n1/bdi HTTP/1.1" 200 3663 "-" "Amazon CloudFront"
64.252.67.164 - - [03/Sep/2026:01:24:19 +0000] "GET /products/detail/208628339?path=//sys/bus/node/devices/node0/cpu1/driver/cpu7/driver/cpu2/node0/cpu4/firmware_node/subsystem/devices/PNP0A03:00/physical_node/0000:00:04.0/nvme/nvme0/nvme0n1/subsystem/nvme1n1/holders/md0/md/dev-nvme1n1/block/holders/md0/slaves/nvme2n1/device/nvme2n1/mq/5 HTTP/1.1" 200 3396 "-" "Amazon CloudFront"
64.252.68.74 - - [03/Sep/2026:01:24:22 +0000] "GET /?path=//sys/bus/memory/devices/memory1/node0/memory28/node0/cpu2/driver/cpu4/firmware_node/subsystem/devices/PNP0A03:00/physical_node/0000:00:04.0/driver/0000:00:1f.0/subsystem/drivers/nvme/0000:00:1e.0/firmware_node/physical_node/nvme/nvme1/nvme1n1/holders/md0/md/rd0/block/device/nvme1n1/holders/md0/md/rd1/block/device/nvme2n1/trace HTTP/1.1" 200 3528 "-" "Amazon CloudFront"
64.252.68.74 - - [03/Sep/2026:01:24:26 +0000] "GET /products/detail/208628339?path=//sys/bus/node/devices/node0/cpu1/driver/cpu7/driver/cpu2/node0/cpu4/firmware_node/thermal_cooling/device/physical_node/firmware_node/subsystem/devices/device:07/physical_node/subsystem/drivers/nvme/module/drivers/pci:nvme/0000:00:04.0/nvme/nvme0/nvme0n1/mq/1/cpu6 HTTP/1.1" 200 2926 "-" "Amazon CloudFront"
64.252.66.61 - - [03/Sep/2026:01:24:44 +0000] "GET /?path=//sys/bus/memory/devices/memory1/node0/memory30/node0/cpu6/firmware_node/subsystem/devices/device:21/physical_node/driver/module/drivers/pci:nvme/0000:00:1e.0/driver/0000:00:1f.0/nvme/nvme2/nvme2n1/device/subsystem/nvme1/nvme1n1/holders/md0/slaves/nvme1n1/holders/md0/md/rd1/block/device/nvme2n1/mq/6/cpu6 HTTP/1.1" 200 3018 "-" "Amazon CloudFront"
64.252.66.102 - - [03/Sep/2026:01:25:04 +0000] "GET /products/detail/208628339?path=//sys/bus/node/devices/node0/cpu1/driver/cpu7/driver/cpu2/node0/cpu4/firmware_node/subsystem/devices/device:06/physical_node/nvme/nvme0/nvme0n1/subsystem/md0/slaves/nvme1n1/device/device/nvme/nvme1/nvme1n1/holders/md0/md/rd1/block HTTP/1.1" 200 4132 "-" "Amazon CloudFront"
64.252.67.164 - - [03/Sep/2026:01:25:08 +0000] "GET /products/detail/208628339?path=//sys/bus/node/devices/node0/cpu1/driver/cpu7/driver/cpu2/node0/cpu1/firmware_node/thermal_cooling/device/physical_node/firmware_node/subsystem/devices/LNXSYBUS:00/PNP0A03:00/device:20/physical_node/nvme/nvme1/nvme1n1/holders/md0/md/dev-nvme2n1/block/holders/md0/slaves HTTP/1.1" 200 3247 "-" "Amazon CloudFront"
64.252.68.74 - - [03/Sep/2026:01:25:10 +0000] "GET /products/detail/208628339?path=//sys/bus/node/devices/node0/cpu1/driver/cpu7/driver/cpu2/node0/cpu1/firmware_node/thermal_cooling/device/physical_node/firmware_node/subsystem/devices/LNXSYBUS:00/PNP0A03:00/device:20/physical_node/nvme/nvme1/nvme1n1/holders/md0/md/dev-nvme2n1/block/holders/md0/trace HTTP/1.1" 200 3416 "-" "Amazon CloudFront"
64.252.66.102 - - [03/Sep/2026:01:25:13 +0000] "GET /?path=//sys/class/thermal/cooling_device3/device/physical_node/node0/memory28/node0/cpu5/firmware_node/subsystem/devices/LNXSYBUS:00/PNP0A03:00/device:1b/subsystem/devices/LNXSYBUS:00/PNP0A03:00/physical_node/pci_bus/0000:00/device/0000:00:1f.0/driver/0000:00:1e.0/driver/0000:00:1f.0/nvme/nvme2/nvme2n1/holders/md0/slaves/nvme2n1/holders/md0/md/rd0/block/mq/4/cpu4 HTTP/1.1" 200 3062 "-" "Amazon CloudFront"
64.252.67.164 - - [03/Sep/2026:01:25:16 +0000] "GET /products/detail/272703723?path=//sys/devices/pci0000:00/firmware_node/physical_node/pci_bus/0000:00/device/firmware_node/physical_node/0000:00:00.0/subsystem/drivers/nvme/module/drivers/pci:nvme/0000:00:04.0/driver/0000:00:1e.0/nvme/nvme1/nvme1n1/holders/md0/slaves/nvme2n1/holders/md0/md/dev-nvme1n1/block/subsystem/nvme0n1/mq/0/cpu0 HTTP/1.1" 200 2977 "-" "Amazon CloudFront"
64.252.67.164 - - [03/Sep/2026:01:25:19 +0000] "GET /?path=//sys/bus/memory/devices/memory1/node0/memory28/node0/cpu2/driver/cpu4/firmware_node/subsystem/devices/PNP0A03:00/physical_node/0000:00:04.0/driver/0000:00:1f.0/subsystem/drivers/nvme/0000:00:1f.0/nvme/nvme2/nvme2n1/holders/md0/md/dev-nvme2n1/block/holders/md0/md/rd0/block/mq/5/cpu5 HTTP/1.1" 200 2980 "-" "Amazon CloudFront"
64.252.68.74 - - [03/Sep/2026:01:25:22 +0000] "GET /products/detail/272703723?path=//sys/devices/pci0000:00/firmware_node/physical_node/pci_bus/0000:00/device/firmware_node/physical_node/0000:00:00.0/subsystem/drivers/nvme/module/drivers/pci:nvme/0000:00:04.0/driver/0000:00:1e.0/nvme/nvme1/nvme1n1/holders/md0/slaves/nvme2n1/holders/md0/md/dev-nvme1n1/block/subsystem/nvme0n1/mq/0/cpu4 HTTP/1.1" 200 2978 "-" "Amazon CloudFront"
64.252.68.74 - - [03/Sep/2026:01:25:27 +0000] "GET /?path=//sys/bus/memory/devices/memory1/node0/memory7/node0/cpu1/subsystem/drivers/processor/cpu5/firmware_node/subsystem/devices/PNP0A03:00/physical_node/firmware_node/physical_node/0000:00:1e.0/driver/module/drivers/pci:nvme/0000:00:1f.0/driver/0000:00:1e.0/nvme/nvme1/nvme1n1/holders/md0/md/dev-nvme2n1/block/holders/md0/md/rd1/block/power HTTP/1.1" 200 3557 "-" "Amazon CloudFront"
64.252.66.61 - - [03/Sep/2026:01:25:30 +0000] "GET /products/detail/272703723?path=//sys/devices/pci0000:00/firmware_node/physical_node/pci_bus/0000:00/device/firmware_node/physical_node/0000:00:00.0/subsystem/drivers/nvme/module/drivers/pci:nvme/0000:00:04.0/driver/0000:00:1e.0/nvme/nvme1/nvme1n1/subsystem/md0/md/rd1/block/device/nvme2n1/holders/md0/slaves/nvme2n1/mq/1 HTTP/1.1" 200 3412 "-" "Amazon CloudFront"
64.252.68.74 - - [03/Sep/2026:01:25:33 +0000] "GET /?path=//sys/class/thermal/cooling_device3/device/physical_node/node0/cpu6/driver/cpu0/node0/cpu5/firmware_node/subsystem/devices/device:12/subsystem/devices/LNXSYSTM:00/LNXSYBUS:00/PNP0A03:00/physical_node/pci_bus/0000:00/device/0000:00:04.0/driver/0000:00:1e.0/nvme/nvme1/nvme1n1/holders/md0/md/dev-nvme1n1/block/holders/md0/slaves/nvme1n1/mq/6 HTTP/1.1" 200 3529 "-" "Amazon CloudFront"
64.252.68.74 - - [03/Sep/2026:01:25:36 +0000] "GET /?path=//sys/class/thermal/cooling_device3/device/physical_node/node0/cpu1/driver/cpu0/node0/cpu2/firmware_node/subsystem/devices/LNXSYSTM:00/LNXSYBUS:00/PNP0C0F:02/subsystem/devices/LNXSYSTM:00/LNXSYBUS:00/PNP0A03:00/device:06/physical_node/driver/0000:00:1e.0/nvme/nvme1/nvme1n1/holders/md0/slaves/nvme2n1/holders/md0/slaves/nvme2n1/mq/5 HTTP/1.1" 200 3504 "-" "Amazon CloudFront"
64.252.67.164 - - [03/Sep/2026:01:25:39 +0000] "GET /products/detail/208628339?path=//sys/bus/node/devices/node0/cpu1/driver/cpu7/driver/cpu2/node0/cpu4/firmware_node/subsystem/devices/PNP0A03:00/device:06/physical_node/nvme/nvme0/nvme0n1/nvme0n1p1/subsystem/md0/slaves/nvme2n1/device/nvme2n1/holders/md0/md/dev-nvme2n1/block/mq/1/cpu1 HTTP/1.1" 200 2935 "-" "Amazon CloudFront"
64.252.66.61 - - [03/Sep/2026:01:25:41 +0000] "GET /?path=//sys/class/thermal/cooling_device3/device/physical_node/node0/memory28/node0/cpu5/firmware_node/subsystem/devices/PNP0A03:00/physical_node/pci_bus/0000:00/device/0000:00:1f.0/driver/0000:00:04.0/subsystem/devices/0000:00:1e.0/driver/module/drivers/pci:nvme/0000:00:04.0/nvme HTTP/1.1" 200 3189 "-" "Amazon CloudFront"
64.252.67.164 - - [03/Sep/2026:01:25:44 +0000] "GET /?path=//sys/bus/memory/devices/memory14/node0/memory16/node0/cpu1/driver/cpu4/firmware_node/physical_node/subsystem/drivers/processor/cpu2/firmware_node/subsystem/devices/PNP0A03:00/physical_node/pci_bus/0000:00/device/0000:00:04.0/driver/module/drivers/pci:nvme/0000:00:1f.0/nvme/nvme2/nvme2n1/holders/md0/md/dev-nvme1n1/block/device/nvme1n1/holders/md0/md/dev-nvme2n1/block/trace HTTP/1.1" 200 3560 "-" "Amazon CloudFront"
64.252.67.164 - - [03/Sep/2026:01:25:48 +0000] "GET /?path=//sys/class/thermal/cooling_device3/device/physical_node/node0/memory28/node0/cpu5/firmware_node/subsystem/devices/PNP0A03:00/physical_node/pci_bus/0000:00/device/0000:00:1e.0/driver/0000:00:04.0/nvme/nvme0/nvme0n1/subsystem/md0/slaves/nvme2n1/mq/3 HTTP/1.1" 200 3365 "-" "Amazon CloudFront"
64.252.67.164 - - [03/Sep/2026:01:25:50 +0000] "GET /products/detail/208628339?path=//sys/bus/node/devices/node0/cpu1/driver/cpu7/driver/cpu2/node0/cpu1/firmware_node/thermal_cooling/device/physical_node/firmware_node/subsystem/devices/LNXSYBUS:00/PNP0A03:00/device:20/physical_node/nvme/nvme1/subsystem/nvme2/nvme2n1/holders/md0/md/dev-nvme2n1/block/device/nvme2n1/trace HTTP/1.1" 200 3458 "-" "Amazon CloudFront"
64.252.72.118 - - [03/Sep/2026:01:25:51 +0000] "GET /prizes/324048723?path=/var/www/volumes/3b1bb0cdf63a4f5db01023e1b0c3a216 HTTP/1.1" 200 2642 "-" "Amazon CloudFront"
64.252.68.74 - - [03/Sep/2026:01:25:53 +0000] "GET /products/detail/272703723?path=//sys/devices/pci0000:00/firmware_node/physical_node/pci_bus/0000:00/device/firmware_node/physical_node/0000:00:00.0/subsystem/drivers/nvme/module/drivers/pci:nvme/0000:00:04.0/driver/0000:00:1e.0/nvme/nvme1/subsystem/nvme2/nvme2n1/holders/md0/slaves/nvme1n1/device/nvme1n1/holders/md0/slaves/nvme2n1/mq/2/cpu2 HTTP/1.1" 200 2972 "-" "Amazon CloudFront"
64.252.66.61 - - [03/Sep/2026:01:25:59 +0000] "GET /?path=//sys/class/thermal/cooling_device3/device/physical_node/node0/memory28/node0/cpu5/firmware_node/subsystem/devices/PNP0A03:00/physical_node/pci_bus/0000:00/device/0000:00:1f.0/driver/module/drivers/pci:nvme/0000:00:04.0/nvme/nvme0/nvme0n1/bdi/power HTTP/1.1" 200 3417 "-" "Amazon CloudFront"
64.252.66.61 - - [03/Sep/2026:01:26:04 +0000] "GET /?path=//sys/bus/memory/devices/memory1/node0/memory7/node0/cpu1/subsystem/drivers/processor/cpu5/firmware_node/subsystem/devices/PNP0A03:00/physical_node/firmware_node/physical_node/0000:00:1e.0/driver/module/drivers/pci:nvme/0000:00:1e.0/nvme/nvme1/nvme1n1/holders/md0/slaves/nvme1n1/device/device/driver/0000:00:1f.0/nvme/nvme2/nvme2n1/mq/7 HTTP/1.1" 200 3503 "-" "Amazon CloudFront"
64.252.66.61 - - [03/Sep/2026:01:26:08 +0000] "GET /products/detail/208628339?path=//sys/bus/node/devices/node0/cpu1/driver/cpu7/driver/cpu2/node0/cpu1/firmware_node/thermal_cooling/device/physical_node/firmware_node/subsystem/devices/LNXSYSTM:00/LNXSYBUS:00/PNP0A03:00/device:06/physical_node/nvme/nvme0/device/nvme/nvme0/nvme0n1/nvme0n1p1/subsystem/nvme2n1/mq/7 HTTP/1.1" 200 3393 "-" "Amazon CloudFront"
64.252.68.74 - - [03/Sep/2026:01:26:11 +0000] "GET /products/detail/208628339?path=//sys/bus/node/devices/node0/cpu1/driver/cpu7/driver/cpu2/node0/cpu1/firmware_node/thermal_cooling/device/physical_node/firmware_node/subsystem/devices/LNXSYSTM:00/LNXSYBUS:00/PNP0A03:00/device:06/physical_node/nvme/nvme0/device/nvme/nvme0/nvme0n1/nvme0n1p1/subsystem/nvme2n1/mq/6 HTTP/1.1" 200 3394 "-" "Amazon CloudFront"
64.252.68.74 - - [03/Sep/2026:01:26:13 +0000] "GET /products/detail/208628339?path=//sys/bus/node/devices/node0/cpu1/driver/cpu7/driver/cpu2/node0/cpu4/firmware_node/thermal_cooling/device/thermal_cooling/device/subsystem/devices/PNP0A03:00/physical_node/0000:00:1f.0/firmware_node/physical_node/nvme/nvme2/nvme2n1/subsystem/nvme2n1/holders/md0/md/dev-nvme1n1/block/holders/md0/slaves HTTP/1.1" 200 3270 "-" "Amazon CloudFront"
64.252.67.164 - - [03/Sep/2026:01:26:16 +0000] "GET /products/detail/208628339?path=//sys/bus/node/devices/node0/cpu1/driver/cpu7/driver/cpu2/node0/cpu4/firmware_node/thermal_cooling/device/physical_node/firmware_node/thermal_cooling/device/subsystem/devices/LNXSYSTM:00/LNXSYBUS:00/PNP0A03:00/device:21/physical_node/nvme/nvme2/subsystem/nvme1/nvme1n1/holders/md0/slaves/nvme1n1/holders/md0 HTTP/1.1" 200 4171 "-" "Amazon CloudFront"
64.252.66.61 - - [03/Sep/2026:01:26:21 +0000] "GET /?path=//sys/bus/memory/devices/memory1/node0/memory30/node0/cpu6/firmware_node/subsystem/devices/device:21/physical_node/driver/module/drivers/pci:nvme/0000:00:1f.0/driver/0000:00:1f.0/firmware_node/physical_node/nvme/nvme2/subsystem/nvme1/device/nvme/nvme1/nvme1n1/holders/md0/md/dev-nvme2n1/block/device/nvme2n1/holders/md0/md/rd1/block/mq HTTP/1.1" 200 3552 "-" "Amazon CloudFront"
64.252.67.164 - - [03/Sep/2026:01:26:22 +0000] "GET /?path=//sys/class/thermal/cooling_device3/device/physical_node/node0/memory28/node0/cpu5/firmware_node/subsystem/devices/PNP0A03:00/physical_node/pci_bus/0000:00/device/0000:00:1f.0/driver/0000:00:04.0/driver/0000:00:1f.0/subsystem/drivers/ena/module/drivers HTTP/1.1" 200 3168 "-" "Amazon CloudFront"
64.252.67.164 - - [03/Sep/2026:01:26:26 +0000] "GET /?path=//sys/class/thermal/cooling_device3/device/physical_node/node0/memory28/node0/cpu5/firmware_node/subsystem/devices/LNXSYBUS:00/PNP0A03:00/device:1b/subsystem/devices/LNXSYBUS:00/PNP0A03:00/device:21/physical_node/driver/module/drivers/pci:nvme/0000:00:1f.0/driver/0000:00:1e.0/nvme/nvme1/nvme1n1/holders/md0/md/dev-nvme1n1/block/holders/md0/slaves/nvme1n1/mq/1/cpu1 HTTP/1.1" 200 3076 "-" "Amazon CloudFront"
64.252.67.164 - - [03/Sep/2026:01:26:29 +0000] "GET /?path=//sys/bus/memory/devices/memory1/node0/memory7/node0/cpu1/subsystem/drivers/processor/cpu5/firmware_node/subsystem/devices/PNP0A03:00/physical_node/firmware_node/physical_node/0000:00:1e.0/driver/module/drivers/pci:nvme/0000:00:1e.0/nvme/nvme1/nvme1n1/holders/md0/md/rd1/block/device/nvme2n1/device/nvme2n1/mq/7/cpu7 HTTP/1.1" 200 3014 "-" "Amazon CloudFront"
64.252.68.74 - - [03/Sep/2026:01:26:32 +0000] "GET /?path=//sys/class/thermal/cooling_device3/device/physical_node/node0/memory28/node0/cpu5/firmware_node/subsystem/devices/PNP0A03:00/physical_node/pci_bus/0000:00/device/0000:00:04.0/subsystem/drivers/nvme/0000:00:04.0/driver/0000:00:1f.0/driver/module/drivers/pci:nvme/0000:00:1e.0 HTTP/1.1" 200 4846 "-" "Amazon CloudFront"
64.252.66.61 - - [03/Sep/2026:01:26:34 +0000] "GET /?path=//sys/class/thermal/cooling_device3/device/physical_node/node0/memory28/node0/cpu5/firmware_node/subsystem/devices/LNXSYSTM:00/LNXSYBUS:00/PNP0A03:00/physical_node/0000:00:04.0/driver/0000:00:1e.0/nvme/nvme1/device/driver/module/drivers/pci:nvme/0000:00:1f.0/nvme/nvme2/nvme2n1/subsystem/nvme1n1/holders/md0/md/rd1/block/holders/md0/slaves/nvme1n1/mq/7/cpu7 HTTP/1.1" 200 3088 "-" "Amazon CloudFront"
64.252.66.61 - - [03/Sep/2026:01:26:40 +0000] "GET /products/detail/272703723?path=//sys/devices/pci0000:00/firmware_node/physical_node/pci_bus/0000:00/device/firmware_node/physical_node/0000:00:00.0/subsystem/drivers/nvme/module/drivers/pci:nvme/0000:00:04.0/driver/0000:00:1e.0/nvme/nvme1/nvme1n1/subsystem/nvme1n1/holders/md0/md/rd1/block/holders/md0/md/dev-nvme1n1/block/mq/6/cpu6 HTTP/1.1" 200 2973 "-" "Amazon CloudFront"
64.252.67.164 - - [03/Sep/2026:01:26:41 +0000] "GET /?path=//sys/class/thermal/cooling_device3/device/physical_node/node0/cpu1/driver/cpu0/node0/cpu2/firmware_node/subsystem/devices/LNXSYSTM:00/LNXSYBUS:00/PNP0C0F:04/subsystem/devices/PNP0A03:00/physical_node/pci_bus/0000:00/device/0000:00:1f.0/driver/module/drivers/pci:nvme/module/drivers/pci:nvme/0000:00:1f.0/nvme/nvme2/nvme2n1/holders/md0/slaves/nvme2n1/holders/md0/md/dev-nvme1n1/block/slaves HTTP/1.1" 200 3099 "-" "Amazon CloudFront"
64.252.68.74 - - [03/Sep/2026:01:26:45 +0000] "GET /?path=//sys/class/thermal/cooling_device3/device/physical_node/node0/cpu0/node0/cpu4/firmware_node/subsystem/devices/device:02/PNP0303:00/subsystem/devices/device:20/physical_node/nvme/nvme1/device/driver/0000:00:04.0/driver/module/drivers/pci:nvme/0000:00:1f.0/nvme/nvme2/nvme2n1/holders/md0/md/rd1/block/holders/md0/md/dev-nvme2n1/block/mq/3 HTTP/1.1" 200 3530 "-" "Amazon CloudFront"
64.252.66.61 - - [03/Sep/2026:01:26:47 +0000] "GET /products/detail/208628339?path=//sys/bus/node/devices/node0/cpu1/driver/cpu7/driver/cpu2/node0/cpu4/firmware_node/thermal_cooling/device/physical_node/firmware_node/subsystem/devices/PNP0A03:00/device:20/physical_node/nvme/nvme1/nvme1n1/subsystem/md0/md/rd1/block/holders/md0/slaves/nvme2n1/queue HTTP/1.1" 200 4742 "-" "Amazon CloudFront"
64.252.66.102 - - [03/Sep/2026:01:26:51 +0000] "GET /?path=//sys/bus/memory/devices/memory1/node0/memory30/node0/cpu6/firmware_node/subsystem/devices/device:21/physical_node/driver/module/drivers/pci:nvme/0000:00:1e.0/driver/0000:00:1f.0/nvme/nvme2/nvme2n1/device/subsystem/nvme1/nvme1n1/holders/md0/md/dev-nvme1n1/block/holders/md0/md/rd0/block/device/nvme1n1/mq/6/cpu6 HTTP/1.1" 200 3022 "-" "Amazon CloudFront"
64.252.67.164 - - [03/Sep/2026:01:26:53 +0000] "GET /products/detail/272703723?path=//sys/devices/pci0000:00/firmware_node/physical_node/0000:00:04.0/driver/0000:00:1f.0/subsystem/devices/0000:00:1e.0/driver/0000:00:1f.0/firmware_node/physical_node/nvme/nvme2/subsystem/nvme1/nvme1n1/holders/md0/md/dev-nvme2n1/block/device/device/nvme/nvme2/nvme2n1/holders/md0/md/rd1/block/mq/6 HTTP/1.1" 200 3401 "-" "Amazon CloudFront"
64.252.68.74 - - [03/Sep/2026:01:26:57 +0000] "GET /products/detail/272703723?path=//sys/devices/pci0000:00/firmware_node/physical_node/0000:00:04.0/driver/0000:00:1f.0/subsystem/devices/0000:00:1e.0/driver/0000:00:1f.0/firmware_node/physical_node/nvme/nvme2/subsystem/nvme1/nvme1n1/holders/md0/md/dev-nvme2n1/block/device/device/nvme/nvme2/nvme2n1/holders/md0/md/rd1/block/mq/0 HTTP/1.1" 200 3398 "-" "Amazon CloudFront"
64.252.66.61 - - [03/Sep/2026:01:27:01 +0000] "GET /products/detail/208628339?path=//sys/bus/node/devices/node0/cpu1/driver/cpu7/driver/cpu2/node0/cpu4/firmware_node/subsystem/devices/PNP0A03:00/physical_node/0000:00:04.0/nvme/nvme0/nvme0n1/subsystem/nvme1n1/holders/md0/md/rd0/block/holders/md0/slaves/nvme2n1/device/device/nvme/nvme2 HTTP/1.1" 200 3891 "-" "Amazon CloudFront"
64.252.67.164 - - [03/Sep/2026:01:27:05 +0000] "GET /?path=//sys/bus/memory/devices/memory1/node0/memory30/node0/cpu6/firmware_node/subsystem/devices/device:21/physical_node/driver/module/drivers/pci:nvme/0000:00:1e.0/driver/0000:00:04.0/firmware_node/physical_node/subsystem/drivers/nvme/0000:00:1f.0/nvme/nvme2/nvme2n1/holders/md0/md/rd1/block/holders/md0/md/dev-nvme1n1/block/device/nvme1n1/device/nvme1n1 HTTP/1.1" 200 4420 "-" "Amazon CloudFront"
64.252.66.61 - - [03/Sep/2026:01:27:08 +0000] "GET /products/detail/208628339?path=//sys/bus/node/devices/node0/cpu1/driver/cpu7/driver/cpu2/node0/cpu4/firmware_node/subsystem/devices/PNP0A03:00/physical_node/0000:00:04.0/nvme/nvme0/nvme0n1/device/nvme0n1/nvme0n1p1/subsystem/md0/md/rd1/block/holders/md0/slaves/nvme1n1/mq/5/cpu5 HTTP/1.1" 200 2940 "-" "Amazon CloudFront"
64.252.67.164 - - [03/Sep/2026:01:27:12 +0000] "GET /products/detail/208628339?path=//sys/bus/node/devices/node0/cpu1/driver/cpu7/driver/cpu2/node0/cpu1/firmware_node/thermal_cooling/subsystem/cooling_device3/device/subsystem/devices/device:21/physical_node/firmware_node/physical_node/nvme/nvme2/device/nvme/nvme2/nvme2n1/holders/md0/md/dev-nvme1n1/block/mq/3/cpu3 HTTP/1.1" 200 2976 "-" "Amazon CloudFront"
64.252.66.102 - - [03/Sep/2026:01:27:16 +0000] "GET /?path=//sys/bus/acpi/devices/LNXCPU:06/physical_node/node0/memory21/node0/cpu1/subsystem/drivers/processor/cpu2/firmware_node/subsystem/devices/PNP0A03:00/physical_node/0000:00:1f.0/driver/0000:00:04.0/nvme/nvme0/device/driver/0000:00:1e.0/nvme/nvme1/nvme1n1/holders/md0/md/dev-nvme1n1/block/holders/md0/slaves/nvme2n1/device/nvme2n1/bdi/power HTTP/1.1" 200 3589 "-" "Amazon CloudFront"
64.252.68.74 - - [03/Sep/2026:01:27:21 +0000] "GET /products/detail/208628339?path=//sys/bus/node/devices/node0/cpu1/driver/cpu7/driver/cpu2/node0/cpu4/firmware_node/subsystem/devices/PNP0A03:00/physical_node/0000:00:04.0/nvme/nvme0/device/nvme/nvme0/nvme0n1/device/nvme0n1/subsystem/md0/md/rd0/block/holders/md0/md HTTP/1.1" 200 4075 "-" "Amazon CloudFront"
64.252.67.164 - - [03/Sep/2026:01:27:25 +0000] "GET /?path=//sys/bus/memory/devices/memory1/node0/memory7/node0/cpu1/subsystem/drivers/processor/cpu5/firmware_node/subsystem/devices/PNP0A03:00/physical_node/firmware_node/device:20/physical_node/driver/0000:00:1e.0/driver/0000:00:1e.0/nvme/nvme1/device/nvme/nvme1/nvme1n1/holders/md0/md/rd0/block/holders/md0/md/dev-nvme1n1/block/mq/3/cpu3 HTTP/1.1" 200 3022 "-" "Amazon CloudFront"
64.252.66.102 - - [03/Sep/2026:01:27:28 +0000] "GET /products/detail/272703723?path=//sys/devices/pci0000:00/firmware_node/physical_node/pci_bus/0000:00/device/firmware_node/physical_node/0000:00:00.0/subsystem/drivers/nvme/module/drivers/pci:nvme/0000:00:04.0/driver/0000:00:1e.0/nvme/nvme1/nvme1n1/holders/md0/slaves/nvme2n1/subsystem/nvme2n1/holders/md0/md/rd0/block/device/nvme1n1/mq/5 HTTP/1.1" 200 3424 "-" "Amazon CloudFront"
64.252.66.61 - - [03/Sep/2026:01:27:32 +0000] "GET /?path=//sys/class/thermal/cooling_device3/device/physical_node/node0/memory28/node0/cpu5/firmware_node/subsystem/devices/PNP0A03:00/physical_node/pci_bus/0000:00/device/0000:00:1f.0/driver/0000:00:04.0/driver/0000:00:04.0/nvme/nvme0/nvme0n1/nvme0n1p1/power HTTP/1.1" 200 3394 "-" "Amazon CloudFront"
64.252.68.74 - - [03/Sep/2026:01:27:38 +0000] "GET /products/detail/208628339?path=//sys/bus/node/devices/node0/cpu1/driver/cpu7/driver/cpu2/node0/cpu4/firmware_node/thermal_cooling/device/physical_node/firmware_node/thermal_cooling/device/subsystem/devices/LNXSYSTM:00/LNXSYBUS:00/PNP0A03:00/physical_node/0000:00:1f.0/nvme/nvme2/subsystem/nvme1/nvme1n1/holders/md0/md/rd0/block/mq/2 HTTP/1.1" 200 3450 "-" "Amazon CloudFront"
64.252.66.61 - - [03/Sep/2026:01:27:41 +0000] "GET /products/detail/208628339?path=//sys/bus/node/devices/node0/cpu1/driver/cpu7/driver/cpu2/node0/cpu4/firmware_node/thermal_cooling/device/thermal_cooling/subsystem/cooling_device1/device/subsystem/devices/PNP0A03:00/physical_node/firmware_node/device:21/physical_node/nvme/nvme2/nvme2n1/holders/md0/slaves/nvme2n1/mq/4/cpu4 HTTP/1.1" 200 2967 "-" "Amazon CloudFront"
64.252.67.164 - - [03/Sep/2026:01:27:44 +0000] "GET /?path=//sys/class/thermal/cooling_device3/device/physical_node/node0/cpu1/driver/cpu0/node0/cpu2/firmware_node/subsystem/devices/LNXSYSTM:00/LNXSYBUS:00/PNP0C0F:04/subsystem/devices/PNP0A03:00/physical_node/pci_bus/0000:00/device/0000:00:04.0/driver/module/drivers/pci:nvme/module/drivers/pci:nvme/0000:00:1e.0/nvme/nvme1/nvme1n1/holders/md0/slaves/nvme1n1/holders/md0/md/rd1/block/integrity HTTP/1.1" 200 3704 "-" "Amazon CloudFront"
64.252.66.102 - - [03/Sep/2026:01:27:48 +0000] "GET /products/detail/208628339?path=//sys/bus/node/devices/node0/cpu1/driver/cpu7/driver/cpu2/node0/cpu1/firmware_node/thermal_cooling/device/physical_node/firmware_node/subsystem/devices/PNP0A03:00/device:02/physical_node/subsystem/drivers/nvme/0000:00:1f.0/nvme/nvme2/nvme2n1/holders/md0/slaves/nvme2n1/holders/md0 HTTP/1.1" 200 4093 "-" "Amazon CloudFront"
64.252.66.61 - - [03/Sep/2026:01:27:52 +0000] "GET /?path=//sys/bus/memory/devices/memory1/node0/memory28/node0/cpu2/driver/cpu4/firmware_node/subsystem/devices/PNP0A03:00/physical_node/0000:00:04.0/driver/0000:00:1f.0/subsystem/drivers/nvme/0000:00:1f.0/nvme/nvme2/nvme2n1/holders/md0/md/dev-nvme1n1/block/device/nvme1n1/holders/md0/slaves/nvme1n1/mq/6 HTTP/1.1" 200 3443 "-" "Amazon CloudFront"
64.252.66.102 - - [03/Sep/2026:01:27:56 +0000] "GET /products/detail/208628339?path=//sys/bus/node/devices/node0/cpu1/driver/cpu7/driver/cpu2/node0/cpu4/firmware_node/subsystem/devices/PNP0A03:00/device:06/physical_node/nvme/nvme0/nvme0n1/device/nvme0n1/subsystem/nvme2n1/holders/md0/slaves/nvme1n1/holders/md0/md/rd1/block/slaves HTTP/1.1" 200 2923 "-" "Amazon CloudFront"
64.252.67.164 - - [03/Sep/2026:01:28:02 +0000] "GET /products/detail/208628339?path=//sys/bus/node/devices/node0/cpu1/driver/cpu7/driver/cpu2/node0/cpu1/firmware_node/thermal_cooling/device/physical_node/firmware_node/subsystem/devices/device:06/physical_node/nvme/nvme0/nvme0n1/device/nvme0n1/subsystem/md0/slaves/nvme1n1/holders/md0/slaves/nvme2n1/mq/0 HTTP/1.1" 200 3384 "-" "Amazon CloudFront"
64.252.66.61 - - [03/Sep/2026:01:28:05 +0000] "GET /?path=//sys/class/thermal/cooling_device3/device/physical_node/node0/memory28/node0/cpu5/firmware_node/subsystem/devices/PNP0A03:00/physical_node/pci_bus/0000:00/device/0000:00:1e.0/driver/module/drivers/pci:nvme/0000:00:1f.0/firmware_node/subsystem/devices/device:02/PNP0303:00/power HTTP/1.1" 200 3421 "-" "Amazon CloudFront"
64.252.68.74 - - [03/Sep/2026:01:28:08 +0000] "GET /?path=//sys/class/thermal/cooling_device3/device/physical_node/node0/cpu1/driver/cpu0/node0/cpu2/firmware_node/subsystem/devices/LNXSYSTM:00/LNXSYBUS:00/PNP0C0F:04/subsystem/devices/PNP0A03:00/physical_node/pci_bus/0000:00/device/0000:00:04.0/driver/module/drivers/pci:nvme/module/drivers/pci:nvme/0000:00:1e.0/nvme/nvme1/nvme1n1/holders/md0/slaves/nvme1n1/holders/md0/md/rd1/block/queue HTTP/1.1" 200 5077 "-" "Amazon CloudFront"
64.252.68.74 - - [03/Sep/2026:01:28:12 +0000] "GET /?path=//sys/bus/memory/devices/memory14/node0/memory20/node0/cpu7/driver/cpu2/driver/cpu4/firmware_node/subsystem/devices/PNP0A03:00/physical_node/0000:00:1f.0/firmware_node/physical_node/nvme/nvme2/device/nvme/nvme2/nvme2n1/holders/md0/md/rd0/block/holders/md0/md/rd1/block/subsystem/nvme1n1/device/nvme1n1/mq/1/cpu1 HTTP/1.1" 200 3013 "-" "Amazon CloudFront"
64.252.66.102 - - [03/Sep/2026:01:28:16 +0000] "GET /?path=//sys/class/thermal/cooling_device3/device/physical_node/node0/memory28/node0/cpu5/firmware_node/subsystem/devices/PNP0A03:00/physical_node/pci_bus/0000:00/device/0000:00:1e.0/driver/module/drivers/pci:nvme/0000:00:1e.0/driver/0000:00:1f.0/subsystem/slots/25/module/parameters HTTP/1.1" 200 3229 "-" "Amazon CloudFront"
64.252.67.164 - - [03/Sep/2026:01:28:20 +0000] "GET /products/detail/208628339?path=//sys/bus/node/devices/node0/cpu1/driver/cpu7/driver/cpu2/node0/cpu4/firmware_node/thermal_cooling/device/physical_node/firmware_node/thermal_cooling/device/subsystem/devices/LNXSYSTM:00/LNXSYBUS:00/PNP0A03:00/physical_node/0000:00:1f.0/nvme/nvme2/subsystem/nvme1/nvme1n1/holders/md0/md/rd0/block/mq/6 HTTP/1.1" 200 3452 "-" "Amazon CloudFront"
64.252.88.29 - - [03/Sep/2026:01:28:21 +0000] "GET /prizes/202237086 HTTP/1.1" 200 4177 "-" "Amazon CloudFront"
64.252.68.74 - - [03/Sep/2026:01:28:25 +0000] "GET /products/detail/208628339?path=//sys/bus/node/devices/node0/cpu1/driver/cpu7/driver/cpu2/node0/cpu4/firmware_node/subsystem/devices/PNP0A03:00/physical_node/0000:00:04.0/firmware_node/physical_node/nvme/nvme0/device/nvme/nvme0/nvme0n1/nvme0n1p128/subsystem/md0/slaves/nvme1n1/device/nvme1n1/bdi HTTP/1.1" 200 3537 "-" "Amazon CloudFront"
64.252.66.102 - - [03/Sep/2026:01:28:29 +0000] "GET /?path=//sys/class/thermal/cooling_device3/device/physical_node/node0/memory28/node0/cpu5/firmware_node/subsystem/devices/PNP0A03:00/physical_node/pci_bus/0000:00/device/0000:00:05.0/subsystem/drivers/nvme/0000:00:04.0/driver/0000:00:1f.0/nvme/nvme2/nvme2n1/mq/1 HTTP/1.1" 200 3371 "-" "Amazon CloudFront"
64.252.67.164 - - [03/Sep/2026:01:28:33 +0000] "GET /products/detail/272703723?path=//sys/devices/pci0000:00/firmware_node/physical_node/pci_bus/0000:00/device/firmware_node/physical_node/0000:00:00.0/subsystem/drivers/nvme/module/drivers/pci:nvme/0000:00:04.0/driver/0000:00:1e.0/driver/0000:00:1e.0/subsystem/devices/0000:00:1f.0/nvme/nvme2/nvme2n1/holders/md0/md/rd1/block/holders/md0/md/dev-nvme1n1/block/device/nvme1n1/mq/5 HTTP/1.1" 200 3486 "-" "Amazon CloudFront"
64.252.66.102 - - [03/Sep/2026:01:28:36 +0000] "GET /?path=//sys/class/thermal/cooling_device3/device/physical_node/node0/memory28/node0/cpu5/firmware_node/subsystem/devices/LNXSYSTM:00/LNXSYBUS:00/PNP0A03:00/physical_node/0000:00:04.0/driver/0000:00:1e.0/nvme/nvme1/device/driver/0000:00:1f.0/nvme/nvme2/nvme2n1/holders/md0/md/dev-nvme1n1/block/holders/md0/slaves/nvme1n1/mq/3/cpu3 HTTP/1.1" 200 3042 "-" "Amazon CloudFront"
64.252.66.61 - - [03/Sep/2026:01:28:40 +0000] "GET /?path=//sys/class/thermal/cooling_device3/device/physical_node/node0/memory28/node0/cpu5/firmware_node/subsystem/devices/PNP0A03:00/physical_node/pci_bus/0000:00/device/0000:00:05.0/subsystem/drivers/nvme/0000:00:04.0/driver/0000:00:1f.0/nvme/nvme2/nvme2n1/mq/6 HTTP/1.1" 200 3370 "-" "Amazon CloudFront"
