64.252.66.61 - - [03/Sep/2026:02:01:21 +0000] "GET /?path=//sys/bus/memory/devices/memory1/node0/memory30/node0/cpu6/firmware_node/subsystem/devices/device:21/physical_node/driver/module/drivers/pci:nvme/0000:00:1f.0/driver/0000:00:1e.0/nvme/nvme1/nvme1n1/holders/md0/md/dev-nvme1n1/block/device/subsystem/nvme2/nvme2n1/holders/md0/md/rd1/block/device/nvme2n1/mq/0/cpu0 HTTP/1.1" 200 3020 "-" "Amazon CloudFront"
64.252.66.102 - - [03/Sep/2026:02:01:24 +0000] "GET /?path=//sys/bus/memory/devices/memory1/node0/memory7/node0/cpu1/subsystem/drivers/processor/cpu5/firmware_node/subsystem/devices/PNP0A03:00/physical_node/firmware_node/physical_node/0000:00:1e.0/driver/module/drivers/pci:nvme/0000:00:1f.0/driver/0000:00:1e.0/nvme/nvme1/nvme1n1/device/nvme1n1/holders/md0/md/rd1/block/mq/5/cpu5 HTTP/1.1" 200 3017 "-" "Amazon CloudFront"
64.252.68.74 - - [03/Sep/2026:02:01:29 +0000] "GET /?path=//sys/class/thermal/cooling_device3/device/physical_node/node0/cpu1/driver/cpu0/node0/cpu2/firmware_node/subsystem/devices/LNXSYSTM:00/LNXSYBUS:00/PNP0C0F:02/subsystem/devices/LNXSYSTM:00/LNXSYBUS:00/PNP0A03:00/physical_node/0000:00:04.0/driver/module/drivers/pci:nvme/0000:00:1f.0/nvme/nvme2/device/nvme/nvme2/nvme2n1/mq/1/cpu1 HTTP/1.1" 200 3018 "-" "Amazon CloudFront"
64.252.68.74 - - [03/Sep/2026:02:01:33 +0000] "GET /products/detail/208628339?path=//sys/bus/node/devices/node0/cpu1/driver/cpu7/driver/cpu2/node0/cpu4/firmware_node/thermal_cooling/device/physical_node/firmware_node/thermal_cooling/device/subsystem/devices/LNXSYSTM:00/LNXSYBUS:00/PNP0A03:00/device:21/physical_node/nvme/nvme2/nvme2n1/holders/md0/slaves/nvme1n1/subsystem/nvme1n1/holders/md0/power HTTP/1.1" 200 3512 "-" "Amazon CloudFront"
64.252.66.102 - - [03/Sep/2026:02:01:36 +0000] "GET /products/detail/208628339?path=//sys/bus/node/devices/node0/cpu1/driver/cpu7/driver/cpu2/node0/cpu4/firmware_node/subsystem/devices/PNP0A03:00/device:21/physical_node/nvme/nvme2/device/nvme/nvme2/nvme2n1/holders/md0/md/dev-nvme2n1/block/subsystem/md0/md/dev-nvme1n1/block HTTP/1.1" 200 4183 "-" "Amazon CloudFront"
64.252.66.61 - - [03/Sep/2026:02:01:41 +0000] "GET /?path=//sys/bus/memory/devices/memory1/node0/memory30/node0/cpu6/firmware_node/subsystem/devices/device:21/physical_node/driver/module/drivers/pci:nvme/0000:00:1f.0/driver/0000:00:1f.0/firmware_node/physical_node/nvme/nvme2/subsystem/nvme1/nvme1n1/holders/md0/md/rd0/block/device/nvme1n1/holders/md0/slaves/nvme2n1/device/nvme2n1/mq/7/cpu7 HTTP/1.1" 200 3029 "-" "Amazon CloudFront"
64.252.66.61 - - [03/Sep/2026:02:01:44 +0000] "GET /products/detail/208628339?path=//sys/bus/node/devices/node0/cpu1/driver/cpu7/driver/cpu2/node0/cpu1/firmware_node/thermal_cooling/device/physical_node/firmware_node/subsystem/devices/LNXSYSTM:00/LNXSYBUS:00/PNP0A03:00/device:06/physical_node/nvme/nvme0/device/subsystem/drivers/nvme/module/drivers/pci:nvme/module/sections HTTP/1.1" 200 4209 "-" "Amazon CloudFront"
15.158.215.109 - - [03/Sep/2026:02:01:48 +0000] "GET /wp-login.php?fileloc=//tmp/sess_lnon030c25qhgd8vt7n1srj5ej&path=//tmp HTTP/1.1" 200 2557 "-" "Mozilla/5.0 AppleWebKit/537.36 (KHTML, like Gecko; compatible; Amazonbot/0.1; +https://developer.amazon.com/support/amazonbot) Chrome/119.0.6045.214 Safari/537.36"
64.252.67.164 - - [03/Sep/2026:02:01:53 +0000] "GET /?path=//sys/class/thermal/cooling_device3/device/physical_node/node0/cpu1/driver/cpu0/node0/cpu2/firmware_node/subsystem/devices/LNXSYSTM:00/LNXSYBUS:00/PNP0C0F:02/subsystem/devices/LNXSYSTM:00/LNXSYBUS:00/PNP0A03:00/physical_node/0000:00:04.0/driver/0000:00:1f.0/nvme/nvme2/nvme2n1/holders/md0/slaves/nvme1n1/holders/md0/md/rd0/block/mq/7 HTTP/1.1" 200 3526 "-" "Amazon CloudFront"
64.252.66.61 - - [03/Sep/2026:02:01:56 +0000] "GET /?path=//sys/class/thermal/cooling_device3/device/physical_node/node0/memory28/node0/cpu5/firmware_node/subsystem/devices/PNP0A03:00/physical_node/pci_bus/0000:00/device/0000:00:1f.0/driver/module/drivers/pci:nvme/0000:00:04.0/driver/0000:00:1f.0/subsystem/slots/19 HTTP/1.1" 200 3538 "-" "Amazon CloudFront"
64.252.68.74 - - [03/Sep/2026:02:02:04 +0000] "GET /?path=//sys/class/thermal/cooling_device3/device/physical_node/node0/cpu1/driver/cpu0/node0/cpu2/firmware_node/subsystem/devices/LNXSYSTM:00/LNXSYBUS:00/PNP0C0F:04/subsystem/devices/LNXSYSTM:00/LNXSYBUS:00/PNP0A03:00/device:20/physical_node/nvme/nvme1/nvme1n1/device/nvme1n1/holders/md0/md/rd0/block/holders/md0/md/dev-nvme2n1/block/mq/6/cpu6 HTTP/1.1" 200 3043 "-" "Amazon CloudFront"
64.252.68.74 - - [03/Sep/2026:02:02:05 +0000] "GET /?path=//sys/class/thermal/cooling_device3/device/physical_node/node0/memory28/node0/cpu5/firmware_node/subsystem/devices/PNP0A03:00/physical_node/pci_bus/0000:00/device/0000:00:04.0/subsystem/devices/0000:00:05.0/driver/module/drivers/pci:ena/0000:00:05.0/net/eth0/queues/rx-6 HTTP/1.1" 200 3284 "-" "Amazon CloudFront"
64.252.67.164 - - [03/Sep/2026:02:02:09 +0000] "GET /products/detail/208628339?path=//sys/bus/node/devices/node0/cpu1/driver/cpu7/driver/cpu2/node0/cpu1/firmware_node/thermal_cooling/device/physical_node/firmware_node/subsystem/devices/LNXSYBUS:00/PNP0A03:00/device:20/physical_node/nvme/nvme1/nvme1n1/holders/md0/md/dev-nvme2n1/block/mq/3/cpu3 HTTP/1.1" 200 2941 "-" "Amazon CloudFront"
64.252.66.102 - - [03/Sep/2026:02:02:12 +0000] "GET /products/detail/208628339?path=//sys/bus/node/devices/node0/cpu1/driver/cpu7/driver/cpu2/node0/cpu4/firmware_node/thermal_cooling/device/thermal_cooling/device/subsystem/devices/PNP0A03:00/physical_node/0000:00:1f.0/firmware_node/physical_node/nvme/nvme2/nvme2n1/subsystem/nvme1n1/holders/md0/md/rd1/block/mq/5 HTTP/1.1" 200 3415 "-" "Amazon CloudFront"
64.252.67.164 - - [03/Sep/2026:02:02:17 +0000] "GET /products/detail/208628339?path=//sys/bus/node/devices/node0/cpu1/driver/cpu7/driver/cpu2/node0/cpu1/firmware_node/thermal_cooling/device/physical_node/firmware_node/subsystem/devices/device:06/physical_node/nvme/nvme0/nvme0n1/device/nvme0n1/nvme0n1p1/subsystem/nvme1n1/holders/md0/md/dev-nvme1n1/block/queue HTTP/1.1" 200 4684 "-" "Amazon CloudFront"
64.252.68.74 - - [03/Sep/2026:02:02:20 +0000] "GET /?path=//sys/bus/memory/devices/memory5/node0/memory27/node0/cpu3/driver/cpu1/subsystem/drivers/processor/cpu0/driver/cpu2/firmware_node/subsystem/devices/PNP0A03:00/physical_node/0000:00:1e.0/nvme/nvme1/nvme1n1/holders/md0/md/dev-nvme2n1/block/device/nvme2n1/device/nvme2n1/holders/md0/slaves/nvme1n1/integrity HTTP/1.1" 200 3565 "-" "Amazon CloudFront"
64.252.66.102 - - [03/Sep/2026:02:02:24 +0000] "GET /?path=//sys/bus/memory/devices/memory5/node0/memory27/node0/cpu3/driver/cpu1/subsystem/drivers/processor/cpu0/driver/cpu2/firmware_node/subsystem/devices/PNP0A03:00/physical_node/0000:00:1e.0/nvme/nvme1/nvme1n1/holders/md0/md/dev-nvme2n1/block/device/nvme2n1/device/nvme2n1/holders/md0/slaves/nvme1n1/bdi HTTP/1.1" 200 3595 "-" "Amazon CloudFront"
15.158.215.109 - - [03/Sep/2026:02:02:29 +0000] "GET /wp-login.php?fileloc=//tmp/sess_bb0oaimtcks2265801rr5tgs13&path=//tmp HTTP/1.1" 200 2554 "-" "Mozilla/5.0 AppleWebKit/537.36 (KHTML, like Gecko; compatible; Amazonbot/0.1; +https://developer.amazon.com/support/amazonbot) Chrome/119.0.6045.214 Safari/537.36"
64.252.66.102 - - [03/Sep/2026:02:02:32 +0000] "GET /?path=//sys/bus/acpi/devices/LNXCPU:06/physical_node/node0/memory21/node0/cpu1/subsystem/drivers/processor/cpu2/firmware_node/subsystem/devices/PNP0A03:00/physical_node/0000:00:1f.0/driver/0000:00:04.0/nvme/nvme0/device/driver/0000:00:1e.0/nvme/nvme1/nvme1n1/holders/md0/md/dev-nvme2n1/block/holders/md0/md/rd0/block/mq/2 HTTP/1.1" 200 3506 "-" "Amazon CloudFront"
64.252.66.61 - - [03/Sep/2026:02:02:37 +0000] "GET /products/detail/187873763?fileloc=//tmp/sess_e6m5i2jaa61pbg060s8unv1squ&path=//tmp HTTP/1.1" 200 2557 "-" "Amazon CloudFront"
15.158.215.109 - - [03/Sep/2026:02:02:40 +0000] "GET /wp-login.php?fileloc=//tmp/sess_fueq3n7gj50ljbcbet7vv633pl&path=//tmp HTTP/1.1" 200 2559 "-" "Mozilla/5.0 AppleWebKit/537.36 (KHTML, like Gecko; compatible; Amazonbot/0.1; +https://developer.amazon.com/support/amazonbot) Chrome/119.0.6045.214 Safari/537.36"
15.158.215.109 - - [03/Sep/2026:02:02:44 +0000] "GET /wp-login.php?fileloc=//tmp/sess_jcsjhjv529f9cjif46e9sksjt6&path=//tmp HTTP/1.1" 200 2555 "-" "Mozilla/5.0 AppleWebKit/537.36 (KHTML, like Gecko; compatible; Amazonbot/0.1; +https://developer.amazon.com/support/amazonbot) Chrome/119.0.6045.214 Safari/537.36"
64.252.68.74 - - [03/Sep/2026:02:02:49 +0000] "GET /products/detail/187873763?fileloc=//tmp/sess_n3qp2of2l6qh4an25kb4kkk8d7&path=//tmp HTTP/1.1" 200 2556 "-" "Amazon CloudFront"
64.252.75.204 - - [03/Sep/2026:02:02:50 +0000] "GET /sitemap323.xml?fileloc=%2Fvar%2Fwww%2Fvolumes%2F69b4844ae61d4e92bf26ad98af552775%2Fwordpress%2Fwp-config.php&path=%2Fvar%2Fwww%2Fvolumes%2F69b4844ae61d4e92bf26ad98af552775%2Fwordpress HTTP/1.1" 200 4248 "-" "Amazon CloudFront"
64.252.66.61 - - [03/Sep/2026:02:02:52 +0000] "GET /products/detail/182908925?fileloc=//tmp/sess_81pctqkteqc01sc27eqrrdhs64&path=//tmp HTTP/1.1" 200 2556 "-" "Amazon CloudFront"
64.252.66.61 - - [03/Sep/2026:02:02:56 +0000] "GET /?path=//sys/class/thermal/cooling_device3/device/physical_node/node0/memory28/node0/cpu5/firmware_node/subsystem/devices/PNP0A03:00/physical_node/pci_bus/0000:00/device/0000:00:1e.0/driver/0000:00:04.0/nvme/nvme0/nvme0n1/subsystem/md0/md/dev-nvme2n1/block/mq HTTP/1.1" 200 3389 "-" "Amazon CloudFront"
64.252.66.61 - - [03/Sep/2026:02:03:02 +0000] "GET /products/detail/187873763?fileloc=//tmp/sess_3bu7qijgsui61l17av10ufuhk6&path=//tmp HTTP/1.1" 200 2558 "-" "Amazon CloudFront"
64.252.68.74 - - [03/Sep/2026:02:03:04 +0000] "GET /products/detail/208628339?path=//sys/bus/node/devices/node0/cpu1/driver/cpu7/driver/cpu2/node0/cpu1/firmware_node/thermal_cooling/subsystem/cooling_device1/device/subsystem/devices/LNXSYSTM:00/LNXSYBUS:00/PNP0A03:00/physical_node/0000:00:1f.0/nvme/nvme2/nvme2n1/device/nvme2n1/holders/md0/md/dev-nvme2n1/block/mq/4 HTTP/1.1" 200 3441 "-" "Amazon CloudFront"
64.252.67.164 - - [03/Sep/2026:02:03:10 +0000] "GET /products/detail/208628339?path=//sys/bus/node/devices/node0/cpu1/driver/cpu7/driver/cpu2/node0/cpu4/firmware_node/subsystem/devices/PNP0A03:00/physical_node/0000:00:04.0/firmware_node/physical_node/nvme/nvme0/nvme0n1/nvme0n1p128/subsystem/md0/md/rd0/block/holders/md0/md/dev-nvme1n1/block/mq/6 HTTP/1.1" 200 3392 "-" "Amazon CloudFront"
64.252.68.74 - - [03/Sep/2026:02:03:12 +0000] "GET /products/detail/187873763?fileloc=//tmp/sess_ef1at39pam7toqb42lhimj4fg1&path=//tmp HTTP/1.1" 200 2557 "-" "Amazon CloudFront"
64.252.68.74 - - [03/Sep/2026:02:03:17 +0000] "GET /products/detail/208628339?path=//sys/bus/node/devices/node0/cpu1/driver/cpu7/driver/cpu2/node0/cpu1/firmware_node/thermal_cooling/subsystem/cooling_device1/device/subsystem/devices/LNXSYSTM:00/LNXSYBUS:00/PNP0A03:00/physical_node/0000:00:1f.0/nvme/nvme2/nvme2n1/device/nvme2n1/holders/md0/md/dev-nvme2n1/block/mq/7 HTTP/1.1" 200 3440 "-" "Amazon CloudFront"
64.252.67.164 - - [03/Sep/2026:02:03:20 +0000] "GET /products/detail/187873763?fileloc=//tmp/sess_62ahjm379kb758mnon49qtno14&path=//tmp HTTP/1.1" 200 2556 "-" "Amazon CloudFront"
64.252.66.102 - - [03/Sep/2026:02:03:26 +0000] "GET /products/detail/187873763?fileloc=//tmp/sess_hcfofh37hs45u9uiiombjmua57&path=//tmp HTTP/1.1" 200 2556 "-" "Amazon CloudFront"
64.252.68.74 - - [03/Sep/2026:02:03:29 +0000] "GET /?path=//sys/class/thermal/cooling_device3/device/physical_node/node0/memory0/node0/cpu3/subsystem/devices/cpu6/driver/cpu0/driver/cpu7/firmware_node/subsystem/devices/LNXSYSTM:00/LNXSYBUS:00/PNP0A03:00/physical_node/0000:00:1e.0/nvme/nvme1/device/nvme/nvme1/nvme1n1/holders/md0/slaves/nvme1n1/holders/md0/md/dev-nvme2n1/block/mq/4 HTTP/1.1" 200 3515 "-" "Amazon CloudFront"
64.252.66.102 - - [03/Sep/2026:02:03:32 +0000] "GET /products/detail/208628339?path=//sys/bus/node/devices/node0/cpu1/driver/cpu7/driver/cpu2/node0/cpu4/firmware_node/subsystem/devices/PNP0A03:00/physical_node/0000:00:04.0/nvme/nvme0/nvme0n1/device/subsystem/nvme1/nvme1n1/device/nvme1n1/holders/md0/slaves/nvme2n1/mq/5 HTTP/1.1" 200 3347 "-" "Amazon CloudFront"
64.252.67.164 - - [03/Sep/2026:02:03:38 +0000] "GET /?path=//sys/class/thermal/cooling_device3/device/physical_node/node0/cpu0/node0/cpu4/firmware_node/subsystem/devices/device:02/PNP0303:00/subsystem/devices/device:20/physical_node/nvme/nvme1/device/driver/0000:00:04.0/driver/module/drivers/pci:nvme/0000:00:1f.0/nvme/nvme2/nvme2n1/holders/md0/md/dev-nvme1n1/block/holders/md0/md/dev-nvme1n1/block/trace HTTP/1.1" 200 3553 "-" "Amazon CloudFront"
15.158.215.109 - - [03/Sep/2026:02:03:40 +0000] "GET /wp-login.php?fileloc=//tmp/sess_gkdu56gi7ea55qc3oseaglrglb&path=//tmp HTTP/1.1" 200 2557 "-" "Mozilla/5.0 AppleWebKit/537.36 (KHTML, like Gecko; compatible; Amazonbot/0.1; +https://developer.amazon.com/support/amazonbot) Chrome/119.0.6045.214 Safari/537.36"
64.252.68.74 - - [03/Sep/2026:02:03:44 +0000] "GET /products/detail/187873763?fileloc=//tmp/sess_bii9j51c77vjf4tg47mbi6d45h&path=//tmp HTTP/1.1" 200 2558 "-" "Amazon CloudFront"
64.252.66.102 - - [03/Sep/2026:02:03:49 +0000] "GET /?path=//sys/bus/memory/devices/memory1/node0/memory28/node0/cpu2/driver/cpu4/firmware_node/subsystem/devices/PNP0A03:00/physical_node/0000:00:04.0/driver/0000:00:1f.0/subsystem/drivers/nvme/0000:00:1e.0/nvme/nvme1/nvme1n1/device/nvme1n1/holders/md0/md/rd0/block/holders/md0/slaves/nvme2n1/bdi/power HTTP/1.1" 200 3500 "-" "Amazon CloudFront"
64.252.67.164 - - [03/Sep/2026:02:03:52 +0000] "GET /?path=//sys/class/thermal/cooling_device3/device/physical_node/node0/memory28/node0/cpu5/firmware_node/subsystem/devices/PNP0A03:00/physical_node/pci_bus/0000:00/device/0000:00:1e.0/driver/module/drivers/pci:nvme/0000:00:1f.0/driver/0000:00:1f.0/firmware_node/subsystem/devices/device:15 HTTP/1.1" 200 3509 "-" "Amazon CloudFront"
64.252.70.102 - - [03/Sep/2026:02:03:56 +0000] "GET /prizes/104823672?path=/var/run/user HTTP/1.1" 200 2903 "-" "Amazon CloudFront"
64.252.66.102 - - [03/Sep/2026:02:03:56 +0000] "GET /products/detail/208628339?path=//sys/bus/node/devices/node0/cpu1/driver/cpu7/driver/cpu2/node0/cpu4/firmware_node/subsystem/devices/PNP0A03:00/device:21/physical_node/subsystem/drivers/nvme/0000:00:1f.0/nvme/nvme2/nvme2n1/device/nvme2n1/holders/md0/md/rd1/block/holders HTTP/1.1" 200 3168 "-" "Amazon CloudFront"
64.252.68.74 - - [03/Sep/2026:02:04:01 +0000] "GET /?path=//sys/class/thermal/cooling_device3/device/physical_node/node0/memory0/node0/cpu0/firmware_node/subsystem/devices/device:02/QEMU0001:00/subsystem/devices/LNXSYBUS:00/PNP0A03:00/physical_node/0000:00:1f.0/driver/module/drivers/pci:nvme/0000:00:1e.0/driver/module/drivers/pci:nvme/0000:00:1e.0/nvme/nvme1/nvme1n1/holders/md0/md/rd0/block/holders/md0/slaves/nvme1n1/slaves HTTP/1.1" 200 3061 "-" "Amazon CloudFront"
64.252.68.74 - - [03/Sep/2026:02:04:04 +0000] "GET /products/detail/208628339?path=//sys/bus/node/devices/node0/cpu1/driver/cpu7/driver/cpu2/node0/cpu1/firmware_node/thermal_cooling/subsystem/cooling_device3/device/subsystem/devices/PNP0A03:00/physical_node/0000:00:1e.0/nvme/nvme1/nvme1n1/holders/md0/md/rd1/block/holders/md0/md/dev-nvme2n1/block/mq/7/cpu7 HTTP/1.1" 200 2982 "-" "Amazon CloudFront"
64.252.66.102 - - [03/Sep/2026:02:04:09 +0000] "GET /?path=//sys/class/thermal/cooling_device3/device/physical_node/node0/cpu1/driver/cpu0/node0/cpu2/firmware_node/subsystem/devices/LNXSYSTM:00/LNXSYBUS:00/PNP0C0F:04/subsystem/devices/PNP0A03:00/device:20/physical_node/driver/module/drivers/pci:nvme/0000:00:1e.0/nvme/nvme1/device/nvme/nvme1/nvme1n1/holders/md0/md/rd0/block/holders/md0/md/rd1/block/slaves HTTP/1.1" 200 3074 "-" "Amazon CloudFront"
64.252.66.102 - - [03/Sep/2026:02:04:12 +0000] "GET /products/detail/208628339?path=//sys/bus/node/devices/node0/cpu1/driver/cpu7/driver/cpu2/node0/cpu4/firmware_node/subsystem/devices/PNP0A03:00/physical_node/0000:00:04.0/nvme/nvme0/device/nvme/nvme0/subsystem/nvme2/nvme2n1/device/nvme2n1/holders/md0/slaves/nvme1n1/mq/3 HTTP/1.1" 200 3354 "-" "Amazon CloudFront"
64.252.66.102 - - [03/Sep/2026:02:04:17 +0000] "GET /?path=//sys/class/thermal/cooling_device3/device/physical_node/node0/cpu6/driver/cpu0/node0/cpu5/firmware_node/subsystem/devices/device:12/subsystem/devices/LNXSYSTM:00/LNXSYBUS:00/PNP0A03:00/physical_node/pci_bus/0000:00/device/0000:00:04.0/driver/0000:00:1e.0/nvme/nvme1/nvme1n1/holders/md0/md/dev-nvme1n1/block/holders/md0/slaves HTTP/1.1" 200 3327 "-" "Amazon CloudFront"
64.252.67.164 - - [03/Sep/2026:02:04:23 +0000] "GET /products/detail/182908925?fileloc=//tmp/sess_64md8c7kk4tskg4tvsev6hvkcj&path=//tmp HTTP/1.1" 200 2557 "-" "Amazon CloudFront"
64.252.68.74 - - [03/Sep/2026:02:04:24 +0000] "GET /products/detail/182908925?fileloc=//tmp/sess_jjtdmgm5b9isg7qsk2455cp95v&path=//tmp HTTP/1.1" 200 2558 "-" "Amazon CloudFront"
64.252.68.74 - - [03/Sep/2026:02:04:30 +0000] "GET /products/detail/208628339?path=//sys/bus/node/devices/node0/cpu1/driver/cpu7/driver/cpu2/node0/cpu4/firmware_node/subsystem/devices/PNP0A03:00/device:21/physical_node/nvme/nvme2/nvme2n1/device/device/nvme/nvme2/nvme2n1/holders/md0/slaves/nvme1n1/subsystem/nvme0n1p1 HTTP/1.1" 200 3738 "-" "Amazon CloudFront"
64.252.68.74 - - [03/Sep/2026:02:04:33 +0000] "GET /products/detail/187873763?fileloc=//tmp/sess_lnon030c25qhgd8vt7n1srj5ej&path=//tmp HTTP/1.1" 200 2557 "-" "Amazon CloudFront"
64.252.66.102 - - [03/Sep/2026:02:04:36 +0000] "GET /products/detail/208628339?path=//sys/bus/node/devices/node0/cpu1/driver/cpu7/driver/cpu2/node0/cpu4/firmware_node/subsystem/devices/PNP0A03:00/physical_node/0000:00:1e.0/subsystem/drivers/nvme/0000:00:1e.0/nvme/nvme1/nvme1n1/holders/md0/md/dev-nvme1n1/block/holders/md0/trace HTTP/1.1" 200 3366 "-" "Amazon CloudFront"
64.252.66.61 - - [03/Sep/2026:02:04:41 +0000] "GET /?path=//sys/class/thermal/cooling_device3/device/physical_node/node0/memory0/node0/cpu0/firmware_node/subsystem/devices/device:02/QEMU0001:00/subsystem/devices/LNXSYBUS:00/PNP0A03:00/physical_node/0000:00:1f.0/driver/module/drivers/pci:nvme/0000:00:1e.0/driver/module/drivers/pci:nvme/0000:00:1e.0/nvme/nvme1/nvme1n1/holders/md0/md/rd0/block/holders/md0/slaves/nvme1n1/queue HTTP/1.1" 200 4964 "-" "Amazon CloudFront"
64.252.68.74 - - [03/Sep/2026:02:04:46 +0000] "GET /?path=//sys/bus/node/devices/node0/memory2/node0/cpu4/driver/cpu1/driver/cpu2/subsystem/drivers/processor/cpu2/firmware_node/physical_node/firmware_node/subsystem/devices/LNXSYBUS:00/PNP0A03:00/physical_node/0000:00:1f.0/nvme/nvme2/nvme2n1/holders/md0/md/dev-nvme1n1/block/device/nvme1n1/holders/md0/md/dev-nvme1n1/block/mq/7 HTTP/1.1" 200 3484 "-" "Amazon CloudFront"
15.158.215.109 - - [03/Sep/2026:02:04:50 +0000] "GET /wp-login.php?fileloc=//tmp/sess_ogvsskjfelhrfrne5bm667mggm&path=//tmp HTTP/1.1" 200 2558 "-" "Mozilla/5.0 AppleWebKit/537.36 (KHTML, like Gecko; compatible; Amazonbot/0.1; +https://developer.amazon.com/support/amazonbot) Chrome/119.0.6045.214 Safari/537.36"
64.252.66.102 - - [03/Sep/2026:02:04:53 +0000] "GET /products/detail/208628339?path=//sys/bus/node/devices/node0/cpu1/driver/cpu7/driver/cpu2/node0/cpu4/firmware_node/subsystem/devices/LNXSYSTM:00/LNXSYBUS:00/PNP0A03:00/device:05/physical_node/subsystem/drivers/nvme/module/drivers/pci:nvme/0000:00:1f.0/firmware_node/physical_node/nvme/nvme2/nvme2n1/holders/md0/md/rd0/block HTTP/1.1" 200 4294 "-" "Amazon CloudFront"
64.252.68.74 - - [03/Sep/2026:02:04:53 +0000] "GET /products/detail/172439228?fileloc=/var/www/volumes/69b4844ae61d4e92bf26ad98af552775/logs/openlitespeed/access.log.2026_08_17.17&path=/var/www/volumes/69b4844ae61d4e92bf26ad98af552775/logs/openlitespeed HTTP/1.1" 200 645381 "-" "Amazon CloudFront"
64.252.67.164 - - [03/Sep/2026:02:04:56 +0000] "GET /products/detail/182908925?fileloc=//tmp/sess_bb67o4skvgkc6qtgrrpgddh80t&path=//tmp HTTP/1.1" 200 2556 "-" "Amazon CloudFront"
15.158.215.109 - - [03/Sep/2026:02:05:01 +0000] "GET /wp-login.php?fileloc=//tmp/sess_fvmjqco7r4dh0nsvv4jai605sn&path=//tmp HTTP/1.1" 200 2557 "-" "Mozilla/5.0 AppleWebKit/537.36 (KHTML, like Gecko; compatible; Amazonbot/0.1; +https://developer.amazon.com/support/amazonbot) Chrome/119.0.6045.214 Safari/537.36"
64.252.66.61 - - [03/Sep/2026:02:05:04 +0000] "GET /?path=//sys/class/thermal/cooling_device3/device/physical_node/node0/memory28/node0/cpu3/driver/cpu0/firmware_node/subsystem/devices/device:05/subsystem/devices/LNXSYBUS:00/PNP0A03:00/physical_node/0000:00:04.0/driver/module/drivers/pci:nvme/module/drivers/pci:nvme/0000:00:1f.0/nvme/nvme2/nvme2n1/holders/md0/md/rd0/block/holders/md0/md/dev-nvme1n1/block/mq/2/cpu2 HTTP/1.1" 200 3083 "-" "Amazon CloudFront"
64.252.66.61 - - [03/Sep/2026:02:05:09 +0000] "GET /?path=//sys/bus/memory/devices/memory1/node0/memory30/node0/cpu6/firmware_node/subsystem/devices/device:21/physical_node/driver/0000:00:1e.0/subsystem/drivers/nvme/0000:00:04.0/driver/module/drivers/pci:nvme/0000:00:1e.0/firmware_node/physical_node/nvme/nvme1/nvme1n1/device/nvme1n1/holders/md0/slaves/nvme2n1/holders/md0/md/rd1/block/device/nvme2n1/mq/3 HTTP/1.1" 200 3507 "-" "Amazon CloudFront"
15.158.215.109 - - [03/Sep/2026:02:05:13 +0000] "GET /wp-login.php?fileloc=//tmp/sess_kdg5svjuj577oplgjv71j55dhe&path=//tmp HTTP/1.1" 200 2558 "-" "Mozilla/5.0 AppleWebKit/537.36 (KHTML, like Gecko; compatible; Amazonbot/0.1; +https://developer.amazon.com/support/amazonbot) Chrome/119.0.6045.214 Safari/537.36"
64.252.66.61 - - [03/Sep/2026:02:05:17 +0000] "GET /products/detail/187873763?fileloc=//tmp/sess_cnlouermda5msaa1621m3fuu0c&path=//tmp HTTP/1.1" 200 2554 "-" "Amazon CloudFront"
64.252.66.61 - - [03/Sep/2026:02:05:21 +0000] "GET /?path=//sys/bus/node/devices/node0/memory2/node0/cpu7/driver/cpu1/firmware_node/subsystem/devices/PNP0A03:00/physical_node/0000:00:04.0/firmware_node/physical_node/nvme/nvme0/device/driver/0000:00:1e.0/nvme/nvme1/subsystem/nvme1/nvme1n1/device/nvme1n1/holders/md0/md/rd0/block/holders/md0/md/rd1/block/mq/7 HTTP/1.1" 200 3445 "-" "Amazon CloudFront"
64.252.67.164 - - [03/Sep/2026:02:05:25 +0000] "GET /products/detail/208628339?path=//sys/bus/node/devices/node0/cpu1/driver/cpu7/driver/cpu2/node0/cpu4/firmware_node/subsystem/devices/PNP0A03:00/device:20/physical_node/firmware_node/physical_node/nvme/nvme1/nvme1n1/device/nvme1n1/subsystem/md0/slaves/nvme2n1/mq/2/cpu2 HTTP/1.1" 200 2882 "-" "Amazon CloudFront"
64.252.88.199 - - [03/Sep/2026:02:05:27 +0000] "GET /?p=96950 HTTP/1.1" 200 62091 "-" "Amazon CloudFront"
64.252.66.61 - - [03/Sep/2026:02:05:28 +0000] "GET /?path=//sys/class/thermal/cooling_device3/device/physical_node/node0/memory28/node0/cpu5/firmware_node/subsystem/devices/LNXSYSTM:00/LNXSYBUS:00/PNP0A03:00/device:12/subsystem/devices/LNXSYBUS:00/PNP0A03:00/device:21/physical_node/nvme/nvme2/nvme2n1/holders/md0/md/dev-nvme1n1/block/device/nvme1n1/holders/md0/slaves/nvme1n1 HTTP/1.1" 200 4416 "-" "Amazon CloudFront"
64.252.67.164 - - [03/Sep/2026:02:05:33 +0000] "GET /?path=//sys/class/thermal/cooling_device3/device/physical_node/node0/memory28/node0/cpu5/firmware_node/subsystem/devices/PNP0A03:00/physical_node/pci_bus/0000:00/device/0000:00:1e.0/driver/module/drivers/pci:nvme/0000:00:1f.0/driver/0000:00:1f.0/firmware_node/subsystem/devices/device:19 HTTP/1.1" 200 3508 "-" "Amazon CloudFront"
64.252.66.61 - - [03/Sep/2026:02:05:37 +0000] "GET /?path=//sys/bus/acpi/devices/LNXCPU:06/physical_node/node0/memory21/node0/cpu0/subsystem/drivers/processor/cpu6/firmware_node/subsystem/devices/device:06/physical_node/driver/0000:00:04.0/driver/0000:00:1e.0/nvme/nvme1/nvme1n1/holders/md0/md/rd0/block/holders/md0/md/dev-nvme1n1/block/mq/1 HTTP/1.1" 200 3425 "-" "Amazon CloudFront"
64.252.66.102 - - [03/Sep/2026:02:05:41 +0000] "GET /?path=//sys/class/thermal/cooling_device3/device/physical_node/node0/memory28/node0/cpu5/firmware_node/subsystem/devices/PNP0A03:00/physical_node/pci_bus/0000:00/device/firmware_node/device:02/PNP0303:00/subsystem/devices/LNXPWRBN:00/driver/LNXPWRBN:00/driver/LNXSLPBN:00 HTTP/1.1" 200 3485 "-" "Amazon CloudFront"
15.158.215.109 - - [03/Sep/2026:02:05:44 +0000] "GET /wp-login.php?fileloc=//tmp/sess_u1k9di4qobe8bv9lq5irt9qaup&path=//tmp HTTP/1.1" 200 2557 "-" "Mozilla/5.0 AppleWebKit/537.36 (KHTML, like Gecko; compatible; Amazonbot/0.1; +https://developer.amazon.com/support/amazonbot) Chrome/119.0.6045.214 Safari/537.36"
15.158.215.109 - - [03/Sep/2026:02:05:48 +0000] "GET /wp-login.php?fileloc=//tmp/sess_s13jrjvs7lfidff0894tpuk96s&path=//tmp HTTP/1.1" 200 2557 "-" "Mozilla/5.0 AppleWebKit/537.36 (KHTML, like Gecko; compatible; Amazonbot/0.1; +https://developer.amazon.com/support/amazonbot) Chrome/119.0.6045.214 Safari/537.36"
64.252.66.102 - - [03/Sep/2026:02:05:53 +0000] "GET /?path=//sys/class/thermal/cooling_device3/device/physical_node/node0/memory28/node0/cpu5/firmware_node/subsystem/devices/LNXSYBUS:00/PNP0A03:00/device:1b/subsystem/devices/LNXSYBUS:00/PNP0A03:00/device:21/physical_node/driver/module/drivers/pci:nvme/0000:00:04.0/driver/0000:00:1e.0/nvme/nvme1/device/nvme/nvme1/nvme1n1/holders/md0/slaves/nvme2n1/slaves HTTP/1.1" 200 3031 "-" "Amazon CloudFront"
64.252.66.61 - - [03/Sep/2026:02:05:56 +0000] "GET /products/detail/208628339?path=//sys/bus/node/devices/node0/cpu1/driver/cpu7/driver/cpu2/node0/cpu1/firmware_node/thermal_cooling/device/physical_node/firmware_node/thermal_cooling/subsystem/cooling_device5/device/subsystem/devices/device:20/physical_node/nvme/nvme1/nvme1n1/holders/md0/md/dev-nvme2n1/block/mq/4 HTTP/1.1" 200 3385 "-" "Amazon CloudFront"
64.252.67.164 - - [03/Sep/2026:02:06:01 +0000] "GET /?path=//sys/class/thermal/cooling_device3/device/physical_node/node0/cpu1/driver/cpu0/node0/cpu2/firmware_node/subsystem/devices/PNP0303:00/subsystem/devices/LNXSYBUS:00/PNP0A03:00/physical_node/pci_bus/0000:00/device/0000:00:1e.0/driver/0000:00:1e.0/nvme/nvme1/nvme1n1/holders/md0/md/dev-nvme2n1/block/holders/md0/md/dev-nvme2n1/block/mq/7 HTTP/1.1" 200 3512 "-" "Amazon CloudFront"
15.158.215.109 - - [03/Sep/2026:02:06:04 +0000] "GET /wp-login.php?fileloc=//tmp/sess_odu9ior5cpkkj1lgk95030dadi&path=//tmp HTTP/1.1" 200 2557 "-" "Mozilla/5.0 AppleWebKit/537.36 (KHTML, like Gecko; compatible; Amazonbot/0.1; +https://developer.amazon.com/support/amazonbot) Chrome/119.0.6045.214 Safari/537.36"
15.158.215.109 - - [03/Sep/2026:02:06:09 +0000] "GET /wp-login.php?fileloc=//tmp/sess_f48ulb8dhav7sdda8jdgd7c8qn&path=//tmp HTTP/1.1" 200 2557 "-" "Mozilla/5.0 AppleWebKit/537.36 (KHTML, like Gecko; compatible; Amazonbot/0.1; +https://developer.amazon.com/support/amazonbot) Chrome/119.0.6045.214 Safari/537.36"
64.252.68.74 - - [03/Sep/2026:02:06:12 +0000] "GET /?path=//sys/class/thermal/cooling_device3/device/physical_node/node0/memory28/node0/cpu5/firmware_node/subsystem/devices/PNP0A03:00/physical_node/pci_bus/0000:00/device/0000:00:1e.0/driver/module/drivers/pci:nvme/0000:00:1f.0/driver/0000:00:1f.0/firmware_node/subsystem/devices/device:04 HTTP/1.1" 200 3508 "-" "Amazon CloudFront"
64.252.66.102 - - [03/Sep/2026:02:06:17 +0000] "GET /products/detail/208628339?path=//sys/bus/node/devices/node0/cpu1/driver/cpu7/driver/cpu2/node0/cpu1/firmware_node/thermal_cooling/device/physical_node/firmware_node/subsystem/devices/PNP0A03:00/physical_node/0000:00:1e.0/nvme/nvme1/nvme1n1/holders/md0/md/dev-nvme2n1/block/bdi/subsystem/259:0 HTTP/1.1" 200 3542 "-" "Amazon CloudFront"
64.252.68.74 - - [03/Sep/2026:02:06:21 +0000] "GET /?path=//sys/class/thermal/cooling_device3/device/physical_node/node0/cpu0/node0/cpu4/firmware_node/subsystem/devices/device:02/PNP0303:00/subsystem/devices/LNXSYBUS:00/PNP0A03:00/device:20/physical_node/driver/0000:00:04.0/nvme/nvme0/device/driver/module/drivers/pci:nvme/0000:00:1e.0/nvme/nvme1/nvme1n1/holders/md0/slaves/nvme1n1/holders/md0/md/rd1/block/integrity HTTP/1.1" 200 3658 "-" "Amazon CloudFront"
64.252.66.61 - - [03/Sep/2026:02:06:24 +0000] "GET /products/detail/182908925?fileloc=//tmp/sess_ecbjol997uosk3gqgdd318vkp1&path=//tmp HTTP/1.1" 200 2558 "-" "Amazon CloudFront"
64.252.66.102 - - [03/Sep/2026:02:06:29 +0000] "GET /products/detail/208628339?path=//sys/bus/node/devices/node0/cpu1/driver/cpu7/driver/cpu2/node0/cpu1/firmware_node/thermal_cooling/device/physical_node/firmware_node/subsystem/drivers/button/LNXPWRBN:00/subsystem/devices/PNP0A03:00/device:21/physical_node/nvme/nvme2/nvme2n1/mq/0 HTTP/1.1" 200 3363 "-" "Amazon CloudFront"
64.252.66.102 - - [03/Sep/2026:02:06:36 +0000] "GET /?path=//sys/bus/memory/devices/memory1/node0/memory30/node0/cpu6/firmware_node/subsystem/devices/device:21/physical_node/driver/module/drivers/pci:nvme/0000:00:1e.0/nvme/nvme1/nvme1n1/device/subsystem/nvme0/device/driver/0000:00:1f.0/firmware_node/physical_node/nvme/nvme2/nvme2n1/holders/md0/slaves/nvme2n1/holders/md0/md/rd0/block/slaves HTTP/1.1" 200 3020 "-" "Amazon CloudFront"
64.252.66.102 - - [03/Sep/2026:02:06:41 +0000] "GET /products/detail/187873763?fileloc=//tmp/sess_llksbp3g3tpq9eeqr9m99dt816&path=//tmp HTTP/1.1" 200 2556 "-" "Amazon CloudFront"
64.252.66.61 - - [03/Sep/2026:02:06:43 +0000] "GET /products/detail/187873763?fileloc=//tmp/sess_3phhdhmmr1ko6g13l6tpic5hu7&path=//tmp HTTP/1.1" 200 2555 "-" "Amazon CloudFront"
64.252.67.164 - - [03/Sep/2026:02:06:44 +0000] "GET /?path=//sys/class/thermal/cooling_device3/device/physical_node/node0/memory28/node0/cpu5/firmware_node/subsystem/devices/PNP0A03:00/physical_node/pci_bus/0000:00/device/0000:00:1e.0/driver/0000:00:04.0/subsystem/devices/0000:00:1e.0/driver/module/drivers HTTP/1.1" 200 3160 "-" "Amazon CloudFront"
64.252.66.61 - - [03/Sep/2026:02:06:48 +0000] "GET /products/detail/182908925?fileloc=//tmp/sess_b2c5p28e49cglum3r8pbqrm53e&path=//tmp HTTP/1.1" 200 2556 "-" "Amazon CloudFront"
64.252.67.164 - - [03/Sep/2026:02:06:53 +0000] "GET /?path=//sys/class/thermal/cooling_device3/device/physical_node/node0/cpu1/driver/cpu0/node0/cpu2/firmware_node/subsystem/devices/LNXSYSTM:00/LNXSYBUS:00/PNP0C0F:02/subsystem/devices/LNXSYBUS:00/PNP0A03:00/device:06/physical_node/driver/0000:00:1e.0/nvme/nvme1/nvme1n1/holders/md0/md/rd0/block/holders/md0/md/dev-nvme2n1/block/device/nvme2n1/mq/6/cpu6 HTTP/1.1" 200 3072 "-" "Amazon CloudFront"
15.158.215.109 - - [03/Sep/2026:02:06:56 +0000] "GET /wp-login.php?fileloc=//tmp/sess_upjl8n5oqkcgg9v4sqmmiphb0f&path=//tmp HTTP/1.1" 200 2558 "-" "Mozilla/5.0 AppleWebKit/537.36 (KHTML, like Gecko; compatible; Amazonbot/0.1; +https://developer.amazon.com/support/amazonbot) Chrome/119.0.6045.214 Safari/537.36"
64.252.67.164 - - [03/Sep/2026:02:07:01 +0000] "GET /products/detail/187873763?fileloc=//tmp/sess_serqpcfkthm8cqccilgm2lggoj&path=//tmp HTTP/1.1" 200 2557 "-" "Amazon CloudFront"
64.252.66.61 - - [03/Sep/2026:02:07:04 +0000] "GET /products/detail/187873763?fileloc=//tmp/sess_ovi1pamiok0vt3gig2viqtd8mi&path=//tmp HTTP/1.1" 200 2558 "-" "Amazon CloudFront"
64.252.66.61 - - [03/Sep/2026:02:07:09 +0000] "GET /products/detail/187873763?fileloc=//tmp/sess_4frtjtvsj3cr9bqssfsn7brbtr&path=//tmp HTTP/1.1" 200 2557 "-" "Amazon CloudFront"
64.252.67.164 - - [03/Sep/2026:02:07:13 +0000] "GET /products/detail/187873763?fileloc=//tmp/sess_8r1ql1dj9ur923atsqnifqum5p&path=//tmp HTTP/1.1" 200 2557 "-" "Amazon CloudFront"
64.252.68.74 - - [03/Sep/2026:02:07:16 +0000] "GET /products/detail/182908925?fileloc=//tmp/sess_3osmrh34tvidklq3754se1j0ek&path=//tmp HTTP/1.1" 200 2557 "-" "Amazon CloudFront"
15.158.215.109 - - [03/Sep/2026:02:07:22 +0000] "GET /wp-login.php?fileloc=//tmp/sess_bjquf5unnq141g5noa0t96qgbd&path=//tmp HTTP/1.1" 200 2558 "-" "Mozilla/5.0 AppleWebKit/537.36 (KHTML, like Gecko; compatible; Amazonbot/0.1; +https://developer.amazon.com/support/amazonbot) Chrome/119.0.6045.214 Safari/537.36"
64.252.67.164 - - [03/Sep/2026:02:07:24 +0000] "GET /products/detail/187873763?fileloc=//tmp/sess_lts56nk38m0p6u5jcl3v51dh9m&path=//tmp HTTP/1.1" 200 2556 "-" "Amazon CloudFront"
64.252.66.61 - - [03/Sep/2026:02:07:29 +0000] "GET /?path=//sys/class/thermal/cooling_device3/device/physical_node/node0/cpu1/driver/cpu0/node0/cpu2/firmware_node/subsystem/devices/PNP0303:00/subsystem/devices/LNXSYBUS:00/PNP0A03:00/physical_node/0000:00:1e.0/driver/module/drivers/pci:nvme/module/drivers/pci:nvme/0000:00:1f.0/nvme/nvme2/nvme2n1/holders/md0/md/rd0/block/mq/7/cpu7 HTTP/1.1" 200 3042 "-" "Amazon CloudFront"
64.252.67.164 - - [03/Sep/2026:02:07:33 +0000] "GET /?path=//sys/bus/memory/devices/memory1/node0/memory30/node0/cpu6/firmware_node/subsystem/devices/device:21/physical_node/driver/module/drivers/pci:nvme/0000:00:1e.0/driver/0000:00:1f.0/nvme/nvme2/device/nvme/nvme2/nvme2n1/device/nvme2n1/holders/md0/md/rd0/block/holders/md0/md/rd0/block/subsystem/nvme1n1/slaves HTTP/1.1" 200 3002 "-" "Amazon CloudFront"
64.252.66.61 - - [03/Sep/2026:02:07:37 +0000] "GET /products/detail/182908925?fileloc=//tmp/sess_d5aa1pu0jps1cof6tdoffe0v6b&path=//tmp HTTP/1.1" 200 2555 "-" "Amazon CloudFront"
64.252.68.74 - - [03/Sep/2026:02:07:41 +0000] "GET /products/detail/208628339?path=//sys/bus/node/devices/node0/cpu1/driver/cpu7/driver/cpu2/node0/cpu4/firmware_node/thermal_cooling/device/physical_node/firmware_node/thermal_cooling/device/subsystem/devices/LNXSYSTM:00/LNXSYBUS:00/PNP0A03:00/physical_node/0000:00:01.3/subsystem/drivers/nvme/0000:00:04.0/nvme/nvme0/nvme0n1/integrity HTTP/1.1" 200 3519 "-" "Amazon CloudFront"
64.252.66.61 - - [03/Sep/2026:02:07:45 +0000] "GET /?path=//sys/bus/memory/devices/memory1/node0/memory30/node0/cpu6/firmware_node/subsystem/devices/device:21/physical_node/driver/module/drivers/pci:nvme/0000:00:1f.0/driver/0000:00:1f.0/firmware_node/physical_node/nvme/nvme2/subsystem/nvme1/device/nvme/nvme1/nvme1n1/holders/md0/md/dev-nvme2n1/block/device/nvme2n1/holders/md0/slaves/nvme1n1/queue HTTP/1.1" 200 4973 "-" "Amazon CloudFront"
64.252.72.118 - - [03/Sep/2026:02:07:47 +0000] "GET /prizes/255309975?path=/var/www/volumes/89f46155da9f4d96a10cbfd4f2cc02ee HTTP/1.1" 200 2642 "-" "Amazon CloudFront"
15.158.215.109 - - [03/Sep/2026:02:07:48 +0000] "GET /wp-login.php?fileloc=//tmp/sess_ejr404c0dcfagfnci7ts5jlqc1&path=//tmp HTTP/1.1" 200 2557 "-" "Mozilla/5.0 AppleWebKit/537.36 (KHTML, like Gecko; compatible; Amazonbot/0.1; +https://developer.amazon.com/support/amazonbot) Chrome/119.0.6045.214 Safari/537.36"
64.252.72.118 - - [03/Sep/2026:02:07:52 +0000] "GET /prizes/207216783?path=/var/www/volumes/ab1db40090834526ac92e1a9f136b141 HTTP/1.1" 200 2642 "-" "Amazon CloudFront"
64.252.66.61 - - [03/Sep/2026:02:07:52 +0000] "GET /products/detail/208628339?path=//sys/bus/node/devices/node0/cpu1/driver/cpu7/driver/cpu2/node0/cpu4/firmware_node/subsystem/devices/PNP0A03:00/physical_node/firmware_node/physical_node/0000:00:1e.0/nvme/nvme1/device/nvme/nvme1/subsystem/nvme2/nvme2n1/device/nvme2n1/holders/md0/slaves/nvme1n1/mq/5 HTTP/1.1" 200 3387 "-" "Amazon CloudFront"
64.252.66.61 - - [03/Sep/2026:02:07:56 +0000] "GET /?path=//sys/class/thermal/cooling_device3/device/physical_node/node0/memory28/node0/cpu5/firmware_node/subsystem/devices/PNP0A03:00/physical_node/pci_bus/0000:00/device/0000:00:1f.0/driver/0000:00:04.0/subsystem/devices/0000:00:1e.0/nvme/nvme1/nvme1n1/mq/6 HTTP/1.1" 200 3351 "-" "Amazon CloudFront"
64.252.67.164 - - [03/Sep/2026:02:08:01 +0000] "GET /?path=//sys/bus/memory/devices/memory1/node0/memory7/node0/cpu1/subsystem/drivers/processor/cpu5/firmware_node/subsystem/devices/PNP0A03:00/physical_node/firmware_node/device:20/physical_node/driver/0000:00:04.0/driver/module/drivers/pci:nvme/0000:00:1e.0/nvme/nvme1/device/nvme/nvme1/nvme1n1/holders/md0/md/rd1/block/holders/md0/md/rd0/block/slaves HTTP/1.1" 200 3040 "-" "Amazon CloudFront"
15.158.215.109 - - [03/Sep/2026:02:08:05 +0000] "GET /wp-login.php?fileloc=//tmp/sess_e946gk75bkslt8l1tc96f7l517&path=//tmp HTTP/1.1" 200 2555 "-" "Mozilla/5.0 AppleWebKit/537.36 (KHTML, like Gecko; compatible; Amazonbot/0.1; +https://developer.amazon.com/support/amazonbot) Chrome/119.0.6045.214 Safari/537.36"
64.252.68.74 - - [03/Sep/2026:02:08:08 +0000] "GET /?path=//sys/class/thermal/cooling_device3/device/physical_node/node0/memory28/node0/cpu5/firmware_node/subsystem/devices/PNP0A03:00/physical_node/pci_bus/0000:00/device/0000:00:1e.0/driver/0000:00:1f.0/driver/0000:00:1f.0/firmware_node/subsystem/devices/LNXSYBUS:00/LNXCPU:01/thermal_cooling/power HTTP/1.1" 200 3439 "-" "Amazon CloudFront"
64.252.67.164 - - [03/Sep/2026:02:08:13 +0000] "GET /?path=//sys/bus/acpi/devices/LNXCPU:06/physical_node/node0/memory21/node0/cpu0/subsystem/drivers/processor/cpu6/firmware_node/subsystem/devices/device:06/physical_node/driver/0000:00:04.0/driver/0000:00:1e.0/nvme/nvme1/nvme1n1/holders/md0/md/rd1/block/holders/md0/md/dev-nvme2n1/block/device/nvme2n1/device/nvme2n1/bdi HTTP/1.1" 200 3610 "-" "Amazon CloudFront"
64.252.66.102 - - [03/Sep/2026:02:08:17 +0000] "GET /?path=//sys/class/thermal/cooling_device3/device/physical_node/node0/memory28/node0/cpu5/firmware_node/subsystem/devices/LNXSYBUS:00/PNP0A03:00/device:1b/subsystem/devices/LNXSYBUS:00/PNP0A03:00/physical_node/pci_bus/0000:00/device/0000:00:1e.0/nvme/nvme1/nvme1n1/holders/md0/md/dev-nvme1n1/block/holders/md0/slaves/nvme2n1/mq/3 HTTP/1.1" 200 3489 "-" "Amazon CloudFront"
64.252.66.61 - - [03/Sep/2026:02:08:20 +0000] "GET /products/detail/208628339?path=//sys/bus/node/devices/node0/cpu1/driver/cpu7/driver/cpu2/node0/cpu4/firmware_node/subsystem/devices/PNP0A03:00/device:21/physical_node/subsystem/drivers/nvme/0000:00:1f.0/nvme/nvme2/nvme2n1/device/nvme2n1/holders/md0/slaves/nvme1n1/mq/7/cpu7 HTTP/1.1" 200 2921 "-" "Amazon CloudFront"
64.252.66.102 - - [03/Sep/2026:02:08:25 +0000] "GET /products/detail/182908925?fileloc=//tmp/sess_co7s2q09tastn4q287doiihgur&path=//tmp HTTP/1.1" 200 2555 "-" "Amazon CloudFront"
64.252.66.102 - - [03/Sep/2026:02:08:29 +0000] "GET /?path=//sys/class/thermal/cooling_device3/device/physical_node/node0/memory28/node0/cpu5/firmware_node/subsystem/devices/PNP0A03:00/physical_node/pci_bus/0000:00/device/0000:00:04.0/subsystem/drivers/nvme/0000:00:04.0/driver/0000:00:1e.0/nvme/nvme1/nvme1n1/holders HTTP/1.1" 200 3171 "-" "Amazon CloudFront"
15.158.215.109 - - [03/Sep/2026:02:08:33 +0000] "GET /wp-login.php?fileloc=//tmp/sess_h3clfktfj5r284fffl3agaik3k&path=//tmp HTTP/1.1" 200 2555 "-" "Mozilla/5.0 AppleWebKit/537.36 (KHTML, like Gecko; compatible; Amazonbot/0.1; +https://developer.amazon.com/support/amazonbot) Chrome/119.0.6045.214 Safari/537.36"
64.252.66.61 - - [03/Sep/2026:02:08:37 +0000] "GET /products/detail/187873763?fileloc=//tmp/sess_d5aa1pu0jps1cof6tdoffe0v6b&path=//tmp HTTP/1.1" 200 2555 "-" "Amazon CloudFront"
15.158.215.109 - - [03/Sep/2026:02:08:40 +0000] "GET /wp-login.php?fileloc=//tmp/sess_t214klcg1789dc46nv996kooej&path=//tmp HTTP/1.1" 200 2556 "-" "Mozilla/5.0 AppleWebKit/537.36 (KHTML, like Gecko; compatible; Amazonbot/0.1; +https://developer.amazon.com/support/amazonbot) Chrome/119.0.6045.214 Safari/537.36"
15.158.215.109 - - [03/Sep/2026:02:08:48 +0000] "GET /wp-login.php?fileloc=//tmp/sess_h6on72r3gdduv829v2e8esoidq&path=//tmp HTTP/1.1" 200 2557 "-" "Mozilla/5.0 AppleWebKit/537.36 (KHTML, like Gecko; compatible; Amazonbot/0.1; +https://developer.amazon.com/support/amazonbot) Chrome/119.0.6045.214 Safari/537.36"
15.158.215.109 - - [03/Sep/2026:02:08:49 +0000] "GET /wp-login.php?fileloc=//tmp/sess_eqrsj70e7q8la1aiem30p0m96v&path=//tmp HTTP/1.1" 200 2557 "-" "Mozilla/5.0 AppleWebKit/537.36 (KHTML, like Gecko; compatible; Amazonbot/0.1; +https://developer.amazon.com/support/amazonbot) Chrome/119.0.6045.214 Safari/537.36"
64.252.68.74 - - [03/Sep/2026:02:08:52 +0000] "GET /products/detail/182908925?fileloc=//tmp/sess_ia608joim5mr11mg2uvf9v1k4n&path=//tmp HTTP/1.1" 200 2557 "-" "Amazon CloudFront"
64.252.67.164 - - [03/Sep/2026:02:08:59 +0000] "GET /products/detail/187873763?fileloc=//tmp/sess_mr7b3hnub43jvkdpchvg0vpm2h&path=//tmp HTTP/1.1" 200 2557 "-" "Amazon CloudFront"
64.252.68.74 - - [03/Sep/2026:02:09:03 +0000] "GET /products/detail/187873763?fileloc=//tmp/sess_ehqjmjklo2cqr62sh4nf2pqb9t&path=//tmp HTTP/1.1" 200 2556 "-" "Amazon CloudFront"
64.252.70.102 - - [03/Sep/2026:02:09:03 +0000] "GET /prizes/201659288?path=/var/www/volumes/9202c93155804fcca7d40217499ed0ed HTTP/1.1" 200 2643 "-" "Amazon CloudFront"
64.252.71.147 - - [03/Sep/2026:02:09:03 +0000] "GET /prizes/296237036?path=/var/www/volumes/24f859908f16451ba8b6c3d6dff2d3a5 HTTP/1.1" 200 2643 "-" "Amazon CloudFront"
64.252.66.102 - - [03/Sep/2026:02:09:05 +0000] "GET /products/detail/187873763?fileloc=//tmp/sess_vs58o4kgtifgr71vmctg1q7tva&path=//tmp HTTP/1.1" 200 2557 "-" "Amazon CloudFront"
64.252.67.164 - - [03/Sep/2026:02:09:10 +0000] "GET /products/detail/187873763?fileloc=//tmp/sess_kbrlgijvvktl5ibbshtgicbf5f&path=//tmp HTTP/1.1" 200 2557 "-" "Amazon CloudFront"
15.158.215.109 - - [03/Sep/2026:02:09:13 +0000] "GET /wp-login.php?fileloc=//tmp/sess_dbmh66u3tr3ekoddvov68d8ptp&path=//tmp HTTP/1.1" 200 2556 "-" "Mozilla/5.0 AppleWebKit/537.36 (KHTML, like Gecko; compatible; Amazonbot/0.1; +https://developer.amazon.com/support/amazonbot) Chrome/119.0.6045.214 Safari/537.36"
64.252.72.118 - - [03/Sep/2026:02:09:14 +0000] "GET /prizes/122287511?path=/var/www/volumes/69b4844ae61d4e92bf26ad98af552775/wordpress/wp-includes/images/media HTTP/1.1" 200 3293 "-" "Amazon CloudFront"
64.252.66.61 - - [03/Sep/2026:02:09:17 +0000] "GET /?path=//sys/bus/memory/devices/memory1/node0/memory7/node0/cpu1/subsystem/drivers/processor/cpu5/firmware_node/subsystem/devices/PNP0A03:00/physical_node/firmware_node/physical_node/0000:00:1e.0/driver/0000:00:1e.0/nvme/nvme1/nvme1n1/holders/md0/md/dev-nvme1n1/block/holders/md0/md/dev-nvme2n1/block/device/device/driver HTTP/1.1" 200 3693 "-" "Amazon CloudFront"
64.252.66.102 - - [03/Sep/2026:02:09:21 +0000] "GET /?path=//sys/class/thermal/cooling_device3/device/physical_node/node0/memory28/node0/cpu5/firmware_node/subsystem/devices/PNP0A03:00/physical_node/pci_bus/0000:00/device/0000:00:1f.0/driver/module/drivers/pci:nvme/0000:00:1e.0/firmware_node/subsystem/devices/LNXSYBUS:00/PNP0C0F:03 HTTP/1.1" 200 3534 "-" "Amazon CloudFront"
64.252.68.74 - - [03/Sep/2026:02:09:25 +0000] "GET /?path=//sys/class/thermal/cooling_device3/device/physical_node/node0/memory28/node0/cpu5/firmware_node/subsystem/devices/PNP0A03:00/physical_node/pci_bus/0000:00/device/0000:00:1e.0/driver/module/drivers/pci:nvme/0000:00:1e.0/subsystem/devices/0000:00:01.0/firmware_node/power HTTP/1.1" 200 3406 "-" "Amazon CloudFront"
64.252.66.61 - - [03/Sep/2026:02:09:29 +0000] "GET /products/detail/187873763?fileloc=//tmp/sess_rujb51gfi8md6j95aaboa7ge6t&path=//tmp HTTP/1.1" 200 2556 "-" "Amazon CloudFront"
64.252.66.61 - - [03/Sep/2026:02:09:32 +0000] "GET /products/detail/182908925?fileloc=//tmp/sess_84s2vem5i4gqlda8164471gt9f&path=//tmp HTTP/1.1" 200 2556 "-" "Amazon CloudFront"
15.158.215.109 - - [03/Sep/2026:02:09:37 +0000] "GET /wp-login.php?fileloc=//tmp/sess_utp3ohjm96ua9lnl0rft17qblt&path=//tmp HTTP/1.1" 200 2557 "-" "Mozilla/5.0 AppleWebKit/537.36 (KHTML, like Gecko; compatible; Amazonbot/0.1; +https://developer.amazon.com/support/amazonbot) Chrome/119.0.6045.214 Safari/537.36"
64.252.66.102 - - [03/Sep/2026:02:09:40 +0000] "GET /products/detail/182908925?fileloc=//tmp/sess_1utnn5uf4ik7taspmbg3rsrf9f&path=//tmp HTTP/1.1" 200 2556 "-" "Amazon CloudFront"
15.158.215.109 - - [03/Sep/2026:02:09:44 +0000] "GET /wp-login.php?fileloc=//tmp/sess_ipebl2egc4emed92ucod5nv09i&path=//tmp HTTP/1.1" 200 2556 "-" "Mozilla/5.0 AppleWebKit/537.36 (KHTML, like Gecko; compatible; Amazonbot/0.1; +https://developer.amazon.com/support/amazonbot) Chrome/119.0.6045.214 Safari/537.36"
64.252.67.164 - - [03/Sep/2026:02:09:49 +0000] "GET /?path=//sys/bus/memory/devices/memory1/node0/memory7/node0/cpu1/subsystem/drivers/processor/cpu5/firmware_node/subsystem/devices/PNP0A03:00/physical_node/firmware_node/device:20/physical_node/driver/0000:00:1f.0/nvme/nvme2/nvme2n1/device/device/nvme/nvme2/nvme2n1/holders/md0/md/rd0/block/holders/md0/md/dev-nvme1n1/block/queue HTTP/1.1" 200 4900 "-" "Amazon CloudFront"
64.252.66.61 - - [03/Sep/2026:02:09:52 +0000] "GET /products/detail/187873763?fileloc=//tmp/sess_rvfsa4qm4e6cf3o88ta8uvc6ll&path=//tmp HTTP/1.1" 200 2555 "-" "Amazon CloudFront"
64.252.66.102 - - [03/Sep/2026:02:09:56 +0000] "GET /products/detail/187873763?fileloc=//tmp/sess_tu8lep3j08oqn147ln8ahdeoq8&path=//tmp HTTP/1.1" 200 2556 "-" "Amazon CloudFront"
64.252.66.102 - - [03/Sep/2026:02:10:01 +0000] "GET /products/detail/187873763?fileloc=//tmp/sess_q7mmqcmu6c7rlq6d9k4vqulq8p&path=//tmp HTTP/1.1" 200 2556 "-" "Amazon CloudFront"
64.252.67.164 - - [03/Sep/2026:02:10:04 +0000] "GET /products/detail/208628339?path=//sys/bus/node/devices/node0/cpu1/driver/cpu7/driver/cpu2/node0/cpu4/firmware_node/subsystem/devices/PNP0A03:00/physical_node/0000:00:01.3/subsystem/drivers/nvme/0000:00:1e.0/nvme/nvme1/nvme1n1/holders/md0/md/dev-nvme1n1/block/holders/md0/slaves/nvme2n1/mq/7 HTTP/1.1" 200 3394 "-" "Amazon CloudFront"
15.158.215.109 - - [03/Sep/2026:02:10:08 +0000] "GET /wp-login.php?fileloc=//tmp/sess_oosci7b0thfmh8nkp3cdnf2u1s&path=//tmp HTTP/1.1" 200 2556 "-" "Mozilla/5.0 AppleWebKit/537.36 (KHTML, like Gecko; compatible; Amazonbot/0.1; +https://developer.amazon.com/support/amazonbot) Chrome/119.0.6045.214 Safari/537.36"
64.252.66.102 - - [03/Sep/2026:02:10:13 +0000] "GET /products/detail/208628339?path=//sys/bus/node/devices/node0/cpu1/driver/cpu7/driver/cpu2/node0/cpu4/firmware_node/subsystem/devices/PNP0A03:00/device:06/physical_node/firmware_node/physical_node/nvme/nvme0/nvme0n1/device/nvme0n1/subsystem/md0/md/rd1/block/device/nvme2n1/holders/md0/md/dev-nvme1n1 HTTP/1.1" 200 3743 "-" "Amazon CloudFront"
64.252.66.61 - - [03/Sep/2026:02:10:16 +0000] "GET /products/detail/208628339?path=//sys/bus/node/devices/node0/cpu1/driver/cpu7/driver/cpu2/node0/cpu1/firmware_node/thermal_cooling/device/physical_node/firmware_node/subsystem/devices/LNXSYSTM:00/LNXSYBUS:00/PNP0A03:00/device:06/physical_node/nvme/nvme0/device/nvme/nvme0/nvme0n1/subsystem/nvme2n1/mq/3 HTTP/1.1" 200 3387 "-" "Amazon CloudFront"
64.252.66.61 - - [03/Sep/2026:02:10:21 +0000] "GET /products/detail/208628339?path=//sys/bus/node/devices/node0/cpu1/driver/cpu7/driver/cpu2/node0/cpu4/firmware_node/subsystem/devices/PNP0A03:00/physical_node/0000:00:1e.0/subsystem/drivers/nvme/0000:00:1e.0/nvme/nvme1/nvme1n1/holders/md0/md/dev-nvme2n1/block/holders/md0/slaves/nvme2n1/device/nvme2n1/mq HTTP/1.1" 200 3459 "-" "Amazon CloudFront"
64.252.67.164 - - [03/Sep/2026:02:10:24 +0000] "GET /products/detail/208628339?path=//sys/bus/node/devices/node0/cpu1/driver/cpu7/driver/cpu2/node0/cpu1/firmware_node/thermal_cooling/device/physical_node/firmware_node/subsystem/devices/PNP0A03:00/physical_node/0000:00:1e.0/nvme/nvme1/nvme1n1/holders/md0/md/rd1/block/device/nvme2n1/subsystem/md0/slaves HTTP/1.1" 200 3244 "-" "Amazon CloudFront"
64.252.67.164 - - [03/Sep/2026:02:10:29 +0000] "GET /products/detail/182908925?fileloc=//tmp/sess_9bi1c1pejt1lg9rbo6o41g1qku&path=//tmp HTTP/1.1" 200 2556 "-" "Amazon CloudFront"
64.252.66.61 - - [03/Sep/2026:02:10:32 +0000] "GET /products/detail/208628339?path=//sys/bus/node/devices/node0/cpu1/driver/cpu7/driver/cpu2/node0/cpu1/firmware_node/thermal_cooling/device/physical_node/firmware_node/subsystem/drivers/button/LNXSLPBN:00/subsystem/devices/PNP0A03:00/device:20/physical_node/nvme/nvme1/nvme1n1/holders/md0/slaves/nvme1n1/holders/md0/slaves HTTP/1.1" 200 3259 "-" "Amazon CloudFront"
64.252.68.74 - - [03/Sep/2026:02:10:36 +0000] "GET /?path=//sys/bus/memory/devices/memory1/node0/memory30/node0/cpu6/firmware_node/subsystem/devices/device:21/physical_node/driver/module/drivers/pci:nvme/0000:00:1e.0/driver/0000:00:04.0/firmware_node/physical_node/subsystem/drivers/nvme/0000:00:1f.0/nvme/nvme2/nvme2n1/device/nvme2n1/holders/md0/md/dev-nvme2n1/block/mq/6 HTTP/1.1" 200 3463 "-" "Amazon CloudFront"
64.252.67.164 - - [03/Sep/2026:02:10:40 +0000] "GET /products/detail/208628339?path=//sys/bus/node/devices/node0/cpu1/driver/cpu7/driver/cpu2/node0/cpu4/firmware_node/subsystem/devices/PNP0A03:00/physical_node/0000:00:04.0/nvme/nvme0/nvme0n1/device/nvme0n1/nvme0n1p1/subsystem/nvme2n1/holders/md0/slaves/nvme1n1/holders/md0/integrity HTTP/1.1" 200 3473 "-" "Amazon CloudFront"
64.252.67.164 - - [03/Sep/2026:02:10:44 +0000] "GET /products/detail/187873763?fileloc=//tmp/sess_cjlhkvjff56mvrmhairengiooq&path=//tmp HTTP/1.1" 200 2558 "-" "Amazon CloudFront"
64.252.68.74 - - [03/Sep/2026:02:10:49 +0000] "GET /?path=//sys/bus/memory/devices/memory1/node0/memory28/node0/cpu2/driver/cpu4/firmware_node/subsystem/devices/PNP0A03:00/physical_node/0000:00:04.0/driver/0000:00:1f.0/subsystem/drivers/nvme/0000:00:1f.0/nvme/nvme2/nvme2n1/device/nvme2n1/holders/md0/md/dev-nvme1n1/block/holders/md0/md/rd1/block/mq/4/cpu4 HTTP/1.1" 200 2998 "-" "Amazon CloudFront"
64.252.67.164 - - [03/Sep/2026:02:10:52 +0000] "GET /?path=//sys/class/thermal/cooling_device3/device/physical_node/node0/memory28/node0/cpu5/firmware_node/subsystem/devices/PNP0A03:00/physical_node/pci_bus/0000:00/device/0000:00:05.0/subsystem/drivers/nvme/0000:00:04.0/driver/module/drivers/pci:nvme/0000:00:1f.0/nvme/nvme2/nvme2n1 HTTP/1.1" 200 4242 "-" "Amazon CloudFront"
64.252.66.61 - - [03/Sep/2026:02:10:56 +0000] "GET /?path=//sys/bus/memory/devices/memory5/node0/memory27/node0/cpu3/driver/cpu1/subsystem/drivers/processor/cpu0/driver/cpu2/firmware_node/subsystem/devices/PNP0A03:00/physical_node/0000:00:1e.0/nvme/nvme1/device/firmware_node/physical_node/nvme/nvme1/nvme1n1/holders/md0/md/rd1/block/device/nvme2n1/holders/md0/md/dev-nvme1n1/block/trace HTTP/1.1" 200 3540 "-" "Amazon CloudFront"
64.252.68.74 - - [03/Sep/2026:02:11:01 +0000] "GET /products/detail/208628339?path=//sys/bus/node/devices/node0/cpu1/driver/cpu7/driver/cpu2/node0/cpu4/firmware_node/subsystem/devices/PNP0A03:00/device:21/physical_node/subsystem/drivers/nvme/0000:00:1f.0/nvme/nvme2/nvme2n1/holders/md0/md/rd0/block/device/nvme1n1/device/nvme1n1/mq/0 HTTP/1.1" 200 3385 "-" "Amazon CloudFront"
