64.252.66.102 - - [03/Sep/2026:00:07:20 +0000] "GET /?path=//sys/class/thermal/cooling_device3/device/physical_node/node0/memory28/node0/cpu5/firmware_node/subsystem/devices/LNXSYSTM:00/LNXSYBUS:00/PNP0A03:00/physical_node/0000:00:04.0/driver/0000:00:1e.0/nvme/nvme1/device/driver/0000:00:1f.0/nvme/nvme2/nvme2n1/holders/md0/md/dev-nvme1n1/block/holders/md0/md/dev-nvme2n1/block/mq/5/cpu5 HTTP/1.1" 200 3038 "-" "Amazon CloudFront"
64.252.67.164 - - [03/Sep/2026:00:07:24 +0000] "GET /products/detail/272703723?path=//sys/devices/pci0000:00/firmware_node/physical_node/pci_bus/0000:00/device/firmware_node/physical_node/0000:00:00.0/subsystem/drivers/nvme/module/drivers/pci:nvme/0000:00:04.0/driver/0000:00:1e.0/nvme/nvme1/nvme1n1/holders/md0/md/dev-nvme1n1/block/holders/md0/subsystem/nvme2n1/mq/0/cpu0 HTTP/1.1" 200 2949 "-" "Amazon CloudFront"
64.252.66.61 - - [03/Sep/2026:00:07:28 +0000] "GET /products/detail/208628339?path=//sys/bus/node/devices/node0/cpu1/driver/cpu7/driver/cpu2/node0/cpu4/firmware_node/thermal_cooling/device/physical_node/firmware_node/thermal_cooling/device/subsystem/devices/LNXSYSTM:00/LNXSYBUS:00/PNP0A03:00/physical_node/0000:00:01.3/subsystem/drivers/nvme/0000:00:1f.0/nvme/nvme2/nvme2n1/holders/md0/slaves/nvme2n1/trace HTTP/1.1" 200 3452 "-" "Amazon CloudFront"
64.252.66.102 - - [03/Sep/2026:00:07:34 +0000] "GET /products/detail/208628339?path=//sys/bus/node/devices/node0/cpu1/driver/cpu7/driver/cpu2/node0/cpu4/firmware_node/thermal_cooling/device/physical_node/firmware_node/thermal_cooling/device/subsystem/devices/device:20/physical_node/nvme/nvme1/nvme1n1/subsystem/nvme2n1/holders/md0/md/rd0/block/holders/md0/slaves/nvme1n1/power HTTP/1.1" 200 3472 "-" "Amazon CloudFront"
64.252.68.74 - - [03/Sep/2026:00:07:37 +0000] "GET /?path=//sys/class/thermal/cooling_device3/device/physical_node/node0/memory28/node0/cpu5/firmware_node/subsystem/devices/PNP0A03:00/physical_node/pci_bus/0000:00/device/0000:00:1f.0/driver/module/drivers/pci:nvme/0000:00:04.0/firmware_node/subsystem/devices/PNP0A03:00/device:12 HTTP/1.1" 200 3507 "-" "Amazon CloudFront"
64.252.66.61 - - [03/Sep/2026:00:07:40 +0000] "GET /products/detail/208628339?path=//sys/bus/node/devices/node0/cpu1/driver/cpu7/driver/cpu2/node0/cpu1/firmware_node/thermal_cooling/device/physical_node/firmware_node/subsystem/devices/LNXSYBUS:00/PNP0A03:00/device:20/physical_node/nvme/nvme1/subsystem/nvme2/nvme2n1/holders/md0/md/rd1/block/device/nvme2n1/trace HTTP/1.1" 200 3441 "-" "Amazon CloudFront"
64.252.67.164 - - [03/Sep/2026:00:07:45 +0000] "GET /products/detail/208628339?path=//sys/bus/node/devices/node0/cpu1/driver/cpu7/driver/cpu2/node0/cpu4/firmware_node/subsystem/devices/PNP0A03:00/physical_node/0000:00:04.0/subsystem/drivers/nvme/0000:00:1e.0/nvme/nvme1/nvme1n1/holders/md0/md/dev-nvme1n1/block/device/nvme1n1/mq/6/cpu6 HTTP/1.1" 200 2929 "-" "Amazon CloudFront"
64.252.88.13 - - [03/Sep/2026:00:07:48 +0000] "GET /products/detail/103590561 HTTP/1.1" 200 4265 "-" "Amazon CloudFront"
64.252.67.164 - - [03/Sep/2026:00:07:48 +0000] "GET /?path=//sys/class/thermal/cooling_device3/device/physical_node/node0/memory28/node0/cpu5/firmware_node/subsystem/devices/PNP0A03:00/physical_node/pci_bus/0000:00/device/0000:00:05.0/subsystem/devices/0000:00:1f.0/driver/0000:00:1f.0/driver/module/drivers/pci:nvme/0000:00:1e.0/msi_irqs HTTP/1.1" 200 3442 "-" "Amazon CloudFront"
64.252.66.61 - - [03/Sep/2026:00:07:52 +0000] "GET /?path=//sys/class/thermal/cooling_device3/device/physical_node/node0/memory28/node0/cpu5/firmware_node/subsystem/devices/PNP0A03:00/physical_node/pci_bus/0000:00/device/0000:00:1e.0/driver/module/drivers/pci:nvme/0000:00:1e.0/driver/0000:00:04.0/firmware_node/subsystem/devices/LNXCPU:06/power HTTP/1.1" 200 3442 "-" "Amazon CloudFront"
64.252.66.61 - - [03/Sep/2026:00:07:57 +0000] "GET /?path=//sys/class/thermal/cooling_device3/device/physical_node/node0/memory28/node0/cpu5/firmware_node/subsystem/devices/PNP0A03:00/physical_node/pci_bus/0000:00/device/0000:00:04.0/driver/0000:00:04.0/driver/0000:00:1f.0/nvme/nvme2/nvme2n1/mq/2/cpu2 HTTP/1.1" 200 2889 "-" "Amazon CloudFront"
64.252.66.102 - - [03/Sep/2026:00:08:01 +0000] "GET /?path=//sys/class/thermal/cooling_device3/device/physical_node/node0/memory28/node0/cpu5/firmware_node/subsystem/devices/PNP0A03:00/physical_node/pci_bus/0000:00/device/0000:00:04.0/subsystem/drivers/nvme/0000:00:1f.0/driver/0000:00:04.0/driver/0000:00:1f.0/nvme/nvme2 HTTP/1.1" 200 3867 "-" "Amazon CloudFront"
64.252.67.164 - - [03/Sep/2026:00:08:05 +0000] "GET /?path=//sys/class/thermal/cooling_device3/device/physical_node/node0/memory28/node0/cpu5/firmware_node/subsystem/devices/PNP0A03:00/physical_node/pci_bus/0000:00/device/0000:00:1e.0/driver/module/drivers/pci:nvme/0000:00:1e.0/driver/0000:00:04.0/firmware_node/subsystem/devices/device:15/power HTTP/1.1" 200 3436 "-" "Amazon CloudFront"
64.252.71.147 - - [03/Sep/2026:00:08:06 +0000] "GET /prizes/49718147?pilihan&path=/var/www/volumes/69b4844ae61d4e92bf26ad98af552775/wordpress/.quarantine HTTP/1.1" 200 3045 "-" "Amazon CloudFront"
64.252.66.61 - - [03/Sep/2026:00:08:08 +0000] "GET /?path=//sys/class/thermal/cooling_device3/device/physical_node/node0/memory29/node0/cpu4/driver/cpu2/driver/cpu1/firmware_node/subsystem/devices/device:10/subsystem/devices/LNXSYSTM:00/LNXSYBUS:00/PNP0A03:00/device:20/physical_node/nvme/nvme1/nvme1n1/holders/md0/md/rd1/block/device/nvme2n1/holders/md0/md/dev-nvme2n1/block/mq/5/cpu5 HTTP/1.1" 200 3046 "-" "Amazon CloudFront"
64.252.68.74 - - [03/Sep/2026:00:08:14 +0000] "GET /products/detail/208628339?path=//sys/bus/node/devices/node0/cpu1/driver/cpu7/driver/cpu2/node0/cpu4/firmware_node/subsystem/devices/PNP0A03:00/physical_node/0000:00:04.0/firmware_node/physical_node/nvme/nvme0/device/nvme/nvme0/subsystem/nvme1/nvme1n1/holders/md0/slaves/nvme2n1/holders/md0/slaves/nvme2n1/bdi HTTP/1.1" 200 3551 "-" "Amazon CloudFront"
64.252.66.61 - - [03/Sep/2026:00:08:15 +0000] "GET /products/detail/172439228?fileloc=/var/www/volumes/69b4844ae61d4e92bf26ad98af552775/logs/openlitespeed/access.log.2026_08_10.16&path=/var/www/volumes/69b4844ae61d4e92bf26ad98af552775/logs/openlitespeed HTTP/1.1" 200 615776 "-" "Amazon CloudFront"
64.252.67.164 - - [03/Sep/2026:00:08:17 +0000] "GET /products/detail/208628339?path=//sys/bus/node/devices/node0/cpu1/driver/cpu7/driver/cpu2/node0/cpu4/firmware_node/thermal_cooling/device/thermal_cooling/device/subsystem/devices/PNP0A03:00/physical_node/0000:00:04.0/nvme/nvme0/nvme0n1/nvme0n1p1/subsystem/nvme1n1/holders/md0/md/dev-nvme2n1/block/mq/0 HTTP/1.1" 200 3339 "-" "Amazon CloudFront"
64.252.66.61 - - [03/Sep/2026:00:08:22 +0000] "GET /products/detail/208628339?path=//sys/bus/node/devices/node0/cpu1/driver/cpu7/driver/cpu2/node0/cpu4/firmware_node/thermal_cooling/device/physical_node/firmware_node/subsystem/devices/device:20/physical_node/subsystem/drivers/nvme/0000:00:1f.0/nvme/nvme2/nvme2n1/holders/md0/slaves/nvme1n1/device/nvme1n1/bdi/power HTTP/1.1" 200 3469 "-" "Amazon CloudFront"
64.252.66.61 - - [03/Sep/2026:00:08:24 +0000] "GET /?path=//sys/class/thermal/cooling_device3/device/physical_node/node0/memory28/node0/cpu5/firmware_node/subsystem/devices/LNXSYSTM:00/LNXSYBUS:00/PNP0A03:00/physical_node/0000:00:04.0/driver/0000:00:1e.0/nvme/nvme1/device/driver/0000:00:1f.0/nvme/nvme2/nvme2n1/holders/md0/md/dev-nvme1n1/block/holders/md0/slaves/nvme2n1/subsystem/nvme0n1p1/power HTTP/1.1" 200 3578 "-" "Amazon CloudFront"
64.252.66.61 - - [03/Sep/2026:00:08:29 +0000] "GET /products/detail/272703723?path=//sys/devices/pci0000:00/firmware_node/physical_node/pci_bus/0000:00/device/firmware_node/physical_node/0000:00:00.0/subsystem/drivers/nvme/module/drivers/pci:nvme/0000:00:04.0/driver/0000:00:1e.0/nvme/nvme1/nvme1n1/holders/md0/slaves/nvme2n1/device/nvme2n1/subsystem/nvme1n1/holders/md0/md/dev-nvme1n1/block/mq/2 HTTP/1.1" 200 3438 "-" "Amazon CloudFront"
64.252.67.164 - - [03/Sep/2026:00:08:33 +0000] "GET /products/detail/208628339?path=//sys/bus/node/devices/node0/cpu1/driver/cpu7/driver/cpu2/node0/cpu4/firmware_node/subsystem/devices/PNP0A03:00/device:21/physical_node/nvme/nvme2/nvme2n1/device/subsystem/nvme1/device/firmware_node/physical_node/nvme/nvme1/nvme1n1/holders/md0/md/rd0/block HTTP/1.1" 200 4173 "-" "Amazon CloudFront"
64.252.66.102 - - [03/Sep/2026:00:08:37 +0000] "GET /products/detail/272703723?path=//sys/devices/pci0000:00/firmware_node/physical_node/pci_bus/0000:00/device/firmware_node/physical_node/0000:00:00.0/subsystem/drivers/nvme/module/drivers/pci:nvme/0000:00:04.0/driver/0000:00:1e.0/nvme/nvme1/nvme1n1/holders/md0/slaves/nvme2n1/device/nvme2n1/subsystem/nvme1n1/holders/md0/md/dev-nvme1n1/block/mq/5 HTTP/1.1" 200 3439 "-" "Amazon CloudFront"
64.252.66.61 - - [03/Sep/2026:00:08:42 +0000] "GET /?path=//sys/bus/memory/devices/memory1/node0/memory7/node0/cpu1/subsystem/drivers/processor/cpu5/firmware_node/subsystem/devices/PNP0A03:00/physical_node/firmware_node/physical_node/0000:00:1e.0/driver/module/drivers/pci:nvme/0000:00:04.0/driver/0000:00:1f.0/nvme/nvme2/nvme2n1/holders/md0/slaves/nvme1n1/device/nvme1n1/holders/md0/slaves/nvme2n1 HTTP/1.1" 200 4445 "-" "Amazon CloudFront"
64.252.66.102 - - [03/Sep/2026:00:08:46 +0000] "GET /products/detail/208628339?path=//sys/bus/node/devices/node0/cpu1/driver/cpu7/driver/cpu2/node0/cpu1/firmware_node/thermal_cooling/device/physical_node/firmware_node/subsystem/devices/PNP0A03:00/physical_node/0000:00:1e.0/nvme/nvme1/nvme1n1/subsystem/nvme2n1/holders/md0/slaves/nvme2n1/holders/md0/md/dev-nvme1n1/block HTTP/1.1" 200 4260 "-" "Amazon CloudFront"
64.252.66.102 - - [03/Sep/2026:00:08:48 +0000] "GET /products/detail/187873763?fileloc=//tmp/sess_gqtvjuaftoaem2fuamj5ta4scg&path=//tmp HTTP/1.1" 200 2556 "-" "Amazon CloudFront"
64.252.68.74 - - [03/Sep/2026:00:08:52 +0000] "GET /products/detail/208628339?path=//sys/bus/node/devices/node0/cpu1/driver/cpu7/driver/cpu2/node0/cpu4/firmware_node/thermal_cooling/device/physical_node/firmware_node/subsystem/devices/device:20/physical_node/nvme/nvme1/nvme1n1/holders/md0/md/dev-nvme1n1/block/holders/md0/slaves/nvme2n1/mq/4 HTTP/1.1" 200 3383 "-" "Amazon CloudFront"
64.252.66.102 - - [03/Sep/2026:00:08:56 +0000] "GET /products/detail/208628339?path=//sys/bus/node/devices/node0/cpu1/driver/cpu7/driver/cpu2/node0/cpu4/firmware_node/subsystem/devices/PNP0A03:00/physical_node/0000:00:01.3/subsystem/drivers/nvme/0000:00:1e.0/nvme/nvme1/nvme1n1/holders/md0/md/dev-nvme1n1/block/holders/md0/slaves/nvme2n1/mq/1 HTTP/1.1" 200 3393 "-" "Amazon CloudFront"
64.252.68.74 - - [03/Sep/2026:00:09:01 +0000] "GET /products/detail/208628339?path=//sys/bus/node/devices/node0/cpu1/driver/cpu7/driver/cpu2/node0/cpu4/firmware_node/subsystem/devices/PNP0A03:00/physical_node/firmware_node/physical_node/0000:00:1e.0/nvme/nvme1/device/nvme/nvme1/subsystem/nvme2/nvme2n1/device/nvme2n1/holders/md0/slaves/nvme1n1/mq/4 HTTP/1.1" 200 3386 "-" "Amazon CloudFront"
15.158.215.109 - - [03/Sep/2026:00:09:08 +0000] "GET /wp-login.php?fileloc=//tmp/sess_bdso3u18amg69icvlc0p05hutc&path=//tmp HTTP/1.1" 200 2556 "-" "Mozilla/5.0 AppleWebKit/537.36 (KHTML, like Gecko; compatible; Amazonbot/0.1; +https://developer.amazon.com/support/amazonbot) Chrome/119.0.6045.214 Safari/537.36"
15.158.215.109 - - [03/Sep/2026:00:09:13 +0000] "GET /wp-login.php?fileloc=//tmp/sess_h5qp7jls3lfn1hsqn6n89tpi7j&path=//tmp HTTP/1.1" 200 2557 "-" "Mozilla/5.0 AppleWebKit/537.36 (KHTML, like Gecko; compatible; Amazonbot/0.1; +https://developer.amazon.com/support/amazonbot) Chrome/119.0.6045.214 Safari/537.36"
15.158.215.109 - - [03/Sep/2026:00:09:17 +0000] "GET /wp-login.php?fileloc=//tmp/sess_q48kvraj789fimu1eufura470n&path=//tmp HTTP/1.1" 200 2556 "-" "Mozilla/5.0 AppleWebKit/537.36 (KHTML, like Gecko; compatible; Amazonbot/0.1; +https://developer.amazon.com/support/amazonbot) Chrome/119.0.6045.214 Safari/537.36"
64.252.66.61 - - [03/Sep/2026:00:09:21 +0000] "GET /?path=//sys/bus/memory/devices/memory14/node0/memory16/node0/cpu1/driver/cpu4/firmware_node/physical_node/subsystem/drivers/processor/cpu2/firmware_node/subsystem/devices/PNP0A03:00/physical_node/pci_bus/0000:00/device/0000:00:04.0/driver/module/drivers/pci:nvme/0000:00:1f.0/nvme/nvme2/nvme2n1/holders/md0/md/dev-nvme1n1/block/holders/md0/slaves/nvme2n1/mq/1/cpu1 HTTP/1.1" 200 3071 "-" "Amazon CloudFront"
64.252.66.102 - - [03/Sep/2026:00:09:24 +0000] "GET /?path=//sys/class/thermal/cooling_device3/device/physical_node/node0/cpu1/driver/cpu0/node0/cpu2/firmware_node/subsystem/devices/PNP0303:00/subsystem/devices/LNXSYBUS:00/PNP0A03:00/physical_node/0000:00:1e.0/driver/module/drivers/pci:nvme/module/drivers/pci:nvme/0000:00:1f.0/nvme/nvme2/device/nvme/nvme2/nvme2n1/mq/3 HTTP/1.1" 200 3461 "-" "Amazon CloudFront"
64.252.66.61 - - [03/Sep/2026:00:09:24 +0000] "GET /?path=//sys/bus/memory/devices/memory1/node0/memory30/node0/cpu6/firmware_node/subsystem/devices/device:21/physical_node/driver/0000:00:1e.0/subsystem/drivers/nvme/0000:00:04.0/driver/module/drivers/pci:nvme/0000:00:1e.0/firmware_node/physical_node/nvme/nvme1/nvme1n1/holders/md0/md/dev-nvme2n1/block/device/nvme2n1/holders/md0/md/rd0/block/device/nvme1n1/mq/5 HTTP/1.1" 200 3510 "-" "Amazon CloudFront"
64.252.67.164 - - [03/Sep/2026:00:09:29 +0000] "GET /products/detail/208628339?path=//sys/bus/node/devices/node0/cpu1/driver/cpu7/driver/cpu2/node0/cpu4/firmware_node/thermal_cooling/device/physical_node/firmware_node/subsystem/devices/device:20/physical_node/nvme/nvme1/nvme1n1/holders/md0/md/dev-nvme1n1/block/holders/md0/slaves/nvme2n1/mq/6 HTTP/1.1" 200 3384 "-" "Amazon CloudFront"
64.252.66.61 - - [03/Sep/2026:00:09:33 +0000] "GET /?path=//sys/class/thermal/cooling_device3/device/physical_node/node0/cpu1/driver/cpu0/node0/cpu2/firmware_node/subsystem/devices/LNXSYBUS:00/PNP0A03:00/device:11/subsystem/devices/device:21/physical_node/nvme/nvme2/device/driver/0000:00:1e.0/nvme/nvme1/nvme1n1/holders/md0/md/dev-nvme2n1/block/holders/md0/md/rd0/block/mq/7/cpu7 HTTP/1.1" 200 3046 "-" "Amazon CloudFront"
15.158.215.109 - - [03/Sep/2026:00:09:36 +0000] "GET /wp-login.php?fileloc=//tmp/sess_rcht2r7ua55nbjqq2pddmmhi9s&path=//tmp HTTP/1.1" 200 2555 "-" "Mozilla/5.0 AppleWebKit/537.36 (KHTML, like Gecko; compatible; Amazonbot/0.1; +https://developer.amazon.com/support/amazonbot) Chrome/119.0.6045.214 Safari/537.36"
64.252.67.164 - - [03/Sep/2026:00:09:40 +0000] "GET /?path=//sys/class/thermal/cooling_device3/device/physical_node/node0/memory0/node0/cpu3/subsystem/devices/cpu6/driver/cpu0/driver/cpu7/firmware_node/subsystem/devices/LNXSYSTM:00/LNXSYBUS:00/PNP0A03:00/device:20/physical_node/nvme/nvme1/device/nvme/nvme1/nvme1n1/holders/md0/slaves/nvme1n1/holders/md0/md/dev-nvme2n1/block/power HTTP/1.1" 200 3559 "-" "Amazon CloudFront"
64.252.66.61 - - [03/Sep/2026:00:09:44 +0000] "GET /?path=//sys/class/thermal/cooling_device3/device/physical_node/node0/memory28/node0/cpu5/firmware_node/subsystem/devices/PNP0A03:00/physical_node/pci_bus/0000:00/device/0000:00:04.0/driver/0000:00:04.0/driver/0000:00:1f.0/nvme/nvme2/nvme2n1/subsystem/nvme0n1/mq HTTP/1.1" 200 3202 "-" "Amazon CloudFront"
64.252.88.29 - - [03/Sep/2026:00:09:45 +0000] "GET /products/detail/142771955 HTTP/1.1" 200 4265 "-" "Amazon CloudFront"
64.252.70.102 - - [03/Sep/2026:00:09:45 +0000] "GET /prizes/324048723?path=/etc/binfmt.d HTTP/1.1" 200 2603 "-" "Amazon CloudFront"
64.252.67.164 - - [03/Sep/2026:00:09:48 +0000] "GET /products/detail/182908925?fileloc=//tmp/sess_k292f4eh21m3612frb7jh8tqin&path=//tmp HTTP/1.1" 200 2556 "-" "Amazon CloudFront"
64.252.67.164 - - [03/Sep/2026:00:09:52 +0000] "GET /?path=//sys/bus/memory/devices/memory1/node0/memory28/node0/cpu2/driver/cpu4/firmware_node/subsystem/devices/PNP0A03:00/physical_node/0000:00:04.0/driver/0000:00:1f.0/subsystem/drivers/nvme/0000:00:1e.0/firmware_node/physical_node/nvme/nvme1/nvme1n1/holders/md0/slaves/nvme1n1/holders/md0/md/dev-nvme2n1/block/device/nvme2n1/mq/5 HTTP/1.1" 200 3480 "-" "Amazon CloudFront"
15.158.215.109 - - [03/Sep/2026:00:09:56 +0000] "GET /wp-login.php?fileloc=//tmp/sess_r4qqkl7pll9sdcog23re55ro6s&path=//tmp HTTP/1.1" 200 2555 "-" "Mozilla/5.0 AppleWebKit/537.36 (KHTML, like Gecko; compatible; Amazonbot/0.1; +https://developer.amazon.com/support/amazonbot) Chrome/119.0.6045.214 Safari/537.36"
64.252.68.74 - - [03/Sep/2026:00:10:00 +0000] "GET /products/detail/182908925?fileloc=//tmp/sess_1afnpj7sij5hb817vqn004fb91&path=//tmp HTTP/1.1" 200 2557 "-" "Amazon CloudFront"
64.252.66.61 - - [03/Sep/2026:00:10:05 +0000] "GET /products/detail/187873763?fileloc=//tmp/sess_tns7sbach1f0g2n8vgjd9j01jg&path=//tmp HTTP/1.1" 200 2557 "-" "Amazon CloudFront"
64.252.66.102 - - [03/Sep/2026:00:10:08 +0000] "GET /?path=//sys/class/thermal/cooling_device3/device/physical_node/node0/cpu1/driver/cpu0/node0/cpu2/firmware_node/subsystem/devices/PNP0303:00/subsystem/devices/LNXSYBUS:00/PNP0A03:00/physical_node/0000:00:1e.0/driver/0000:00:1e.0/nvme/nvme1/nvme1n1/holders/md0/md/dev-nvme2n1/block/device/nvme2n1/holders/md0/md/dev-nvme2n1/block/mq/1/cpu1 HTTP/1.1" 200 3027 "-" "Amazon CloudFront"
64.252.66.102 - - [03/Sep/2026:00:10:12 +0000] "GET /products/detail/182908925?fileloc=//tmp/sess_2g47p4v33351pvibofktf8v668&path=//tmp HTTP/1.1" 200 2557 "-" "Amazon CloudFront"
64.252.66.61 - - [03/Sep/2026:00:10:18 +0000] "GET /products/detail/208628339?path=//sys/bus/node/devices/node0/cpu1/driver/cpu7/driver/cpu2/node0/cpu1/firmware_node/thermal_cooling/subsystem/cooling_device3/device/subsystem/devices/PNP0A03:00/physical_node/firmware_node/physical_node/0000:00:1e.0/nvme/nvme1/nvme1n1/holders/md0/slaves/nvme2n1/holders/md0/md/rd0/block/power HTTP/1.1" 200 3487 "-" "Amazon CloudFront"
64.252.67.164 - - [03/Sep/2026:00:10:20 +0000] "GET /products/detail/208628339?path=//sys/bus/node/devices/node0/cpu1/driver/cpu7/driver/cpu2/node0/cpu1/firmware_node/thermal_cooling/subsystem/cooling_device1/device/subsystem/devices/LNXSYSTM:00/LNXSYBUS:00/PNP0A03:00/physical_node/firmware_node/device:06/physical_node/nvme/nvme0/nvme0n1/device/nvme0n1/mq/1/cpu7 HTTP/1.1" 200 2932 "-" "Amazon CloudFront"
64.252.66.61 - - [03/Sep/2026:00:10:26 +0000] "GET /products/detail/182908925?fileloc=//tmp/sess_9ksmau06pff7u55l61b312lcfk&path=//tmp HTTP/1.1" 200 2508 "-" "Amazon CloudFront"
64.252.68.74 - - [03/Sep/2026:00:10:24 +0000] "GET /products/detail/172439228?fileloc=/var/www/volumes/69b4844ae61d4e92bf26ad98af552775/logs/openlitespeed/access.log.2026_08_08.11&path=/var/www/volumes/69b4844ae61d4e92bf26ad98af552775/logs/openlitespeed HTTP/1.1" 200 212992 "-" "Amazon CloudFront"
64.252.66.102 - - [03/Sep/2026:00:10:28 +0000] "GET /products/detail/208628339?path=//sys/bus/node/devices/node0/cpu1/driver/cpu7/driver/cpu2/node0/cpu1/firmware_node/thermal_cooling/device/physical_node/firmware_node/subsystem/devices/PNP0A03:00/physical_node/0000:00:1e.0/nvme/nvme1/nvme1n1/holders/md0/subsystem/md0/md/dev-nvme2n1/block/mq/4/cpu4 HTTP/1.1" 200 2920 "-" "Amazon CloudFront"
64.252.67.164 - - [03/Sep/2026:00:10:33 +0000] "GET /?path=//sys/bus/memory/devices/memory1/node0/memory30/node0/cpu6/firmware_node/subsystem/devices/device:21/physical_node/driver/module/drivers/pci:nvme/0000:00:1e.0/driver/0000:00:1f.0/nvme/nvme2/device/nvme/nvme2/nvme2n1/device/nvme2n1/holders/md0/md/dev-nvme1n1/block/holders/md0/md/rd0/block/subsystem/nvme1n1/mq/5 HTTP/1.1" 200 3485 "-" "Amazon CloudFront"
64.252.68.74 - - [03/Sep/2026:00:10:36 +0000] "GET /products/detail/187873763?fileloc=//tmp/sess_qlaudoqjc1al4qetm47rbctt7m&path=//tmp HTTP/1.1" 200 2556 "-" "Amazon CloudFront"
64.252.66.102 - - [03/Sep/2026:00:10:40 +0000] "GET /products/detail/187873763?fileloc=//tmp/sess_r7d76epl61eog2ggngl1692rq1&path=//tmp HTTP/1.1" 200 2556 "-" "Amazon CloudFront"
64.252.67.164 - - [03/Sep/2026:00:10:44 +0000] "GET /products/detail/272703723?path=//sys/devices/pci0000:00/firmware_node/physical_node/pci_bus/0000:00/device/firmware_node/physical_node/0000:00:00.0/subsystem/drivers/nvme/module/drivers/pci:nvme/0000:00:04.0/driver/0000:00:1e.0/nvme/nvme1/nvme1n1/holders/md0/md/dev-nvme1n1/block/holders/md0/md/rd0/block/device/nvme1n1 HTTP/1.1" 200 4231 "-" "Amazon CloudFront"
64.252.66.102 - - [03/Sep/2026:00:10:48 +0000] "GET /?path=//sys/class/thermal/cooling_device3/device/physical_node/node0/memory28/node0/cpu5/firmware_node/subsystem/devices/PNP0A03:00/physical_node/pci_bus/0000:00/device/0000:00:04.0/firmware_node/subsystem/devices/LNXSYSTM:00/LNXSLPBN:00/driver/LNXPWRBN:00/input/input3/event1/power HTTP/1.1" 200 3438 "-" "Amazon CloudFront"
64.252.66.102 - - [03/Sep/2026:00:10:52 +0000] "GET /products/detail/208628339?path=//sys/bus/node/devices/node0/cpu1/driver/cpu7/driver/cpu2/node0/cpu1/firmware_node/thermal_cooling/device/physical_node/firmware_node/subsystem/devices/PNP0A03:00/physical_node/0000:00:1e.0/nvme/nvme1/nvme1n1/holders/md0/subsystem/nvme2n1/holders/md0/slaves/nvme1n1/power HTTP/1.1" 200 3433 "-" "Amazon CloudFront"
64.252.66.102 - - [03/Sep/2026:00:10:56 +0000] "GET /products/detail/208628339?path=//sys/bus/node/devices/node0/cpu1/driver/cpu7/driver/cpu2/node0/cpu1/firmware_node/thermal_cooling/device/physical_node/firmware_node/subsystem/devices/PNP0A03:00/physical_node/0000:00:1e.0/nvme/nvme1/nvme1n1/holders/md0/subsystem/nvme2n1/holders/md0/slaves/nvme1n1/queue HTTP/1.1" 200 4730 "-" "Amazon CloudFront"
64.252.67.164 - - [03/Sep/2026:00:11:01 +0000] "GET /products/detail/208628339?path=//sys/bus/node/devices/node0/cpu1/driver/cpu7/driver/cpu2/node0/cpu4/firmware_node/subsystem/devices/PNP0A03:00/physical_node/0000:00:1f.0/nvme/nvme2/subsystem/nvme2/nvme2n1/holders/md0/md/rd0/block/holders/md0/md/rd1 HTTP/1.1" 200 3684 "-" "Amazon CloudFront"
64.252.68.74 - - [03/Sep/2026:00:11:04 +0000] "GET /products/detail/208628339?path=//sys/bus/node/devices/node0/cpu1/driver/cpu7/driver/cpu2/node0/cpu4/firmware_node/thermal_cooling/device/thermal_cooling/subsystem/cooling_device7/device/physical_node/firmware_node/subsystem/devices/PNP0A03:00/physical_node/0000:00:1e.0/nvme/nvme1/nvme1n1/holders/md0/slaves/nvme1n1 HTTP/1.1" 200 4212 "-" "Amazon CloudFront"
15.158.215.109 - - [03/Sep/2026:00:11:09 +0000] "GET /wp-login.php?fileloc=//tmp/sess_hisqsmrmrls3agm0a5spq78rh2&path=//tmp HTTP/1.1" 200 2556 "-" "Mozilla/5.0 AppleWebKit/537.36 (KHTML, like Gecko; compatible; Amazonbot/0.1; +https://developer.amazon.com/support/amazonbot) Chrome/119.0.6045.214 Safari/537.36"
64.252.66.102 - - [03/Sep/2026:00:11:12 +0000] "GET /products/detail/187873763?fileloc=//tmp/sess_2eujdm4o9tm8q2ji5ak8b5q0jq&path=//tmp HTTP/1.1" 200 2556 "-" "Amazon CloudFront"
15.158.215.109 - - [03/Sep/2026:00:11:16 +0000] "GET /wp-login.php?fileloc=//tmp/sess_dkiutfq7guuaip2vq91trphvap&path=//tmp HTTP/1.1" 200 2557 "-" "Mozilla/5.0 AppleWebKit/537.36 (KHTML, like Gecko; compatible; Amazonbot/0.1; +https://developer.amazon.com/support/amazonbot) Chrome/119.0.6045.214 Safari/537.36"
64.252.68.74 - - [03/Sep/2026:00:11:21 +0000] "GET /products/detail/208628339?path=//sys/bus/node/devices/node0/cpu1/driver/cpu7/driver/cpu2/node0/cpu1/firmware_node/thermal_cooling/device/physical_node/firmware_node/subsystem/devices/PNP0A03:00/physical_node/0000:00:1e.0/nvme/nvme1/nvme1n1/holders/md0/subsystem/nvme2n1/holders/md0/slaves/nvme1n1/mq HTTP/1.1" 200 3432 "-" "Amazon CloudFront"
64.252.66.102 - - [03/Sep/2026:00:11:27 +0000] "GET /products/detail/187873763?fileloc=//tmp/sess_h6on72r3gdduv829v2e8esoidq&path=//tmp HTTP/1.1" 200 2557 "-" "Amazon CloudFront"
64.252.66.102 - - [03/Sep/2026:00:11:29 +0000] "GET /products/detail/208628339?path=//sys/bus/node/devices/node0/cpu1/driver/cpu7/driver/cpu2/node0/cpu4/firmware_node/subsystem/devices/device:06/physical_node/nvme/nvme0/nvme0n1/subsystem/md0/slaves/nvme2n1/holders/md0/slaves/nvme1n1/device/device/nvme/nvme1/nvme1n1/mq/5/cpu5 HTTP/1.1" 200 2918 "-" "Amazon CloudFront"
64.252.66.102 - - [03/Sep/2026:00:11:32 +0000] "GET /products/detail/208628339?path=//sys/bus/node/devices/node0/cpu1/driver/cpu7/driver/cpu2/node0/cpu4/firmware_node/thermal_cooling/device/thermal_cooling/device/physical_node/subsystem/drivers/processor/cpu1/firmware_node/subsystem/devices/device:20/physical_node/nvme/nvme1/nvme1n1/holders/md0/md/dev-nvme2n1/block HTTP/1.1" 200 4225 "-" "Amazon CloudFront"
64.252.66.102 - - [03/Sep/2026:00:11:37 +0000] "GET /?path=//sys/bus/memory/devices/memory1/node0/memory28/node0/cpu2/driver/cpu4/firmware_node/subsystem/devices/PNP0A03:00/physical_node/0000:00:04.0/nvme/nvme0/nvme0n1/nvme0n1p1/subsystem/md0/md/dev-nvme2n1/block/holders/md0/slaves/nvme1n1/device/device/driver/module/drivers/pci:nvme/0000:00:1f.0/firmware_node/physical_node/nvme/nvme2/nvme2n1/mq/0/cpu0 HTTP/1.1" 200 3060 "-" "Amazon CloudFront"
64.252.70.102 - - [03/Sep/2026:00:11:41 +0000] "GET /prizes/255212551?path=/var/www/volumes/380f5d49540a456baf7809b414938aa7 HTTP/1.1" 200 2643 "-" "Amazon CloudFront"
64.252.66.61 - - [03/Sep/2026:00:11:42 +0000] "GET /products/detail/208628339?path=//sys/bus/node/devices/node0/cpu1/driver/cpu7/driver/cpu2/node0/cpu1/firmware_node/thermal_cooling/device/physical_node/firmware_node/subsystem/devices/PNP0A03:00/physical_node/0000:00:1e.0/nvme/nvme1/nvme1n1/holders/md0/md/rd1/block/holders/md0/subsystem/nvme2n1 HTTP/1.1" 200 4227 "-" "Amazon CloudFront"
64.252.66.61 - - [03/Sep/2026:00:11:44 +0000] "GET /products/detail/182908925?fileloc=//tmp/sess_ehqjmjklo2cqr62sh4nf2pqb9t&path=//tmp HTTP/1.1" 200 2556 "-" "Amazon CloudFront"
64.252.70.102 - - [03/Sep/2026:00:11:46 +0000] "GET /prizes/167988268?path=/var/www/volumes/95aaa3f6a6774137a43c2ee5691c8a31 HTTP/1.1" 200 2642 "-" "Amazon CloudFront"
64.252.67.164 - - [03/Sep/2026:00:11:49 +0000] "GET /?path=//sys/bus/memory/devices/memory1/node0/memory7/node0/cpu1/subsystem/drivers/processor/cpu5/firmware_node/subsystem/devices/PNP0A03:00/physical_node/firmware_node/physical_node/0000:00:1e.0/driver/module/drivers/pci:nvme/0000:00:1e.0/nvme/nvme1/nvme1n1/holders/md0/md/rd1/block/holders/md0/md/dev-nvme2n1/block/power HTTP/1.1" 200 3527 "-" "Amazon CloudFront"
64.252.68.74 - - [03/Sep/2026:00:11:53 +0000] "GET /?path=//sys/class/thermal/cooling_device3/device/physical_node/node0/memory28/node0/cpu5/firmware_node/subsystem/devices/LNXSYSTM:00/LNXSYBUS:00/PNP0A03:00/physical_node/0000:00:04.0/driver/0000:00:1e.0/nvme/nvme1/device/driver/module/drivers/pci:nvme/0000:00:1f.0/nvme/nvme2/nvme2n1/holders/md0/slaves/nvme2n1/holders/md0/md/rd1/block/bdi/subsystem/259:2 HTTP/1.1" 200 3716 "-" "Amazon CloudFront"
64.252.66.102 - - [03/Sep/2026:00:11:57 +0000] "GET /?path=//sys/bus/memory/devices/memory1/node0/memory7/node0/cpu1/subsystem/drivers/processor/cpu5/firmware_node/subsystem/devices/PNP0A03:00/physical_node/firmware_node/physical_node/0000:00:1e.0/driver/module/drivers/pci:nvme/0000:00:1e.0/nvme/nvme1/nvme1n1/holders/md0/md/rd1/block/holders/md0/md/rd0/block/mq/6 HTTP/1.1" 200 3459 "-" "Amazon CloudFront"
15.158.215.109 - - [03/Sep/2026:00:12:01 +0000] "GET /wp-login.php?fileloc=//tmp/sess_gdap8fuik2b78pm05b6u63uak3&path=//tmp HTTP/1.1" 200 2554 "-" "Mozilla/5.0 AppleWebKit/537.36 (KHTML, like Gecko; compatible; Amazonbot/0.1; +https://developer.amazon.com/support/amazonbot) Chrome/119.0.6045.214 Safari/537.36"
64.252.66.61 - - [03/Sep/2026:00:12:06 +0000] "GET /products/detail/208628339?path=//sys/bus/node/devices/node0/cpu1/driver/cpu7/driver/cpu2/node0/cpu4/firmware_node/subsystem/devices/PNP0A03:00/physical_node/0000:00:04.0/nvme/nvme0/device/nvme/nvme0/nvme0n1/nvme0n1p1/subsystem/nvme1n1/holders/md0/slaves/nvme1n1/bdi HTTP/1.1" 200 3511 "-" "Amazon CloudFront"
15.158.215.109 - - [03/Sep/2026:00:12:09 +0000] "GET /wp-login.php?fileloc=//tmp/sess_j0aaqo2h84qi47fesnoe42ll6c&path=//tmp HTTP/1.1" 200 2557 "-" "Mozilla/5.0 AppleWebKit/537.36 (KHTML, like Gecko; compatible; Amazonbot/0.1; +https://developer.amazon.com/support/amazonbot) Chrome/119.0.6045.214 Safari/537.36"
64.252.66.102 - - [03/Sep/2026:00:12:12 +0000] "GET /?path=//sys/class/thermal/cooling_device3/device/physical_node/node0/memory28/node0/cpu5/firmware_node/subsystem/devices/LNXSYSTM:00/LNXSYBUS:00/PNP0A03:00/physical_node/0000:00:04.0/driver/0000:00:1e.0/nvme/nvme1/device/driver/module/drivers/pci:nvme/0000:00:1f.0/nvme/nvme2/nvme2n1/holders/md0/slaves/nvme2n1/holders/md0/md/rd1/block/bdi/subsystem/259:0 HTTP/1.1" 200 3716 "-" "Amazon CloudFront"
64.252.67.164 - - [03/Sep/2026:00:12:16 +0000] "GET /products/detail/187873763?fileloc=//tmp/sess_6mdl9j1d6s2e2e12ndn8e3qlhk&path=//tmp HTTP/1.1" 200 2556 "-" "Amazon CloudFront"
64.252.66.102 - - [03/Sep/2026:00:12:21 +0000] "GET /products/detail/208628339?path=//sys/bus/node/devices/node0/cpu1/driver/cpu7/driver/cpu2/node0/cpu4/firmware_node/subsystem/devices/PNP0A03:00/physical_node/0000:00:1f.0/nvme/nvme2/subsystem/nvme2/nvme2n1/holders/md0/md/rd0/block/holders/md0/md/dev-nvme1n1 HTTP/1.1" 200 3698 "-" "Amazon CloudFront"
64.252.67.164 - - [03/Sep/2026:00:12:25 +0000] "GET /products/detail/272703723?path=//sys/devices/pci0000:00/firmware_node/physical_node/pci_bus/0000:00/device/firmware_node/physical_node/0000:00:00.0/subsystem/drivers/nvme/module/drivers/pci:nvme/0000:00:04.0/driver/0000:00:1e.0/nvme/nvme1/nvme1n1/holders/md0/slaves/nvme2n1/holders/md0/md/dev-nvme1n1/block/subsystem/nvme0n1/mq/1/cpu7 HTTP/1.1" 200 2977 "-" "Amazon CloudFront"
64.252.66.61 - - [03/Sep/2026:00:12:29 +0000] "GET /products/detail/182908925?fileloc=//tmp/sess_e3sqe9gf6bppikt7np6lio6f1e&path=//tmp HTTP/1.1" 200 2557 "-" "Amazon CloudFront"
64.252.67.164 - - [03/Sep/2026:00:12:32 +0000] "GET /products/detail/187873763?fileloc=//tmp/sess_s29kovvr06h992tusnfvg74r9t&path=//tmp HTTP/1.1" 200 2555 "-" "Amazon CloudFront"
64.252.66.61 - - [03/Sep/2026:00:12:37 +0000] "GET /?path=//sys/bus/memory/devices/memory1/node0/memory30/node0/cpu6/firmware_node/subsystem/devices/device:21/physical_node/driver/module/drivers/pci:nvme/0000:00:1e.0/driver/0000:00:04.0/firmware_node/physical_node/subsystem/drivers/nvme/0000:00:1f.0/nvme/nvme2/nvme2n1/holders/md0/md/rd1/block/device/nvme2n1/holders/md0/md/rd1/block/mq/0 HTTP/1.1" 200 3500 "-" "Amazon CloudFront"
64.252.66.61 - - [03/Sep/2026:00:12:40 +0000] "GET /?path=//sys/bus/memory/devices/memory1/node0/memory30/node0/cpu6/firmware_node/subsystem/devices/device:21/physical_node/driver/module/drivers/pci:nvme/0000:00:1e.0/nvme/nvme1/nvme1n1/subsystem/nvme1n1/holders/md0/md/rd0/block/holders/md0/md/dev-nvme1n1/block/device/device/driver/0000:00:1f.0/nvme/nvme2/nvme2n1/queue HTTP/1.1" 200 4867 "-" "Amazon CloudFront"
64.252.66.102 - - [03/Sep/2026:00:12:44 +0000] "GET /products/detail/182908925?fileloc=//tmp/sess_629e5d8u1tepv246b1nn5i1878&path=//tmp HTTP/1.1" 200 2555 "-" "Amazon CloudFront"
64.252.66.61 - - [03/Sep/2026:00:12:48 +0000] "GET /?path=//sys/class/thermal/cooling_device3/device/physical_node/node0/cpu1/driver/cpu0/node0/cpu2/firmware_node/subsystem/devices/LNXSYBUS:00/PNP0A03:00/device:11/subsystem/devices/device:20/physical_node/nvme/nvme1/device/driver/module/drivers/pci:nvme/0000:00:1f.0/nvme/nvme2/nvme2n1/holders/md0/md/rd1/block/holders/md0/md/rd0/block/bdi HTTP/1.1" 200 3711 "-" "Amazon CloudFront"
64.252.66.61 - - [03/Sep/2026:00:12:53 +0000] "GET /?path=//sys/class/thermal/cooling_device3/device/physical_node/node0/memory0/node0/cpu5/driver/cpu7/driver/cpu3/firmware_node/thermal_cooling/device/subsystem/devices/PNP0A03:00/device:06/subsystem/devices/LNXSYSTM:00/LNXSYBUS:00/PNP0A03:00/device:20/physical_node/nvme/nvme1/nvme1n1/holders/md0/md/dev-nvme1n1/block/holders/md0 HTTP/1.1" 200 4292 "-" "Amazon CloudFront"
64.252.68.74 - - [03/Sep/2026:00:12:57 +0000] "GET /products/detail/208628339?path=//sys/bus/node/devices/node0/cpu1/driver/cpu7/driver/cpu2/node0/cpu1/firmware_node/thermal_cooling/device/physical_node/firmware_node/subsystem/devices/LNXSYSTM:00/LNXSYBUS:00/PNP0A03:00/device:06/physical_node/nvme/nvme0/nvme0n1/device/nvme0n1/subsystem/md0/slaves/nvme1n1/mq HTTP/1.1" 200 3432 "-" "Amazon CloudFront"
64.252.66.61 - - [03/Sep/2026:00:13:01 +0000] "GET /products/detail/187873763?fileloc=//tmp/sess_2bc4rmlci1t0usq34iljpolh3v&path=//tmp HTTP/1.1" 200 2557 "-" "Amazon CloudFront"
15.158.215.109 - - [03/Sep/2026:00:13:05 +0000] "GET /wp-login.php?fileloc=//tmp/sess_qj0gutbn168fikjd41vf6c3f8q&path=//tmp HTTP/1.1" 200 2558 "-" "Mozilla/5.0 AppleWebKit/537.36 (KHTML, like Gecko; compatible; Amazonbot/0.1; +https://developer.amazon.com/support/amazonbot) Chrome/119.0.6045.214 Safari/537.36"
64.252.68.74 - - [03/Sep/2026:00:13:10 +0000] "GET /products/detail/208628339?path=//sys/bus/node/devices/node0/cpu1/driver/cpu7/driver/cpu2/node0/cpu1/firmware_node/thermal_cooling/device/physical_node/firmware_node/subsystem/drivers/button/LNXPWRBN:00/subsystem/devices/LNXSYSTM:00/LNXSYBUS:00/PNP0A03:00/device:21/physical_node/nvme/nvme2/nvme2n1/holders/md0/slaves/nvme1n1/queue HTTP/1.1" 200 4804 "-" "Amazon CloudFront"
64.252.66.61 - - [03/Sep/2026:00:13:13 +0000] "GET /?path=//sys/bus/memory/devices/memory1/node0/memory28/node0/cpu2/driver/cpu4/firmware_node/subsystem/devices/PNP0A03:00/physical_node/0000:00:04.0/driver/0000:00:1f.0/subsystem/drivers/nvme/0000:00:1f.0/nvme/nvme2/nvme2n1/holders/md0/md/dev-nvme2n1/block/device/nvme2n1/holders/md0/md/rd1/block/mq/3 HTTP/1.1" 200 3438 "-" "Amazon CloudFront"
64.252.66.61 - - [03/Sep/2026:00:13:16 +0000] "GET /?path=//sys/bus/memory/devices/memory1/node0/memory7/node0/cpu1/subsystem/drivers/processor/cpu5/firmware_node/subsystem/devices/PNP0A03:00/physical_node/firmware_node/device:20/physical_node/driver/0000:00:04.0/driver/module/drivers/pci:nvme/0000:00:1e.0/nvme/nvme1/device/nvme/nvme1/nvme1n1/holders/md0/slaves/nvme2n1/holders/md0/md/rd0/block/mq HTTP/1.1" 200 3577 "-" "Amazon CloudFront"
64.252.66.102 - - [03/Sep/2026:00:13:21 +0000] "GET /?path=//sys/bus/memory/devices/memory14/node0/memory16/node0/cpu1/driver/cpu4/firmware_node/physical_node/subsystem/drivers/processor/cpu2/firmware_node/subsystem/devices/PNP0A03:00/physical_node/0000:00:1f.0/nvme/nvme2/device/driver/0000:00:1f.0/nvme/nvme2/nvme2n1/holders/md0/md/rd1/block/holders/md0/md/dev-nvme1n1/block/device/nvme1n1/mq/0 HTTP/1.1" 200 3514 "-" "Amazon CloudFront"
64.252.66.61 - - [03/Sep/2026:00:13:24 +0000] "GET /?path=//sys/class/thermal/cooling_device3/device/physical_node/node0/cpu1/driver/cpu0/node0/cpu2/firmware_node/subsystem/devices/LNXSYBUS:00/subsystem/devices/PNP0A03:00/physical_node/0000:00:1e.0/driver/module/drivers/pci:nvme/module/drivers/pci:nvme/0000:00:1e.0/nvme/nvme1/nvme1n1/device/nvme1n1/holders/md0/md/rd0/block/holders/md0/slaves HTTP/1.1" 200 3334 "-" "Amazon CloudFront"
64.252.66.102 - - [03/Sep/2026:00:13:29 +0000] "GET /?path=//sys/class/thermal/cooling_device3/device/physical_node/node0/memory28/node0/cpu5/firmware_node/subsystem/devices/PNP0A03:00/physical_node/pci_bus/0000:00/device/0000:00:1f.0/driver/module/drivers/pci:nvme/0000:00:1f.0/subsystem/drivers/ena/0000:00:05.0/msi_irqs HTTP/1.1" 200 3492 "-" "Amazon CloudFront"
64.252.67.164 - - [03/Sep/2026:00:13:33 +0000] "GET /?path=//sys/class/thermal/cooling_device3/device/physical_node/node0/memory28/node0/cpu5/firmware_node/subsystem/devices/PNP0A03:00/physical_node/pci_bus/0000:00/device/0000:00:1f.0/driver/module/drivers/pci:nvme/0000:00:04.0/subsystem/drivers/nvme/0000:00:1f.0/firmware_node HTTP/1.1" 200 3521 "-" "Amazon CloudFront"
64.252.66.102 - - [03/Sep/2026:00:13:36 +0000] "GET /?path=//sys/class/thermal/cooling_device3/device/physical_node/node0/cpu1/driver/cpu0/node0/cpu2/firmware_node/subsystem/devices/LNXSYSTM:00/LNXSYBUS:00/PNP0C0F:02/subsystem/devices/LNXSYSTM:00/LNXSYBUS:00/PNP0A03:00/device:06/physical_node/driver/0000:00:1e.0/nvme/nvme1/nvme1n1/holders/md0/slaves/nvme2n1/holders/md0/md/dev-nvme1n1/block/trace HTTP/1.1" 200 3552 "-" "Amazon CloudFront"
64.252.66.61 - - [03/Sep/2026:00:13:41 +0000] "GET /?path=//sys/class/thermal/cooling_device3/device/physical_node/node0/memory28/node0/cpu5/firmware_node/subsystem/devices/PNP0A03:00/physical_node/pci_bus/0000:00/device/0000:00:1e.0/driver/0000:00:04.0/driver/0000:00:1e.0/firmware_node/subsystem/devices/PNP0A03:00/device:01/power HTTP/1.1" 200 3397 "-" "Amazon CloudFront"
64.252.68.74 - - [03/Sep/2026:00:13:45 +0000] "GET /?path=//sys/class/thermal/cooling_device3/device/physical_node/node0/memory28/node0/cpu5/firmware_node/subsystem/devices/PNP0A03:00/physical_node/pci_bus/0000:00/device/0000:00:1f.0/driver/0000:00:04.0/driver/0000:00:1f.0/firmware_node/subsystem/devices/LNXSYBUS:00/PNP0A03:00/device:02 HTTP/1.1" 200 3707 "-" "Amazon CloudFront"
64.252.66.61 - - [03/Sep/2026:00:13:48 +0000] "GET /?path=//sys/class/thermal/cooling_device3/device/physical_node/node0/cpu1/driver/cpu0/node0/cpu2/firmware_node/subsystem/devices/PNP0303:00/subsystem/devices/LNXSYBUS:00/PNP0A03:00/physical_node/0000:00:1f.0/nvme/nvme2/device/driver/0000:00:1e.0/nvme/nvme1/nvme1n1/holders/md0/slaves/nvme2n1/holders/md0/slaves/nvme2n1/mq/0 HTTP/1.1" 200 3482 "-" "Amazon CloudFront"
64.252.67.164 - - [03/Sep/2026:00:13:53 +0000] "GET /?path=//sys/bus/node/devices/node0/memory2/node0/cpu7/driver/cpu1/firmware_node/subsystem/devices/PNP0A03:00/physical_node/0000:00:04.0/firmware_node/physical_node/nvme/nvme0/device/driver/0000:00:1e.0/nvme/nvme1/nvme1n1/device/nvme1n1/holders/md0/md/rd0/block/subsystem/nvme2n1/holders/md0/md/dev-nvme1n1/block/bdi HTTP/1.1" 200 3589 "-" "Amazon CloudFront"
64.252.68.74 - - [03/Sep/2026:00:13:57 +0000] "GET /?path=//sys/bus/memory/devices/memory1/node0/memory7/node0/cpu1/subsystem/drivers/processor/cpu5/firmware_node/subsystem/devices/PNP0A03:00/physical_node/firmware_node/physical_node/0000:00:1e.0/driver/0000:00:04.0/driver/0000:00:1f.0/nvme/nvme2/nvme2n1/holders/md0/md/dev-nvme2n1/block/device/device/nvme/nvme2/nvme2n1/holders/md0/md/rd0 HTTP/1.1" 200 3884 "-" "Amazon CloudFront"
64.252.66.61 - - [03/Sep/2026:00:14:01 +0000] "GET /?path=//sys/class/thermal/cooling_device3/device/physical_node/node0/cpu1/driver/cpu0/node0/cpu2/firmware_node/subsystem/devices/LNXSYSTM:00/LNXSYBUS:00/PNP0C0F:04/subsystem/devices/PNP0A03:00/physical_node/pci_bus/0000:00/device/0000:00:04.0/driver/module/drivers/pci:nvme/module/drivers/pci:nvme/0000:00:1e.0/nvme/nvme1/nvme1n1/holders/md0/slaves/nvme1n1/holders/md0/md/rd0/block/mq HTTP/1.1" 200 3658 "-" "Amazon CloudFront"
64.252.67.164 - - [03/Sep/2026:00:14:04 +0000] "GET /?path=//sys/class/thermal/cooling_device3/device/physical_node/node0/memory28/node0/cpu5/firmware_node/subsystem/devices/PNP0A03:00/physical_node/pci_bus/0000:00/device/0000:00:03.0/subsystem/devices/0000:00:1f.0/driver/0000:00:1e.0/nvme/nvme1/nvme1n1/mq/0 HTTP/1.1" 200 3347 "-" "Amazon CloudFront"
64.252.67.164 - - [03/Sep/2026:00:14:10 +0000] "GET /products/detail/272703723?path=//sys/devices/pci0000:00/firmware_node/physical_node/pci_bus/0000:00/device/firmware_node/physical_node/0000:00:00.0/subsystem/drivers/nvme/0000:00:1e.0/subsystem/devices/0000:00:04.0/driver/module/drivers/pci:nvme/0000:00:1f.0/nvme/nvme2/nvme2n1/device/nvme2n1/holders/md0/md/dev-nvme1n1/block/holders/md0/md/dev-nvme2n1/block/mq/1/cpu1 HTTP/1.1" 200 3005 "-" "Amazon CloudFront"
64.252.68.74 - - [03/Sep/2026:00:14:12 +0000] "GET /?path=//sys/class/thermal/cooling_device3/device/physical_node/node0/memory28/node0/cpu5/firmware_node/subsystem/devices/PNP0A03:00/physical_node/pci_bus/0000:00/device/0000:00:1e.0/driver/0000:00:1f.0/nvme/nvme2/nvme2n1/subsystem/md0/slaves/nvme1n1/mq/3/cpu3 HTTP/1.1" 200 2934 "-" "Amazon CloudFront"
64.252.68.74 - - [03/Sep/2026:00:14:21 +0000] "GET /?path=//sys/bus/memory/devices/memory1/node0/memory28/node0/cpu2/driver/cpu4/firmware_node/subsystem/devices/PNP0A03:00/physical_node/0000:00:04.0/driver/0000:00:1f.0/subsystem/drivers/nvme/0000:00:1e.0/firmware_node/physical_node/nvme/nvme1/nvme1n1/holders/md0/md/rd0/block/device/nvme1n1/holders/md0/md/rd1/block/mq/2/cpu2 HTTP/1.1" 200 3018 "-" "Amazon CloudFront"
64.252.67.164 - - [03/Sep/2026:00:14:23 +0000] "GET /?path=//sys/class/thermal/cooling_device3/device/physical_node/node0/cpu1/driver/cpu0/node0/cpu2/firmware_node/subsystem/devices/LNXSYSTM:00/LNXSYBUS:00/PNP0C0F:02/subsystem/devices/LNXSYSTM:00/LNXSYBUS:00/PNP0A03:00/device:06/physical_node/driver/0000:00:1e.0/nvme/nvme1/nvme1n1/device/nvme1n1/holders/md0/slaves/nvme2n1/holders/md0/md/dev-nvme1n1/block HTTP/1.1" 200 4420 "-" "Amazon CloudFront"
64.252.66.61 - - [03/Sep/2026:00:14:24 +0000] "GET /?path=//sys/class/thermal/cooling_device3/device/physical_node/node0/cpu1/driver/cpu0/node0/cpu2/firmware_node/subsystem/devices/PNP0303:00/subsystem/devices/LNXSYBUS:00/PNP0A03:00/physical_node/pci_bus/0000:00/device/0000:00:1e.0/driver/0000:00:1e.0/nvme/nvme1/nvme1n1/holders/md0/md/rd1/block/holders/md0/md/dev-nvme2n1/block/mq/5/cpu5 HTTP/1.1" 200 3049 "-" "Amazon CloudFront"
64.252.66.61 - - [03/Sep/2026:00:14:29 +0000] "GET /?path=//sys/class/thermal/cooling_device3/device/physical_node/node0/memory28/node0/cpu5/firmware_node/subsystem/devices/PNP0A03:00/physical_node/pci_bus/0000:00/device/0000:00:1e.0/driver/module/drivers/pci:nvme/0000:00:04.0/driver/module/drivers/pci:nvme/0000:00:1e.0/msi_irqs HTTP/1.1" 200 3451 "-" "Amazon CloudFront"
64.252.68.74 - - [03/Sep/2026:00:14:33 +0000] "GET /?path=//sys/bus/memory/devices/memory1/node0/memory30/node0/cpu6/firmware_node/subsystem/devices/device:21/physical_node/driver/module/drivers/pci:nvme/0000:00:1e.0/driver/0000:00:04.0/firmware_node/physical_node/subsystem/drivers/nvme/0000:00:1f.0/nvme/nvme2/nvme2n1/device/nvme2n1/holders/md0/md/rd0/block/device/power HTTP/1.1" 200 3518 "-" "Amazon CloudFront"
64.252.66.102 - - [03/Sep/2026:00:14:36 +0000] "GET /?path=//sys/class/thermal/cooling_device3/device/physical_node/node0/memory28/node0/cpu5/firmware_node/subsystem/devices/PNP0A03:00/physical_node/pci_bus/0000:00/device/0000:00:00.0/subsystem/drivers/ena/module/drivers/pci:ena/0000:00:05.0/net/eth0/queues/rx-0 HTTP/1.1" 200 3264 "-" "Amazon CloudFront"
64.252.67.164 - - [03/Sep/2026:00:14:40 +0000] "GET /?path=//sys/bus/memory/devices/memory1/node0/memory7/node0/cpu1/subsystem/drivers/processor/cpu5/firmware_node/subsystem/devices/PNP0A03:00/physical_node/firmware_node/physical_node/0000:00:1e.0/driver/module/drivers/pci:nvme/0000:00:1f.0/driver/0000:00:1e.0/nvme/nvme1/nvme1n1/holders/md0/md/rd0/block/holders/md0/slaves/nvme1n1/power HTTP/1.1" 200 3548 "-" "Amazon CloudFront"
64.252.66.61 - - [03/Sep/2026:00:14:44 +0000] "GET /?path=//sys/class/thermal/cooling_device3/device/physical_node/node0/cpu1/driver/cpu0/node0/cpu2/firmware_node/subsystem/devices/LNXSYSTM:00/LNXSYBUS:00/PNP0C0F:02/subsystem/devices/LNXSYSTM:00/LNXSYBUS:00/PNP0A03:00/physical_node/0000:00:1e.0/driver/module/drivers/pci:nvme/0000:00:1f.0/nvme/nvme2/nvme2n1/holders/md0/md/rd1/block/device/nvme2n1/trace HTTP/1.1" 200 3567 "-" "Amazon CloudFront"
64.252.66.102 - - [03/Sep/2026:00:14:48 +0000] "GET /?path=//sys/bus/memory/devices/memory1/node0/memory7/node0/cpu1/subsystem/drivers/processor/cpu5/firmware_node/subsystem/devices/PNP0A03:00/physical_node/firmware_node/physical_node/0000:00:1e.0/driver/module/drivers/pci:nvme/0000:00:1f.0/driver/0000:00:1e.0/nvme/nvme1/nvme1n1/holders/md0/md/rd0/block/holders/md0/slaves/nvme1n1/device HTTP/1.1" 200 4048 "-" "Amazon CloudFront"
64.252.66.102 - - [03/Sep/2026:00:14:52 +0000] "GET /?path=//sys/class/thermal/cooling_device3/device/physical_node/node0/memory28/node0/cpu5/firmware_node/subsystem/devices/PNP0A03:00/physical_node/pci_bus/0000:00/device/0000:00:1e.0/driver/module/drivers/pci:nvme/0000:00:1e.0/subsystem/devices/0000:00:1f.0/nvme/nvme2/nvme2n1/slaves HTTP/1.1" 200 2934 "-" "Amazon CloudFront"
64.252.66.61 - - [03/Sep/2026:00:14:57 +0000] "GET /?path=//sys/bus/memory/devices/memory1/node0/memory28/node0/cpu2/driver/cpu4/firmware_node/subsystem/devices/PNP0A03:00/physical_node/0000:00:04.0/nvme/nvme0/nvme0n1/nvme0n1p1/subsystem/md0/md/dev-nvme2n1/block/holders/md0/md/dev-nvme1n1/block/device/device/driver/module/drivers/pci:nvme/0000:00:04.0/firmware_node/physical_node/nvme/nvme0/nvme0n1/nvme0n1p128/power HTTP/1.1" 200 3556 "-" "Amazon CloudFront"
64.252.66.102 - - [03/Sep/2026:00:15:01 +0000] "GET /?path=//sys/bus/memory/devices/memory1/node0/memory7/node0/cpu1/subsystem/drivers/processor/cpu5/firmware_node/subsystem/devices/PNP0A03:00/physical_node/firmware_node/physical_node/0000:00:1e.0/driver/module/drivers/pci:nvme/0000:00:1e.0/nvme/nvme1/nvme1n1/holders/md0/slaves/nvme1n1/holders/md0/md/rd1/block/device/nvme2n1/device HTTP/1.1" 200 4045 "-" "Amazon CloudFront"
64.252.66.61 - - [03/Sep/2026:00:15:04 +0000] "GET /?path=//sys/bus/memory/devices/memory1/node0/memory30/node0/cpu6/firmware_node/subsystem/devices/device:21/physical_node/driver/module/drivers/pci:nvme/0000:00:1e.0/driver/0000:00:1f.0/nvme/nvme2/device/nvme/nvme2/nvme2n1/device/nvme2n1/holders/md0/md/rd0/block/holders/md0/md/rd1/block/subsystem/nvme0n1/mq/0/cpu1 HTTP/1.1" 200 3024 "-" "Amazon CloudFront"
64.252.66.102 - - [03/Sep/2026:00:15:08 +0000] "GET /?path=//sys/bus/memory/devices/memory1/node0/memory30/node0/cpu6/firmware_node/subsystem/devices/device:21/physical_node/driver/module/drivers/pci:nvme/0000:00:1e.0/driver/0000:00:1f.0/nvme/nvme2/device/nvme/nvme2/nvme2n1/device/nvme2n1/holders/md0/md/rd0/block/subsystem/nvme1n1/holders/md0/md/dev-nvme2n1/block/mq/7 HTTP/1.1" 200 3485 "-" "Amazon CloudFront"
64.252.68.74 - - [03/Sep/2026:00:15:12 +0000] "GET /?path=//sys/class/thermal/cooling_device3/device/physical_node/node0/memory28/node0/cpu5/firmware_node/subsystem/devices/LNXSYBUS:00/PNP0A03:00/device:1b/subsystem/devices/LNXSYBUS:00/PNP0A03:00/physical_node/pci_bus/0000:00/device/0000:00:1e.0/driver/0000:00:1e.0/driver/0000:00:1f.0/nvme/nvme2/nvme2n1/holders/md0/md/rd1/block/holders/md0/md/dev-nvme2n1/block/integrity HTTP/1.1" 200 3636 "-" "Amazon CloudFront"
64.252.66.102 - - [03/Sep/2026:00:15:17 +0000] "GET /products/detail/272703723?path=//sys/devices/pci0000:00/firmware_node/physical_node/pci_bus/0000:00/device/firmware_node/physical_node/0000:00:00.0/subsystem/drivers/nvme/module/drivers/pci:nvme/0000:00:1e.0/nvme/nvme1/nvme1n1/holders/md0/md/dev-nvme2n1/block/device/nvme2n1/subsystem/nvme2n1/holders/md0/slaves/nvme1n1/mq/3/cpu3 HTTP/1.1" 200 2966 "-" "Amazon CloudFront"
64.252.66.102 - - [03/Sep/2026:00:15:20 +0000] "GET /?path=//sys/class/thermal/cooling_device3/device/physical_node/node0/memory0/node0/cpu0/firmware_node/subsystem/devices/device:02/QEMU0001:00/subsystem/devices/LNXSYBUS:00/PNP0A03:00/physical_node/0000:00:1f.0/driver/module/drivers/pci:nvme/0000:00:1e.0/nvme/nvme1/device/driver/0000:00:1e.0/nvme/nvme1/nvme1n1/holders/md0/md/dev-nvme2n1/block/holders/md0/slaves/nvme1n1/queue HTTP/1.1" 200 4986 "-" "Amazon CloudFront"
64.252.66.102 - - [03/Sep/2026:00:15:24 +0000] "GET /?path=//sys/class/thermal/cooling_device3/device/physical_node/node0/memory28/node0/cpu5/firmware_node/subsystem/devices/PNP0A03:00/physical_node/pci_bus/0000:00/device/0000:00:1f.0/driver/module/drivers/pci:nvme/0000:00:1e.0/subsystem/drivers/nvme/0000:00:1e.0/driver HTTP/1.1" 200 3561 "-" "Amazon CloudFront"
64.252.68.74 - - [03/Sep/2026:00:15:28 +0000] "GET /?path=//sys/class/thermal/cooling_device3/device/physical_node/node0/memory28/node0/cpu5/firmware_node/subsystem/devices/PNP0A03:00/physical_node/pci_bus/0000:00/device/0000:00:05.0/subsystem/devices/0000:00:04.0/driver/module/drivers/pci:nvme/0000:00:1f.0/driver/module/holders HTTP/1.1" 200 2910 "-" "Amazon CloudFront"
64.252.67.164 - - [03/Sep/2026:00:15:32 +0000] "GET /?path=//sys/bus/memory/devices/memory1/node0/memory7/node0/cpu1/subsystem/drivers/processor/cpu5/firmware_node/subsystem/devices/PNP0A03:00/physical_node/firmware_node/physical_node/0000:00:1e.0/driver/module/drivers/pci:nvme/0000:00:1f.0/driver/0000:00:1e.0/nvme/nvme1/nvme1n1/device/nvme1n1/holders/md0/md/dev-nvme2n1/block/holders/md0/md/dev-nvme2n1 HTTP/1.1" 200 3907 "-" "Amazon CloudFront"
64.252.66.61 - - [03/Sep/2026:00:15:36 +0000] "GET /?path=//sys/class/thermal/cooling_device3/device/physical_node/node0/cpu1/driver/cpu0/node0/cpu2/firmware_node/subsystem/devices/LNXSYSTM:00/LNXSYBUS:00/PNP0C0F:04/subsystem/devices/LNXSYSTM:00/LNXSYBUS:00/PNP0A03:00/device:20/physical_node/nvme/nvme1/nvme1n1/device/nvme1n1/holders/md0/md/rd0/block/holders/md0/md/rd0/block/mq/3/cpu3 HTTP/1.1" 200 3034 "-" "Amazon CloudFront"
64.252.66.61 - - [03/Sep/2026:00:15:41 +0000] "GET /products/detail/208628339?path=//sys/bus/node/devices/node0/cpu1/driver/cpu7/driver/cpu2/node0/cpu4/firmware_node/subsystem/devices/PNP0A03:00/device:06/physical_node/firmware_node/physical_node/nvme/nvme0/nvme0n1/device/nvme0n1/subsystem/nvme1n1/holders/md0/slaves/nvme2n1/holders/md0/slaves/nvme2n1/trace HTTP/1.1" 200 3408 "-" "Amazon CloudFront"
64.252.66.61 - - [03/Sep/2026:00:15:41 +0000] "GET /products/detail/172439228?fileloc=/var/www/volumes/69b4844ae61d4e92bf26ad98af552775/logs/openlitespeed/access.log.2026_08_25.10&path=/var/www/volumes/69b4844ae61d4e92bf26ad98af552775/logs/openlitespeed HTTP/1.1" 200 724196 "-" "Amazon CloudFront"
64.252.66.61 - - [03/Sep/2026:00:15:44 +0000] "GET /?path=//sys/bus/memory/devices/memory14/node0/memory20/node0/cpu7/driver/cpu2/driver/cpu4/firmware_node/subsystem/devices/PNP0A03:00/physical_node/0000:00:1f.0/firmware_node/physical_node/nvme/nvme2/device/nvme/nvme2/nvme2n1/subsystem/nvme2n1/holders/md0/md/dev-nvme1n1/block/device/nvme1n1/holders/md0/md/rd1/block/integrity HTTP/1.1" 200 3580 "-" "Amazon CloudFront"
64.252.67.164 - - [03/Sep/2026:00:15:48 +0000] "GET /?path=//sys/class/thermal/cooling_device3/device/physical_node/node0/cpu1/driver/cpu0/node0/cpu2/firmware_node/subsystem/devices/LNXSYSTM:00/LNXSYBUS:00/PNP0C0F:02/subsystem/devices/LNXSYBUS:00/PNP0A03:00/device:06/physical_node/driver/0000:00:1e.0/nvme/nvme1/nvme1n1/holders/md0/md/rd0/block/holders/md0/md/dev-nvme2n1/block/device/nvme2n1/mq/3/cpu3 HTTP/1.1" 200 3072 "-" "Amazon CloudFront"
