64.252.68.74 - - [03/Sep/2026:04:29:36 +0000] "GET /products/detail/208628339?path=//sys/bus/node/devices/node0/cpu1/driver/cpu7/driver/cpu2/node0/cpu4/firmware_node/thermal_cooling/device/physical_node/firmware_node/subsystem/devices/PNP0A03:00/device:20/physical_node/nvme/nvme1/nvme1n1/subsystem/md0/md/rd0/block/holders/md0/md/dev-nvme2n1/block/slaves HTTP/1.1" 200 2941 "-" "Amazon CloudFront"
64.252.67.164 - - [03/Sep/2026:04:29:43 +0000] "GET /?path=//sys/class/thermal/cooling_device3/device/physical_node/node0/memory28/node0/cpu5/firmware_node/subsystem/devices/PNP0A03:00/physical_node/pci_bus/0000:00/device/0000:00:05.0/subsystem/devices/0000:00:04.0/driver/module/drivers/pci:nvme/module/drivers/pci:nvme/0000:00:1e.0/driver HTTP/1.1" 200 3580 "-" "Amazon CloudFront"
64.252.66.102 - - [03/Sep/2026:04:29:46 +0000] "GET /?path=//sys/class/thermal/cooling_device3/device/physical_node/node0/memory28/node0/cpu5/firmware_node/subsystem/devices/PNP0A03:00/physical_node/pci_bus/0000:00/device/0000:00:05.0/subsystem/devices/0000:00:04.0/driver/module/drivers/pci:nvme/module/drivers/pci:nvme/0000:00:1e.0/firmware_node HTTP/1.1" 200 3537 "-" "Amazon CloudFront"
64.252.67.164 - - [03/Sep/2026:04:29:48 +0000] "GET /?path=//sys/class/thermal/cooling_device3/device/physical_node/node0/memory28/node0/cpu5/firmware_node/subsystem/devices/LNXSYBUS:00/PNP0A03:00/device:1b/subsystem/devices/LNXSYBUS:00/PNP0A03:00/physical_node/pci_bus/0000:00/device/0000:00:1e.0/driver/0000:00:1e.0/driver/0000:00:1f.0/nvme/nvme2/nvme2n1/holders/md0/md/rd1/block/holders/md0/md/dev-nvme2n1/block/mq/2 HTTP/1.1" 200 3529 "-" "Amazon CloudFront"
64.252.66.102 - - [03/Sep/2026:04:29:53 +0000] "GET /?path=//sys/class/thermal/cooling_device3/device/physical_node/node0/memory28/node0/cpu5/firmware_node/subsystem/devices/PNP0A03:00/physical_node/pci_bus/0000:00/device/0000:00:05.0/subsystem/devices/0000:00:04.0/driver/module/drivers/pci:nvme/module/drivers/pci:nvme/0000:00:1e.0/nvme HTTP/1.1" 200 3194 "-" "Amazon CloudFront"
64.252.67.164 - - [03/Sep/2026:04:29:56 +0000] "GET /products/detail/208628339?path=//sys/bus/node/devices/node0/cpu1/driver/cpu7/driver/cpu2/node0/cpu4/firmware_node/subsystem/devices/PNP0A03:00/device:21/physical_node/nvme/nvme2/device/nvme/nvme2/nvme2n1/holders/md0/md/dev-nvme2n1/block/subsystem/md0/md/rd1/block/mq HTTP/1.1" 200 3425 "-" "Amazon CloudFront"
64.252.66.61 - - [03/Sep/2026:04:30:01 +0000] "GET /products/detail/208628339?path=//sys/bus/node/devices/node0/cpu1/driver/cpu7/driver/cpu2/node0/cpu4/firmware_node/thermal_cooling/device/thermal_cooling/device/subsystem/devices/PNP0A03:00/physical_node/0000:00:1f.0/firmware_node/physical_node/nvme/nvme2/nvme2n1/subsystem/nvme2n1/holders/md0/md/dev-nvme1n1/block/holders/md0/md/bitmap HTTP/1.1" 200 3594 "-" "Amazon CloudFront"
64.252.66.102 - - [03/Sep/2026:04:30:04 +0000] "GET /?path=//sys/class/thermal/cooling_device3/device/physical_node/node0/cpu1/driver/cpu0/node0/cpu2/firmware_node/subsystem/devices/LNXSYSTM:00/LNXSYBUS:00/PNP0C0F:04/subsystem/devices/PNP0A03:00/physical_node/0000:00:1f.0/nvme/nvme2/device/driver/module/drivers/pci:nvme/module/drivers/pci:nvme/0000:00:1e.0/nvme/nvme1/nvme1n1/holders/md0/slaves/nvme1n1/holders/md0/md/dev-nvme1n1/block/mq HTTP/1.1" 200 3658 "-" "Amazon CloudFront"
64.252.68.74 - - [03/Sep/2026:04:30:08 +0000] "GET /products/detail/208628339?path=//sys/bus/node/devices/node0/cpu1/driver/cpu7/driver/cpu2/node0/cpu4/firmware_node/subsystem/devices/PNP0A03:00/device:20/physical_node/firmware_node/physical_node/nvme/nvme1/nvme1n1/device/nvme1n1/subsystem/md0/slaves/nvme2n1/device/nvme2n1/holders/md0/power HTTP/1.1" 200 3412 "-" "Amazon CloudFront"
64.252.66.61 - - [03/Sep/2026:04:30:12 +0000] "GET /?path=//sys/class/thermal/cooling_device3/device/physical_node/node0/cpu6/driver/cpu0/node0/cpu5/firmware_node/subsystem/devices/device:12/subsystem/devices/LNXSYSTM:00/LNXSYBUS:00/PNP0A03:00/physical_node/pci_bus/0000:00/device/0000:00:1e.0/driver/module/drivers/pci:nvme/0000:00:1e.0/nvme/nvme1/nvme1n1/holders/md0/md/rd0/block/holders/md0 HTTP/1.1" 200 4338 "-" "Amazon CloudFront"
64.252.67.164 - - [03/Sep/2026:04:30:16 +0000] "GET /?path=//sys/class/thermal/cooling_device3/device/physical_node/node0/memory0/node0/cpu3/subsystem/devices/cpu6/driver/cpu0/driver/cpu7/firmware_node/subsystem/devices/LNXSYSTM:00/LNXSYBUS:00/PNP0A03:00/device:20/physical_node/nvme/nvme1/device/nvme/nvme1/nvme1n1/holders/md0/md/rd1/block/holders/md0/md/rd0/block/mq/0/cpu0 HTTP/1.1" 200 3035 "-" "Amazon CloudFront"
64.252.67.164 - - [03/Sep/2026:04:30:20 +0000] "GET /?path=//sys/bus/memory/devices/memory1/node0/memory30/node0/cpu6/firmware_node/subsystem/devices/device:21/physical_node/driver/module/drivers/pci:nvme/0000:00:1f.0/driver/0000:00:1e.0/nvme/nvme1/nvme1n1/holders/md0/slaves/nvme1n1/device/device/firmware_node/physical_node/nvme/nvme1/subsystem/nvme2/nvme2n1/holders/md0/md/dev-nvme1n1/block/mq/6/cpu6 HTTP/1.1" 200 3039 "-" "Amazon CloudFront"
64.252.66.102 - - [03/Sep/2026:04:30:24 +0000] "GET /products/detail/208628339?path=//sys/bus/node/devices/node0/cpu1/driver/cpu7/driver/cpu2/node0/cpu4/firmware_node/subsystem/devices/PNP0A03:00/physical_node/0000:00:04.0/nvme/nvme0/nvme0n1/device/nvme0n1/nvme0n1p1/subsystem/nvme2n1/holders/md0/slaves/nvme1n1/holders/md0/md/dev-nvme1n1 HTTP/1.1" 200 3726 "-" "Amazon CloudFront"
64.252.68.74 - - [03/Sep/2026:04:30:28 +0000] "GET /?path=//sys/bus/memory/devices/memory1/node0/memory30/node0/cpu6/firmware_node/subsystem/devices/device:21/physical_node/driver/module/drivers/pci:nvme/0000:00:1e.0/driver/0000:00:1f.0/nvme/nvme2/subsystem/nvme1/nvme1n1/holders/md0/md/rd0/block/device/device/nvme/nvme1/nvme1n1/holders/md0/md/rd0/block/mq/6 HTTP/1.1" 200 3461 "-" "Amazon CloudFront"
64.252.67.164 - - [03/Sep/2026:04:30:32 +0000] "GET /?path=//sys/bus/memory/devices/memory1/node0/memory7/node0/cpu1/subsystem/drivers/processor/cpu5/firmware_node/subsystem/devices/PNP0A03:00/physical_node/firmware_node/device:20/physical_node/driver/0000:00:1e.0/driver/0000:00:1e.0/nvme/nvme1/device/nvme/nvme1/nvme1n1/holders/md0/md/dev-nvme1n1/block/holders/md0/md/rd0/block/mq/4 HTTP/1.1" 200 3488 "-" "Amazon CloudFront"
64.252.68.74 - - [03/Sep/2026:04:30:36 +0000] "GET /?path=//sys/class/thermal/cooling_device3/device/physical_node/node0/memory28/node0/cpu5/firmware_node/subsystem/devices/PNP0A03:00/physical_node/pci_bus/0000:00/device/0000:00:1e.0/driver/0000:00:04.0/nvme/nvme0/nvme0n1/nvme0n1p128/subsystem/nvme0n1/mq/0 HTTP/1.1" 200 3471 "-" "Amazon CloudFront"
64.252.67.164 - - [03/Sep/2026:04:30:40 +0000] "GET /products/detail/208628339?path=//sys/bus/node/devices/node0/cpu1/driver/cpu7/driver/cpu2/node0/cpu4/firmware_node/thermal_cooling/device/physical_node/firmware_node/subsystem/devices/device:20/physical_node/nvme/nvme1/nvme1n1/holders/md0/md/dev-nvme1n1/block/holders/md0/md/dev-nvme2n1/block/mq/3 HTTP/1.1" 200 3384 "-" "Amazon CloudFront"
64.252.66.61 - - [03/Sep/2026:04:30:45 +0000] "GET /products/detail/272703723?path=//sys/devices/pci0000:00/firmware_node/physical_node/pci_bus/0000:00/device/firmware_node/physical_node/0000:00:00.0/subsystem/drivers/nvme/module/drivers/pci:nvme/0000:00:04.0/driver/0000:00:1e.0/nvme/nvme1/nvme1n1/holders/md0/md/rd0/block/subsystem/md0/md/rd1/block/device/nvme2n1/mq/0/cpu0 HTTP/1.1" 200 2971 "-" "Amazon CloudFront"
64.252.66.102 - - [03/Sep/2026:04:30:48 +0000] "GET /products/detail/208628339?path=//sys/bus/node/devices/node0/cpu1/driver/cpu7/driver/cpu2/node0/cpu1/firmware_node/thermal_cooling/device/physical_node/firmware_node/subsystem/devices/PNP0A03:00/physical_node/0000:00:1e.0/nvme/nvme1/nvme1n1/holders/md0/subsystem/nvme2n1/holders/md0/slaves/nvme2n1/mq/5/cpu5 HTTP/1.1" 200 2963 "-" "Amazon CloudFront"
64.252.66.61 - - [03/Sep/2026:04:30:52 +0000] "GET /products/detail/208628339?path=//sys/bus/node/devices/node0/cpu1/driver/cpu7/driver/cpu2/node0/cpu4/firmware_node/subsystem/devices/PNP0A03:00/physical_node/0000:00:1e.0/subsystem/drivers/nvme/0000:00:1e.0/nvme/nvme1/nvme1n1/holders/md0/slaves/nvme1n1/holders/md0/md/dev-nvme2n1/block/device/nvme2n1/mq/5 HTTP/1.1" 200 3421 "-" "Amazon CloudFront"
64.252.66.102 - - [03/Sep/2026:04:30:57 +0000] "GET /?path=//sys/class/thermal/cooling_device3/device/physical_node/node0/memory28/node0/cpu5/firmware_node/subsystem/devices/LNXSYBUS:00/PNP0A03:00/device:1b/subsystem/devices/LNXSYBUS:00/PNP0A03:00/device:21/physical_node/driver/module/drivers/pci:nvme/0000:00:04.0/nvme/nvme0/device/driver/module/drivers/pci:nvme/0000:00:1f.0/nvme/nvme2/nvme2n1/holders/md0/md/rd1/block/holders/md0 HTTP/1.1" 200 4357 "-" "Amazon CloudFront"
64.252.66.102 - - [03/Sep/2026:04:31:00 +0000] "GET /products/detail/208628339?path=//sys/bus/node/devices/node0/cpu1/driver/cpu7/driver/cpu2/node0/cpu1/firmware_node/thermal_cooling/device/physical_node/firmware_node/subsystem/devices/LNXSYSTM:00/LNXSYBUS:00/PNP0A03:00/device:06/physical_node/nvme/nvme0/nvme0n1/nvme0n1p1/subsystem/md0/md/rd0/block/device/nvme1n1/integrity HTTP/1.1" 200 3547 "-" "Amazon CloudFront"
64.252.66.61 - - [03/Sep/2026:04:31:05 +0000] "GET /products/detail/208628339?path=//sys/bus/node/devices/node0/cpu1/driver/cpu7/driver/cpu2/node0/cpu4/firmware_node/subsystem/devices/PNP0A03:00/device:21/physical_node/subsystem/drivers/nvme/0000:00:1f.0/nvme/nvme2/nvme2n1/holders/md0/md/dev-nvme2n1/block/holders/md0/slaves/nvme2n1/mq/4 HTTP/1.1" 200 3393 "-" "Amazon CloudFront"
64.252.66.61 - - [03/Sep/2026:04:31:08 +0000] "GET /products/detail/272703723?path=//sys/devices/pci0000:00/firmware_node/physical_node/pci_bus/0000:00/device/firmware_node/physical_node/0000:00:00.0/subsystem/drivers/nvme/module/drivers/pci:nvme/0000:00:04.0/driver/0000:00:1e.0/nvme/nvme1/nvme1n1/holders/md0/md/rd0/block/device/subsystem/nvme1/nvme1n1/holders/md0/md/rd1/block/trace HTTP/1.1" 200 3440 "-" "Amazon CloudFront"
64.252.66.61 - - [03/Sep/2026:04:31:13 +0000] "GET /products/detail/208628339?path=//sys/bus/node/devices/node0/cpu1/driver/cpu7/driver/cpu2/node0/cpu4/firmware_node/subsystem/devices/PNP0A03:00/physical_node/0000:00:04.0/nvme/nvme0/nvme0n1/device/nvme0n1/nvme0n1p1/subsystem/md0/md/dev-nvme1n1/block/device/nvme1n1/holders/md0/slaves/nvme1n1/mq/5 HTTP/1.1" 200 3400 "-" "Amazon CloudFront"
64.252.66.61 - - [03/Sep/2026:04:31:16 +0000] "GET /products/detail/208628339?path=//sys/bus/node/devices/node0/cpu1/driver/cpu7/driver/cpu2/node0/cpu4/firmware_node/subsystem/devices/PNP0A03:00/physical_node/0000:00:04.0/nvme/nvme0/nvme0n1/device/nvme0n1/nvme0n1p1/subsystem/md0/md/dev-nvme1n1/block/device/nvme1n1/holders/md0/slaves/nvme1n1/mq/0 HTTP/1.1" 200 3399 "-" "Amazon CloudFront"
64.252.66.61 - - [03/Sep/2026:04:31:20 +0000] "GET /products/detail/208628339?path=//sys/bus/node/devices/node0/cpu1/driver/cpu7/driver/cpu2/node0/cpu4/firmware_node/thermal_cooling/device/physical_node/firmware_node/thermal_cooling/device/subsystem/devices/PNP0A03:00/device:20/physical_node/nvme/nvme1/nvme1n1/holders/md0/md/dev-nvme1n1/block/subsystem/nvme2n1/holders/md0/md/bitmap HTTP/1.1" 200 3591 "-" "Amazon CloudFront"
64.252.66.61 - - [03/Sep/2026:04:31:25 +0000] "GET /products/detail/208628339?path=//sys/bus/node/devices/node0/cpu1/driver/cpu7/driver/cpu2/node0/cpu4/firmware_node/subsystem/devices/PNP0A03:00/physical_node/firmware_node/physical_node/0000:00:04.0/nvme/nvme0/subsystem/nvme2/nvme2n1/device/nvme2n1/holders/md0/md/dev-nvme1n1/block/holders/md0/md/dev-nvme1n1/block/trace HTTP/1.1" 200 3439 "-" "Amazon CloudFront"
64.252.68.74 - - [03/Sep/2026:04:31:28 +0000] "GET /?path=//sys/class/thermal/cooling_device3/device/physical_node/node0/memory0/node0/cpu0/firmware_node/subsystem/devices/device:17/subsystem/devices/device:06/physical_node/nvme/nvme0/device/driver/module/drivers/pci:nvme/0000:00:1e.0/driver/module/drivers/pci:nvme/0000:00:1e.0/nvme/nvme1/nvme1n1/holders/md0/md/rd1/block/holders/md0/slaves/nvme1n1/mq/2 HTTP/1.1" 200 3516 "-" "Amazon CloudFront"
64.252.66.102 - - [03/Sep/2026:04:31:32 +0000] "GET /products/detail/208628339?path=//sys/bus/node/devices/node0/cpu1/driver/cpu7/driver/cpu2/node0/cpu4/firmware_node/subsystem/devices/PNP0A03:00/device:06/physical_node/firmware_node/physical_node/nvme/nvme0/nvme0n1/device/nvme0n1/subsystem/nvme1n1/holders/md0/slaves/nvme2n1/holders/md0/slaves/nvme2n1/mq/6 HTTP/1.1" 200 3402 "-" "Amazon CloudFront"
64.252.67.164 - - [03/Sep/2026:04:31:36 +0000] "GET /products/detail/208628339?path=//sys/bus/node/devices/node0/cpu1/driver/cpu7/driver/cpu2/node0/cpu1/firmware_node/thermal_cooling/device/physical_node/firmware_node/subsystem/devices/PNP0A03:00/physical_node/0000:00:1e.0/nvme/nvme1/nvme1n1/holders/md0/md/rd0/block/holders/md0/subsystem/nvme2n1/mq/2 HTTP/1.1" 200 3391 "-" "Amazon CloudFront"
64.252.66.102 - - [03/Sep/2026:04:31:40 +0000] "GET /?path=//sys/class/thermal/cooling_device3/device/physical_node/node0/memory28/node0/cpu5/firmware_node/subsystem/devices/PNP0A03:00/physical_node/pci_bus/0000:00/device/0000:00:1f.0/driver/0000:00:04.0/driver/0000:00:1f.0/nvme/nvme2/nvme2n1/holders/md0/subsystem/nvme2n1 HTTP/1.1" 200 4211 "-" "Amazon CloudFront"
64.252.67.164 - - [03/Sep/2026:04:31:44 +0000] "GET /?path=//sys/bus/memory/devices/memory1/node0/memory30/node0/cpu6/firmware_node/subsystem/devices/device:21/physical_node/driver/module/drivers/pci:nvme/0000:00:1e.0/driver/0000:00:1f.0/nvme/nvme2/subsystem/nvme1/device/nvme/nvme1/nvme1n1/holders/md0/md/dev-nvme2n1/block/device/nvme2n1/holders/md0/md/dev-nvme1n1/block/trace HTTP/1.1" 200 3522 "-" "Amazon CloudFront"
64.252.68.74 - - [03/Sep/2026:04:31:48 +0000] "GET /?path=//sys/class/thermal/cooling_device3/device/physical_node/node0/memory28/node0/cpu5/firmware_node/subsystem/devices/LNXSYBUS:00/PNP0A03:00/device:1b/subsystem/devices/LNXSYBUS:00/PNP0A03:00/device:21/physical_node/driver/0000:00:1e.0/nvme/nvme1/nvme1n1/holders/md0/md/dev-nvme1n1/block/holders/md0/md/rd1/block/mq/3 HTTP/1.1" 200 3479 "-" "Amazon CloudFront"
64.252.67.164 - - [03/Sep/2026:04:31:53 +0000] "GET /?path=//sys/bus/acpi/devices/LNXCPU:06/physical_node/node0/memory21/node0/cpu0/subsystem/drivers/processor/cpu6/firmware_node/subsystem/devices/device:06/physical_node/driver/0000:00:04.0/driver/0000:00:1e.0/nvme/nvme1/device/nvme/nvme1/nvme1n1/device/nvme1n1/holders/md0/slaves/nvme2n1/holders/md0/md/dev-nvme1n1/block/mq/7 HTTP/1.1" 200 3495 "-" "Amazon CloudFront"
64.252.68.74 - - [03/Sep/2026:04:31:56 +0000] "GET /products/detail/208628339?path=//sys/bus/node/devices/node0/cpu1/driver/cpu7/driver/cpu2/node0/cpu4/firmware_node/subsystem/devices/PNP0A03:00/physical_node/0000:00:04.0/nvme/nvme0/device/nvme/nvme0/nvme0n1/nvme0n1p128/subsystem/nvme2n1/holders/md0/md/dev-nvme1n1/block/holders/md0/md/dev-nvme2n1 HTTP/1.1" 200 3746 "-" "Amazon CloudFront"
64.252.67.164 - - [03/Sep/2026:04:32:01 +0000] "GET /products/detail/208628339?path=//sys/bus/node/devices/node0/cpu1/driver/cpu7/driver/cpu2/node0/cpu4/firmware_node/subsystem/devices/PNP0A03:00/physical_node/0000:00:04.0/firmware_node/physical_node/nvme/nvme0/nvme0n1/nvme0n1p128/subsystem/md0/slaves/nvme1n1/device/nvme1n1/holders/md0/md/rd1/block/bdi HTTP/1.1" 200 3568 "-" "Amazon CloudFront"
64.252.66.61 - - [03/Sep/2026:04:32:04 +0000] "GET /?path=//sys/class/thermal/cooling_device3/device/physical_node/node0/memory28/node0/cpu5/firmware_node/subsystem/devices/LNXSYBUS:00/PNP0A03:00/device:1b/subsystem/devices/LNXSYBUS:00/PNP0A03:00/physical_node/pci_bus/0000:00/device/0000:00:1f.0/driver/module/drivers/pci:nvme/module/drivers/pci:nvme/0000:00:1e.0/nvme/nvme1/nvme1n1/holders/md0/slaves/nvme2n1 HTTP/1.1" 200 4431 "-" "Amazon CloudFront"
64.252.66.61 - - [03/Sep/2026:04:32:08 +0000] "GET /products/detail/208628339?path=//sys/bus/node/devices/node0/cpu1/driver/cpu7/driver/cpu2/node0/cpu1/firmware_node/thermal_cooling/device/physical_node/firmware_node/subsystem/devices/PNP0A03:00/physical_node/0000:00:1e.0/nvme/nvme1/nvme1n1/holders/md0/md/rd1/block/holders/md0/subsystem/nvme0n1/slaves HTTP/1.1" 200 2929 "-" "Amazon CloudFront"
64.252.66.102 - - [03/Sep/2026:04:32:12 +0000] "GET /?path=//sys/class/thermal/cooling_device3/device/physical_node/node0/memory28/node0/cpu5/firmware_node/subsystem/devices/PNP0A03:00/physical_node/pci_bus/0000:00/device/0000:00:1f.0/driver/module/drivers/pci:nvme/0000:00:04.0/firmware_node/subsystem/devices/PNP0A03:00/device:0d/power HTTP/1.1" 200 3415 "-" "Amazon CloudFront"
64.252.67.164 - - [03/Sep/2026:04:32:16 +0000] "GET /?path=//sys/bus/memory/devices/memory5/node0/memory27/node0/cpu3/driver/cpu1/subsystem/drivers/processor/cpu0/driver/cpu2/firmware_node/subsystem/devices/PNP0A03:00/physical_node/0000:00:1e.0/nvme/nvme1/nvme1n1/holders/md0/md/dev-nvme2n1/block/device/nvme2n1/device/nvme2n1/holders/md0/md/rd1/block/mq/4 HTTP/1.1" 200 3460 "-" "Amazon CloudFront"
64.252.66.102 - - [03/Sep/2026:04:32:21 +0000] "GET /products/detail/208628339?path=//sys/bus/node/devices/node0/cpu1/driver/cpu7/driver/cpu2/node0/cpu1/firmware_node/thermal_cooling/device/physical_node/firmware_node/subsystem/devices/PNP0A03:00/physical_node/0000:00:01.0/subsystem/drivers/ena/module/drivers/pci:ena/0000:00:05.0/net/eth0/device/net HTTP/1.1" 200 3188 "-" "Amazon CloudFront"
64.252.66.61 - - [03/Sep/2026:04:32:24 +0000] "GET /?path=//sys/class/thermal/cooling_device3/device/physical_node/node0/memory29/node0/cpu4/driver/cpu2/driver/cpu1/firmware_node/subsystem/devices/device:07/subsystem/devices/LNXSYSTM:00/LNXSYBUS:00/PNP0A03:00/physical_node/0000:00:1f.0/nvme/nvme2/nvme2n1/holders/md0/md/dev-nvme2n1/block/holders/md0/md/rd1/block/device/nvme2n1/mq/6 HTTP/1.1" 200 3518 "-" "Amazon CloudFront"
64.252.67.164 - - [03/Sep/2026:04:32:28 +0000] "GET /?path=//sys/class/thermal/cooling_device3/device/physical_node/node0/memory29/node0/cpu4/driver/cpu2/driver/cpu1/firmware_node/subsystem/devices/device:07/subsystem/devices/LNXSYSTM:00/LNXSYBUS:00/PNP0A03:00/physical_node/0000:00:1f.0/nvme/nvme2/nvme2n1/holders/md0/md/dev-nvme2n1/block/holders/md0/md/rd1/block/device/nvme2n1/mq/0 HTTP/1.1" 200 3516 "-" "Amazon CloudFront"
64.252.66.102 - - [03/Sep/2026:04:32:32 +0000] "GET /products/detail/208628339?path=//sys/bus/node/devices/node0/cpu1/driver/cpu7/driver/cpu2/node0/cpu4/firmware_node/thermal_cooling/device/physical_node/firmware_node/subsystem/devices/PNP0A03:00/device:20/physical_node/nvme/nvme1/nvme1n1/subsystem/md0/md/rd1/block/holders/md0/slaves/nvme2n1/bdi/power HTTP/1.1" 200 3457 "-" "Amazon CloudFront"
64.252.66.102 - - [03/Sep/2026:04:32:37 +0000] "GET /products/detail/208628339?path=//sys/bus/node/devices/node0/cpu1/driver/cpu7/driver/cpu2/node0/cpu1/firmware_node/thermal_cooling/device/physical_node/firmware_node/subsystem/devices/LNXSYBUS:00/PNP0A03:00/device:20/physical_node/nvme/nvme1/nvme1n1/holders/md0/slaves/nvme2n1/device/nvme2n1/subsystem/md0/integrity HTTP/1.1" 200 3511 "-" "Amazon CloudFront"
64.252.68.74 - - [03/Sep/2026:04:32:42 +0000] "GET /products/detail/208628339?path=//sys/bus/node/devices/node0/cpu1/driver/cpu7/driver/cpu2/node0/cpu1/firmware_node/thermal_cooling/device/physical_node/firmware_node/subsystem/devices/LNXSYSTM:00/LNXSYBUS:00/PNP0A03:00/device:06/physical_node/nvme/nvme0/nvme0n1/subsystem/md0/md/rd1/block/holders/md0/slaves/nvme1n1 HTTP/1.1" 200 4282 "-" "Amazon CloudFront"
64.252.66.102 - - [03/Sep/2026:04:32:44 +0000] "GET /products/detail/272703723?path=//sys/devices/pci0000:00/firmware_node/physical_node/pci_bus/0000:00/device/firmware_node/physical_node/0000:00:00.0/subsystem/drivers/nvme/module/drivers/pci:nvme/0000:00:1e.0/nvme/nvme1/nvme1n1/holders/md0/md/dev-nvme2n1/block/device/nvme2n1/holders/md0/md/rd0/block/subsystem/nvme2n1/mq/3 HTTP/1.1" 200 3404 "-" "Amazon CloudFront"
64.252.66.61 - - [03/Sep/2026:04:32:49 +0000] "GET /products/detail/208628339?path=//sys/bus/node/devices/node0/cpu1/driver/cpu7/driver/cpu2/node0/cpu4/firmware_node/thermal_cooling/device/physical_node/firmware_node/subsystem/devices/device:21/physical_node/subsystem/drivers/nvme/module/drivers/pci:nvme/0000:00:04.0/nvme/nvme0/nvme0n1/nvme0n1p1 HTTP/1.1" 200 3816 "-" "Amazon CloudFront"
64.252.66.102 - - [03/Sep/2026:04:32:52 +0000] "GET /products/detail/208628339?path=//sys/bus/node/devices/node0/cpu1/driver/cpu7/driver/cpu2/node0/cpu4/firmware_node/subsystem/devices/PNP0A03:00/physical_node/0000:00:04.0/firmware_node/physical_node/nvme/nvme0/nvme0n1/nvme0n1p128/subsystem/md0/md/rd0/block/holders/md0/md/rd0/block/device/device/nvme HTTP/1.1" 200 3207 "-" "Amazon CloudFront"
64.252.66.102 - - [03/Sep/2026:04:32:56 +0000] "GET /?path=//sys/class/thermal/cooling_device3/device/physical_node/node0/memory28/node0/cpu5/firmware_node/subsystem/devices/PNP0A03:00/physical_node/pci_bus/0000:00/device/0000:00:05.0/subsystem/drivers/nvme/0000:00:04.0/driver/module/drivers/pci:nvme/0000:00:1e.0/driver/0000:00:04.0 HTTP/1.1" 200 4769 "-" "Amazon CloudFront"
64.252.67.164 - - [03/Sep/2026:04:33:00 +0000] "GET /?path=//sys/bus/memory/devices/memory14/node0/memory16/node0/cpu1/driver/cpu4/firmware_node/physical_node/subsystem/drivers/processor/cpu2/firmware_node/subsystem/devices/PNP0A03:00/physical_node/pci_bus/0000:00/device/0000:00:04.0/driver/module/drivers/pci:nvme/0000:00:1f.0/nvme/nvme2/nvme2n1/holders/md0/md/rd1/block/device/nvme2n1/holders/md0/md/dev-nvme1n1/block/mq/4 HTTP/1.1" 200 3561 "-" "Amazon CloudFront"
64.252.66.61 - - [03/Sep/2026:04:33:04 +0000] "GET /?path=//sys/bus/memory/devices/memory1/node0/memory7/node0/cpu1/subsystem/drivers/processor/cpu5/firmware_node/subsystem/devices/PNP0A03:00/physical_node/firmware_node/physical_node/0000:00:1e.0/driver/0000:00:1f.0/driver/0000:00:1e.0/nvme/nvme1/nvme1n1/holders/md0/md/dev-nvme2n1/block/device/device/nvme/nvme2/nvme2n1/holders/md0/slaves/nvme1n1/queue HTTP/1.1" 200 4972 "-" "Amazon CloudFront"
64.252.66.61 - - [03/Sep/2026:04:33:08 +0000] "GET /?path=//sys/bus/acpi/devices/LNXCPU:06/physical_node/node0/memory21/node0/cpu1/subsystem/drivers/processor/cpu2/firmware_node/subsystem/devices/PNP0A03:00/physical_node/0000:00:1f.0/driver/0000:00:04.0/nvme/nvme0/device/driver/0000:00:1e.0/nvme/nvme1/nvme1n1/holders/md0/md/dev-nvme2n1/block/holders/md0/md/dev-nvme2n1/block/device/nvme2n1/integrity HTTP/1.1" 200 3617 "-" "Amazon CloudFront"
64.252.66.61 - - [03/Sep/2026:04:33:12 +0000] "GET /?path=//sys/bus/memory/devices/memory1/node0/memory7/node0/cpu1/subsystem/drivers/processor/cpu5/firmware_node/subsystem/devices/PNP0A03:00/physical_node/firmware_node/device:20/physical_node/driver/0000:00:1f.0/nvme/nvme2/device/driver/0000:00:1e.0/nvme/nvme1/nvme1n1/holders/md0/md/dev-nvme1n1/block/holders/md0/md/dev-nvme2n1/block/device/nvme2n1/bdi HTTP/1.1" 200 3667 "-" "Amazon CloudFront"
64.252.66.61 - - [03/Sep/2026:04:33:17 +0000] "GET /?path=//sys/bus/acpi/devices/LNXCPU:06/physical_node/driver/cpu6/driver/cpu5/node0/cpu7/node0/cpu2/firmware_node/subsystem/devices/LNXSYSTM:00/LNXSYBUS:00/PNP0A03:00/physical_node/0000:00:05.0/subsystem/drivers/nvme/module/drivers/pci:nvme/0000:00:1e.0/nvme/nvme1/nvme1n1/holders/md0/md/rd0/block/device/nvme1n1/holders/md0/md/dev-nvme2n1/block/trace HTTP/1.1" 200 3550 "-" "Amazon CloudFront"
64.252.66.61 - - [03/Sep/2026:04:33:20 +0000] "GET /?path=//sys/bus/memory/devices/memory1/node0/memory30/node0/cpu6/firmware_node/subsystem/devices/device:21/physical_node/driver/module/drivers/pci:nvme/0000:00:1e.0/driver/0000:00:04.0/firmware_node/physical_node/subsystem/drivers/nvme/0000:00:1f.0/nvme/nvme2/nvme2n1/device/nvme2n1/holders/md0/slaves/nvme1n1/device/nvme1n1/mq/5 HTTP/1.1" 200 3467 "-" "Amazon CloudFront"
64.252.66.61 - - [03/Sep/2026:04:33:24 +0000] "GET /products/detail/208628339?path=//sys/bus/node/devices/node0/cpu1/driver/cpu7/driver/cpu2/node0/cpu4/firmware_node/subsystem/devices/PNP0A03:00/physical_node/0000:00:04.0/nvme/nvme0/device/nvme/nvme0/nvme0n1/nvme0n1p128/subsystem/nvme1n1/holders/md0/slaves/nvme1n1/mq/2 HTTP/1.1" 200 3346 "-" "Amazon CloudFront"
64.252.66.61 - - [03/Sep/2026:04:33:28 +0000] "GET /?path=//sys/bus/memory/devices/memory1/node0/memory7/node0/cpu1/subsystem/drivers/processor/cpu5/firmware_node/subsystem/devices/PNP0A03:00/physical_node/firmware_node/physical_node/0000:00:1e.0/driver/0000:00:04.0/driver/module/drivers/pci:nvme/0000:00:1f.0/nvme/nvme2/device/nvme/nvme2/nvme2n1/holders/md0/slaves/nvme2n1/holders/md0/slaves/nvme1n1/device/nvme1n1 HTTP/1.1" 200 4425 "-" "Amazon CloudFront"
64.252.66.102 - - [03/Sep/2026:04:33:32 +0000] "GET /products/detail/208628339?path=//sys/bus/node/devices/node0/cpu1/driver/cpu7/driver/cpu2/node0/cpu4/firmware_node/subsystem/devices/PNP0A03:00/physical_node/firmware_node/physical_node/0000:00:01.3/subsystem/drivers/nvme/0000:00:1e.0/nvme/nvme1/nvme1n1/holders/md0/md/dev-nvme1n1/block/device/nvme1n1/mq/7 HTTP/1.1" 200 3389 "-" "Amazon CloudFront"
64.252.68.74 - - [03/Sep/2026:04:33:37 +0000] "GET /products/detail/208628339?path=//sys/bus/node/devices/node0/cpu1/driver/cpu7/driver/cpu2/node0/cpu4/firmware_node/subsystem/devices/PNP0A03:00/physical_node/0000:00:04.0/firmware_node/physical_node/nvme/nvme0/nvme0n1/nvme0n1p128/subsystem/nvme2n1/holders/md0/slaves/nvme1n1/device/nvme1n1/bdi/power HTTP/1.1" 200 3441 "-" "Amazon CloudFront"
64.252.67.164 - - [03/Sep/2026:04:33:40 +0000] "GET /?path=//sys/class/thermal/cooling_device3/device/physical_node/node0/memory28/node0/cpu5/firmware_node/subsystem/devices/PNP0A03:00/physical_node/pci_bus/0000:00/device/firmware_node/device:0e/subsystem/drivers/button/LNXSLPBN:00/driver/LNXPWRBN:00/driver/LNXPWRBN:00/input/input3/id HTTP/1.1" 200 3348 "-" "Amazon CloudFront"
64.252.67.164 - - [03/Sep/2026:04:33:45 +0000] "GET /products/detail/208628339?path=//sys/bus/node/devices/node0/cpu1/driver/cpu7/driver/cpu2/node0/cpu4/firmware_node/subsystem/devices/PNP0A03:00/physical_node/0000:00:04.0/firmware_node/physical_node/nvme/nvme0/device/nvme/nvme0/nvme0n1/nvme0n1p128/subsystem/nvme1n1/holders/md0/slaves/nvme1n1/holders/md0/bdi HTTP/1.1" 200 3551 "-" "Amazon CloudFront"
64.252.66.61 - - [03/Sep/2026:04:33:48 +0000] "GET /products/detail/208628339?path=//sys/bus/node/devices/node0/cpu1/driver/cpu7/driver/cpu2/node0/cpu4/firmware_node/subsystem/devices/PNP0A03:00/physical_node/0000:00:04.0/firmware_node/physical_node/nvme/nvme0/device/nvme/nvme0/nvme0n1/nvme0n1p128/subsystem/nvme1n1/holders/md0/slaves/nvme1n1/holders/md0/trace HTTP/1.1" 200 3407 "-" "Amazon CloudFront"
64.252.66.61 - - [03/Sep/2026:04:33:52 +0000] "GET /?path=//sys/class/thermal/cooling_device3/device/physical_node/node0/memory28/node0/cpu5/firmware_node/subsystem/devices/PNP0A03:00/physical_node/pci_bus/0000:00/device/0000:00:1e.0/driver/0000:00:1f.0/subsystem/drivers/ena/0000:00:05.0/driver/0000:00:05.0/net/eth0/queues/tx-4 HTTP/1.1" 200 3464 "-" "Amazon CloudFront"
64.252.68.74 - - [03/Sep/2026:04:33:56 +0000] "GET /products/detail/208628339?path=//sys/bus/node/devices/node0/cpu1/driver/cpu7/driver/cpu2/node0/cpu4/firmware_node/thermal_cooling/device/physical_node/firmware_node/subsystem/devices/device:20/physical_node/subsystem/drivers/nvme/0000:00:1f.0/nvme/nvme2/nvme2n1/holders/md0/md/rd0/block/holders/md0/md/rd1 HTTP/1.1" 200 3767 "-" "Amazon CloudFront"
64.252.66.61 - - [03/Sep/2026:04:34:00 +0000] "GET /products/detail/208628339?path=//sys/bus/node/devices/node0/cpu1/driver/cpu7/driver/cpu2/node0/cpu4/firmware_node/thermal_cooling/device/physical_node/firmware_node/subsystem/devices/device:20/physical_node/subsystem/drivers/nvme/0000:00:1f.0/nvme/nvme2/nvme2n1/holders/md0/md/rd0/block/holders/md0/md/rd0 HTTP/1.1" 200 3761 "-" "Amazon CloudFront"
64.252.66.102 - - [03/Sep/2026:04:34:05 +0000] "GET /?path=//sys/bus/memory/devices/memory1/node0/memory30/node0/cpu6/firmware_node/subsystem/devices/device:21/physical_node/driver/module/drivers/pci:nvme/0000:00:1e.0/driver/0000:00:1f.0/nvme/nvme2/device/nvme/nvme2/nvme2n1/device/nvme2n1/holders/md0/md/rd0/block/subsystem/nvme1n1/holders/md0/md/rd0/block/mq/0 HTTP/1.1" 200 3465 "-" "Amazon CloudFront"
64.252.68.74 - - [03/Sep/2026:04:34:08 +0000] "GET /products/detail/208628339?path=//sys/bus/node/devices/node0/cpu1/driver/cpu7/driver/cpu2/node0/cpu4/firmware_node/subsystem/devices/device:20/physical_node/firmware_node/physical_node/nvme/nvme1/subsystem/nvme1/nvme1n1/device/nvme1n1/holders/md0/md/rd1/block/device/nvme2n1/slaves HTTP/1.1" 200 2897 "-" "Amazon CloudFront"
64.252.67.164 - - [03/Sep/2026:04:34:12 +0000] "GET /?path=//sys/class/thermal/cooling_device3/device/physical_node/node0/memory28/node0/cpu5/firmware_node/subsystem/devices/LNXSYBUS:00/PNP0A03:00/device:1b/subsystem/devices/LNXSYBUS:00/PNP0A03:00/physical_node/0000:00:04.0/driver/0000:00:1e.0/driver/0000:00:1f.0/nvme/nvme2/nvme2n1/device/nvme2n1/holders/md0/md/dev-nvme2n1/block/holders/md0/md/dev-nvme2n1 HTTP/1.1" 200 3893 "-" "Amazon CloudFront"
64.252.66.61 - - [03/Sep/2026:04:34:16 +0000] "GET /?path=//sys/class/thermal/cooling_device3/device/physical_node/node0/memory28/node0/cpu5/firmware_node/subsystem/devices/PNP0A03:00/physical_node/pci_bus/0000:00/device/0000:00:1e.0/driver/module/drivers/pci:nvme/0000:00:1e.0/driver/0000:00:04.0/firmware_node/subsystem/devices/LNXSYBUS:00/PNP0C0F:04 HTTP/1.1" 200 3551 "-" "Amazon CloudFront"
64.252.68.74 - - [03/Sep/2026:04:34:17 +0000] "GET /?healthcheck_timestamp=1788409847029 HTTP/1.1" 200 62091 "-" "Amazon CloudFront"
64.252.66.61 - - [03/Sep/2026:04:34:21 +0000] "GET /?path=//sys/class/thermal/cooling_device3/device/physical_node/node0/memory28/node0/cpu5/firmware_node/subsystem/devices/PNP0A03:00/physical_node/pci_bus/0000:00/device/0000:00:1e.0/driver/module/drivers/pci:nvme/0000:00:1e.0/driver/0000:00:04.0/firmware_node/subsystem/devices/LNXSYBUS:00/LNXCPU:03 HTTP/1.1" 200 3684 "-" "Amazon CloudFront"
64.252.66.102 - - [03/Sep/2026:04:34:25 +0000] "GET /products/detail/208628339?path=//sys/bus/node/devices/node0/cpu1/driver/cpu7/driver/cpu2/node0/cpu1/firmware_node/thermal_cooling/device/physical_node/firmware_node/subsystem/devices/LNXSYSTM:00/LNXSYBUS:00/PNP0A03:00/device:06/physical_node/nvme/nvme0/device/nvme/nvme0/nvme0n1/nvme0n1p128/subsystem/nvme2n1/holders/md0/power HTTP/1.1" 200 3487 "-" "Amazon CloudFront"
64.252.66.61 - - [03/Sep/2026:04:34:28 +0000] "GET /products/detail/208628339?path=//sys/bus/node/devices/node0/cpu1/driver/cpu7/driver/cpu2/node0/cpu4/firmware_node/subsystem/devices/PNP0A03:00/physical_node/0000:00:04.0/firmware_node/physical_node/nvme/nvme0/device/nvme/nvme0/subsystem/nvme2/nvme2n1/holders/md0/slaves/nvme1n1/device/nvme1n1/mq/5 HTTP/1.1" 200 3389 "-" "Amazon CloudFront"
64.252.66.102 - - [03/Sep/2026:04:34:32 +0000] "GET /products/detail/208628339?path=//sys/bus/node/devices/node0/cpu1/driver/cpu7/driver/cpu2/node0/cpu4/firmware_node/subsystem/devices/PNP0A03:00/physical_node/0000:00:04.0/nvme/nvme0/device/nvme/nvme0/nvme0n1/nvme0n1p128/subsystem/md0/slaves/nvme1n1/holders/md0/md/rd0/block/bdi HTTP/1.1" 200 3550 "-" "Amazon CloudFront"
64.252.66.102 - - [03/Sep/2026:04:34:36 +0000] "GET /?path=//sys/bus/memory/devices/memory1/node0/memory7/node0/cpu1/subsystem/drivers/processor/cpu5/firmware_node/subsystem/devices/PNP0A03:00/physical_node/firmware_node/physical_node/0000:00:1e.0/driver/0000:00:1e.0/nvme/nvme1/nvme1n1/holders/md0/slaves/nvme1n1/device/device/driver/0000:00:1f.0/nvme/nvme2/nvme2n1/holders/md0/md/rd0/block/mq/3 HTTP/1.1" 200 3507 "-" "Amazon CloudFront"
64.252.67.164 - - [03/Sep/2026:04:34:40 +0000] "GET /?path=//sys/bus/acpi/devices/LNXCPU:06/physical_node/driver/cpu6/driver/cpu5/node0/cpu7/node0/cpu2/firmware_node/subsystem/devices/LNXSYSTM:00/LNXSYBUS:00/PNP0A03:00/physical_node/0000:00:05.0/subsystem/drivers/nvme/module/drivers/pci:nvme/0000:00:1e.0/nvme/nvme1/nvme1n1/holders/md0/md/rd0/block/device/nvme1n1/holders/md0/md/rd0/block/mq/2 HTTP/1.1" 200 3532 "-" "Amazon CloudFront"
64.252.66.61 - - [03/Sep/2026:04:34:44 +0000] "GET /?path=//sys/class/thermal/cooling_device3/device/physical_node/node0/cpu1/driver/cpu0/node0/cpu2/firmware_node/subsystem/devices/LNXSYSTM:00/LNXSYBUS:00/PNP0C0F:04/subsystem/devices/PNP0A03:00/device:20/physical_node/driver/module/drivers/pci:nvme/0000:00:1e.0/nvme/nvme1/device/nvme/nvme1/nvme1n1/holders/md0/md/rd0/block/holders/md0/md/dev-nvme2n1/block/integrity HTTP/1.1" 200 3663 "-" "Amazon CloudFront"
64.252.66.102 - - [03/Sep/2026:04:34:48 +0000] "GET /?path=//sys/class/thermal/cooling_device3/device/physical_node/node0/memory28/node0/cpu5/firmware_node/subsystem/devices/PNP0A03:00/physical_node/pci_bus/0000:00/device/0000:00:1f.0/driver/0000:00:04.0/subsystem/devices/0000:00:1e.0/driver/0000:00:04.0/nvme/nvme0/nvme0n1/power HTTP/1.1" 200 3404 "-" "Amazon CloudFront"
64.252.67.164 - - [03/Sep/2026:04:34:52 +0000] "GET /?path=//sys/class/thermal/cooling_device3/device/physical_node/node0/memory28/node0/cpu5/firmware_node/subsystem/devices/LNXSYBUS:00/PNP0A03:00/device:1b/subsystem/devices/LNXSYBUS:00/PNP0A03:00/device:21/physical_node/driver/module/drivers/pci:nvme/0000:00:1f.0/driver/module/drivers/pci:nvme/0000:00:1e.0/nvme/nvme1/device/nvme/nvme1/nvme1n1/holders/md0/slaves/nvme1n1/queue HTTP/1.1" 200 4962 "-" "Amazon CloudFront"
64.252.66.102 - - [03/Sep/2026:04:34:56 +0000] "GET /products/detail/208628339?path=//sys/bus/node/devices/node0/cpu1/driver/cpu7/driver/cpu2/node0/cpu4/firmware_node/thermal_cooling/device/physical_node/firmware_node/thermal_cooling/device/subsystem/devices/PNP0A03:00/device:20/physical_node/nvme/nvme1/nvme1n1/holders/md0/md/dev-nvme2n1/block/subsystem/nvme1n1/queue HTTP/1.1" 200 4737 "-" "Amazon CloudFront"
64.252.68.74 - - [03/Sep/2026:04:35:01 +0000] "GET /products/detail/208628339?path=//sys/bus/node/devices/node0/cpu1/driver/cpu7/driver/cpu2/node0/cpu1/firmware_node/thermal_cooling/device/physical_node/firmware_node/subsystem/devices/LNXSYSTM:00/LNXSYBUS:00/PNP0A03:00/device:06/physical_node/nvme/nvme0/nvme0n1/device/nvme0n1/subsystem/nvme1n1/holders/md0/power HTTP/1.1" 200 3443 "-" "Amazon CloudFront"
64.252.68.74 - - [03/Sep/2026:04:35:04 +0000] "GET /products/detail/208628339?path=//sys/bus/node/devices/node0/cpu1/driver/cpu7/driver/cpu2/node0/cpu1/firmware_node/thermal_cooling/device/physical_node/firmware_node/subsystem/devices/LNXSYSTM:00/LNXSYBUS:00/PNP0A03:00/device:06/physical_node/nvme/nvme0/nvme0n1/device/nvme0n1/subsystem/nvme1n1/holders/md0/queue HTTP/1.1" 200 4643 "-" "Amazon CloudFront"
64.252.66.102 - - [03/Sep/2026:04:35:08 +0000] "GET /?path=//sys/class/thermal/cooling_device3/device/physical_node/node0/memory28/node0/cpu5/firmware_node/subsystem/devices/LNXSYBUS:00/PNP0A03:00/device:1b/subsystem/devices/LNXSYBUS:00/PNP0A03:00/physical_node/pci_bus/0000:00/device/0000:00:1e.0/driver/0000:00:1e.0/driver/0000:00:1f.0/nvme/nvme2/nvme2n1/holders/md0/slaves/nvme2n1/holders/md0/slaves/nvme1n1/mq/0/cpu0 HTTP/1.1" 200 3047 "-" "Amazon CloudFront"
64.252.66.61 - - [03/Sep/2026:04:35:12 +0000] "GET /?path=//sys/class/thermal/cooling_device3/device/physical_node/node0/memory28/node0/cpu5/firmware_node/subsystem/devices/PNP0A03:00/physical_node/pci_bus/0000:00/device/0000:00:04.0/driver/0000:00:04.0/nvme/nvme0/nvme0n1/subsystem/md0/slaves/nvme1n1/bdi HTTP/1.1" 200 3527 "-" "Amazon CloudFront"
64.252.66.61 - - [03/Sep/2026:04:35:16 +0000] "GET /products/detail/208628339?path=//sys/bus/node/devices/node0/cpu1/driver/cpu7/driver/cpu2/node0/cpu1/firmware_node/thermal_cooling/device/physical_node/firmware_node/subsystem/devices/PNP0A03:00/physical_node/0000:00:1e.0/nvme/nvme1/nvme1n1/holders/md0/md/dev-nvme2n1/block/device/subsystem/nvme0/nvme0n1/mq HTTP/1.1" 200 3250 "-" "Amazon CloudFront"
64.252.68.74 - - [03/Sep/2026:04:35:20 +0000] "GET /?path=//sys/bus/memory/devices/memory1/node0/memory7/node0/cpu1/subsystem/drivers/processor/cpu5/firmware_node/subsystem/devices/PNP0A03:00/physical_node/firmware_node/physical_node/0000:00:1e.0/driver/0000:00:1f.0/driver/0000:00:1e.0/nvme/nvme1/nvme1n1/device/nvme1n1/holders/md0/md/rd1/block/holders/md0/md/rd0/block/mq/1/cpu1 HTTP/1.1" 200 3014 "-" "Amazon CloudFront"
64.252.68.74 - - [03/Sep/2026:04:35:24 +0000] "GET /products/detail/208628339?path=//sys/bus/node/devices/node0/cpu1/driver/cpu7/driver/cpu2/node0/cpu4/firmware_node/subsystem/devices/PNP0A03:00/device:06/physical_node/firmware_node/physical_node/nvme/nvme0/subsystem/nvme2/nvme2n1/device/device/nvme/nvme2/nvme2n1/holders/md0/slaves/nvme1n1/integrity HTTP/1.1" 200 3494 "-" "Amazon CloudFront"
64.252.66.102 - - [03/Sep/2026:04:35:28 +0000] "GET /?path=//sys/bus/node/devices/node0/memory2/node0/cpu4/driver/cpu1/driver/cpu2/subsystem/drivers/processor/cpu2/firmware_node/physical_node/firmware_node/subsystem/devices/LNXSYBUS:00/PNP0A03:00/physical_node/0000:00:1f.0/nvme/nvme2/nvme2n1/holders/md0/md/dev-nvme1n1/block/holders/md0/md/rd1/block/device/nvme2n1/mq/1 HTTP/1.1" 200 3476 "-" "Amazon CloudFront"
64.252.66.102 - - [03/Sep/2026:04:35:32 +0000] "GET /products/detail/208628339?path=//sys/bus/node/devices/node0/cpu1/driver/cpu7/driver/cpu2/node0/cpu1/firmware_node/thermal_cooling/device/physical_node/firmware_node/subsystem/devices/LNXSYSTM:00/LNXSYBUS:00/PNP0A03:00/device:06/physical_node/nvme/nvme0/nvme0n1/device/subsystem/nvme1/nvme1n1/mq/2 HTTP/1.1" 200 3384 "-" "Amazon CloudFront"
64.252.68.74 - - [03/Sep/2026:04:35:38 +0000] "GET /products/detail/208628339?path=//sys/bus/node/devices/node0/cpu1/driver/cpu7/driver/cpu2/node0/cpu1/firmware_node/thermal_cooling/device/physical_node/firmware_node/subsystem/devices/PNP0A03:00/physical_node/0000:00:1e.0/nvme/nvme1/nvme1n1/holders/md0/md/rd1/block/device/nvme2n1/subsystem/nvme0n1/slaves HTTP/1.1" 200 2937 "-" "Amazon CloudFront"
64.252.67.164 - - [03/Sep/2026:04:35:40 +0000] "GET /products/detail/208628339?path=//sys/bus/node/devices/node0/cpu1/driver/cpu7/driver/cpu2/node0/cpu1/firmware_node/thermal_cooling/device/physical_node/firmware_node/subsystem/devices/PNP0A03:00/physical_node/0000:00:1e.0/nvme/nvme1/nvme1n1/holders/md0/slaves/nvme1n1/device/subsystem/nvme2/nvme2n1/bdi/power HTTP/1.1" 200 3442 "-" "Amazon CloudFront"
64.252.66.61 - - [03/Sep/2026:04:35:44 +0000] "GET /products/detail/208628339?path=//sys/bus/node/devices/node0/cpu1/driver/cpu7/driver/cpu2/node0/cpu4/firmware_node/thermal_cooling/device/physical_node/firmware_node/thermal_cooling/device/subsystem/devices/PNP0A03:00/device:20/physical_node/nvme/nvme1/nvme1n1/holders/md0/md/dev-nvme2n1/block/subsystem/nvme0n1/holders HTTP/1.1" 200 2935 "-" "Amazon CloudFront"
64.252.66.61 - - [03/Sep/2026:04:35:50 +0000] "GET /products/detail/208628339?path=//sys/bus/node/devices/node0/cpu1/driver/cpu7/driver/cpu2/node0/cpu4/firmware_node/subsystem/devices/PNP0A03:00/physical_node/0000:00:04.0/nvme/nvme0/device/nvme/nvme0/nvme0n1/nvme0n1p1/subsystem/nvme2n1/device/nvme2n1/holders/md0/md/bitmap HTTP/1.1" 200 3497 "-" "Amazon CloudFront"
64.252.67.164 - - [03/Sep/2026:04:35:53 +0000] "GET /products/detail/208628339?path=//sys/bus/node/devices/node0/cpu1/driver/cpu7/driver/cpu2/node0/cpu4/firmware_node/thermal_cooling/device/physical_node/firmware_node/thermal_cooling/device/subsystem/devices/LNXSYSTM:00/LNXSYBUS:00/PNP0A03:00/device:21/physical_node/nvme/nvme2/nvme2n1/holders/md0/slaves/nvme2n1/subsystem/md0/md/rd0 HTTP/1.1" 200 3793 "-" "Amazon CloudFront"
64.252.66.102 - - [03/Sep/2026:04:35:56 +0000] "GET /products/detail/208628339?path=//sys/bus/node/devices/node0/cpu1/driver/cpu7/driver/cpu2/node0/cpu1/firmware_node/thermal_cooling/device/physical_node/firmware_node/subsystem/devices/LNXSYSTM:00/LNXSYBUS:00/PNP0A03:00/device:06/physical_node/nvme/nvme0/nvme0n1/nvme0n1p128/subsystem/md0/md/rd0/block/integrity HTTP/1.1" 200 3517 "-" "Amazon CloudFront"
64.252.68.74 - - [03/Sep/2026:04:36:01 +0000] "GET /products/detail/208628339?path=//sys/bus/node/devices/node0/cpu1/driver/cpu7/driver/cpu2/node0/cpu4/firmware_node/thermal_cooling/device/thermal_cooling/subsystem/cooling_device1/device/subsystem/devices/PNP0A03:00/physical_node/firmware_node/device:21/physical_node/nvme/nvme2/nvme2n1/holders/md0/slaves/nvme1n1/holders/md0/slaves/nvme1n1/queue HTTP/1.1" 200 4921 "-" "Amazon CloudFront"
64.252.67.164 - - [03/Sep/2026:04:36:05 +0000] "GET /products/detail/208628339?path=//sys/bus/node/devices/node0/cpu1/driver/cpu7/driver/cpu2/node0/cpu1/firmware_node/thermal_cooling/device/physical_node/firmware_node/subsystem/devices/device:06/physical_node/nvme/nvme0/nvme0n1/device/nvme0n1/subsystem/md0/slaves/nvme1n1/holders/md0/md/rd0/block/queue HTTP/1.1" 200 4741 "-" "Amazon CloudFront"
64.252.66.61 - - [03/Sep/2026:04:36:08 +0000] "GET /products/detail/208628339?path=//sys/bus/node/devices/node0/cpu1/driver/cpu7/driver/cpu2/node0/cpu1/firmware_node/thermal_cooling/device/physical_node/firmware_node/subsystem/devices/PNP0A03:00/physical_node/0000:00:1e.0/nvme/nvme1/nvme1n1/subsystem/md0/md/dev-nvme1n1/block/holders/md0/slaves/nvme1n1/mq/0 HTTP/1.1" 200 3413 "-" "Amazon CloudFront"
64.252.68.74 - - [03/Sep/2026:04:36:13 +0000] "GET /products/detail/208628339?path=//sys/bus/node/devices/node0/cpu1/driver/cpu7/driver/cpu2/node0/cpu4/firmware_node/thermal_cooling/device/physical_node/firmware_node/thermal_cooling/device/subsystem/devices/PNP0A03:00/device:20/physical_node/nvme/nvme1/nvme1n1/holders/md0/slaves/nvme2n1/subsystem/nvme1n1/holders HTTP/1.1" 200 3192 "-" "Amazon CloudFront"
64.252.89.219 - - [03/Sep/2026:04:36:13 +0000] "GET /products/detail/321772733 HTTP/1.1" 200 4265 "-" "Amazon CloudFront"
15.158.215.109 - - [03/Sep/2026:04:36:16 +0000] "GET /wp-login.php?fileloc=//tmp/sess_f3e3itv88mot01mja24jm2bckc&path=//tmp HTTP/1.1" 200 2556 "-" "Mozilla/5.0 AppleWebKit/537.36 (KHTML, like Gecko; compatible; Amazonbot/0.1; +https://developer.amazon.com/support/amazonbot) Chrome/119.0.6045.214 Safari/537.36"
64.252.66.102 - - [03/Sep/2026:04:36:20 +0000] "GET /?path=//sys/bus/memory/devices/memory1/node0/memory7/node0/cpu1/subsystem/drivers/processor/cpu5/firmware_node/subsystem/devices/PNP0A03:00/physical_node/firmware_node/physical_node/0000:00:1e.0/driver/0000:00:1f.0/driver/0000:00:1e.0/nvme/nvme1/device/nvme/nvme1/nvme1n1/device/nvme1n1/holders/md0/md/rd0/block/holders/md0/integrity HTTP/1.1" 200 3576 "-" "Amazon CloudFront"
64.252.67.164 - - [03/Sep/2026:04:36:26 +0000] "GET /products/detail/187873763?fileloc=//tmp/sess_j1alqr5km32r07mr78hcltsopd&path=//tmp HTTP/1.1" 200 2556 "-" "Amazon CloudFront"
64.252.67.164 - - [03/Sep/2026:04:36:28 +0000] "GET /products/detail/182908925?fileloc=//tmp/sess_insjvgudh4102t2jtcefn2eb4j&path=//tmp HTTP/1.1" 200 2557 "-" "Amazon CloudFront"
64.252.66.61 - - [03/Sep/2026:04:36:32 +0000] "GET /?path=//sys/bus/acpi/devices/LNXCPU:06/physical_node/node0/memory21/node0/cpu1/subsystem/drivers/processor/cpu2/firmware_node/subsystem/devices/PNP0A03:00/physical_node/0000:00:1f.0/driver/0000:00:1e.0/nvme/nvme1/nvme1n1/holders/md0/md/rd0/block/device/device/nvme/nvme1/nvme1n1/holders/md0/md/dev-nvme1n1/block/mq/0/cpu0 HTTP/1.1" 200 3021 "-" "Amazon CloudFront"
15.158.215.109 - - [03/Sep/2026:04:36:37 +0000] "GET /wp-login.php?fileloc=//tmp/sess_d567b210cgbd50a34l0jd39cid&path=//tmp HTTP/1.1" 200 2557 "-" "Mozilla/5.0 AppleWebKit/537.36 (KHTML, like Gecko; compatible; Amazonbot/0.1; +https://developer.amazon.com/support/amazonbot) Chrome/119.0.6045.214 Safari/537.36"
64.252.66.102 - - [03/Sep/2026:04:36:40 +0000] "GET /products/detail/187873763?fileloc=//tmp/sess_asi7d0ndlf9a5kll11qnketcda&path=//tmp HTTP/1.1" 200 2554 "-" "Amazon CloudFront"
64.252.66.102 - - [03/Sep/2026:04:36:44 +0000] "GET /products/detail/208628339?path=//sys/bus/node/devices/node0/cpu1/driver/cpu7/driver/cpu2/node0/cpu4/firmware_node/subsystem/devices/PNP0A03:00/device:21/physical_node/nvme/nvme2/device/nvme/nvme2/nvme2n1/holders/md0/md/dev-nvme2n1/block/bdi/subsystem/0:40 HTTP/1.1" 200 3509 "-" "Amazon CloudFront"
64.252.67.164 - - [03/Sep/2026:04:36:48 +0000] "GET /products/detail/187873763?fileloc=//tmp/sess_vmbm3a90ems365rs7m842hle83&path=//tmp HTTP/1.1" 200 2555 "-" "Amazon CloudFront"
64.252.67.164 - - [03/Sep/2026:04:36:53 +0000] "GET /products/detail/208628339?path=//sys/bus/node/devices/node0/cpu1/driver/cpu7/driver/cpu2/node0/cpu4/firmware_node/thermal_cooling/device/physical_node/firmware_node/thermal_cooling/device/subsystem/devices/PNP0A03:00/device:21/physical_node/subsystem/drivers/nvme/module/drivers/pci:nvme/0000:00:1f.0/nvme/nvme2/nvme2n1/trace HTTP/1.1" 200 3424 "-" "Amazon CloudFront"
64.252.66.61 - - [03/Sep/2026:04:36:56 +0000] "GET /?path=//sys/class/thermal/cooling_device3/device/physical_node/node0/memory28/node0/cpu5/firmware_node/subsystem/devices/PNP0A03:00/physical_node/pci_bus/0000:00/device/0000:00:1f.0/driver/module/drivers/pci:nvme/0000:00:04.0/subsystem/slots/6/module/parameters HTTP/1.1" 200 3207 "-" "Amazon CloudFront"
64.252.66.102 - - [03/Sep/2026:04:37:01 +0000] "GET /?path=//sys/bus/memory/devices/memory1/node0/memory30/node0/cpu6/firmware_node/subsystem/devices/device:21/physical_node/driver/module/drivers/pci:nvme/0000:00:1e.0/driver/0000:00:1f.0/nvme/nvme2/device/nvme/nvme2/nvme2n1/device/nvme2n1/holders/md0/md/rd0/block/holders/md0/slaves/nvme1n1/subsystem/nvme0n1/mq/1 HTTP/1.1" 200 3574 "-" "Amazon CloudFront"
64.252.66.102 - - [03/Sep/2026:04:37:04 +0000] "GET /products/detail/187873763?fileloc=//tmp/sess_eli1pdgf1bl9d7icgkl93rc9qt&path=//tmp HTTP/1.1" 200 2557 "-" "Amazon CloudFront"
64.252.67.164 - - [03/Sep/2026:04:37:08 +0000] "GET /?path=//sys/class/thermal/cooling_device3/device/physical_node/node0/memory0/node0/cpu0/firmware_node/subsystem/devices/device:17/subsystem/devices/device:06/physical_node/driver/0000:00:1e.0/driver/0000:00:1e.0/nvme/nvme1/nvme1n1/holders/md0/md/dev-nvme1n1/block/device/nvme1n1/holders/md0/md/dev-nvme1n1/block/mq/7/cpu7 HTTP/1.1" 200 2984 "-" "Amazon CloudFront"
15.158.215.109 - - [03/Sep/2026:04:37:13 +0000] "GET /wp-login.php?fileloc=//tmp/sess_cn15jsvjlh3eqtvo5gbghm3qc5&path=//tmp HTTP/1.1" 200 2559 "-" "Mozilla/5.0 AppleWebKit/537.36 (KHTML, like Gecko; compatible; Amazonbot/0.1; +https://developer.amazon.com/support/amazonbot) Chrome/119.0.6045.214 Safari/537.36"
64.252.66.61 - - [03/Sep/2026:04:37:16 +0000] "GET /?path=//sys/class/thermal/cooling_device3/device/physical_node/node0/memory29/node0/cpu4/driver/cpu2/driver/cpu1/firmware_node/subsystem/devices/device:10/subsystem/devices/LNXSYSTM:00/LNXSYBUS:00/PNP0A03:00/device:20/physical_node/nvme/nvme1/nvme1n1/holders/md0/md/rd1/block/device/nvme2n1/holders/md0/md/rd0/block/mq/2/cpu2 HTTP/1.1" 200 3039 "-" "Amazon CloudFront"
64.252.67.164 - - [03/Sep/2026:04:37:20 +0000] "GET /products/detail/208628339?path=//sys/bus/node/devices/node0/cpu1/driver/cpu7/driver/cpu2/node0/cpu4/firmware_node/subsystem/devices/PNP0A03:00/device:06/physical_node/firmware_node/physical_node/nvme/nvme0/subsystem/nvme2/device/nvme/nvme2/nvme2n1/holders/md0/md/rd1/block/mq/1/cpu1 HTTP/1.1" 200 2926 "-" "Amazon CloudFront"
64.252.66.61 - - [03/Sep/2026:04:37:25 +0000] "GET /?path=//sys/bus/memory/devices/memory1/node0/memory30/node0/cpu6/firmware_node/subsystem/devices/device:21/physical_node/driver/module/drivers/pci:nvme/0000:00:1f.0/driver/0000:00:1f.0/firmware_node/physical_node/nvme/nvme2/subsystem/nvme2/nvme2n1/device/nvme2n1/holders/md0/md/dev-nvme2n1/block/holders/md0/slaves/nvme1n1/device/power HTTP/1.1" 200 3541 "-" "Amazon CloudFront"
64.252.66.61 - - [03/Sep/2026:04:37:28 +0000] "GET /products/detail/187873763?fileloc=//tmp/sess_uhgs625ad1ppas2noih40q1er5&path=//tmp HTTP/1.1" 200 2554 "-" "Amazon CloudFront"
64.252.88.199 - - [03/Sep/2026:04:37:32 +0000] "GET /products/detail/220182076 HTTP/1.1" 200 4177 "-" "Amazon CloudFront"
64.252.67.164 - - [03/Sep/2026:04:37:32 +0000] "GET /?path=//sys/bus/memory/devices/memory1/node0/memory30/node0/cpu6/firmware_node/subsystem/devices/device:21/physical_node/driver/module/drivers/pci:nvme/0000:00:1e.0/nvme/nvme1/nvme1n1/subsystem/nvme1n1/holders/md0/md/rd0/block/holders/md0/md/rd1/block/device/device/driver/0000:00:1f.0/firmware_node/physical_node/nvme/nvme2 HTTP/1.1" 200 4029 "-" "Amazon CloudFront"
64.252.66.102 - - [03/Sep/2026:04:37:37 +0000] "GET /products/detail/187873763?fileloc=//tmp/sess_2ruuqtlj8j24l605bhkohu60hf&path=//tmp HTTP/1.1" 200 2555 "-" "Amazon CloudFront"
15.158.215.109 - - [03/Sep/2026:04:37:41 +0000] "GET /wp-login.php?fileloc=//tmp/sess_ljo3d81trtkvvngptvl23nf7pu&path=//tmp HTTP/1.1" 200 2557 "-" "Mozilla/5.0 AppleWebKit/537.36 (KHTML, like Gecko; compatible; Amazonbot/0.1; +https://developer.amazon.com/support/amazonbot) Chrome/119.0.6045.214 Safari/537.36"
64.252.66.61 - - [03/Sep/2026:04:37:45 +0000] "GET /?path=//sys/class/thermal/cooling_device3/device/physical_node/node0/memory0/node0/cpu0/firmware_node/subsystem/devices/device:17/subsystem/devices/device:20/physical_node/driver/0000:00:1f.0/nvme/nvme2/nvme2n1/holders/md0/md/dev-nvme1n1/block/holders/md0/md/rd0/block/device/nvme1n1/mq/5 HTTP/1.1" 200 3421 "-" "Amazon CloudFront"
64.252.66.102 - - [03/Sep/2026:04:37:48 +0000] "GET /?path=//sys/class/thermal/cooling_device3/device/physical_node/node0/memory28/node0/cpu5/firmware_node/subsystem/devices/PNP0A03:00/physical_node/pci_bus/0000:00/device/0000:00:05.0/subsystem/drivers/nvme/0000:00:04.0/driver/module/drivers/pci:nvme/0000:00:04.0/driver HTTP/1.1" 200 3551 "-" "Amazon CloudFront"
64.252.68.74 - - [03/Sep/2026:04:37:52 +0000] "GET /?path=//sys/class/thermal/cooling_device3/device/physical_node/node0/memory28/node0/cpu5/firmware_node/subsystem/devices/PNP0A03:00/physical_node/pci_bus/0000:00/device/0000:00:04.0/driver/0000:00:04.0/subsystem/drivers/nvme/module/drivers/pci:nvme/0000:00:1f.0/driver HTTP/1.1" 200 3555 "-" "Amazon CloudFront"
64.252.67.164 - - [03/Sep/2026:04:37:56 +0000] "GET /?path=//sys/class/thermal/cooling_device3/device/physical_node/node0/cpu0/node0/cpu4/firmware_node/subsystem/devices/device:02/PNP0303:00/subsystem/devices/device:20/physical_node/nvme/nvme1/device/driver/0000:00:04.0/driver/module/drivers/pci:nvme/0000:00:1f.0/nvme/nvme2/nvme2n1/holders/md0/slaves/nvme1n1/holders/md0/slaves/nvme1n1/bdi/power HTTP/1.1" 200 3572 "-" "Amazon CloudFront"
