64.252.68.74 - - [02/Sep/2026:23:58:46 +0000] "GET /?path=//sys/bus/memory/devices/memory1/node0/memory30/node0/cpu6/firmware_node/subsystem/devices/device:21/physical_node/driver/module/drivers/pci:nvme/0000:00:1e.0/driver/0000:00:04.0/firmware_node/physical_node/subsystem/drivers/nvme/0000:00:1f.0/nvme/nvme2/nvme2n1/holders/md0/md/rd1/block/holders/md0/md/rd0/block/device/nvme1n1/device/power HTTP/1.1" 200 3553 "-" "Amazon CloudFront"
64.252.68.74 - - [02/Sep/2026:23:58:51 +0000] "GET /products/detail/208628339?path=//sys/bus/node/devices/node0/cpu1/driver/cpu7/driver/cpu2/node0/cpu4/firmware_node/subsystem/devices/PNP0A03:00/physical_node/0000:00:04.0/subsystem/drivers/nvme/0000:00:1e.0/nvme/nvme1/nvme1n1/holders/md0/slaves/nvme2n1/mq/4/cpu4 HTTP/1.1" 200 2896 "-" "Amazon CloudFront"
64.252.68.74 - - [02/Sep/2026:23:58:55 +0000] "GET /products/detail/208628339?path=//sys/bus/node/devices/node0/cpu1/driver/cpu7/driver/cpu2/node0/cpu1/firmware_node/thermal_cooling/device/physical_node/firmware_node/thermal_cooling/subsystem/cooling_device5/device/subsystem/devices/device:20/physical_node/nvme/nvme1/nvme1n1/holders/md0/slaves/nvme1n1/holders/md0/md/dev-nvme1n1 HTTP/1.1" 200 3764 "-" "Amazon CloudFront"
64.252.66.102 - - [02/Sep/2026:23:58:58 +0000] "GET /products/detail/208628339?path=//sys/bus/node/devices/node0/cpu1/driver/cpu7/driver/cpu2/node0/cpu1/firmware_node/thermal_cooling/device/physical_node/firmware_node/subsystem/drivers/button/LNXPWRBN:00/subsystem/devices/LNXSYBUS:00/PNP0A03:00/physical_node/pci_bus/0000:00/device/0000:00:04.0/nvme/nvme0/nvme0n1/mq/1 HTTP/1.1" 200 3531 "-" "Amazon CloudFront"
64.252.68.74 - - [02/Sep/2026:23:59:02 +0000] "GET /products/detail/208628339?path=//sys/bus/node/devices/node0/cpu1/driver/cpu7/driver/cpu2/node0/cpu1/firmware_node/thermal_cooling/device/physical_node/firmware_node/subsystem/devices/PNP0A03:00/physical_node/0000:00:1e.0/nvme/nvme1/nvme1n1/holders/md0/md/dev-nvme2n1/block/device/subsystem/nvme2/nvme2n1/integrity HTTP/1.1" 200 3512 "-" "Amazon CloudFront"
64.252.66.61 - - [02/Sep/2026:23:59:06 +0000] "GET /?path=//sys/class/thermal/cooling_device3/device/physical_node/node0/memory28/node0/cpu5/firmware_node/subsystem/devices/PNP0A03:00/physical_node/pci_bus/0000:00/device/0000:00:1e.0/driver/module/drivers/pci:nvme/0000:00:04.0/subsystem/devices/0000:00:04.0/nvme/nvme0/nvme0n1/trace HTTP/1.1" 200 3412 "-" "Amazon CloudFront"
64.252.71.147 - - [02/Sep/2026:23:59:09 +0000] "GET /prizes/131652016?path=/var/www/volumes/2f5dda90d37742a0b1cd0809a1c98d89 HTTP/1.1" 200 2643 "-" "Amazon CloudFront"
64.252.67.164 - - [02/Sep/2026:23:59:11 +0000] "GET /?path=//sys/class/thermal/cooling_device3/device/physical_node/node0/memory28/node0/cpu5/firmware_node/subsystem/devices/PNP0A03:00/physical_node/pci_bus/0000:00/device/0000:00:1e.0/driver/0000:00:1f.0/subsystem/devices/0000:00:1f.0/driver/0000:00:1e.0/nvme/nvme1/nvme1n1/holders/md0 HTTP/1.1" 200 4086 "-" "Amazon CloudFront"
64.252.68.74 - - [02/Sep/2026:23:59:14 +0000] "GET /?path=//sys/class/thermal/cooling_device3/device/physical_node/node0/memory28/node0/cpu5/firmware_node/subsystem/devices/PNP0A03:00/physical_node/pci_bus/0000:00/device/0000:00:1e.0/driver/module/drivers/pci:nvme/0000:00:1f.0/firmware_node/subsystem/devices/LNXSYSTM:00/LNXSYBUS:00/LNXCPU:00 HTTP/1.1" 200 3673 "-" "Amazon CloudFront"
64.252.66.102 - - [02/Sep/2026:23:59:19 +0000] "GET /?path=//sys/class/thermal/cooling_device3/device/physical_node/node0/memory28/node0/cpu5/firmware_node/subsystem/devices/PNP0A03:00/physical_node/pci_bus/0000:00/device/0000:00:1e.0/driver/module/drivers/pci:nvme/0000:00:04.0/subsystem/devices/0000:00:04.0/nvme/nvme0/nvme0n1/holders HTTP/1.1" 200 2929 "-" "Amazon CloudFront"
64.252.67.164 - - [02/Sep/2026:23:59:22 +0000] "GET /?path=//sys/class/thermal/cooling_device3/device/physical_node/node0/memory28/node0/cpu5/firmware_node/subsystem/devices/PNP0A03:00/physical_node/pci_bus/0000:00/device/0000:00:1f.0/driver/0000:00:04.0/driver/0000:00:1f.0/firmware_node/subsystem/devices/LNXSYBUS:00/LNXCPU:05/power HTTP/1.1" 200 3418 "-" "Amazon CloudFront"
64.252.66.102 - - [02/Sep/2026:23:59:27 +0000] "GET /?path=//sys/bus/memory/devices/memory1/node0/memory30/node0/cpu6/firmware_node/subsystem/devices/device:21/physical_node/driver/0000:00:1e.0/subsystem/drivers/nvme/0000:00:04.0/driver/module/drivers/pci:nvme/0000:00:1e.0/firmware_node/physical_node/nvme/nvme1/nvme1n1/holders/md0/md/dev-nvme2n1/block/device/nvme2n1/device/nvme2n1/holders/md0/slaves/nvme1n1/integrity HTTP/1.1" 200 3616 "-" "Amazon CloudFront"
64.252.66.61 - - [02/Sep/2026:23:59:30 +0000] "GET /?path=//sys/bus/memory/devices/memory1/node0/memory28/node0/cpu2/driver/cpu4/firmware_node/subsystem/devices/PNP0A03:00/physical_node/0000:00:04.0/driver/0000:00:1f.0/subsystem/drivers/nvme/0000:00:1e.0/firmware_node/physical_node/nvme/nvme1/nvme1n1/holders/md0/md/dev-nvme1n1/block/holders/md0/md/dev-nvme1n1/block/device/nvme1n1/mq/1/cpu1 HTTP/1.1" 200 3014 "-" "Amazon CloudFront"
64.252.67.164 - - [02/Sep/2026:23:59:34 +0000] "GET /?path=//sys/bus/memory/devices/memory1/node0/memory30/node0/cpu6/firmware_node/subsystem/devices/device:21/physical_node/driver/0000:00:1e.0/subsystem/drivers/nvme/0000:00:04.0/driver/module/drivers/pci:nvme/0000:00:1e.0/firmware_node/physical_node/nvme/nvme1/nvme1n1/holders/md0/md/dev-nvme2n1/block/device/nvme2n1/device/nvme2n1/holders/md0/slaves/nvme1n1/slaves HTTP/1.1" 200 3021 "-" "Amazon CloudFront"
64.252.68.74 - - [02/Sep/2026:23:59:38 +0000] "GET /?path=//sys/class/thermal/cooling_device3/device/physical_node/node0/cpu5/subsystem/devices/cpu4/node0/cpu3/driver/cpu4/driver/cpu5/firmware_node/subsystem/devices/PNP0A03:00/physical_node/0000:00:1f.0/nvme/nvme2/nvme2n1/holders/md0/md/dev-nvme2n1/block/device/nvme2n1/holders/md0/md/dev-nvme2n1/block/mq/6 HTTP/1.1" 200 3435 "-" "Amazon CloudFront"
64.252.68.74 - - [02/Sep/2026:23:59:42 +0000] "GET /?path=//sys/class/thermal/cooling_device3/device/physical_node/node0/memory28/node0/cpu5/firmware_node/subsystem/devices/PNP0A03:00/physical_node/pci_bus/0000:00/device/0000:00:04.0/driver/0000:00:04.0/driver/0000:00:1f.0/nvme/nvme2/nvme2n1/subsystem/nvme2n1/trace HTTP/1.1" 200 3360 "-" "Amazon CloudFront"
64.252.66.102 - - [02/Sep/2026:23:59:48 +0000] "GET /products/detail/208628339?path=//sys/bus/node/devices/node0/cpu1/driver/cpu7/driver/cpu2/node0/cpu4/firmware_node/subsystem/devices/PNP0A03:00/device:21/physical_node/subsystem/drivers/nvme/0000:00:1f.0/nvme/nvme2/nvme2n1/device/nvme2n1/holders/md0/slaves/nvme1n1/device/nvme1n1/holders HTTP/1.1" 200 3185 "-" "Amazon CloudFront"
64.252.66.102 - - [02/Sep/2026:23:59:50 +0000] "GET /?path=//sys/class/thermal/cooling_device3/device/physical_node/node0/memory28/node0/cpu5/firmware_node/subsystem/devices/PNP0A03:00/physical_node/pci_bus/0000:00/device/0000:00:1e.0/driver/module/drivers/pci:nvme/0000:00:1f.0/firmware_node/subsystem/devices/LNXSYBUS:00/PNP0A03:00/power HTTP/1.1" 200 3421 "-" "Amazon CloudFront"
64.252.66.102 - - [02/Sep/2026:23:59:55 +0000] "GET /products/detail/208628339?path=//sys/bus/node/devices/node0/cpu1/driver/cpu7/driver/cpu2/node0/cpu4/firmware_node/subsystem/devices/PNP0A03:00/device:21/physical_node/subsystem/drivers/nvme/0000:00:1f.0/nvme/nvme2/nvme2n1/device/nvme2n1/holders/md0/slaves/nvme1n1/device/nvme1n1/integrity HTTP/1.1" 200 3484 "-" "Amazon CloudFront"
64.252.66.61 - - [02/Sep/2026:23:59:58 +0000] "GET /?path=//sys/class/thermal/cooling_device3/device/physical_node/node0/cpu1/driver/cpu0/node0/cpu2/firmware_node/subsystem/devices/PNP0303:00/subsystem/devices/LNXSYBUS:00/PNP0A03:00/physical_node/pci_bus/0000:00/device/0000:00:1e.0/driver/0000:00:1e.0/nvme/nvme1/nvme1n1/holders/md0/md/rd1/block/holders/md0/md/rd1/block/mq/5/cpu5 HTTP/1.1" 200 3039 "-" "Amazon CloudFront"
64.252.67.164 - - [03/Sep/2026:00:00:05 +0000] "GET /?path=//sys/class/thermal/cooling_device3/device/physical_node/node0/memory0/node0/cpu0/firmware_node/subsystem/devices/device:02/QEMU0001:00/subsystem/devices/LNXSYBUS:00/PNP0A03:00/physical_node/0000:00:1f.0/driver/module/drivers/pci:nvme/0000:00:1e.0/nvme/nvme1/device/driver/module/drivers/pci:nvme/0000:00:1f.0/nvme/nvme2/nvme2n1/holders/md0/slaves/nvme1n1/holders/md0/md/dev-nvme1n1/block/integrity HTTP/1.1" 200 3726 "-" "Amazon CloudFront"
64.252.67.164 - - [03/Sep/2026:00:00:12 +0000] "GET /?path=//sys/class/thermal/cooling_device3/device/physical_node/node0/memory28/node0/cpu5/firmware_node/subsystem/devices/PNP0A03:00/physical_node/pci_bus/0000:00/device/0000:00:1e.0/driver/module/drivers/pci:nvme/0000:00:1f.0/firmware_node/subsystem/devices/LNXSYBUS:00/PNP0A03:00/device:17 HTTP/1.1" 200 3524 "-" "Amazon CloudFront"
64.252.67.164 - - [03/Sep/2026:00:00:14 +0000] "GET /?path=//sys/bus/memory/devices/memory1/node0/memory30/node0/cpu6/firmware_node/subsystem/devices/device:21/physical_node/driver/module/drivers/pci:nvme/0000:00:1f.0/driver/0000:00:1f.0/firmware_node/physical_node/nvme/nvme2/subsystem/nvme2/nvme2n1/device/nvme2n1/holders/md0/md/rd0/block/holders/md0/md/rd0/block/bdi/power HTTP/1.1" 200 3534 "-" "Amazon CloudFront"
64.252.68.74 - - [03/Sep/2026:00:00:16 +0000] "GET /?path=//sys/class/thermal/cooling_device3/device/physical_node/node0/memory0/node0/cpu0/firmware_node/subsystem/devices/device:02/QEMU0001:00/subsystem/devices/LNXSYBUS:00/PNP0A03:00/physical_node/0000:00:1f.0/driver/module/drivers/pci:nvme/0000:00:1e.0/nvme/nvme1/device/driver/module/drivers/pci:nvme/0000:00:1f.0/nvme/nvme2/nvme2n1/holders/md0/slaves/nvme1n1/holders/md0/md/dev-nvme1n1/block/bdi HTTP/1.1" 200 3775 "-" "Amazon CloudFront"
64.252.66.61 - - [03/Sep/2026:00:00:18 +0000] "GET /?path=//sys/class/thermal/cooling_device3/device/physical_node/node0/memory28/node0/cpu5/firmware_node/subsystem/devices/PNP0A03:00/physical_node/pci_bus/0000:00/device/0000:00:1e.0/driver/module/drivers/pci:nvme/0000:00:1e.0/firmware_node/subsystem/devices/device:1d/power HTTP/1.1" 200 3405 "-" "Amazon CloudFront"
64.252.66.102 - - [03/Sep/2026:00:00:23 +0000] "GET /?path=//sys/class/thermal/cooling_device3/device/physical_node/node0/cpu1/driver/cpu0/node0/cpu2/firmware_node/subsystem/devices/PNP0303:00/subsystem/devices/LNXSYBUS:00/PNP0A03:00/physical_node/pci_bus/0000:00/device/0000:00:1e.0/driver/0000:00:1e.0/nvme/nvme1/nvme1n1/holders/md0/md/rd0/block/holders/md0/md/rd1/block/mq/7/cpu7 HTTP/1.1" 200 3044 "-" "Amazon CloudFront"
64.252.67.164 - - [03/Sep/2026:00:00:27 +0000] "GET /products/detail/208628339?path=//sys/bus/node/devices/node0/cpu1/driver/cpu7/driver/cpu2/node0/cpu1/firmware_node/thermal_cooling/device/physical_node/firmware_node/subsystem/drivers/button/LNXPWRBN:00/subsystem/devices/LNXSYSTM:00/LNXSYBUS:00/PNP0A03:00/device:21/physical_node/nvme/nvme2/nvme2n1/holders/md0/slaves/nvme2n1/queue HTTP/1.1" 200 4799 "-" "Amazon CloudFront"
64.252.67.164 - - [03/Sep/2026:00:00:31 +0000] "GET /products/detail/208628339?path=//sys/bus/node/devices/node0/cpu1/driver/cpu7/driver/cpu2/node0/cpu4/firmware_node/thermal_cooling/device/thermal_cooling/device/subsystem/devices/device:06/physical_node/subsystem/drivers/nvme/0000:00:1f.0/nvme/nvme2/nvme2n1/holders/md0/slaves/nvme1n1/holders/md0/slaves/nvme1n1/integrity HTTP/1.1" 200 3526 "-" "Amazon CloudFront"
64.252.66.61 - - [03/Sep/2026:00:00:34 +0000] "GET /?path=//sys/bus/memory/devices/memory1/node0/memory30/node0/cpu6/firmware_node/subsystem/devices/device:21/physical_node/driver/module/drivers/pci:nvme/0000:00:1e.0/nvme/nvme1/nvme1n1/device/nvme1n1/holders/md0/slaves/nvme2n1/holders/md0/md/rd1/block/device/nvme2n1/subsystem/nvme0n1/bdi/power HTTP/1.1" 200 3494 "-" "Amazon CloudFront"
64.252.68.74 - - [03/Sep/2026:00:00:38 +0000] "GET /products/detail/272703723?path=//sys/devices/pci0000:00/firmware_node/physical_node/pci_bus/0000:00/device/firmware_node/physical_node/0000:00:00.0/subsystem/drivers/nvme/module/drivers/pci:nvme/0000:00:1e.0/nvme/nvme1/nvme1n1/device/nvme1n1/holders/md0/md/dev-nvme1n1/block/holders/md0/md/rd0/block/bdi/subsystem/0:40/power HTTP/1.1" 200 3466 "-" "Amazon CloudFront"
64.252.67.164 - - [03/Sep/2026:00:00:42 +0000] "GET /?path=//sys/class/thermal/cooling_device3/device/physical_node/node0/cpu6/driver/cpu0/node0/cpu5/firmware_node/subsystem/devices/device:12/subsystem/devices/LNXSYSTM:00/LNXSYBUS:00/PNP0A03:00/device:20/physical_node/driver/module/drivers/pci:nvme/0000:00:1e.0/nvme/nvme1/nvme1n1/holders/md0/slaves/nvme1n1/holders/md0/slaves/nvme2n1/mq/4 HTTP/1.1" 200 3516 "-" "Amazon CloudFront"
64.252.68.74 - - [03/Sep/2026:00:00:41 +0000] "GET /products/detail/172439228?fileloc=/var/www/volumes/69b4844ae61d4e92bf26ad98af552775/logs/openlitespeed/access.log.2026_08_11.20&path=/var/www/volumes/69b4844ae61d4e92bf26ad98af552775/logs/openlitespeed HTTP/1.1" 200 619358 "-" "Amazon CloudFront"
64.252.66.61 - - [03/Sep/2026:00:00:46 +0000] "GET /?path=//sys/bus/memory/devices/memory1/node0/memory30/node0/cpu6/firmware_node/subsystem/devices/device:21/physical_node/driver/module/drivers/pci:nvme/0000:00:1e.0/nvme/nvme1/nvme1n1/subsystem/nvme1n1/holders/md0/md/rd0/block/holders/md0/md/rd1/block/device/device/driver/0000:00:04.0/nvme/nvme0/nvme0n1/queue HTTP/1.1" 200 4811 "-" "Amazon CloudFront"
64.252.68.74 - - [03/Sep/2026:00:00:51 +0000] "GET /products/detail/272703723?path=//sys/devices/pci0000:00/firmware_node/physical_node/pci_bus/0000:00/device/firmware_node/physical_node/0000:00:00.0/subsystem/drivers/nvme/module/drivers/pci:nvme/0000:00:04.0/driver/0000:00:1e.0/nvme/nvme1/nvme1n1/holders/md0/md/dev-nvme1n1/block/holders/md0/slaves/nvme2n1/device/subsystem/nvme1/nvme1n1/mq/2 HTTP/1.1" 200 3433 "-" "Amazon CloudFront"
64.252.67.164 - - [03/Sep/2026:00:00:53 +0000] "GET /products/detail/172439228?fileloc=/var/www/volumes/69b4844ae61d4e92bf26ad98af552775/logs/openlitespeed/access.log.2026_08_27.05&path=/var/www/volumes/69b4844ae61d4e92bf26ad98af552775/logs/openlitespeed HTTP/1.1" 200 701108 "-" "Amazon CloudFront"
64.252.68.74 - - [03/Sep/2026:00:00:55 +0000] "GET /?path=//sys/class/thermal/cooling_device3/device/physical_node/node0/memory28/node0/cpu5/firmware_node/subsystem/devices/PNP0A03:00/physical_node/pci_bus/0000:00/device/0000:00:1e.0/driver/0000:00:1f.0/nvme/nvme2/nvme2n1/subsystem/nvme1n1/holders/md0/md/dev-nvme1n1/block HTTP/1.1" 200 4154 "-" "Amazon CloudFront"
64.252.71.147 - - [03/Sep/2026:00:00:58 +0000] "GET /products/detail/316443945?path=/var/www/volumes/16c32e7f614b4d75bb2c603ea6843628 HTTP/1.1" 200 2642 "-" "Amazon CloudFront"
64.252.66.61 - - [03/Sep/2026:00:01:00 +0000] "GET /?path=//sys/class/thermal/cooling_device3/device/physical_node/node0/cpu6/driver/cpu0/node0/cpu5/firmware_node/subsystem/devices/device:12/subsystem/devices/LNXSYSTM:00/LNXSYBUS:00/PNP0A03:00/device:20/physical_node/driver/module/drivers/pci:nvme/0000:00:1e.0/nvme/nvme1/nvme1n1/holders/md0/slaves/nvme1n1/holders/md0/slaves/nvme2n1/mq/1 HTTP/1.1" 200 3515 "-" "Amazon CloudFront"
64.252.70.102 - - [03/Sep/2026:00:01:02 +0000] "GET /products/detail/316443945?path=/var/www/volumes/284ebc13aec54cfd9724e959eef03894 HTTP/1.1" 200 2642 "-" "Amazon CloudFront"
64.252.68.74 - - [03/Sep/2026:00:01:02 +0000] "GET /?path=//sys/class/thermal/cooling_device3/device/physical_node/node0/memory29/node0/cpu4/driver/cpu2/driver/cpu1/firmware_node/subsystem/devices/device:10/subsystem/devices/LNXSYSTM:00/LNXSYBUS:00/PNP0A03:00/physical_node/pci_bus/0000:00/device/0000:00:1e.0/nvme/nvme1/nvme1n1/holders/md0/md/dev-nvme2n1/block/holders/md0/md/rd1/block/trace HTTP/1.1" 200 3560 "-" "Amazon CloudFront"
64.252.66.102 - - [03/Sep/2026:00:01:06 +0000] "GET /products/detail/208628339?path=//sys/bus/node/devices/node0/cpu1/driver/cpu7/driver/cpu2/node0/cpu4/firmware_node/subsystem/devices/PNP0A03:00/device:06/physical_node/firmware_node/physical_node/nvme/nvme0/nvme0n1/subsystem/nvme2n1/device/nvme2n1/holders/md0/slaves/nvme1n1/holders/md0/slaves/nvme1n1/trace HTTP/1.1" 200 3407 "-" "Amazon CloudFront"
64.252.72.118 - - [03/Sep/2026:00:01:09 +0000] "GET /prizes/324048723?path=/proc/thread-self HTTP/1.1" 200 4338 "-" "Amazon CloudFront"
64.252.71.147 - - [03/Sep/2026:00:01:09 +0000] "GET /prizes/93624864?path=/var/www/volumes/ddc84c81f3594a50a11f1410fd20b3ab HTTP/1.1" 200 2642 "-" "Amazon CloudFront"
64.252.66.61 - - [03/Sep/2026:00:01:10 +0000] "GET /?path=//sys/class/thermal/cooling_device3/device/physical_node/node0/memory28/node0/cpu5/firmware_node/subsystem/devices/PNP0A03:00/physical_node/pci_bus/0000:00/device/0000:00:1e.0/driver/0000:00:04.0/driver/0000:00:1e.0/firmware_node/subsystem/devices/PNP0A03:00/device:02/PNP0303:00 HTTP/1.1" 200 3499 "-" "Amazon CloudFront"
64.252.66.61 - - [03/Sep/2026:00:01:14 +0000] "GET /products/detail/208628339?path=//sys/bus/node/devices/node0/cpu1/driver/cpu7/driver/cpu2/node0/cpu1/firmware_node/thermal_cooling/device/physical_node/firmware_node/subsystem/drivers/button/LNXSLPBN:00/subsystem/devices/PNP0A03:00/physical_node/0000:00:1f.0/nvme/nvme2/nvme2n1/holders/md0/slaves/nvme1n1/holders/md0/md/dev-nvme2n1 HTTP/1.1" 200 3805 "-" "Amazon CloudFront"
64.252.67.164 - - [03/Sep/2026:00:01:18 +0000] "GET /?path=//sys/class/thermal/cooling_device3/device/physical_node/node0/memory28/node0/cpu5/firmware_node/subsystem/devices/LNXSYSTM:00/LNXSYBUS:00/PNP0A03:00/physical_node/0000:00:04.0/driver/0000:00:1e.0/nvme/nvme1/device/driver/0000:00:1f.0/nvme/nvme2/nvme2n1/holders/md0/md/dev-nvme1n1/block/holders/md0/md/dev-nvme2n1/block/mq/7/cpu7 HTTP/1.1" 200 3041 "-" "Amazon CloudFront"
64.252.67.164 - - [03/Sep/2026:00:01:22 +0000] "GET /products/detail/208628339?path=//sys/bus/node/devices/node0/cpu1/driver/cpu7/driver/cpu2/node0/cpu4/firmware_node/subsystem/devices/PNP0A03:00/physical_node/0000:00:04.0/firmware_node/physical_node/nvme/nvme0/device/nvme/nvme0/nvme0n1/nvme0n1p128/subsystem/nvme2n1/holders/md0/slaves/nvme2n1/holders/md0/md/bitmap HTTP/1.1" 200 3578 "-" "Amazon CloudFront"
64.252.72.118 - - [03/Sep/2026:00:01:26 +0000] "GET /prizes/79237814?path=/var/run/mariadb HTTP/1.1" 200 2881 "-" "Amazon CloudFront"
64.252.66.102 - - [03/Sep/2026:00:01:27 +0000] "GET /?path=//sys/bus/memory/devices/memory1/node0/memory7/node0/cpu1/subsystem/drivers/processor/cpu5/firmware_node/subsystem/devices/PNP0A03:00/physical_node/firmware_node/device:20/physical_node/driver/0000:00:1f.0/nvme/nvme2/nvme2n1/device/device/nvme/nvme2/nvme2n1/holders/md0/md/rd1/block/holders/md0/md/dev-nvme1n1/block/bdi HTTP/1.1" 200 3649 "-" "Amazon CloudFront"
64.252.68.74 - - [03/Sep/2026:00:01:30 +0000] "GET /products/detail/272703723?path=//sys/devices/pci0000:00/firmware_node/physical_node/pci_bus/0000:00/device/firmware_node/physical_node/0000:00:00.0/subsystem/drivers/nvme/module/drivers/pci:nvme/0000:00:04.0/driver/0000:00:1e.0/nvme/nvme1/nvme1n1/holders/md0/slaves/nvme2n1/holders/md0/slaves/nvme1n1/subsystem/nvme0n1/device/nvme0n1/mq/0/cpu5 HTTP/1.1" 200 2968 "-" "Amazon CloudFront"
64.252.66.61 - - [03/Sep/2026:00:01:34 +0000] "GET /?path=//sys/bus/node/devices/node0/memory25/node0/cpu1/driver/cpu4/firmware_node/subsystem/devices/device:21/physical_node/firmware_node/physical_node/driver/0000:00:1e.0/subsystem/drivers/nvme/module/drivers/pci:nvme/0000:00:1e.0/nvme/nvme1/nvme1n1/device/nvme1n1/holders/md0/md/dev-nvme2n1/block/holders/md0/md/rd1/block/device/nvme2n1/bdi/power HTTP/1.1" 200 3553 "-" "Amazon CloudFront"
64.252.67.164 - - [03/Sep/2026:00:01:39 +0000] "GET /products/detail/208628339?path=//sys/bus/node/devices/node0/cpu1/driver/cpu7/driver/cpu2/node0/cpu1/firmware_node/thermal_cooling/device/physical_node/firmware_node/subsystem/devices/device:21/physical_node/subsystem/drivers/nvme/module/drivers/pci:nvme/0000:00:1e.0/nvme/nvme1/nvme1n1/device/nvme1n1/mq/0 HTTP/1.1" 200 3378 "-" "Amazon CloudFront"
15.158.215.109 - - [03/Sep/2026:00:01:42 +0000] "GET /wp-login.php?fileloc=//tmp/sess_b4t5n6u1jq9et928c11nv0iq0i&path=//tmp HTTP/1.1" 200 2557 "-" "Mozilla/5.0 AppleWebKit/537.36 (KHTML, like Gecko; compatible; Amazonbot/0.1; +https://developer.amazon.com/support/amazonbot) Chrome/119.0.6045.214 Safari/537.36"
64.252.68.74 - - [03/Sep/2026:00:01:46 +0000] "GET /?path=//sys/class/thermal/cooling_device3/device/physical_node/node0/cpu0/node0/cpu4/firmware_node/subsystem/devices/device:02/PNP0303:00/subsystem/devices/device:20/physical_node/nvme/nvme1/device/driver/0000:00:04.0/driver/module/drivers/pci:nvme/0000:00:1f.0/nvme/nvme2/nvme2n1/holders/md0/md/rd1/block/holders/md0/slaves/nvme1n1/mq/4/cpu4 HTTP/1.1" 200 3059 "-" "Amazon CloudFront"
64.252.67.164 - - [03/Sep/2026:00:01:50 +0000] "GET /products/detail/208628339?path=//sys/bus/node/devices/node0/cpu1/driver/cpu7/driver/cpu2/node0/cpu4/firmware_node/subsystem/devices/PNP0A03:00/physical_node/0000:00:1f.0/subsystem/drivers/nvme/0000:00:1f.0/nvme/nvme2/nvme2n1/holders/md0/slaves/nvme1n1/device/nvme1n1/holders/md0/md/dev-nvme2n1 HTTP/1.1" 200 3738 "-" "Amazon CloudFront"
64.252.66.102 - - [03/Sep/2026:00:01:54 +0000] "GET /products/detail/208628339?path=//sys/bus/node/devices/node0/cpu1/driver/cpu7/driver/cpu2/node0/cpu4/firmware_node/subsystem/devices/PNP0A03:00/device:20/physical_node/firmware_node/physical_node/nvme/nvme1/subsystem/nvme2/device/nvme/nvme2/nvme2n1/holders/md0/md/rd0/block/integrity HTTP/1.1" 200 3482 "-" "Amazon CloudFront"
64.252.66.61 - - [03/Sep/2026:00:01:58 +0000] "GET /products/detail/208628339?path=//sys/bus/node/devices/node0/cpu1/driver/cpu7/driver/cpu2/node0/cpu4/firmware_node/subsystem/devices/PNP0A03:00/physical_node/firmware_node/physical_node/0000:00:05.0/subsystem/drivers/nvme/0000:00:1f.0/nvme/nvme2/nvme2n1/holders/md0/md/dev-nvme2n1/block/holders/md0/power HTTP/1.1" 200 3436 "-" "Amazon CloudFront"
64.252.67.164 - - [03/Sep/2026:00:02:10 +0000] "GET /?fileloc=//bin/gpg-error-config&path=//bin HTTP/1.1" 200 3412 "-" "Amazon CloudFront"
64.252.68.74 - - [03/Sep/2026:00:02:40 +0000] "GET /?path=//sys/class/thermal/cooling_device3/device/physical_node/node0/memory28/node0/cpu5/firmware_node/subsystem/devices/LNXSYBUS:00/PNP0A03:00/device:1b/subsystem/devices/LNXSYBUS:00/PNP0A03:00/device:21/physical_node/driver/module/drivers/pci:nvme/0000:00:1f.0/driver/0000:00:1e.0/nvme/nvme1/nvme1n1/holders/md0/md/rd1/block/holders/md0/slaves/nvme1n1/mq/7/cpu7 HTTP/1.1" 200 3073 "-" "Amazon CloudFront"
64.252.66.102 - - [03/Sep/2026:00:02:44 +0000] "GET /products/detail/208628339?path=//sys/bus/node/devices/node0/cpu1/driver/cpu7/driver/cpu2/node0/cpu1/firmware_node/thermal_cooling/device/physical_node/firmware_node/subsystem/devices/device:21/physical_node/subsystem/drivers/nvme/module/drivers/pci:nvme/0000:00:1e.0/nvme/nvme1/nvme1n1/device/nvme1n1/mq/3 HTTP/1.1" 200 3381 "-" "Amazon CloudFront"
64.252.67.164 - - [03/Sep/2026:00:02:47 +0000] "GET /?path=//sys/class/thermal/cooling_device3/device/physical_node/node0/memory28/node0/cpu5/firmware_node/subsystem/devices/PNP0A03:00/physical_node/pci_bus/0000:00/device/0000:00:00.0/subsystem/drivers/ena/0000:00:05.0/driver/0000:00:05.0/net/eth0/queues/tx-3/byte_queue_limits HTTP/1.1" 200 3371 "-" "Amazon CloudFront"
64.252.67.164 - - [03/Sep/2026:00:02:52 +0000] "GET /products/detail/208628339?path=//sys/bus/node/devices/node0/cpu1/driver/cpu7/driver/cpu2/node0/cpu1/firmware_node/thermal_cooling/device/physical_node/firmware_node/subsystem/devices/PNP0A03:00/physical_node/0000:00:1e.0/nvme/nvme1/nvme1n1/holders/md0/subsystem/md0/slaves/nvme2n1/device/nvme2n1/mq/6 HTTP/1.1" 200 3389 "-" "Amazon CloudFront"
64.252.68.74 - - [03/Sep/2026:00:02:56 +0000] "GET /products/detail/208628339?path=//sys/bus/node/devices/node0/cpu1/driver/cpu7/driver/cpu2/node0/cpu1/firmware_node/thermal_cooling/device/physical_node/firmware_node/subsystem/devices/PNP0A03:00/physical_node/0000:00:1e.0/nvme/nvme1/nvme1n1/holders/md0/subsystem/md0/slaves/nvme2n1/device/nvme2n1/mq/4 HTTP/1.1" 200 3388 "-" "Amazon CloudFront"
64.252.66.102 - - [03/Sep/2026:00:03:00 +0000] "GET /?path=//sys/class/thermal/cooling_device3/device/physical_node/node0/cpu1/driver/cpu0/node0/cpu2/firmware_node/subsystem/devices/LNXSYSTM:00/LNXSYBUS:00/PNP0C0F:02/subsystem/devices/LNXSYSTM:00/LNXSYBUS:00/PNP0A03:00/physical_node/0000:00:1e.0/driver/module/drivers/pci:nvme/module/drivers/pci:nvme/0000:00:1e.0/nvme/nvme1/nvme1n1/device/nvme1n1/holders/md0/md HTTP/1.1" 200 4317 "-" "Amazon CloudFront"
64.252.67.164 - - [03/Sep/2026:00:03:03 +0000] "GET /products/detail/208628339?path=//sys/bus/node/devices/node0/cpu1/driver/cpu7/driver/cpu2/node0/cpu4/firmware_node/subsystem/devices/PNP0A03:00/device:21/physical_node/subsystem/drivers/nvme/0000:00:1f.0/nvme/nvme2/nvme2n1/device/nvme2n1/holders/md0/md/dev-nvme2n1/block/mq/4 HTTP/1.1" 200 3365 "-" "Amazon CloudFront"
64.252.66.102 - - [03/Sep/2026:00:03:07 +0000] "GET /products/detail/208628339?path=//sys/bus/node/devices/node0/cpu1/driver/cpu7/driver/cpu2/node0/cpu4/firmware_node/subsystem/devices/PNP0A03:00/device:21/physical_node/subsystem/drivers/nvme/0000:00:1f.0/nvme/nvme2/nvme2n1/device/nvme2n1/holders/md0/md/dev-nvme2n1/block/mq/3 HTTP/1.1" 200 3368 "-" "Amazon CloudFront"
64.252.67.164 - - [03/Sep/2026:00:03:10 +0000] "GET /products/detail/208628339?path=//sys/bus/node/devices/node0/cpu1/driver/cpu7/driver/cpu2/node0/cpu1/firmware_node/thermal_cooling/device/physical_node/firmware_node/subsystem/devices/LNXSYSTM:00/LNXSYBUS:00/PNP0A03:00/device:06/physical_node/nvme/nvme0/nvme0n1/nvme0n1p128/subsystem/nvme1n1/device/nvme1n1/mq/4/cpu4 HTTP/1.1" 200 2950 "-" "Amazon CloudFront"
64.252.67.164 - - [03/Sep/2026:00:03:14 +0000] "GET /products/detail/208628339?path=//sys/bus/node/devices/node0/cpu1/driver/cpu7/driver/cpu2/node0/cpu4/firmware_node/subsystem/devices/PNP0A03:00/device:21/physical_node/subsystem/drivers/nvme/0000:00:1f.0/nvme/nvme2/nvme2n1/holders/md0/md/dev-nvme2n1/block/device/nvme2n1/mq/1/cpu1 HTTP/1.1" 200 2929 "-" "Amazon CloudFront"
64.252.67.164 - - [03/Sep/2026:00:03:17 +0000] "GET /products/detail/208628339?path=//sys/bus/node/devices/node0/cpu1/driver/cpu7/driver/cpu2/node0/cpu4/firmware_node/subsystem/devices/PNP0A03:00/physical_node/0000:00:04.0/nvme/nvme0/nvme0n1/subsystem/nvme1n1/holders/md0/md/dev-nvme1n1/block/holders/md0/md/dev-nvme2n1/block/device/nvme2n1/slaves HTTP/1.1" 200 2939 "-" "Amazon CloudFront"
64.252.66.61 - - [03/Sep/2026:00:03:21 +0000] "GET /products/detail/208628339?path=//sys/bus/node/devices/node0/cpu1/driver/cpu7/driver/cpu2/node0/cpu4/firmware_node/subsystem/devices/PNP0A03:00/physical_node/0000:00:04.0/firmware_node/physical_node/nvme/nvme0/nvme0n1/nvme0n1p128/subsystem/md0/md/dev-nvme1n1/block/holders/md0/slaves/nvme1n1/bdi HTTP/1.1" 200 3552 "-" "Amazon CloudFront"
64.252.66.61 - - [03/Sep/2026:00:03:25 +0000] "GET /products/detail/272703723?path=//sys/devices/pci0000:00/firmware_node/physical_node/pci_bus/0000:00/device/firmware_node/physical_node/0000:00:00.0/subsystem/drivers/nvme/module/drivers/pci:nvme/0000:00:04.0/driver/0000:00:1e.0/nvme/nvme1/subsystem/nvme2/nvme2n1/holders/md0/slaves/nvme1n1/device/nvme1n1/holders/md0/md/rd1/block/mq/0 HTTP/1.1" 200 3427 "-" "Amazon CloudFront"
64.252.66.61 - - [03/Sep/2026:00:03:28 +0000] "GET /?path=//sys/class/thermal/cooling_device3/device/physical_node/node0/memory28/node0/cpu5/firmware_node/subsystem/devices/PNP0A03:00/physical_node/pci_bus/0000:00/device/0000:00:1e.0/driver/module/drivers/pci:nvme/0000:00:1e.0/firmware_node/subsystem/devices/PNP0A03:00/device:1d HTTP/1.1" 200 3502 "-" "Amazon CloudFront"
64.252.67.164 - - [03/Sep/2026:00:03:33 +0000] "GET /?path=//sys/class/thermal/cooling_device3/device/physical_node/node0/memory28/node0/cpu5/firmware_node/subsystem/devices/PNP0A03:00/physical_node/pci_bus/0000:00/device/0000:00:1e.0/driver/module/drivers/pci:nvme/0000:00:1e.0/firmware_node/subsystem/devices/device:14/power HTTP/1.1" 200 3406 "-" "Amazon CloudFront"
64.252.66.102 - - [03/Sep/2026:00:03:36 +0000] "GET /?path=//sys/class/thermal/cooling_device3/device/physical_node/node0/memory28/node0/cpu5/firmware_node/subsystem/devices/PNP0A03:00/physical_node/pci_bus/0000:00/device/0000:00:1e.0/driver/module/drivers/pci:nvme/0000:00:1e.0/firmware_node/subsystem/devices/PNP0A03:00/device:21 HTTP/1.1" 200 3522 "-" "Amazon CloudFront"
64.252.68.74 - - [03/Sep/2026:00:03:41 +0000] "GET /?path=//sys/class/thermal/cooling_device3/device/physical_node/node0/memory28/node0/cpu5/firmware_node/subsystem/devices/PNP0A03:00/device:06/subsystem/devices/device:21/physical_node/nvme/nvme2/device/driver/0000:00:1f.0/driver/module/drivers/pci:nvme/module/drivers/pci:nvme/0000:00:1f.0/nvme/nvme2/nvme2n1/holders/md0/md/rd1/block/holders/md0/slaves/nvme2n1 HTTP/1.1" 200 4438 "-" "Amazon CloudFront"
64.252.68.74 - - [03/Sep/2026:00:03:44 +0000] "GET /products/detail/272703723?path=//sys/devices/pci0000:00/firmware_node/physical_node/pci_bus/0000:00/device/firmware_node/physical_node/0000:00:00.0/subsystem/drivers/nvme/module/drivers/pci:nvme/0000:00:04.0/driver/0000:00:1e.0/nvme/nvme1/nvme1n1/subsystem/md0/md/rd1/block/device/nvme2n1/holders/md0/md/dev-nvme1n1/block/mq/4/cpu4 HTTP/1.1" 200 2978 "-" "Amazon CloudFront"
64.252.66.61 - - [03/Sep/2026:00:03:48 +0000] "GET /products/detail/208628339?path=//sys/bus/node/devices/node0/cpu1/driver/cpu7/driver/cpu2/node0/cpu1/firmware_node/thermal_cooling/device/physical_node/firmware_node/subsystem/devices/PNP0A03:00/physical_node/0000:00:1e.0/nvme/nvme1/nvme1n1/holders/md0/slaves/nvme1n1/device/subsystem/nvme0/nvme0n1/nvme0n1p1/trace HTTP/1.1" 200 3420 "-" "Amazon CloudFront"
64.252.66.102 - - [03/Sep/2026:00:03:53 +0000] "GET /products/detail/208628339?path=//sys/bus/node/devices/node0/cpu1/driver/cpu7/driver/cpu2/node0/cpu4/firmware_node/thermal_cooling/device/physical_node/firmware_node/thermal_cooling/device/subsystem/devices/PNP0A03:00/device:20/physical_node/nvme/nvme1/nvme1n1/holders/md0/md/dev-nvme1n1/block/subsystem/nvme1n1/mq/3/cpu3 HTTP/1.1" 200 2974 "-" "Amazon CloudFront"
64.252.66.61 - - [03/Sep/2026:00:03:57 +0000] "GET /?path=//sys/class/thermal/cooling_device3/device/physical_node/node0/memory28/node0/cpu5/firmware_node/subsystem/devices/PNP0A03:00/physical_node/pci_bus/0000:00/device/0000:00:1f.0/driver/module/drivers/pci:nvme/0000:00:04.0/driver/0000:00:1f.0/subsystem/slots/27 HTTP/1.1" 200 3539 "-" "Amazon CloudFront"
64.252.66.102 - - [03/Sep/2026:00:04:01 +0000] "GET /products/detail/272703723?path=//sys/devices/pci0000:00/firmware_node/physical_node/pci_bus/0000:00/device/firmware_node/physical_node/0000:00:00.0/subsystem/drivers/nvme/0000:00:1e.0/subsystem/devices/0000:00:1e.0/driver/0000:00:1f.0/driver/module/drivers/pci:nvme/0000:00:1f.0/nvme/nvme2/nvme2n1/holders/md0/md/dev-nvme2n1/block/device/nvme2n1/holders/md0/md/dev-nvme2n1/block/trace HTTP/1.1" 200 3479 "-" "Amazon CloudFront"
64.252.66.61 - - [03/Sep/2026:00:04:05 +0000] "GET /products/detail/187873763?fileloc=//tmp/sess_h46dirvprmsp3p51hovps4pl1m&path=//tmp HTTP/1.1" 200 2555 "-" "Amazon CloudFront"
64.252.66.61 - - [03/Sep/2026:00:04:09 +0000] "GET /products/detail/208628339?path=//sys/bus/node/devices/node0/cpu1/driver/cpu7/driver/cpu2/node0/cpu4/firmware_node/subsystem/devices/device:06/physical_node/nvme/nvme0/nvme0n1/subsystem/nvme1n1/holders/md0/md/dev-nvme1n1/block/holders/md0/slaves/nvme2n1/device/device/firmware_node/physical_node HTTP/1.1" 200 4855 "-" "Amazon CloudFront"
64.252.67.164 - - [03/Sep/2026:00:04:13 +0000] "GET /?path=//sys/class/thermal/cooling_device3/device/physical_node/node0/memory28/node0/cpu5/firmware_node/subsystem/devices/LNXSYBUS:00/PNP0A03:00/device:1b/subsystem/devices/LNXSYBUS:00/PNP0A03:00/device:21/physical_node/driver/module/drivers/pci:nvme/module/drivers/pci:nvme/0000:00:1f.0/nvme/nvme2/nvme2n1/holders/md0/md/rd1/block/device/nvme2n1/holders/md0 HTTP/1.1" 200 4302 "-" "Amazon CloudFront"
64.252.66.102 - - [03/Sep/2026:00:04:17 +0000] "GET /?path=//sys/class/thermal/cooling_device3/device/physical_node/node0/cpu0/node0/cpu4/firmware_node/subsystem/devices/device:02/PNP0303:00/subsystem/devices/LNXSYBUS:00/PNP0A03:00/device:20/physical_node/driver/0000:00:04.0/nvme/nvme0/device/driver/module/drivers/pci:nvme/0000:00:1e.0/nvme/nvme1/nvme1n1/holders/md0/slaves/nvme1n1/holders/md0/md/dev-nvme2n1/block/power HTTP/1.1" 200 3589 "-" "Amazon CloudFront"
15.158.215.109 - - [03/Sep/2026:00:04:21 +0000] "GET /wp-login.php?fileloc=//tmp/sess_l23hquu0iflul1d5o6s0hd0b6s&path=//tmp HTTP/1.1" 200 2554 "-" "Mozilla/5.0 AppleWebKit/537.36 (KHTML, like Gecko; compatible; Amazonbot/0.1; +https://developer.amazon.com/support/amazonbot) Chrome/119.0.6045.214 Safari/537.36"
64.252.68.74 - - [03/Sep/2026:00:04:25 +0000] "GET /?path=//sys/bus/memory/devices/memory1/node0/memory30/node0/cpu6/firmware_node/subsystem/devices/device:21/physical_node/driver/module/drivers/pci:nvme/0000:00:1e.0/driver/0000:00:1f.0/nvme/nvme2/device/nvme/nvme2/nvme2n1/device/nvme2n1/holders/md0/md/rd0/block/subsystem/nvme1n1/holders/md0/md/dev-nvme1n1/block/mq/2 HTTP/1.1" 200 3483 "-" "Amazon CloudFront"
64.252.67.164 - - [03/Sep/2026:00:04:29 +0000] "GET /products/detail/208628339?path=//sys/bus/node/devices/node0/cpu1/driver/cpu7/driver/cpu2/node0/cpu1/firmware_node/thermal_cooling/device/physical_node/firmware_node/subsystem/devices/LNXSYSTM:00/LNXSYBUS:00/PNP0A03:00/device:06/physical_node/nvme/nvme0/device/nvme/nvme0/nvme0n1/nvme0n1p1/subsystem/nvme1n1/bdi/power HTTP/1.1" 200 3452 "-" "Amazon CloudFront"
64.252.67.164 - - [03/Sep/2026:00:04:33 +0000] "GET /?path=//sys/class/thermal/cooling_device3/device/physical_node/node0/memory28/node0/cpu5/firmware_node/subsystem/devices/PNP0A03:00/physical_node/pci_bus/0000:00/device/0000:00:1e.0/driver/0000:00:1f.0/subsystem/devices/0000:00:04.0/nvme/nvme0/nvme0n1/mq/1/cpu2 HTTP/1.1" 200 2914 "-" "Amazon CloudFront"
64.252.66.61 - - [03/Sep/2026:00:04:37 +0000] "GET /?path=//sys/class/thermal/cooling_device3/device/physical_node/node0/memory28/node0/cpu5/firmware_node/subsystem/devices/PNP0A03:00/physical_node/pci_bus/0000:00/device/firmware_node/device:0e/subsystem/drivers/button/LNXSLPBN:00/driver/LNXPWRBN:00/driver/LNXSLPBN:00/input/input4/id HTTP/1.1" 200 3348 "-" "Amazon CloudFront"
64.252.67.164 - - [03/Sep/2026:00:04:41 +0000] "GET /products/detail/208628339?path=//sys/bus/node/devices/node0/cpu1/driver/cpu7/driver/cpu2/node0/cpu4/firmware_node/subsystem/devices/PNP0A03:00/device:06/physical_node/firmware_node/physical_node/nvme/nvme0/subsystem/nvme2/device/nvme/nvme2/nvme2n1/holders/md0/slaves/nvme2n1/holders/md0/md/rd1 HTTP/1.1" 200 3732 "-" "Amazon CloudFront"
64.252.68.74 - - [03/Sep/2026:00:04:45 +0000] "GET /?path=//sys/class/thermal/cooling_device3/device/physical_node/node0/cpu0/node0/cpu4/firmware_node/subsystem/devices/device:02/PNP0303:00/subsystem/devices/LNXSYBUS:00/PNP0A03:00/device:20/physical_node/driver/0000:00:04.0/nvme/nvme0/device/driver/module/drivers/pci:nvme/0000:00:1e.0/nvme/nvme1/nvme1n1/holders/md0/slaves/nvme1n1/holders/md0/md/dev-nvme2n1/block/bdi HTTP/1.1" 200 3726 "-" "Amazon CloudFront"
64.252.67.164 - - [03/Sep/2026:00:04:49 +0000] "GET /?path=//sys/class/thermal/cooling_device3/device/physical_node/node0/memory28/node0/cpu5/firmware_node/subsystem/devices/PNP0A03:00/physical_node/pci_bus/0000:00/device/0000:00:03.0/subsystem/devices/0000:00:1f.0/driver/0000:00:1f.0/nvme/nvme2/nvme2n1/mq/4/cpu4 HTTP/1.1" 200 2907 "-" "Amazon CloudFront"
64.252.67.164 - - [03/Sep/2026:00:04:52 +0000] "GET /products/detail/272703723?path=//sys/devices/pci0000:00/firmware_node/physical_node/pci_bus/0000:00/device/firmware_node/physical_node/0000:00:00.0/subsystem/drivers/nvme/module/drivers/pci:nvme/0000:00:04.0/driver/0000:00:1e.0/nvme/nvme1/nvme1n1/holders/md0/md/dev-nvme1n1/block/holders/md0/md/dev-nvme2n1/block/subsystem/nvme0n1/device/nvme0n1/nvme0n1p1/power HTTP/1.1" 200 3514 "-" "Amazon CloudFront"
64.252.66.61 - - [03/Sep/2026:00:04:56 +0000] "GET /products/detail/208628339?path=//sys/bus/node/devices/node0/cpu1/driver/cpu7/driver/cpu2/node0/cpu1/firmware_node/thermal_cooling/subsystem/cooling_device3/device/subsystem/devices/PNP0A03:00/physical_node/0000:00:1e.0/nvme/nvme1/nvme1n1/device/nvme1n1/holders/md0/md/dev-nvme1n1/block/holders/md0/slaves/nvme2n1/mq/0 HTTP/1.1" 200 3436 "-" "Amazon CloudFront"
64.252.66.61 - - [03/Sep/2026:00:05:02 +0000] "GET /?path=//sys/class/thermal/cooling_device3/device/physical_node/node0/memory28/node0/cpu5/firmware_node/subsystem/devices/PNP0A03:00/physical_node/pci_bus/0000:00/device/0000:00:1e.0/driver/0000:00:04.0/nvme/nvme0/nvme0n1/subsystem/md0/md/rd1/block/mq/5 HTTP/1.1" 200 3333 "-" "Amazon CloudFront"
64.252.66.61 - - [03/Sep/2026:00:05:05 +0000] "GET /?path=//sys/class/thermal/cooling_device3/device/physical_node/node0/memory28/node0/cpu5/firmware_node/subsystem/devices/PNP0A03:00/physical_node/pci_bus/0000:00/device/0000:00:1e.0/driver/module/drivers/pci:nvme/0000:00:1f.0/driver/0000:00:1f.0/firmware_node/subsystem/devices/PNP0501:00 HTTP/1.1" 200 3563 "-" "Amazon CloudFront"
64.252.66.102 - - [03/Sep/2026:00:05:09 +0000] "GET /?path=//sys/class/thermal/cooling_device3/device/physical_node/node0/memory28/node0/cpu5/firmware_node/subsystem/devices/PNP0A03:00/physical_node/pci_bus/0000:00/device/0000:00:1e.0/driver/module/drivers/pci:nvme/0000:00:1f.0/driver/0000:00:1f.0/firmware_node/subsystem/devices/device:17 HTTP/1.1" 200 3508 "-" "Amazon CloudFront"
15.158.215.109 - - [03/Sep/2026:00:05:14 +0000] "GET /wp-login.php?fileloc=//tmp/sess_e7r9svg6tb2r1ku3r1bjkfa0ru&path=//tmp HTTP/1.1" 200 2557 "-" "Mozilla/5.0 AppleWebKit/537.36 (KHTML, like Gecko; compatible; Amazonbot/0.1; +https://developer.amazon.com/support/amazonbot) Chrome/119.0.6045.214 Safari/537.36"
64.252.68.74 - - [03/Sep/2026:00:05:16 +0000] "GET /?path=//sys/class/thermal/cooling_device3/device/physical_node/node0/memory28/node0/cpu3/driver/cpu0/firmware_node/subsystem/devices/device:05/subsystem/devices/LNXSYBUS:00/PNP0A03:00/physical_node/0000:00:04.0/driver/module/drivers/pci:nvme/0000:00:1f.0/nvme/nvme2/nvme2n1/device/nvme2n1/holders/md0/md/rd0/block/holders/md0/md/rd0/block/mq/3 HTTP/1.1" 200 3536 "-" "Amazon CloudFront"
64.252.66.102 - - [03/Sep/2026:00:05:21 +0000] "GET /?path=//sys/class/thermal/cooling_device3/device/physical_node/node0/memory28/node0/cpu5/firmware_node/subsystem/devices/LNXSYBUS:00/PNP0A03:00/device:1b/subsystem/devices/LNXSYBUS:00/PNP0A03:00/device:21/physical_node/driver/module/drivers/pci:nvme/module/drivers/pci:nvme/0000:00:1e.0/nvme/nvme1/nvme1n1/holders/md0/md/dev-nvme1n1/block/mq/2/cpu2 HTTP/1.1" 200 3045 "-" "Amazon CloudFront"
64.252.68.74 - - [03/Sep/2026:00:05:25 +0000] "GET /?path=//sys/bus/node/devices/node0/memory2/node0/cpu4/driver/cpu1/driver/cpu2/subsystem/drivers/processor/cpu2/firmware_node/physical_node/firmware_node/subsystem/devices/LNXSYBUS:00/PNP0A03:00/physical_node/0000:00:1f.0/nvme/nvme2/nvme2n1/holders/md0/md/dev-nvme1n1/block/device/nvme1n1/holders/md0/md/rd0/block/device/nvme1n1/mq HTTP/1.1" 200 3559 "-" "Amazon CloudFront"
64.252.67.164 - - [03/Sep/2026:00:05:29 +0000] "GET /products/detail/208628339?path=//sys/bus/node/devices/node0/cpu1/driver/cpu7/driver/cpu2/node0/cpu4/firmware_node/subsystem/devices/LNXSYSTM:00/LNXSYBUS:00/PNP0A03:00/device:20/physical_node/nvme/nvme1/device/nvme/nvme1/nvme1n1/device/nvme1n1/holders/md0/md/dev-nvme1n1/block/bdi HTTP/1.1" 200 3542 "-" "Amazon CloudFront"
64.252.66.102 - - [03/Sep/2026:00:05:33 +0000] "GET /products/detail/187873763?fileloc=//tmp/sess_1jj07bgdrh3nkoekur3dd61pbg&path=//tmp HTTP/1.1" 200 2556 "-" "Amazon CloudFront"
64.252.68.74 - - [03/Sep/2026:00:05:41 +0000] "GET /products/detail/208628339?path=//sys/bus/node/devices/node0/cpu1/driver/cpu7/driver/cpu2/node0/cpu4/firmware_node/subsystem/devices/LNXSYSTM:00/LNXSYBUS:00/PNP0A03:00/device:20/physical_node/nvme/nvme1/device/nvme/nvme1/nvme1n1/device/nvme1n1/holders/md0/md/dev-nvme1n1/block/trace HTTP/1.1" 200 3398 "-" "Amazon CloudFront"
64.252.68.74 - - [03/Sep/2026:00:05:41 +0000] "GET /products/detail/187873763?fileloc=//tmp/sess_6hhcnnb7nprcfln7atjtf090ec&path=//tmp HTTP/1.1" 200 2556 "-" "Amazon CloudFront"
64.252.88.199 - - [03/Sep/2026:00:05:44 +0000] "GET /products/detail/201017602 HTTP/1.1" 200 4265 "-" "Amazon CloudFront"
64.252.67.164 - - [03/Sep/2026:00:05:43 +0000] "GET /products/detail/172439228?fileloc=/var/www/volumes/69b4844ae61d4e92bf26ad98af552775/logs/openlitespeed/access.log.2026_08_08.22&path=/var/www/volumes/69b4844ae61d4e92bf26ad98af552775/logs/openlitespeed HTTP/1.1" 200 615742 "-" "Amazon CloudFront"
64.252.67.164 - - [03/Sep/2026:00:05:45 +0000] "GET /?path=//sys/class/thermal/cooling_device3/device/physical_node/node0/memory28/node0/cpu5/firmware_node/subsystem/devices/PNP0A03:00/physical_node/pci_bus/0000:00/device/0000:00:04.0/driver/0000:00:04.0/subsystem/drivers/nvme/module/drivers/pci:nvme/module/parameters HTTP/1.1" 200 3309 "-" "Amazon CloudFront"
64.252.88.199 - - [03/Sep/2026:00:05:47 +0000] "GET /products/detail/292906460 HTTP/1.1" 200 4265 "-" "Amazon CloudFront"
64.252.66.61 - - [03/Sep/2026:00:05:49 +0000] "GET /products/detail/208628339?path=//sys/bus/node/devices/node0/cpu1/driver/cpu7/driver/cpu2/node0/cpu4/firmware_node/thermal_cooling/device/physical_node/firmware_node/thermal_cooling/device/subsystem/devices/LNXSYSTM:00/LNXSYBUS:00/PNP0A03:00/device:21/physical_node/nvme/nvme2/nvme2n1/holders/md0/slaves/nvme1n1/subsystem/nvme0n1/mq/1/cpu2 HTTP/1.1" 200 2991 "-" "Amazon CloudFront"
64.252.67.164 - - [03/Sep/2026:00:05:53 +0000] "GET /products/detail/208628339?path=//sys/bus/node/devices/node0/cpu1/driver/cpu7/driver/cpu2/node0/cpu4/firmware_node/subsystem/devices/LNXSYSTM:00/LNXSYBUS:00/PNP0A03:00/device:20/physical_node/nvme/nvme1/device/nvme/nvme1/nvme1n1/device/nvme1n1/holders/md0/md/dev-nvme1n1/block/slaves HTTP/1.1" 200 2924 "-" "Amazon CloudFront"
64.252.66.61 - - [03/Sep/2026:00:05:56 +0000] "GET /?path=//sys/class/thermal/cooling_device3/device/physical_node/node0/memory28/node0/cpu5/firmware_node/subsystem/devices/PNP0A03:00/physical_node/pci_bus/0000:00/device/0000:00:04.0/driver/0000:00:04.0/subsystem/drivers/nvme/module/drivers/pci:nvme/module/sections HTTP/1.1" 200 4141 "-" "Amazon CloudFront"
64.252.66.61 - - [03/Sep/2026:00:06:01 +0000] "GET /products/detail/208628339?path=//sys/bus/node/devices/node0/cpu1/driver/cpu7/driver/cpu2/node0/cpu4/firmware_node/subsystem/devices/PNP0A03:00/device:21/physical_node/nvme/nvme2/device/nvme/nvme2/nvme2n1/holders/md0/md/dev-nvme2n1/block/holders/md0/subsystem/nvme1n1/mq HTTP/1.1" 200 3414 "-" "Amazon CloudFront"
64.252.66.102 - - [03/Sep/2026:00:06:05 +0000] "GET /?path=//sys/bus/memory/devices/memory1/node0/memory7/node0/cpu1/subsystem/drivers/processor/cpu5/firmware_node/subsystem/devices/PNP0A03:00/physical_node/firmware_node/device:20/physical_node/driver/0000:00:1e.0/driver/0000:00:1e.0/nvme/nvme1/device/nvme/nvme1/nvme1n1/holders/md0/md/rd1/block/holders/md0/md/rd0/block/device/nvme1n1/bdi/power HTTP/1.1" 200 3549 "-" "Amazon CloudFront"
64.252.66.102 - - [03/Sep/2026:00:06:09 +0000] "GET /products/detail/208628339?path=//sys/bus/node/devices/node0/cpu1/driver/cpu7/driver/cpu2/node0/cpu4/firmware_node/subsystem/devices/PNP0A03:00/device:21/physical_node/nvme/nvme2/device/nvme/nvme2/nvme2n1/holders/md0/md/dev-nvme2n1/block/holders/md0/subsystem/nvme1n1/power HTTP/1.1" 200 3404 "-" "Amazon CloudFront"
64.252.66.61 - - [03/Sep/2026:00:06:13 +0000] "GET /?path=//sys/class/thermal/cooling_device3/device/physical_node/node0/memory28/node0/cpu5/firmware_node/subsystem/devices/PNP0A03:00/physical_node/pci_bus/0000:00/device/0000:00:1e.0/driver/0000:00:1f.0/nvme/nvme2/nvme2n1/subsystem/nvme1n1/holders/md0/slaves/nvme1n1/power HTTP/1.1" 200 3441 "-" "Amazon CloudFront"
64.252.68.74 - - [03/Sep/2026:00:06:17 +0000] "GET /?path=//sys/class/thermal/cooling_device3/device/physical_node/node0/cpu1/driver/cpu0/node0/cpu2/firmware_node/subsystem/devices/LNXSYSTM:00/LNXSYBUS:00/PNP0C0F:02/subsystem/devices/LNXSYBUS:00/PNP0A03:00/device:06/physical_node/driver/0000:00:1e.0/nvme/nvme1/nvme1n1/holders/md0/md/rd0/block/device/nvme1n1/holders/md0/md/rd1/block/integrity HTTP/1.1" 200 3621 "-" "Amazon CloudFront"
64.252.66.61 - - [03/Sep/2026:00:06:21 +0000] "GET /products/detail/208628339?path=//sys/bus/node/devices/node0/cpu1/driver/cpu7/driver/cpu2/node0/cpu4/firmware_node/subsystem/devices/LNXSYSTM:00/LNXSYBUS:00/PNP0A03:00/device:20/physical_node/nvme/nvme1/device/nvme/nvme1/nvme1n1/device/nvme1n1/holders/md0/md/dev-nvme1n1/block/mq HTTP/1.1" 200 3434 "-" "Amazon CloudFront"
64.252.67.164 - - [03/Sep/2026:00:06:25 +0000] "GET /products/detail/272703723?path=//sys/devices/pci0000:00/firmware_node/physical_node/pci_bus/0000:00/device/firmware_node/physical_node/0000:00:00.0/subsystem/drivers/nvme/module/drivers/pci:nvme/0000:00:04.0/driver/0000:00:1e.0/nvme/nvme1/nvme1n1/subsystem/nvme1n1/holders/md0/md/rd1/block/holders/md0/md/dev-nvme1n1/block/mq/4/cpu4 HTTP/1.1" 200 2973 "-" "Amazon CloudFront"
64.252.67.164 - - [03/Sep/2026:00:06:30 +0000] "GET /products/detail/208628339?path=//sys/bus/node/devices/node0/cpu1/driver/cpu7/driver/cpu2/node0/cpu4/firmware_node/subsystem/devices/PNP0A03:00/physical_node/0000:00:04.0/nvme/nvme0/device/nvme/nvme0/nvme0n1/nvme0n1p128/subsystem/md0/slaves/nvme1n1/holders/md0/slaves/nvme1n1/bdi/power HTTP/1.1" 200 3431 "-" "Amazon CloudFront"
64.252.66.102 - - [03/Sep/2026:00:06:33 +0000] "GET /?path=//sys/class/thermal/cooling_device3/device/physical_node/node0/cpu1/driver/cpu0/node0/cpu2/firmware_node/subsystem/devices/PNP0303:00/subsystem/devices/LNXSYBUS:00/PNP0A03:00/physical_node/0000:00:1e.0/driver/module/drivers/pci:nvme/module/drivers/pci:nvme/0000:00:1f.0/nvme/nvme2/nvme2n1/holders/md0/md/rd1/block/mq/3/cpu3 HTTP/1.1" 200 3046 "-" "Amazon CloudFront"
64.252.67.164 - - [03/Sep/2026:00:06:37 +0000] "GET /?path=//sys/bus/acpi/devices/LNXCPU:06/physical_node/node0/memory21/node0/cpu1/subsystem/drivers/processor/cpu2/firmware_node/subsystem/devices/PNP0A03:00/physical_node/0000:00:1f.0/driver/0000:00:04.0/nvme/nvme0/device/driver/0000:00:1e.0/nvme/nvme1/nvme1n1/holders/md0/md/dev-nvme1n1/block/device/nvme1n1/holders/md0/slaves/nvme2n1/mq/2/cpu2 HTTP/1.1" 200 3053 "-" "Amazon CloudFront"
64.252.68.74 - - [03/Sep/2026:00:06:40 +0000] "GET /products/detail/272703723?path=//sys/devices/pci0000:00/firmware_node/physical_node/pci_bus/0000:00/device/firmware_node/physical_node/0000:00:00.0/subsystem/drivers/nvme/module/drivers/pci:nvme/0000:00:04.0/driver/0000:00:1e.0/nvme/nvme1/nvme1n1/holders/md0/md/dev-nvme1n1/block/device/nvme1n1/holders/md0/md/dev-nvme2n1/block/subsystem/nvme0n1/mq/1/cpu7 HTTP/1.1" 200 2988 "-" "Amazon CloudFront"
64.252.67.164 - - [03/Sep/2026:00:06:44 +0000] "GET /?path=//sys/class/thermal/cooling_device3/device/physical_node/node0/memory28/node0/cpu5/firmware_node/subsystem/devices/PNP0A03:00/physical_node/pci_bus/0000:00/device/0000:00:01.0/subsystem/drivers/nvme/0000:00:1f.0/driver/0000:00:1e.0/driver/0000:00:1f.0/nvme/nvme2/nvme2n1/mq HTTP/1.1" 200 3429 "-" "Amazon CloudFront"
64.252.66.102 - - [03/Sep/2026:00:06:48 +0000] "GET /?path=//sys/class/thermal/cooling_device3/device/physical_node/node0/memory28/node0/cpu5/firmware_node/subsystem/devices/LNXSYSTM:00/LNXSYBUS:00/PNP0A03:00/physical_node/0000:00:04.0/driver/0000:00:1e.0/nvme/nvme1/device/driver/module/drivers/pci:nvme/0000:00:1f.0/nvme/nvme2/nvme2n1/subsystem/nvme1n1/holders/md0/slaves/nvme1n1/holders/md0/md/rd0/block/mq/0/cpu0 HTTP/1.1" 200 3085 "-" "Amazon CloudFront"
64.252.66.61 - - [03/Sep/2026:00:06:52 +0000] "GET /?path=//sys/class/thermal/cooling_device3/device/physical_node/node0/memory28/node0/cpu5/firmware_node/subsystem/devices/PNP0A03:00/physical_node/pci_bus/0000:00/device/0000:00:01.0/subsystem/drivers/nvme/0000:00:1f.0/driver/0000:00:1e.0/driver/0000:00:1f.0/nvme/nvme2/nvme2n1/slaves HTTP/1.1" 200 2922 "-" "Amazon CloudFront"
64.252.68.74 - - [03/Sep/2026:00:06:57 +0000] "GET /products/detail/182908925?fileloc=//tmp/sess_cnc23n1untp3t81hnet34mfrob&path=//tmp HTTP/1.1" 200 2554 "-" "Amazon CloudFront"
64.252.66.61 - - [03/Sep/2026:00:07:01 +0000] "GET /products/detail/208628339?path=//sys/bus/node/devices/node0/cpu1/driver/cpu7/driver/cpu2/node0/cpu4/firmware_node/thermal_cooling/device/physical_node/firmware_node/thermal_cooling/device/subsystem/devices/PNP0A03:00/device:20/physical_node/nvme/nvme1/nvme1n1/holders/md0/slaves/nvme2n1/subsystem/md0/power HTTP/1.1" 200 3433 "-" "Amazon CloudFront"
64.252.68.74 - - [03/Sep/2026:00:07:05 +0000] "GET /?path=//sys/class/thermal/cooling_device3/device/physical_node/node0/memory28/node0/cpu5/firmware_node/subsystem/devices/PNP0A03:00/physical_node/pci_bus/0000:00/device/0000:00:01.0/subsystem/drivers/nvme/0000:00:1f.0/driver/0000:00:1e.0/driver/0000:00:1f.0/nvme/nvme2/nvme2n1/bdi HTTP/1.1" 200 3544 "-" "Amazon CloudFront"
64.252.68.74 - - [03/Sep/2026:00:07:13 +0000] "GET /products/detail/208628339?path=//sys/bus/node/devices/node0/cpu1/driver/cpu7/driver/cpu2/node0/cpu4/firmware_node/subsystem/devices/PNP0A03:00/device:06/physical_node/nvme/nvme0/nvme0n1/device/nvme0n1/subsystem/nvme2n1/holders/md0/slaves/nvme1n1/holders/md0/slaves/nvme2n1/mq/6 HTTP/1.1" 200 3371 "-" "Amazon CloudFront"
64.252.68.74 - - [03/Sep/2026:00:07:13 +0000] "GET /?path=//sys/class/thermal/cooling_device3/device/physical_node/node0/memory28/node0/cpu5/firmware_node/subsystem/devices/PNP0A03:00/physical_node/pci_bus/0000:00/device/0000:00:1e.0/driver/0000:00:04.0/subsystem/devices/0000:00:1f.0/driver/0000:00:04.0/nvme/nvme0/nvme0n1/nvme0n1p1/trace HTTP/1.1" 200 3406 "-" "Amazon CloudFront"
64.252.66.61 - - [03/Sep/2026:00:07:16 +0000] "GET /products/detail/208628339?path=//sys/bus/node/devices/node0/cpu1/driver/cpu7/driver/cpu2/node0/cpu4/firmware_node/subsystem/devices/PNP0A03:00/device:06/physical_node/nvme/nvme0/nvme0n1/device/nvme0n1/subsystem/nvme2n1/holders/md0/slaves/nvme1n1/holders/md0/slaves/nvme2n1/mq/5 HTTP/1.1" 200 3370 "-" "Amazon CloudFront"
