64.252.66.61 - - [03/Sep/2026:03:23:09 +0000] "GET /?path=//sys/class/thermal/cooling_device3/device/physical_node/node0/memory28/node0/cpu5/firmware_node/subsystem/devices/PNP0A03:00/physical_node/pci_bus/0000:00/device/0000:00:1f.0/driver/0000:00:04.0/firmware_node/subsystem/devices/LNXPWRBN:00/driver/LNXPWRBN:00/input/input3/event1/power HTTP/1.1" 200 3438 "-" "Amazon CloudFront"
64.252.67.164 - - [03/Sep/2026:03:23:14 +0000] "GET /?path=//sys/bus/memory/devices/memory14/node0/memory20/node0/cpu7/driver/cpu2/driver/cpu4/firmware_node/subsystem/devices/PNP0A03:00/physical_node/0000:00:1f.0/firmware_node/physical_node/nvme/nvme2/device/nvme/nvme2/nvme2n1/holders/md0/md/rd0/block/holders/md0/md/rd1/block/device/nvme2n1/subsystem/nvme1n1/mq/2 HTTP/1.1" 200 3461 "-" "Amazon CloudFront"
64.252.67.164 - - [03/Sep/2026:03:23:17 +0000] "GET /?path=//sys/bus/memory/devices/memory14/node0/memory16/node0/cpu1/driver/cpu4/firmware_node/physical_node/subsystem/drivers/processor/cpu2/firmware_node/subsystem/devices/PNP0A03:00/physical_node/pci_bus/0000:00/device/0000:00:04.0/driver/module/drivers/pci:nvme/0000:00:1e.0/nvme/nvme1/device/nvme/nvme1/nvme1n1/holders/md0/md/rd0/block/holders/md0/slaves/nvme2n1/mq/0 HTTP/1.1" 200 3560 "-" "Amazon CloudFront"
64.252.67.164 - - [03/Sep/2026:03:23:20 +0000] "GET /?path=//sys/bus/memory/devices/memory1/node0/memory30/node0/cpu6/firmware_node/subsystem/devices/device:21/physical_node/driver/module/drivers/pci:nvme/0000:00:1f.0/driver/0000:00:1f.0/firmware_node/physical_node/nvme/nvme2/subsystem/nvme1/device/nvme/nvme1/nvme1n1/holders/md0/md/dev-nvme2n1/block/device/nvme2n1/holders/md0/md/dev-nvme1n1/block/integrity HTTP/1.1" 200 3610 "-" "Amazon CloudFront"
64.252.71.147 - - [03/Sep/2026:03:23:22 +0000] "GET /prizes/127391632?fileloc=/sbin/pam_console_apply&path=/sbin HTTP/1.1" 200 2548 "-" "Amazon CloudFront"
64.252.71.147 - - [03/Sep/2026:03:23:22 +0000] "GET /prizes/298880773?pilihan&path=/s3/19067baf7749460aa7bff8926a9c8636 HTTP/1.1" 200 2875 "-" "Amazon CloudFront"
64.252.67.164 - - [03/Sep/2026:03:23:24 +0000] "GET /products/detail/208628339?path=//sys/bus/node/devices/node0/cpu1/driver/cpu7/driver/cpu2/node0/cpu4/firmware_node/subsystem/devices/PNP0A03:00/physical_node/0000:00:1e.0/subsystem/drivers/nvme/0000:00:1e.0/nvme/nvme1/nvme1n1/holders/md0/md/rd1/block/holders/md0/slaves/nvme1n1/mq/1/cpu1 HTTP/1.1" 200 2916 "-" "Amazon CloudFront"
64.252.72.118 - - [03/Sep/2026:03:23:26 +0000] "GET /products/detail/219385814?path=/var/www/volumes/98470003a68b4a2e8cd31e92c7bd5508 HTTP/1.1" 200 2642 "-" "Amazon CloudFront"
64.252.68.74 - - [03/Sep/2026:03:23:28 +0000] "GET /products/detail/208628339?path=//sys/bus/node/devices/node0/cpu1/driver/cpu7/driver/cpu2/node0/cpu4/firmware_node/subsystem/devices/PNP0A03:00/physical_node/0000:00:04.0/nvme/nvme0/device/nvme/nvme0/nvme0n1/nvme0n1p128/subsystem/nvme2n1/holders/md0/md/dev-nvme1n1/block/holders/md0/md/dev-nvme1n1 HTTP/1.1" 200 3735 "-" "Amazon CloudFront"
64.252.66.61 - - [03/Sep/2026:03:23:32 +0000] "GET /?path=//sys/class/thermal/cooling_device3/device/physical_node/node0/memory28/node0/cpu5/firmware_node/subsystem/devices/PNP0A03:00/physical_node/pci_bus/0000:00/device/firmware_node/device:0f/subsystem/drivers/button/LNXSLPBN:00/driver/LNXSLPBN:00/driver/LNXPWRBN:00 HTTP/1.1" 200 3480 "-" "Amazon CloudFront"
64.252.67.164 - - [03/Sep/2026:03:23:36 +0000] "GET /?path=//sys/class/thermal/cooling_device3/device/physical_node/node0/memory28/node0/cpu5/firmware_node/subsystem/devices/PNP0A03:00/physical_node/pci_bus/0000:00/device/firmware_node/device:1d/subsystem/drivers/button/LNXPWRBN:00/driver/LNXSLPBN:00/input/input4/id HTTP/1.1" 200 3326 "-" "Amazon CloudFront"
64.252.68.74 - - [03/Sep/2026:03:23:40 +0000] "GET /?path=//sys/bus/node/devices/node0/memory2/node0/cpu4/driver/cpu1/driver/cpu2/subsystem/drivers/processor/cpu2/firmware_node/physical_node/firmware_node/subsystem/devices/LNXSYBUS:00/PNP0A03:00/physical_node/0000:00:1f.0/nvme/nvme2/nvme2n1/holders/md0/md/dev-nvme1n1/block/holders/md0/md/dev-nvme1n1/block/device/device/nvme/nvme1 HTTP/1.1" 200 4035 "-" "Amazon CloudFront"
64.252.66.61 - - [03/Sep/2026:03:23:45 +0000] "GET /?path=//sys/bus/node/devices/node0/memory2/node0/cpu4/driver/cpu1/driver/cpu2/subsystem/drivers/processor/cpu2/firmware_node/physical_node/firmware_node/subsystem/devices/LNXSYBUS:00/PNP0A03:00/physical_node/0000:00:1f.0/nvme/nvme2/nvme2n1/holders/md0/md/dev-nvme1n1/block/holders/md0/md/dev-nvme2n1/block/device/nvme2n1/mq/7/cpu7 HTTP/1.1" 200 3029 "-" "Amazon CloudFront"
64.252.68.74 - - [03/Sep/2026:03:23:48 +0000] "GET /products/detail/208628339?path=//sys/bus/node/devices/node0/cpu1/driver/cpu7/driver/cpu2/node0/cpu4/firmware_node/subsystem/devices/PNP0A03:00/device:21/physical_node/nvme/nvme2/device/nvme/nvme2/nvme2n1/holders/md0/md/dev-nvme2n1/block/holders/md0/slaves/nvme1n1/device/nvme1n1 HTTP/1.1" 200 4218 "-" "Amazon CloudFront"
64.252.66.102 - - [03/Sep/2026:03:23:52 +0000] "GET /?path=//sys/bus/memory/devices/memory1/node0/memory30/node0/cpu6/firmware_node/subsystem/devices/device:21/physical_node/driver/module/drivers/pci:nvme/0000:00:1e.0/driver/0000:00:04.0/firmware_node/physical_node/subsystem/drivers/nvme/0000:00:1f.0/nvme/nvme2/nvme2n1/holders/md0/md/rd0/block/holders/md0/md/rd0/block/device/nvme1n1/power HTTP/1.1" 200 3557 "-" "Amazon CloudFront"
64.252.66.102 - - [03/Sep/2026:03:23:57 +0000] "GET /?path=//sys/bus/memory/devices/memory1/node0/memory30/node0/cpu6/firmware_node/subsystem/devices/device:21/physical_node/driver/module/drivers/pci:nvme/0000:00:1e.0/driver/0000:00:04.0/firmware_node/physical_node/subsystem/drivers/nvme/0000:00:1f.0/nvme/nvme2/nvme2n1/holders/md0/md/rd0/block/holders/md0/md/rd0/block/device/nvme1n1/bdi HTTP/1.1" 200 3666 "-" "Amazon CloudFront"
64.252.68.74 - - [03/Sep/2026:03:24:00 +0000] "GET /products/detail/272703723?path=//sys/devices/pci0000:00/firmware_node/physical_node/pci_bus/0000:00/device/firmware_node/physical_node/0000:00:00.0/subsystem/drivers/nvme/module/drivers/pci:nvme/0000:00:1e.0/nvme/nvme1/nvme1n1/holders/md0/md/dev-nvme2n1/block/holders/md0/md/rd0/block/device/subsystem/nvme0/nvme0n1/bdi/power HTTP/1.1" 200 3470 "-" "Amazon CloudFront"
64.252.67.164 - - [03/Sep/2026:03:24:05 +0000] "GET /?path=//sys/class/thermal/cooling_device3/device/physical_node/node0/memory0/node0/cpu0/firmware_node/subsystem/devices/device:17/subsystem/devices/device:06/physical_node/driver/0000:00:1f.0/driver/0000:00:1e.0/nvme/nvme1/device/nvme/nvme1/nvme1n1/holders/md0/md/dev-nvme1n1/block/holders/md0/md/rd1/block/bdi/power HTTP/1.1" 200 3523 "-" "Amazon CloudFront"
64.252.66.61 - - [03/Sep/2026:03:24:08 +0000] "GET /products/detail/208628339?path=//sys/bus/node/devices/node0/cpu1/driver/cpu7/driver/cpu2/node0/cpu4/firmware_node/subsystem/devices/PNP0A03:00/physical_node/0000:00:04.0/subsystem/drivers/nvme/0000:00:1e.0/nvme/nvme1/nvme1n1/holders/md0/md/dev-nvme2n1/block/holders/md0/slaves/nvme2n1/power HTTP/1.1" 200 3436 "-" "Amazon CloudFront"
64.252.66.61 - - [03/Sep/2026:03:24:12 +0000] "GET /products/detail/208628339?path=//sys/bus/node/devices/node0/cpu1/driver/cpu7/driver/cpu2/node0/cpu4/firmware_node/thermal_cooling/device/physical_node/firmware_node/thermal_cooling/device/subsystem/devices/device:20/physical_node/nvme/nvme1/nvme1n1/subsystem/nvme2n1/holders/md0/md/rd1/block/holders/md0/slaves/nvme1n1 HTTP/1.1" 200 4258 "-" "Amazon CloudFront"
64.252.66.61 - - [03/Sep/2026:03:24:16 +0000] "GET /products/detail/208628339?path=//sys/bus/node/devices/node0/cpu1/driver/cpu7/driver/cpu2/node0/cpu1/firmware_node/thermal_cooling/device/physical_node/firmware_node/subsystem/devices/device:06/physical_node/nvme/nvme0/nvme0n1/nvme0n1p128/subsystem/nvme2n1/holders/md0/md/rd0/block/mq/6/cpu6 HTTP/1.1" 200 2937 "-" "Amazon CloudFront"
64.252.66.102 - - [03/Sep/2026:03:24:20 +0000] "GET /products/detail/208628339?path=//sys/bus/node/devices/node0/cpu1/driver/cpu7/driver/cpu2/node0/cpu1/firmware_node/thermal_cooling/subsystem/cooling_device3/device/subsystem/devices/PNP0A03:00/physical_node/0000:00:1e.0/nvme/nvme1/nvme1n1/device/nvme1n1/holders/md0/md/dev-nvme2n1/block/holders/md0/md/dev-nvme2n1/block/slaves HTTP/1.1" 200 2968 "-" "Amazon CloudFront"
64.252.66.102 - - [03/Sep/2026:03:24:25 +0000] "GET /products/detail/208628339?path=//sys/bus/node/devices/node0/cpu1/driver/cpu7/driver/cpu2/node0/cpu4/firmware_node/subsystem/devices/LNXSYSTM:00/LNXSYBUS:00/PNP0A03:00/device:20/physical_node/nvme/nvme1/device/nvme/nvme1/nvme1n1/device/nvme1n1/holders/md0/subsystem/md0/slaves/nvme2n1/integrity HTTP/1.1" 200 3500 "-" "Amazon CloudFront"
64.252.66.102 - - [03/Sep/2026:03:24:29 +0000] "GET /?path=//sys/bus/memory/devices/memory1/node0/memory7/node0/cpu1/subsystem/drivers/processor/cpu5/firmware_node/subsystem/devices/PNP0A03:00/physical_node/firmware_node/device:20/physical_node/driver/0000:00:1f.0/nvme/nvme2/nvme2n1/device/device/nvme/nvme2/nvme2n1/holders/md0/md/rd0/block/holders/md0/md/rd0/block/bdi/power HTTP/1.1" 200 3544 "-" "Amazon CloudFront"
64.252.67.164 - - [03/Sep/2026:03:24:32 +0000] "GET /products/detail/208628339?path=//sys/bus/node/devices/node0/cpu1/driver/cpu7/driver/cpu2/node0/cpu1/firmware_node/thermal_cooling/subsystem/cooling_device3/device/subsystem/devices/PNP0A03:00/physical_node/0000:00:1e.0/nvme/nvme1/nvme1n1/device/nvme1n1/holders/md0/md/dev-nvme2n1/block/holders/md0/md/dev-nvme2n1/block/integrity HTTP/1.1" 200 3538 "-" "Amazon CloudFront"
64.252.66.61 - - [03/Sep/2026:03:24:36 +0000] "GET /products/detail/208628339?path=//sys/bus/node/devices/node0/cpu1/driver/cpu7/driver/cpu2/node0/cpu4/firmware_node/subsystem/devices/PNP0A03:00/physical_node/0000:00:04.0/nvme/nvme0/nvme0n1/subsystem/nvme1n1/holders/md0/md/dev-nvme1n1/block/device/nvme1n1/holders/md0/slaves/nvme2n1/integrity HTTP/1.1" 200 3503 "-" "Amazon CloudFront"
64.252.68.74 - - [03/Sep/2026:03:24:40 +0000] "GET /products/detail/208628339?path=//sys/bus/node/devices/node0/cpu1/driver/cpu7/driver/cpu2/node0/cpu1/firmware_node/thermal_cooling/subsystem/cooling_device3/device/subsystem/devices/PNP0A03:00/physical_node/0000:00:1e.0/nvme/nvme1/nvme1n1/device/nvme1n1/holders/md0/md/dev-nvme2n1/block/holders/md0/md/dev-nvme2n1/block/queue HTTP/1.1" 200 4766 "-" "Amazon CloudFront"
64.252.66.102 - - [03/Sep/2026:03:24:44 +0000] "GET /products/detail/208628339?path=//sys/bus/node/devices/node0/cpu1/driver/cpu7/driver/cpu2/node0/cpu1/firmware_node/thermal_cooling/device/physical_node/firmware_node/subsystem/devices/device:06/physical_node/nvme/nvme0/nvme0n1/device/nvme0n1/subsystem/md0/slaves/nvme1n1/holders/md0/md/dev-nvme1n1/block/mq/2 HTTP/1.1" 200 3353 "-" "Amazon CloudFront"
64.252.68.74 - - [03/Sep/2026:03:24:48 +0000] "GET /products/detail/208628339?path=//sys/bus/node/devices/node0/cpu1/driver/cpu7/driver/cpu2/node0/cpu1/firmware_node/thermal_cooling/device/physical_node/firmware_node/subsystem/devices/device:06/physical_node/nvme/nvme0/nvme0n1/nvme0n1p128/subsystem/nvme2n1/holders/md0/md/rd0/block/device/nvme1n1/mq HTTP/1.1" 200 3445 "-" "Amazon CloudFront"
64.252.68.74 - - [03/Sep/2026:03:24:53 +0000] "GET /products/detail/208628339?path=//sys/bus/node/devices/node0/cpu1/driver/cpu7/driver/cpu2/node0/cpu4/firmware_node/thermal_cooling/device/physical_node/firmware_node/thermal_cooling/device/subsystem/devices/PNP0A03:00/device:20/physical_node/nvme/nvme1/nvme1n1/holders/md0/md/rd1/block/holders/md0/slaves/nvme2n1/slaves HTTP/1.1" 200 2969 "-" "Amazon CloudFront"
64.252.66.61 - - [03/Sep/2026:03:24:58 +0000] "GET /?path=//sys/class/thermal/cooling_device3/device/physical_node/node0/memory28/node0/cpu5/firmware_node/subsystem/devices/PNP0A03:00/physical_node/pci_bus/0000:00/device/0000:00:1f.0/driver/module/drivers/pci:nvme/0000:00:1e.0/firmware_node/subsystem/devices/LNXSYSTM:00/LNXSYBUS:00/LNXCPU:05 HTTP/1.1" 200 3677 "-" "Amazon CloudFront"
64.252.66.61 - - [03/Sep/2026:03:25:01 +0000] "GET /?path=//sys/class/thermal/cooling_device3/device/physical_node/node0/memory28/node0/cpu5/firmware_node/subsystem/devices/PNP0A03:00/physical_node/pci_bus/0000:00/device/0000:00:1f.0/driver/module/drivers/pci:nvme/0000:00:1e.0/firmware_node/subsystem/devices/LNXSYSTM:00/LNXSYBUS:00/PNP0C0F:02 HTTP/1.1" 200 3547 "-" "Amazon CloudFront"
64.252.66.102 - - [03/Sep/2026:03:25:04 +0000] "GET /?path=//sys/bus/node/devices/node0/memory2/node0/cpu4/driver/cpu1/driver/cpu2/subsystem/drivers/processor/cpu2/firmware_node/physical_node/firmware_node/subsystem/devices/LNXSYBUS:00/PNP0A03:00/physical_node/0000:00:1f.0/nvme/nvme2/nvme2n1/holders/md0/md/dev-nvme1n1/block/device/nvme1n1/device/nvme1n1/holders/md0/md/dev-nvme1n1/block/integrity HTTP/1.1" 200 3601 "-" "Amazon CloudFront"
64.252.66.61 - - [03/Sep/2026:03:25:09 +0000] "GET /products/detail/208628339?path=//sys/bus/node/devices/node0/cpu1/driver/cpu7/driver/cpu2/node0/cpu4/firmware_node/subsystem/devices/PNP0A03:00/device:21/physical_node/nvme/nvme2/nvme2n1/device/subsystem/nvme1/device/nvme/nvme1/nvme1n1/holders/md0/md/rd0/block/queue HTTP/1.1" 200 4650 "-" "Amazon CloudFront"
64.252.66.61 - - [03/Sep/2026:03:25:12 +0000] "GET /?path=//sys/bus/memory/devices/memory1/node0/memory7/node0/cpu1/subsystem/drivers/processor/cpu5/firmware_node/subsystem/devices/PNP0A03:00/physical_node/firmware_node/device:20/physical_node/driver/0000:00:1f.0/nvme/nvme2/device/driver/0000:00:1e.0/nvme/nvme1/nvme1n1/holders/md0/md/dev-nvme2n1/block/holders/md0/md/dev-nvme1n1/block/device/nvme1n1/mq/5 HTTP/1.1" 200 3507 "-" "Amazon CloudFront"
64.252.68.74 - - [03/Sep/2026:03:25:16 +0000] "GET /?path=//sys/bus/memory/devices/memory1/node0/memory30/node0/cpu6/firmware_node/subsystem/devices/device:21/physical_node/driver/module/drivers/pci:nvme/0000:00:1f.0/driver/0000:00:1e.0/nvme/nvme1/nvme1n1/holders/md0/md/rd0/block/device/device/nvme/nvme1/subsystem/nvme2/nvme2n1/holders/md0/slaves/nvme1n1/mq/3/cpu3 HTTP/1.1" 200 3023 "-" "Amazon CloudFront"
64.252.67.164 - - [03/Sep/2026:03:25:20 +0000] "GET /products/detail/208628339?path=//sys/bus/node/devices/node0/cpu1/driver/cpu7/driver/cpu2/node0/cpu1/firmware_node/thermal_cooling/device/physical_node/firmware_node/subsystem/devices/device:06/physical_node/nvme/nvme0/nvme0n1/device/nvme0n1/nvme0n1p1/subsystem/nvme1n1/holders/md0/slaves/nvme2n1/holders/md0/slaves HTTP/1.1" 200 3243 "-" "Amazon CloudFront"
64.252.68.74 - - [03/Sep/2026:03:25:24 +0000] "GET /products/detail/208628339?path=//sys/bus/node/devices/node0/cpu1/driver/cpu7/driver/cpu2/node0/cpu4/firmware_node/subsystem/devices/PNP0A03:00/physical_node/0000:00:05.0/subsystem/drivers/nvme/0000:00:1e.0/firmware_node/physical_node/nvme/nvme1/nvme1n1/device/nvme1n1/holders/md0/md/dev-nvme2n1/block/holders/md0/integrity HTTP/1.1" 200 3533 "-" "Amazon CloudFront"
64.252.68.74 - - [03/Sep/2026:03:25:29 +0000] "GET /?path=//sys/class/thermal/cooling_device3/device/physical_node/node0/memory28/node0/cpu5/firmware_node/subsystem/devices/PNP0A03:00/physical_node/pci_bus/0000:00/device/0000:00:1e.0/driver/module/drivers/pci:nvme/0000:00:1e.0/firmware_node/subsystem/devices/LNXSYBUS:00/PNP0A03:00/device:1b HTTP/1.1" 200 3518 "-" "Amazon CloudFront"
64.252.68.74 - - [03/Sep/2026:03:25:33 +0000] "GET /?path=//sys/bus/memory/devices/memory1/node0/memory7/node0/cpu1/subsystem/drivers/processor/cpu5/firmware_node/subsystem/devices/PNP0A03:00/physical_node/firmware_node/physical_node/0000:00:1e.0/driver/module/drivers/pci:nvme/0000:00:1e.0/nvme/nvme1/nvme1n1/holders/md0/md/dev-nvme2n1/block/device/nvme2n1/holders/md0/slaves/nvme1n1/trace HTTP/1.1" 200 3527 "-" "Amazon CloudFront"
64.252.66.102 - - [03/Sep/2026:03:25:37 +0000] "GET /?path=//sys/class/thermal/cooling_device3/device/physical_node/node0/memory28/node0/cpu5/firmware_node/subsystem/devices/PNP0A03:00/physical_node/pci_bus/0000:00/device/0000:00:1e.0/driver/module/drivers/pci:nvme/0000:00:1e.0/firmware_node/subsystem/devices/LNXSYBUS:00/PNP0A03:00/device:18 HTTP/1.1" 200 3518 "-" "Amazon CloudFront"
64.252.66.61 - - [03/Sep/2026:03:25:41 +0000] "GET /?path=//sys/bus/memory/devices/memory8/node0/cpu4/node0/cpu2/firmware_node/subsystem/devices/PNP0A03:00/physical_node/0000:00:05.0/net/eth0/device/driver/0000:00:05.0/net/eth0/device/firmware_node/physical_node/subsystem/drivers/nvme/0000:00:04.0/driver/0000:00:1e.0/nvme/nvme1/nvme1n1/holders/md0/slaves/nvme1n1/mq/5/cpu5 HTTP/1.1" 200 3004 "-" "Amazon CloudFront"
64.252.68.74 - - [03/Sep/2026:03:25:45 +0000] "GET /?path=//sys/bus/node/devices/node0/memory2/node0/cpu4/driver/cpu1/driver/cpu2/subsystem/drivers/processor/cpu2/firmware_node/physical_node/firmware_node/subsystem/devices/LNXSYBUS:00/PNP0A03:00/physical_node/0000:00:1f.0/nvme/nvme2/nvme2n1/holders/md0/md/dev-nvme1n1/block/holders/md0/md/dev-nvme2n1/block/device/nvme2n1/mq/1/cpu1 HTTP/1.1" 200 3022 "-" "Amazon CloudFront"
64.252.67.164 - - [03/Sep/2026:03:25:49 +0000] "GET /products/detail/208628339?path=//sys/bus/node/devices/node0/cpu1/driver/cpu7/driver/cpu2/node0/cpu4/firmware_node/thermal_cooling/device/physical_node/firmware_node/thermal_cooling/device/subsystem/devices/PNP0A03:00/device:20/physical_node/nvme/nvme1/nvme1n1/subsystem/nvme2n1/holders/md0/md/dev-nvme1n1/block/holders/md0/power HTTP/1.1" 200 3480 "-" "Amazon CloudFront"
64.252.67.164 - - [03/Sep/2026:03:25:53 +0000] "GET /?path=//sys/class/thermal/cooling_device3/device/physical_node/node0/memory28/node0/cpu5/firmware_node/subsystem/devices/PNP0A03:00/physical_node/pci_bus/0000:00/device/0000:00:1e.0/driver/module/drivers/pci:nvme/0000:00:1e.0/firmware_node/subsystem/devices/LNXSYBUS:00/PNP0A03:00/device:1a HTTP/1.1" 200 3518 "-" "Amazon CloudFront"
64.252.66.102 - - [03/Sep/2026:03:25:56 +0000] "GET /products/detail/208628339?path=//sys/bus/node/devices/node0/cpu1/driver/cpu7/driver/cpu2/node0/cpu4/firmware_node/subsystem/devices/device:06/physical_node/nvme/nvme0/nvme0n1/subsystem/md0/md/dev-nvme1n1/block/holders/md0/md/dev-nvme1n1/block/device/nvme1n1/device/nvme1n1/mq/1 HTTP/1.1" 200 3362 "-" "Amazon CloudFront"
64.252.66.102 - - [03/Sep/2026:03:26:01 +0000] "GET /?path=//sys/class/thermal/cooling_device3/device/physical_node/node0/cpu1/driver/cpu0/node0/cpu2/firmware_node/subsystem/devices/LNXSYSTM:00/LNXSYBUS:00/PNP0C0F:04/subsystem/devices/PNP0A03:00/physical_node/pci_bus/0000:00/device/0000:00:1f.0/driver/module/drivers/pci:nvme/module/drivers/pci:nvme/0000:00:1f.0/nvme/nvme2/nvme2n1/holders/md0/slaves/nvme2n1/holders/md0/md/rd0/block/mq/3 HTTP/1.1" 200 3592 "-" "Amazon CloudFront"
64.252.67.164 - - [03/Sep/2026:03:26:04 +0000] "GET /?path=//sys/class/thermal/cooling_device3/device/physical_node/node0/cpu0/node0/cpu4/firmware_node/subsystem/devices/device:02/PNP0303:00/subsystem/devices/device:20/physical_node/nvme/nvme1/device/driver/0000:00:1f.0/driver/0000:00:1f.0/nvme/nvme2/nvme2n1/holders/md0/md/dev-nvme1n1/block/holders/md0/md/dev-nvme2n1/block/mq/4/cpu4 HTTP/1.1" 200 3018 "-" "Amazon CloudFront"
64.252.66.102 - - [03/Sep/2026:03:26:08 +0000] "GET /products/detail/208628339?path=//sys/bus/node/devices/node0/cpu1/driver/cpu7/driver/cpu2/node0/cpu1/firmware_node/thermal_cooling/device/physical_node/firmware_node/subsystem/devices/PNP0A03:00/physical_node/0000:00:1e.0/nvme/nvme1/nvme1n1/holders/md0/md/rd1/block/device/subsystem/nvme1/nvme1n1/mq/0 HTTP/1.1" 200 3387 "-" "Amazon CloudFront"
64.252.66.102 - - [03/Sep/2026:03:26:12 +0000] "GET /?path=//sys/class/thermal/cooling_device3/device/physical_node/node0/memory28/node0/cpu5/firmware_node/subsystem/devices/LNXSYBUS:00/PNP0A03:00/device:1b/subsystem/devices/LNXSYBUS:00/PNP0A03:00/device:21/physical_node/driver/module/drivers/pci:nvme/0000:00:04.0/driver/0000:00:1e.0/nvme/nvme1/nvme1n1/holders/md0/slaves/nvme1n1/holders/md0/md/rd1/block/device/nvme2n1/trace HTTP/1.1" 200 3566 "-" "Amazon CloudFront"
64.252.66.61 - - [03/Sep/2026:03:26:17 +0000] "GET /?path=//sys/bus/node/devices/node0/memory25/node0/cpu1/driver/cpu4/firmware_node/subsystem/devices/device:21/physical_node/firmware_node/physical_node/driver/0000:00:1e.0/subsystem/drivers/nvme/module/drivers/pci:nvme/0000:00:1e.0/nvme/nvme1/nvme1n1/device/nvme1n1/holders/md0/md/dev-nvme2n1/block/holders/md0/md/rd1/block/device/nvme2n1/mq/4/cpu4 HTTP/1.1" 200 3033 "-" "Amazon CloudFront"
64.252.66.61 - - [03/Sep/2026:03:26:21 +0000] "GET /?path=//sys/bus/memory/devices/memory1/node0/memory7/node0/cpu1/subsystem/drivers/processor/cpu5/firmware_node/subsystem/devices/PNP0A03:00/physical_node/firmware_node/physical_node/0000:00:1e.0/driver/module/drivers/pci:nvme/0000:00:1e.0/nvme/nvme1/nvme1n1/holders/md0/slaves/nvme1n1/holders/md0/md/rd0/block/device/device/driver/module/sections HTTP/1.1" 200 4382 "-" "Amazon CloudFront"
64.252.68.74 - - [03/Sep/2026:03:26:25 +0000] "GET /?path=//sys/class/thermal/cooling_device3/device/physical_node/node0/memory28/node0/cpu5/firmware_node/subsystem/devices/PNP0A03:00/physical_node/pci_bus/0000:00/device/0000:00:05.0/subsystem/drivers/nvme/module/drivers/pci:nvme/0000:00:1e.0/driver/0000:00:1e.0/driver/module/notes HTTP/1.1" 200 3228 "-" "Amazon CloudFront"
64.252.66.61 - - [03/Sep/2026:03:26:29 +0000] "GET /?path=//sys/class/thermal/cooling_device3/device/physical_node/node0/memory28/node0/cpu5/firmware_node/subsystem/devices/PNP0A03:00/physical_node/pci_bus/0000:00/device/0000:00:04.0/subsystem/drivers/nvme/0000:00:04.0/driver/0000:00:1f.0/nvme/nvme2/nvme2n1/mq/7/cpu7 HTTP/1.1" 200 2926 "-" "Amazon CloudFront"
64.252.67.164 - - [03/Sep/2026:03:26:33 +0000] "GET /?path=//sys/class/thermal/cooling_device3/device/physical_node/node0/memory29/node0/cpu4/driver/cpu2/driver/cpu1/firmware_node/subsystem/devices/device:10/subsystem/devices/LNXSYBUS:00/PNP0A03:00/device:20/physical_node/nvme/nvme1/nvme1n1/holders/md0/md/dev-nvme2n1/block/holders/md0/md/dev-nvme1n1/block/mq/5/cpu5 HTTP/1.1" 200 3009 "-" "Amazon CloudFront"
64.252.66.61 - - [03/Sep/2026:03:26:36 +0000] "GET /products/detail/208628339?path=//sys/bus/node/devices/node0/cpu1/driver/cpu7/driver/cpu2/node0/cpu4/firmware_node/subsystem/devices/PNP0A03:00/physical_node/0000:00:1f.0/nvme/nvme2/subsystem/nvme2/nvme2n1/holders/md0/md/rd0/block/device/nvme1n1/holders/md0/slaves/nvme1n1/trace HTTP/1.1" 200 3402 "-" "Amazon CloudFront"
64.252.66.102 - - [03/Sep/2026:03:26:41 +0000] "GET /?path=//sys/class/thermal/cooling_device3/device/physical_node/node0/memory28/node0/cpu5/firmware_node/subsystem/devices/PNP0A03:00/physical_node/pci_bus/0000:00/device/0000:00:01.0/subsystem/drivers/nvme/0000:00:1e.0/driver/module/drivers/pci:nvme/0000:00:1e.0/driver/module/sections HTTP/1.1" 200 4127 "-" "Amazon CloudFront"
64.252.66.61 - - [03/Sep/2026:03:26:45 +0000] "GET /?path=//sys/class/thermal/cooling_device3/device/physical_node/node0/memory28/node0/cpu5/firmware_node/subsystem/devices/PNP0A03:00/physical_node/pci_bus/0000:00/device/0000:00:04.0/subsystem/drivers/nvme/0000:00:04.0/driver/0000:00:1f.0/driver/0000:00:1f.0/nvme/nvme2/nvme2n1/integrity HTTP/1.1" 200 3486 "-" "Amazon CloudFront"
64.252.68.74 - - [03/Sep/2026:03:26:48 +0000] "GET /products/detail/208628339?path=//sys/bus/node/devices/node0/cpu1/driver/cpu7/driver/cpu2/node0/cpu4/firmware_node/thermal_cooling/device/physical_node/firmware_node/thermal_cooling/device/subsystem/devices/LNXSYSTM:00/LNXSYBUS:00/PNP0A03:00/device:21/physical_node/nvme/nvme2/nvme2n1/holders/md0/slaves/nvme2n1/subsystem/nvme1n1/holders/md0/md/rd1 HTTP/1.1" 200 3863 "-" "Amazon CloudFront"
64.252.67.164 - - [03/Sep/2026:03:26:53 +0000] "GET /?path=//sys/class/thermal/cooling_device3/device/physical_node/node0/memory28/node0/cpu5/firmware_node/subsystem/devices/PNP0A03:00/physical_node/pci_bus/0000:00/device/0000:00:1f.0/driver/0000:00:04.0/driver/0000:00:1f.0/nvme/nvme2/subsystem/nvme2/nvme2n1/holders/md0 HTTP/1.1" 200 4104 "-" "Amazon CloudFront"
64.252.67.164 - - [03/Sep/2026:03:26:56 +0000] "GET /?path=//sys/class/thermal/cooling_device3/device/physical_node/node0/cpu1/driver/cpu0/node0/cpu2/firmware_node/subsystem/devices/LNXSYSTM:00/LNXSYBUS:00/PNP0C0F:02/subsystem/devices/LNXSYSTM:00/LNXSYBUS:00/PNP0A03:00/physical_node/0000:00:1e.0/driver/module/drivers/pci:nvme/module/drivers/pci:nvme/0000:00:1e.0/nvme/nvme1/nvme1n1/holders/md0/slaves/nvme1n1/integrity HTTP/1.1" 200 3615 "-" "Amazon CloudFront"
64.252.68.74 - - [03/Sep/2026:03:27:00 +0000] "GET /products/detail/208628339?path=//sys/bus/node/devices/node0/cpu1/driver/cpu7/driver/cpu2/node0/cpu4/firmware_node/subsystem/devices/PNP0A03:00/physical_node/0000:00:04.0/firmware_node/physical_node/nvme/nvme0/device/nvme/nvme0/subsystem/nvme2/nvme2n1/holders/md0/slaves/nvme1n1/holders/md0/slaves/nvme1n1 HTTP/1.1" 200 4224 "-" "Amazon CloudFront"
64.252.67.164 - - [03/Sep/2026:03:27:05 +0000] "GET /?path=//sys/class/thermal/cooling_device3/device/physical_node/node0/memory28/node0/cpu5/firmware_node/subsystem/devices/PNP0A03:00/physical_node/pci_bus/0000:00/device/0000:00:05.0/subsystem/drivers/nvme/module/drivers/pci:nvme/0000:00:04.0/driver/0000:00:1f.0/driver/0000:00:1f.0/msi_irqs HTTP/1.1" 200 3470 "-" "Amazon CloudFront"
64.252.68.74 - - [03/Sep/2026:03:27:08 +0000] "GET /products/detail/208628339?path=//sys/bus/node/devices/node0/cpu1/driver/cpu7/driver/cpu2/node0/cpu4/firmware_node/subsystem/devices/PNP0A03:00/physical_node/0000:00:04.0/nvme/nvme0/nvme0n1/subsystem/nvme1n1/holders/md0/md/dev-nvme1n1/block/holders/md0/slaves/nvme2n1/device/device/firmware_node/physical_node/power HTTP/1.1" 200 3455 "-" "Amazon CloudFront"
64.252.66.102 - - [03/Sep/2026:03:27:12 +0000] "GET /products/detail/208628339?path=//sys/bus/node/devices/node0/cpu1/driver/cpu7/driver/cpu2/node0/cpu1/firmware_node/thermal_cooling/device/physical_node/firmware_node/subsystem/devices/LNXSYBUS:00/PNP0A03:00/device:20/physical_node/nvme/nvme1/nvme1n1/holders/md0/slaves/nvme2n1/device/nvme2n1/subsystem/nvme0n1/integrity HTTP/1.1" 200 3518 "-" "Amazon CloudFront"
64.252.66.61 - - [03/Sep/2026:03:27:17 +0000] "GET /products/detail/272703723?path=//sys/devices/pci0000:00/firmware_node/physical_node/pci_bus/0000:00/device/firmware_node/physical_node/0000:00:00.0/subsystem/drivers/nvme/module/drivers/pci:nvme/0000:00:04.0/driver/0000:00:1e.0/nvme/nvme1/nvme1n1/holders/md0/md/rd0/block/device/subsystem/nvme1/nvme1n1/holders/md0/slaves/nvme2n1/bdi/power HTTP/1.1" 200 3483 "-" "Amazon CloudFront"
64.252.68.74 - - [03/Sep/2026:03:27:20 +0000] "GET /?path=//sys/class/thermal/cooling_device3/device/physical_node/node0/memory29/node0/cpu4/driver/cpu2/driver/cpu1/firmware_node/subsystem/devices/device:10/subsystem/devices/LNXSYSTM:00/LNXSYBUS:00/PNP0A03:00/physical_node/pci_bus/0000:00/device/0000:00:1e.0/nvme/nvme1/nvme1n1/holders/md0/md/dev-nvme1n1/block/holders/md0/md/dev-nvme2n1/block/trace HTTP/1.1" 200 3558 "-" "Amazon CloudFront"
64.252.68.74 - - [03/Sep/2026:03:27:24 +0000] "GET /products/detail/208628339?path=//sys/bus/node/devices/node0/cpu1/driver/cpu7/driver/cpu2/node0/cpu4/firmware_node/subsystem/devices/PNP0A03:00/physical_node/0000:00:04.0/nvme/nvme0/device/nvme/nvme0/subsystem/nvme1/nvme1n1/holders/md0/slaves/nvme1n1/power HTTP/1.1" 200 3376 "-" "Amazon CloudFront"
64.252.68.74 - - [03/Sep/2026:03:27:28 +0000] "GET /?path=//sys/class/thermal/cooling_device3/device/physical_node/node0/memory28/node0/cpu5/firmware_node/subsystem/devices/PNP0A03:00/physical_node/pci_bus/0000:00/device/0000:00:1e.0/driver/module/drivers/pci:nvme/module/drivers/pci:nvme/0000:00:1e.0/firmware_node/subsystem/devices/device:1a HTTP/1.1" 200 3515 "-" "Amazon CloudFront"
64.252.68.74 - - [03/Sep/2026:03:27:33 +0000] "GET /?path=//sys/class/thermal/cooling_device3/device/physical_node/node0/memory28/node0/cpu5/firmware_node/subsystem/devices/PNP0A03:00/physical_node/pci_bus/0000:00/device/0000:00:1e.0/driver/module/drivers/pci:nvme/0000:00:1e.0/firmware_node/subsystem/devices/PNP0A03:00/device:1c/power HTTP/1.1" 200 3409 "-" "Amazon CloudFront"
64.252.66.61 - - [03/Sep/2026:03:27:36 +0000] "GET /products/detail/208628339?path=//sys/bus/node/devices/node0/cpu1/driver/cpu7/driver/cpu2/node0/cpu1/firmware_node/thermal_cooling/subsystem/cooling_device1/device/subsystem/devices/LNXSYSTM:00/LNXSYBUS:00/PNP0A03:00/physical_node/0000:00:1f.0/nvme/nvme2/nvme2n1/holders/md0/slaves/nvme2n1/holders/md0/md/rd0/block/mq/1 HTTP/1.1" 200 3447 "-" "Amazon CloudFront"
64.252.68.74 - - [03/Sep/2026:03:27:41 +0000] "GET /?path=//sys/class/thermal/cooling_device3/device/physical_node/node0/memory28/node0/cpu5/firmware_node/subsystem/devices/PNP0A03:00/physical_node/pci_bus/0000:00/device/0000:00:04.0/subsystem/drivers/nvme/module/drivers/pci:nvme/0000:00:04.0/nvme/nvme0/nvme0n1/mq HTTP/1.1" 200 3218 "-" "Amazon CloudFront"
64.252.66.61 - - [03/Sep/2026:03:27:44 +0000] "GET /?path=//sys/bus/memory/devices/memory1/node0/memory7/node0/cpu1/subsystem/drivers/processor/cpu5/firmware_node/subsystem/devices/PNP0A03:00/physical_node/firmware_node/device:20/physical_node/driver/0000:00:1e.0/driver/0000:00:1e.0/nvme/nvme1/device/nvme/nvme1/nvme1n1/holders/md0/md/rd0/block/device/nvme1n1/holders/md0/md/rd1/block/power HTTP/1.1" 200 3550 "-" "Amazon CloudFront"
64.252.67.164 - - [03/Sep/2026:03:27:49 +0000] "GET /?path=//sys/class/thermal/cooling_device3/device/physical_node/node0/memory28/node0/cpu5/firmware_node/subsystem/devices/LNXSYSTM:00/LNXSYBUS:00/PNP0A03:00/physical_node/0000:00:04.0/driver/0000:00:1e.0/nvme/nvme1/device/driver/module/drivers/pci:nvme/0000:00:1f.0/nvme/nvme2/nvme2n1/holders/md0/slaves/nvme2n1/holders/md0/slaves/nvme1n1/bdi/subsystem/259:2/power HTTP/1.1" 200 3584 "-" "Amazon CloudFront"
64.252.66.102 - - [03/Sep/2026:03:27:53 +0000] "GET /?path=//sys/class/thermal/cooling_device3/device/physical_node/node0/memory28/node0/cpu5/firmware_node/subsystem/devices/PNP0A03:00/physical_node/pci_bus/0000:00/device/0000:00:1e.0/subsystem/devices/0000:00:1f.0/driver/0000:00:1e.0/nvme/nvme1/nvme1n1/mq/5 HTTP/1.1" 200 3343 "-" "Amazon CloudFront"
64.252.66.61 - - [03/Sep/2026:03:27:57 +0000] "GET /?path=//sys/bus/memory/devices/memory1/node0/memory28/node0/cpu2/driver/cpu4/firmware_node/subsystem/devices/PNP0A03:00/physical_node/0000:00:04.0/driver/0000:00:1f.0/subsystem/drivers/nvme/0000:00:1f.0/nvme/nvme2/nvme2n1/device/nvme2n1/holders/md0/md/rd0/block/device/nvme1n1/holders/md0/slaves/nvme1n1/integrity HTTP/1.1" 200 3562 "-" "Amazon CloudFront"
64.252.68.74 - - [03/Sep/2026:03:28:00 +0000] "GET /?path=//sys/class/thermal/cooling_device3/device/physical_node/node0/memory28/node0/cpu5/firmware_node/subsystem/devices/PNP0A03:00/physical_node/pci_bus/0000:00/device/0000:00:1f.0/driver/0000:00:04.0/driver/module/drivers/pci:nvme/0000:00:1e.0/nvme/nvme1/nvme1n1/mq HTTP/1.1" 200 3436 "-" "Amazon CloudFront"
64.252.66.102 - - [03/Sep/2026:03:28:05 +0000] "GET /?path=//sys/class/thermal/cooling_device3/device/physical_node/node0/memory28/node0/cpu5/firmware_node/subsystem/devices/PNP0A03:00/physical_node/pci_bus/0000:00/device/firmware_node/device:02/subsystem/devices/LNXSYSTM:00/LNXSLPBN:00/driver/LNXPWRBN:00/driver/LNXSLPBN:00/input/input4/id HTTP/1.1" 200 3357 "-" "Amazon CloudFront"
64.252.66.61 - - [03/Sep/2026:03:28:08 +0000] "GET /?path=//sys/bus/memory/devices/memory1/node0/memory28/node0/cpu2/driver/cpu4/firmware_node/subsystem/devices/PNP0A03:00/physical_node/0000:00:04.0/driver/0000:00:1f.0/subsystem/drivers/nvme/0000:00:1f.0/nvme/nvme2/nvme2n1/device/nvme2n1/holders/md0/md/rd0/block/device/nvme1n1/holders/md0/slaves/nvme1n1/mq HTTP/1.1" 200 3480 "-" "Amazon CloudFront"
64.252.66.61 - - [03/Sep/2026:03:28:13 +0000] "GET /?path=//sys/class/thermal/cooling_device3/device/physical_node/node0/cpu1/driver/cpu0/node0/cpu2/firmware_node/subsystem/devices/LNXSYBUS:00/subsystem/devices/PNP0A03:00/physical_node/0000:00:1e.0/driver/module/drivers/pci:nvme/module/drivers/pci:nvme/0000:00:1e.0/nvme/nvme1/nvme1n1/device/nvme1n1/holders/md0/md/dev-nvme2n1/block/holders/md0/md/dev-nvme2n1/block/mq/5/cpu5 HTTP/1.1" 200 3067 "-" "Amazon CloudFront"
64.252.67.164 - - [03/Sep/2026:03:28:16 +0000] "GET /?path=//sys/class/thermal/cooling_device3/device/physical_node/node0/cpu1/driver/cpu0/node0/cpu2/firmware_node/subsystem/devices/PNP0303:00/subsystem/devices/LNXSYBUS:00/PNP0A03:00/physical_node/0000:00:1e.0/driver/module/drivers/pci:nvme/module/drivers/pci:nvme/0000:00:1f.0/nvme/nvme2/nvme2n1/holders/md0/md/rd0/block/device/nvme1n1/holders/md0/power HTTP/1.1" 200 3576 "-" "Amazon CloudFront"
64.252.66.102 - - [03/Sep/2026:03:28:20 +0000] "GET /?path=//sys/bus/memory/devices/memory1/node0/memory28/node0/cpu2/driver/cpu4/firmware_node/subsystem/devices/PNP0A03:00/physical_node/0000:00:04.0/nvme/nvme0/nvme0n1/nvme0n1p1/subsystem/md0/md/dev-nvme2n1/block/device/device/driver/module/drivers/pci:nvme/module/drivers/pci:nvme/0000:00:1e.0/firmware_node/physical_node/nvme/nvme1/nvme1n1/mq/4/cpu4 HTTP/1.1" 200 3032 "-" "Amazon CloudFront"
64.252.66.102 - - [03/Sep/2026:03:28:24 +0000] "GET /?path=//sys/class/thermal/cooling_device3/device/physical_node/node0/memory28/node0/cpu5/firmware_node/subsystem/devices/PNP0A03:00/physical_node/pci_bus/0000:00/device/0000:00:1f.0/driver/0000:00:04.0/driver/0000:00:1f.0/firmware_node/subsystem/devices/LNXSYSTM:00/LNXSYBUS:00/PNP0A03:00/device:10 HTTP/1.1" 200 3472 "-" "Amazon CloudFront"
64.252.66.61 - - [03/Sep/2026:03:28:29 +0000] "GET /products/detail/208628339?path=//sys/bus/node/devices/node0/cpu1/driver/cpu7/driver/cpu2/node0/cpu1/firmware_node/thermal_cooling/device/physical_node/firmware_node/subsystem/devices/PNP0A03:00/physical_node/0000:00:01.0/subsystem/drivers/ena/module/drivers/pci:ena/0000:00:05.0/net/eth0/queues/rx-4 HTTP/1.1" 200 3277 "-" "Amazon CloudFront"
64.252.66.61 - - [03/Sep/2026:03:28:33 +0000] "GET /?path=//sys/class/thermal/cooling_device3/device/physical_node/node0/memory28/node0/cpu5/firmware_node/subsystem/devices/PNP0A03:00/physical_node/pci_bus/0000:00/device/0000:00:04.0/driver/0000:00:04.0/driver/0000:00:1f.0/nvme/nvme2/nvme2n1/bdi/subsystem/259:2 HTTP/1.1" 200 3504 "-" "Amazon CloudFront"
64.252.66.102 - - [03/Sep/2026:03:28:36 +0000] "GET /products/detail/208628339?path=//sys/bus/node/devices/node0/cpu1/driver/cpu7/driver/cpu2/node0/cpu4/firmware_node/subsystem/devices/LNXSYSTM:00/LNXSYBUS:00/PNP0A03:00/device:20/physical_node/nvme/nvme1/device/nvme/nvme1/nvme1n1/device/nvme1n1/holders/md0/slaves/nvme2n1/mq/6/cpu6 HTTP/1.1" 200 2936 "-" "Amazon CloudFront"
64.252.66.61 - - [03/Sep/2026:03:28:42 +0000] "GET /products/detail/208628339?path=//sys/bus/node/devices/node0/cpu1/driver/cpu7/driver/cpu2/node0/cpu4/firmware_node/subsystem/devices/PNP0A03:00/physical_node/firmware_node/physical_node/0000:00:04.0/nvme/nvme0/subsystem/nvme2/nvme2n1/device/nvme2n1/holders/md0/md/dev-nvme1n1/block/holders/md0/md/rd1/block/queue HTTP/1.1" 200 4716 "-" "Amazon CloudFront"
64.252.68.74 - - [03/Sep/2026:03:28:45 +0000] "GET /products/detail/272703723?path=//sys/devices/pci0000:00/firmware_node/physical_node/pci_bus/0000:00/device/firmware_node/physical_node/0000:00:00.0/subsystem/drivers/nvme/0000:00:1e.0/subsystem/devices/0000:00:04.0/driver/module/drivers/pci:nvme/0000:00:1f.0/driver/0000:00:1f.0/nvme/nvme2/nvme2n1/device/nvme2n1/holders/md0/slaves/nvme1n1/holders/md0/md/dev-nvme2n1/block/bdi HTTP/1.1" 200 3647 "-" "Amazon CloudFront"
64.252.74.195 - - [03/Sep/2026:03:28:47 +0000] "GET /sitemap323.xml?path=%2Fvar%2Fwww%2Fvolumes%2F5001db9de52a4e93beb66f3d2b4a0bfe HTTP/1.1" 200 2642 "-" "Amazon CloudFront"
64.252.75.204 - - [03/Sep/2026:03:28:46 +0000] "GET /sitemap323.xml?path=%2Fvar%2Fwww%2Fvolumes%2Fb5a2d222d8084ceb8bf3cddace3817f2 HTTP/1.1" 200 2642 "-" "Amazon CloudFront"
64.252.68.74 - - [03/Sep/2026:03:28:48 +0000] "GET /?fileloc=//lib64/aspell-0.60/ccpp.amf&path=//lib64/aspell-0.60 HTTP/1.1" 200 2742 "-" "Amazon CloudFront"
64.252.67.164 - - [03/Sep/2026:03:28:53 +0000] "GET /?fileloc=//opt/aws/bin/cfn-init&path=//opt/aws/bin HTTP/1.1" 200 4869 "-" "Amazon CloudFront"
64.252.66.102 - - [03/Sep/2026:03:28:57 +0000] "GET /?fileloc=//sys/module/nf_conntrack/refcnt&path=//sys/module/nf_conntrack HTTP/1.1" 200 2570 "-" "Amazon CloudFront"
64.252.68.74 - - [03/Sep/2026:03:29:02 +0000] "GET /?fileloc=//lib64/python3.7/glob.py&path=//lib64/python3.7 HTTP/1.1" 200 4211 "-" "Amazon CloudFront"
64.252.66.61 - - [03/Sep/2026:03:29:05 +0000] "GET /?path=//var/www/volumes/587f70bb77ec4b16abaf43e8dc347040 HTTP/1.1" 200 2643 "-" "Amazon CloudFront"
64.252.74.195 - - [03/Sep/2026:03:29:08 +0000] "GET /sitemap323.xml?path=%2Fvar%2Fwww%2Fvolumes%2Fbd381fc3fc7e470a8ad9eb8620b8ea40 HTTP/1.1" 200 2643 "-" "Amazon CloudFront"
64.252.67.164 - - [03/Sep/2026:03:29:08 +0000] "GET /products/detail/319148006?fileloc=//sbin/cacertdir_rehash&path=//sbin HTTP/1.1" 200 2881 "-" "Amazon CloudFront"
64.252.68.74 - - [03/Sep/2026:03:29:13 +0000] "GET /?fileloc=//bin/bzmore&path=//bin HTTP/1.1" 200 3177 "-" "Amazon CloudFront"
64.252.75.236 - - [03/Sep/2026:03:29:13 +0000] "GET /sitemap323.xml?path=%2Fvar%2Fwww%2Fvolumes%2F900b8d02ce4e4cf58341f3f949cf8186 HTTP/1.1" 200 2644 "-" "Amazon CloudFront"
64.252.68.74 - - [03/Sep/2026:03:29:17 +0000] "GET /?fileloc=//sys/module/nvme_core/sections/__kcrctab_gpl&path=//sys/module/nvme_core/sections HTTP/1.1" 200 2593 "-" "Amazon CloudFront"
64.252.67.164 - - [03/Sep/2026:03:29:21 +0000] "GET /?fileloc=//lib64/python2.7/dircache.py&path=//lib64/python2.7 HTTP/1.1" 200 3091 "-" "Amazon CloudFront"
64.252.66.102 - - [03/Sep/2026:03:29:25 +0000] "GET /?fileloc=//bin/cloud-init-per&path=//bin HTTP/1.1" 200 3613 "-" "Amazon CloudFront"
64.252.66.102 - - [03/Sep/2026:03:29:28 +0000] "GET /?fileloc=//lib64/aspell-0.60/cp1258.cset&path=//lib64/aspell-0.60 HTTP/1.1" 200 6278 "-" "Amazon CloudFront"
64.252.66.102 - - [03/Sep/2026:03:29:33 +0000] "GET /?fileloc=//lib64/python3.7/csv.py&path=//lib64/python3.7 HTTP/1.1" 200 7339 "-" "Amazon CloudFront"
64.252.66.61 - - [03/Sep/2026:03:29:37 +0000] "GET /?fileloc=//lib64/pkgconfig/tinfo.pc&path=//lib64/pkgconfig HTTP/1.1" 200 2806 "-" "Amazon CloudFront"
64.252.75.204 - - [03/Sep/2026:03:29:38 +0000] "GET /sitemap323.xml?path=%2Fvar%2Fwww%2Fvolumes%2F3bfd42a1069b40b487640edbd41f1708 HTTP/1.1" 200 2642 "-" "Amazon CloudFront"
64.252.67.164 - - [03/Sep/2026:03:29:41 +0000] "GET /?fileloc=//lib64/aspell-0.60/iso-8859-16.cset&path=//lib64/aspell-0.60 HTTP/1.1" 200 6060 "-" "Amazon CloudFront"
64.252.66.102 - - [03/Sep/2026:03:29:45 +0000] "GET /?fileloc=//etc/sysconfig/keyboard&path=//etc/sysconfig HTTP/1.1" 200 2594 "-" "Amazon CloudFront"
64.252.66.102 - - [03/Sep/2026:03:29:48 +0000] "GET /?path=//sys/bus/node/devices/node0/memory2/node0/cpu7/driver/cpu1/firmware_node/subsystem/devices/PNP0A03:00/physical_node/0000:00:04.0/firmware_node/physical_node/nvme/nvme0/device/nvme/nvme0/nvme0n1/subsystem/nvme1n1/device/nvme1n1/holders/md0/md/dev-nvme2n1/block/holders/md0/md/dev-nvme1n1/block/mq/1/cpu1 HTTP/1.1" 200 2985 "-" "Amazon CloudFront"
64.252.74.195 - - [03/Sep/2026:03:29:50 +0000] "GET /sitemap323.xml?path=%2Fvar%2Fwww%2Fvolumes%2Fbab4ba1655354d518fbf1feabf778c50 HTTP/1.1" 200 2643 "-" "Amazon CloudFront"
64.252.66.102 - - [03/Sep/2026:03:29:52 +0000] "GET /?path=//sys/bus/node/devices/node0/memory2/node0/cpu7/driver/cpu1/firmware_node/subsystem/devices/PNP0A03:00/physical_node/0000:00:04.0/firmware_node/physical_node/nvme/nvme0/device/driver/0000:00:1e.0/nvme/nvme1/subsystem/nvme1/nvme1n1/device/nvme1n1/holders/md0/md/rd0/block/holders/md0/md/rd1/block/mq/0/cpu0 HTTP/1.1" 200 3003 "-" "Amazon CloudFront"
64.252.66.61 - - [03/Sep/2026:03:29:56 +0000] "GET /?path=//sys/class/thermal/cooling_device3/device/physical_node/node0/cpu1/driver/cpu0/node0/cpu2/firmware_node/subsystem/devices/PNP0303:00/subsystem/devices/LNXSYBUS:00/PNP0A03:00/physical_node/pci_bus/0000:00/device/0000:00:1e.0/driver/0000:00:1e.0/nvme/nvme1/nvme1n1/holders/md0/md/rd0/block/holders/md0/slaves/nvme2n1/mq/1 HTTP/1.1" 200 3509 "-" "Amazon CloudFront"
64.252.67.164 - - [03/Sep/2026:03:30:00 +0000] "GET /?path=//sys/class/thermal/cooling_device3/device/physical_node/node0/memory28/node0/cpu5/firmware_node/subsystem/devices/PNP0A03:00/physical_node/pci_bus/0000:00/device/0000:00:01.3/subsystem/drivers/nvme/0000:00:04.0/driver/module/drivers/pci:nvme/0000:00:04.0/driver HTTP/1.1" 200 3551 "-" "Amazon CloudFront"
64.252.66.61 - - [03/Sep/2026:03:30:05 +0000] "GET /?path=//sys/bus/memory/devices/memory1/node0/memory28/node0/cpu2/driver/cpu4/firmware_node/subsystem/devices/PNP0A03:00/physical_node/0000:00:04.0/driver/0000:00:1f.0/subsystem/drivers/nvme/0000:00:1e.0/firmware_node/physical_node/nvme/nvme1/nvme1n1/device/nvme1n1/holders/md0/slaves/nvme2n1/device/nvme2n1/holders/md0/md/rd1/block/mq/6/cpu6 HTTP/1.1" 200 3036 "-" "Amazon CloudFront"
64.252.66.102 - - [03/Sep/2026:03:30:08 +0000] "GET /?path=//sys/class/thermal/cooling_device3/device/physical_node/node0/cpu0/node0/cpu4/firmware_node/subsystem/devices/LNXSYSTM:00/LNXSYBUS:01/subsystem/devices/PNP0A03:00/physical_node/0000:00:1e.0/driver/module/drivers/pci:nvme/module/drivers/pci:nvme/0000:00:1e.0/driver/0000:00:1f.0/nvme/nvme2/device/nvme/nvme2/nvme2n1/holders/md0/slaves/nvme1n1/holders/md0/slaves/nvme2n1/integrity HTTP/1.1" 200 3644 "-" "Amazon CloudFront"
64.252.66.102 - - [03/Sep/2026:03:30:13 +0000] "GET /products/detail/208628339?path=//sys/bus/node/devices/node0/cpu1/driver/cpu7/driver/cpu2/node0/cpu4/firmware_node/subsystem/devices/PNP0A03:00/physical_node/0000:00:04.0/nvme/nvme0/nvme0n1/device/nvme0n1/nvme0n1p1/subsystem/md0/md/rd0/block/holders/md0/slaves/nvme2n1/device/nvme2n1/bdi/power HTTP/1.1" 200 3455 "-" "Amazon CloudFront"
64.252.66.61 - - [03/Sep/2026:03:30:16 +0000] "GET /?path=//sys/class/thermal/cooling_device3/device/physical_node/node0/memory28/node0/cpu5/firmware_node/subsystem/devices/PNP0A03:00/physical_node/pci_bus/0000:00/device/0000:00:1e.0/driver/0000:00:04.0/driver/0000:00:1f.0/nvme/nvme2/subsystem/nvme1/nvme1n1/holders/md0/md HTTP/1.1" 200 4153 "-" "Amazon CloudFront"
64.252.75.204 - - [03/Sep/2026:03:30:18 +0000] "GET /sitemap323.xml?path=%2Fvar%2Fwww%2Fvolumes%2Fe794902bc2564bb399357dca50594ea0 HTTP/1.1" 200 2643 "-" "Amazon CloudFront"
64.252.68.74 - - [03/Sep/2026:03:30:21 +0000] "GET /products/detail/208628339?path=//sys/bus/node/devices/node0/cpu1/driver/cpu7/driver/cpu2/node0/cpu4/firmware_node/subsystem/devices/PNP0A03:00/physical_node/0000:00:04.0/firmware_node/physical_node/nvme/nvme0/device/nvme/nvme0/nvme0n1/subsystem/md0/md/rd0/block/holders/md0/md/dev-nvme2n1/block/mq/5 HTTP/1.1" 200 3411 "-" "Amazon CloudFront"
64.252.66.102 - - [03/Sep/2026:03:30:25 +0000] "GET /?path=//sys/class/thermal/cooling_device3/device/physical_node/node0/memory28/node0/cpu5/firmware_node/subsystem/devices/PNP0A03:00/physical_node/pci_bus/0000:00/device/0000:00:1f.0/driver/0000:00:04.0/subsystem/drivers/nvme/0000:00:04.0/driver/0000:00:1e.0/nvme/nvme1/nvme1n1/power HTTP/1.1" 200 3427 "-" "Amazon CloudFront"
64.252.66.61 - - [03/Sep/2026:03:30:25 +0000] "GET /products/detail/108768480?fileloc=//lib64/libnspr4.so&path=//lib64 HTTP/1.1" 200 2544 "-" "Amazon CloudFront"
64.252.75.204 - - [03/Sep/2026:03:30:26 +0000] "GET /sitemap323.xml?path=%2Fvar%2Fwww%2Fvolumes%2F395878edd5b948569c2a0641a16b34f7 HTTP/1.1" 200 2642 "-" "Amazon CloudFront"
64.252.66.61 - - [03/Sep/2026:03:30:28 +0000] "GET /?path=//sys/class/thermal/cooling_device3/device/physical_node/node0/memory28/node0/cpu3/driver/cpu0/firmware_node/subsystem/devices/device:05/subsystem/devices/LNXSYBUS:00/PNP0A03:00/physical_node/0000:00:04.0/driver/module/drivers/pci:nvme/0000:00:1f.0/nvme/nvme2/nvme2n1/device/nvme2n1/holders/md0/md/rd0/block/holders/md0/md/dev-nvme1n1/block/mq/0/cpu0 HTTP/1.1" 200 3072 "-" "Amazon CloudFront"
64.252.66.102 - - [03/Sep/2026:03:30:33 +0000] "GET /?path=//sys/class/thermal/cooling_device3/device/physical_node/node0/memory28/node0/cpu5/firmware_node/subsystem/devices/LNXSYSTM:00/LNXSYBUS:00/PNP0A03:00/physical_node/0000:00:04.0/driver/0000:00:1e.0/nvme/nvme1/device/driver/module/drivers/pci:nvme/0000:00:1f.0/nvme/nvme2/nvme2n1/holders/md0/slaves/nvme2n1/holders/md0/md/dev-nvme2n1/block/bdi/subsystem/0:38/power HTTP/1.1" 200 3601 "-" "Amazon CloudFront"
64.252.66.102 - - [03/Sep/2026:03:30:36 +0000] "GET /products/detail/208628339?path=//sys/bus/node/devices/node0/cpu1/driver/cpu7/driver/cpu2/node0/cpu1/firmware_node/thermal_cooling/device/physical_node/firmware_node/subsystem/devices/PNP0A03:00/physical_node/0000:00:1e.0/nvme/nvme1/nvme1n1/holders/md0/md/rd1/block/holders/md0/md/rd1/block/subsystem HTTP/1.1" 200 3392 "-" "Amazon CloudFront"
64.252.66.61 - - [03/Sep/2026:03:30:40 +0000] "GET /products/detail/208628339?path=//sys/bus/node/devices/node0/cpu1/driver/cpu7/driver/cpu2/node0/cpu4/firmware_node/subsystem/devices/PNP0A03:00/physical_node/0000:00:04.0/firmware_node/physical_node/nvme/nvme0/device/nvme/nvme0/nvme0n1/nvme0n1p128/subsystem/nvme2n1/holders/md0/md/dev-nvme2n1/block/device/nvme2n1/bdi HTTP/1.1" 200 3569 "-" "Amazon CloudFront"
64.252.67.164 - - [03/Sep/2026:03:30:45 +0000] "GET /?path=//sys/class/thermal/cooling_device3/device/physical_node/node0/cpu1/driver/cpu0/node0/cpu2/firmware_node/subsystem/devices/LNXSYSTM:00/LNXSYBUS:00/PNP0C0F:04/subsystem/devices/PNP0A03:00/device:20/physical_node/nvme/nvme1/device/driver/module/drivers/pci:nvme/0000:00:1f.0/nvme/nvme2/nvme2n1/holders/md0/md/dev-nvme1n1/block/holders/md0/md/rd1/block/mq/3/cpu3 HTTP/1.1" 200 3107 "-" "Amazon CloudFront"
64.252.66.102 - - [03/Sep/2026:03:30:48 +0000] "GET /?path=//sys/class/thermal/cooling_device3/device/physical_node/node0/cpu0/node0/cpu4/firmware_node/subsystem/devices/LNXSYSTM:00/LNXSYBUS:01/subsystem/devices/PNP0A03:00/physical_node/0000:00:1e.0/driver/module/drivers/pci:nvme/module/drivers/pci:nvme/0000:00:1e.0/driver/0000:00:1f.0/nvme/nvme2/device/nvme/nvme2/nvme2n1/holders/md0/slaves/nvme1n1/holders/md0/slaves/nvme2n1/bdi HTTP/1.1" 200 3722 "-" "Amazon CloudFront"
64.252.68.74 - - [03/Sep/2026:03:30:53 +0000] "GET /?path=//sys/class/thermal/cooling_device3/device/physical_node/node0/memory29/node0/cpu4/driver/cpu2/driver/cpu1/firmware_node/subsystem/devices/device:10/subsystem/devices/LNXSYSTM:00/LNXSYBUS:00/PNP0A03:00/physical_node/pci_bus/0000:00/device/0000:00:1e.0/nvme/nvme1/nvme1n1/holders/md0/md/dev-nvme2n1/block/holders/md0/md/dev-nvme2n1/block/trace HTTP/1.1" 200 3555 "-" "Amazon CloudFront"
64.252.68.74 - - [03/Sep/2026:03:30:57 +0000] "GET /?path=//sys/bus/memory/devices/memory1/node0/memory30/node0/cpu6/firmware_node/subsystem/devices/device:21/physical_node/driver/module/drivers/pci:nvme/0000:00:1e.0/nvme/nvme1/nvme1n1/device/subsystem/nvme0/device/driver/0000:00:1f.0/firmware_node/physical_node/nvme/nvme2/nvme2n1/holders/md0/slaves/nvme1n1/holders/md0/slaves/nvme2n1/mq/6/cpu6 HTTP/1.1" 200 3024 "-" "Amazon CloudFront"
64.252.68.74 - - [03/Sep/2026:03:31:02 +0000] "GET /?path=//sys/bus/memory/devices/memory1/node0/memory30/node0/cpu6/firmware_node/subsystem/devices/device:21/physical_node/driver/module/drivers/pci:nvme/0000:00:1f.0/driver/0000:00:1f.0/firmware_node/physical_node/nvme/nvme2/subsystem/nvme1/device/nvme/nvme1/nvme1n1/device/nvme1n1/holders/md0/md/dev-nvme1n1/block/holders/md0/slaves/nvme2n1/mq/6 HTTP/1.1" 200 3503 "-" "Amazon CloudFront"
64.252.75.236 - - [03/Sep/2026:03:31:05 +0000] "GET /sitemap323.xml?path=%2Fvar%2Fwww%2Fvolumes%2F5ca95b521c164b4db66b9f72c0b311a0 HTTP/1.1" 200 2642 "-" "Amazon CloudFront"
64.252.66.61 - - [03/Sep/2026:03:31:05 +0000] "GET /?path=//sys/class/thermal/cooling_device3/device/physical_node/node0/cpu1/driver/cpu0/node0/cpu2/firmware_node/subsystem/devices/LNXSYSTM:00/LNXSYBUS:00/PNP0C0F:04/subsystem/devices/PNP0A03:00/device:20/physical_node/driver/module/drivers/pci:nvme/0000:00:1e.0/nvme/nvme1/device/nvme/nvme1/nvme1n1/holders/md0/md/rd0/block/holders/md0/md/rd0/block/mq/4 HTTP/1.1" 200 3556 "-" "Amazon CloudFront"
64.252.68.74 - - [03/Sep/2026:03:31:08 +0000] "GET /products/detail/208628339?path=//sys/bus/node/devices/node0/cpu1/driver/cpu7/driver/cpu2/node0/cpu4/firmware_node/subsystem/devices/PNP0A03:00/device:21/physical_node/nvme/nvme2/device/nvme/nvme2/nvme2n1/holders/md0/slaves/nvme2n1/device/subsystem/nvme0/nvme0n1/mq/1/cpu6 HTTP/1.1" 200 2923 "-" "Amazon CloudFront"
64.252.75.204 - - [03/Sep/2026:03:31:12 +0000] "GET /sitemap323.xml?path=%2Fvar%2Fwww%2Fvolumes%2F3637600e3fb8495fa4b9b12cd6b1851f HTTP/1.1" 200 2643 "-" "Amazon CloudFront"
64.252.74.195 - - [03/Sep/2026:03:31:14 +0000] "GET /sitemap323.xml?path=%2Fvar%2Fwww%2Fvolumes%2Fe98a9fdc6188482b925d505993854fa8 HTTP/1.1" 200 2643 "-" "Amazon CloudFront"
64.252.66.61 - - [03/Sep/2026:03:31:14 +0000] "GET /?path=//sys/bus/memory/devices/memory1/node0/memory30/node0/cpu6/firmware_node/subsystem/devices/device:21/physical_node/driver/module/drivers/pci:nvme/0000:00:1f.0/driver/0000:00:1f.0/firmware_node/physical_node/nvme/nvme2/subsystem/nvme1/device/nvme/nvme1/nvme1n1/holders/md0/md/rd0/block/device/nvme1n1/holders/md0/md/dev-nvme1n1/block/mq HTTP/1.1" 200 3546 "-" "Amazon CloudFront"
64.252.68.74 - - [03/Sep/2026:03:31:17 +0000] "GET /products/detail/208628339?path=//sys/bus/node/devices/node0/cpu1/driver/cpu7/driver/cpu2/node0/cpu4/firmware_node/thermal_cooling/device/physical_node/firmware_node/thermal_cooling/device/subsystem/devices/LNXSYSTM:00/LNXSYBUS:00/PNP0A03:00/device:21/physical_node/nvme/nvme2/nvme2n1/holders/md0/md/rd0/block/subsystem/nvme1n1/mq/1/cpu1 HTTP/1.1" 200 2997 "-" "Amazon CloudFront"
64.252.68.74 - - [03/Sep/2026:03:31:20 +0000] "GET /products/detail/208628339?path=//sys/bus/node/devices/node0/cpu1/driver/cpu7/driver/cpu2/node0/cpu4/firmware_node/thermal_cooling/device/physical_node/firmware_node/thermal_cooling/device/subsystem/devices/PNP0A03:00/physical_node/0000:00:05.0/subsystem/drivers/nvme/0000:00:1f.0/nvme/nvme2/nvme2n1/holders/md0/slaves/nvme2n1/mq/7 HTTP/1.1" 200 3429 "-" "Amazon CloudFront"
