64.252.68.74 - - [03/Sep/2026:04:38:00 +0000] "GET /?path=//sys/class/thermal/cooling_device3/device/physical_node/node0/memory28/node0/cpu5/firmware_node/subsystem/devices/PNP0A03:00/physical_node/pci_bus/0000:00/device/0000:00:1e.0/driver/0000:00:1f.0/nvme/nvme2/nvme2n1/subsystem/md0/slaves/nvme1n1/mq/1/cpu1 HTTP/1.1" 200 2931 "-" "Amazon CloudFront"
64.252.66.102 - - [03/Sep/2026:04:38:05 +0000] "GET /?path=//sys/bus/acpi/devices/LNXCPU:06/physical_node/node0/memory21/node0/cpu0/subsystem/drivers/processor/cpu6/firmware_node/subsystem/devices/device:06/physical_node/driver/0000:00:04.0/driver/0000:00:1e.0/nvme/nvme1/nvme1n1/holders/md0/md/rd0/block/holders/md0/md/dev-nvme1n1/block/mq/2 HTTP/1.1" 200 3425 "-" "Amazon CloudFront"
64.252.66.61 - - [03/Sep/2026:04:38:08 +0000] "GET /products/detail/187873763?fileloc=//tmp/sess_if340mmn9flqrf3mdis3di8ao0&path=//tmp HTTP/1.1" 200 2555 "-" "Amazon CloudFront"
64.252.67.164 - - [03/Sep/2026:04:38:14 +0000] "GET /products/detail/182908925?fileloc=//tmp/sess_7m3t52cu3r836opvspntkhb2qm&path=//tmp HTTP/1.1" 200 2555 "-" "Amazon CloudFront"
64.252.67.164 - - [03/Sep/2026:04:38:17 +0000] "GET /products/detail/182908925?fileloc=//tmp/sess_27cnali9qt81mm5cmsveed5m1n&path=//tmp HTTP/1.1" 200 2556 "-" "Amazon CloudFront"
64.252.66.61 - - [03/Sep/2026:04:38:21 +0000] "GET /products/detail/182908925?fileloc=//tmp/sess_87pfk2ralnerspme51gs6pm5gg&path=//tmp HTTP/1.1" 200 2555 "-" "Amazon CloudFront"
64.252.67.164 - - [03/Sep/2026:04:38:24 +0000] "GET /products/detail/182908925?fileloc=//tmp/sess_0b5v2cip7gd3ema302jkep7mqp&path=//tmp HTTP/1.1" 200 2558 "-" "Amazon CloudFront"
64.252.68.74 - - [03/Sep/2026:04:38:29 +0000] "GET /?path=//sys/bus/memory/devices/memory1/node0/memory30/node0/cpu6/firmware_node/subsystem/devices/device:21/physical_node/driver/module/drivers/pci:nvme/0000:00:1e.0/driver/0000:00:04.0/firmware_node/physical_node/subsystem/drivers/nvme/0000:00:1f.0/nvme/nvme2/nvme2n1/holders/md0/md/rd1/block/holders/md0/md/rd0/block/mq/3/cpu3 HTTP/1.1" 200 2994 "-" "Amazon CloudFront"
15.158.215.109 - - [03/Sep/2026:04:38:32 +0000] "GET /wp-login.php?fileloc=//tmp/sess_evbebkdd57idrfchs7o3s5aeup&path=//tmp HTTP/1.1" 200 2555 "-" "Mozilla/5.0 AppleWebKit/537.36 (KHTML, like Gecko; compatible; Amazonbot/0.1; +https://developer.amazon.com/support/amazonbot) Chrome/119.0.6045.214 Safari/537.36"
64.252.66.102 - - [03/Sep/2026:04:38:36 +0000] "GET /?path=//sys/class/thermal/cooling_device3/device/physical_node/node0/memory28/node0/cpu5/firmware_node/subsystem/devices/PNP0A03:00/physical_node/pci_bus/0000:00/device/0000:00:04.0/subsystem/drivers/nvme/module/drivers/pci:nvme/0000:00:1f.0/driver/0000:00:1f.0 HTTP/1.1" 200 4837 "-" "Amazon CloudFront"
64.252.66.61 - - [03/Sep/2026:04:38:40 +0000] "GET /?path=//sys/class/thermal/cooling_device3/device/physical_node/node0/cpu1/driver/cpu0/node0/cpu2/firmware_node/subsystem/devices/PNP0303:00/subsystem/devices/LNXSYBUS:00/PNP0A03:00/physical_node/pci_bus/0000:00/device/0000:00:1e.0/driver/0000:00:1e.0/nvme/nvme1/nvme1n1/holders/md0/md/dev-nvme2n1/block/holders/md0/md/dev-nvme2n1/block/mq/4 HTTP/1.1" 200 3511 "-" "Amazon CloudFront"
64.252.67.164 - - [03/Sep/2026:04:38:44 +0000] "GET /products/detail/208628339?path=//sys/bus/node/devices/node0/cpu1/driver/cpu7/driver/cpu2/node0/cpu1/firmware_node/thermal_cooling/device/physical_node/firmware_node/subsystem/devices/PNP0A03:00/device:20/physical_node/subsystem/drivers/nvme/module/drivers/pci:nvme/0000:00:1f.0/nvme/nvme2/nvme2n1/device/nvme2n1/mq/2/cpu2 HTTP/1.1" 200 2974 "-" "Amazon CloudFront"
64.252.67.164 - - [03/Sep/2026:04:38:48 +0000] "GET /products/detail/208628339?path=//sys/bus/node/devices/node0/cpu1/driver/cpu7/driver/cpu2/node0/cpu4/firmware_node/subsystem/devices/PNP0A03:00/physical_node/0000:00:04.0/nvme/nvme0/device/nvme/nvme0/device/firmware_node/physical_node/subsystem/drivers/ena/module/drivers HTTP/1.1" 200 3146 "-" "Amazon CloudFront"
64.252.66.102 - - [03/Sep/2026:04:38:53 +0000] "GET /products/detail/208628339?path=//sys/bus/node/devices/node0/cpu1/driver/cpu7/driver/cpu2/node0/cpu4/firmware_node/subsystem/devices/PNP0A03:00/device:21/physical_node/subsystem/drivers/nvme/0000:00:1f.0/nvme/nvme2/nvme2n1/holders/md0/md/dev-nvme1n1/block/device/nvme1n1/device/nvme1n1/power HTTP/1.1" 200 3437 "-" "Amazon CloudFront"
64.252.66.102 - - [03/Sep/2026:04:38:56 +0000] "GET /?path=//sys/class/thermal/cooling_device3/device/physical_node/node0/memory28/node0/cpu5/firmware_node/subsystem/devices/PNP0A03:00/physical_node/pci_bus/0000:00/device/0000:00:1e.0/driver/module/drivers/pci:nvme/0000:00:1f.0/driver/0000:00:1f.0/firmware_node/subsystem/devices/device:12 HTTP/1.1" 200 3508 "-" "Amazon CloudFront"
64.252.66.61 - - [03/Sep/2026:04:39:00 +0000] "GET /products/detail/187873763?fileloc=//tmp/sess_lcj99lg0vahoc4hm0ov5n6btqj&path=//tmp HTTP/1.1" 200 2558 "-" "Amazon CloudFront"
64.252.68.74 - - [03/Sep/2026:04:39:04 +0000] "GET /?path=//sys/class/thermal/cooling_device3/device/physical_node/node0/memory0/node0/cpu0/firmware_node/subsystem/devices/device:17/subsystem/devices/device:06/physical_node/driver/0000:00:1e.0/driver/0000:00:1e.0/nvme/nvme1/nvme1n1/holders/md0/md/dev-nvme1n1/block/device/nvme1n1/holders/md0/md/dev-nvme1n1/block/mq/0/cpu0 HTTP/1.1" 200 2976 "-" "Amazon CloudFront"
15.158.215.109 - - [03/Sep/2026:04:39:09 +0000] "GET /wp-login.php?fileloc=//tmp/sess_lf45509r2vur4jpqtaevuvim0e&path=//tmp HTTP/1.1" 200 2558 "-" "Mozilla/5.0 AppleWebKit/537.36 (KHTML, like Gecko; compatible; Amazonbot/0.1; +https://developer.amazon.com/support/amazonbot) Chrome/119.0.6045.214 Safari/537.36"
64.252.66.61 - - [03/Sep/2026:04:39:12 +0000] "GET /products/detail/182908925?fileloc=//tmp/sess_17vsp5pm8gig4d88do7sibptfc&path=//tmp HTTP/1.1" 200 2557 "-" "Amazon CloudFront"
64.252.67.164 - - [03/Sep/2026:04:39:16 +0000] "GET /products/detail/272703723?path=//sys/devices/pci0000:00/firmware_node/physical_node/pci_bus/0000:00/device/firmware_node/physical_node/0000:00:00.0/subsystem/drivers/nvme/module/drivers/pci:nvme/0000:00:1e.0/nvme/nvme1/nvme1n1/holders/md0/md/dev-nvme2n1/block/device/nvme2n1/holders/md0/md/rd0/block/subsystem/nvme0n1/mq/0/cpu5 HTTP/1.1" 200 2971 "-" "Amazon CloudFront"
64.252.66.61 - - [03/Sep/2026:04:39:21 +0000] "GET /?path=//sys/bus/node/devices/node0/memory2/node0/cpu4/driver/cpu1/subsystem/drivers/processor/cpu1/driver/cpu5/firmware_node/subsystem/devices/PNP0A03:00/physical_node/0000:00:1e.0/nvme/nvme1/nvme1n1/device/device/firmware_node/physical_node/nvme/nvme1/nvme1n1/holders/md0/slaves/nvme2n1/holders/md0/slaves/nvme2n1/mq/4/cpu4 HTTP/1.1" 200 3001 "-" "Amazon CloudFront"
64.252.66.61 - - [03/Sep/2026:04:39:25 +0000] "GET /?path=//sys/class/thermal/cooling_device3/device/physical_node/node0/memory28/node0/cpu5/firmware_node/subsystem/devices/PNP0A03:00/physical_node/pci_bus/0000:00/device/0000:00:1f.0/driver/0000:00:04.0/driver/0000:00:1f.0/firmware_node/subsystem/devices/LNXPWRBN:00/input/input3 HTTP/1.1" 200 3715 "-" "Amazon CloudFront"
64.252.67.164 - - [03/Sep/2026:04:39:28 +0000] "GET /products/detail/272703723?path=//sys/devices/pci0000:00/firmware_node/physical_node/pci_bus/0000:00/device/firmware_node/physical_node/0000:00:00.0/subsystem/drivers/nvme/module/drivers/pci:nvme/0000:00:04.0/driver/0000:00:1e.0/nvme/nvme1/nvme1n1/holders/md0/md/dev-nvme1n1/block/holders/md0/md/dev-nvme2n1/block/subsystem/nvme0n1/device/nvme0n1/mq/1 HTTP/1.1" 200 3563 "-" "Amazon CloudFront"
64.252.66.102 - - [03/Sep/2026:04:39:34 +0000] "GET /?path=//sys/bus/memory/devices/memory1/node0/memory7/node0/cpu1/subsystem/drivers/processor/cpu5/firmware_node/subsystem/devices/PNP0A03:00/physical_node/firmware_node/physical_node/0000:00:1e.0/driver/0000:00:1f.0/driver/0000:00:1e.0/nvme/nvme1/nvme1n1/device/nvme1n1/holders/md0/md/rd1/block/device/nvme2n1/holders/md0/md/dev-nvme2n1/block/mq/2 HTTP/1.1" 200 3507 "-" "Amazon CloudFront"
64.252.66.61 - - [03/Sep/2026:04:39:37 +0000] "GET /?path=//sys/class/thermal/cooling_device3/device/physical_node/node0/cpu1/driver/cpu0/node0/cpu2/firmware_node/subsystem/devices/PNP0303:00/subsystem/devices/LNXSYBUS:00/PNP0A03:00/physical_node/pci_bus/0000:00/device/0000:00:1e.0/driver/0000:00:1e.0/nvme/nvme1/nvme1n1/holders/md0/md/dev-nvme2n1/block/holders/md0/md/dev-nvme2n1/block/mq/2 HTTP/1.1" 200 3510 "-" "Amazon CloudFront"
64.252.66.61 - - [03/Sep/2026:04:39:40 +0000] "GET /?path=//sys/bus/memory/devices/memory1/node0/memory30/node0/cpu6/firmware_node/subsystem/devices/device:21/physical_node/driver/module/drivers/pci:nvme/0000:00:1e.0/nvme/nvme1/nvme1n1/device/subsystem/nvme0/device/driver/0000:00:1f.0/firmware_node/physical_node/nvme/nvme2/nvme2n1/holders/md0/slaves/nvme2n1/holders/md0/md/rd0/block/trace HTTP/1.1" 200 3537 "-" "Amazon CloudFront"
64.252.66.61 - - [03/Sep/2026:04:39:45 +0000] "GET /?path=//sys/bus/memory/devices/memory14/node0/memory16/node0/cpu1/driver/cpu4/firmware_node/physical_node/subsystem/drivers/processor/cpu2/firmware_node/subsystem/devices/PNP0A03:00/physical_node/pci_bus/0000:00/device/0000:00:04.0/driver/module/drivers/pci:nvme/0000:00:1f.0/nvme/nvme2/nvme2n1/holders/md0/md/dev-nvme1n1/block/holders/md0/slaves/nvme2n1/mq/7/cpu7 HTTP/1.1" 200 3076 "-" "Amazon CloudFront"
15.158.215.109 - - [03/Sep/2026:04:39:49 +0000] "GET /wp-login.php?fileloc=//tmp/sess_c0nqcivv3fca9vd70dddg3sfeg&path=//tmp HTTP/1.1" 200 2558 "-" "Mozilla/5.0 AppleWebKit/537.36 (KHTML, like Gecko; compatible; Amazonbot/0.1; +https://developer.amazon.com/support/amazonbot) Chrome/119.0.6045.214 Safari/537.36"
15.158.215.109 - - [03/Sep/2026:04:39:52 +0000] "GET /wp-login.php?fileloc=//tmp/sess_qll791faq7qn1tj2iequsjs9s9&path=//tmp HTTP/1.1" 200 2557 "-" "Mozilla/5.0 AppleWebKit/537.36 (KHTML, like Gecko; compatible; Amazonbot/0.1; +https://developer.amazon.com/support/amazonbot) Chrome/119.0.6045.214 Safari/537.36"
64.252.67.164 - - [03/Sep/2026:04:39:57 +0000] "GET /?path=//sys/class/thermal/cooling_device3/device/physical_node/node0/memory28/node0/cpu5/firmware_node/subsystem/devices/PNP0A03:00/physical_node/pci_bus/0000:00/device/0000:00:1e.0/driver/module/drivers/pci:nvme/0000:00:1f.0/driver/0000:00:1f.0/firmware_node/subsystem/devices/device:21 HTTP/1.1" 200 3527 "-" "Amazon CloudFront"
64.252.67.164 - - [03/Sep/2026:04:40:01 +0000] "GET /products/detail/187873763?fileloc=//tmp/sess_2k2psdnhn7p5ectu3qhdq1277r&path=//tmp HTTP/1.1" 200 2554 "-" "Amazon CloudFront"
64.252.66.61 - - [03/Sep/2026:04:40:05 +0000] "GET /?path=//sys/bus/node/devices/node0/memory2/node0/cpu4/driver/cpu1/driver/cpu2/subsystem/drivers/processor/cpu2/firmware_node/physical_node/firmware_node/subsystem/devices/LNXSYBUS:00/PNP0A03:00/physical_node/0000:00:1f.0/nvme/nvme2/nvme2n1/holders/md0/md/dev-nvme2n1/block/holders/md0/md/rd1/block/bdi/power HTTP/1.1" 200 3511 "-" "Amazon CloudFront"
15.158.215.109 - - [03/Sep/2026:04:40:08 +0000] "GET /wp-login.php?fileloc=//tmp/sess_ojvv73ptq68to8mndl1lpr58h2&path=//tmp HTTP/1.1" 200 2557 "-" "Mozilla/5.0 AppleWebKit/537.36 (KHTML, like Gecko; compatible; Amazonbot/0.1; +https://developer.amazon.com/support/amazonbot) Chrome/119.0.6045.214 Safari/537.36"
64.252.66.102 - - [03/Sep/2026:04:40:13 +0000] "GET /products/detail/187873763?fileloc=//tmp/sess_ouvjpb6ieolkh606a5t7a01e7b&path=//tmp HTTP/1.1" 200 2556 "-" "Amazon CloudFront"
64.252.67.164 - - [03/Sep/2026:04:40:16 +0000] "GET /products/detail/182908925?fileloc=//tmp/sess_7mocet006hhh9gfh8v1anie1h8&path=//tmp HTTP/1.1" 200 2557 "-" "Amazon CloudFront"
64.252.66.102 - - [03/Sep/2026:04:40:20 +0000] "GET /?path=//sys/class/thermal/cooling_device3/device/physical_node/node0/memory28/node0/cpu5/firmware_node/subsystem/devices/PNP0A03:00/physical_node/pci_bus/0000:00/device/0000:00:1e.0/driver/module/drivers/pci:nvme/0000:00:1f.0/driver/0000:00:1f.0/firmware_node/subsystem/devices/device:18 HTTP/1.1" 200 3508 "-" "Amazon CloudFront"
15.158.215.109 - - [03/Sep/2026:04:40:24 +0000] "GET /wp-login.php?fileloc=//tmp/sess_csktmck3pl5jjroo1dm5j77aiq&path=//tmp HTTP/1.1" 200 2557 "-" "Mozilla/5.0 AppleWebKit/537.36 (KHTML, like Gecko; compatible; Amazonbot/0.1; +https://developer.amazon.com/support/amazonbot) Chrome/119.0.6045.214 Safari/537.36"
64.252.66.102 - - [03/Sep/2026:04:40:29 +0000] "GET /?path=//sys/class/thermal/cooling_device3/device/physical_node/node0/memory28/node0/cpu5/firmware_node/subsystem/devices/LNXSYBUS:00/PNP0A03:00/device:1b/subsystem/devices/LNXSYBUS:00/PNP0A03:00/device:21/physical_node/driver/module/drivers/pci:nvme/0000:00:1f.0/driver/0000:00:1e.0/nvme/nvme1/nvme1n1/holders/md0/md/dev-nvme2n1/block/device/nvme2n1/mq/1/cpu1 HTTP/1.1" 200 3066 "-" "Amazon CloudFront"
64.252.66.102 - - [03/Sep/2026:04:40:33 +0000] "GET /?path=//sys/bus/memory/devices/memory14/node0/memory16/node0/cpu1/driver/cpu6/firmware_node/subsystem/devices/LNXSYSTM:00/LNXSYBUS:00/PNP0A03:00/physical_node/0000:00:04.0/driver/0000:00:1e.0/subsystem/drivers/nvme/module/drivers/pci:nvme/0000:00:1e.0/nvme/nvme1/nvme1n1/holders/md0/md/rd0/block/holders/md0/md/dev-nvme2n1/block/device/nvme2n1/mq/3/cpu3 HTTP/1.1" 200 3071 "-" "Amazon CloudFront"
64.252.68.74 - - [03/Sep/2026:04:40:37 +0000] "GET /products/detail/208628339?path=//sys/bus/node/devices/node0/cpu1/driver/cpu7/driver/cpu2/node0/cpu4/firmware_node/subsystem/devices/LNXSYBUS:00/LNXCPU:03/thermal_cooling/device/thermal_cooling/device/physical_node/firmware_node/physical_node/subsystem/drivers/processor/cpu7/cache/index0/power HTTP/1.1" 200 3401 "-" "Amazon CloudFront"
64.252.66.61 - - [03/Sep/2026:04:40:40 +0000] "GET /products/detail/182908925?fileloc=//tmp/sess_2ruuqtlj8j24l605bhkohu60hf&path=//tmp HTTP/1.1" 200 2555 "-" "Amazon CloudFront"
64.252.67.164 - - [03/Sep/2026:04:40:45 +0000] "GET /?path=//sys/bus/node/devices/node0/memory2/node0/cpu7/driver/cpu1/firmware_node/subsystem/devices/PNP0A03:00/physical_node/0000:00:04.0/firmware_node/physical_node/nvme/nvme0/device/driver/0000:00:1e.0/nvme/nvme1/subsystem/nvme1/nvme1n1/device/nvme1n1/holders/md0/md/rd0/block/holders/md0/md/rd1/block/mq/1 HTTP/1.1" 200 3442 "-" "Amazon CloudFront"
64.252.68.74 - - [03/Sep/2026:04:40:49 +0000] "GET /products/detail/187873763?fileloc=//tmp/sess_6401kcihfobgadiala36nd7q1s&path=//tmp HTTP/1.1" 200 2556 "-" "Amazon CloudFront"
64.252.66.102 - - [03/Sep/2026:04:40:53 +0000] "GET /products/detail/208628339?path=//sys/bus/node/devices/node0/cpu1/driver/cpu7/driver/cpu2/node0/cpu1/firmware_node/thermal_cooling/device/physical_node/firmware_node/subsystem/devices/LNXSYSTM:00/LNXSYBUS:00/PNP0A03:00/device:06/physical_node/nvme/nvme0/nvme0n1/nvme0n1p1/subsystem/md0/slaves/nvme2n1/device/nvme2n1/mq HTTP/1.1" 200 3444 "-" "Amazon CloudFront"
64.252.68.74 - - [03/Sep/2026:04:40:57 +0000] "GET /products/detail/187873763?fileloc=//tmp/sess_q1bd6sbdiicu9gi30mstb9jlm1&path=//tmp HTTP/1.1" 200 2557 "-" "Amazon CloudFront"
15.158.215.109 - - [03/Sep/2026:04:41:01 +0000] "GET /wp-login.php?fileloc=//tmp/sess_sli9qea799rcmjso9tp76k1jq8&path=//tmp HTTP/1.1" 200 2557 "-" "Mozilla/5.0 AppleWebKit/537.36 (KHTML, like Gecko; compatible; Amazonbot/0.1; +https://developer.amazon.com/support/amazonbot) Chrome/119.0.6045.214 Safari/537.36"
64.252.66.61 - - [03/Sep/2026:04:41:05 +0000] "GET /products/detail/272703723?path=//sys/devices/pci0000:00/firmware_node/physical_node/pci_bus/0000:00/device/firmware_node/physical_node/0000:00:00.0/subsystem/drivers/nvme/module/drivers/pci:nvme/0000:00:04.0/driver/0000:00:1e.0/nvme/nvme1/nvme1n1/holders/md0/slaves/nvme2n1/device/nvme2n1/subsystem/nvme1n1/holders/md0/md/dev-nvme1n1/block/bdi/power HTTP/1.1" 200 3513 "-" "Amazon CloudFront"
64.252.68.74 - - [03/Sep/2026:04:41:08 +0000] "GET /?path=//sys/class/thermal/cooling_device3/device/physical_node/node0/memory28/node0/cpu5/firmware_node/subsystem/devices/PNP0A03:00/physical_node/pci_bus/0000:00/device/0000:00:1e.0/driver/module/drivers/pci:nvme/0000:00:1f.0/firmware_node/subsystem/devices/LNXSYBUS:00/LNXCPU:02/thermal_cooling HTTP/1.1" 200 3528 "-" "Amazon CloudFront"
64.252.68.74 - - [03/Sep/2026:04:41:12 +0000] "GET /products/detail/208628339?path=//sys/bus/node/devices/node0/cpu1/driver/cpu7/driver/cpu2/node0/cpu4/firmware_node/thermal_cooling/device/thermal_cooling/subsystem/cooling_device1/device/subsystem/devices/PNP0A03:00/physical_node/firmware_node/device:21/physical_node/nvme/nvme2/nvme2n1/holders/md0/slaves/nvme2n1/mq/3/cpu3 HTTP/1.1" 200 2971 "-" "Amazon CloudFront"
64.252.66.102 - - [03/Sep/2026:04:41:16 +0000] "GET /?path=//sys/bus/memory/devices/memory1/node0/memory30/node0/cpu6/firmware_node/subsystem/devices/device:21/physical_node/driver/module/drivers/pci:nvme/0000:00:1e.0/driver/0000:00:04.0/firmware_node/physical_node/subsystem/drivers/nvme/0000:00:1f.0/nvme/nvme2/nvme2n1/holders/md0/md/dev-nvme1n1/block/holders/md0/md/dev-nvme1n1/block/mq/2 HTTP/1.1" 200 3491 "-" "Amazon CloudFront"
64.252.66.102 - - [03/Sep/2026:04:41:21 +0000] "GET /?path=//sys/class/thermal/cooling_device3/device/physical_node/node0/memory28/node0/cpu5/firmware_node/subsystem/devices/PNP0A03:00/physical_node/pci_bus/0000:00/device/0000:00:1e.0/driver/module/drivers/pci:nvme/0000:00:04.0/firmware_node/subsystem/devices/PNP0A03:00/device:04/power HTTP/1.1" 200 3413 "-" "Amazon CloudFront"
64.252.66.102 - - [03/Sep/2026:04:41:25 +0000] "GET /products/detail/187873763?fileloc=//tmp/sess_b5ad05ol59rsckbgqb049dkd4c&path=//tmp HTTP/1.1" 200 2555 "-" "Amazon CloudFront"
64.252.66.61 - - [03/Sep/2026:04:41:28 +0000] "GET /products/detail/208628339?path=//sys/bus/node/devices/node0/cpu1/driver/cpu7/driver/cpu2/node0/cpu4/firmware_node/thermal_cooling/device/physical_node/firmware_node/thermal_cooling/device/subsystem/devices/device:20/physical_node/nvme/nvme1/nvme1n1/subsystem/nvme2n1/holders/md0/md/dev-nvme2n1/block/holders/md0/md/rd0/block HTTP/1.1" 200 4256 "-" "Amazon CloudFront"
64.252.67.164 - - [03/Sep/2026:04:41:33 +0000] "GET /products/detail/208628339?path=//sys/bus/node/devices/node0/cpu1/driver/cpu7/driver/cpu2/node0/cpu4/firmware_node/subsystem/devices/PNP0A03:00/device:06/physical_node/nvme/nvme0/nvme0n1/device/subsystem/nvme2/nvme2n1/holders/md0/md/rd1/block/holders/md0/md/rd1 HTTP/1.1" 200 3691 "-" "Amazon CloudFront"
64.252.67.164 - - [03/Sep/2026:04:41:36 +0000] "GET /?path=//sys/bus/memory/devices/memory1/node0/memory30/node0/cpu6/firmware_node/subsystem/devices/device:21/physical_node/driver/module/drivers/pci:nvme/0000:00:1f.0/driver/0000:00:1f.0/firmware_node/physical_node/nvme/nvme2/subsystem/nvme2/nvme2n1/device/nvme2n1/holders/md0/md/dev-nvme2n1/block/holders/md0/md/rd1/block/device HTTP/1.1" 200 4032 "-" "Amazon CloudFront"
64.252.66.61 - - [03/Sep/2026:04:41:41 +0000] "GET /?path=//sys/bus/acpi/devices/LNXCPU:06/physical_node/node0/memory21/node0/cpu0/subsystem/drivers/processor/cpu6/firmware_node/subsystem/devices/device:06/physical_node/driver/0000:00:04.0/driver/0000:00:1e.0/nvme/nvme1/nvme1n1/holders/md0/md/rd1/block/holders/md0/md/dev-nvme2n1/block/device/nvme2n1/device/nvme2n1/power HTTP/1.1" 200 3535 "-" "Amazon CloudFront"
64.252.66.102 - - [03/Sep/2026:04:41:45 +0000] "GET /products/detail/187873763?fileloc=//tmp/sess_8dtdg0v8rl44vj4t830n352pn3&path=//tmp HTTP/1.1" 200 2556 "-" "Amazon CloudFront"
64.252.66.102 - - [03/Sep/2026:04:41:48 +0000] "GET /?path=//sys/class/thermal/cooling_device3/device/physical_node/node0/memory28/node0/cpu5/firmware_node/subsystem/devices/PNP0A03:00/physical_node/pci_bus/0000:00/device/0000:00:1f.0/driver/module/drivers/pci:nvme/0000:00:1f.0/subsystem/devices/0000:00:04.0/nvme HTTP/1.1" 200 3175 "-" "Amazon CloudFront"
64.252.66.102 - - [03/Sep/2026:04:41:53 +0000] "GET /products/detail/208628339?path=//sys/bus/node/devices/node0/cpu1/driver/cpu7/driver/cpu2/node0/cpu4/firmware_node/subsystem/devices/device:07/physical_node/firmware_node/physical_node/net/eth0/device/subsystem/drivers/nvme/0000:00:04.0/nvme/nvme0/nvme0n1/device/nvme0n1/mq/1 HTTP/1.1" 200 3454 "-" "Amazon CloudFront"
64.252.66.61 - - [03/Sep/2026:04:41:56 +0000] "GET /?path=//sys/bus/memory/devices/memory1/node0/memory7/node0/cpu1/subsystem/drivers/processor/cpu5/firmware_node/subsystem/devices/PNP0A03:00/physical_node/firmware_node/physical_node/0000:00:1e.0/driver/0000:00:1e.0/nvme/nvme1/nvme1n1/holders/md0/md/dev-nvme1n1/block/holders/md0/md/dev-nvme2n1/block/device/device/msi_irqs HTTP/1.1" 200 3568 "-" "Amazon CloudFront"
64.252.68.74 - - [03/Sep/2026:04:42:01 +0000] "GET /?path=//sys/bus/node/devices/node0/memory2/node0/cpu4/driver/cpu1/driver/cpu2/subsystem/drivers/processor/cpu2/firmware_node/physical_node/firmware_node/subsystem/devices/LNXSYBUS:00/PNP0A03:00/physical_node/0000:00:1f.0/nvme/nvme2/nvme2n1/holders/md0/md/dev-nvme1n1/block/device/nvme1n1/holders/md0/md/rd0/block/device/nvme1n1/trace HTTP/1.1" 200 3532 "-" "Amazon CloudFront"
64.252.66.61 - - [03/Sep/2026:04:42:04 +0000] "GET /?path=//sys/bus/node/devices/node0/memory2/node0/cpu4/driver/cpu1/driver/cpu2/subsystem/drivers/processor/cpu2/firmware_node/physical_node/firmware_node/subsystem/devices/LNXSYBUS:00/PNP0A03:00/physical_node/0000:00:1f.0/nvme/nvme2/nvme2n1/holders/md0/md/dev-nvme1n1/block/device/nvme1n1/holders/md0/md/rd0/block/device/nvme1n1/queue HTTP/1.1" 200 4841 "-" "Amazon CloudFront"
64.252.68.74 - - [03/Sep/2026:04:42:09 +0000] "GET /?path=//sys/class/thermal/cooling_device3/device/physical_node/node0/cpu1/driver/cpu0/node0/cpu2/firmware_node/subsystem/devices/LNXSYSTM:00/LNXSYBUS:00/PNP0C0F:02/subsystem/devices/LNXSYBUS:00/PNP0A03:00/device:06/physical_node/driver/0000:00:1e.0/nvme/nvme1/nvme1n1/holders/md0/md/rd1/block/device/nvme2n1/holders/md0/md/rd1/block/mq/7 HTTP/1.1" 200 3530 "-" "Amazon CloudFront"
15.158.215.109 - - [03/Sep/2026:04:42:12 +0000] "GET /wp-login.php?fileloc=//tmp/sess_cssgafjap0rneq17fv6j39j405&path=//tmp HTTP/1.1" 200 2557 "-" "Mozilla/5.0 AppleWebKit/537.36 (KHTML, like Gecko; compatible; Amazonbot/0.1; +https://developer.amazon.com/support/amazonbot) Chrome/119.0.6045.214 Safari/537.36"
64.252.67.164 - - [03/Sep/2026:04:42:16 +0000] "GET /?fileloc=//etc/default/nss&path=//etc/default HTTP/1.1" 200 3362 "-" "Amazon CloudFront"
64.252.67.164 - - [03/Sep/2026:04:42:21 +0000] "GET /?fileloc=//sys/module/nfsd/sections/.symtab&path=//sys/module/nfsd/sections HTTP/1.1" 200 2583 "-" "Amazon CloudFront"
64.252.66.102 - - [03/Sep/2026:04:42:24 +0000] "GET /products/detail/135741268?fileloc=//tmp/sess_le63cc59n1bs7jsjj4pmujfakc&path=//tmp HTTP/1.1" 200 2557 "-" "Amazon CloudFront"
64.252.88.29 - - [03/Sep/2026:04:42:25 +0000] "GET /products/detail/300187137 HTTP/1.1" 200 4177 "-" "Amazon CloudFront"
64.252.68.74 - - [03/Sep/2026:04:42:30 +0000] "GET /?path=//lib/systemd HTTP/1.1" 200 5361 "-" "Amazon CloudFront"
64.252.66.102 - - [03/Sep/2026:04:42:34 +0000] "GET /?fileloc=//lib64/mysql/INFO_BIN&path=//lib64/mysql HTTP/1.1" 200 3547 "-" "Amazon CloudFront"
64.252.66.102 - - [03/Sep/2026:04:42:37 +0000] "GET /products/detail/92323359?fileloc=//run/yum.pid&path=//run HTTP/1.1" 200 2545 "-" "Amazon CloudFront"
64.252.66.61 - - [03/Sep/2026:04:42:42 +0000] "GET /?fileloc=//etc/php.d/opcache-default.blacklist&path=//etc/php.d HTTP/1.1" 200 2914 "-" "Amazon CloudFront"
64.252.66.102 - - [03/Sep/2026:04:42:44 +0000] "GET /products/detail/78408238?fileloc=//tmp/sess_3qld1b649iabt78vpo0jvah3ae&path=//tmp HTTP/1.1" 200 2557 "-" "Amazon CloudFront"
64.252.67.164 - - [03/Sep/2026:04:42:48 +0000] "GET /?fileloc=//lib64/gconv/CP774.so&path=//lib64/gconv HTTP/1.1" 200 2557 "-" "Amazon CloudFront"
64.252.66.61 - - [03/Sep/2026:04:42:53 +0000] "GET /?fileloc=//lib64/python3.7/encodings/utf_32_le.py&path=//lib64/python3.7/encodings HTTP/1.1" 200 2891 "-" "Amazon CloudFront"
64.252.66.102 - - [03/Sep/2026:04:42:56 +0000] "GET /?fileloc=//lib64/libicuuc.so.50&path=//lib64 HTTP/1.1" 200 2546 "-" "Amazon CloudFront"
64.252.66.102 - - [03/Sep/2026:04:43:01 +0000] "GET /products/detail/202110975?fileloc=//lib64/libparted-fs-resize.so.0.0.0&path=//lib64 HTTP/1.1" 200 2554 "-" "Amazon CloudFront"
64.252.66.102 - - [03/Sep/2026:04:43:05 +0000] "GET /products/detail/256161723?fileloc=//tmp/sess_v2h1ttlm8ijrm3s1r4kaqvn3ie&path=//tmp HTTP/1.1" 200 2557 "-" "Amazon CloudFront"
64.252.67.164 - - [03/Sep/2026:04:43:09 +0000] "GET /?fileloc=//lib64/pkgconfig/libsasl2.pc&path=//lib64/pkgconfig HTTP/1.1" 200 2712 "-" "Amazon CloudFront"
64.252.68.74 - - [03/Sep/2026:04:43:12 +0000] "GET /?fileloc=//proc/13104/status&path=//proc/13104 HTTP/1.1" 200 3003 "-" "Amazon CloudFront"
64.252.66.102 - - [03/Sep/2026:04:43:16 +0000] "GET /?fileloc=//lib64/python3.7/socket.py&path=//lib64/python3.7 HTTP/1.1" 200 10480 "-" "Amazon CloudFront"
64.252.67.164 - - [03/Sep/2026:04:43:20 +0000] "GET /?fileloc=//sbin/osd_login&path=//sbin HTTP/1.1" 200 3868 "-" "Amazon CloudFront"
64.252.67.164 - - [03/Sep/2026:04:43:24 +0000] "GET /?fileloc=//lib64/python2.7/idlelib/CodeContext.py&path=//lib64/python2.7/idlelib HTTP/1.1" 200 5231 "-" "Amazon CloudFront"
64.252.68.74 - - [03/Sep/2026:04:43:28 +0000] "GET /?fileloc=//etc/profile.d/colorgrep.csh&path=//etc/profile.d HTTP/1.1" 200 2653 "-" "Amazon CloudFront"
64.252.66.102 - - [03/Sep/2026:04:43:32 +0000] "GET /products/detail/92323359?fileloc=//etc/php.d/30-mcrypt.ini&path=//etc/php.d HTTP/1.1" 200 2585 "-" "Amazon CloudFront"
64.252.66.102 - - [03/Sep/2026:04:43:36 +0000] "GET /?path=//var/lib/yum/rpmdb-indexes HTTP/1.1" 200 3104 "-" "Amazon CloudFront"
64.252.67.164 - - [03/Sep/2026:04:43:40 +0000] "GET /products/detail/126707521?fileloc=//tmp/sess_g12nge2n85kvk2m723oip8qtqn&path=//tmp HTTP/1.1" 200 2557 "-" "Amazon CloudFront"
64.252.66.102 - - [03/Sep/2026:04:43:45 +0000] "GET /?fileloc=//sys/module/nvme_core/sections/__jump_table&path=//sys/module/nvme_core/sections HTTP/1.1" 200 2591 "-" "Amazon CloudFront"
64.252.66.102 - - [03/Sep/2026:04:43:48 +0000] "GET /?fileloc=//lib64/python2.7/aifc.py&path=//lib64/python2.7 HTTP/1.1" 200 10012 "-" "Amazon CloudFront"
64.252.66.102 - - [03/Sep/2026:04:43:53 +0000] "GET /?fileloc=//etc/php-zts.d/30-wddx.ini&path=//etc/php-zts.d HTTP/1.1" 200 2586 "-" "Amazon CloudFront"
64.252.66.61 - - [03/Sep/2026:04:43:57 +0000] "GET /products/detail/227371622?fileloc=//tmp/sess_28kgndpvktkqam50j9cgbfsnga&path=//tmp HTTP/1.1" 200 2557 "-" "Amazon CloudFront"
64.252.68.74 - - [03/Sep/2026:04:44:01 +0000] "GET /?fileloc=//etc/logrotate.d/9714922b00d84ae3a883d949987287bc&path=//etc/logrotate.d HTTP/1.1" 200 2704 "-" "Amazon CloudFront"
64.252.66.102 - - [03/Sep/2026:04:44:04 +0000] "GET /?path=//sys/class/cpuid HTTP/1.1" 200 3081 "-" "Amazon CloudFront"
64.252.68.74 - - [03/Sep/2026:04:44:08 +0000] "GET /?fileloc=//sys/module/psmouse/srcversion&path=//sys/module/psmouse HTTP/1.1" 200 2588 "-" "Amazon CloudFront"
64.252.66.61 - - [03/Sep/2026:04:44:12 +0000] "GET /?fileloc=//tmp/sess_48mvih3546jjm5is6jnb8v07hr&path=//tmp HTTP/1.1" 200 2557 "-" "Amazon CloudFront"
64.252.66.61 - - [03/Sep/2026:04:44:16 +0000] "GET /products/detail/182908925?fileloc=//tmp/sess_0brgakc50f8260m5secsp51g6m&path=//tmp HTTP/1.1" 200 2555 "-" "Amazon CloudFront"
64.252.67.164 - - [03/Sep/2026:04:44:20 +0000] "GET /products/detail/187873763?fileloc=//tmp/sess_bmj8ubhjsc0kv2qibhf1o8adc0&path=//tmp HTTP/1.1" 200 2557 "-" "Amazon CloudFront"
64.252.67.164 - - [03/Sep/2026:04:44:25 +0000] "GET /?path=//sys/class/thermal/cooling_device3/device/physical_node/node0/memory28/node0/cpu5/firmware_node/subsystem/devices/LNXSYBUS:00/PNP0A03:00/device:1b/subsystem/devices/LNXSYBUS:00/PNP0A03:00/device:21/physical_node/driver/0000:00:1e.0/nvme/nvme1/nvme1n1/holders/md0/md/dev-nvme1n1/block/holders/md0/md/rd0/block/mq/2 HTTP/1.1" 200 3477 "-" "Amazon CloudFront"
64.252.68.74 - - [03/Sep/2026:04:44:29 +0000] "GET /products/detail/208628339?path=//sys/bus/node/devices/node0/cpu1/driver/cpu7/driver/cpu2/node0/cpu4/firmware_node/subsystem/devices/PNP0A03:00/device:21/physical_node/nvme/nvme2/device/nvme/nvme2/nvme2n1/holders/md0/md/rd0/block/subsystem/md0/md/rd1/block/holders HTTP/1.1" 200 3112 "-" "Amazon CloudFront"
64.252.66.102 - - [03/Sep/2026:04:44:32 +0000] "GET /?path=//sys/class/thermal/cooling_device3/device/physical_node/node0/memory28/node0/cpu5/firmware_node/subsystem/devices/PNP0A03:00/physical_node/pci_bus/0000:00/device/0000:00:01.0/subsystem/drivers/nvme/0000:00:1e.0/driver/0000:00:1f.0/nvme/nvme2/nvme2n1 HTTP/1.1" 200 4197 "-" "Amazon CloudFront"
64.252.66.102 - - [03/Sep/2026:04:44:36 +0000] "GET /?path=//sys/class/thermal/cooling_device3/device/physical_node/node0/memory28/node0/cpu5/firmware_node/subsystem/devices/PNP0A03:00/physical_node/pci_bus/0000:00/device/0000:00:1f.0/driver/module/drivers/pci:nvme/0000:00:1f.0/subsystem/slots/11/module HTTP/1.1" 200 3273 "-" "Amazon CloudFront"
64.252.66.102 - - [03/Sep/2026:04:44:41 +0000] "GET /products/detail/187873763?fileloc=//tmp/sess_72lnv7o1lhu8o8johcljbt3hgf&path=//tmp HTTP/1.1" 200 2557 "-" "Amazon CloudFront"
64.252.68.74 - - [03/Sep/2026:04:44:45 +0000] "GET /?path=//sys/class/thermal/cooling_device3/device/physical_node/node0/memory28/node0/cpu5/firmware_node/subsystem/devices/PNP0A03:00/physical_node/pci_bus/0000:00/device/0000:00:1e.0/driver/module/drivers/pci:nvme/0000:00:1f.0/driver/0000:00:1f.0/firmware_node/subsystem/devices/device:07 HTTP/1.1" 200 3527 "-" "Amazon CloudFront"
15.158.215.109 - - [03/Sep/2026:04:44:48 +0000] "GET /wp-login.php?fileloc=//tmp/sess_lc51vdr4mdasm50e82q3eavpqk&path=//tmp HTTP/1.1" 200 2557 "-" "Mozilla/5.0 AppleWebKit/537.36 (KHTML, like Gecko; compatible; Amazonbot/0.1; +https://developer.amazon.com/support/amazonbot) Chrome/119.0.6045.214 Safari/537.36"
15.158.215.109 - - [03/Sep/2026:04:44:52 +0000] "GET /wp-login.php?fileloc=//tmp/sess_efjpmtsgb8culj832cqp479fhu&path=//tmp HTTP/1.1" 200 2557 "-" "Mozilla/5.0 AppleWebKit/537.36 (KHTML, like Gecko; compatible; Amazonbot/0.1; +https://developer.amazon.com/support/amazonbot) Chrome/119.0.6045.214 Safari/537.36"
64.252.66.102 - - [03/Sep/2026:04:44:56 +0000] "GET /?path=//sys/class/thermal/cooling_device3/device/physical_node/node0/memory28/node0/cpu5/firmware_node/subsystem/devices/PNP0A03:00/physical_node/pci_bus/0000:00/device/0000:00:1f.0/driver/module/drivers/pci:nvme/0000:00:1f.0/subsystem/slots/25/module HTTP/1.1" 200 3276 "-" "Amazon CloudFront"
64.252.67.164 - - [03/Sep/2026:04:45:03 +0000] "GET /products/detail/182908925?fileloc=//tmp/sess_3sj2oc59hao2q845eu41qo4cpf&path=//tmp HTTP/1.1" 200 2555 "-" "Amazon CloudFront"
64.252.66.102 - - [03/Sep/2026:04:45:05 +0000] "GET /products/detail/208628339?path=//sys/bus/node/devices/node0/cpu1/driver/cpu7/driver/cpu2/node0/cpu4/firmware_node/thermal_cooling/device/physical_node/firmware_node/thermal_cooling/device/subsystem/devices/LNXSYSTM:00/LNXSYBUS:00/PNP0A03:00/device:21/physical_node/nvme/nvme2/nvme2n1/holders/md0/md/rd1/block/subsystem/nvme2n1/mq/5 HTTP/1.1" 200 3440 "-" "Amazon CloudFront"
64.252.68.74 - - [03/Sep/2026:04:45:08 +0000] "GET /?path=//sys/class/thermal/cooling_device3/device/physical_node/node0/memory28/node0/cpu5/firmware_node/subsystem/devices/PNP0A03:00/device:06/subsystem/devices/device:21/physical_node/nvme/nvme2/device/driver/0000:00:1f.0/driver/module/drivers/pci:nvme/module/drivers/pci:nvme/0000:00:1f.0/nvme/nvme2/nvme2n1/holders/md0/slaves/nvme2n1/holders/md0/bdi/power HTTP/1.1" 200 3546 "-" "Amazon CloudFront"
64.252.66.61 - - [03/Sep/2026:04:45:12 +0000] "GET /products/detail/208628339?path=//sys/bus/node/devices/node0/cpu1/driver/cpu7/driver/cpu2/node0/cpu1/firmware_node/thermal_cooling/subsystem/cooling_device3/device/subsystem/devices/PNP0A03:00/physical_node/firmware_node/physical_node/0000:00:1e.0/nvme/nvme1/nvme1n1/holders/md0/slaves/nvme2n1/holders/md0/md/rd0/block/mq HTTP/1.1" 200 3477 "-" "Amazon CloudFront"
64.252.68.74 - - [03/Sep/2026:04:45:17 +0000] "GET /?path=//sys/class/thermal/cooling_device3/device/physical_node/node0/memory0/node0/cpu3/subsystem/devices/cpu6/driver/cpu0/driver/cpu7/firmware_node/subsystem/devices/LNXSYSTM:00/LNXSYBUS:00/PNP0A03:00/device:20/physical_node/nvme/nvme1/device/nvme/nvme1/nvme1n1/holders/md0/slaves/nvme1n1/holders/md0/md/dev-nvme2n1/block/trace HTTP/1.1" 200 3533 "-" "Amazon CloudFront"
64.252.66.61 - - [03/Sep/2026:04:45:20 +0000] "GET /?path=//sys/bus/memory/devices/memory1/node0/memory30/node0/cpu6/firmware_node/subsystem/devices/device:21/physical_node/driver/module/drivers/pci:nvme/0000:00:1f.0/driver/0000:00:1e.0/nvme/nvme1/nvme1n1/holders/md0/md/dev-nvme1n1/block/device/device/nvme/nvme1/nvme1n1/subsystem/md0/md/rd0/block/mq/7 HTTP/1.1" 200 3404 "-" "Amazon CloudFront"
64.252.66.102 - - [03/Sep/2026:04:45:29 +0000] "GET /?path=//sys/class/thermal/cooling_device3/device/physical_node/node0/memory6/node0/cpu1/subsystem/drivers/processor/cpu3/driver/cpu2/driver/cpu3/firmware_node/subsystem/devices/PNP0A03:00/device:20/physical_node/nvme/nvme1/nvme1n1/holders/md0/md/rd0/block/holders/md0/md/dev-nvme1n1/block/device/nvme1n1/mq/1/cpu1 HTTP/1.1" 200 3010 "-" "Amazon CloudFront"
64.252.66.61 - - [03/Sep/2026:04:45:31 +0000] "GET /products/detail/208628339?path=//sys/bus/node/devices/node0/cpu1/driver/cpu7/driver/cpu2/node0/cpu4/firmware_node/subsystem/devices/PNP0A03:00/physical_node/0000:00:04.0/subsystem/drivers/nvme/0000:00:1e.0/nvme/nvme1/nvme1n1/holders/md0/slaves/nvme2n1/mq/5/cpu5 HTTP/1.1" 200 2899 "-" "Amazon CloudFront"
64.252.68.74 - - [03/Sep/2026:04:45:32 +0000] "GET /products/detail/272703723?path=//sys/devices/pci0000:00/firmware_node/physical_node/0000:00:04.0/driver/0000:00:1f.0/subsystem/devices/0000:00:1e.0/driver/0000:00:1f.0/firmware_node/physical_node/nvme/nvme2/subsystem/nvme1/nvme1n1/holders/md0/md/dev-nvme2n1/block/device/device/nvme/nvme2/nvme2n1/holders/md0/md/rd0/block/mq/1 HTTP/1.1" 200 3398 "-" "Amazon CloudFront"
64.252.66.61 - - [03/Sep/2026:04:45:36 +0000] "GET /products/detail/208628339?path=//sys/bus/node/devices/node0/cpu1/driver/cpu7/driver/cpu2/node0/cpu1/firmware_node/thermal_cooling/device/physical_node/firmware_node/subsystem/devices/LNXSYSTM:00/LNXSYBUS:00/PNP0A03:00/device:06/physical_node/nvme/nvme0/nvme0n1/nvme0n1p1/subsystem/md0/md/rd1/block/mq/1 HTTP/1.1" 200 3407 "-" "Amazon CloudFront"
15.158.215.109 - - [03/Sep/2026:04:45:40 +0000] "GET /wp-login.php?fileloc=//tmp/sess_khokpseu0va4in8f1ca3cpv5qk&path=//tmp HTTP/1.1" 200 2555 "-" "Mozilla/5.0 AppleWebKit/537.36 (KHTML, like Gecko; compatible; Amazonbot/0.1; +https://developer.amazon.com/support/amazonbot) Chrome/119.0.6045.214 Safari/537.36"
15.158.215.109 - - [03/Sep/2026:04:45:44 +0000] "GET /wp-login.php?fileloc=//tmp/sess_t2u25makf12leca85oacdlk2i6&path=//tmp HTTP/1.1" 200 2555 "-" "Mozilla/5.0 AppleWebKit/537.36 (KHTML, like Gecko; compatible; Amazonbot/0.1; +https://developer.amazon.com/support/amazonbot) Chrome/119.0.6045.214 Safari/537.36"
15.158.215.109 - - [03/Sep/2026:04:45:48 +0000] "GET /wp-login.php?fileloc=//tmp/sess_jjsjc5an62ponblfip5mmblkec&path=//tmp HTTP/1.1" 200 2555 "-" "Mozilla/5.0 AppleWebKit/537.36 (KHTML, like Gecko; compatible; Amazonbot/0.1; +https://developer.amazon.com/support/amazonbot) Chrome/119.0.6045.214 Safari/537.36"
64.252.68.74 - - [03/Sep/2026:04:45:52 +0000] "GET /?path=//sys/bus/memory/devices/memory1/node0/memory30/node0/cpu6/firmware_node/subsystem/devices/device:21/physical_node/driver/module/drivers/pci:nvme/0000:00:1f.0/driver/0000:00:1f.0/firmware_node/physical_node/nvme/nvme2/subsystem/nvme2/nvme2n1/device/nvme2n1/holders/md0/md/dev-nvme2n1/block/holders/md0/md/rd1/block/integrity HTTP/1.1" 200 3578 "-" "Amazon CloudFront"
15.158.215.109 - - [03/Sep/2026:04:45:57 +0000] "GET /wp-login.php?fileloc=//tmp/sess_jrb608vpqft418mbrnkrr5vgme&path=//tmp HTTP/1.1" 200 2558 "-" "Mozilla/5.0 AppleWebKit/537.36 (KHTML, like Gecko; compatible; Amazonbot/0.1; +https://developer.amazon.com/support/amazonbot) Chrome/119.0.6045.214 Safari/537.36"
64.252.66.61 - - [03/Sep/2026:04:46:00 +0000] "GET /?path=//sys/bus/memory/devices/memory1/node0/memory30/node0/cpu6/firmware_node/subsystem/devices/device:21/physical_node/driver/module/drivers/pci:nvme/0000:00:1e.0/driver/0000:00:1f.0/nvme/nvme2/subsystem/nvme1/device/nvme/nvme1/nvme1n1/holders/md0/slaves/nvme2n1/device/nvme2n1/holders/md0/md/rd1/block/mq/3 HTTP/1.1" 200 3463 "-" "Amazon CloudFront"
64.252.67.164 - - [03/Sep/2026:04:46:04 +0000] "GET /?path=//sys/class/thermal/cooling_device3/device/physical_node/node0/memory28/node0/cpu5/firmware_node/subsystem/devices/PNP0A03:00/physical_node/pci_bus/0000:00/device/0000:00:04.0/driver/0000:00:04.0/driver/0000:00:1f.0/subsystem/slots/27/module/parameters HTTP/1.1" 200 3187 "-" "Amazon CloudFront"
64.252.67.164 - - [03/Sep/2026:04:46:09 +0000] "GET /products/detail/208628339?path=//sys/bus/node/devices/node0/cpu1/driver/cpu7/driver/cpu2/node0/cpu4/firmware_node/thermal_cooling/device/thermal_cooling/device/subsystem/devices/device:06/physical_node/subsystem/drivers/nvme/0000:00:1f.0/nvme/nvme2/nvme2n1/holders/md0/slaves/nvme1n1/mq/0/cpu0 HTTP/1.1" 200 2937 "-" "Amazon CloudFront"
64.252.67.164 - - [03/Sep/2026:04:46:13 +0000] "GET /?path=//sys/bus/memory/devices/memory1/node0/memory7/node0/cpu1/subsystem/drivers/processor/cpu5/firmware_node/subsystem/devices/PNP0A03:00/physical_node/firmware_node/physical_node/0000:00:1e.0/driver/module/drivers/pci:nvme/0000:00:1e.0/nvme/nvme1/nvme1n1/holders/md0/md/rd1/block/holders/md0/md/dev-nvme2n1/block/bdi HTTP/1.1" 200 3622 "-" "Amazon CloudFront"
64.252.66.61 - - [03/Sep/2026:04:46:17 +0000] "GET /products/detail/208628339?path=//sys/bus/node/devices/node0/cpu1/driver/cpu7/driver/cpu2/node0/cpu4/firmware_node/subsystem/devices/PNP0A03:00/device:06/physical_node/nvme/nvme0/nvme0n1/nvme0n1p1/subsystem/md0/slaves/nvme2n1/device/nvme2n1/holders/md0/md/rd1/block/power HTTP/1.1" 200 3409 "-" "Amazon CloudFront"
64.252.66.61 - - [03/Sep/2026:04:46:21 +0000] "GET /products/detail/187873763?fileloc=//tmp/sess_vr3nini0nlf6tlqs752eebg3s1&path=//tmp HTTP/1.1" 200 2557 "-" "Amazon CloudFront"
64.252.66.61 - - [03/Sep/2026:04:46:25 +0000] "GET /?path=//sys/class/thermal/cooling_device3/device/physical_node/node0/memory28/node0/cpu5/firmware_node/subsystem/devices/PNP0A03:00/physical_node/pci_bus/0000:00/device/0000:00:1e.0/driver/0000:00:1f.0/subsystem/drivers/nvme/0000:00:1f.0/driver/0000:00:1e.0/nvme/nvme1 HTTP/1.1" 200 3870 "-" "Amazon CloudFront"
64.252.66.102 - - [03/Sep/2026:04:46:28 +0000] "GET /products/detail/208628339?path=//sys/bus/node/devices/node0/cpu1/driver/cpu7/driver/cpu2/node0/cpu4/firmware_node/subsystem/devices/PNP0A03:00/physical_node/0000:00:01.3/subsystem/drivers/nvme/0000:00:1e.0/nvme/nvme1/nvme1n1/holders/md0/md/dev-nvme1n1/block/holders/md0/slaves/nvme1n1/mq/2 HTTP/1.1" 200 3388 "-" "Amazon CloudFront"
64.252.66.102 - - [03/Sep/2026:04:46:32 +0000] "GET /products/detail/272703723?path=//sys/devices/pci0000:00/firmware_node/physical_node/pci_bus/0000:00/device/firmware_node/physical_node/0000:00:00.0/subsystem/drivers/nvme/module/drivers/pci:nvme/0000:00:04.0/driver/0000:00:1e.0/nvme/nvme1/nvme1n1/holders/md0/md/rd0/block/holders/md0/md/dev-nvme1n1/block/device/subsystem/nvme1/nvme1n1/bdi HTTP/1.1" 200 3563 "-" "Amazon CloudFront"
64.252.66.61 - - [03/Sep/2026:04:46:36 +0000] "GET /products/detail/208628339?path=//sys/bus/node/devices/node0/cpu1/driver/cpu7/driver/cpu2/node0/cpu4/firmware_node/thermal_cooling/device/physical_node/firmware_node/subsystem/devices/PNP0A03:00/device:20/physical_node/nvme/nvme1/nvme1n1/subsystem/nvme2n1/device/nvme2n1/holders/md0/slaves/nvme1n1/mq/1/cpu1 HTTP/1.1" 200 2962 "-" "Amazon CloudFront"
64.252.66.61 - - [03/Sep/2026:04:46:40 +0000] "GET /?path=//sys/class/thermal/cooling_device3/device/physical_node/node0/memory28/node0/cpu5/firmware_node/subsystem/devices/PNP0A03:00/physical_node/pci_bus/0000:00/device/0000:00:1e.0/driver/module/drivers/pci:nvme/0000:00:1e.0/subsystem/devices/0000:00:01.0/firmware_node/PNP0501:01 HTTP/1.1" 200 3521 "-" "Amazon CloudFront"
64.252.67.164 - - [03/Sep/2026:04:46:45 +0000] "GET /products/detail/187873763?fileloc=//tmp/sess_vpucq140u8kmu2122nk9em0cfa&path=//tmp HTTP/1.1" 200 2555 "-" "Amazon CloudFront"
64.252.66.61 - - [03/Sep/2026:04:46:49 +0000] "GET /?path=//sys/bus/memory/devices/memory1/node0/memory7/node0/cpu1/subsystem/drivers/processor/cpu5/firmware_node/subsystem/devices/PNP0A03:00/physical_node/firmware_node/device:20/physical_node/driver/0000:00:04.0/driver/module/drivers/pci:nvme/0000:00:1e.0/nvme/nvme1/device/nvme/nvme1/nvme1n1/holders/md0/slaves/nvme2n1/holders/md0/md/dev-nvme1n1/block/bdi HTTP/1.1" 200 3687 "-" "Amazon CloudFront"
64.252.66.102 - - [03/Sep/2026:04:46:53 +0000] "GET /?path=//sys/class/thermal/cooling_device3/device/physical_node/node0/memory28/node0/cpu5/firmware_node/subsystem/devices/LNXSYSTM:00/LNXSYBUS:00/PNP0A03:00/physical_node/0000:00:04.0/driver/0000:00:1e.0/nvme/nvme1/device/driver/module/drivers/pci:nvme/0000:00:1f.0/nvme/nvme2/nvme2n1/holders/md0/slaves/nvme2n1/holders/md0/md/rd1/block/bdi/subsystem/9:0 HTTP/1.1" 200 3629 "-" "Amazon CloudFront"
64.252.66.61 - - [03/Sep/2026:04:46:56 +0000] "GET /products/detail/208628339?path=//sys/bus/node/devices/node0/cpu1/driver/cpu7/driver/cpu2/node0/cpu1/firmware_node/thermal_cooling/device/physical_node/firmware_node/subsystem/drivers/button/LNXSLPBN:00/subsystem/devices/PNP0A03:00/physical_node/0000:00:1f.0/nvme/nvme2/nvme2n1/holders/md0/md/dev-nvme2n1/block/mq/5/cpu5 HTTP/1.1" 200 3002 "-" "Amazon CloudFront"
15.158.215.109 - - [03/Sep/2026:04:47:01 +0000] "GET /wp-login.php?fileloc=//tmp/sess_gfaj89u9tk9giffkuvbdgjqrut&path=//tmp HTTP/1.1" 200 2556 "-" "Mozilla/5.0 AppleWebKit/537.36 (KHTML, like Gecko; compatible; Amazonbot/0.1; +https://developer.amazon.com/support/amazonbot) Chrome/119.0.6045.214 Safari/537.36"
64.252.66.61 - - [03/Sep/2026:04:47:07 +0000] "GET /?path=//sys/bus/memory/devices/memory1/node0/memory7/node0/cpu1/subsystem/drivers/processor/cpu5/firmware_node/subsystem/devices/PNP0A03:00/physical_node/firmware_node/device:20/physical_node/driver/0000:00:1f.0/nvme/nvme2/nvme2n1/device/device/nvme/nvme2/nvme2n1/holders/md0/md/rd0/block/holders/md0/md/dev-nvme1n1/block/power HTTP/1.1" 200 3543 "-" "Amazon CloudFront"
64.252.66.102 - - [03/Sep/2026:04:47:09 +0000] "GET /?path=//sys/class/thermal/cooling_device3/device/physical_node/node0/cpu6/driver/cpu0/node0/cpu5/firmware_node/subsystem/devices/device:12/subsystem/devices/LNXSYSTM:00/LNXSYBUS:00/PNP0A03:00/device:20/physical_node/nvme/nvme1/device/driver/0000:00:1f.0/nvme/nvme2/nvme2n1/holders/md0/md/rd1/block/trace HTTP/1.1" 200 3484 "-" "Amazon CloudFront"
64.252.68.74 - - [03/Sep/2026:04:47:13 +0000] "GET /products/detail/208628339?path=//sys/bus/node/devices/node0/cpu1/driver/cpu7/driver/cpu2/node0/cpu4/firmware_node/subsystem/devices/PNP0A03:00/physical_node/0000:00:04.0/nvme/nvme0/nvme0n1/subsystem/nvme1n1/device/device/nvme/nvme1/nvme1n1/holders/md0/slaves/nvme2n1/mq/1 HTTP/1.1" 200 3362 "-" "Amazon CloudFront"
64.252.68.74 - - [03/Sep/2026:04:47:17 +0000] "GET /?path=//sys/class/thermal/cooling_device3/device/physical_node/node0/memory0/node0/cpu3/subsystem/devices/cpu6/driver/cpu0/driver/cpu7/firmware_node/subsystem/devices HTTP/1.1" 200 4651 "-" "Amazon CloudFront"
64.252.67.164 - - [03/Sep/2026:04:47:20 +0000] "GET /?path=//sys/class/thermal/cooling_device3/device/physical_node/node0/cpu5/subsystem/devices/cpu4/node0/cpu3/driver/cpu4/driver/cpu5/firmware_node/subsystem/devices/PNP0A03:00/physical_node/pci_bus/0000:00/device/0000:00:1e.0/nvme/nvme1/nvme1n1/holders/md0/md/dev-nvme2n1/block/holders/md0/md/dev-nvme2n1/block/mq/7 HTTP/1.1" 200 3455 "-" "Amazon CloudFront"
64.252.68.74 - - [03/Sep/2026:04:47:24 +0000] "GET /?path=//sys/class/thermal/cooling_device3/device/physical_node/node0/memory28/node0/cpu5/firmware_node/subsystem/devices/LNXSYSTM:00/LNXSYBUS:00/PNP0A03:00/device:12/subsystem/devices/LNXSYBUS:00/PNP0A03:00/device:21/physical_node/nvme/nvme2/device/driver/module/drivers/pci:nvme/module/drivers/pci:nvme/0000:00:04.0/nvme/nvme0/nvme0n1/mq/1 HTTP/1.1" 200 3625 "-" "Amazon CloudFront"
64.252.66.61 - - [03/Sep/2026:04:47:29 +0000] "GET /?path=//sys/class/thermal/cooling_device3/device/physical_node/node0/memory28/node0/cpu5/firmware_node/subsystem/devices/PNP0A03:00/physical_node/pci_bus/0000:00/device/0000:00:1f.0/driver/0000:00:04.0/driver/0000:00:04.0/subsystem/slots/10/module HTTP/1.1" 200 3258 "-" "Amazon CloudFront"
64.252.68.74 - - [03/Sep/2026:04:47:32 +0000] "GET /?path=//sys/bus/memory/devices/memory1/node0/memory30/node0/cpu6/firmware_node/subsystem/devices/device:21/physical_node/driver/module/drivers/pci:nvme/0000:00:1e.0/driver/0000:00:1f.0/nvme/nvme2/nvme2n1/subsystem/nvme2n1/holders/md0/slaves/nvme1n1/holders/md0/md/dev-nvme1n1/block/device/device/nvme/nvme1/nvme1n1/integrity HTTP/1.1" 200 3591 "-" "Amazon CloudFront"
64.252.66.102 - - [03/Sep/2026:04:47:36 +0000] "GET /products/detail/208628339?path=//sys/bus/node/devices/node0/cpu1/driver/cpu7/driver/cpu2/node0/cpu4/firmware_node/subsystem/devices/LNXSYSTM:00/LNXSYBUS:00/PNP0A03:00/device:20/physical_node/nvme/nvme1/device/nvme/nvme1/nvme1n1/device/nvme1n1/holders/md0/md/dev-nvme1n1/block/subsystem HTTP/1.1" 200 3338 "-" "Amazon CloudFront"
64.252.67.164 - - [03/Sep/2026:04:47:41 +0000] "GET /products/detail/208628339?path=//sys/bus/node/devices/node0/cpu1/driver/cpu7/driver/cpu2/node0/cpu1/firmware_node/thermal_cooling/device/physical_node/firmware_node/subsystem/devices/LNXSYSTM:00/LNXSYBUS:00/PNP0A03:00/device:06/physical_node/nvme/nvme0/nvme0n1/device/nvme0n1/nvme0n1p128/subsystem/nvme2n1/holders/md0/queue HTTP/1.1" 200 4708 "-" "Amazon CloudFront"
64.252.66.61 - - [03/Sep/2026:04:47:44 +0000] "GET /?path=//sys/class/thermal/cooling_device3/device/physical_node/node0/memory28/node0/cpu5/firmware_node/subsystem/devices/PNP0A03:00/physical_node/pci_bus/0000:00/device/0000:00:1f.0/driver/0000:00:04.0/driver/0000:00:04.0/subsystem/slots/8/module HTTP/1.1" 200 3258 "-" "Amazon CloudFront"
64.252.66.61 - - [03/Sep/2026:04:47:48 +0000] "GET /products/detail/187873763?fileloc=//tmp/sess_ujv7dvrqe84medi6qtegtcgi5f&path=//tmp HTTP/1.1" 200 2557 "-" "Amazon CloudFront"
15.158.215.109 - - [03/Sep/2026:04:47:52 +0000] "GET /wp-login.php?fileloc=//tmp/sess_s391g02dge4b14dmfh45j9f461&path=//tmp HTTP/1.1" 200 2556 "-" "Mozilla/5.0 AppleWebKit/537.36 (KHTML, like Gecko; compatible; Amazonbot/0.1; +https://developer.amazon.com/support/amazonbot) Chrome/119.0.6045.214 Safari/537.36"
64.252.68.74 - - [03/Sep/2026:04:47:56 +0000] "GET /products/detail/187873763?fileloc=//tmp/sess_mqs4f0i3tile3kh0jtjjbm0b9l&path=//tmp HTTP/1.1" 200 2555 "-" "Amazon CloudFront"
64.252.66.61 - - [03/Sep/2026:04:48:00 +0000] "GET /products/detail/208628339?path=//sys/bus/node/devices/node0/cpu1/driver/cpu7/driver/cpu2/node0/cpu4/firmware_node/subsystem/devices/PNP0A03:00/physical_node/0000:00:04.0/firmware_node/physical_node/nvme/nvme0/nvme0n1/nvme0n1p128/subsystem/md0/md/rd0/block/holders/md0/slaves/nvme1n1/device/nvme1n1 HTTP/1.1" 200 4241 "-" "Amazon CloudFront"
64.252.68.74 - - [03/Sep/2026:04:48:05 +0000] "GET /products/detail/208628339?path=//sys/bus/node/devices/node0/cpu1/driver/cpu7/driver/cpu2/node0/cpu4/firmware_node/subsystem/devices/PNP0A03:00/physical_node/0000:00:04.0/firmware_node/physical_node/nvme/nvme0/nvme0n1/nvme0n1p128/subsystem/md0/slaves/nvme1n1/device/nvme1n1/holders/md0/slaves/nvme2n1/holders HTTP/1.1" 200 3200 "-" "Amazon CloudFront"
64.252.68.74 - - [03/Sep/2026:04:48:08 +0000] "GET /?path=//sys/bus/memory/devices/memory1/node0/memory30/node0/cpu6/firmware_node/subsystem/devices/device:21/physical_node/driver/module/drivers/pci:nvme/0000:00:1e.0/driver/0000:00:04.0/firmware_node/physical_node/subsystem/drivers/nvme/0000:00:1f.0/nvme/nvme2/nvme2n1/holders/md0/md/rd1/block/holders/md0/md/dev-nvme2n1/block/mq/7/cpu7 HTTP/1.1" 200 3025 "-" "Amazon CloudFront"
64.252.68.74 - - [03/Sep/2026:04:48:12 +0000] "GET /products/detail/208628339?path=//sys/bus/node/devices/node0/cpu1/driver/cpu7/driver/cpu2/node0/cpu4/firmware_node/subsystem/devices/PNP0A03:00/physical_node/0000:00:1f.0/nvme/nvme2/subsystem/nvme1/nvme1n1/holders/md0/slaves/nvme2n1/device/device/nvme/nvme2/nvme2n1/holders/md0/integrity HTTP/1.1" 200 3492 "-" "Amazon CloudFront"
15.158.215.109 - - [03/Sep/2026:04:48:16 +0000] "GET /wp-login.php?fileloc=//tmp/sess_fru42tr4172bdmkqhdi79pv19n&path=//tmp HTTP/1.1" 200 2557 "-" "Mozilla/5.0 AppleWebKit/537.36 (KHTML, like Gecko; compatible; Amazonbot/0.1; +https://developer.amazon.com/support/amazonbot) Chrome/119.0.6045.214 Safari/537.36"
64.252.66.61 - - [03/Sep/2026:04:48:20 +0000] "GET /products/detail/187873763?fileloc=//tmp/sess_tbdb5co23s6jp4itm48a2u1dn7&path=//tmp HTTP/1.1" 200 2555 "-" "Amazon CloudFront"
64.252.66.102 - - [03/Sep/2026:04:48:25 +0000] "GET /?path=//sys/bus/memory/devices/memory1/node0/memory7/node0/cpu1/subsystem/drivers/processor/cpu5/firmware_node/subsystem/devices/PNP0A03:00/physical_node/firmware_node/physical_node/0000:00:1e.0/driver/0000:00:04.0/driver/0000:00:1f.0/nvme/nvme2/nvme2n1/holders/md0/md/dev-nvme2n1/block/holders/md0/slaves/nvme1n1/mq/4/cpu4 HTTP/1.1" 200 3011 "-" "Amazon CloudFront"
64.252.68.74 - - [03/Sep/2026:04:48:28 +0000] "GET /?path=//sys/class/thermal/cooling_device3/device/physical_node/node0/cpu1/driver/cpu0/node0/cpu2/firmware_node/subsystem/devices/PNP0303:00/subsystem/devices/LNXSYBUS:00/PNP0A03:00/physical_node/0000:00:1e.0/driver/module/drivers/pci:nvme/module/drivers/pci:nvme/0000:00:1f.0/nvme/nvme2/nvme2n1/holders/md0/md/rd1/block/mq/0/cpu0 HTTP/1.1" 200 3038 "-" "Amazon CloudFront"
64.252.70.102 - - [03/Sep/2026:04:48:29 +0000] "GET /prizes/301680804?path=/var/www/volumes/1e7ea465a4574c32a98fd2f2955c03e3 HTTP/1.1" 200 2642 "-" "Amazon CloudFront"
