64.252.66.61 - - [03/Sep/2026:05:04:56 +0000] "GET /?path=//sys/class/thermal/cooling_device3/device/physical_node/node0/memory28/node0/cpu5/firmware_node/subsystem/devices/PNP0A03:00/physical_node/pci_bus/0000:00/device/0000:00:1f.0/driver/module/drivers/pci:nvme/0000:00:04.0/driver/0000:00:1e.0/subsystem/slots/14 HTTP/1.1" 200 3542 "-" "Amazon CloudFront"
64.252.66.61 - - [03/Sep/2026:05:05:00 +0000] "GET /products/detail/272703723?path=//sys/devices/pci0000:00/firmware_node/physical_node/pci_bus/0000:00/device/firmware_node/physical_node/0000:00:00.0/subsystem/drivers/nvme/module/drivers/pci:nvme/0000:00:04.0/driver/0000:00:1e.0/driver/0000:00:1e.0/subsystem/devices/0000:00:1f.0/nvme/nvme2/nvme2n1/holders/md0/md/dev-nvme2n1/block/device/nvme2n1/holders/md0/md/rd0/block/mq/6/cpu6 HTTP/1.1" 200 3017 "-" "Amazon CloudFront"
64.252.66.61 - - [03/Sep/2026:05:05:04 +0000] "GET /?path=//sys/class/thermal/cooling_device3/device/physical_node/node0/memory28/node0/cpu5/firmware_node/subsystem/devices/PNP0A03:00/physical_node/pci_bus/0000:00/device/0000:00:1e.0/driver/module/drivers/pci:nvme/0000:00:04.0/driver/0000:00:1f.0/nvme/nvme2/nvme2n1/subsystem/nvme2n1/slaves HTTP/1.1" 200 2942 "-" "Amazon CloudFront"
64.252.68.74 - - [03/Sep/2026:05:05:08 +0000] "GET /products/detail/208628339?path=//sys/bus/node/devices/node0/cpu1/driver/cpu7/driver/cpu2/node0/cpu1/firmware_node/thermal_cooling/device/physical_node/firmware_node/subsystem/devices/device:06/physical_node/nvme/nvme0/nvme0n1/nvme0n1p1/subsystem/md0/md/rd0/block/device/nvme1n1/holders/md0/md/rd0/block HTTP/1.1" 200 4257 "-" "Amazon CloudFront"
64.252.66.61 - - [03/Sep/2026:05:05:12 +0000] "GET /?path=//sys/class/thermal/cooling_device3/device/physical_node/node0/memory28/node0/cpu5/firmware_node/subsystem/devices/PNP0A03:00/physical_node/pci_bus/0000:00/device/0000:00:1e.0/driver/module/drivers/pci:nvme/0000:00:04.0/driver/0000:00:1f.0/nvme/nvme2/nvme2n1/subsystem/nvme2n1/trace HTTP/1.1" 200 3421 "-" "Amazon CloudFront"
64.252.66.61 - - [03/Sep/2026:05:05:16 +0000] "GET /?path=//sys/bus/memory/devices/memory1/node0/memory30/node0/cpu6/firmware_node/subsystem/devices/device:21/physical_node/driver/module/drivers/pci:nvme/0000:00:1f.0/driver/0000:00:1f.0/firmware_node/physical_node/nvme/nvme2/subsystem/nvme1/nvme1n1/holders/md0/md/dev-nvme1n1/block/device/nvme1n1/holders/md0/md/dev-nvme2n1/block/device/nvme2n1/mq/1/cpu1 HTTP/1.1" 200 3030 "-" "Amazon CloudFront"
64.252.66.102 - - [03/Sep/2026:05:05:20 +0000] "GET /?path=//sys/class/thermal/cooling_device3/device/physical_node/node0/memory28/node0/cpu5/firmware_node/subsystem/devices/PNP0A03:00/physical_node/pci_bus/0000:00/device/0000:00:04.0/subsystem/drivers/nvme/0000:00:04.0/driver/0000:00:1f.0/driver/module/drivers/pci:nvme/0000:00:1f.0/firmware_node HTTP/1.1" 200 3532 "-" "Amazon CloudFront"
64.252.67.164 - - [03/Sep/2026:05:05:25 +0000] "GET /?path=//sys/class/thermal/cooling_device3/device/physical_node/node0/memory28/node0/cpu5/firmware_node/subsystem/devices/LNXSYBUS:00/PNP0A03:00/device:1b/subsystem/devices/LNXSYBUS:00/PNP0A03:00/device:21/physical_node/driver/module/drivers/pci:nvme/0000:00:1f.0/driver/0000:00:1e.0/nvme/nvme1/nvme1n1/holders/md0/md/rd1/block/holders/md0/md/rd1/block/device/nvme2n1/slaves HTTP/1.1" 200 3076 "-" "Amazon CloudFront"
64.252.66.61 - - [03/Sep/2026:05:05:28 +0000] "GET /products/detail/208628339?path=//sys/bus/node/devices/node0/cpu1/driver/cpu7/driver/cpu2/node0/cpu4/firmware_node/subsystem/devices/PNP0A03:00/physical_node/0000:00:04.0/nvme/nvme0/nvme0n1/subsystem/nvme1n1/holders/md0/md/rd0/block/device/nvme1n1/holders/md0/md/dev-nvme1n1/block/device/power HTTP/1.1" 200 3447 "-" "Amazon CloudFront"
64.252.66.61 - - [03/Sep/2026:05:05:32 +0000] "GET /?path=//sys/class/thermal/cooling_device3/device/physical_node/node0/memory28/node0/cpu5/firmware_node/subsystem/devices/PNP0A03:00/physical_node/pci_bus/0000:00/device/0000:00:04.0/driver/0000:00:04.0/driver/0000:00:1e.0/nvme/nvme1/nvme1n1/subsystem/nvme0n1/nvme0n1p1/holders HTTP/1.1" 200 2900 "-" "Amazon CloudFront"
64.252.68.74 - - [03/Sep/2026:05:05:36 +0000] "GET /?path=//sys/class/thermal/cooling_device3/device/physical_node/node0/memory0/node0/cpu5/driver/cpu7/driver/cpu3/firmware_node/thermal_cooling/device/subsystem/devices/PNP0A03:00/device:06/subsystem/devices/LNXSYSTM:00/LNXSYBUS:00/PNP0A03:00/device:20/physical_node/nvme/nvme1/nvme1n1/holders/md0/md/rd1/block/holders/md0/md/bitmap HTTP/1.1" 200 3698 "-" "Amazon CloudFront"
64.252.67.164 - - [03/Sep/2026:05:05:40 +0000] "GET /products/detail/208628339?path=//sys/bus/node/devices/node0/cpu1/driver/cpu7/driver/cpu2/node0/cpu4/firmware_node/subsystem/devices/PNP0A03:00/physical_node/0000:00:1f.0/subsystem/drivers/nvme/0000:00:1f.0/nvme/nvme2/nvme2n1/holders/md0/slaves/nvme1n1/holders/md0/md/rd1/block/mq/7 HTTP/1.1" 200 3386 "-" "Amazon CloudFront"
64.252.68.74 - - [03/Sep/2026:05:05:45 +0000] "GET /?path=//sys/class/thermal/cooling_device3/device/physical_node/node0/memory28/node0/cpu5/firmware_node/subsystem/devices/PNP0A03:00/physical_node/pci_bus/0000:00/device/0000:00:1e.0/driver/0000:00:1f.0/subsystem/drivers/nvme/module/drivers/pci:nvme/0000:00:04.0/nvme/nvme0 HTTP/1.1" 200 3892 "-" "Amazon CloudFront"
64.252.67.164 - - [03/Sep/2026:05:05:48 +0000] "GET /?path=//sys/class/thermal/cooling_device3/device/physical_node/node0/memory28/node0/cpu5/firmware_node/subsystem/devices/PNP0A03:00/physical_node/pci_bus/0000:00/device/0000:00:1e.0/driver/module/drivers/pci:nvme/0000:00:1e.0/firmware_node/subsystem/devices/LNXSYBUS:00/LNXCPU:02/power HTTP/1.1" 200 3425 "-" "Amazon CloudFront"
64.252.70.102 - - [03/Sep/2026:05:05:51 +0000] "GET /prizes/93624864?path=/var/www/volumes/328521954acc422b8f08738279be002e HTTP/1.1" 200 2643 "-" "Amazon CloudFront"
64.252.71.147 - - [03/Sep/2026:05:05:51 +0000] "GET /prizes/245951884?path=/var/www/volumes/e7eb1676fe914ef19681d6bb2d9efd0f HTTP/1.1" 200 2643 "-" "Amazon CloudFront"
64.252.66.61 - - [03/Sep/2026:05:05:52 +0000] "GET /?path=//sys/class/thermal/cooling_device3/device/physical_node/node0/memory28/node0/cpu5/firmware_node/subsystem/devices/PNP0A03:00/physical_node/pci_bus/0000:00/device/0000:00:1f.0/driver/module/drivers/pci:nvme/0000:00:04.0/driver/0000:00:1f.0/subsystem/slots/9/module HTTP/1.1" 200 3294 "-" "Amazon CloudFront"
64.252.66.102 - - [03/Sep/2026:05:05:56 +0000] "GET /?path=//sys/class/thermal/cooling_device3/device/physical_node/node0/memory28/node0/cpu5/firmware_node/subsystem/devices/PNP0A03:00/physical_node/pci_bus/0000:00/device/0000:00:1e.0/driver/module/drivers/pci:nvme/0000:00:1f.0/driver/0000:00:1e.0/firmware_node/subsystem/devices/LNXSYSTM:00/LNXPWRBN:00 HTTP/1.1" 200 3527 "-" "Amazon CloudFront"
64.252.67.164 - - [03/Sep/2026:05:06:00 +0000] "GET /?path=//sys/bus/acpi/devices/LNXCPU:06/physical_node/node0/memory21/node0/cpu0/subsystem/drivers/processor/cpu6/firmware_node/subsystem/devices/device:06/physical_node/driver/0000:00:04.0/driver/0000:00:1f.0/nvme/nvme2/nvme2n1/device/nvme2n1/holders/md0/md/dev-nvme1n1/block/device/nvme1n1/holders/md0/md/dev-nvme2n1/block/mq/3 HTTP/1.1" 200 3493 "-" "Amazon CloudFront"
64.252.66.61 - - [03/Sep/2026:05:06:05 +0000] "GET /?path=//sys/bus/memory/devices/memory1/node0/memory30/node0/cpu6/firmware_node/subsystem/devices/device:21/physical_node/driver/module/drivers/pci:nvme/0000:00:1e.0/driver/0000:00:1f.0/nvme/nvme2/nvme2n1/device/subsystem/nvme1/nvme1n1/holders/md0/slaves/nvme1n1/holders/md0/md/dev-nvme2n1/block/device/nvme2n1/mq/5 HTTP/1.1" 200 3469 "-" "Amazon CloudFront"
64.252.66.102 - - [03/Sep/2026:05:06:08 +0000] "GET /?path=//sys/class/thermal/cooling_device3/device/physical_node/node0/memory28/node0/cpu5/firmware_node/subsystem/devices/PNP0A03:00/physical_node/pci_bus/0000:00/device/0000:00:04.0/driver/0000:00:04.0/driver/0000:00:1f.0/subsystem/drivers/nvme/0000:00:1e.0/nvme/nvme1/nvme1n1 HTTP/1.1" 200 4216 "-" "Amazon CloudFront"
64.252.66.61 - - [03/Sep/2026:05:06:12 +0000] "GET /?path=//sys/bus/memory/devices/memory1/node0/memory30/node0/cpu6/firmware_node/subsystem/devices/device:21/physical_node/driver/module/drivers/pci:nvme/0000:00:1f.0/driver/0000:00:1f.0/firmware_node/physical_node/nvme/nvme2/subsystem/nvme1/nvme1n1/holders/md0/md/dev-nvme1n1/block/holders/md0/md/rd0/block/device/device/nvme/nvme1/nvme1n1/bdi HTTP/1.1" 200 3663 "-" "Amazon CloudFront"
64.252.72.118 - - [03/Sep/2026:05:06:14 +0000] "GET /products/detail/219385814?path=/var/www/volumes/a8a519455dfb457fb42eb48869b44424 HTTP/1.1" 200 2640 "-" "Amazon CloudFront"
64.252.66.61 - - [03/Sep/2026:05:06:16 +0000] "GET /products/detail/208628339?path=//sys/bus/node/devices/node0/cpu1/driver/cpu7/driver/cpu2/node0/cpu4/firmware_node/subsystem/devices/PNP0A03:00/physical_node/0000:00:1f.0/subsystem/drivers/nvme/0000:00:1f.0/nvme/nvme2/nvme2n1/holders/md0/slaves/nvme1n1/holders/md0/md/rd1/block/mq/3 HTTP/1.1" 200 3387 "-" "Amazon CloudFront"
64.252.89.219 - - [03/Sep/2026:05:06:18 +0000] "GET /products/detail/334700339 HTTP/1.1" 200 4265 "-" "Amazon CloudFront"
64.252.88.199 - - [03/Sep/2026:05:06:19 +0000] "GET /products/detail/320430612 HTTP/1.1" 200 4177 "-" "Amazon CloudFront"
64.252.88.29 - - [03/Sep/2026:05:06:19 +0000] "GET /products/detail/313969511 HTTP/1.1" 200 4265 "-" "Amazon CloudFront"
64.252.88.29 - - [03/Sep/2026:05:06:19 +0000] "GET /products/detail/338693288 HTTP/1.1" 200 4265 "-" "Amazon CloudFront"
64.252.88.29 - - [03/Sep/2026:05:06:20 +0000] "GET /products/detail/330175571 HTTP/1.1" 200 4265 "-" "Amazon CloudFront"
64.252.88.199 - - [03/Sep/2026:05:06:20 +0000] "GET /products/detail/330405076 HTTP/1.1" 200 4177 "-" "Amazon CloudFront"
64.252.88.199 - - [03/Sep/2026:05:06:20 +0000] "GET /products/detail/334393652 HTTP/1.1" 200 4265 "-" "Amazon CloudFront"
64.252.88.29 - - [03/Sep/2026:05:06:20 +0000] "GET /products/detail/275430612 HTTP/1.1" 200 4265 "-" "Amazon CloudFront"
64.252.67.164 - - [03/Sep/2026:05:06:21 +0000] "GET /?path=//sys/class/thermal/cooling_device3/device/physical_node/node0/cpu1/driver/cpu0/node0/cpu2/firmware_node/subsystem/devices/LNXSYSTM:00/LNXSYBUS:00/PNP0C0F:02/subsystem/devices/LNXSYSTM:00/LNXSYBUS:00/PNP0A03:00/device:06/physical_node/driver/0000:00:1e.0/nvme/nvme1/nvme1n1/holders/md0/slaves/nvme2n1/holders/md0/md/dev-nvme1n1/block/mq/3 HTTP/1.1" 200 3525 "-" "Amazon CloudFront"
64.252.88.199 - - [03/Sep/2026:05:06:21 +0000] "GET /products/detail/286319147 HTTP/1.1" 200 4265 "-" "Amazon CloudFront"
64.252.88.199 - - [03/Sep/2026:05:06:21 +0000] "GET /products/detail/335763238 HTTP/1.1" 200 4265 "-" "Amazon CloudFront"
64.252.88.29 - - [03/Sep/2026:05:06:22 +0000] "GET /products/detail/300868430 HTTP/1.1" 200 4265 "-" "Amazon CloudFront"
64.252.88.29 - - [03/Sep/2026:05:06:22 +0000] "GET /products/detail/292728157 HTTP/1.1" 200 4265 "-" "Amazon CloudFront"
64.252.89.219 - - [03/Sep/2026:05:06:23 +0000] "GET /prizes/132313278 HTTP/1.1" 200 4265 "-" "Amazon CloudFront"
64.252.89.219 - - [03/Sep/2026:05:06:23 +0000] "GET /products/detail/319588218 HTTP/1.1" 200 4177 "-" "Amazon CloudFront"
64.252.88.199 - - [03/Sep/2026:05:06:24 +0000] "GET /products/detail/339049571 HTTP/1.1" 200 4265 "-" "Amazon CloudFront"
64.252.88.29 - - [03/Sep/2026:05:06:24 +0000] "GET /products/detail/333695935 HTTP/1.1" 200 4177 "-" "Amazon CloudFront"
64.252.66.61 - - [03/Sep/2026:05:06:25 +0000] "GET /?path=//sys/bus/memory/devices/memory14/node0/memory16/node0/cpu1/driver/cpu4/firmware_node/physical_node/subsystem/drivers/processor/cpu2/firmware_node/subsystem/devices/PNP0A03:00/physical_node/pci_bus/0000:00/device/0000:00:04.0/driver/module/drivers/pci:nvme/0000:00:1f.0/nvme/nvme2/nvme2n1/holders/md0/md/dev-nvme2n1/block/device/nvme2n1/holders/md0/slaves/nvme1n1/mq/2/cpu2 HTTP/1.1" 200 3092 "-" "Amazon CloudFront"
64.252.88.199 - - [03/Sep/2026:05:06:25 +0000] "GET /products/detail/333138723 HTTP/1.1" 200 4265 "-" "Amazon CloudFront"
64.252.88.199 - - [03/Sep/2026:05:06:25 +0000] "GET /products/detail/301563783 HTTP/1.1" 200 4265 "-" "Amazon CloudFront"
64.252.88.199 - - [03/Sep/2026:05:06:26 +0000] "GET /products/detail/312387753 HTTP/1.1" 200 4265 "-" "Amazon CloudFront"
64.252.88.29 - - [03/Sep/2026:05:06:26 +0000] "GET /products/detail/316226147 HTTP/1.1" 200 4265 "-" "Amazon CloudFront"
64.252.89.219 - - [03/Sep/2026:05:06:27 +0000] "GET /products/detail/202391884 HTTP/1.1" 200 4177 "-" "Amazon CloudFront"
64.252.88.199 - - [03/Sep/2026:05:06:27 +0000] "GET /products/detail/44751046 HTTP/1.1" 200 4265 "-" "Amazon CloudFront"
64.252.88.199 - - [03/Sep/2026:05:06:28 +0000] "GET /products/detail/311527359 HTTP/1.1" 200 4265 "-" "Amazon CloudFront"
64.252.68.74 - - [03/Sep/2026:05:06:28 +0000] "GET /products/detail/208628339?path=//sys/bus/node/devices/node0/cpu1/driver/cpu7/driver/cpu2/node0/cpu4/firmware_node/subsystem/devices/PNP0A03:00/device:06/physical_node/firmware_node/physical_node/nvme/nvme0/nvme0n1/subsystem/nvme2n1/device/device/nvme/nvme2/nvme2n1/holders/md0/md/dev-nvme1n1/block/holders/md0 HTTP/1.1" 200 4125 "-" "Amazon CloudFront"
64.252.88.199 - - [03/Sep/2026:05:06:28 +0000] "GET /products/detail/337705218 HTTP/1.1" 200 4265 "-" "Amazon CloudFront"
64.252.88.199 - - [03/Sep/2026:05:06:29 +0000] "GET /products/detail/46165389 HTTP/1.1" 200 4177 "-" "Amazon CloudFront"
64.252.88.29 - - [03/Sep/2026:05:06:29 +0000] "GET /products/detail/336083632 HTTP/1.1" 200 4177 "-" "Amazon CloudFront"
64.252.88.29 - - [03/Sep/2026:05:06:30 +0000] "GET /products/detail/303485410 HTTP/1.1" 200 4265 "-" "Amazon CloudFront"
64.252.89.219 - - [03/Sep/2026:05:06:31 +0000] "GET /products/detail/317767511 HTTP/1.1" 200 4177 "-" "Amazon CloudFront"
64.252.88.29 - - [03/Sep/2026:05:06:31 +0000] "GET /products/detail/301326975 HTTP/1.1" 200 4265 "-" "Amazon CloudFront"
64.252.88.199 - - [03/Sep/2026:05:06:31 +0000] "GET /products/detail/282543753 HTTP/1.1" 200 4265 "-" "Amazon CloudFront"
64.252.88.29 - - [03/Sep/2026:05:06:32 +0000] "GET /products/detail/316897086 HTTP/1.1" 200 4177 "-" "Amazon CloudFront"
64.252.88.199 - - [03/Sep/2026:05:06:32 +0000] "GET /products/detail/313937905 HTTP/1.1" 200 4265 "-" "Amazon CloudFront"
64.252.66.61 - - [03/Sep/2026:05:06:32 +0000] "GET /?path=//sys/class/thermal/cooling_device3/device/physical_node/node0/memory28/node0/cpu5/firmware_node/subsystem/devices/PNP0A03:00/physical_node/pci_bus/0000:00/device/0000:00:05.0/subsystem/drivers/nvme/module/drivers/pci:nvme/0000:00:1f.0/driver/0000:00:1f.0/driver/module/sections HTTP/1.1" 200 4131 "-" "Amazon CloudFront"
64.252.88.29 - - [03/Sep/2026:05:06:33 +0000] "GET /products/detail/311051258 HTTP/1.1" 200 4265 "-" "Amazon CloudFront"
64.252.88.199 - - [03/Sep/2026:05:06:33 +0000] "GET /products/detail/335801935 HTTP/1.1" 200 4265 "-" "Amazon CloudFront"
64.252.89.219 - - [03/Sep/2026:05:06:34 +0000] "GET /products/detail/309396945 HTTP/1.1" 200 4265 "-" "Amazon CloudFront"
64.252.88.199 - - [03/Sep/2026:05:06:34 +0000] "GET /products/detail/328612389 HTTP/1.1" 200 4177 "-" "Amazon CloudFront"
64.252.89.219 - - [03/Sep/2026:05:06:35 +0000] "GET /products/detail/314900006 HTTP/1.1" 200 4177 "-" "Amazon CloudFront"
64.252.88.199 - - [03/Sep/2026:05:06:35 +0000] "GET /products/detail/308254389 HTTP/1.1" 200 4265 "-" "Amazon CloudFront"
64.252.88.29 - - [03/Sep/2026:05:06:36 +0000] "GET /products/detail/334663985 HTTP/1.1" 200 4177 "-" "Amazon CloudFront"
64.252.66.61 - - [03/Sep/2026:05:06:36 +0000] "GET /?path=//sys/class/thermal/cooling_device3/device/physical_node/node0/cpu0/node0/cpu4/firmware_node/subsystem/devices/LNXSYSTM:00/LNXSYBUS:01/subsystem/devices/PNP0A03:00/physical_node/0000:00:1e.0/driver/module/drivers/pci:nvme/module/drivers/pci:nvme/0000:00:1e.0/driver/0000:00:1f.0/nvme/nvme2/device/nvme/nvme2/nvme2n1/holders/md0/md/dev-nvme1n1/block/holders/md0/md/dev-nvme1n1/block HTTP/1.1" 200 4525 "-" "Amazon CloudFront"
64.252.88.29 - - [03/Sep/2026:05:06:36 +0000] "GET /products/detail/302811420 HTTP/1.1" 200 4265 "-" "Amazon CloudFront"
64.252.88.199 - - [03/Sep/2026:05:06:37 +0000] "GET /products/detail/306307248 HTTP/1.1" 200 4265 "-" "Amazon CloudFront"
64.252.88.29 - - [03/Sep/2026:05:06:38 +0000] "GET /products/detail/302881278 HTTP/1.1" 200 4265 "-" "Amazon CloudFront"
64.252.66.61 - - [03/Sep/2026:05:06:40 +0000] "GET /?path=//sys/bus/memory/devices/memory1/node0/memory7/node0/cpu1/subsystem/drivers/processor/cpu5/firmware_node/subsystem/devices/PNP0A03:00/physical_node/firmware_node/device:20/physical_node/driver/0000:00:04.0/driver/module/drivers/pci:nvme/0000:00:1e.0/nvme/nvme1/device/nvme/nvme1/nvme1n1/holders/md0/md/dev-nvme1n1/block/device/nvme1n1/holders/md0/slaves/nvme2n1/power HTTP/1.1" 200 3571 "-" "Amazon CloudFront"
64.252.89.219 - - [03/Sep/2026:05:06:42 +0000] "GET /sitemap819.xml HTTP/1.1" 200 4265 "-" "Amazon CloudFront"
64.252.66.61 - - [03/Sep/2026:05:06:44 +0000] "GET /products/detail/208628339?path=//sys/bus/node/devices/node0/cpu1/driver/cpu7/driver/cpu2/node0/cpu1/firmware_node/thermal_cooling/subsystem/cooling_device3/device/subsystem/devices/PNP0A03:00/physical_node/firmware_node/physical_node/0000:00:1e.0/nvme/nvme1/nvme1n1/holders/md0/slaves/nvme2n1/holders/md0/md/rd1/block/device/nvme2n1/slaves HTTP/1.1" 200 2982 "-" "Amazon CloudFront"
64.252.66.102 - - [03/Sep/2026:05:06:49 +0000] "GET /products/detail/272703723?path=//sys/devices/pci0000:00/firmware_node/physical_node/pci_bus/0000:00/device/firmware_node/physical_node/0000:00:00.0/subsystem/drivers/nvme/module/drivers/pci:nvme/0000:00:04.0/driver/0000:00:1e.0/nvme/nvme1/nvme1n1/holders/md0/md/rd0/block/holders/md0/md/dev-nvme2n1/block/subsystem/nvme2n1/device/nvme2n1/mq/4/cpu4 HTTP/1.1" 200 2987 "-" "Amazon CloudFront"
64.252.66.102 - - [03/Sep/2026:05:06:52 +0000] "GET /?path=//sys/class/thermal/cooling_device3/device/physical_node/node0/memory28/node0/cpu5/firmware_node/subsystem/devices/PNP0A03:00/physical_node/pci_bus/0000:00/device/0000:00:01.0/subsystem/drivers/nvme/0000:00:1f.0/driver/0000:00:1e.0/driver/module/drivers/pci:nvme/module/notes HTTP/1.1" 200 3235 "-" "Amazon CloudFront"
64.252.66.61 - - [03/Sep/2026:05:06:56 +0000] "GET /products/detail/208628339?path=//sys/bus/node/devices/node0/cpu1/driver/cpu7/driver/cpu2/node0/cpu4/firmware_node/subsystem/devices/PNP0A03:00/device:21/physical_node/nvme/nvme2/device/nvme/nvme2/nvme2n1/subsystem/nvme2n1/holders/md0/slaves/nvme1n1/holders/md0/md/dev-nvme1n1/block/bdi HTTP/1.1" 200 3549 "-" "Amazon CloudFront"
64.252.68.74 - - [03/Sep/2026:05:07:00 +0000] "GET /?path=//sys/class/thermal/cooling_device3/device/physical_node/node0/memory28/node0/cpu5/firmware_node/subsystem/devices/LNXSYBUS:00/PNP0A03:00/device:1b/subsystem/devices/LNXSYBUS:00/PNP0A03:00/physical_node/pci_bus/0000:00/device/0000:00:1e.0/nvme/nvme1/nvme1n1/holders/md0/md/dev-nvme1n1/block/holders/md0/slaves/nvme2n1/mq/5/cpu5 HTTP/1.1" 200 3031 "-" "Amazon CloudFront"
64.252.68.74 - - [03/Sep/2026:05:07:05 +0000] "GET /?path=//sys/bus/node/devices/node0/memory2/node0/cpu7/driver/cpu1/firmware_node/subsystem/devices/PNP0A03:00/physical_node/0000:00:04.0/firmware_node/physical_node/nvme/nvme0/device/driver/0000:00:1e.0/nvme/nvme1/nvme1n1/device/subsystem/nvme1/nvme1n1/holders/md0/slaves/nvme2n1/holders/md0/md/dev-nvme2n1/block/mq/1 HTTP/1.1" 200 3461 "-" "Amazon CloudFront"
64.252.66.61 - - [03/Sep/2026:05:07:09 +0000] "GET /?path=//sys/bus/memory/devices/memory1/node0/memory7/node0/cpu1/subsystem/drivers/processor/cpu5/firmware_node/subsystem/devices/PNP0A03:00/physical_node/firmware_node/device:20/physical_node/driver/0000:00:1f.0/nvme/nvme2/nvme2n1/device/device/nvme/nvme2/nvme2n1/holders/md0/md/rd1/block/holders/md0/slaves/nvme1n1/mq/4/cpu4 HTTP/1.1" 200 3024 "-" "Amazon CloudFront"
64.252.71.147 - - [03/Sep/2026:05:07:11 +0000] "GET /prizes/90167288?fileloc=/var/www/volumes/69b4844ae61d4e92bf26ad98af552775/wordpress/wp-admin/users.php&path=/var/www/volumes/69b4844ae61d4e92bf26ad98af552775/wordpress/wp-admin HTTP/1.1" 200 7622 "-" "Amazon CloudFront"
64.252.66.102 - - [03/Sep/2026:05:07:12 +0000] "GET /?path=//sys/class/thermal/cooling_device3/device/physical_node/node0/memory28/node0/cpu5/firmware_node/subsystem/devices/PNP0A03:00/physical_node/pci_bus/0000:00/device/0000:00:1f.0/driver/module/drivers/pci:nvme/0000:00:1e.0/subsystem/devices/0000:00:04.0/driver/module/holders HTTP/1.1" 200 2912 "-" "Amazon CloudFront"
64.252.66.61 - - [03/Sep/2026:05:07:16 +0000] "GET /?path=//sys/bus/memory/devices/memory1/node0/memory30/node0/cpu6/firmware_node/subsystem/devices/device:21/physical_node/driver/module/drivers/pci:nvme/0000:00:1f.0/driver/0000:00:1e.0/nvme/nvme1/nvme1n1/holders/md0/md/rd0/block/device/device/nvme/nvme1/subsystem/nvme2/nvme2n1/holders/md0/md/rd0/block/mq/2 HTTP/1.1" 200 3470 "-" "Amazon CloudFront"
64.252.66.61 - - [03/Sep/2026:05:07:20 +0000] "GET /?path=//sys/class/thermal/cooling_device3/device/physical_node/node0/memory28/node0/cpu5/firmware_node/subsystem/devices/LNXSYSTM:00/LNXSYBUS:00/PNP0A03:00/physical_node/0000:00:04.0/driver/0000:00:1e.0/nvme/nvme1/device/driver/0000:00:1f.0/nvme/nvme2/nvme2n1/holders/md0/md/dev-nvme1n1/block/holders/md0/md/rd0/block/subsystem/nvme2n1/mq/2 HTTP/1.1" 200 3520 "-" "Amazon CloudFront"
64.252.71.147 - - [03/Sep/2026:05:07:22 +0000] "GET /prizes/76089480?fileloc=/var/www/volumes/69b4844ae61d4e92bf26ad98af552775/wordpress/xmlrpc.php&path=/var/www/volumes/69b4844ae61d4e92bf26ad98af552775/wordpress HTTP/1.1" 200 3915 "-" "Amazon CloudFront"
64.252.72.118 - - [03/Sep/2026:05:07:23 +0000] "GET /prizes/133372026?path=/s3/71ff0ec5b6fe4af78a84c306e5b5bd53 HTTP/1.1" 200 2876 "-" "Amazon CloudFront"
64.252.67.164 - - [03/Sep/2026:05:07:24 +0000] "GET /products/detail/208628339?path=//sys/bus/node/devices/node0/cpu1/driver/cpu7/driver/cpu2/node0/cpu1/firmware_node/thermal_cooling/device/physical_node/firmware_node/subsystem/drivers/button/LNXSLPBN:00/subsystem/devices/PNP0A03:00/device:20/physical_node/nvme/nvme1/nvme1n1/holders/md0/slaves/nvme2n1/device/nvme2n1/bdi/power HTTP/1.1" 200 3498 "-" "Amazon CloudFront"
64.252.72.118 - - [03/Sep/2026:05:07:26 +0000] "GET /prizes/122287511?path=/var/www/volumes/d6afe07a81334c0cb8a1695a022f0490 HTTP/1.1" 200 2643 "-" "Amazon CloudFront"
64.252.70.102 - - [03/Sep/2026:05:07:26 +0000] "GET /prizes/200647682?path=/var/www/volumes/d477e617ea1b4daaa49c57837f2d9619 HTTP/1.1" 200 2642 "-" "Amazon CloudFront"
64.252.68.74 - - [03/Sep/2026:05:07:28 +0000] "GET /?path=//sys/bus/memory/devices/memory1/node0/memory30/node0/cpu6/firmware_node/subsystem/devices/device:21/physical_node/driver/module/drivers/pci:nvme/0000:00:1e.0/nvme/nvme1/nvme1n1/subsystem/nvme1n1/holders/md0/md/dev-nvme1n1/block/device/device/firmware_node/physical_node/driver/0000:00:1f.0/nvme/nvme2/nvme2n1/holders/md0/slaves/nvme2n1/bdi/power HTTP/1.1" 200 3568 "-" "Amazon CloudFront"
64.252.67.164 - - [03/Sep/2026:05:07:32 +0000] "GET /products/detail/208628339?path=//sys/bus/node/devices/node0/cpu1/driver/cpu7/driver/cpu2/node0/cpu4/firmware_node/subsystem/devices/LNXSYSTM:00/LNXSYBUS:00/PNP0A03:00/device:05/physical_node/subsystem/drivers/nvme/module/drivers/pci:nvme/0000:00:1f.0/firmware_node/physical_node/nvme/nvme2/nvme2n1/holders/md0/md/rd1/block/mq HTTP/1.1" 200 3486 "-" "Amazon CloudFront"
64.252.67.164 - - [03/Sep/2026:05:07:36 +0000] "GET /?fileloc=//lib64/python2.7/idlelib/Icons/folder.gif&path=//lib64/python2.7/idlelib/Icons HTTP/1.1" 200 2580 "-" "Amazon CloudFront"
64.252.66.102 - - [03/Sep/2026:05:07:36 +0000] "GET /products/detail/208628339?path=//sys/bus/node/devices/node0/cpu1/driver/cpu7/driver/cpu2/node0/cpu4/firmware_node/subsystem/devices/LNXSYBUS:00/LNXCPU:03/thermal_cooling/device/thermal_cooling/device/physical_node/firmware_node/physical_node/subsystem/drivers/processor/cpu6/cache/index0/power HTTP/1.1" 200 3406 "-" "Amazon CloudFront"
64.252.68.74 - - [03/Sep/2026:05:07:40 +0000] "GET /?path=//sys/class/thermal/cooling_device3/device/physical_node/node0/memory28/node0/cpu5/firmware_node/subsystem/devices/LNXSYSTM:00/LNXSYBUS:00/PNP0A03:00/physical_node/0000:00:04.0/driver/0000:00:1e.0/nvme/nvme1/device/driver/module/drivers/pci:nvme/0000:00:1f.0/nvme/nvme2/nvme2n1/holders/md0/slaves/nvme2n1/holders/md0/slaves/nvme1n1/mq/6/cpu6 HTTP/1.1" 200 3055 "-" "Amazon CloudFront"
64.252.67.164 - - [03/Sep/2026:05:07:44 +0000] "GET /?path=//sys/class/thermal/cooling_device3/device/physical_node/node0/memory0/node0/cpu0/firmware_node/subsystem/devices/device:02/QEMU0001:00/subsystem/devices/LNXSYBUS:00/PNP0A03:00/physical_node/0000:00:1f.0/driver/module/drivers/pci:nvme/0000:00:1e.0/driver/module/drivers/pci:nvme/0000:00:1e.0/nvme/nvme1/nvme1n1/device/nvme1n1/holders/md0/md/dev-nvme1n1/block/holders/md0/slaves/nvme2n1/trace HTTP/1.1" 200 3583 "-" "Amazon CloudFront"
64.252.68.74 - - [03/Sep/2026:05:07:48 +0000] "GET /products/detail/208628339?path=//sys/bus/node/devices/node0/cpu1/driver/cpu7/driver/cpu2/node0/cpu1/firmware_node/thermal_cooling/subsystem/cooling_device3/device/subsystem/devices/PNP0A03:00/physical_node/0000:00:1e.0/nvme/nvme1/nvme1n1/holders/md0/md/rd1/block/device/nvme2n1/holders/md0/md/dev-nvme1n1/block/mq/7 HTTP/1.1" 200 3433 "-" "Amazon CloudFront"
64.252.88.199 - - [03/Sep/2026:05:07:50 +0000] "GET /products/detail/310271854 HTTP/1.1" 200 4265 "-" "Amazon CloudFront"
64.252.88.199 - - [03/Sep/2026:05:07:51 +0000] "GET /products/detail/60402157 HTTP/1.1" 200 4265 "-" "Amazon CloudFront"
64.252.89.219 - - [03/Sep/2026:05:07:51 +0000] "GET /products/detail/319095561 HTTP/1.1" 200 4182 "-" "Amazon CloudFront"
64.252.88.199 - - [03/Sep/2026:05:07:51 +0000] "GET /products/detail/306336612 HTTP/1.1" 200 4265 "-" "Amazon CloudFront"
64.252.89.219 - - [03/Sep/2026:05:07:51 +0000] "GET /products/detail/308928379 HTTP/1.1" 200 4177 "-" "Amazon CloudFront"
64.252.88.199 - - [03/Sep/2026:05:07:51 +0000] "GET /products/detail/311394945 HTTP/1.1" 200 4265 "-" "Amazon CloudFront"
64.252.89.219 - - [03/Sep/2026:05:07:52 +0000] "GET /products/detail/313420733 HTTP/1.1" 200 4265 "-" "Amazon CloudFront"
64.252.67.164 - - [03/Sep/2026:05:07:52 +0000] "GET /products/detail/208628339?path=//sys/bus/node/devices/node0/cpu1/driver/cpu7/driver/cpu2/node0/cpu4/firmware_node/thermal_cooling/device/physical_node/firmware_node/thermal_cooling/device/subsystem/devices/PNP0A03:00/device:05/physical_node/subsystem/drivers/nvme/0000:00:1e.0/nvme/nvme1/nvme1n1/holders/md0/md/rd0/block/mq HTTP/1.1" 200 3477 "-" "Amazon CloudFront"
64.252.88.29 - - [03/Sep/2026:05:07:53 +0000] "GET /products/detail/327632309 HTTP/1.1" 200 4265 "-" "Amazon CloudFront"
64.252.88.29 - - [03/Sep/2026:05:07:53 +0000] "GET /products/detail/227424612 HTTP/1.1" 200 4177 "-" "Amazon CloudFront"
64.252.88.199 - - [03/Sep/2026:05:07:53 +0000] "GET /products/detail/164083056 HTTP/1.1" 200 4265 "-" "Amazon CloudFront"
64.252.89.219 - - [03/Sep/2026:05:07:54 +0000] "GET /products/detail/312543349 HTTP/1.1" 200 4177 "-" "Amazon CloudFront"
64.252.88.29 - - [03/Sep/2026:05:07:54 +0000] "GET /products/detail/307744652 HTTP/1.1" 200 4265 "-" "Amazon CloudFront"
64.252.88.29 - - [03/Sep/2026:05:07:55 +0000] "GET /products/detail/190605157 HTTP/1.1" 200 4265 "-" "Amazon CloudFront"
64.252.88.199 - - [03/Sep/2026:05:07:56 +0000] "GET /products/detail/326813632 HTTP/1.1" 200 4265 "-" "Amazon CloudFront"
64.252.88.29 - - [03/Sep/2026:05:07:56 +0000] "GET /products/detail/312062965 HTTP/1.1" 200 4265 "-" "Amazon CloudFront"
64.252.67.164 - - [03/Sep/2026:05:07:56 +0000] "GET /products/detail/208628339?path=//sys/bus/node/devices/node0/cpu1/driver/cpu7/driver/cpu2/node0/cpu4/firmware_node/thermal_cooling/device/physical_node/firmware_node/thermal_cooling/device/subsystem/devices/PNP0A03:00/device:05/physical_node/subsystem/drivers/nvme/0000:00:1e.0/nvme/nvme1/nvme1n1/holders/md0/md/rd0/block/trace HTTP/1.1" 200 3458 "-" "Amazon CloudFront"
64.252.75.204 - - [03/Sep/2026:05:07:56 +0000] "GET /sitemap323.xml?path=%2Fvar%2Fwww%2Fvolumes%2F69b4844ae61d4e92bf26ad98af552775%2Fwordpress%2Fwp-includes HTTP/1.1" 200 10697 "-" "Amazon CloudFront"
64.252.88.29 - - [03/Sep/2026:05:07:57 +0000] "GET /products/detail/330374935 HTTP/1.1" 200 4265 "-" "Amazon CloudFront"
64.252.88.29 - - [03/Sep/2026:05:07:57 +0000] "GET /products/detail/90500288 HTTP/1.1" 200 4265 "-" "Amazon CloudFront"
64.252.88.199 - - [03/Sep/2026:05:07:58 +0000] "GET /products/detail/304365501 HTTP/1.1" 200 4265 "-" "Amazon CloudFront"
64.252.88.199 - - [03/Sep/2026:05:07:58 +0000] "GET /products/detail/312922248 HTTP/1.1" 200 4265 "-" "Amazon CloudFront"
64.252.88.199 - - [03/Sep/2026:05:07:59 +0000] "GET /prizes/236930965 HTTP/1.1" 200 4265 "-" "Amazon CloudFront"
64.252.89.219 - - [03/Sep/2026:05:07:59 +0000] "GET /products/detail/317304016 HTTP/1.1" 200 4265 "-" "Amazon CloudFront"
64.252.88.199 - - [03/Sep/2026:05:07:59 +0000] "GET /products/detail/144448107?path=/var/www/volumes HTTP/1.1" 200 12224 "-" "Amazon CloudFront"
64.252.88.29 - - [03/Sep/2026:05:08:00 +0000] "GET /products/detail/42620309 HTTP/1.1" 200 4265 "-" "Amazon CloudFront"
64.252.66.102 - - [03/Sep/2026:05:08:00 +0000] "GET /?path=//sys/class/thermal/cooling_device3/device/physical_node/node0/cpu1/driver/cpu0/node0/cpu2/firmware_node/subsystem/devices/LNXSYSTM:00/LNXSYBUS:00/PNP0C0F:02/subsystem/devices/LNXSYSTM:00/LNXSYBUS:00/PNP0A03:00/physical_node/0000:00:04.0/driver/0000:00:1e.0/nvme/nvme1/device/nvme/nvme1/nvme1n1/holders/md0/slaves/nvme2n1/holders/md0/md/rd0/block/mq/6 HTTP/1.1" 200 3535 "-" "Amazon CloudFront"
64.252.88.29 - - [03/Sep/2026:05:08:01 +0000] "GET /products/detail/312144753 HTTP/1.1" 200 4265 "-" "Amazon CloudFront"
64.252.89.219 - - [03/Sep/2026:05:08:01 +0000] "GET /prizes/326132773 HTTP/1.1" 200 4265 "-" "Amazon CloudFront"
64.252.88.29 - - [03/Sep/2026:05:08:02 +0000] "GET /prizes/89414773 HTTP/1.1" 200 4265 "-" "Amazon CloudFront"
64.252.88.29 - - [03/Sep/2026:05:08:02 +0000] "GET /products/detail/325515612 HTTP/1.1" 200 4265 "-" "Amazon CloudFront"
64.252.88.29 - - [03/Sep/2026:05:08:03 +0000] "GET /prizes/338136187 HTTP/1.1" 200 4265 "-" "Amazon CloudFront"
64.252.88.199 - - [03/Sep/2026:05:08:03 +0000] "GET /products/detail/271390844 HTTP/1.1" 200 4177 "-" "Amazon CloudFront"
64.252.88.199 - - [03/Sep/2026:05:08:04 +0000] "GET /prizes/312898389?fileloc=/var/www/volumes/69b4844ae61d4e92bf26ad98af552775/wordpress/wp-config-sample.php&path=/var/www/volumes/69b4844ae61d4e92bf26ad98af552775/wordpress HTTP/1.1" 200 23180 "-" "Amazon CloudFront"
64.252.89.219 - - [03/Sep/2026:05:08:04 +0000] "GET /products/detail/310084763 HTTP/1.1" 200 4177 "-" "Amazon CloudFront"
64.252.88.29 - - [03/Sep/2026:05:08:04 +0000] "GET /products/detail/312519501 HTTP/1.1" 200 4177 "-" "Amazon CloudFront"
64.252.88.29 - - [03/Sep/2026:05:08:05 +0000] "GET /products/detail/320050137 HTTP/1.1" 200 4265 "-" "Amazon CloudFront"
64.252.66.61 - - [03/Sep/2026:05:08:05 +0000] "GET /?path=//sys/class/thermal/cooling_device3/device/physical_node/node0/memory28/node0/cpu5/firmware_node/subsystem/devices/LNXSYBUS:00/PNP0A03:00/device:1b/subsystem/devices/LNXSYBUS:00/PNP0A03:00/physical_node/pci_bus/0000:00/device/0000:00:1e.0/driver/0000:00:1e.0/driver/0000:00:1f.0/nvme/nvme2/nvme2n1/holders/md0/md/dev-nvme2n1/block/holders/md0/md/dev-nvme2n1/block/mq/1 HTTP/1.1" 200 3528 "-" "Amazon CloudFront"
64.252.88.199 - - [03/Sep/2026:05:08:05 +0000] "GET /products/detail/40899501 HTTP/1.1" 200 4265 "-" "Amazon CloudFront"
64.252.89.219 - - [03/Sep/2026:05:08:06 +0000] "GET /products/detail/294220460 HTTP/1.1" 200 4265 "-" "Amazon CloudFront"
64.252.89.219 - - [03/Sep/2026:05:08:06 +0000] "GET /products/detail/301465248 HTTP/1.1" 200 4265 "-" "Amazon CloudFront"
64.252.89.219 - - [03/Sep/2026:05:08:07 +0000] "GET /products/detail/330181985 HTTP/1.1" 200 4265 "-" "Amazon CloudFront"
64.252.88.29 - - [03/Sep/2026:05:08:07 +0000] "GET /products/detail/333305006 HTTP/1.1" 200 4265 "-" "Amazon CloudFront"
64.252.66.102 - - [03/Sep/2026:05:08:08 +0000] "GET /?path=//sys/class/thermal/cooling_device3/device/physical_node/node0/memory28/node0/cpu5/firmware_node/subsystem/devices/PNP0A03:00/physical_node/pci_bus/0000:00/device/0000:00:1e.0/driver/module/drivers/pci:nvme/0000:00:1e.0/driver/0000:00:04.0/firmware_node/subsystem/drivers/button/LNXPWRBN:00/power HTTP/1.1" 200 3872 "-" "Amazon CloudFront"
64.252.89.219 - - [03/Sep/2026:05:08:08 +0000] "GET /products/detail/306033531 HTTP/1.1" 200 4265 "-" "Amazon CloudFront"
64.252.88.29 - - [03/Sep/2026:05:08:09 +0000] "GET /products/detail/112094339 HTTP/1.1" 200 4177 "-" "Amazon CloudFront"
64.252.89.219 - - [03/Sep/2026:05:08:09 +0000] "GET /products/detail/333702804 HTTP/1.1" 200 4265 "-" "Amazon CloudFront"
64.252.89.219 - - [03/Sep/2026:05:08:10 +0000] "GET /products/detail/269991450 HTTP/1.1" 200 4265 "-" "Amazon CloudFront"
64.252.88.29 - - [03/Sep/2026:05:08:11 +0000] "GET /prizes/235127369 HTTP/1.1" 200 4177 "-" "Amazon CloudFront"
64.252.89.219 - - [03/Sep/2026:05:08:11 +0000] "GET /products/detail/339243187 HTTP/1.1" 200 4265 "-" "Amazon CloudFront"
64.252.88.29 - - [03/Sep/2026:05:08:11 +0000] "GET /products/detail/58810056 HTTP/1.1" 200 4177 "-" "Amazon CloudFront"
64.252.89.219 - - [03/Sep/2026:05:08:12 +0000] "GET /products/detail/332634612 HTTP/1.1" 200 4265 "-" "Amazon CloudFront"
64.252.88.199 - - [03/Sep/2026:05:08:12 +0000] "GET /products/detail/322721006 HTTP/1.1" 200 4265 "-" "Amazon CloudFront"
64.252.66.102 - - [03/Sep/2026:05:08:12 +0000] "GET /?path=//sys/class/thermal/cooling_device3/device/physical_node/node0/memory28/node0/cpu5/firmware_node/subsystem/devices/PNP0A03:00/physical_node/pci_bus/0000:00/device/0000:00:1f.0/driver/0000:00:1f.0/driver/0000:00:1e.0/nvme/nvme1/nvme1n1/subsystem/nvme0n1/nvme0n1p128/holders HTTP/1.1" 200 2903 "-" "Amazon CloudFront"
64.252.88.199 - - [03/Sep/2026:05:08:13 +0000] "GET /products/detail/336529571 HTTP/1.1" 200 4177 "-" "Amazon CloudFront"
64.252.88.199 - - [03/Sep/2026:05:08:13 +0000] "GET /products/detail/314335571 HTTP/1.1" 200 4177 "-" "Amazon CloudFront"
64.252.88.199 - - [03/Sep/2026:05:08:14 +0000] "GET /products/detail/317769642 HTTP/1.1" 200 4265 "-" "Amazon CloudFront"
64.252.88.199 - - [03/Sep/2026:05:08:14 +0000] "GET /products/detail/332105854 HTTP/1.1" 200 4265 "-" "Amazon CloudFront"
64.252.89.219 - - [03/Sep/2026:05:08:15 +0000] "GET /products/detail/265284804 HTTP/1.1" 200 4177 "-" "Amazon CloudFront"
64.252.89.219 - - [03/Sep/2026:05:08:15 +0000] "GET /products/detail/300889703 HTTP/1.1" 200 4265 "-" "Amazon CloudFront"
64.252.89.219 - - [03/Sep/2026:05:08:16 +0000] "GET /products/detail/304528389 HTTP/1.1" 200 4265 "-" "Amazon CloudFront"
64.252.66.61 - - [03/Sep/2026:05:08:16 +0000] "GET /products/detail/208628339?path=//sys/bus/node/devices/node0/cpu1/driver/cpu7/driver/cpu2/node0/cpu4/firmware_node/subsystem/devices/PNP0A03:00/physical_node/0000:00:04.0/firmware_node/physical_node/nvme/nvme0/nvme0n1/nvme0n1p128/subsystem/md0/md/dev-nvme2n1/block/device/nvme2n1/holders/md0/md/dev-nvme2n1/block/integrity HTTP/1.1" 200 3534 "-" "Amazon CloudFront"
64.252.88.29 - - [03/Sep/2026:05:08:17 +0000] "GET /products/detail/283175440 HTTP/1.1" 200 4265 "-" "Amazon CloudFront"
64.252.88.29 - - [03/Sep/2026:05:08:17 +0000] "GET /products/detail/304026187 HTTP/1.1" 200 4265 "-" "Amazon CloudFront"
64.252.88.29 - - [03/Sep/2026:05:08:17 +0000] "GET /prizes/297501187 HTTP/1.1" 200 4265 "-" "Amazon CloudFront"
64.252.68.74 - - [03/Sep/2026:05:08:20 +0000] "GET /?path=//sys/class/thermal/cooling_device3/device/physical_node/node0/memory28/node0/cpu5/firmware_node/subsystem/devices/LNXSYSTM:00/LNXSYBUS:00/PNP0A03:00/physical_node/0000:00:04.0/driver/0000:00:1e.0/nvme/nvme1/device/driver/0000:00:1f.0/nvme/nvme2/nvme2n1/holders/md0/md/dev-nvme1n1/block/holders/md0/slaves/nvme1n1/subsystem/nvme2n1/mq/2 HTTP/1.1" 200 3522 "-" "Amazon CloudFront"
64.252.68.74 - - [03/Sep/2026:05:08:24 +0000] "GET /products/detail/208628339?path=//sys/bus/node/devices/node0/cpu1/driver/cpu7/driver/cpu2/node0/cpu4/firmware_node/subsystem/devices/PNP0A03:00/physical_node/0000:00:04.0/firmware_node/physical_node/nvme/nvme0/device/nvme/nvme0/subsystem/nvme2/nvme2n1/holders/md0/md/rd1/block/holders/md0/slaves/nvme1n1/mq HTTP/1.1" 200 3478 "-" "Amazon CloudFront"
64.252.66.61 - - [03/Sep/2026:05:08:29 +0000] "GET /?path=//sys/class/thermal/cooling_device3/device/physical_node/node0/memory28/node0/cpu5/firmware_node/subsystem/devices/LNXSYSTM:00/LNXSYBUS:00/PNP0A03:00/physical_node/0000:00:04.0/driver/0000:00:1e.0/nvme/nvme1/device/driver/module/drivers/pci:nvme/0000:00:1f.0/nvme/nvme2/nvme2n1/holders/md0/slaves/nvme1n1/subsystem/nvme2n1/holders/md0/md/dev-nvme2n1/block/mq/1 HTTP/1.1" 200 3550 "-" "Amazon CloudFront"
64.252.67.164 - - [03/Sep/2026:05:08:33 +0000] "GET /?path=//sys/class/thermal/cooling_device3/device/physical_node/node0/memory28/node0/cpu5/firmware_node/subsystem/devices/PNP0A03:00/physical_node/pci_bus/0000:00/device/firmware_node/device:16/subsystem/devices/LNXSYSTM:00/LNXSLPBN:00/driver/LNXPWRBN:00/driver/LNXPWRBN:00/input/input3/id HTTP/1.1" 200 3358 "-" "Amazon CloudFront"
64.252.66.61 - - [03/Sep/2026:05:08:36 +0000] "GET /products/detail/208628339?path=//sys/bus/node/devices/node0/cpu1/driver/cpu7/driver/cpu2/node0/cpu1/firmware_node/thermal_cooling/device/physical_node/firmware_node/subsystem/devices/LNXSYBUS:00/PNP0A03:00/device:20/physical_node/nvme/nvme1/subsystem/nvme2/nvme2n1/holders/md0/md/rd1/block/device/nvme2n1/mq/4 HTTP/1.1" 200 3428 "-" "Amazon CloudFront"
64.252.66.102 - - [03/Sep/2026:05:08:44 +0000] "GET /?path=//sys/class/thermal/cooling_device3/device/physical_node/node0/memory28/node0/cpu5/firmware_node/subsystem/devices/LNXSYBUS:00/PNP0A03:00/device:1b/subsystem/devices/LNXSYBUS:00/PNP0A03:00/device:21/physical_node/driver/0000:00:1e.0/nvme/nvme1/nvme1n1/holders/md0/md/dev-nvme1n1/block/holders/md0/md/rd0/block/mq/4/cpu4 HTTP/1.1" 200 3022 "-" "Amazon CloudFront"
64.252.67.164 - - [03/Sep/2026:05:08:44 +0000] "GET /?path=//sys/class/thermal/cooling_device3/device/physical_node/node0/cpu1/driver/cpu0/node0/cpu2/firmware_node/subsystem/devices/LNXSYSTM:00/LNXSYBUS:00/PNP0C0F:02/subsystem/devices/LNXSYSTM:00/LNXSYBUS:00/PNP0A03:00/physical_node/0000:00:04.0/driver/module/drivers/pci:nvme/module/drivers/pci:nvme/0000:00:1e.0/nvme/nvme1/nvme1n1/holders/md0/md/rd1/block/mq/2/cpu2 HTTP/1.1" 200 3071 "-" "Amazon CloudFront"
64.252.68.74 - - [03/Sep/2026:05:08:48 +0000] "GET /?path=//sys/class/thermal/cooling_device3/device/physical_node/node0/memory28/node0/cpu5/firmware_node/subsystem/devices/PNP0A03:00/physical_node/pci_bus/0000:00/device/0000:00:01.0/subsystem/drivers/nvme/0000:00:1f.0/driver/0000:00:1e.0/nvme/nvme1/nvme1n1/holders/md0/bdi/power HTTP/1.1" 200 3448 "-" "Amazon CloudFront"
64.252.66.102 - - [03/Sep/2026:05:08:52 +0000] "GET /?path=//sys/bus/node/devices/node0/memory2/node0/cpu4/driver/cpu1/driver/cpu2/subsystem/drivers/processor/cpu2/firmware_node/physical_node/firmware_node/subsystem/devices/LNXSYBUS:00/PNP0A03:00/physical_node/0000:00:1f.0/nvme/nvme2/nvme2n1/holders/md0/md/dev-nvme1n1/block/device/nvme1n1/holders/md0/md/dev-nvme1n1/block/device/nvme1n1/bdi/power HTTP/1.1" 200 3569 "-" "Amazon CloudFront"
64.252.67.164 - - [03/Sep/2026:05:08:56 +0000] "GET /?path=//sys/class/thermal/cooling_device3/device/physical_node/node0/memory28/node0/cpu5/firmware_node/subsystem/devices/PNP0A03:00/physical_node/pci_bus/0000:00/device/0000:00:1e.0/driver/module/drivers/pci:nvme/module/drivers/pci:nvme/0000:00:1e.0/subsystem/devices/0000:00:05.0/firmware_node HTTP/1.1" 200 3529 "-" "Amazon CloudFront"
64.252.66.61 - - [03/Sep/2026:05:09:01 +0000] "GET /products/detail/208628339?path=//sys/bus/node/devices/node0/cpu1/driver/cpu7/driver/cpu2/node0/cpu1/firmware_node/thermal_cooling/device/physical_node/firmware_node/subsystem/devices/PNP0A03:00/physical_node/0000:00:1e.0/nvme/nvme1/nvme1n1/holders/md0/slaves/nvme1n1/subsystem/md0/slaves/nvme2n1/mq/5/cpu5 HTTP/1.1" 200 2961 "-" "Amazon CloudFront"
64.252.68.74 - - [03/Sep/2026:05:09:04 +0000] "GET /products/detail/208628339?path=//sys/bus/node/devices/node0/cpu1/driver/cpu7/driver/cpu2/node0/cpu4/firmware_node/thermal_cooling/device/thermal_cooling/device/subsystem/devices/PNP0A03:00/physical_node/0000:00:04.0/nvme/nvme0/nvme0n1/nvme0n1p1/subsystem/nvme2n1/holders/md0/slaves/nvme1n1/holders/md0/slaves/nvme2n1/integrity HTTP/1.1" 200 3539 "-" "Amazon CloudFront"
64.252.67.164 - - [03/Sep/2026:05:09:08 +0000] "GET /?path=//sys/class/thermal/cooling_device3/device/physical_node/node0/cpu1/driver/cpu0/node0/cpu2/firmware_node/subsystem/devices/PNP0303:00/subsystem/devices/LNXSYBUS:00/PNP0A03:00/physical_node/pci_bus/0000:00/device/0000:00:1e.0/driver/0000:00:1e.0/nvme/nvme1/nvme1n1/holders/md0/md/dev-nvme2n1/block/holders/md0/md/dev-nvme2n1/block/mq/1/cpu1 HTTP/1.1" 200 3037 "-" "Amazon CloudFront"
64.252.67.164 - - [03/Sep/2026:05:09:12 +0000] "GET /?path=//sys/bus/memory/devices/memory1/node0/memory30/node0/cpu6/firmware_node/subsystem/devices/device:21/physical_node/driver/module/drivers/pci:nvme/0000:00:1e.0/driver/0000:00:1f.0/nvme/nvme2/subsystem/nvme1/nvme1n1/holders/md0/md/rd1/block/device/device/firmware_node/physical_node/nvme/nvme2/nvme2n1/mq/1 HTTP/1.1" 200 3445 "-" "Amazon CloudFront"
64.252.66.61 - - [03/Sep/2026:05:09:16 +0000] "GET /?path=//sys/bus/acpi/devices/LNXCPU:06/physical_node/node0/memory21/node0/cpu0/subsystem/drivers/processor/cpu6/firmware_node/subsystem/devices/device:06/physical_node/driver/0000:00:04.0/driver/0000:00:1e.0/nvme/nvme1/nvme1n1/holders/md0/slaves/nvme2n1/device/device/nvme/nvme2/nvme2n1/holders/md0/slaves/nvme1n1/mq/2 HTTP/1.1" 200 3457 "-" "Amazon CloudFront"
64.252.67.164 - - [03/Sep/2026:05:09:20 +0000] "GET /products/detail/208628339?path=//sys/bus/node/devices/node0/cpu1/driver/cpu7/driver/cpu2/node0/cpu1/firmware_node/thermal_cooling/device/physical_node/firmware_node/subsystem/devices/LNXSYSTM:00/LNXSYBUS:00/PNP0A03:00/device:06/physical_node/nvme/nvme0/nvme0n1/subsystem/md0/md/dev-nvme2n1/block/holders/md0/bdi/power HTTP/1.1" 200 3493 "-" "Amazon CloudFront"
64.252.66.61 - - [03/Sep/2026:05:09:24 +0000] "GET /?path=//sys/class/thermal/cooling_device3/device/physical_node/node0/memory0/node0/cpu0/firmware_node/subsystem/devices/device:02/QEMU0001:00/subsystem/devices/LNXSYBUS:00/PNP0A03:00/physical_node/0000:00:1f.0/driver/module/drivers/pci:nvme/0000:00:1e.0/driver/module/drivers/pci:nvme/0000:00:1e.0/nvme/nvme1/nvme1n1/holders/md0/md/rd0/block/holders/md0/md/rd1/block/mq/4/cpu4 HTTP/1.1" 200 3088 "-" "Amazon CloudFront"
64.252.68.74 - - [03/Sep/2026:05:09:29 +0000] "GET /?path=//sys/class/thermal/cooling_device3/device/physical_node/node0/cpu1/driver/cpu0/node0/cpu2/firmware_node/subsystem/devices/LNXSYSTM:00/LNXSYBUS:00/PNP0C0F:02/subsystem/devices/LNXSYSTM:00/LNXSYBUS:00/PNP0A03:00/physical_node/0000:00:1e.0/driver/module/drivers/pci:nvme/module/drivers/pci:nvme/0000:00:1e.0/nvme/nvme1/nvme1n1/holders/md0/slaves/nvme2n1/power HTTP/1.1" 200 3574 "-" "Amazon CloudFront"
64.252.66.102 - - [03/Sep/2026:05:09:33 +0000] "GET /?path=//sys/class/thermal/cooling_device3/device/physical_node/node0/memory28/node0/cpu5/firmware_node/subsystem/devices/PNP0A03:00/physical_node/pci_bus/0000:00/device/0000:00:1e.0/driver/module/drivers/pci:nvme/0000:00:1f.0/firmware_node/subsystem/devices/LNXSYBUS:00/LNXCPU:07/thermal_cooling/power HTTP/1.1" 200 3464 "-" "Amazon CloudFront"
64.252.66.102 - - [03/Sep/2026:05:09:36 +0000] "GET /products/detail/208628339?path=//sys/bus/node/devices/node0/cpu1/driver/cpu7/driver/cpu2/node0/cpu1/firmware_node/thermal_cooling/device/physical_node/firmware_node/subsystem/drivers/button/LNXSLPBN:00/subsystem/devices/PNP0A03:00/physical_node/0000:00:1f.0/nvme/nvme2/nvme2n1/holders/md0/md/dev-nvme1n1/block/holders/md0/power HTTP/1.1" 200 3501 "-" "Amazon CloudFront"
64.252.66.102 - - [03/Sep/2026:05:09:40 +0000] "GET /?path=//sys/class/thermal/cooling_device3/device/physical_node/node0/memory28/node0/cpu5/firmware_node/subsystem/devices/PNP0A03:00/physical_node/pci_bus/0000:00/device/0000:00:01.0/subsystem/drivers/nvme/module/drivers/pci:nvme/0000:00:04.0/driver/0000:00:1f.0/nvme/nvme2 HTTP/1.1" 200 3890 "-" "Amazon CloudFront"
64.252.68.74 - - [03/Sep/2026:05:09:44 +0000] "GET /?path=//sys/class/thermal/cooling_device3/device/physical_node/node0/memory28/node0/cpu5/firmware_node/subsystem/devices/LNXSYBUS:00/PNP0A03:00/device:1b/subsystem/devices/LNXSYBUS:00/PNP0A03:00/device:21/physical_node/driver/module/drivers/pci:nvme/module/drivers/pci:nvme/0000:00:1e.0/nvme/nvme1/nvme1n1/holders/md0/slaves/nvme2n1/holders/md0/slaves/nvme1n1/power HTTP/1.1" 200 3555 "-" "Amazon CloudFront"
64.252.66.102 - - [03/Sep/2026:05:09:48 +0000] "GET /?path=//sys/bus/memory/devices/memory1/node0/memory7/node0/cpu1/subsystem/drivers/processor/cpu5/firmware_node/subsystem/devices/PNP0A03:00/physical_node/firmware_node/physical_node/0000:00:1e.0/driver/0000:00:04.0/driver/module/drivers/pci:nvme/0000:00:1f.0/nvme/nvme2/device/nvme/nvme2/nvme2n1/holders/md0/md/dev-nvme1n1/block/holders/md0/md/dev-nvme1n1/block/slaves HTTP/1.1" 200 3044 "-" "Amazon CloudFront"
64.252.70.102 - - [03/Sep/2026:05:09:51 +0000] "GET /prizes/80015743?fileloc=/etc/php.ini&path=/etc HTTP/1.1" 200 25528 "-" "Amazon CloudFront"
64.252.67.164 - - [03/Sep/2026:05:09:52 +0000] "GET /?path=//sys/class/thermal/cooling_device3/device/physical_node/node0/memory28/node0/cpu5/firmware_node/subsystem/devices/PNP0A03:00/physical_node/pci_bus/0000:00/device/0000:00:1e.0/driver/module/drivers/pci:nvme/0000:00:1f.0/driver/0000:00:1f.0/firmware_node/subsystem/devices/PNP0303:00/power HTTP/1.1" 200 3436 "-" "Amazon CloudFront"
64.252.66.102 - - [03/Sep/2026:05:09:56 +0000] "GET /?path=//sys/class/thermal/cooling_device3/device/physical_node/node0/memory28/node0/cpu5/firmware_node/subsystem/devices/LNXSYBUS:00/PNP0A03:00/device:1b/subsystem/devices/LNXSYBUS:00/PNP0A03:00/physical_node/0000:00:04.0/driver/0000:00:1e.0/driver/0000:00:1f.0/nvme/nvme2/nvme2n1/device/nvme2n1/holders/md0/md/rd0/block/holders/md0/md/rd1/block/bdi HTTP/1.1" 200 3683 "-" "Amazon CloudFront"
64.252.67.164 - - [03/Sep/2026:05:10:00 +0000] "GET /?path=//sys/class/thermal/cooling_device3/device/physical_node/node0/memory0/node0/cpu0/firmware_node/subsystem/devices/device:02/QEMU0001:00/subsystem/devices/LNXSYBUS:00/PNP0A03:00/physical_node/0000:00:1f.0/driver/module/drivers/pci:nvme/0000:00:1e.0/driver/module/drivers/pci:nvme/0000:00:1e.0/nvme/nvme1/nvme1n1/holders/md0/md/dev-nvme1n1/block/holders/md0/slaves/nvme2n1/device/nvme2n1 HTTP/1.1" 200 4539 "-" "Amazon CloudFront"
64.252.75.236 - - [03/Sep/2026:05:10:03 +0000] "GET /sitemap323.xml?fileloc=%2Fvar%2Fwww%2Fvolumes%2F69b4844ae61d4e92bf26ad98af552775%2Fwordpress%2Frobots.txt&path=%2Fvar%2Fwww%2Fvolumes%2F69b4844ae61d4e92bf26ad98af552775%2Fwordpress HTTP/1.1" 200 19618 "-" "Amazon CloudFront"
64.252.66.61 - - [03/Sep/2026:05:10:05 +0000] "GET /products/detail/208628339?path=//sys/bus/node/devices/node0/cpu1/driver/cpu7/driver/cpu2/node0/cpu4/firmware_node/thermal_cooling/device/physical_node/firmware_node/thermal_cooling/device/subsystem/devices/LNXSYSTM:00/LNXSYBUS:00/PNP0A03:00/device:21/physical_node/nvme/nvme2/nvme2n1/holders/md0/md/rd1/block/subsystem/nvme1n1/holders/md0/queue HTTP/1.1" 200 4885 "-" "Amazon CloudFront"
64.252.66.61 - - [03/Sep/2026:05:10:09 +0000] "GET /?path=//sys/class/thermal/cooling_device3/device/physical_node/node0/memory28/node0/cpu5/firmware_node/subsystem/devices/PNP0A03:00/physical_node/pci_bus/0000:00/device/0000:00:1e.0/driver/module/drivers/pci:nvme/0000:00:1f.0/nvme/nvme2/nvme2n1/subsystem/nvme2n1/integrity HTTP/1.1" 200 3478 "-" "Amazon CloudFront"
64.252.67.164 - - [03/Sep/2026:05:10:12 +0000] "GET /products/detail/208628339?path=//sys/bus/node/devices/node0/cpu1/driver/cpu7/driver/cpu2/node0/cpu4/firmware_node/thermal_cooling/device/physical_node/firmware_node/thermal_cooling/device/subsystem/devices/LNXSYSTM:00/LNXSYBUS:00/PNP0A03:00/physical_node/0000:00:1f.0/nvme/nvme2/subsystem/nvme1/nvme1n1/holders/md0/md/dev-nvme2n1/block/holders/md0/power HTTP/1.1" 200 3534 "-" "Amazon CloudFront"
64.252.68.74 - - [03/Sep/2026:05:10:16 +0000] "GET /?path=//sys/class/thermal/cooling_device3/device/physical_node/node0/cpu1/driver/cpu0/node0/cpu2/firmware_node/subsystem/devices/PNP0303:00/subsystem/devices/PNP0A03:00/physical_node/pci_bus/0000:00/device/0000:00:1f.0/driver/module/drivers/pci:nvme/module/drivers/pci:nvme/0000:00:1e.0/nvme/nvme1/nvme1n1/holders/md0/md/dev-nvme1n1/block/mq/0 HTTP/1.1" 200 3516 "-" "Amazon CloudFront"
64.252.66.61 - - [03/Sep/2026:05:10:20 +0000] "GET /products/detail/208628339?path=//sys/bus/node/devices/node0/cpu1/driver/cpu7/driver/cpu2/node0/cpu4/firmware_node/thermal_cooling/device/physical_node/firmware_node/subsystem/devices/device:07/physical_node/subsystem/drivers/ena/module/drivers/pci:ena/0000:00:05.0/net/eth0/queues/rx-5 HTTP/1.1" 200 3251 "-" "Amazon CloudFront"
64.252.67.164 - - [03/Sep/2026:05:10:24 +0000] "GET /?path=//sys/class/thermal/cooling_device3/device/physical_node/node0/memory28/node0/cpu5/firmware_node/subsystem/devices/PNP0A03:00/physical_node/pci_bus/0000:00/device/0000:00:05.0/subsystem/drivers/nvme/0000:00:04.0/driver/0000:00:1e.0/driver/module/drivers/pci:nvme/0000:00:1f.0/power HTTP/1.1" 200 3436 "-" "Amazon CloudFront"
64.252.68.74 - - [03/Sep/2026:05:10:28 +0000] "GET /?path=//sys/class/thermal/cooling_device3/device/physical_node/node0/memory28/node0/cpu5/firmware_node/subsystem/devices/PNP0A03:00/physical_node/pci_bus/0000:00/device/0000:00:00.0/subsystem/drivers/nvme/0000:00:1f.0/driver/0000:00:1f.0/driver/0000:00:04.0/nvme/nvme0/nvme0n1/holders HTTP/1.1" 200 2919 "-" "Amazon CloudFront"
