64.252.67.164 - - [03/Sep/2026:01:12:57 +0000] "GET /products/detail/208628339?path=//sys/bus/node/devices/node0/cpu1/driver/cpu7/driver/cpu2/node0/cpu4/firmware_node/subsystem/devices/device:07/physical_node/firmware_node/physical_node/net/eth0/device/subsystem/drivers/nvme/0000:00:1f.0/nvme/nvme2/nvme2n1/device/nvme2n1/holders/md0/md/rd0/block HTTP/1.1" 200 4238 "-" "Amazon CloudFront"
64.252.66.102 - - [03/Sep/2026:01:13:01 +0000] "GET /?path=//sys/class/thermal/cooling_device3/device/physical_node/node0/memory28/node0/cpu5/firmware_node/subsystem/devices/LNXSYBUS:00/PNP0A03:00/device:1b/subsystem/devices/LNXSYBUS:00/PNP0A03:00/device:21/physical_node/driver/module/drivers/pci:nvme/0000:00:1f.0/driver/0000:00:1e.0/nvme/nvme1/nvme1n1/holders/md0/md/rd1/block/holders/md0/md/dev-nvme2n1/block/mq/0 HTTP/1.1" 200 3541 "-" "Amazon CloudFront"
64.252.67.164 - - [03/Sep/2026:01:13:04 +0000] "GET /products/detail/208628339?path=//sys/bus/node/devices/node0/cpu1/driver/cpu7/driver/cpu2/node0/cpu4/firmware_node/subsystem/devices/PNP0A03:00/physical_node/0000:00:04.0/firmware_node/physical_node/nvme/nvme0/device/nvme/nvme0/nvme0n1/subsystem/md0/md/rd1/block/holders/md0/md/rd1/block/trace HTTP/1.1" 200 3415 "-" "Amazon CloudFront"
64.252.66.102 - - [03/Sep/2026:01:13:08 +0000] "GET /?path=//sys/class/thermal/cooling_device3/device/physical_node/node0/memory29/node0/cpu4/driver/cpu2/driver/cpu1/firmware_node/subsystem/devices/device:10/subsystem/devices/LNXSYSTM:00/LNXSYBUS:00/PNP0A03:00/physical_node/pci_bus/0000:00/device/0000:00:1e.0/nvme/nvme1/nvme1n1/holders/md0/slaves/nvme2n1/holders/md0/md/rd0/block/mq HTTP/1.1" 200 3579 "-" "Amazon CloudFront"
64.252.67.164 - - [03/Sep/2026:01:13:12 +0000] "GET /products/detail/208628339?path=//sys/bus/node/devices/node0/cpu1/driver/cpu7/driver/cpu2/node0/cpu4/firmware_node/subsystem/devices/PNP0A03:00/physical_node/0000:00:1e.0/subsystem/drivers/nvme/0000:00:1e.0/nvme/nvme1/nvme1n1/holders/md0/slaves/nvme1n1/holders/md0/md/rd0/block/device/device/msi_irqs HTTP/1.1" 200 3486 "-" "Amazon CloudFront"
64.252.68.74 - - [03/Sep/2026:01:13:16 +0000] "GET /?path=//sys/class/thermal/cooling_device3/device/physical_node/node0/memory28/node0/cpu5/firmware_node/subsystem/devices/LNXSYBUS:00/PNP0A03:00/device:1b/subsystem/devices/LNXSYBUS:00/PNP0A03:00/device:21/physical_node/driver/0000:00:1e.0/nvme/nvme1/nvme1n1/holders/md0/md/rd1/block/device/nvme2n1/holders/md0/md/dev-nvme1n1/block HTTP/1.1" 200 4429 "-" "Amazon CloudFront"
64.252.66.61 - - [03/Sep/2026:01:13:21 +0000] "GET /products/detail/208628339?path=//sys/bus/node/devices/node0/cpu1/driver/cpu7/driver/cpu2/node0/cpu4/firmware_node/subsystem/devices/PNP0A03:00/physical_node/0000:00:04.0/firmware_node/physical_node/nvme/nvme0/device/nvme/nvme0/nvme0n1/subsystem/md0/md/rd1/block/holders/md0/md/rd1/block/power HTTP/1.1" 200 3444 "-" "Amazon CloudFront"
64.252.68.74 - - [03/Sep/2026:01:13:24 +0000] "GET /products/detail/208628339?path=//sys/bus/node/devices/node0/cpu1/driver/cpu7/driver/cpu2/node0/cpu4/firmware_node/subsystem/devices/PNP0A03:00/physical_node/0000:00:04.0/nvme/nvme0/nvme0n1/subsystem/nvme1n1/holders/md0/slaves/nvme2n1/holders/md0/md/rd0/block/device/device/firmware_node/power HTTP/1.1" 200 3444 "-" "Amazon CloudFront"
64.252.67.164 - - [03/Sep/2026:01:13:29 +0000] "GET /products/detail/208628339?path=//sys/bus/node/devices/node0/cpu1/driver/cpu7/driver/cpu2/node0/cpu4/firmware_node/subsystem/devices/PNP0A03:00/physical_node/firmware_node/physical_node/0000:00:04.0/nvme/nvme0/subsystem/nvme2/nvme2n1/device/nvme2n1/holders/md0/md/dev-nvme1n1/block/holders/md0/slaves/nvme1n1/bdi HTTP/1.1" 200 3566 "-" "Amazon CloudFront"
64.252.67.164 - - [03/Sep/2026:01:13:32 +0000] "GET /?path=//sys/class/thermal/cooling_device3/device/physical_node/node0/memory28/node0/cpu5/firmware_node/subsystem/devices/LNXSYBUS:00/PNP0A03:00/device:1b/subsystem/devices/LNXSYBUS:00/PNP0A03:00/device:21/physical_node/driver/0000:00:1e.0/nvme/nvme1/nvme1n1/holders/md0/md/rd1/block/holders/md0/md/rd1/block/mq HTTP/1.1" 200 3483 "-" "Amazon CloudFront"
64.252.66.61 - - [03/Sep/2026:01:13:36 +0000] "GET /?path=//sys/class/thermal/cooling_device3/device/physical_node/node0/memory28/node0/cpu5/firmware_node/subsystem/devices/PNP0A03:00/physical_node/pci_bus/0000:00/device/0000:00:1e.0/driver/0000:00:1f.0/nvme/nvme2/nvme2n1/subsystem/md0/md/dev-nvme1n1/block/mq/6 HTTP/1.1" 200 3382 "-" "Amazon CloudFront"
64.252.67.164 - - [03/Sep/2026:01:13:41 +0000] "GET /?path=//sys/class/thermal/cooling_device3/device/physical_node/node0/memory28/node0/cpu5/firmware_node/subsystem/devices/PNP0A03:00/physical_node/pci_bus/0000:00/device/0000:00:1f.0/driver/module/drivers/pci:nvme/0000:00:04.0/firmware_node/subsystem/devices/device:07/power HTTP/1.1" 200 3411 "-" "Amazon CloudFront"
64.252.66.61 - - [03/Sep/2026:01:13:44 +0000] "GET /products/detail/208628339?path=//sys/bus/node/devices/node0/cpu1/driver/cpu7/driver/cpu2/node0/cpu4/firmware_node/subsystem/devices/PNP0A03:00/physical_node/0000:00:04.0/nvme/nvme0/nvme0n1/device/nvme0n1/nvme0n1p1/subsystem/md0/md/rd1/block/holders/md0/slaves/nvme2n1/mq/1/cpu1 HTTP/1.1" 200 2936 "-" "Amazon CloudFront"
64.252.67.164 - - [03/Sep/2026:01:13:49 +0000] "GET /?path=//sys/class/thermal/cooling_device3/device/physical_node/node0/memory28/node0/cpu5/firmware_node/subsystem/devices/PNP0A03:00/physical_node/pci_bus/0000:00/device/0000:00:1f.0/driver/0000:00:04.0/driver/0000:00:04.0/subsystem/slots/20/module/parameters HTTP/1.1" 200 3190 "-" "Amazon CloudFront"
64.252.66.61 - - [03/Sep/2026:01:13:53 +0000] "GET /?path=//sys/bus/memory/devices/memory1/node0/memory30/node0/cpu6/firmware_node/subsystem/devices/device:21/physical_node/driver/module/drivers/pci:nvme/0000:00:1f.0/driver/0000:00:1f.0/firmware_node/physical_node/nvme/nvme2/subsystem/nvme2/nvme2n1/device/nvme2n1/holders/md0/md/rd0/block/holders/md0/md/dev-nvme1n1/block/device/nvme1n1/mq HTTP/1.1" 200 3544 "-" "Amazon CloudFront"
64.252.68.74 - - [03/Sep/2026:01:13:56 +0000] "GET /?path=//sys/class/thermal/cooling_device3/device/physical_node/node0/memory0/node0/cpu0/firmware_node/subsystem/devices/device:17/subsystem/devices/device:06/physical_node/nvme/nvme0/device/driver/module/drivers/pci:nvme/0000:00:1e.0/driver/module/drivers/pci:nvme/0000:00:1e.0/nvme/nvme1/nvme1n1/holders/md0/md/rd1/block/holders/md0/slaves/nvme2n1/mq HTTP/1.1" 200 3579 "-" "Amazon CloudFront"
64.252.67.164 - - [03/Sep/2026:01:14:00 +0000] "GET /?path=//sys/bus/memory/devices/memory1/node0/memory30/node0/cpu6/firmware_node/subsystem/devices/device:21/physical_node/driver/module/drivers/pci:nvme/0000:00:1f.0/driver/0000:00:1e.0/nvme/nvme1/nvme1n1/holders/md0/md/dev-nvme1n1/block/device/device/nvme/nvme1/nvme1n1/subsystem/md0/md/rd1/block/mq/4/cpu4 HTTP/1.1" 200 3006 "-" "Amazon CloudFront"
64.252.66.102 - - [03/Sep/2026:01:14:05 +0000] "GET /?path=//sys/bus/memory/devices/memory1/node0/memory30/node0/cpu6/firmware_node/subsystem/devices/device:21/physical_node/driver/module/drivers/pci:nvme/0000:00:1f.0/driver/0000:00:1f.0/firmware_node/physical_node/nvme/nvme2/subsystem/nvme1/device/nvme/nvme1/nvme1n1/holders/md0/md/rd0/block/holders/md0/md/dev-nvme1n1/block/mq/7 HTTP/1.1" 200 3490 "-" "Amazon CloudFront"
64.252.66.61 - - [03/Sep/2026:01:14:09 +0000] "GET /?path=//sys/class/thermal/cooling_device3/device/physical_node/node0/memory28/node0/cpu5/firmware_node/subsystem/devices/PNP0A03:00/physical_node/pci_bus/0000:00/device/0000:00:05.0/subsystem/devices/0000:00:04.0/driver/module/drivers/pci:nvme/0000:00:04.0/driver/module/drivers HTTP/1.1" 200 3172 "-" "Amazon CloudFront"
64.252.66.61 - - [03/Sep/2026:01:14:13 +0000] "GET /?path=//sys/class/thermal/cooling_device3/device/physical_node/node0/memory28/node0/cpu5/firmware_node/subsystem/devices/LNXSYSTM:00/LNXSYBUS:00/PNP0A03:00/physical_node/0000:00:04.0/driver/0000:00:1e.0/nvme/nvme1/device/driver/module/drivers/pci:nvme/0000:00:1e.0/nvme/nvme1/nvme1n1/holders/md0/md/dev-nvme1n1/block/holders/md0/md/rd1/block/subsystem/nvme1n1/mq/4/cpu4 HTTP/1.1" 200 3077 "-" "Amazon CloudFront"
64.252.66.102 - - [03/Sep/2026:01:14:16 +0000] "GET /?path=//sys/class/thermal/cooling_device3/device/physical_node/node0/memory28/node0/cpu5/firmware_node/subsystem/devices/PNP0A03:00/physical_node/pci_bus/0000:00/device/0000:00:01.3/subsystem/devices/0000:00:1f.0/driver/0000:00:04.0/driver/0000:00:1f.0/nvme/nvme2/nvme2n1/mq/3 HTTP/1.1" 200 3382 "-" "Amazon CloudFront"
64.252.66.61 - - [03/Sep/2026:01:14:20 +0000] "GET /?path=//sys/class/thermal/cooling_device3/device/physical_node/node0/cpu1/driver/cpu0/node0/cpu2/firmware_node/subsystem/devices/LNXSYSTM:00/LNXSYBUS:00/PNP0C0F:02/subsystem/devices/LNXSYSTM:00/LNXSYBUS:00/PNP0A03:00/physical_node/0000:00:04.0/driver/0000:00:1e.0/nvme/nvme1/device/nvme/nvme1/nvme1n1/holders/md0/slaves/nvme2n1/holders/md0/md/rd0/block/trace HTTP/1.1" 200 3544 "-" "Amazon CloudFront"
64.252.66.61 - - [03/Sep/2026:01:14:24 +0000] "GET /products/detail/208628339?path=//sys/bus/node/devices/node0/cpu1/driver/cpu7/driver/cpu2/node0/cpu1/firmware_node/thermal_cooling/device/physical_node/firmware_node/subsystem/devices/PNP0A03:00/physical_node/0000:00:01.0/subsystem/drivers/ena/module/drivers/pci:ena/0000:00:05.0/net/eth0/power HTTP/1.1" 200 3412 "-" "Amazon CloudFront"
64.252.67.164 - - [03/Sep/2026:01:14:29 +0000] "GET /?path=//sys/class/thermal/cooling_device3/device/physical_node/node0/cpu1/driver/cpu0/node0/cpu2/firmware_node/subsystem/devices/PNP0303:00/subsystem/devices/LNXSYBUS:00/PNP0A03:00/physical_node/0000:00:1f.0/nvme/nvme2/nvme2n1/holders/md0/md/rd1/block/holders/md0/md/dev-nvme2n1/block/device/nvme2n1/slaves HTTP/1.1" 200 2995 "-" "Amazon CloudFront"
64.252.67.164 - - [03/Sep/2026:01:14:32 +0000] "GET /?path=//sys/class/thermal/cooling_device3/device/physical_node/node0/cpu1/driver/cpu0/node0/cpu2/firmware_node/subsystem/devices/LNXSYBUS:00/subsystem/devices/PNP0A03:00/physical_node/0000:00:1e.0/driver/module/drivers/pci:nvme/module/drivers/pci:nvme/0000:00:1e.0/nvme/nvme1/nvme1n1/device/nvme1n1/holders/md0/md/rd0/block/holders/md0/md HTTP/1.1" 200 4337 "-" "Amazon CloudFront"
64.252.66.61 - - [03/Sep/2026:01:14:36 +0000] "GET /?path=//sys/bus/memory/devices/memory1/node0/memory7/node0/cpu1/subsystem/drivers/processor/cpu5/firmware_node/subsystem/devices/PNP0A03:00/physical_node/firmware_node/physical_node/0000:00:1e.0/driver/0000:00:1f.0/driver/0000:00:1e.0/nvme/nvme1/nvme1n1/device/nvme1n1/holders/md0/md/rd0/block/holders/md0/md/dev-nvme2n1/block/device/nvme2n1/mq/0/cpu0 HTTP/1.1" 200 3037 "-" "Amazon CloudFront"
64.252.66.61 - - [03/Sep/2026:01:14:40 +0000] "GET /?path=//sys/class/thermal/cooling_device3/device/physical_node/node0/memory28/node0/cpu5/firmware_node/subsystem/devices/LNXSYSTM:00/LNXSYBUS:00/PNP0A03:00/physical_node/0000:00:04.0/driver/0000:00:1e.0/nvme/nvme1/device/driver/module/drivers/pci:nvme/0000:00:1f.0/nvme/nvme2/nvme2n1/holders/md0/slaves/nvme1n1/subsystem/nvme2n1/holders/md0/md/dev-nvme2n1/block/trace HTTP/1.1" 200 3558 "-" "Amazon CloudFront"
64.252.67.164 - - [03/Sep/2026:01:14:45 +0000] "GET /?path=//sys/class/thermal/cooling_device3/device/physical_node/node0/cpu1/driver/cpu0/node0/cpu2/firmware_node/subsystem/devices/LNXSYSTM:00/LNXSYBUS:00/PNP0C0F:02/subsystem/devices/LNXSYSTM:00/LNXSYBUS:00/PNP0A03:00/physical_node/0000:00:04.0/driver/0000:00:1f.0/nvme/nvme2/nvme2n1/holders/md0/md/dev-nvme1n1/block/holders/md0/md/rd0/block/bdi/power HTTP/1.1" 200 3589 "-" "Amazon CloudFront"
64.252.66.102 - - [03/Sep/2026:01:14:50 +0000] "GET /?path=//sys/class/thermal/cooling_device3/device/physical_node/node0/memory28/node0/cpu5/firmware_node/subsystem/devices/PNP0A03:00/physical_node/pci_bus/0000:00/device/0000:00:1f.0/driver/module/drivers/pci:nvme/0000:00:04.0/subsystem/drivers/nvme/0000:00:1f.0/driver HTTP/1.1" 200 3555 "-" "Amazon CloudFront"
64.252.67.164 - - [03/Sep/2026:01:14:52 +0000] "GET /?path=//sys/class/thermal/cooling_device3/device/physical_node/node0/memory28/node0/cpu5/firmware_node/subsystem/devices/LNXSYSTM:00/LNXSYBUS:00/PNP0A03:00/physical_node/0000:00:04.0/driver/0000:00:1e.0/nvme/nvme1/device/driver/0000:00:1f.0/nvme/nvme2/nvme2n1/holders/md0/md/dev-nvme1n1/block/holders/md0/slaves/nvme1n1/subsystem/nvme0n1p128/trace HTTP/1.1" 200 3560 "-" "Amazon CloudFront"
64.252.67.164 - - [03/Sep/2026:01:14:57 +0000] "GET /?path=//sys/class/thermal/cooling_device3/device/physical_node/node0/cpu1/driver/cpu0/node0/cpu2/firmware_node/subsystem/devices/LNXSYSTM:00/LNXSYBUS:00/PNP0C0F:04/subsystem/devices/PNP0A03:00/physical_node/pci_bus/0000:00/device/0000:00:04.0/driver/module/drivers/pci:nvme/module/drivers/pci:nvme/0000:00:1e.0/nvme/nvme1/nvme1n1/holders/md0/slaves/nvme1n1/holders/md0/md/rd0/block/power HTTP/1.1" 200 3621 "-" "Amazon CloudFront"
64.252.68.74 - - [03/Sep/2026:01:15:00 +0000] "GET /?path=//sys/bus/acpi/devices/LNXCPU:06/physical_node/node0/memory21/node0/cpu0/subsystem/drivers/processor/cpu6/firmware_node/subsystem/devices/device:06/physical_node/driver/0000:00:04.0/driver/0000:00:1e.0/nvme/nvme1/nvme1n1/holders/md0/md/dev-nvme2n1/block/device/device/nvme/nvme2/nvme2n1/holders/md0/md/rd0/block HTTP/1.1" 200 4368 "-" "Amazon CloudFront"
64.252.67.164 - - [03/Sep/2026:01:15:06 +0000] "GET /?path=//sys/bus/acpi/devices/LNXCPU:06/physical_node/node0/memory21/node0/cpu0/subsystem/drivers/processor/cpu6/firmware_node/subsystem/devices/device:06/physical_node/driver/0000:00:04.0/driver/0000:00:1f.0/nvme/nvme2/nvme2n1/device/device/nvme/nvme2/nvme2n1/holders/md0/md/rd1/block/holders/md0/slaves/nvme1n1/power HTTP/1.1" 200 3530 "-" "Amazon CloudFront"
64.252.66.61 - - [03/Sep/2026:01:15:09 +0000] "GET /?path=//sys/bus/memory/devices/memory8/node0/memory2/node0/cpu1/driver/cpu7/driver/cpu1/subsystem/drivers/processor/cpu5/firmware_node/subsystem/devices/LNXSYBUS:00/PNP0A03:00/physical_node/0000:00:1e.0/nvme/nvme1/nvme1n1/holders/md0/md/dev-nvme2n1/block/holders/md0/md/rd0/block/device/device/nvme/nvme1/nvme1n1/mq/3/cpu3 HTTP/1.1" 200 3038 "-" "Amazon CloudFront"
64.252.68.74 - - [03/Sep/2026:01:15:12 +0000] "GET /?path=//sys/bus/node/devices/node0/memory2/node0/cpu4/driver/cpu1/driver/cpu2/subsystem/drivers/processor/cpu2/firmware_node/physical_node/firmware_node/subsystem/devices/PNP0A03:00/physical_node/0000:00:1f.0/nvme/nvme2/nvme2n1/device/device/nvme/nvme2/nvme2n1/holders/md0/slaves/nvme1n1/holders/md0/md/dev-nvme2n1/block/mq/7/cpu7 HTTP/1.1" 200 3029 "-" "Amazon CloudFront"
64.252.66.61 - - [03/Sep/2026:01:15:16 +0000] "GET /?path=//sys/class/thermal/cooling_device3/device/physical_node/node0/cpu1/driver/cpu0/node0/cpu2/firmware_node/subsystem/devices/LNXSYSTM:00/LNXSYBUS:00/PNP0C0F:04/subsystem/devices/PNP0A03:00/physical_node/pci_bus/0000:00/device/0000:00:04.0/driver/module/drivers/pci:nvme/module/drivers/pci:nvme/0000:00:1e.0/nvme/nvme1/nvme1n1/holders/md0/slaves/nvme1n1/holders/md0/md/rd0/block/slaves HTTP/1.1" 200 3093 "-" "Amazon CloudFront"
64.252.66.61 - - [03/Sep/2026:01:15:20 +0000] "GET /?path=//sys/class/thermal/cooling_device3/device/physical_node/node0/memory28/node0/cpu5/firmware_node/subsystem/devices/PNP0A03:00/physical_node/pci_bus/0000:00/device/0000:00:1e.0/driver/module/drivers/pci:nvme/0000:00:1f.0/firmware_node/subsystem/devices/LNXSYBUS:00/PNP0C0F:04/power HTTP/1.1" 200 3432 "-" "Amazon CloudFront"
64.252.67.164 - - [03/Sep/2026:01:15:24 +0000] "GET /?path=//sys/class/thermal/cooling_device3/device/physical_node/node0/cpu1/driver/cpu0/node0/cpu2/firmware_node/subsystem/devices/LNXSYSTM:00/LNXSYBUS:00/PNP0C0F:04/subsystem/devices/PNP0A03:00/physical_node/pci_bus/0000:00/device/0000:00:04.0/driver/module/drivers/pci:nvme/module/drivers/pci:nvme/0000:00:1e.0/nvme/nvme1/nvme1n1/holders/md0/slaves/nvme1n1/holders/md0/md/rd0/block/trace HTTP/1.1" 200 3591 "-" "Amazon CloudFront"
64.252.66.102 - - [03/Sep/2026:01:15:29 +0000] "GET /?path=//sys/bus/memory/devices/memory1/node0/memory28/node0/cpu2/driver/cpu4/firmware_node/subsystem/devices/PNP0A03:00/physical_node/0000:00:04.0/driver/0000:00:1f.0/subsystem/drivers/nvme/0000:00:1f.0/nvme/nvme2/nvme2n1/holders/md0/md/dev-nvme2n1/block/holders/md0/md/dev-nvme2n1/block/mq/5/cpu5 HTTP/1.1" 200 2977 "-" "Amazon CloudFront"
64.252.66.102 - - [03/Sep/2026:01:15:32 +0000] "GET /?path=//sys/class/thermal/cooling_device3/device/physical_node/node0/memory28/node0/cpu5/firmware_node/subsystem/devices/PNP0A03:00/physical_node/pci_bus/0000:00/device/0000:00:03.0/subsystem/devices/0000:00:1f.0/driver/0000:00:1e.0/nvme/nvme1/nvme1n1/mq/5 HTTP/1.1" 200 3347 "-" "Amazon CloudFront"
64.252.66.102 - - [03/Sep/2026:01:15:36 +0000] "GET /?path=//sys/bus/memory/devices/memory1/node0/memory30/node0/cpu6/firmware_node/subsystem/devices/device:21/physical_node/driver/module/drivers/pci:nvme/0000:00:1e.0/driver/0000:00:04.0/firmware_node/physical_node/subsystem/drivers/nvme/0000:00:1f.0/nvme/nvme2/nvme2n1/holders/md0/md/rd1/block/device/nvme2n1/holders/md0/md/dev-nvme2n1/block/mq/6 HTTP/1.1" 200 3508 "-" "Amazon CloudFront"
64.252.68.74 - - [03/Sep/2026:01:15:41 +0000] "GET /?path=//sys/class/thermal/cooling_device3/device/physical_node/node0/cpu1/driver/cpu0/node0/cpu2/firmware_node/subsystem/devices/PNP0303:00/subsystem/devices/LNXSYBUS:00/PNP0A03:00/physical_node/0000:00:1f.0/nvme/nvme2/nvme2n1/holders/md0/md/rd1/block/holders/md0/md/dev-nvme2n1/block/mq/3/cpu3 HTTP/1.1" 200 2999 "-" "Amazon CloudFront"
64.252.66.61 - - [03/Sep/2026:01:15:45 +0000] "GET /?path=//sys/bus/memory/devices/memory1/node0/memory30/node0/cpu6/firmware_node/subsystem/devices/device:21/physical_node/driver/module/drivers/pci:nvme/0000:00:1e.0/driver/0000:00:04.0/firmware_node/physical_node/subsystem/drivers/nvme/0000:00:1f.0/nvme/nvme2/nvme2n1/holders/md0/md/rd1/block/device/nvme2n1/holders/md0/md/dev-nvme2n1/block/mq/4 HTTP/1.1" 200 3508 "-" "Amazon CloudFront"
64.252.67.164 - - [03/Sep/2026:01:15:48 +0000] "GET /products/detail/272703723?path=//sys/devices/pci0000:00/firmware_node/physical_node/pci_bus/0000:00/device/firmware_node/physical_node/0000:00:00.0/subsystem/drivers/nvme/module/drivers/pci:nvme/0000:00:04.0/driver/0000:00:1e.0/nvme/nvme1/nvme1n1/subsystem/nvme1n1/holders/md0/md/dev-nvme2n1/block/device/nvme2n1/holders/md0/md/rd0/block/mq/5/cpu5 HTTP/1.1" 200 2993 "-" "Amazon CloudFront"
64.252.66.61 - - [03/Sep/2026:01:15:52 +0000] "GET /?path=//sys/bus/memory/devices/memory1/node0/memory7/node0/cpu1/subsystem/drivers/processor/cpu5/firmware_node/subsystem/devices/PNP0A03:00/physical_node/firmware_node/physical_node/0000:00:1e.0/driver/module/drivers/pci:nvme/0000:00:1f.0/nvme/nvme2/device/nvme/nvme2/nvme2n1/holders/md0/slaves/nvme1n1/holders/md0/slaves/nvme2n1 HTTP/1.1" 200 4411 "-" "Amazon CloudFront"
64.252.68.74 - - [03/Sep/2026:01:15:56 +0000] "GET /?path=//sys/class/thermal/cooling_device3/device/physical_node/node0/memory28/node0/cpu5/firmware_node/subsystem/devices/PNP0A03:00/physical_node/pci_bus/0000:00/device/0000:00:00.0/subsystem/drivers/ena/module/drivers/pci:ena/0000:00:05.0/net/eth0/queues/tx-0 HTTP/1.1" 200 3450 "-" "Amazon CloudFront"
64.252.66.61 - - [03/Sep/2026:01:16:01 +0000] "GET /?path=//sys/class/thermal/cooling_device3/device/physical_node/node0/cpu0/node0/cpu4/firmware_node/subsystem/devices/device:02/PNP0303:00/subsystem/devices/device:20/physical_node/nvme/nvme1/device/driver/0000:00:04.0/driver/module/drivers/pci:nvme/0000:00:1f.0/nvme/nvme2/nvme2n1/holders/md0/slaves/nvme1n1/holders/md0/md/dev-nvme2n1/block/mq/2/cpu2 HTTP/1.1" 200 3065 "-" "Amazon CloudFront"
64.252.66.61 - - [03/Sep/2026:01:16:04 +0000] "GET /?path=//sys/class/thermal/cooling_device3/device/physical_node/node0/memory28/node0/cpu5/firmware_node/subsystem/devices/PNP0A03:00/physical_node/pci_bus/0000:00/device/0000:00:00.0/subsystem/drivers/ena/module/drivers/pci:ena/0000:00:05.0/net/eth0/queues/rx-2 HTTP/1.1" 200 3264 "-" "Amazon CloudFront"
64.252.66.102 - - [03/Sep/2026:01:16:08 +0000] "GET /?path=//sys/class/thermal/cooling_device3/device/physical_node/node0/memory28/node0/cpu5/firmware_node/subsystem/devices/PNP0A03:00/physical_node/pci_bus/0000:00/device/0000:00:1e.0/driver/module/drivers/pci:nvme/0000:00:1e.0/driver/0000:00:1f.0/subsystem/drivers/nvme/module/holders HTTP/1.1" 200 2922 "-" "Amazon CloudFront"
64.252.68.74 - - [03/Sep/2026:01:16:13 +0000] "GET /?path=//sys/class/thermal/cooling_device3/device/physical_node/node0/memory28/node0/cpu5/firmware_node/subsystem/devices/PNP0A03:00/physical_node/pci_bus/0000:00/device/0000:00:1f.0/driver/0000:00:04.0/firmware_node/subsystem/devices/LNXPWRBN:00/driver/LNXPWRBN:00/input/input3/capabilities HTTP/1.1" 200 3539 "-" "Amazon CloudFront"
64.252.67.164 - - [03/Sep/2026:01:16:16 +0000] "GET /?path=//sys/class/thermal/cooling_device3/device/physical_node/node0/memory28/node0/cpu5/firmware_node/subsystem/devices/PNP0A03:00/physical_node/pci_bus/0000:00/device/0000:00:1f.0/driver/module/drivers/pci:nvme/0000:00:1e.0/firmware_node/subsystem/devices/device:13/power HTTP/1.1" 200 3411 "-" "Amazon CloudFront"
64.252.68.74 - - [03/Sep/2026:01:16:20 +0000] "GET /products/detail/272703723?path=//sys/devices/pci0000:00/firmware_node/physical_node/pci_bus/0000:00/device/firmware_node/physical_node/0000:00:00.0/subsystem/drivers/nvme/module/drivers/pci:nvme/0000:00:04.0/driver/0000:00:1e.0/nvme/nvme1/nvme1n1/device/nvme1n1/subsystem/md0/md/rd0/block/holders/md0/slaves/nvme2n1/mq/4/cpu4 HTTP/1.1" 200 2978 "-" "Amazon CloudFront"
64.252.66.102 - - [03/Sep/2026:01:16:24 +0000] "GET /?path=//sys/bus/memory/devices/memory1/node0/memory30/node0/cpu6/firmware_node/subsystem/devices/device:21/physical_node/driver/module/drivers/pci:nvme/0000:00:1e.0/driver/0000:00:04.0/firmware_node/physical_node/subsystem/drivers/nvme/0000:00:1f.0/nvme/nvme2/nvme2n1/device/nvme2n1/holders/md0/md/rd1/block/mq/7/cpu7 HTTP/1.1" 200 3005 "-" "Amazon CloudFront"
64.252.67.164 - - [03/Sep/2026:01:16:29 +0000] "GET /?path=//sys/class/thermal/cooling_device3/device/physical_node/node0/memory28/node0/cpu3/driver/cpu0/firmware_node/subsystem/devices/device:05/subsystem/devices/LNXSYBUS:00/PNP0A03:00/physical_node/0000:00:04.0/driver/module/drivers/pci:nvme/module/drivers/pci:nvme/0000:00:1f.0/nvme/nvme2/nvme2n1/holders/md0/md/rd0/block/device/nvme1n1/holders/md0/md/rd0/block/mq/0/cpu0 HTTP/1.1" 200 3088 "-" "Amazon CloudFront"
64.252.88.29 - - [03/Sep/2026:01:16:33 +0000] "GET /products/detail/268167379 HTTP/1.1" 200 4177 "-" "Amazon CloudFront"
64.252.66.102 - - [03/Sep/2026:01:16:33 +0000] "GET /?path=//sys/class/thermal/cooling_device3/device/physical_node/node0/memory28/node0/cpu5/firmware_node/subsystem/devices/PNP0A03:00/physical_node/pci_bus/0000:00/device/0000:00:1e.0/driver/0000:00:1f.0/driver/0000:00:1f.0/firmware_node/subsystem/devices/LNXSYBUS:00/LNXCPU:03/thermal_cooling/power HTTP/1.1" 200 3439 "-" "Amazon CloudFront"
64.252.66.61 - - [03/Sep/2026:01:16:36 +0000] "GET /?path=//sys/bus/memory/devices/memory1/node0/memory28/node0/cpu2/driver/cpu4/firmware_node/subsystem/devices/PNP0A03:00/physical_node/0000:00:04.0/driver/0000:00:1f.0/subsystem/drivers/nvme/0000:00:1e.0/firmware_node/physical_node/nvme/nvme1/nvme1n1/holders/md0/md/dev-nvme1n1/block/holders/md0/md/dev-nvme1n1/block/device/nvme1n1/mq/0/cpu0 HTTP/1.1" 200 3015 "-" "Amazon CloudFront"
64.252.67.164 - - [03/Sep/2026:01:16:40 +0000] "GET /?path=//sys/bus/memory/devices/memory1/node0/memory7/node0/cpu1/subsystem/drivers/processor/cpu5/firmware_node/subsystem/devices/PNP0A03:00/physical_node/firmware_node/device:20/physical_node/driver/0000:00:1e.0/driver/0000:00:1e.0/nvme/nvme1/device/nvme/nvme1/nvme1n1/device/nvme1n1/holders/md0/md/rd0/block/mq/0 HTTP/1.1" 200 3438 "-" "Amazon CloudFront"
64.252.66.61 - - [03/Sep/2026:01:16:44 +0000] "GET /?path=//sys/bus/memory/devices/memory1/node0/memory7/node0/cpu1/subsystem/drivers/processor/cpu5/firmware_node/subsystem/devices/PNP0A03:00/physical_node/firmware_node/physical_node/0000:00:1e.0/driver/0000:00:1f.0/driver/0000:00:1e.0/nvme/nvme1/nvme1n1/holders/md0/md/rd1/block/device/device/nvme/nvme2/nvme2n1/holders/md0/slaves/nvme1n1/bdi HTTP/1.1" 200 3672 "-" "Amazon CloudFront"
64.252.68.74 - - [03/Sep/2026:01:16:48 +0000] "GET /?path=//sys/bus/acpi/devices/LNXCPU:06/physical_node/node0/memory21/node0/cpu0/subsystem/drivers/processor/cpu6/firmware_node/subsystem/devices/device:06/physical_node/driver/0000:00:04.0/driver/0000:00:1f.0/nvme/nvme2/nvme2n1/device/nvme2n1/holders/md0/slaves/nvme1n1/holders/md0/md/dev-nvme1n1/block/mq/4/cpu4 HTTP/1.1" 200 3010 "-" "Amazon CloudFront"
64.252.67.164 - - [03/Sep/2026:01:16:52 +0000] "GET /?path=//sys/bus/memory/devices/memory1/node0/memory30/node0/cpu6/firmware_node/subsystem/devices/device:21/physical_node/driver/module/drivers/pci:nvme/0000:00:1e.0/driver/0000:00:1f.0/nvme/nvme2/device/nvme/nvme2/nvme2n1/device/nvme2n1/holders/md0/md/rd0/block/holders/md0/md/rd1/block/subsystem/nvme0n1/mq/0/cpu4 HTTP/1.1" 200 3026 "-" "Amazon CloudFront"
64.252.66.102 - - [03/Sep/2026:01:16:57 +0000] "GET /products/detail/208628339?path=//sys/bus/node/devices/node0/cpu1/driver/cpu7/driver/cpu2/node0/cpu4/firmware_node/subsystem/devices/PNP0A03:00/physical_node/0000:00:1f.0/subsystem/drivers/nvme/0000:00:1f.0/nvme/nvme2/nvme2n1/holders/md0/slaves/nvme1n1/holders/md0/md/rd1/block/trace HTTP/1.1" 200 3406 "-" "Amazon CloudFront"
64.252.66.61 - - [03/Sep/2026:01:17:00 +0000] "GET /?path=//sys/bus/memory/devices/memory1/node0/memory7/node0/cpu1/subsystem/drivers/processor/cpu5/firmware_node/subsystem/devices/PNP0A03:00/physical_node/firmware_node/physical_node/0000:00:1e.0/driver/0000:00:1f.0/driver/0000:00:1e.0/nvme/nvme1/nvme1n1/holders/md0/md/rd1/block/device/device/nvme/nvme2/nvme2n1/holders/md0/slaves/nvme1n1/integrity HTTP/1.1" 200 3605 "-" "Amazon CloudFront"
64.252.66.61 - - [03/Sep/2026:01:17:04 +0000] "GET /?path=//sys/class/thermal/cooling_device3/device/physical_node/node0/memory0/node0/cpu0/firmware_node/subsystem/devices/device:02/QEMU0001:00/subsystem/devices/LNXSYBUS:00/PNP0A03:00/physical_node/0000:00:1f.0/driver/module/drivers/pci:nvme/0000:00:1e.0/nvme/nvme1/device/driver/module/drivers/pci:nvme/0000:00:1f.0/nvme/nvme2/nvme2n1/holders/md0/slaves/nvme1n1/holders/md0/slaves/nvme1n1/mq/5 HTTP/1.1" 200 3581 "-" "Amazon CloudFront"
64.252.68.74 - - [03/Sep/2026:01:17:08 +0000] "GET /?path=//sys/class/thermal/cooling_device3/device/physical_node/node0/cpu1/driver/cpu0/node0/cpu2/firmware_node/subsystem/devices/LNXSYBUS:00/subsystem/devices/PNP0A03:00/physical_node/0000:00:1e.0/driver/module/drivers/pci:nvme/module/drivers/pci:nvme/0000:00:1e.0/nvme/nvme1/nvme1n1/device/nvme1n1/holders/md0/md/dev-nvme1n1/block/holders/md0/slaves/nvme2n1/mq HTTP/1.1" 200 3590 "-" "Amazon CloudFront"
64.252.66.102 - - [03/Sep/2026:01:17:13 +0000] "GET /?path=//sys/class/thermal/cooling_device3/device/physical_node/node0/memory0/node0/cpu0/firmware_node/subsystem/devices/device:02/QEMU0001:00/subsystem/devices/LNXSYBUS:00/PNP0A03:00/physical_node/0000:00:1f.0/driver/module/drivers/pci:nvme/0000:00:1e.0/nvme/nvme1/device/driver/module/drivers/pci:nvme/0000:00:1f.0/nvme/nvme2/nvme2n1/holders/md0/slaves/nvme1n1/holders/md0/slaves/nvme1n1/mq/3 HTTP/1.1" 200 3580 "-" "Amazon CloudFront"
64.252.66.102 - - [03/Sep/2026:01:17:16 +0000] "GET /?path=//sys/bus/memory/devices/memory1/node0/memory7/node0/cpu1/subsystem/drivers/processor/cpu5/firmware_node/subsystem/devices/PNP0A03:00/physical_node/firmware_node/device:20/physical_node/driver/0000:00:1e.0/driver/0000:00:1e.0/nvme/nvme1/device/nvme/nvme1/nvme1n1/holders/md0/md/rd1/block/holders/md0/md/rd0/block/device/nvme1n1/mq/5 HTTP/1.1" 200 3501 "-" "Amazon CloudFront"
64.252.66.102 - - [03/Sep/2026:01:17:20 +0000] "GET /?path=//sys/class/thermal/cooling_device3/device/physical_node/node0/cpu1/driver/cpu0/node0/cpu2/firmware_node/subsystem/devices/PNP0303:00/subsystem/devices/LNXSYBUS:00/PNP0A03:00/physical_node/0000:00:1e.0/driver/module/drivers/pci:nvme/module/drivers/pci:nvme/0000:00:1f.0/nvme/nvme2/nvme2n1/holders/md0/md/rd1/block/mq/2/cpu2 HTTP/1.1" 200 3039 "-" "Amazon CloudFront"
64.252.66.61 - - [03/Sep/2026:01:17:24 +0000] "GET /?path=//sys/class/thermal/cooling_device3/device/physical_node/node0/memory28/node0/cpu5/firmware_node/subsystem/devices/LNXSYBUS:00/PNP0A03:00/device:1b/subsystem/devices/LNXSYBUS:00/PNP0A03:00/physical_node/pci_bus/0000:00/device/0000:00:1e.0/driver/0000:00:1e.0/driver/0000:00:1f.0/nvme/nvme2/nvme2n1/holders/md0/md/rd1/block/holders/md0/md/dev-nvme2n1/block/trace HTTP/1.1" 200 3537 "-" "Amazon CloudFront"
64.252.66.61 - - [03/Sep/2026:01:17:28 +0000] "GET /?path=//sys/bus/memory/devices/memory1/node0/memory30/node0/cpu6/firmware_node/subsystem/devices/device:21/physical_node/driver/module/drivers/pci:nvme/0000:00:1e.0/driver/0000:00:1f.0/nvme/nvme2/subsystem/nvme1/nvme1n1/holders/md0/slaves/nvme2n1/device/device/nvme/nvme2/nvme2n1/holders/md0/slaves/nvme1n1/mq/1 HTTP/1.1" 200 3444 "-" "Amazon CloudFront"
64.252.66.61 - - [03/Sep/2026:01:17:33 +0000] "GET /?path=//sys/bus/acpi/devices/LNXCPU:06/physical_node/node0/memory21/node0/cpu0/subsystem/drivers/processor/cpu6/firmware_node/subsystem/devices/device:06/physical_node/driver/0000:00:04.0/driver/0000:00:1e.0/nvme/nvme1/nvme1n1/holders/md0/md/rd1/block/holders/md0/md/dev-nvme2n1/block/device/nvme2n1/mq/3/cpu3 HTTP/1.1" 200 3007 "-" "Amazon CloudFront"
64.252.67.164 - - [03/Sep/2026:01:17:37 +0000] "GET /?path=//sys/class/thermal/cooling_device3/device/physical_node/node0/cpu0/node0/cpu4/firmware_node/subsystem/devices/device:02/PNP0303:00/subsystem/devices/device:20/physical_node/nvme/nvme1/device/driver/0000:00:1f.0/driver/0000:00:1f.0/nvme/nvme2/nvme2n1/holders/md0/md/dev-nvme1n1/block/holders/md0/md/dev-nvme1n1/block/mq/7/cpu7 HTTP/1.1" 200 3017 "-" "Amazon CloudFront"
64.252.66.102 - - [03/Sep/2026:01:17:40 +0000] "GET /?path=//sys/class/thermal/cooling_device3/device/physical_node/node0/memory28/node0/cpu5/firmware_node/subsystem/devices/PNP0A03:00/physical_node/pci_bus/0000:00/device/0000:00:1e.0/driver/module/drivers/pci:nvme/0000:00:1f.0/driver/0000:00:1e.0/firmware_node/subsystem/devices/device:21 HTTP/1.1" 200 3528 "-" "Amazon CloudFront"
64.252.66.102 - - [03/Sep/2026:01:17:44 +0000] "GET /?path=//sys/bus/memory/devices/memory1/node0/memory7/node0/cpu1/subsystem/drivers/processor/cpu5/firmware_node/subsystem/devices/PNP0A03:00/physical_node/firmware_node/device:20/physical_node/driver/0000:00:1e.0/driver/0000:00:1e.0/nvme/nvme1/device/nvme/nvme1/nvme1n1/device/nvme1n1/holders/md0/slaves/nvme2n1/holders/md0/md/bitmap HTTP/1.1" 200 3672 "-" "Amazon CloudFront"
64.252.66.102 - - [03/Sep/2026:01:17:48 +0000] "GET /products/detail/272703723?path=//sys/devices/pci0000:00/firmware_node/physical_node/pci_bus/0000:00/device/firmware_node/physical_node/0000:00:00.0/subsystem/drivers/nvme/module/drivers/pci:nvme/0000:00:04.0/driver/0000:00:1e.0/nvme/nvme1/nvme1n1/device/nvme1n1/holders/md0/md/rd0/block/holders/md0/md/rd0/block/mq/1 HTTP/1.1" 200 3401 "-" "Amazon CloudFront"
64.252.66.102 - - [03/Sep/2026:01:17:53 +0000] "GET /?path=//sys/bus/memory/devices/memory1/node0/memory30/node0/cpu6/firmware_node/subsystem/devices/device:21/physical_node/driver/module/drivers/pci:nvme/0000:00:1e.0/driver/0000:00:04.0/firmware_node/physical_node/subsystem/drivers/nvme/0000:00:1f.0/nvme/nvme2/nvme2n1/holders/md0/md/dev-nvme1n1/block/holders/md0/md/dev-nvme2n1/block/mq/6/cpu6 HTTP/1.1" 200 3026 "-" "Amazon CloudFront"
64.252.68.74 - - [03/Sep/2026:01:17:56 +0000] "GET /?path=//sys/class/thermal/cooling_device3/device/physical_node/node0/memory28/node0/cpu5/firmware_node/subsystem/devices/PNP0A03:00/physical_node/pci_bus/0000:00/device/0000:00:1e.0/driver/module/drivers/pci:nvme/0000:00:1f.0/driver/0000:00:1e.0/firmware_node/subsystem/devices/PNP0303:00 HTTP/1.1" 200 3524 "-" "Amazon CloudFront"
64.252.72.118 - - [03/Sep/2026:01:17:58 +0000] "GET /products/detail/313520521?path=/var/www/volumes/1a5a3befeed64180a9390ad092e46be2 HTTP/1.1" 200 2642 "-" "Amazon CloudFront"
64.252.68.74 - - [03/Sep/2026:01:18:00 +0000] "GET /?path=//sys/class/thermal/cooling_device3/device/physical_node/node0/memory28/node0/cpu5/firmware_node/subsystem/devices/PNP0A03:00/physical_node/pci_bus/0000:00/device/0000:00:1e.0/driver/module/drivers/pci:nvme/0000:00:1f.0/driver/0000:00:1e.0/firmware_node/subsystem/devices/PNP0C0F:03 HTTP/1.1" 200 3527 "-" "Amazon CloudFront"
64.252.71.147 - - [03/Sep/2026:01:18:03 +0000] "GET /prizes/337532066?path=/var/www/volumes/f496f9f4ec5d44b1b6232c95a952153c HTTP/1.1" 200 2643 "-" "Amazon CloudFront"
64.252.71.147 - - [03/Sep/2026:01:18:03 +0000] "GET /products/detail/316443945?path=/var/www/volumes/38356978a5bb47f3836bf230383c2f05 HTTP/1.1" 200 2642 "-" "Amazon CloudFront"
64.252.68.74 - - [03/Sep/2026:01:18:05 +0000] "GET /?path=//sys/class/thermal/cooling_device3/device/physical_node/node0/memory28/node0/cpu5/firmware_node/subsystem/devices/PNP0A03:00/physical_node/pci_bus/0000:00/device/0000:00:1e.0/driver/module/drivers/pci:nvme/0000:00:1f.0/driver/0000:00:1e.0/firmware_node/subsystem/devices/PNP0C0F:04 HTTP/1.1" 200 3527 "-" "Amazon CloudFront"
64.252.67.164 - - [03/Sep/2026:01:18:08 +0000] "GET /?path=//sys/class/thermal/cooling_device3/device/physical_node/node0/memory28/node0/cpu5/firmware_node/subsystem/devices/PNP0A03:00/physical_node/pci_bus/0000:00/device/0000:00:1e.0/driver/module/drivers/pci:nvme/0000:00:1f.0/driver/0000:00:1e.0/firmware_node/subsystem/devices/LNXCPU:01 HTTP/1.1" 200 3653 "-" "Amazon CloudFront"
64.252.68.74 - - [03/Sep/2026:01:18:12 +0000] "GET /?path=//sys/bus/acpi/devices/LNXCPU:06/physical_node/node0/memory21/node0/cpu0/subsystem/drivers/processor/cpu6/firmware_node/subsystem/devices/device:06/physical_node/driver/0000:00:04.0/driver/0000:00:1e.0/nvme/nvme1/nvme1n1/holders/md0/md/rd1/block/device/nvme2n1/holders/md0/slaves/nvme1n1/mq/4/cpu4 HTTP/1.1" 200 3005 "-" "Amazon CloudFront"
64.252.67.164 - - [03/Sep/2026:01:18:16 +0000] "GET /?path=//sys/class/thermal/cooling_device3/device/physical_node/node0/memory28/node0/cpu5/firmware_node/subsystem/devices/PNP0A03:00/physical_node/pci_bus/0000:00/device/0000:00:1e.0/driver/module/drivers/pci:nvme/0000:00:1f.0/driver/0000:00:1e.0/firmware_node/subsystem/devices/LNXCPU:00 HTTP/1.1" 200 3651 "-" "Amazon CloudFront"
64.252.66.61 - - [03/Sep/2026:01:18:21 +0000] "GET /?path=//sys/class/thermal/cooling_device3/device/physical_node/node0/memory28/node0/cpu5/firmware_node/subsystem/devices/PNP0A03:00/physical_node/pci_bus/0000:00/device/0000:00:1e.0/driver/module/drivers/pci:nvme/0000:00:1f.0/driver/0000:00:1e.0/firmware_node/subsystem/devices/PNP0C0F:02 HTTP/1.1" 200 3527 "-" "Amazon CloudFront"
64.252.66.61 - - [03/Sep/2026:01:18:24 +0000] "GET /?path=//sys/class/thermal/cooling_device3/device/physical_node/node0/memory28/node0/cpu5/firmware_node/subsystem/devices/PNP0A03:00/physical_node/pci_bus/0000:00/device/0000:00:1e.0/driver/module/drivers/pci:nvme/0000:00:1f.0/driver/0000:00:1e.0/firmware_node/subsystem/devices/PNP0C0F:00 HTTP/1.1" 200 3524 "-" "Amazon CloudFront"
64.252.66.102 - - [03/Sep/2026:01:18:29 +0000] "GET /?path=//sys/class/thermal/cooling_device3/device/physical_node/node0/memory28/node0/cpu5/firmware_node/subsystem/devices/PNP0A03:00/physical_node/pci_bus/0000:00/device/0000:00:1e.0/driver/0000:00:1f.0/nvme/nvme2/nvme2n1/subsystem/md0/md/rd1/block/mq/6 HTTP/1.1" 200 3374 "-" "Amazon CloudFront"
64.252.66.102 - - [03/Sep/2026:01:18:33 +0000] "GET /?path=//sys/class/thermal/cooling_device3/device/physical_node/node0/memory28/node0/cpu5/firmware_node/subsystem/devices/PNP0A03:00/physical_node/pci_bus/0000:00/device/0000:00:1e.0/driver/module/drivers/pci:nvme/0000:00:04.0/firmware_node/subsystem/devices/LNXSYBUS:00/PNP0A03:00/device:0d/power HTTP/1.1" 200 3451 "-" "Amazon CloudFront"
64.252.67.164 - - [03/Sep/2026:01:18:36 +0000] "GET /?path=//sys/bus/memory/devices/memory1/node0/memory30/node0/cpu6/firmware_node/subsystem/devices/device:21/physical_node/driver/module/drivers/pci:nvme/0000:00:1f.0/driver/0000:00:1e.0/nvme/nvme1/nvme1n1/holders/md0/md/dev-nvme1n1/block/holders/md0/md/dev-nvme2n1/block/device/device/firmware_node/physical_node/nvme/nvme2/subsystem/nvme0/nvme0n1/bdi HTTP/1.1" 200 3680 "-" "Amazon CloudFront"
64.252.66.102 - - [03/Sep/2026:01:18:40 +0000] "GET /?path=//sys/bus/memory/devices/memory1/node0/memory28/node0/cpu2/driver/cpu4/firmware_node/subsystem/devices/PNP0A03:00/physical_node/0000:00:04.0/driver/0000:00:1f.0/subsystem/drivers/nvme/0000:00:1e.0/firmware_node/physical_node/nvme/nvme1/nvme1n1/holders/md0/md/rd0/block/device/nvme1n1/holders/md0/slaves/nvme2n1/device/nvme2n1/mq/0 HTTP/1.1" 200 3501 "-" "Amazon CloudFront"
64.252.66.61 - - [03/Sep/2026:01:18:45 +0000] "GET /?path=//sys/class/thermal/cooling_device3/device/physical_node/node0/memory0/node0/cpu3/subsystem/devices/cpu6/driver/cpu0/driver/cpu7/firmware_node/subsystem/devices/LNXSYSTM:00/LNXSYBUS:00/PNP0A03:00/device:20/physical_node/nvme/nvme1/device/nvme/nvme1/nvme1n1/holders/md0/slaves/nvme1n1/holders/md0/md/dev-nvme1n1/block/mq/6/cpu6 HTTP/1.1" 200 3039 "-" "Amazon CloudFront"
64.252.68.74 - - [03/Sep/2026:01:18:48 +0000] "GET /products/detail/272703723?path=//sys/devices/pci0000:00/firmware_node/physical_node/pci_bus/0000:00/device/firmware_node/physical_node/0000:00:00.0/subsystem/drivers/nvme/module/drivers/pci:nvme/0000:00:04.0/driver/0000:00:1e.0/nvme/nvme1/nvme1n1/holders/md0/md/dev-nvme1n1/block/subsystem/nvme1n1/holders/md0/md/dev-nvme2n1/block/device/nvme2n1/trace HTTP/1.1" 200 3469 "-" "Amazon CloudFront"
64.252.68.74 - - [03/Sep/2026:01:18:52 +0000] "GET /?path=//sys/bus/memory/devices/memory1/node0/memory28/node0/cpu2/driver/cpu4/firmware_node/subsystem/devices/PNP0A03:00/physical_node/0000:00:04.0/driver/0000:00:1f.0/subsystem/drivers/nvme/0000:00:1e.0/firmware_node/physical_node/nvme/nvme1/nvme1n1/holders/md0/md/dev-nvme1n1/block/holders/md0/md/dev-nvme2n1/block/device/nvme2n1/device/nvme2n1/trace HTTP/1.1" 200 3532 "-" "Amazon CloudFront"
64.252.66.102 - - [03/Sep/2026:01:18:56 +0000] "GET /?path=//sys/bus/memory/devices/memory1/node0/memory7/node0/cpu1/subsystem/drivers/processor/cpu5/firmware_node/subsystem/devices/PNP0A03:00/physical_node/firmware_node/physical_node/0000:00:1e.0/driver/0000:00:1f.0/driver/0000:00:1e.0/nvme/nvme1/nvme1n1/holders/md0/md/rd1/block/device/device/nvme/nvme2/nvme2n1/holders/md0/slaves/nvme2n1/trace HTTP/1.1" 200 3537 "-" "Amazon CloudFront"
64.252.68.74 - - [03/Sep/2026:01:19:00 +0000] "GET /?path=//sys/class/thermal/cooling_device3/device/physical_node/node0/memory28/node0/cpu5/firmware_node/subsystem/devices/PNP0A03:00/physical_node/pci_bus/0000:00/device/0000:00:1f.0/driver/0000:00:04.0/driver/0000:00:1f.0/firmware_node/subsystem/devices/PNP0A03:00/device:07/power HTTP/1.1" 200 3397 "-" "Amazon CloudFront"
64.252.66.102 - - [03/Sep/2026:01:19:04 +0000] "GET /?path=//sys/bus/memory/devices/memory1/node0/memory30/node0/cpu6/firmware_node/subsystem/devices/device:21/physical_node/driver/module/drivers/pci:nvme/0000:00:1e.0/nvme/nvme1/nvme1n1/subsystem/nvme1n1/holders/md0/md/rd0/block/holders/md0/md/rd1/block/device/device/driver/module/drivers/pci:nvme/0000:00:1f.0/nvme/nvme2/nvme2n1 HTTP/1.1" 200 4454 "-" "Amazon CloudFront"
64.252.66.102 - - [03/Sep/2026:01:19:06 +0000] "GET /products/detail/172439228?fileloc=/var/www/volumes/69b4844ae61d4e92bf26ad98af552775/logs/openlitespeed/access.log.2026_08_21.13&path=/var/www/volumes/69b4844ae61d4e92bf26ad98af552775/logs/openlitespeed HTTP/1.1" 200 646520 "-" "Amazon CloudFront"
64.252.66.61 - - [03/Sep/2026:01:19:08 +0000] "GET /?path=//sys/class/thermal/cooling_device3/device/physical_node/node0/memory28/node0/cpu5/firmware_node/subsystem/devices/PNP0A03:00/physical_node/pci_bus/0000:00/device/0000:00:1f.0/driver/module/drivers/pci:nvme/0000:00:04.0/firmware_node/subsystem/devices/device:10/power HTTP/1.1" 200 3411 "-" "Amazon CloudFront"
64.252.66.102 - - [03/Sep/2026:01:19:12 +0000] "GET /?path=//sys/class/thermal/cooling_device3/device/physical_node/node0/memory28/node0/cpu5/firmware_node/subsystem/devices/PNP0A03:00/physical_node/pci_bus/0000:00/device/0000:00:1f.0/firmware_node/subsystem/devices/LNXSYSTM:00/LNXSLPBN:00/driver/LNXSLPBN:00/input/input4/power HTTP/1.1" 200 3412 "-" "Amazon CloudFront"
64.252.66.102 - - [03/Sep/2026:01:19:16 +0000] "GET /?path=//sys/bus/memory/devices/memory1/node0/memory7/node0/cpu1/subsystem/drivers/processor/cpu5/firmware_node/subsystem/devices/PNP0A03:00/physical_node/firmware_node/physical_node/0000:00:1e.0/driver/0000:00:04.0/driver/0000:00:1f.0/nvme/nvme2/device/nvme/nvme2/nvme2n1/device/nvme2n1/holders/md0/slaves/nvme1n1/holders/md0/md/rd1/block/mq/0/cpu0 HTTP/1.1" 200 3040 "-" "Amazon CloudFront"
64.252.66.61 - - [03/Sep/2026:01:19:17 +0000] "GET /?path=//etc/selinux HTTP/1.1" 200 3074 "-" "Amazon CloudFront"
64.252.67.164 - - [03/Sep/2026:01:19:21 +0000] "GET /?path=//sys/bus/memory/devices/memory14/node0/memory20/node0/cpu7/driver/cpu2/driver/cpu4/firmware_node/subsystem/devices/PNP0A03:00/physical_node/0000:00:1f.0/firmware_node/physical_node/nvme/nvme2/device/nvme/nvme2/nvme2n1/subsystem/nvme2n1/holders/md0/md/dev-nvme1n1/block/device/nvme1n1/holders/md0/md/dev-nvme2n1/block/mq/7 HTTP/1.1" 200 3486 "-" "Amazon CloudFront"
64.252.66.102 - - [03/Sep/2026:01:19:24 +0000] "GET /?path=//sys/class/thermal/cooling_device3/device/physical_node/node0/memory28/node0/cpu5/firmware_node/subsystem/devices/PNP0A03:00/physical_node/pci_bus/0000:00/device/0000:00:1e.0/driver/module/drivers/pci:nvme/0000:00:1f.0/nvme/nvme2/nvme2n1/subsystem/nvme0n1p128 HTTP/1.1" 200 3827 "-" "Amazon CloudFront"
64.252.67.164 - - [03/Sep/2026:01:19:29 +0000] "GET /?path=//sys/class/thermal/cooling_device3/device/physical_node/node0/cpu1/driver/cpu0/node0/cpu2/firmware_node/subsystem/devices/PNP0303:00/subsystem/devices/device:06/physical_node/driver/0000:00:1e.0/nvme/nvme1/nvme1n1/device/nvme1n1/holders/md0/md/dev-nvme1n1/block/holders/md0/slaves/nvme2n1/mq/5 HTTP/1.1" 200 3443 "-" "Amazon CloudFront"
64.252.66.102 - - [03/Sep/2026:01:19:32 +0000] "GET /?path=//sys/class/thermal/cooling_device3/device/physical_node/node0/memory28/node0/cpu5/firmware_node/subsystem/devices/PNP0A03:00/physical_node/pci_bus/0000:00/device/0000:00:1f.0/driver/0000:00:04.0/driver/0000:00:1e.0/subsystem/drivers/nvme/module/drivers/pci:nvme HTTP/1.1" 200 3564 "-" "Amazon CloudFront"
64.252.66.102 - - [03/Sep/2026:01:19:37 +0000] "GET /?path=//sys/class/thermal/cooling_device3/device/physical_node/node0/memory28/node0/cpu5/firmware_node/subsystem/devices/PNP0A03:00/physical_node/pci_bus/0000:00/device/firmware_node/device:02/PNP0303:00/subsystem/devices/LNXPWRBN:00/driver/LNXSLPBN:00/driver/LNXPWRBN:00/input/input3/power HTTP/1.1" 200 3440 "-" "Amazon CloudFront"
64.252.68.74 - - [03/Sep/2026:01:19:41 +0000] "GET /?path=//sys/class/thermal/cooling_device3/device/physical_node/node0/cpu1/driver/cpu0/node0/cpu2/firmware_node/subsystem/devices/PNP0303:00/subsystem/devices/LNXSYBUS:00/PNP0A03:00/physical_node/0000:00:1e.0/driver/0000:00:1e.0/nvme/nvme1/nvme1n1/holders/md0/md/rd1/block/holders/md0/md/rd0/block/device/nvme1n1/mq/0/cpu0 HTTP/1.1" 200 3021 "-" "Amazon CloudFront"
64.252.66.61 - - [03/Sep/2026:01:19:44 +0000] "GET /?path=//sys/bus/memory/devices/memory1/node0/memory7/node0/cpu1/subsystem/drivers/processor/cpu5/firmware_node/subsystem/devices/PNP0A03:00/physical_node/firmware_node/device:20/physical_node/driver/0000:00:04.0/driver/module/drivers/pci:nvme/0000:00:1e.0/nvme/nvme1/device/nvme/nvme1/nvme1n1/holders/md0/slaves/nvme2n1/holders/md0/md/rd0/block/device HTTP/1.1" 200 4080 "-" "Amazon CloudFront"
64.252.66.61 - - [03/Sep/2026:01:19:48 +0000] "GET /?path=//sys/bus/memory/devices/memory1/node0/memory7/node0/cpu1/subsystem/drivers/processor/cpu5/firmware_node/subsystem/devices/PNP0A03:00/physical_node/firmware_node/device:20/physical_node/driver/0000:00:04.0/driver/module/drivers/pci:nvme/0000:00:1e.0/nvme/nvme1/device/nvme/nvme1/nvme1n1/holders/md0/slaves/nvme2n1/holders/md0/md/rd0/block/integrity HTTP/1.1" 200 3628 "-" "Amazon CloudFront"
64.252.66.61 - - [03/Sep/2026:01:19:52 +0000] "GET /?path=//sys/bus/memory/devices/memory1/node0/memory30/node0/cpu6/firmware_node/subsystem/devices/device:21/physical_node/driver/module/drivers/pci:nvme/0000:00:1f.0/driver/0000:00:1f.0/firmware_node/physical_node/nvme/nvme2/subsystem/nvme1/device/nvme/nvme1/nvme1n1/holders/md0/md/rd0/block/holders/md0/md/dev-nvme2n1/block/mq/5 HTTP/1.1" 200 3491 "-" "Amazon CloudFront"
64.252.67.164 - - [03/Sep/2026:01:19:56 +0000] "GET /?path=//sys/class/thermal/cooling_device3/device/physical_node/node0/cpu1/driver/cpu0/node0/cpu2/firmware_node/subsystem/devices/LNXSYBUS:00/PNP0A03:00/device:11/subsystem/devices/device:20/physical_node/nvme/nvme1/device/driver/module/drivers/pci:nvme/0000:00:1f.0/nvme/nvme2/nvme2n1/holders/md0/md/rd1/block/holders/md0/md/dev-nvme2n1/block/power HTTP/1.1" 200 3590 "-" "Amazon CloudFront"
64.252.67.164 - - [03/Sep/2026:01:20:00 +0000] "GET /?path=//sys/bus/memory/devices/memory8/node0/cpu4/node0/cpu2/firmware_node/subsystem/devices/PNP0A03:00/physical_node/0000:00:05.0/net/eth0/device/driver/0000:00:05.0/net/eth0/device/firmware_node/physical_node/subsystem/drivers/nvme/0000:00:1e.0/driver/module/drivers/pci:nvme/0000:00:1e.0/nvme/nvme1/nvme1n1/holders/md0/md/rd1 HTTP/1.1" 200 3864 "-" "Amazon CloudFront"
64.252.66.61 - - [03/Sep/2026:01:20:04 +0000] "GET /?path=//sys/bus/memory/devices/memory1/node0/memory7/node0/cpu1/subsystem/drivers/processor/cpu5/firmware_node/subsystem/devices/PNP0A03:00/physical_node/firmware_node/device:20/physical_node/driver/0000:00:04.0/driver/module/drivers/pci:nvme/0000:00:1e.0/nvme/nvme1/device/nvme/nvme1/nvme1n1/holders/md0/slaves/nvme2n1/holders/md0/md/rd0/block/power HTTP/1.1" 200 3567 "-" "Amazon CloudFront"
64.252.66.102 - - [03/Sep/2026:01:20:08 +0000] "GET /?path=//sys/class/thermal/cooling_device3/device/physical_node/node0/memory28/node0/cpu5/firmware_node/subsystem/devices/PNP0A03:00/physical_node/pci_bus/0000:00/device/0000:00:1e.0/driver/module/drivers/pci:nvme/0000:00:1e.0/firmware_node/subsystem/devices/device:02/PNP0501:00 HTTP/1.1" 200 3564 "-" "Amazon CloudFront"
64.252.67.164 - - [03/Sep/2026:01:20:12 +0000] "GET /products/detail/272703723?path=//sys/devices/pci0000:00/firmware_node/physical_node/pci_bus/0000:00/device/firmware_node/physical_node/0000:00:00.0/subsystem/drivers/nvme/module/drivers/pci:nvme/0000:00:04.0/driver/0000:00:1e.0/nvme/nvme1/nvme1n1/holders/md0/md/dev-nvme1n1/block/holders/md0/md/dev-nvme1n1/block/device/nvme1n1/subsystem/nvme0n1/mq/0/cpu4 HTTP/1.1" 200 2980 "-" "Amazon CloudFront"
64.252.67.164 - - [03/Sep/2026:01:20:16 +0000] "GET /?path=//sys/bus/memory/devices/memory1/node0/memory30/node0/cpu6/firmware_node/subsystem/devices/device:21/physical_node/driver/module/drivers/pci:nvme/0000:00:1f.0/driver/0000:00:1f.0/firmware_node/physical_node/nvme/nvme2/subsystem/nvme1/device/nvme/nvme1/nvme1n1/holders/md0/md/rd0/block/holders/md0/md/dev-nvme2n1/block/mq/3 HTTP/1.1" 200 3491 "-" "Amazon CloudFront"
64.252.67.164 - - [03/Sep/2026:01:20:21 +0000] "GET /?path=//sys/bus/memory/devices/memory1/node0/memory7/node0/cpu1/subsystem/drivers/processor/cpu5/firmware_node/subsystem/devices/PNP0A03:00/physical_node/firmware_node/physical_node/0000:00:1e.0/driver/0000:00:04.0/driver/module/drivers/pci:nvme/0000:00:1f.0/nvme/nvme2/device/nvme/nvme2/nvme2n1/holders/md0/md/dev-nvme1n1/block/device/nvme1n1/holders/md0/md HTTP/1.1" 200 4310 "-" "Amazon CloudFront"
64.252.68.74 - - [03/Sep/2026:01:20:24 +0000] "GET /?path=//sys/class/thermal/cooling_device3/device/physical_node/node0/memory0/node0/cpu0/firmware_node/subsystem/devices/device:17/subsystem/devices/device:20/physical_node/driver/0000:00:1e.0/driver/0000:00:1e.0/nvme/nvme1/device/nvme/nvme1/nvme1n1/holders/md0/md/rd1/block/holders/md0/md/rd0/block/mq/1/cpu1 HTTP/1.1" 200 2996 "-" "Amazon CloudFront"
64.252.66.61 - - [03/Sep/2026:01:20:28 +0000] "GET /products/detail/225861420?path=//sys/devices/pci0000:00/firmware_node/device:07/physical_node/firmware_node/subsystem/devices/device:20/physical_node/driver/0000:00:1f.0/nvme/nvme2/nvme2n1/subsystem/nvme1n1/holders/md0/md/dev-nvme2n1/block/device/device/driver/module/drivers/pci:nvme/module/drivers/pci:nvme/0000:00:1e.0/nvme/nvme1/nvme1n1/holders/md0/md/rd1/block/trace HTTP/1.1" 200 3520 "-" "Amazon CloudFront"
64.252.68.74 - - [03/Sep/2026:01:20:32 +0000] "GET /?path=//sys/bus/memory/devices/memory1/node0/memory30/node0/cpu6/firmware_node/subsystem/devices/device:21/physical_node/driver/module/drivers/pci:nvme/0000:00:1e.0/nvme/nvme1/nvme1n1/device/subsystem/nvme0/device/firmware_node/physical_node/driver/module/drivers/pci:nvme/0000:00:1f.0/nvme/nvme2/nvme2n1/holders/md0/md/rd0/block/holders/md0/slaves/nvme1n1/mq HTTP/1.1" 200 3579 "-" "Amazon CloudFront"
64.252.66.102 - - [03/Sep/2026:01:20:37 +0000] "GET /products/detail/208628339?path=//sys/bus/node/devices/node0/cpu1/driver/cpu7/driver/cpu2/node0/cpu1/firmware_node/thermal_cooling/device/physical_node/firmware_node/subsystem/devices/PNP0A03:00/physical_node/0000:00:1e.0/nvme/nvme1/nvme1n1/subsystem/md0/md/dev-nvme1n1/block/holders/md0/md/dev-nvme2n1/block/trace HTTP/1.1" 200 3431 "-" "Amazon CloudFront"
64.252.68.74 - - [03/Sep/2026:01:20:41 +0000] "GET /?path=//sys/class/thermal/cooling_device3/device/physical_node/node0/memory28/node0/cpu5/firmware_node/subsystem/devices/PNP0A03:00/physical_node/pci_bus/0000:00/device/0000:00:1f.0/driver/module/drivers/pci:nvme/0000:00:04.0/subsystem/slots/12/module/parameters HTTP/1.1" 200 3207 "-" "Amazon CloudFront"
64.252.67.164 - - [03/Sep/2026:01:20:44 +0000] "GET /?path=//sys/class/thermal/cooling_device3/device/physical_node/node0/memory28/node0/cpu5/firmware_node/subsystem/devices/PNP0A03:00/physical_node/pci_bus/0000:00/device/0000:00:1e.0/driver/module/drivers/pci:nvme/0000:00:04.0/subsystem/devices/0000:00:1e.0/driver/0000:00:04.0/nvme/nvme0 HTTP/1.1" 200 3885 "-" "Amazon CloudFront"
