64.252.68.74 - - [03/Sep/2026:01:44:28 +0000] "GET /?path=//sys/class/thermal/cooling_device3/device/physical_node/node0/memory28/node0/cpu5/firmware_node/subsystem/devices/PNP0A03:00/physical_node/pci_bus/0000:00/device/0000:00:1e.0/driver/module/drivers/pci:nvme/0000:00:1e.0/driver/0000:00:1f.0/subsystem/drivers/ena/0000:00:05.0/firmware_node HTTP/1.1" 200 3543 "-" "Amazon CloudFront"
64.252.66.102 - - [03/Sep/2026:01:44:32 +0000] "GET /products/detail/208628339?path=//sys/bus/node/devices/node0/cpu1/driver/cpu7/driver/cpu2/node0/cpu4/firmware_node/thermal_cooling/device/physical_node/firmware_node/thermal_cooling/device/subsystem/devices/LNXSYSTM:00/LNXSYBUS:00/PNP0A03:00/device:21/physical_node/nvme/nvme2/nvme2n1/holders/md0/slaves/nvme1n1/holders/md0/subsystem/nvme0n1/nvme0n1p128 HTTP/1.1" 200 3974 "-" "Amazon CloudFront"
64.252.66.102 - - [03/Sep/2026:01:44:36 +0000] "GET /products/detail/208628339?path=//sys/bus/node/devices/node0/cpu1/driver/cpu7/driver/cpu2/node0/cpu4/firmware_node/subsystem/devices/PNP0A03:00/physical_node/0000:00:1f.0/nvme/nvme2/subsystem/nvme2/nvme2n1/holders/md0/md/rd1/block/holders/md0/slaves/nvme2n1/mq/3 HTTP/1.1" 200 3347 "-" "Amazon CloudFront"
64.252.66.61 - - [03/Sep/2026:01:44:40 +0000] "GET /products/detail/208628339?path=//sys/bus/node/devices/node0/cpu1/driver/cpu7/driver/cpu2/node0/cpu1/firmware_node/thermal_cooling/device/physical_node/firmware_node/subsystem/devices/PNP0A03:00/physical_node/0000:00:1e.0/nvme/nvme1/nvme1n1/holders/md0/md/rd1/block/subsystem/nvme0n1/device/nvme0n1/power HTTP/1.1" 200 3440 "-" "Amazon CloudFront"
64.252.66.61 - - [03/Sep/2026:01:44:44 +0000] "GET /products/detail/208628339?path=//sys/bus/node/devices/node0/cpu1/driver/cpu7/driver/cpu2/node0/cpu4/firmware_node/thermal_cooling/device/physical_node/firmware_node/thermal_cooling/device/subsystem/devices/PNP0A03:00/device:05/physical_node/subsystem/drivers/nvme/0000:00:1e.0/nvme/nvme1/nvme1n1/holders/md0/slaves/nvme2n1/integrity HTTP/1.1" 200 3542 "-" "Amazon CloudFront"
64.252.67.164 - - [03/Sep/2026:01:44:48 +0000] "GET /products/detail/208628339?path=//sys/bus/node/devices/node0/cpu1/driver/cpu7/driver/cpu2/node0/cpu1/firmware_node/thermal_cooling/device/physical_node/firmware_node/subsystem/devices/PNP0A03:00/physical_node/0000:00:1e.0/nvme/nvme1/nvme1n1/holders/md0/md/rd1/block/subsystem/nvme0n1/device/nvme0n1/nvme0n1p1 HTTP/1.1" 200 3827 "-" "Amazon CloudFront"
64.252.66.102 - - [03/Sep/2026:01:44:48 +0000] "GET /products/detail/172439228?fileloc=/var/www/volumes/69b4844ae61d4e92bf26ad98af552775/logs/openlitespeed/access.log.2026_08_18.16&path=/var/www/volumes/69b4844ae61d4e92bf26ad98af552775/logs/openlitespeed HTTP/1.1" 200 647549 "-" "Amazon CloudFront"
64.252.66.102 - - [03/Sep/2026:01:44:52 +0000] "GET /products/detail/208628339?path=//sys/bus/node/devices/node0/cpu1/driver/cpu7/driver/cpu2/node0/cpu4/firmware_node/subsystem/devices/PNP0A03:00/physical_node/0000:00:04.0/firmware_node/physical_node/nvme/nvme0/device/nvme/nvme0/subsystem/nvme1/nvme1n1/holders/md0/md/dev-nvme2n1/block/holders/md0/slaves/nvme2n1 HTTP/1.1" 200 4239 "-" "Amazon CloudFront"
64.252.66.61 - - [03/Sep/2026:01:44:56 +0000] "GET /?path=//sys/class/thermal/cooling_device3/device/physical_node/node0/cpu1/driver/cpu0/node0/cpu2/firmware_node/subsystem/devices/LNXSYSTM:00/LNXSYBUS:00/PNP0C0F:02/subsystem/devices/LNXSYSTM:00/LNXSYBUS:00/PNP0A03:00/physical_node/0000:00:1e.0/driver/module/drivers/pci:nvme/0000:00:1f.0/nvme/nvme2/nvme2n1/holders/md0/md/dev-nvme1n1/block/device/nvme1n1/integrity HTTP/1.1" 200 3638 "-" "Amazon CloudFront"
64.252.66.61 - - [03/Sep/2026:01:45:01 +0000] "GET /products/detail/272703723?path=//sys/devices/pci0000:00/firmware_node/physical_node/pci_bus/0000:00/device/firmware_node/physical_node/0000:00:00.0/subsystem/drivers/nvme/module/drivers/pci:nvme/0000:00:04.0/driver/0000:00:1e.0/nvme/nvme1/nvme1n1/holders/md0/md/rd0/block/holders/md0/md/dev-nvme2n1/block/subsystem/nvme2n1/device/nvme2n1/bdi/power HTTP/1.1" 200 3514 "-" "Amazon CloudFront"
64.252.66.61 - - [03/Sep/2026:01:45:05 +0000] "GET /products/detail/208628339?path=//sys/bus/node/devices/node0/cpu1/driver/cpu7/driver/cpu2/node0/cpu4/firmware_node/thermal_cooling/device/physical_node/firmware_node/subsystem/devices/device:20/physical_node/nvme/nvme1/nvme1n1/holders/md0/md/dev-nvme1n1/block/device/nvme1n1/mq/7/cpu7 HTTP/1.1" 200 2914 "-" "Amazon CloudFront"
64.252.66.61 - - [03/Sep/2026:01:45:08 +0000] "GET /?path=//sys/class/thermal/cooling_device3/device/physical_node/node0/memory28/node0/cpu5/firmware_node/subsystem/devices/PNP0A03:00/physical_node/pci_bus/0000:00/device/0000:00:1e.0/driver/module/drivers/pci:nvme/0000:00:1e.0/driver/0000:00:1f.0/nvme/nvme2/nvme2n1/mq/0 HTTP/1.1" 200 3385 "-" "Amazon CloudFront"
64.252.67.164 - - [03/Sep/2026:01:45:12 +0000] "GET /?path=//sys/class/thermal/cooling_device3/device/physical_node/node0/memory28/node0/cpu3/driver/cpu0/firmware_node/subsystem/devices/device:05/subsystem/devices/LNXSYBUS:00/PNP0A03:00/physical_node/0000:00:04.0/driver/module/drivers/pci:nvme/module/drivers/pci:nvme/0000:00:1f.0/nvme/nvme2/nvme2n1/holders/md0/md/rd0/block/device/nvme1n1/holders/md0/md/rd0/block/mq/6/cpu6 HTTP/1.1" 200 3094 "-" "Amazon CloudFront"
64.252.66.61 - - [03/Sep/2026:01:45:16 +0000] "GET /?path=//sys/class/thermal/cooling_device3/device/physical_node/node0/memory28/node0/cpu5/firmware_node/subsystem/devices/PNP0A03:00/physical_node/pci_bus/0000:00/device/0000:00:1e.0/driver/0000:00:1f.0/subsystem/drivers/nvme/module/drivers/pci:nvme/0000:00:04.0/power HTTP/1.1" 200 3410 "-" "Amazon CloudFront"
64.252.66.61 - - [03/Sep/2026:01:45:21 +0000] "GET /?path=//sys/bus/memory/devices/memory1/node0/memory30/node0/cpu6/firmware_node/subsystem/devices/device:21/physical_node/driver/module/drivers/pci:nvme/0000:00:1f.0/driver/0000:00:1f.0/firmware_node/physical_node/nvme/nvme2/subsystem/nvme2/nvme2n1/device/nvme2n1/holders/md0/md/dev-nvme2n1/block/holders/md0/md/dev-nvme2n1/block/mq/7 HTTP/1.1" 200 3480 "-" "Amazon CloudFront"
18.68.23.9 - - [03/Sep/2026:01:45:24 +0000] "POST /xmlrpc.php HTTP/1.1" 200 4265 "-" "Mozilla/5.0 (Windows NT 10.0; Win64; x64) AppleWebKit/537.36"
64.252.67.164 - - [03/Sep/2026:01:45:25 +0000] "GET /?path=//sys/class/thermal/cooling_device3/device/physical_node/node0/memory28/node0/cpu5/firmware_node/subsystem/devices/PNP0A03:00/physical_node/pci_bus/0000:00/device/0000:00:1f.0/driver/module/drivers/pci:nvme/0000:00:1e.0/firmware_node/subsystem/devices/device:16/power HTTP/1.1" 200 3411 "-" "Amazon CloudFront"
64.252.66.61 - - [03/Sep/2026:01:45:28 +0000] "GET /?path=//sys/class/thermal/cooling_device3/device/physical_node/node0/cpu1/driver/cpu0/node0/cpu2/firmware_node/subsystem/devices/LNXSYSTM:00/LNXSYBUS:00/PNP0C0F:02/subsystem/devices/LNXSYSTM:00/LNXSYBUS:00/PNP0A03:00/device:06/physical_node/driver/0000:00:1e.0/nvme/nvme1/nvme1n1/holders/md0/slaves/nvme1n1/holders/md0/md/dev-nvme1n1/block/bdi HTTP/1.1" 200 3677 "-" "Amazon CloudFront"
64.252.66.61 - - [03/Sep/2026:01:45:32 +0000] "GET /?path=//sys/class/thermal/cooling_device3/device/physical_node/node0/memory29/node0/cpu4/driver/cpu2/driver/cpu1/firmware_node/subsystem/devices/device:10/subsystem/devices/LNXSYBUS:00/PNP0A03:00/device:20/physical_node/nvme/nvme1/nvme1n1/device/nvme1n1/holders/md0/md/dev-nvme1n1/block/holders/md0/md/dev-nvme2n1/block/mq/5 HTTP/1.1" 200 3494 "-" "Amazon CloudFront"
64.252.67.164 - - [03/Sep/2026:01:45:36 +0000] "GET /?path=//sys/class/thermal/cooling_device3/device/physical_node/node0/memory28/node0/cpu5/firmware_node/subsystem/devices/PNP0A03:00/physical_node/pci_bus/0000:00/device/0000:00:1e.0/driver/module/drivers/pci:nvme/0000:00:1e.0/driver/0000:00:1f.0/nvme/nvme2/nvme2n1/mq/6 HTTP/1.1" 200 3389 "-" "Amazon CloudFront"
64.252.66.102 - - [03/Sep/2026:01:45:40 +0000] "GET /products/detail/208628339?path=//sys/bus/node/devices/node0/cpu1/driver/cpu7/driver/cpu2/node0/cpu4/firmware_node/subsystem/devices/PNP0A03:00/physical_node/0000:00:1e.0/subsystem/drivers/nvme/0000:00:1e.0/nvme/nvme1/nvme1n1/holders/md0/slaves/nvme1n1/holders/md0/slaves/nvme2n1/mq/1 HTTP/1.1" 200 3364 "-" "Amazon CloudFront"
64.252.66.102 - - [03/Sep/2026:01:45:44 +0000] "GET /?path=//sys/bus/memory/devices/memory1/node0/memory30/node0/cpu6/firmware_node/subsystem/devices/device:21/physical_node/driver/module/drivers/pci:nvme/0000:00:1e.0/nvme/nvme1/device/firmware_node/physical_node/driver/0000:00:04.0/nvme/nvme0/subsystem/nvme1/nvme1n1/holders/md0/md/dev-nvme2n1/block/holders/md0/slaves/nvme2n1/device/nvme2n1 HTTP/1.1" 200 4452 "-" "Amazon CloudFront"
64.252.66.61 - - [03/Sep/2026:01:45:48 +0000] "GET /?path=//sys/class/thermal/cooling_device3/device/physical_node/node0/memory28/node0/cpu5/firmware_node/subsystem/devices/PNP0A03:00/physical_node/pci_bus/0000:00/device/0000:00:04.0/driver/0000:00:04.0/driver/0000:00:1e.0/nvme/nvme1/nvme1n1/subsystem/nvme2n1/queue HTTP/1.1" 200 4642 "-" "Amazon CloudFront"
64.252.66.61 - - [03/Sep/2026:01:45:52 +0000] "GET /?path=//sys/bus/memory/devices/memory1/node0/memory7/node0/cpu1/subsystem/drivers/processor/cpu5/firmware_node/subsystem/devices/PNP0A03:00/physical_node/firmware_node/physical_node/0000:00:1e.0/driver/module/drivers/pci:nvme/0000:00:1f.0/driver/0000:00:1e.0/nvme/nvme1/nvme1n1/device/nvme1n1/holders/md0/md/rd1/block/mq/7/cpu7 HTTP/1.1" 200 3020 "-" "Amazon CloudFront"
64.252.67.164 - - [03/Sep/2026:01:45:57 +0000] "GET /?path=//sys/class/thermal/cooling_device3/device/physical_node/node0/memory28/node0/cpu5/firmware_node/subsystem/devices/LNXSYBUS:00/PNP0A03:00/device:1b/subsystem/devices/LNXSYBUS:00/PNP0A03:00/physical_node/pci_bus/0000:00/device/0000:00:1f.0/driver/module/drivers/pci:nvme/module/drivers/pci:nvme/0000:00:1e.0/nvme/nvme1/nvme1n1/holders/md0/md HTTP/1.1" 200 4346 "-" "Amazon CloudFront"
64.252.88.199 - - [03/Sep/2026:01:45:59 +0000] "GET /prizes/72527410 HTTP/1.1" 200 4265 "-" "Amazon CloudFront"
64.252.67.164 - - [03/Sep/2026:01:46:00 +0000] "GET /products/detail/208628339?path=//sys/bus/node/devices/node0/cpu1/driver/cpu7/driver/cpu2/node0/cpu1/firmware_node/thermal_cooling/subsystem/cooling_device3/device/subsystem/devices/PNP0A03:00/device:20/physical_node/firmware_node/physical_node/nvme/nvme1/device/nvme/nvme1/nvme1n1/holders/md0 HTTP/1.1" 200 4092 "-" "Amazon CloudFront"
64.252.66.102 - - [03/Sep/2026:01:46:05 +0000] "GET /products/detail/208628339?path=//sys/bus/node/devices/node0/cpu1/driver/cpu7/driver/cpu2/node0/cpu4/firmware_node/subsystem/devices/PNP0A03:00/physical_node/0000:00:04.0/firmware_node/physical_node/nvme/nvme0/nvme0n1/nvme0n1p128/subsystem/nvme1n1/device/nvme1n1/holders/md0/md/rd1/block/holders/md0/integrity HTTP/1.1" 200 3506 "-" "Amazon CloudFront"
64.252.67.164 - - [03/Sep/2026:01:46:08 +0000] "GET /?path=//sys/class/thermal/cooling_device3/device/physical_node/node0/memory28/node0/cpu5/firmware_node/subsystem/devices/PNP0A03:00/physical_node/pci_bus/0000:00/device/0000:00:1f.0/driver/0000:00:04.0/driver/0000:00:1f.0/firmware_node/subsystem/devices/LNXSYBUS:00/LNXCPU:00/thermal_cooling HTTP/1.1" 200 3503 "-" "Amazon CloudFront"
64.252.66.61 - - [03/Sep/2026:01:46:13 +0000] "GET /products/detail/208628339?path=//sys/bus/node/devices/node0/cpu1/driver/cpu7/driver/cpu2/node0/cpu4/firmware_node/subsystem/devices/PNP0A03:00/physical_node/firmware_node/physical_node/0000:00:05.0/subsystem/drivers/nvme/0000:00:1f.0/nvme/nvme2/nvme2n1/holders/md0/md/rd1/block/holders/md0/slaves/nvme1n1 HTTP/1.1" 200 4243 "-" "Amazon CloudFront"
64.252.66.61 - - [03/Sep/2026:01:46:16 +0000] "GET /?path=//sys/bus/node/devices/node0/memory25/node0/cpu1/driver/cpu4/firmware_node/subsystem/devices/device:06/physical_node/driver/0000:00:1e.0/nvme/nvme1/device/firmware_node/physical_node/nvme/nvme1/subsystem/nvme2/nvme2n1/device/nvme2n1/holders/md0/md/dev-nvme1n1/block/holders/md0/md/dev-nvme1n1/block/trace HTTP/1.1" 200 3450 "-" "Amazon CloudFront"
64.252.66.102 - - [03/Sep/2026:01:46:21 +0000] "GET /products/detail/208628339?path=//sys/bus/node/devices/node0/cpu1/driver/cpu7/driver/cpu2/node0/cpu4/firmware_node/thermal_cooling/device/physical_node/firmware_node/thermal_cooling/device/subsystem/devices/PNP0A03:00/device:20/physical_node/nvme/nvme1/nvme1n1/holders/md0/md/dev-nvme2n1/block/subsystem/md0/holders HTTP/1.1" 200 2929 "-" "Amazon CloudFront"
64.252.66.61 - - [03/Sep/2026:01:46:24 +0000] "GET /products/detail/208628339?path=//sys/bus/node/devices/node0/cpu1/driver/cpu7/driver/cpu2/node0/cpu1/firmware_node/thermal_cooling/device/physical_node/firmware_node/subsystem/devices/LNXSYSTM:00/LNXSYBUS:00/PNP0A03:00/device:1d/subsystem/drivers/button/LNXPWRBN:00/input/input3/event1/device/event1/power HTTP/1.1" 200 3445 "-" "Amazon CloudFront"
64.252.66.61 - - [03/Sep/2026:01:46:28 +0000] "GET /products/detail/208628339?path=//sys/bus/node/devices/node0/cpu1/driver/cpu7/driver/cpu2/node0/cpu4/firmware_node/subsystem/devices/PNP0A03:00/physical_node/0000:00:04.0/firmware_node/physical_node/nvme/nvme0/nvme0n1/nvme0n1p128/subsystem/md0/md/rd0/block/holders/md0/md/dev-nvme2n1/block/device/nvme2n1 HTTP/1.1" 200 4245 "-" "Amazon CloudFront"
64.252.66.102 - - [03/Sep/2026:01:46:32 +0000] "GET /products/detail/208628339?path=//sys/bus/node/devices/node0/cpu1/driver/cpu7/driver/cpu2/node0/cpu1/firmware_node/thermal_cooling/device/physical_node/firmware_node/subsystem/devices/PNP0A03:00/physical_node/0000:00:1e.0/nvme/nvme1/nvme1n1/holders/md0/md/rd1/block/device/nvme2n1/subsystem/nvme1n1/bdi HTTP/1.1" 200 3552 "-" "Amazon CloudFront"
64.252.88.199 - - [03/Sep/2026:01:46:34 +0000] "GET /products/detail/330291450 HTTP/1.1" 200 4265 "-" "Amazon CloudFront"
64.252.66.61 - - [03/Sep/2026:01:46:36 +0000] "GET /?path=//sys/bus/memory/devices/memory1/node0/memory30/node0/cpu6/firmware_node/subsystem/devices/device:21/physical_node/driver/module/drivers/pci:nvme/0000:00:1e.0/driver/0000:00:1f.0/nvme/nvme2/device/nvme/nvme2/nvme2n1/device/nvme2n1/holders/md0/md/dev-nvme2n1/block/subsystem/nvme1n1/holders/md0/md/dev-nvme2n1/block/trace HTTP/1.1" 200 3513 "-" "Amazon CloudFront"
64.252.66.102 - - [03/Sep/2026:01:46:40 +0000] "GET /?path=//sys/class/thermal/cooling_device3/device/physical_node/node0/memory28/node0/cpu5/firmware_node/subsystem/devices/PNP0A03:00/physical_node/pci_bus/0000:00/device/0000:00:1e.0/driver/module/drivers/pci:nvme/0000:00:1e.0/firmware_node/subsystem/devices/PNP0103:00/power HTTP/1.1" 200 3404 "-" "Amazon CloudFront"
64.252.66.102 - - [03/Sep/2026:01:46:44 +0000] "GET /?path=//sys/class/thermal/cooling_device3/device/physical_node/node0/memory28/node0/cpu5/firmware_node/subsystem/devices/PNP0A03:00/physical_node/pci_bus/0000:00/device/0000:00:04.0/driver/0000:00:04.0/driver/0000:00:1f.0/nvme/nvme2/nvme2n1/subsystem/nvme1n1/mq HTTP/1.1" 200 3407 "-" "Amazon CloudFront"
64.252.66.61 - - [03/Sep/2026:01:46:48 +0000] "GET /?path=//sys/class/thermal/cooling_device3/device/physical_node/node0/cpu0/node0/cpu4/firmware_node/subsystem/devices/LNXSYSTM:00/LNXSYBUS:01/subsystem/devices/PNP0A03:00/physical_node/0000:00:1e.0/driver/module/drivers/pci:nvme/module/drivers/pci:nvme/0000:00:1e.0/driver/0000:00:1f.0/nvme/nvme2/device/nvme/nvme2/nvme2n1/holders/md0/md/rd0/block/mq/1 HTTP/1.1" 200 3522 "-" "Amazon CloudFront"
64.252.66.61 - - [03/Sep/2026:01:46:53 +0000] "GET /?path=//sys/bus/memory/devices/memory1/node0/memory30/node0/cpu6/firmware_node/subsystem/devices/device:21/physical_node/driver/module/drivers/pci:nvme/0000:00:1e.0/driver/0000:00:1f.0/nvme/nvme2/nvme2n1/device/subsystem/nvme2/nvme2n1/holders/md0/md/dev-nvme2n1/block/holders/md0/slaves/nvme1n1/mq/1 HTTP/1.1" 200 3447 "-" "Amazon CloudFront"
64.252.66.61 - - [03/Sep/2026:01:46:57 +0000] "GET /products/detail/208628339?path=//sys/bus/node/devices/node0/cpu1/driver/cpu7/driver/cpu2/node0/cpu1/firmware_node/thermal_cooling/device/physical_node/firmware_node/subsystem/devices/LNXSYBUS:00/PNP0A03:00/device:07/physical_node/net/eth0/device/subsystem/drivers/nvme/0000:00:04.0/nvme/nvme0/nvme0n1/holders HTTP/1.1" 200 2938 "-" "Amazon CloudFront"
64.252.67.164 - - [03/Sep/2026:01:47:01 +0000] "GET /?path=//sys/class/thermal/cooling_device3/device/physical_node/node0/memory28/node0/cpu5/firmware_node/subsystem/devices/PNP0A03:00/physical_node/pci_bus/0000:00/device/0000:00:1e.0/driver/0000:00:1f.0/nvme/nvme2/nvme2n1/subsystem/nvme1n1/holders/md0/slaves/nvme2n1/bdi HTTP/1.1" 200 3555 "-" "Amazon CloudFront"
64.252.67.164 - - [03/Sep/2026:01:47:05 +0000] "GET /?path=//sys/class/thermal/cooling_device3/device/physical_node/node0/memory28/node0/cpu5/firmware_node/subsystem/devices/LNXSYBUS:00/PNP0A03:00/device:1b/subsystem/devices/LNXSYBUS:00/PNP0A03:00/physical_node/pci_bus/0000:00/device/0000:00:1e.0/driver/0000:00:1e.0/driver/0000:00:1f.0/nvme/nvme2/nvme2n1/holders/md0/slaves/nvme2n1/holders/md0/slaves/nvme1n1/mq/2/cpu2 HTTP/1.1" 200 3048 "-" "Amazon CloudFront"
64.252.68.74 - - [03/Sep/2026:01:47:08 +0000] "GET /products/detail/208628339?path=//sys/bus/node/devices/node0/cpu1/driver/cpu7/driver/cpu2/node0/cpu4/firmware_node/subsystem/devices/PNP0A03:00/device:21/physical_node/nvme/nvme2/device/nvme/nvme2/nvme2n1/holders/md0/subsystem/nvme1n1/holders/md0/md/rd0/block/mq/5 HTTP/1.1" 200 3359 "-" "Amazon CloudFront"
64.252.68.74 - - [03/Sep/2026:01:47:13 +0000] "GET /?path=//sys/class/thermal/cooling_device3/device/physical_node/node0/cpu1/driver/cpu0/node0/cpu2/firmware_node/subsystem/devices/LNXSYBUS:00/subsystem/devices/PNP0A03:00/physical_node/0000:00:1e.0/driver/module/drivers/pci:nvme/module/drivers/pci:nvme/0000:00:1e.0/nvme/nvme1/nvme1n1/device/nvme1n1/holders/md0/slaves/nvme2n1/holders/md0/md/rd0/block/mq/6/cpu6 HTTP/1.1" 200 3067 "-" "Amazon CloudFront"
64.252.66.61 - - [03/Sep/2026:01:47:16 +0000] "GET /products/detail/208628339?path=//sys/bus/node/devices/node0/cpu1/driver/cpu7/driver/cpu2/node0/cpu4/firmware_node/thermal_cooling/device/physical_node/firmware_node/thermal_cooling/device/subsystem/devices/LNXSYSTM:00/LNXSYBUS:00/PNP0A03:00/device:21/physical_node/nvme/nvme2/nvme2n1/holders/md0/slaves/nvme2n1/subsystem/nvme1n1/holders/md0/queue HTTP/1.1" 200 4881 "-" "Amazon CloudFront"
64.252.66.102 - - [03/Sep/2026:01:47:20 +0000] "GET /?path=//sys/bus/memory/devices/memory1/node0/memory30/node0/cpu6/firmware_node/subsystem/devices/device:21/physical_node/driver/module/drivers/pci:nvme/0000:00:1e.0/nvme/nvme1/nvme1n1/device/subsystem/nvme0/device/driver/0000:00:1f.0/firmware_node/physical_node/nvme/nvme2/nvme2n1/holders/md0/slaves/nvme1n1/holders/md0/md/dev-nvme1n1/block/mq/3/cpu3 HTTP/1.1" 200 3020 "-" "Amazon CloudFront"
64.252.66.61 - - [03/Sep/2026:01:47:24 +0000] "GET /products/detail/208628339?path=//sys/bus/node/devices/node0/cpu1/driver/cpu7/driver/cpu2/node0/cpu4/firmware_node/subsystem/devices/PNP0A03:00/device:06/physical_node/firmware_node/physical_node/nvme/nvme0/nvme0n1/subsystem/nvme2n1/device/nvme2n1/holders/md0/md/dev-nvme2n1/block/holders/md0/md/bitmap HTTP/1.1" 200 3545 "-" "Amazon CloudFront"
64.252.66.61 - - [03/Sep/2026:01:47:28 +0000] "GET /products/detail/208628339?path=//sys/bus/node/devices/node0/cpu1/driver/cpu7/driver/cpu2/node0/cpu4/firmware_node/thermal_cooling/device/physical_node/firmware_node/thermal_cooling/device/subsystem/devices/PNP0A03:00/device:05/physical_node/subsystem/drivers/nvme/0000:00:1e.0/nvme/nvme1/nvme1n1/holders/md0/md/dev-nvme1n1/block HTTP/1.1" 200 4279 "-" "Amazon CloudFront"
64.252.67.164 - - [03/Sep/2026:01:47:33 +0000] "GET /?path=//sys/class/thermal/cooling_device3/device/physical_node/node0/memory28/node0/cpu5/firmware_node/subsystem/devices/LNXSYBUS:00/PNP0A03:00/device:1b/subsystem/devices/LNXSYBUS:00/PNP0A03:00/physical_node/pci_bus/0000:00/device/0000:00:1f.0/driver/0000:00:1e.0/driver/0000:00:1f.0/nvme/nvme2/nvme2n1/holders/md0/slaves/nvme2n1/holders/md0/md/rd1/block/mq/2/cpu2 HTTP/1.1" 200 3062 "-" "Amazon CloudFront"
64.252.68.74 - - [03/Sep/2026:01:47:37 +0000] "GET /products/detail/208628339?path=//sys/bus/node/devices/node0/cpu1/driver/cpu7/driver/cpu2/node0/cpu4/firmware_node/subsystem/devices/PNP0A03:00/physical_node/0000:00:04.0/firmware_node/physical_node/nvme/nvme0/device/nvme/nvme0/nvme0n1/nvme0n1p128/subsystem/md0/md/rd0/block/device/nvme1n1/holders/md0/slaves HTTP/1.1" 200 3259 "-" "Amazon CloudFront"
64.252.68.74 - - [03/Sep/2026:01:47:40 +0000] "GET /products/detail/208628339?path=//sys/bus/node/devices/node0/cpu1/driver/cpu7/driver/cpu2/node0/cpu4/firmware_node/subsystem/devices/PNP0A03:00/physical_node/0000:00:04.0/firmware_node/physical_node/nvme/nvme0/device/nvme/nvme0/nvme0n1/nvme0n1p128/subsystem/md0/md/rd0/block/device/nvme1n1/holders/md0/trace HTTP/1.1" 200 3386 "-" "Amazon CloudFront"
64.252.67.164 - - [03/Sep/2026:01:47:45 +0000] "GET /products/detail/208628339?path=//sys/bus/node/devices/node0/cpu1/driver/cpu7/driver/cpu2/node0/cpu4/firmware_node/thermal_cooling/device/physical_node/firmware_node/thermal_cooling/device/subsystem/devices/PNP0A03:00/device:20/physical_node/nvme/nvme1/nvme1n1/subsystem/nvme2n1/holders/md0/md/dev-nvme2n1/block/holders/md0 HTTP/1.1" 200 4155 "-" "Amazon CloudFront"
64.252.67.164 - - [03/Sep/2026:01:47:49 +0000] "GET /?path=//sys/bus/acpi/devices/LNXCPU:06/physical_node/node0/memory21/node0/cpu0/subsystem/drivers/processor/cpu6/firmware_node/subsystem/devices/device:06/physical_node/driver/0000:00:04.0/driver/0000:00:1e.0/nvme/nvme1/nvme1n1/holders/md0/md/dev-nvme2n1/block/holders/md0/md/rd1/block/device/nvme2n1/mq/4 HTTP/1.1" 200 3448 "-" "Amazon CloudFront"
64.252.66.61 - - [03/Sep/2026:01:47:53 +0000] "GET /?path=//sys/class/thermal/cooling_device3/device/physical_node/node0/memory28/node0/cpu5/firmware_node/subsystem/devices/PNP0A03:00/physical_node/pci_bus/0000:00/device/0000:00:1e.0/driver/module/drivers/pci:nvme/0000:00:04.0/driver/0000:00:1e.0/firmware_node/subsystem/devices HTTP/1.1" 200 5227 "-" "Amazon CloudFront"
64.252.67.164 - - [03/Sep/2026:01:47:56 +0000] "GET /?path=//sys/class/thermal/cooling_device3/device/physical_node/node0/memory28/node0/cpu5/firmware_node/subsystem/devices/PNP0A03:00/physical_node/pci_bus/0000:00/device/0000:00:04.0/driver/0000:00:04.0/nvme/nvme0/nvme0n1/nvme0n1p128/subsystem/nvme0n1/nvme0n1p1/holders HTTP/1.1" 200 2894 "-" "Amazon CloudFront"
64.252.66.102 - - [03/Sep/2026:01:48:01 +0000] "GET /products/detail/208628339?path=//sys/bus/node/devices/node0/cpu1/driver/cpu7/driver/cpu2/node0/cpu4/firmware_node/subsystem/devices/PNP0A03:00/device:06/physical_node/firmware_node/physical_node/nvme/nvme0/nvme0n1/nvme0n1p1/subsystem/nvme2n1/device/nvme2n1/holders/md0/md/rd1/block/mq HTTP/1.1" 200 3428 "-" "Amazon CloudFront"
64.252.66.102 - - [03/Sep/2026:01:48:05 +0000] "GET /products/detail/208628339?path=//sys/bus/node/devices/node0/cpu1/driver/cpu7/driver/cpu2/node0/cpu1/firmware_node/thermal_cooling/device/physical_node/firmware_node/subsystem/devices/PNP0A03:00/physical_node/0000:00:1e.0/nvme/nvme1/nvme1n1/holders/md0/md/rd0/block/subsystem/md0/slaves/nvme1n1/bdi HTTP/1.1" 200 3554 "-" "Amazon CloudFront"
64.252.66.61 - - [03/Sep/2026:01:48:08 +0000] "GET /?path=//sys/class/thermal/cooling_device3/device/physical_node/node0/memory28/node0/cpu5/firmware_node/subsystem/devices/LNXSYBUS:00/PNP0A03:00/device:1b/subsystem/devices/LNXSYBUS:00/PNP0A03:00/device:21/physical_node/driver/0000:00:1e.0/nvme/nvme1/nvme1n1/holders/md0/md/rd1/block/holders/md0/slaves/nvme1n1/mq/3 HTTP/1.1" 200 3459 "-" "Amazon CloudFront"
64.252.68.74 - - [03/Sep/2026:01:48:12 +0000] "GET /?path=//sys/bus/memory/devices/memory1/node0/memory7/node0/cpu1/subsystem/drivers/processor/cpu5/firmware_node/subsystem/devices/PNP0A03:00/physical_node/firmware_node/physical_node/0000:00:1e.0/driver/module/drivers/pci:nvme/0000:00:1e.0/nvme/nvme1/nvme1n1/holders/md0/md/rd1/block/device/nvme2n1/device/nvme2n1/mq/5/cpu5 HTTP/1.1" 200 3011 "-" "Amazon CloudFront"
64.252.68.74 - - [03/Sep/2026:01:48:17 +0000] "GET /?path=//sys/class/thermal/cooling_device3/device/physical_node/node0/cpu1/driver/cpu0/node0/cpu2/firmware_node/subsystem/devices/LNXSYSTM:00/LNXSYBUS:00/PNP0C0F:02/subsystem/devices/LNXSYSTM:00/LNXSYBUS:00/PNP0A03:00/physical_node/0000:00:1e.0/driver/module/drivers/pci:nvme/0000:00:1f.0/nvme/nvme2/nvme2n1/holders/md0/slaves/nvme1n1/holders/md0/md/dev-nvme1n1 HTTP/1.1" 200 3925 "-" "Amazon CloudFront"
64.252.66.102 - - [03/Sep/2026:01:48:21 +0000] "GET /products/detail/208628339?path=//sys/bus/node/devices/node0/cpu1/driver/cpu7/driver/cpu2/node0/cpu4/firmware_node/thermal_cooling/device/thermal_cooling/device/subsystem/devices/PNP0A03:00/physical_node/0000:00:04.0/nvme/nvme0/nvme0n1/nvme0n1p1/subsystem/nvme1n1/holders/md0/slaves/nvme1n1/holders/md0/md/rd1 HTTP/1.1" 200 3732 "-" "Amazon CloudFront"
64.252.67.164 - - [03/Sep/2026:01:48:25 +0000] "GET /?path=//sys/class/thermal/cooling_device3/device/physical_node/node0/memory28/node0/cpu5/firmware_node/subsystem/devices/PNP0A03:00/physical_node/pci_bus/0000:00/device/0000:00:01.0/subsystem/drivers/nvme/module/drivers/pci:nvme/0000:00:04.0/driver/0000:00:04.0/driver HTTP/1.1" 200 3550 "-" "Amazon CloudFront"
64.252.66.61 - - [03/Sep/2026:01:48:29 +0000] "GET /?path=//sys/class/thermal/cooling_device3/device/physical_node/node0/memory28/node0/cpu5/firmware_node/subsystem/devices/PNP0A03:00/physical_node/pci_bus/0000:00/device/0000:00:1e.0/subsystem/devices/0000:00:1f.0/driver/0000:00:1e.0/nvme/nvme1/nvme1n1/holders HTTP/1.1" 200 3166 "-" "Amazon CloudFront"
64.252.66.61 - - [03/Sep/2026:01:48:33 +0000] "GET /?path=//sys/class/thermal/cooling_device3/device/physical_node/node0/cpu1/driver/cpu0/node0/cpu2/firmware_node/subsystem/devices/LNXSYSTM:00/LNXSYBUS:00/PNP0C0F:02/subsystem/devices/LNXSYSTM:00/LNXSYBUS:00/PNP0A03:00/physical_node/0000:00:04.0/driver/module/drivers/pci:nvme/module/drivers/pci:nvme/0000:00:1e.0/nvme/nvme1/nvme1n1/holders/md0/md/rd1/block/mq/7 HTTP/1.1" 200 3537 "-" "Amazon CloudFront"
64.252.66.102 - - [03/Sep/2026:01:48:36 +0000] "GET /products/detail/208628339?path=//sys/bus/node/devices/node0/cpu1/driver/cpu7/driver/cpu2/node0/cpu4/firmware_node/thermal_cooling/device/thermal_cooling/device/subsystem/devices/PNP0A03:00/physical_node/0000:00:04.0/nvme/nvme0/nvme0n1/nvme0n1p1/subsystem/nvme1n1/holders/md0/slaves/nvme1n1/holders/md0/md/dev-nvme2n1 HTTP/1.1" 200 3775 "-" "Amazon CloudFront"
64.252.66.102 - - [03/Sep/2026:01:48:41 +0000] "GET /products/detail/208628339?path=//sys/bus/node/devices/node0/cpu1/driver/cpu7/driver/cpu2/node0/cpu4/firmware_node/subsystem/devices/PNP0A03:00/physical_node/0000:00:04.0/firmware_node/physical_node/nvme/nvme0/nvme0n1/nvme0n1p128/subsystem/md0/md/rd0/block/device/nvme1n1/device/nvme1n1/holders/md0/slaves HTTP/1.1" 200 3253 "-" "Amazon CloudFront"
64.252.66.102 - - [03/Sep/2026:01:48:45 +0000] "GET /products/detail/208628339?path=//sys/bus/node/devices/node0/cpu1/driver/cpu7/driver/cpu2/node0/cpu1/firmware_node/thermal_cooling/device/physical_node/firmware_node/subsystem/devices/PNP0A03:00/physical_node/0000:00:1e.0/nvme/nvme1/nvme1n1/subsystem/md0/md/dev-nvme1n1/block/holders/md0/md/rd1/block/bdi HTTP/1.1" 200 3561 "-" "Amazon CloudFront"
64.252.67.164 - - [03/Sep/2026:01:48:48 +0000] "GET /?path=//sys/class/thermal/cooling_device3/device/physical_node/node0/memory28/node0/cpu5/firmware_node/subsystem/devices/PNP0A03:00/physical_node/pci_bus/0000:00/device/firmware_node/device:02/PNP0501:00/subsystem/devices/LNXSYSTM:00/LNXPWRBN:00/driver/LNXPWRBN:00/input/input3/id HTTP/1.1" 200 3347 "-" "Amazon CloudFront"
64.252.66.102 - - [03/Sep/2026:01:48:53 +0000] "GET /?path=//sys/class/thermal/cooling_device3/device/physical_node/node0/memory28/node0/cpu5/firmware_node/subsystem/devices/PNP0A03:00/physical_node/pci_bus/0000:00/device/0000:00:1f.0/driver/module/drivers/pci:nvme/0000:00:1e.0/firmware_node/subsystem/devices/device:02/PNP0B00:00 HTTP/1.1" 200 3502 "-" "Amazon CloudFront"
64.252.68.74 - - [03/Sep/2026:01:48:57 +0000] "GET /?path=//sys/class/thermal/cooling_device3/device/physical_node/node0/memory28/node0/cpu5/firmware_node/subsystem/devices/PNP0A03:00/physical_node/pci_bus/0000:00/device/0000:00:1f.0/driver/0000:00:04.0/driver/0000:00:1f.0/nvme/nvme2/subsystem/nvme2/nvme2n1/integrity HTTP/1.1" 200 3454 "-" "Amazon CloudFront"
64.252.66.61 - - [03/Sep/2026:01:49:01 +0000] "GET /?path=//sys/bus/memory/devices/memory1/node0/memory30/node0/cpu6/firmware_node/subsystem/devices/device:21/physical_node/driver/module/drivers/pci:nvme/0000:00:1e.0/driver/0000:00:04.0/firmware_node/physical_node/subsystem/drivers/nvme/0000:00:1f.0/nvme/nvme2/nvme2n1/holders/md0/md/rd1/block/device/nvme2n1/holders/md0/md/dev-nvme1n1/block/mq/3 HTTP/1.1" 200 3512 "-" "Amazon CloudFront"
64.252.66.102 - - [03/Sep/2026:01:49:05 +0000] "GET /?fileloc=//lib64/python3.7/encodings/zlib_codec.py&path=//lib64/python3.7/encodings HTTP/1.1" 200 3149 "-" "Amazon CloudFront"
64.252.66.102 - - [03/Sep/2026:01:49:09 +0000] "GET /?fileloc=//tmp/sess_dgs4o7nl2tqkbi5h038esrgkkb&path=//tmp HTTP/1.1" 200 2557 "-" "Amazon CloudFront"
64.252.68.74 - - [03/Sep/2026:01:49:13 +0000] "GET /products/detail/247972511?fileloc=//sys/block/nvme0n1/wwid&path=//sys/block/nvme0n1 HTTP/1.1" 200 2634 "-" "Amazon CloudFront"
64.252.66.102 - - [03/Sep/2026:01:49:17 +0000] "GET /products/detail/143823157?fileloc=//tmp/sess_e7bmlgnc1jr2mhquup3m2tqojv&path=//tmp HTTP/1.1" 200 2558 "-" "Amazon CloudFront"
64.252.66.61 - - [03/Sep/2026:01:49:21 +0000] "GET /?fileloc=//proc/ioports&path=//proc HTTP/1.1" 200 2683 "-" "Amazon CloudFront"
64.252.71.147 - - [03/Sep/2026:01:49:21 +0000] "GET /products/detail/316443945?path=/var/www/volumes/c2883de52b654b63a82ff1bc63343ceb HTTP/1.1" 200 2642 "-" "Amazon CloudFront"
64.252.67.164 - - [03/Sep/2026:01:49:24 +0000] "GET /?fileloc=//lib64/libtirpc.so.1.0.10&path=//lib64 HTTP/1.1" 200 2550 "-" "Amazon CloudFront"
64.252.68.74 - - [03/Sep/2026:01:49:29 +0000] "GET /products/detail/241767016?fileloc=//lib64/libgpgme.so.11.8.1&path=//lib64 HTTP/1.1" 200 2550 "-" "Amazon CloudFront"
64.252.66.61 - - [03/Sep/2026:01:49:33 +0000] "GET /?fileloc=//sys/module/nvme/sections/.orc_unwind&path=//sys/module/nvme/sections HTTP/1.1" 200 2585 "-" "Amazon CloudFront"
64.252.66.102 - - [03/Sep/2026:01:49:37 +0000] "GET /?path=//sys/module/cpuidle HTTP/1.1" 200 2957 "-" "Amazon CloudFront"
64.252.68.74 - - [03/Sep/2026:01:49:40 +0000] "GET /?fileloc=//lib64/pkgconfig/xmlrpc_packetsocket.pc&path=//lib64/pkgconfig HTTP/1.1" 200 2710 "-" "Amazon CloudFront"
64.252.68.74 - - [03/Sep/2026:01:49:45 +0000] "GET /products/detail/300411127?fileloc=//lib64/libmenuw.so.5&path=//lib64 HTTP/1.1" 200 2546 "-" "Amazon CloudFront"
64.252.68.74 - - [03/Sep/2026:01:49:49 +0000] "GET /products/detail/59993905?fileloc=//tmp/sess_iue54s035ephud326vtpvtvuvp&path=//tmp HTTP/1.1" 200 2555 "-" "Amazon CloudFront"
64.252.66.61 - - [03/Sep/2026:01:49:53 +0000] "GET /products/detail/263585036?fileloc=//lib64/pkgconfig/menu.pc&path=//lib64/pkgconfig HTTP/1.1" 200 2799 "-" "Amazon CloudFront"
64.252.66.102 - - [03/Sep/2026:01:49:58 +0000] "GET /?fileloc=//etc/yum.repos.d/remi-php74.repo&path=//etc/yum.repos.d HTTP/1.1" 200 2862 "-" "Amazon CloudFront"
64.252.66.61 - - [03/Sep/2026:01:50:01 +0000] "GET /?fileloc=//etc/pip.conf&path=//etc HTTP/1.1" 200 2576 "-" "Amazon CloudFront"
64.252.67.164 - - [03/Sep/2026:01:50:01 +0000] "GET /?fileloc=//lib64/python3.7/operator.py&path=//lib64/python3.7 HTTP/1.1" 200 5517 "-" "Amazon CloudFront"
64.252.67.164 - - [03/Sep/2026:01:50:05 +0000] "GET /?fileloc=//tmp/sess_gf1s9te6bo9ujqpngjhvl8mknc&path=//tmp HTTP/1.1" 200 2558 "-" "Amazon CloudFront"
64.252.66.102 - - [03/Sep/2026:01:50:09 +0000] "GET /products/detail/197089652?fileloc=//tmp/sess_jvcersup2hihldk9uilqkoefll&path=//tmp HTTP/1.1" 200 2557 "-" "Amazon CloudFront"
15.158.215.109 - - [03/Sep/2026:01:50:13 +0000] "GET /wp-admin/comment.php?fileloc=//sys/firmware/acpi/interrupts/gpe0B&path=//sys/firmware/acpi/interrupts HTTP/1.1" 200 2598 "-" "Mozilla/5.0 AppleWebKit/537.36 (KHTML, like Gecko; compatible; Amazonbot/0.1; +https://developer.amazon.com/support/amazonbot) Chrome/119.0.6045.214 Safari/537.36"
64.252.68.74 - - [03/Sep/2026:01:50:17 +0000] "GET /?fileloc=//lib64/python3.7/weakref.py&path=//lib64/python3.7 HTTP/1.1" 200 7493 "-" "Amazon CloudFront"
64.252.66.102 - - [03/Sep/2026:01:50:21 +0000] "GET /products/detail/141127107?fileloc=//tmp/sess_slfh25e1at7rngg9lg7995gs44&path=//tmp HTTP/1.1" 200 2555 "-" "Amazon CloudFront"
64.252.66.61 - - [03/Sep/2026:01:50:25 +0000] "GET /?fileloc=//proc/3869/sessionid&path=//proc/3869 HTTP/1.1" 200 2561 "-" "Amazon CloudFront"
64.252.66.102 - - [03/Sep/2026:01:50:30 +0000] "GET /?fileloc=//lib/udev/ec2nvme-nsid&path=//lib/udev HTTP/1.1" 200 2866 "-" "Amazon CloudFront"
64.252.67.164 - - [03/Sep/2026:01:50:33 +0000] "GET /?fileloc=//lib64/python2.7/crypt.py&path=//lib64/python2.7 HTTP/1.1" 200 3538 "-" "Amazon CloudFront"
64.252.66.61 - - [03/Sep/2026:01:50:37 +0000] "GET /?fileloc=//lib64/python2.7/urllib2.pyc&path=//lib64/python2.7 HTTP/1.1" 200 2560 "-" "Amazon CloudFront"
64.252.66.61 - - [03/Sep/2026:01:50:41 +0000] "GET /?fileloc=//lib64/aspell-0.60/iso-8859-11.cset&path=//lib64/aspell-0.60 HTTP/1.1" 200 6007 "-" "Amazon CloudFront"
64.252.66.61 - - [03/Sep/2026:01:50:44 +0000] "GET /?path=//sys/class/thermal/cooling_device3/device/physical_node/node0/memory28/node0/cpu5/firmware_node/subsystem/devices/PNP0A03:00/physical_node/pci_bus/0000:00/device/0000:00:1e.0/driver/0000:00:04.0/driver/0000:00:1e.0/firmware_node/subsystem/devices/PNP0A03:00/device:09/power HTTP/1.1" 200 3397 "-" "Amazon CloudFront"
64.252.67.164 - - [03/Sep/2026:01:50:49 +0000] "GET /?path=//sys/class/thermal/cooling_device3/device/physical_node/node0/memory28/node0/cpu5/firmware_node/subsystem/devices/PNP0A03:00/physical_node/pci_bus/0000:00/device/0000:00:1f.0/driver/module/drivers/pci:nvme/0000:00:04.0/firmware_node/subsystem/devices/device:1f/power HTTP/1.1" 200 3410 "-" "Amazon CloudFront"
64.252.67.164 - - [03/Sep/2026:01:50:52 +0000] "GET /products/detail/272703723?path=//sys/devices/pci0000:00/firmware_node/physical_node/pci_bus/0000:00/device/firmware_node/physical_node/0000:00:00.0/subsystem/drivers/nvme/module/drivers/pci:nvme/0000:00:04.0/driver/0000:00:1e.0/nvme/nvme1/nvme1n1/holders/md0/slaves/nvme2n1/device/subsystem/nvme2/nvme2n1/holders/md0/slaves/nvme1n1/bdi/power HTTP/1.1" 200 3479 "-" "Amazon CloudFront"
64.252.67.164 - - [03/Sep/2026:01:50:57 +0000] "GET /products/detail/272703723?path=//sys/devices/pci0000:00/firmware_node/physical_node/pci_bus/0000:00/device/firmware_node/physical_node/0000:00:00.0/subsystem/drivers/nvme/module/drivers/pci:nvme/0000:00:04.0/driver/0000:00:1e.0/nvme/nvme1/nvme1n1/holders/md0/slaves/nvme2n1/holders/md0/slaves/nvme1n1/subsystem/nvme0n1/device/nvme0n1/mq/1/cpu2 HTTP/1.1" 200 2966 "-" "Amazon CloudFront"
64.252.67.164 - - [03/Sep/2026:01:51:01 +0000] "GET /products/detail/208628339?path=//sys/bus/node/devices/node0/cpu1/driver/cpu7/driver/cpu2/node0/cpu1/firmware_node/thermal_cooling/subsystem/cooling_device1/device/physical_node/firmware_node/subsystem/devices/PNP0A03:00/device:20/physical_node/nvme/nvme1/nvme1n1/holders/md0/md/dev-nvme1n1/block/device/nvme1n1/holders/md0 HTTP/1.1" 200 4153 "-" "Amazon CloudFront"
64.252.68.74 - - [03/Sep/2026:01:51:06 +0000] "GET /?path=//sys/bus/memory/devices/memory1/node0/memory28/node0/cpu2/driver/cpu4/firmware_node/subsystem/devices/PNP0A03:00/physical_node/0000:00:04.0/driver/0000:00:1f.0/subsystem/drivers/nvme/0000:00:1f.0/nvme/nvme2/nvme2n1/holders/md0/slaves/nvme1n1/device/nvme1n1/holders/md0/slaves/nvme2n1/mq/7/cpu7 HTTP/1.1" 200 2983 "-" "Amazon CloudFront"
64.252.67.164 - - [03/Sep/2026:01:51:08 +0000] "GET /products/detail/208628339?path=//sys/bus/node/devices/node0/cpu1/driver/cpu7/driver/cpu2/node0/cpu1/firmware_node/thermal_cooling/device/physical_node/firmware_node/subsystem/devices/PNP0A03:00/physical_node/0000:00:1e.0/subsystem/drivers/nvme/0000:00:1e.0/nvme/nvme1/nvme1n1/holders/md0/slaves/nvme1n1 HTTP/1.1" 200 4226 "-" "Amazon CloudFront"
64.252.66.102 - - [03/Sep/2026:01:51:13 +0000] "GET /?path=//sys/class/thermal/cooling_device3/device/physical_node/node0/cpu0/node0/cpu4/firmware_node/subsystem/devices/device:02/PNP0303:00/subsystem/devices/LNXSYBUS:00/PNP0A03:00/device:20/physical_node/driver/0000:00:04.0/nvme/nvme0/device/driver/module/drivers/pci:nvme/0000:00:1f.0/nvme/nvme2/nvme2n1/holders/md0/md/dev-nvme2n1/block/holders/md0/md/dev-nvme2n1/block HTTP/1.1" 200 4491 "-" "Amazon CloudFront"
64.252.68.74 - - [03/Sep/2026:01:51:17 +0000] "GET /?path=//sys/class/thermal/cooling_device3/device/physical_node/node0/memory28/node0/cpu5/firmware_node/subsystem/devices/PNP0A03:00/physical_node/pci_bus/0000:00/device/0000:00:1f.0/driver/module/drivers/pci:nvme/0000:00:1f.0/firmware_node/subsystem/devices/LNXSYBUS:00/LNXCPU:01 HTTP/1.1" 200 3654 "-" "Amazon CloudFront"
64.252.67.164 - - [03/Sep/2026:01:51:21 +0000] "GET /?path=//sys/class/thermal/cooling_device3/device/physical_node/node0/cpu6/driver/cpu0/node0/cpu5/firmware_node/subsystem/devices/device:12/subsystem/devices/LNXSYSTM:00/LNXSYBUS:00/PNP0A03:00/physical_node/pci_bus/0000:00/device/0000:00:1e.0/driver/module/drivers/pci:nvme/0000:00:1e.0/nvme/nvme1/nvme1n1/holders/md0/md/dev-nvme1n1/block/holders/md0/trace HTTP/1.1" 200 3562 "-" "Amazon CloudFront"
64.252.66.102 - - [03/Sep/2026:01:51:25 +0000] "GET /products/detail/208628339?path=//sys/bus/node/devices/node0/cpu1/driver/cpu7/driver/cpu2/node0/cpu4/firmware_node/thermal_cooling/device/physical_node/firmware_node/thermal_cooling/device/subsystem/devices/LNXSYSTM:00/LNXSYBUS:00/PNP0A03:00/device:21/physical_node/nvme/nvme2/nvme2n1/holders/md0/md/rd0/block/subsystem/md0/md/dev-nvme1n1 HTTP/1.1" 200 3803 "-" "Amazon CloudFront"
64.252.68.74 - - [03/Sep/2026:01:51:29 +0000] "GET /?path=//sys/class/thermal/cooling_device3/device/physical_node/node0/memory0/node0/cpu0/firmware_node/subsystem/devices/device:02/QEMU0001:00/subsystem/devices/LNXSYBUS:00/PNP0A03:00/physical_node/0000:00:1f.0/driver/module/drivers/pci:nvme/0000:00:1e.0/driver/module/drivers/pci:nvme/0000:00:1e.0/nvme/nvme1/nvme1n1/holders/md0/md/rd0/block/holders/md0/md/rd1/block/mq/6 HTTP/1.1" 200 3561 "-" "Amazon CloudFront"
64.252.66.61 - - [03/Sep/2026:01:51:33 +0000] "GET /?path=//sys/class/thermal/cooling_device3/device/physical_node/node0/memory28/node0/cpu5/firmware_node/subsystem/devices/PNP0A03:00/physical_node/pci_bus/0000:00/device/0000:00:1f.0/driver/module/drivers/pci:nvme/0000:00:1f.0/firmware_node/subsystem/devices/LNXCPU:05/thermal_cooling HTTP/1.1" 200 3505 "-" "Amazon CloudFront"
64.252.68.74 - - [03/Sep/2026:01:51:37 +0000] "GET /?path=//sys/class/thermal/cooling_device3/device/physical_node/node0/cpu6/driver/cpu0/node0/cpu5/firmware_node/subsystem/devices/device:12/subsystem/devices/LNXSYSTM:00/LNXSYBUS:00/PNP0A03:00/physical_node/pci_bus/0000:00/device/0000:00:1e.0/driver/module/drivers/pci:nvme/0000:00:1e.0/nvme/nvme1/nvme1n1/holders/md0/md/dev-nvme1n1/block/holders/md0/power HTTP/1.1" 200 3585 "-" "Amazon CloudFront"
64.252.68.74 - - [03/Sep/2026:01:51:41 +0000] "GET /products/detail/208628339?path=//sys/bus/node/devices/node0/cpu1/driver/cpu7/driver/cpu2/node0/cpu4/firmware_node/subsystem/devices/PNP0A03:00/device:21/physical_node/subsystem/drivers/nvme/0000:00:1f.0/nvme/nvme2/nvme2n1/device/nvme2n1/holders/md0/slaves/nvme1n1/mq/2/cpu2 HTTP/1.1" 200 2920 "-" "Amazon CloudFront"
64.252.66.102 - - [03/Sep/2026:01:51:45 +0000] "GET /products/detail/225861420?path=//sys/devices/pci0000:00/firmware_node/device:07/physical_node/firmware_node/subsystem/devices/device:20/physical_node/driver/0000:00:1f.0/nvme/nvme2/nvme2n1/subsystem/nvme1n1/holders/md0/md/rd0/block/holders/md0/md/rd0/block/device/device/driver/module/drivers/pci:nvme/module/drivers/pci:nvme/0000:00:04.0/nvme/nvme0/nvme0n1/mq HTTP/1.1" 200 3304 "-" "Amazon CloudFront"
64.252.88.29 - - [03/Sep/2026:01:51:49 +0000] "GET /products/detail/277956238 HTTP/1.1" 200 4265 "-" "Amazon CloudFront"
64.252.66.61 - - [03/Sep/2026:01:51:49 +0000] "GET /?path=//sys/bus/memory/devices/memory1/node0/memory28/node0/cpu2/driver/cpu4/firmware_node/subsystem/devices/PNP0A03:00/physical_node/0000:00:04.0/driver/0000:00:1f.0/subsystem/drivers/nvme/0000:00:1e.0/firmware_node/physical_node/nvme/nvme1/nvme1n1/device/nvme1n1/holders/md0/md/dev-nvme2n1/block/holders/md0/md/rd1/block/mq/7 HTTP/1.1" 200 3493 "-" "Amazon CloudFront"
64.252.66.102 - - [03/Sep/2026:01:51:52 +0000] "GET /products/detail/208628339?path=//sys/bus/node/devices/node0/cpu1/driver/cpu7/driver/cpu2/node0/cpu4/firmware_node/subsystem/devices/device:06/physical_node/nvme/nvme0/nvme0n1/subsystem/md0/slaves/nvme2n1/holders/md0/slaves/nvme1n1/device/device/nvme/nvme1/nvme1n1/mq/3/cpu3 HTTP/1.1" 200 2918 "-" "Amazon CloudFront"
64.252.68.74 - - [03/Sep/2026:01:51:57 +0000] "GET /products/detail/225861420?path=//sys/devices/pci0000:00/firmware_node/device:07/physical_node/firmware_node/subsystem/devices/device:20/physical_node/driver/0000:00:1f.0/nvme/nvme2/nvme2n1/subsystem/nvme1n1/holders/md0/md/rd0/block/holders/md0/md/rd0/block/device/device/driver/module/drivers/pci:nvme/module/drivers/pci:nvme/0000:00:04.0/nvme/nvme0/nvme0n1/queue HTTP/1.1" 200 4957 "-" "Amazon CloudFront"
64.252.66.102 - - [03/Sep/2026:01:52:01 +0000] "GET /?path=//sys/class/thermal/cooling_device3/device/physical_node/node0/memory0/subsystem/devices/memory23/node0/cpu5/driver/cpu4/driver/cpu7/firmware_node/subsystem/devices/PNP0A03:00/physical_node/0000:00:1e.0/nvme/nvme1/nvme1n1/holders/md0/slaves/nvme2n1/device/nvme2n1/holders/md0/slaves/nvme1n1/mq/7/cpu7 HTTP/1.1" 200 2992 "-" "Amazon CloudFront"
64.252.66.102 - - [03/Sep/2026:01:52:05 +0000] "GET /?path=//sys/class/thermal/cooling_device3/device/physical_node/node0/memory0/node0/cpu0/firmware_node/subsystem/devices/device:02/QEMU0001:00/subsystem/devices/LNXSYBUS:00/PNP0A03:00/physical_node/0000:00:1f.0/driver/module/drivers/pci:nvme/0000:00:1e.0/driver/module/drivers/pci:nvme/0000:00:1e.0/nvme/nvme1/nvme1n1/holders/md0/md/rd0/block/holders/md0/md/rd1/block/mq/0 HTTP/1.1" 200 3556 "-" "Amazon CloudFront"
64.252.68.74 - - [03/Sep/2026:01:52:09 +0000] "GET /?path=//sys/bus/memory/devices/memory1/node0/memory30/node0/cpu6/firmware_node/subsystem/devices/device:21/physical_node/driver/module/drivers/pci:nvme/0000:00:1e.0/driver/0000:00:04.0/firmware_node/physical_node/subsystem/drivers/nvme/0000:00:1f.0/nvme/nvme2/nvme2n1/holders/md0/md/rd1/block/holders/md0/md/rd0/block/device/nvme1n1/mq/4 HTTP/1.1" 200 3514 "-" "Amazon CloudFront"
64.252.67.164 - - [03/Sep/2026:01:52:13 +0000] "GET /?path=//sys/bus/memory/devices/memory1/node0/memory7/node0/cpu1/subsystem/drivers/processor/cpu5/firmware_node/subsystem/devices/PNP0A03:00/physical_node/firmware_node/physical_node/0000:00:1e.0/driver/0000:00:1e.0/driver/module/drivers/pci:nvme/0000:00:1f.0/nvme/nvme2/nvme2n1/holders/md0/slaves/nvme1n1/device/nvme1n1/holders/md0/md/rd0/block/mq/2 HTTP/1.1" 200 3511 "-" "Amazon CloudFront"
64.252.67.164 - - [03/Sep/2026:01:52:18 +0000] "GET /products/detail/208628339?path=//sys/bus/node/devices/node0/cpu1/driver/cpu7/driver/cpu2/node0/cpu4/firmware_node/thermal_cooling/device/physical_node/firmware_node/thermal_cooling/device/subsystem/devices/PNP0A03:00/physical_node/0000:00:1f.0/subsystem/drivers/nvme/0000:00:1e.0/nvme/nvme1/nvme1n1/holders/md0/md/rd1/block/slaves HTTP/1.1" 200 2985 "-" "Amazon CloudFront"
64.252.66.61 - - [03/Sep/2026:01:52:21 +0000] "GET /products/detail/208628339?path=//sys/bus/node/devices/node0/cpu1/driver/cpu7/driver/cpu2/node0/cpu1/firmware_node/thermal_cooling/device/physical_node/firmware_node/subsystem/devices/device:06/physical_node/nvme/nvme0/nvme0n1/device/nvme0n1/subsystem/md0/slaves/nvme1n1/holders/md0/slaves/nvme1n1/mq/5 HTTP/1.1" 200 3380 "-" "Amazon CloudFront"
64.252.66.102 - - [03/Sep/2026:01:52:24 +0000] "GET /?path=//sys/class/thermal/cooling_device3/device/physical_node/node0/cpu1/driver/cpu0/node0/cpu2/firmware_node/subsystem/devices/LNXSYSTM:00/LNXSYBUS:00/PNP0C0F:04/subsystem/devices/PNP0A03:00/device:20/physical_node/nvme/nvme1/device/driver/module/drivers/pci:nvme/0000:00:1f.0/nvme/nvme2/nvme2n1/holders/md0/md/rd1/block/holders/md0/md/dev-nvme1n1/block/power HTTP/1.1" 200 3602 "-" "Amazon CloudFront"
64.252.66.61 - - [03/Sep/2026:01:52:30 +0000] "GET /?path=//sys/bus/memory/devices/memory1/node0/memory7/node0/cpu1/subsystem/drivers/processor/cpu5/firmware_node/subsystem/devices/PNP0A03:00/physical_node/firmware_node/physical_node/0000:00:1e.0/driver/0000:00:1e.0/driver/module/drivers/pci:nvme/0000:00:1f.0/nvme/nvme2/nvme2n1/holders/md0/slaves/nvme1n1/device/nvme1n1/holders/md0/md/rd0/block/mq/3 HTTP/1.1" 200 3512 "-" "Amazon CloudFront"
64.252.66.102 - - [03/Sep/2026:01:52:33 +0000] "GET /?path=//sys/class/thermal/cooling_device3/device/physical_node/node0/memory28/node0/cpu5/firmware_node/subsystem/devices/PNP0A03:00/physical_node/pci_bus/0000:00/device/0000:00:1f.0/driver/module/drivers/pci:nvme/0000:00:04.0/driver/0000:00:04.0/subsystem/slots/29 HTTP/1.1" 200 3537 "-" "Amazon CloudFront"
64.252.68.74 - - [03/Sep/2026:01:52:37 +0000] "GET /?path=//sys/class/thermal/cooling_device3/device/physical_node/node0/memory28/node0/cpu5/firmware_node/subsystem/devices/PNP0A03:00/physical_node/pci_bus/0000:00/device/0000:00:1f.0/driver/module/drivers/pci:nvme/0000:00:04.0/driver/0000:00:04.0/subsystem/slots/24 HTTP/1.1" 200 3536 "-" "Amazon CloudFront"
64.252.66.102 - - [03/Sep/2026:01:52:40 +0000] "GET /?path=//sys/class/thermal/cooling_device3/device/physical_node/node0/memory28/node0/cpu5/firmware_node/subsystem/devices/PNP0A03:00/physical_node/pci_bus/0000:00/device/0000:00:01.0/subsystem/drivers/nvme/0000:00:1f.0/driver/0000:00:1f.0/driver/0000:00:1e.0/firmware_node/power HTTP/1.1" 200 3394 "-" "Amazon CloudFront"
64.252.67.164 - - [03/Sep/2026:01:52:45 +0000] "GET /products/detail/208628339?path=//sys/bus/node/devices/node0/cpu1/driver/cpu7/driver/cpu2/node0/cpu1/firmware_node/thermal_cooling/device/physical_node/firmware_node/subsystem/devices/LNXSYBUS:00/PNP0A03:00/device:20/physical_node/nvme/nvme1/nvme1n1/holders/md0/slaves/nvme2n1/subsystem/nvme1n1/mq/3/cpu3 HTTP/1.1" 200 2942 "-" "Amazon CloudFront"
64.252.68.74 - - [03/Sep/2026:01:52:49 +0000] "GET /?path=//sys/class/thermal/cooling_device3/device/physical_node/node0/memory28/node0/cpu5/firmware_node/subsystem/devices/PNP0A03:00/physical_node/pci_bus/0000:00/device/0000:00:1f.0/driver/module/drivers/pci:nvme/0000:00:04.0/driver/0000:00:1f.0/nvme/nvme2/subsystem HTTP/1.1" 200 3245 "-" "Amazon CloudFront"
64.252.68.74 - - [03/Sep/2026:01:52:53 +0000] "GET /?path=//sys/class/thermal/cooling_device3/device/physical_node/node0/memory28/node0/cpu5/firmware_node/subsystem/devices/PNP0A03:00/physical_node/pci_bus/0000:00/device/0000:00:1f.0/driver/module/drivers/pci:nvme/0000:00:04.0/driver/0000:00:04.0/subsystem/slots/31 HTTP/1.1" 200 3536 "-" "Amazon CloudFront"
64.252.66.61 - - [03/Sep/2026:01:52:57 +0000] "GET /?path=//sys/class/thermal/cooling_device3/device/physical_node/node0/cpu0/node0/cpu4/firmware_node/subsystem/devices/device:02/PNP0303:00/subsystem/devices/LNXSYBUS:00/PNP0A03:00/device:20/physical_node/driver/0000:00:04.0/nvme/nvme0/device/driver/module/drivers/pci:nvme/0000:00:1e.0/nvme/nvme1/nvme1n1/holders/md0/slaves/nvme1n1/holders/md0/md/rd0/block/queue HTTP/1.1" 200 4970 "-" "Amazon CloudFront"
64.252.67.164 - - [03/Sep/2026:01:53:01 +0000] "GET /?path=//sys/bus/memory/devices/memory1/node0/memory7/node0/cpu1/subsystem/drivers/processor/cpu5/firmware_node/subsystem/devices/PNP0A03:00/physical_node/firmware_node/device:20/physical_node/driver/0000:00:1f.0/nvme/nvme2/device/driver/0000:00:1e.0/nvme/nvme1/nvme1n1/holders/md0/md/rd0/block/holders/md0/slaves/nvme2n1/integrity HTTP/1.1" 200 3595 "-" "Amazon CloudFront"
64.252.67.164 - - [03/Sep/2026:01:53:05 +0000] "GET /products/detail/208628339?path=//sys/bus/node/devices/node0/cpu1/driver/cpu7/driver/cpu2/node0/cpu1/firmware_node/thermal_cooling/subsystem/cooling_device1/device/subsystem/devices/LNXSYSTM:00/LNXSYBUS:00/PNP0A03:00/physical_node/0000:00:1f.0/nvme/nvme2/nvme2n1/holders/md0/md/dev-nvme2n1/block/device/nvme2n1/mq/0 HTTP/1.1" 200 3438 "-" "Amazon CloudFront"
15.158.215.109 - - [03/Sep/2026:01:53:08 +0000] "GET /wp-login.php?fileloc=//tmp/sess_q5f35k6b0v6e51kea9qmhe9fob&path=//tmp HTTP/1.1" 200 2557 "-" "Mozilla/5.0 AppleWebKit/537.36 (KHTML, like Gecko; compatible; Amazonbot/0.1; +https://developer.amazon.com/support/amazonbot) Chrome/119.0.6045.214 Safari/537.36"
64.252.68.74 - - [03/Sep/2026:01:53:12 +0000] "GET /?fileloc=//etc/.pwd.lock&path=//etc HTTP/1.1" 200 2540 "-" "Amazon CloudFront"
64.252.70.102 - - [03/Sep/2026:01:53:13 +0000] "GET /products/detail/281347985?path=/var/www/volumes/e7eb1676fe914ef19681d6bb2d9efd0f HTTP/1.1" 200 2643 "-" "Amazon CloudFront"
64.252.68.74 - - [03/Sep/2026:01:53:13 +0000] "GET /?path=//sys/class/thermal/cooling_device3/device/physical_node/node0/memory28/node0/cpu5/firmware_node/subsystem/devices/PNP0A03:00/physical_node/pci_bus/0000:00/device/0000:00:00.0/subsystem/drivers/nvme/0000:00:04.0/driver/0000:00:1f.0/nvme/nvme2/power HTTP/1.1" 200 3396 "-" "Amazon CloudFront"
64.252.68.74 - - [03/Sep/2026:01:53:18 +0000] "GET /?path=//sys/class/thermal/cooling_device3/device/physical_node/node0/cpu1/driver/cpu0/node0/cpu2/firmware_node/subsystem/devices/PNP0303:00/subsystem/devices/device:20/physical_node/driver/0000:00:1f.0/nvme/nvme2/nvme2n1/device/nvme2n1/holders/md0/md/rd0/block/holders/md0/md/rd1/block/mq/5/cpu5 HTTP/1.1" 200 2998 "-" "Amazon CloudFront"
64.252.68.74 - - [03/Sep/2026:01:53:21 +0000] "GET /?path=//sys/class/thermal/cooling_device3/device/physical_node/node0/memory28/node0/cpu5/firmware_node/subsystem/devices/PNP0A03:00/physical_node/pci_bus/0000:00/device/0000:00:1e.0/driver/0000:00:04.0/nvme/nvme0/nvme0n1/nvme0n1p128/subsystem/nvme2n1/mq/7/cpu7 HTTP/1.1" 200 2920 "-" "Amazon CloudFront"
