64.252.66.61 - - [03/Sep/2026:04:57:12 +0000] "GET /?path=//sys/bus/acpi/devices/LNXCPU:06/physical_node/node0/memory21/node0/cpu0/subsystem/drivers/processor/cpu6/firmware_node/subsystem/devices/device:06/physical_node/driver/0000:00:04.0/driver/0000:00:1e.0/nvme/nvme1/device/nvme/nvme1/nvme1n1/device/nvme1n1/holders/md0/slaves/nvme2n1/holders/md0/md/rd0/block/mq/1 HTTP/1.1" 200 3484 "-" "Amazon CloudFront"
64.252.68.74 - - [03/Sep/2026:04:57:17 +0000] "GET /?path=//sys/class/thermal/cooling_device3/device/physical_node/node0/memory28/node0/cpu5/firmware_node/subsystem/devices/PNP0A03:00/physical_node/pci_bus/0000:00/device/0000:00:1e.0/driver/0000:00:04.0/subsystem/devices/0000:00:1f.0/driver/0000:00:04.0/nvme/nvme0/nvme0n1/mq/0/cpu1 HTTP/1.1" 200 2936 "-" "Amazon CloudFront"
64.252.66.61 - - [03/Sep/2026:04:57:21 +0000] "GET /?path=//sys/class/thermal/cooling_device3/device/physical_node/node0/memory28/node0/cpu5/firmware_node/subsystem/devices/PNP0A03:00/physical_node/pci_bus/0000:00/device/0000:00:1e.0/driver/module/drivers/pci:nvme/0000:00:1f.0/firmware_node/subsystem/devices/LNXSYSTM:00/LNXPWRBN:00/driver/LNXSLPBN:00 HTTP/1.1" 200 3530 "-" "Amazon CloudFront"
64.252.66.61 - - [03/Sep/2026:04:57:24 +0000] "GET /?path=//sys/class/thermal/cooling_device3/device/physical_node/node0/memory28/node0/cpu5/firmware_node/subsystem/devices/PNP0A03:00/physical_node/pci_bus/0000:00/device/0000:00:1e.0/driver/module/drivers/pci:nvme/0000:00:1f.0/firmware_node/subsystem/devices/LNXSYSTM:00/LNXPWRBN:00/driver/LNXPWRBN:00 HTTP/1.1" 200 3523 "-" "Amazon CloudFront"
64.252.67.164 - - [03/Sep/2026:04:57:28 +0000] "GET /?path=//sys/class/thermal/cooling_device3/device/physical_node/node0/memory28/node0/cpu5/firmware_node/subsystem/devices/PNP0A03:00/physical_node/pci_bus/0000:00/device/0000:00:1e.0/driver/0000:00:04.0/subsystem/devices/0000:00:1f.0/driver/0000:00:1e.0/nvme/nvme1/nvme1n1/holders/md0/queue HTTP/1.1" 200 4694 "-" "Amazon CloudFront"
64.252.66.61 - - [03/Sep/2026:04:57:32 +0000] "GET /?path=//sys/class/thermal/cooling_device3/device/physical_node/node0/cpu1/driver/cpu0/node0/cpu2/firmware_node/subsystem/devices/LNXSYSTM:00/LNXSYBUS:00/PNP0C0F:04/subsystem/devices/PNP0A03:00/physical_node/pci_bus/0000:00/device/0000:00:04.0/driver/module/drivers/pci:nvme/module/drivers/pci:nvme/0000:00:1e.0/nvme/nvme1/nvme1n1/holders/md0/slaves/nvme2n1/holders/md0/md/dev-nvme2n1/block/mq/3 HTTP/1.1" 200 3604 "-" "Amazon CloudFront"
64.252.66.102 - - [03/Sep/2026:04:57:36 +0000] "GET /?path=//sys/class/thermal/cooling_device3/device/physical_node/node0/cpu1/driver/cpu0/node0/cpu2/firmware_node/subsystem/devices/LNXSYSTM:00/LNXSYBUS:00/PNP0C0F:02/subsystem/devices/LNXSYSTM:00/LNXSYBUS:00/PNP0A03:00/physical_node/0000:00:1e.0/driver/module/drivers/pci:nvme/0000:00:1f.0/nvme/nvme2/nvme2n1/holders/md0/md/rd0/block/holders/md0/md/rd1 HTTP/1.1" 200 3939 "-" "Amazon CloudFront"
64.252.68.74 - - [03/Sep/2026:04:57:40 +0000] "GET /?path=//sys/class/thermal/cooling_device3/device/physical_node/node0/cpu1/driver/cpu0/node0/cpu2/firmware_node/subsystem/devices/LNXSYSTM:00/LNXSYBUS:00/PNP0C0F:04/subsystem/devices/PNP0A03:00/physical_node/pci_bus/0000:00/device/0000:00:1f.0/driver/module/drivers/pci:nvme/module/drivers/pci:nvme/0000:00:1f.0/nvme/nvme2/nvme2n1/holders/md0/slaves/nvme2n1/holders/md0/md/rd1/block/mq/1 HTTP/1.1" 200 3590 "-" "Amazon CloudFront"
64.252.67.164 - - [03/Sep/2026:04:57:45 +0000] "GET /?path=//sys/class/thermal/cooling_device3/device/physical_node/node0/memory0/node0/cpu0/firmware_node/subsystem/devices/device:17/subsystem/devices/LNXSYBUS:00/PNP0A03:00/physical_node/pci_bus/0000:00/device/0000:00:1f.0/driver/module/drivers/pci:nvme/0000:00:1f.0/driver/0000:00:1e.0/nvme/nvme1/nvme1n1/holders/md0/md/dev-nvme2n1/block/mq/6/cpu6 HTTP/1.1" 200 3052 "-" "Amazon CloudFront"
64.252.67.164 - - [03/Sep/2026:04:57:48 +0000] "GET /?path=//sys/class/thermal/cooling_device3/device/physical_node/node0/memory28/node0/cpu5/firmware_node/subsystem/devices/PNP0A03:00/physical_node/pci_bus/0000:00/device/0000:00:1e.0/driver/module/drivers/pci:nvme/0000:00:1f.0/driver/0000:00:1e.0/subsystem/slots/17/module/parameters HTTP/1.1" 200 3230 "-" "Amazon CloudFront"
64.252.66.102 - - [03/Sep/2026:04:57:52 +0000] "GET /?path=//sys/class/thermal/cooling_device3/device/physical_node/node0/memory29/node0/cpu4/driver/cpu2/driver/cpu1/firmware_node/subsystem/devices/device:10/subsystem/devices/LNXSYSTM:00/LNXSYBUS:00/PNP0A03:00/physical_node/pci_bus/0000:00/device/0000:00:1e.0/nvme/nvme1/nvme1n1/holders/md0/md/dev-nvme2n1/block/holders/md0/md/rd1/block/mq/0 HTTP/1.1" 200 3531 "-" "Amazon CloudFront"
64.252.68.74 - - [03/Sep/2026:04:57:57 +0000] "GET /products/detail/272703723?path=//sys/devices/pci0000:00/firmware_node/physical_node/pci_bus/0000:00/device/firmware_node/physical_node/0000:00:00.0/subsystem/drivers/nvme/module/drivers/pci:nvme/0000:00:04.0/driver/0000:00:1e.0/nvme/nvme1/nvme1n1/subsystem/nvme1n1/holders/md0/md/rd1/block/holders/md0/md/rd1/block/device/nvme2n1/mq/4 HTTP/1.1" 200 3424 "-" "Amazon CloudFront"
64.252.70.102 - - [03/Sep/2026:04:58:00 +0000] "GET /prizes/255212551?path=/var/www/volumes/1762066ad2ec4faebfe7cf55da8c57be HTTP/1.1" 200 2642 "-" "Amazon CloudFront"
64.252.67.164 - - [03/Sep/2026:04:58:01 +0000] "GET /?path=//sys/class/thermal/cooling_device3/device/physical_node/node0/memory28/node0/cpu5/firmware_node/subsystem/devices/PNP0A03:00/physical_node/pci_bus/0000:00/device/0000:00:04.0/driver/0000:00:04.0/driver/module/drivers/pci:nvme/0000:00:1e.0/subsystem/slots/7 HTTP/1.1" 200 3531 "-" "Amazon CloudFront"
64.252.68.74 - - [03/Sep/2026:04:58:05 +0000] "GET /?path=//sys/class/thermal/cooling_device3/device/physical_node/node0/memory28/node0/cpu5/firmware_node/subsystem/devices/PNP0A03:00/physical_node/pci_bus/0000:00/device/0000:00:1f.0/driver/module/drivers/pci:nvme/0000:00:04.0/firmware_node/subsystem/devices/PNP0A03:00/device:0c/power HTTP/1.1" 200 3415 "-" "Amazon CloudFront"
64.252.67.164 - - [03/Sep/2026:04:58:09 +0000] "GET /?path=//sys/class/thermal/cooling_device3/device/physical_node/node0/memory28/node0/cpu5/firmware_node/subsystem/devices/PNP0A03:00/physical_node/pci_bus/0000:00/device/0000:00:1f.0/driver/0000:00:1f.0/subsystem/devices/0000:00:05.0/driver/0000:00:05.0/net/eth0/queues/rx-6 HTTP/1.1" 200 3260 "-" "Amazon CloudFront"
64.252.68.74 - - [03/Sep/2026:04:58:12 +0000] "GET /?path=//sys/bus/memory/devices/memory1/node0/memory30/node0/cpu6/firmware_node/subsystem/devices/device:21/physical_node/driver/module/drivers/pci:nvme/0000:00:1e.0/driver/0000:00:1f.0/nvme/nvme2/nvme2n1/subsystem/nvme2n1/holders/md0/md/rd0/block/device/device/firmware_node/physical_node/nvme/nvme1/nvme1n1/holders/md0/trace HTTP/1.1" 200 3515 "-" "Amazon CloudFront"
64.252.68.74 - - [03/Sep/2026:04:58:16 +0000] "GET /?path=//sys/class/thermal/cooling_device3/device/physical_node/node0/memory28/node0/cpu5/firmware_node/subsystem/devices/PNP0A03:00/physical_node/pci_bus/0000:00/device/0000:00:1e.0/driver/module/drivers/pci:nvme/0000:00:04.0/subsystem/devices/0000:00:05.0/driver/module/drivers/pci:ena/0000:00:05.0 HTTP/1.1" 200 4930 "-" "Amazon CloudFront"
64.252.66.102 - - [03/Sep/2026:04:58:20 +0000] "GET /?path=//sys/class/thermal/cooling_device3/device/physical_node/node0/memory28/node0/cpu5/firmware_node/subsystem/devices/LNXSYBUS:00/PNP0A03:00/device:1b/subsystem/devices/LNXSYBUS:00/PNP0A03:00/device:21/physical_node/driver/module/drivers/pci:nvme/0000:00:1f.0/driver/0000:00:1e.0/nvme/nvme1/nvme1n1/holders/md0/md/dev-nvme2n1/block/device/nvme2n1/holders/md0/slaves/nvme2n1/slaves HTTP/1.1" 200 3074 "-" "Amazon CloudFront"
64.252.68.74 - - [03/Sep/2026:04:58:24 +0000] "GET /?path=//sys/bus/memory/devices/memory1/node0/memory30/node0/cpu6/firmware_node/subsystem/devices/device:21/physical_node/driver/module/drivers/pci:nvme/0000:00:1e.0/driver/0000:00:1f.0/nvme/nvme2/nvme2n1/subsystem/md0/md/dev-nvme1n1/block/device/device/firmware_node/physical_node/nvme/nvme1/nvme1n1/holders/md0/md/dev-nvme2n1/block/mq/3 HTTP/1.1" 200 3505 "-" "Amazon CloudFront"
64.252.89.219 - - [03/Sep/2026:04:58:25 +0000] "GET /products/detail/44302167 HTTP/1.1" 200 4265 "-" "Amazon CloudFront"
64.252.67.164 - - [03/Sep/2026:04:58:29 +0000] "GET /?path=//sys/class/thermal/cooling_device3/device/physical_node/node0/memory28/node0/cpu5/firmware_node/subsystem/devices/PNP0A03:00/physical_node/pci_bus/0000:00/device/0000:00:1f.0/driver/module/drivers/pci:nvme/0000:00:04.0/firmware_node/subsystem/devices/device:02/PNP0501:00/power HTTP/1.1" 200 3422 "-" "Amazon CloudFront"
64.252.66.61 - - [03/Sep/2026:04:58:33 +0000] "GET /?path=//sys/bus/memory/devices/memory1/node0/memory7/node0/cpu1/subsystem/drivers/processor/cpu5/firmware_node/subsystem/devices/PNP0A03:00/physical_node/firmware_node/device:20/physical_node/driver/0000:00:1e.0/driver/0000:00:1e.0/nvme/nvme1/device/nvme/nvme1/nvme1n1/device/nvme1n1/holders/md0/md/rd0/block/mq/4/cpu4 HTTP/1.1" 200 2996 "-" "Amazon CloudFront"
64.252.66.61 - - [03/Sep/2026:04:58:37 +0000] "GET /?path=//sys/bus/memory/devices/memory1/node0/memory30/node0/cpu6/firmware_node/subsystem/devices/device:21/physical_node/driver/module/drivers/pci:nvme/0000:00:1e.0/nvme/nvme1/nvme1n1/subsystem/nvme1n1/holders/md0/md/rd0/block/holders/md0/md/rd1/block/device/device/firmware_node/physical_node/driver/module/drivers/pci:nvme/0000:00:04.0 HTTP/1.1" 200 5018 "-" "Amazon CloudFront"
64.252.66.61 - - [03/Sep/2026:04:58:41 +0000] "GET /?path=//sys/class/thermal/cooling_device3/device/physical_node/node0/cpu1/driver/cpu0/node0/cpu2/firmware_node/subsystem/devices/LNXSYSTM:00/LNXSYBUS:00/PNP0C0F:02/subsystem/devices/LNXSYSTM:00/LNXSYBUS:00/PNP0A03:00/physical_node/0000:00:1e.0/driver/module/drivers/pci:nvme/module/drivers/pci:nvme/0000:00:1f.0/nvme/nvme2/nvme2n1/holders/md0/slaves/nvme1n1/mq/5 HTTP/1.1" 200 3532 "-" "Amazon CloudFront"
64.252.67.164 - - [03/Sep/2026:04:58:44 +0000] "GET /products/detail/208628339?path=//sys/bus/node/devices/node0/cpu1/driver/cpu7/driver/cpu2/node0/cpu4/firmware_node/subsystem/devices/PNP0A03:00/physical_node/0000:00:04.0/firmware_node/physical_node/nvme/nvme0/nvme0n1/nvme0n1p128/subsystem/md0/md/dev-nvme2n1/block/device/nvme2n1/holders/md0/md/rd0/block/queue HTTP/1.1" 200 4718 "-" "Amazon CloudFront"
64.252.67.164 - - [03/Sep/2026:04:58:49 +0000] "GET /?path=//sys/bus/memory/devices/memory1/node0/memory30/node0/cpu6/firmware_node/subsystem/devices/device:21/physical_node/driver/module/drivers/pci:nvme/0000:00:1e.0/nvme/nvme1/device/firmware_node/physical_node/driver/0000:00:04.0/nvme/nvme0/subsystem/nvme1/nvme1n1/holders/md0/slaves/nvme2n1/holders/md0/md/dev-nvme2n1/block/mq/6 HTTP/1.1" 200 3497 "-" "Amazon CloudFront"
64.252.72.118 - - [03/Sep/2026:04:58:50 +0000] "GET /prizes/133372026?path=/s3/98470003a68b4a2e8cd31e92c7bd5508 HTTP/1.1" 200 2877 "-" "Amazon CloudFront"
64.252.70.102 - - [03/Sep/2026:04:58:51 +0000] "GET /?path=/var/lib/rsyslog HTTP/1.1" 200 2611 "-" "Amazon CloudFront"
64.252.66.61 - - [03/Sep/2026:04:58:53 +0000] "GET /?path=//sys/class/thermal/cooling_device3/device/physical_node/node0/memory28/node0/cpu5/firmware_node/subsystem/devices/PNP0A03:00/physical_node/pci_bus/0000:00/device/0000:00:1f.0/driver/0000:00:1f.0/subsystem/devices/0000:00:05.0/driver/0000:00:05.0/net/eth0/queues/rx-1 HTTP/1.1" 200 3260 "-" "Amazon CloudFront"
64.252.68.74 - - [03/Sep/2026:04:58:56 +0000] "GET /products/detail/208628339?path=//sys/bus/node/devices/node0/cpu1/driver/cpu7/driver/cpu2/node0/cpu4/firmware_node/subsystem/devices/PNP0A03:00/device:20/physical_node/firmware_node/physical_node/nvme/nvme1/subsystem/nvme2/device/nvme/nvme2/nvme2n1/holders/md0/slaves/nvme1n1/holders/md0/md HTTP/1.1" 200 4140 "-" "Amazon CloudFront"
64.252.71.147 - - [03/Sep/2026:04:59:00 +0000] "GET /prizes/337532066?path=/var/www/volumes/ab1fd8285db24c999ec24485dd43eba0 HTTP/1.1" 200 2642 "-" "Amazon CloudFront"
64.252.70.102 - - [03/Sep/2026:04:59:00 +0000] "GET /prizes/86262208?path=/var/www/volumes/bb4dc62639834c8b82d03bbdaaba5962 HTTP/1.1" 200 2642 "-" "Amazon CloudFront"
64.252.66.102 - - [03/Sep/2026:04:59:04 +0000] "GET /?path=//sys/class/thermal/cooling_device3/device/physical_node/node0/memory28/node0/cpu5/firmware_node/subsystem/devices/PNP0A03:00/physical_node/pci_bus/0000:00/device/0000:00:04.0/driver/0000:00:04.0/subsystem/drivers/ena/0000:00:05.0/driver/0000:00:05.0/net/eth0/power HTTP/1.1" 200 3413 "-" "Amazon CloudFront"
64.252.68.74 - - [03/Sep/2026:04:59:07 +0000] "GET /?path=//sys/bus/memory/devices/memory1/node0/memory7/node0/cpu1/subsystem/drivers/processor/cpu5/firmware_node/subsystem/devices/PNP0A03:00/physical_node/firmware_node/physical_node/0000:00:1e.0/driver/0000:00:04.0/driver/module/drivers/pci:nvme/0000:00:1f.0/nvme/nvme2/device/nvme/nvme2/nvme2n1/holders/md0/slaves/nvme2n1/holders/md0/md/rd1/block/mq/5 HTTP/1.1" 200 3526 "-" "Amazon CloudFront"
64.252.66.61 - - [03/Sep/2026:04:59:10 +0000] "GET /products/detail/208628339?path=//sys/bus/node/devices/node0/cpu1/driver/cpu7/driver/cpu2/node0/cpu4/firmware_node/subsystem/devices/PNP0A03:00/device:20/physical_node/firmware_node/physical_node/nvme/nvme1/subsystem/nvme2/device/nvme/nvme2/nvme2n1/holders/md0/slaves/nvme1n1/holders/md0/trace HTTP/1.1" 200 3398 "-" "Amazon CloudFront"
64.252.66.102 - - [03/Sep/2026:04:59:13 +0000] "GET /?path=//sys/bus/memory/devices/memory1/node0/memory7/node0/cpu1/subsystem/drivers/processor/cpu5/firmware_node/subsystem/devices/PNP0A03:00/physical_node/firmware_node/physical_node/0000:00:1e.0/driver/0000:00:04.0/driver/module/drivers/pci:nvme/0000:00:1f.0/nvme/nvme2/device/nvme/nvme2/nvme2n1/holders/md0/md/dev-nvme1n1/block/holders/md0/slaves/nvme1n1/mq/2 HTTP/1.1" 200 3526 "-" "Amazon CloudFront"
64.252.66.102 - - [03/Sep/2026:04:59:16 +0000] "GET /?path=//sys/class/thermal/cooling_device3/device/physical_node/node0/memory28/node0/cpu3/driver/cpu0/firmware_node/subsystem/devices/device:05/subsystem/devices/LNXSYBUS:00/PNP0A03:00/physical_node/0000:00:04.0/driver/module/drivers/pci:nvme/0000:00:1f.0/nvme/nvme2/nvme2n1/device/nvme2n1/holders/md0/md/rd0/block/holders/md0/md/dev-nvme1n1/block/mq/6/cpu6 HTTP/1.1" 200 3078 "-" "Amazon CloudFront"
64.252.66.61 - - [03/Sep/2026:04:59:20 +0000] "GET /?path=//sys/class/thermal/cooling_device3/device/physical_node/node0/memory28/node0/cpu5/firmware_node/subsystem/devices/LNXSYBUS:00/PNP0A03:00/device:1b/subsystem/devices/LNXSYBUS:00/PNP0A03:00/device:21/physical_node/driver/module/drivers/pci:nvme/0000:00:1f.0/driver/0000:00:1e.0/nvme/nvme1/nvme1n1/holders/md0/md/dev-nvme2n1/block/device/nvme2n1/holders/md0/slaves/nvme2n1/mq HTTP/1.1" 200 3642 "-" "Amazon CloudFront"
64.252.66.61 - - [03/Sep/2026:04:59:25 +0000] "GET /?path=//sys/bus/memory/devices/memory1/node0/memory7/node0/cpu1/subsystem/drivers/processor/cpu5/firmware_node/subsystem/devices/PNP0A03:00/physical_node/firmware_node/physical_node/0000:00:1e.0/driver/module/drivers/pci:nvme/0000:00:1f.0/driver/0000:00:1e.0/nvme/nvme1/nvme1n1/device/nvme1n1/holders/md0/md/rd1/block/holders/md0/md/bitmap HTTP/1.1" 200 3695 "-" "Amazon CloudFront"
64.252.66.102 - - [03/Sep/2026:04:59:28 +0000] "GET /products/detail/208628339?path=//sys/bus/node/devices/node0/cpu1/driver/cpu7/driver/cpu2/node0/cpu1/firmware_node/thermal_cooling/device/physical_node/firmware_node/subsystem/devices/device:06/physical_node/nvme/nvme0/nvme0n1/device/nvme0n1/nvme0n1p1/subsystem/nvme1n1/holders/md0/md/dev-nvme1n1/block/mq/2 HTTP/1.1" 200 3395 "-" "Amazon CloudFront"
64.252.67.164 - - [03/Sep/2026:04:59:33 +0000] "GET /?path=//sys/bus/memory/devices/memory1/node0/memory28/node0/cpu2/driver/cpu4/firmware_node/subsystem/devices/PNP0A03:00/physical_node/0000:00:04.0/driver/0000:00:1f.0/subsystem/drivers/nvme/0000:00:1f.0/nvme/nvme2/nvme2n1/device/nvme2n1/holders/md0/md/dev-nvme1n1/block/holders/md0/md/dev-nvme1n1/block/mq/4 HTTP/1.1" 200 3434 "-" "Amazon CloudFront"
64.252.67.164 - - [03/Sep/2026:04:59:36 +0000] "GET /?path=//sys/class/thermal/cooling_device3/device/physical_node/node0/cpu1/driver/cpu0/node0/cpu2/firmware_node/subsystem/devices/LNXSYSTM:00/LNXSYBUS:00/PNP0C0F:04/subsystem/devices/PNP0A03:00/physical_node/pci_bus/0000:00/device/0000:00:1f.0/driver/module/drivers/pci:nvme/module/drivers/pci:nvme/0000:00:1f.0/nvme/nvme2/nvme2n1/holders/md0/slaves/nvme2n1/holders/md0/md/dev-nvme1n1/block/mq/5 HTTP/1.1" 200 3538 "-" "Amazon CloudFront"
64.252.68.74 - - [03/Sep/2026:04:59:41 +0000] "GET /?path=//sys/class/thermal/cooling_device3/device/physical_node/node0/cpu0/node0/cpu4/firmware_node/subsystem/devices/LNXSYSTM:00/LNXSYBUS:01/subsystem/devices/PNP0A03:00/physical_node/0000:00:1e.0/driver/module/drivers/pci:nvme/module/drivers/pci:nvme/0000:00:1e.0/driver/0000:00:1f.0/nvme/nvme2/device/nvme/nvme2/nvme2n1/holders/md0/md/rd1/block/holders/md0/slaves/nvme1n1/trace HTTP/1.1" 200 3560 "-" "Amazon CloudFront"
64.252.66.102 - - [03/Sep/2026:04:59:44 +0000] "GET /products/detail/208628339?path=//sys/bus/node/devices/node0/cpu1/driver/cpu7/driver/cpu2/node0/cpu4/firmware_node/subsystem/devices/PNP0A03:00/physical_node/0000:00:01.3/subsystem/drivers/nvme/0000:00:1e.0/firmware_node/physical_node/nvme/nvme1/nvme1n1/device/nvme1n1/holders/md0/md/rd1/block/mq/2/cpu2 HTTP/1.1" 200 2968 "-" "Amazon CloudFront"
64.252.67.164 - - [03/Sep/2026:04:59:48 +0000] "GET /products/detail/208628339?path=//sys/bus/node/devices/node0/cpu1/driver/cpu7/driver/cpu2/node0/cpu4/firmware_node/subsystem/devices/PNP0A03:00/physical_node/firmware_node/physical_node/0000:00:01.3/subsystem/drivers/nvme/module/drivers/pci:nvme/0000:00:1e.0/nvme/nvme1/nvme1n1/device/nvme1n1/mq/4 HTTP/1.1" 200 3373 "-" "Amazon CloudFront"
64.252.66.61 - - [03/Sep/2026:04:59:52 +0000] "GET /?path=//sys/bus/memory/devices/memory1/node0/memory30/node0/cpu6/firmware_node/subsystem/devices/device:21/physical_node/driver/module/drivers/pci:nvme/0000:00:1e.0/nvme/nvme1/nvme1n1/device/subsystem/nvme0/device/firmware_node/physical_node/driver/module/drivers/pci:nvme/0000:00:1f.0/nvme/nvme2/nvme2n1/holders/md0/md/rd0/block/holders/md0/md/dev-nvme1n1/block/slaves HTTP/1.1" 200 3051 "-" "Amazon CloudFront"
64.252.67.164 - - [03/Sep/2026:04:59:56 +0000] "GET /?path=//sys/class/thermal/cooling_device3/device/physical_node/node0/memory28/node0/cpu5/firmware_node/subsystem/devices/PNP0A03:00/physical_node/pci_bus/0000:00/device/0000:00:1f.0/driver/0000:00:04.0/driver/0000:00:04.0/nvme/nvme0/nvme0n1/subsystem/nvme0n1p128/holders HTTP/1.1" 200 2895 "-" "Amazon CloudFront"
64.252.66.102 - - [03/Sep/2026:05:00:01 +0000] "GET /?path=//sys/class/thermal/cooling_device3/device/physical_node/node0/memory28/node0/cpu5/firmware_node/subsystem/devices/PNP0A03:00/physical_node/pci_bus/0000:00/device/0000:00:1f.0/driver/module/drivers/pci:nvme/0000:00:1e.0/firmware_node/subsystem/devices/PNP0A03:00/device:07/power HTTP/1.1" 200 3415 "-" "Amazon CloudFront"
64.252.68.74 - - [03/Sep/2026:05:00:04 +0000] "GET /products/detail/208628339?path=//sys/bus/node/devices/node0/cpu1/driver/cpu7/driver/cpu2/node0/cpu4/firmware_node/subsystem/devices/PNP0A03:00/physical_node/0000:00:04.0/firmware_node/physical_node/nvme/nvme0/device/nvme/nvme0/nvme0n1/nvme0n1p128/subsystem/md0/md/dev-nvme2n1/block/device/nvme2n1/holders/md0/slaves/nvme1n1 HTTP/1.1" 200 4279 "-" "Amazon CloudFront"
64.252.66.102 - - [03/Sep/2026:05:00:08 +0000] "GET /?path=//sys/class/thermal/cooling_device3/device/physical_node/node0/memory28/node0/cpu5/firmware_node/subsystem/devices/PNP0A03:00/physical_node/pci_bus/0000:00/device/0000:00:1f.0/driver/module/drivers/pci:nvme/0000:00:1e.0/subsystem/drivers/nvme/0000:00:04.0/firmware_node/power HTTP/1.1" 200 3423 "-" "Amazon CloudFront"
64.252.66.102 - - [03/Sep/2026:05:00:12 +0000] "GET /?path=//sys/class/thermal/cooling_device3/device/physical_node/node0/memory28/node0/cpu3/driver/cpu0/firmware_node/subsystem/devices/device:05/subsystem/devices/LNXSYBUS:00/PNP0A03:00/physical_node/0000:00:04.0/driver/module/drivers/pci:nvme/0000:00:1f.0/nvme/nvme2/nvme2n1/device/nvme2n1/holders/md0/md/rd0/block/holders/md0/md/rd0/block/mq/6/cpu6 HTTP/1.1" 200 3067 "-" "Amazon CloudFront"
64.252.66.61 - - [03/Sep/2026:05:00:16 +0000] "GET /?path=//sys/bus/memory/devices/memory1/node0/memory7/node0/cpu1/subsystem/drivers/processor/cpu5/firmware_node/subsystem/devices/PNP0A03:00/physical_node/firmware_node/physical_node/0000:00:1e.0/driver/0000:00:04.0/driver/module/drivers/pci:nvme/0000:00:1f.0/nvme/nvme2/device/nvme/nvme2/nvme2n1/holders/md0/slaves/nvme2n1/holders/md0/md/dev-nvme2n1/block/mq/0 HTTP/1.1" 200 3520 "-" "Amazon CloudFront"
64.252.67.164 - - [03/Sep/2026:05:00:21 +0000] "GET /products/detail/208628339?path=//sys/bus/node/devices/node0/cpu1/driver/cpu7/driver/cpu2/node0/cpu4/firmware_node/subsystem/devices/PNP0A03:00/device:20/physical_node/firmware_node/physical_node/nvme/nvme1/subsystem/nvme2/device/nvme/nvme2/nvme2n1/holders/md0/md/dev-nvme2n1/block/mq/5 HTTP/1.1" 200 3371 "-" "Amazon CloudFront"
64.252.66.102 - - [03/Sep/2026:05:00:24 +0000] "GET /?path=//sys/class/thermal/cooling_device3/device/physical_node/node0/cpu0/node0/cpu4/firmware_node/subsystem/devices/device:02/PNP0303:00/subsystem/devices/LNXSYBUS:00/PNP0A03:00/device:20/physical_node/driver/0000:00:04.0/nvme/nvme0/device/driver/module/drivers/pci:nvme/0000:00:1e.0/nvme/nvme1/nvme1n1/holders/md0/slaves/nvme1n1/holders/md0/md/dev-nvme1n1/block/mq/3 HTTP/1.1" 200 3562 "-" "Amazon CloudFront"
64.252.67.164 - - [03/Sep/2026:05:00:28 +0000] "GET /?path=//sys/class/thermal/cooling_device3/device/physical_node/node0/memory29/node0/cpu4/driver/cpu2/driver/cpu1/firmware_node/subsystem/devices/device:10/subsystem/devices/LNXSYSTM:00/LNXSYBUS:00/PNP0A03:00/physical_node/pci_bus/0000:00/device/0000:00:1e.0/nvme/nvme1/nvme1n1/holders/md0/slaves/nvme2n1/holders/md0/md/dev-nvme2n1/block/mq/4 HTTP/1.1" 200 3532 "-" "Amazon CloudFront"
64.252.66.61 - - [03/Sep/2026:05:00:32 +0000] "GET /products/detail/208628339?path=//sys/bus/node/devices/node0/cpu1/driver/cpu7/driver/cpu2/node0/cpu4/firmware_node/subsystem/devices/PNP0A03:00/device:20/physical_node/firmware_node/physical_node/nvme/nvme1/subsystem/nvme2/device/nvme/nvme2/nvme2n1/holders/md0/md/rd0/block/mq/6 HTTP/1.1" 200 3368 "-" "Amazon CloudFront"
64.252.66.61 - - [03/Sep/2026:05:00:37 +0000] "GET /?path=//sys/bus/memory/devices/memory1/node0/memory28/node0/cpu2/driver/cpu4/firmware_node/subsystem/devices/PNP0A03:00/physical_node/0000:00:04.0/driver/0000:00:1f.0/subsystem/drivers/nvme/0000:00:1f.0/nvme/nvme2/nvme2n1/holders/md0/md/dev-nvme2n1/block/holders/md0/md/dev-nvme2n1/block/device/nvme2n1/queue HTTP/1.1" 200 4785 "-" "Amazon CloudFront"
64.252.67.164 - - [03/Sep/2026:05:00:41 +0000] "GET /?path=//sys/bus/acpi/devices/LNXCPU:06/physical_node/node0/memory21/node0/cpu0/subsystem/drivers/processor/cpu6/firmware_node/subsystem/devices/device:06/physical_node/driver/0000:00:04.0/driver/0000:00:1f.0/nvme/nvme2/nvme2n1/device/device/nvme/nvme2/nvme2n1/holders/md0/md/rd1/block/holders/md0/md/dev-nvme1n1/block/power HTTP/1.1" 200 3546 "-" "Amazon CloudFront"
64.252.67.164 - - [03/Sep/2026:05:00:44 +0000] "GET /?path=//sys/bus/memory/devices/memory1/node0/memory30/node0/cpu6/firmware_node/subsystem/devices/device:21/physical_node/driver/module/drivers/pci:nvme/0000:00:1f.0/driver/0000:00:1e.0/nvme/nvme1/nvme1n1/holders/md0/slaves/nvme1n1/device/device/firmware_node/physical_node/nvme/nvme1/subsystem/nvme2/nvme2n1/holders/md0/slaves/nvme2n1/mq/6 HTTP/1.1" 200 3488 "-" "Amazon CloudFront"
64.252.67.164 - - [03/Sep/2026:05:00:48 +0000] "GET /?path=//sys/bus/memory/devices/memory5/node0/memory27/node0/cpu3/driver/cpu1/subsystem/drivers/processor/cpu0/driver/cpu2/firmware_node/subsystem/devices/PNP0A03:00/physical_node/0000:00:1e.0/nvme/nvme1/device/firmware_node/physical_node/nvme/nvme1/nvme1n1/holders/md0/md/rd1/block/device/nvme2n1/holders/md0/md/rd0/block/bdi HTTP/1.1" 200 3669 "-" "Amazon CloudFront"
64.252.67.164 - - [03/Sep/2026:05:00:52 +0000] "GET /?path=//sys/class/thermal/cooling_device3/device/physical_node/node0/memory28/node0/cpu5/firmware_node/subsystem/devices/LNXSYSTM:00/LNXSYBUS:00/PNP0A03:00/physical_node/0000:00:04.0/driver/0000:00:1e.0/nvme/nvme1/device/driver/module/drivers/pci:nvme/0000:00:04.0/nvme/nvme0/nvme0n1/nvme0n1p128/subsystem/nvme1n1/holders/md0/md/dev-nvme2n1/block/holders/md0/slaves/nvme1n1/mq/1 HTTP/1.1" 200 3572 "-" "Amazon CloudFront"
64.252.66.61 - - [03/Sep/2026:05:00:57 +0000] "GET /?path=//sys/class/thermal/cooling_device3/device/physical_node/node0/memory28/node0/cpu5/firmware_node/subsystem/devices/PNP0A03:00/physical_node/pci_bus/0000:00/device/0000:00:04.0/subsystem/drivers/nvme/module/drivers/pci:nvme/0000:00:04.0/driver/0000:00:1f.0/driver/module HTTP/1.1" 200 3746 "-" "Amazon CloudFront"
64.252.66.102 - - [03/Sep/2026:05:01:01 +0000] "GET /?path=//sys/class/thermal/cooling_device3/device/physical_node/node0/memory28/node0/cpu5/firmware_node/subsystem/devices/LNXSYSTM:00/LNXSYBUS:00/PNP0A03:00/physical_node/0000:00:04.0/driver/0000:00:1e.0/nvme/nvme1/device/driver/module/drivers/pci:nvme/0000:00:04.0/nvme/nvme0/nvme0n1/nvme0n1p128/subsystem/nvme1n1/holders/md0/md/dev-nvme2n1/block/holders/md0/slaves/nvme1n1/mq/3 HTTP/1.1" 200 3573 "-" "Amazon CloudFront"
64.252.66.102 - - [03/Sep/2026:05:01:04 +0000] "GET /products/detail/208628339?path=//sys/bus/node/devices/node0/cpu1/driver/cpu7/driver/cpu2/node0/cpu1/firmware_node/thermal_cooling/device/physical_node/firmware_node/subsystem/drivers/button/LNXPWRBN:00/subsystem/devices/LNXSYSTM:00/LNXSYBUS:00/PNP0A03:00/device:21/physical_node/nvme/nvme2/nvme2n1/device/nvme2n1/holders/md0/bdi/power HTTP/1.1" 200 3505 "-" "Amazon CloudFront"
64.252.67.164 - - [03/Sep/2026:05:01:08 +0000] "GET /?path=//sys/class/thermal/cooling_device3/device/physical_node/node0/memory28/node0/cpu3/driver/cpu0/firmware_node/subsystem/devices/device:05/subsystem/devices/LNXSYBUS:00/PNP0A03:00/physical_node/0000:00:04.0/driver/module/drivers/pci:nvme/module/drivers/pci:nvme/0000:00:1f.0/nvme/nvme2/device/nvme/nvme2/nvme2n1/holders/md0/slaves/nvme1n1/holders/md0/slaves/nvme1n1/trace HTTP/1.1" 200 3549 "-" "Amazon CloudFront"
64.252.67.164 - - [03/Sep/2026:05:01:12 +0000] "GET /?path=//sys/bus/memory/devices/memory1/node0/memory7/node0/cpu1/subsystem/drivers/processor/cpu5/firmware_node/subsystem/devices/PNP0A03:00/physical_node/firmware_node/physical_node/0000:00:1e.0/driver/module/drivers/pci:nvme/0000:00:1f.0/driver/0000:00:1e.0/nvme/nvme1/nvme1n1/holders/md0/md/dev-nvme2n1/block/device/nvme2n1/device/nvme2n1/mq/4 HTTP/1.1" 200 3503 "-" "Amazon CloudFront"
64.252.67.164 - - [03/Sep/2026:05:01:16 +0000] "GET /?path=//sys/bus/memory/devices/memory1/node0/memory28/node0/cpu2/driver/cpu4/firmware_node/subsystem/devices/PNP0A03:00/physical_node/0000:00:04.0/driver/0000:00:1f.0/subsystem/drivers/nvme/0000:00:1f.0/nvme/nvme2/nvme2n1/device/nvme2n1/holders/md0/md/dev-nvme1n1/block/holders/md0/md/dev-nvme1n1/block/mq/0 HTTP/1.1" 200 3434 "-" "Amazon CloudFront"
64.252.66.102 - - [03/Sep/2026:05:01:20 +0000] "GET /products/detail/208628339?path=//sys/bus/node/devices/node0/cpu1/driver/cpu7/driver/cpu2/node0/cpu1/firmware_node/thermal_cooling/device/physical_node/firmware_node/subsystem/devices/LNXSYBUS:00/PNP0A03:00/device:20/physical_node/nvme/nvme1/nvme1n1/holders/md0/slaves/nvme1n1/subsystem/md0/slaves/nvme2n1 HTTP/1.1" 200 4229 "-" "Amazon CloudFront"
64.252.68.74 - - [03/Sep/2026:05:01:25 +0000] "GET /?path=//sys/class/thermal/cooling_device3/device/physical_node/node0/memory28/node0/cpu5/firmware_node/subsystem/devices/PNP0A03:00/physical_node/pci_bus/0000:00/device/firmware_node/device:02/QEMU0001:00/subsystem/devices/LNXSLPBN:00/driver/LNXPWRBN:00/driver/LNXSLPBN:00/input/input4/event2/power HTTP/1.1" 200 3456 "-" "Amazon CloudFront"
64.252.66.61 - - [03/Sep/2026:05:01:29 +0000] "GET /products/detail/208628339?path=//sys/bus/node/devices/node0/cpu1/driver/cpu7/driver/cpu2/node0/cpu4/firmware_node/subsystem/devices/PNP0A03:00/device:20/physical_node/firmware_node/physical_node/nvme/nvme1/subsystem/nvme2/device/nvme/nvme2/nvme2n1/holders/md0/slaves/nvme1n1/device/nvme1n1/integrity HTTP/1.1" 200 3489 "-" "Amazon CloudFront"
64.252.66.61 - - [03/Sep/2026:05:01:32 +0000] "GET /?path=//sys/bus/memory/devices/memory1/node0/memory7/node0/cpu1/subsystem/drivers/processor/cpu5/firmware_node/subsystem/devices/PNP0A03:00/physical_node/firmware_node/physical_node/0000:00:1e.0/driver/module/drivers/pci:nvme/0000:00:1f.0/driver/0000:00:1e.0/nvme/nvme1/nvme1n1/holders/md0/md/dev-nvme2n1/block/device/nvme2n1/device/nvme2n1/mq/2 HTTP/1.1" 200 3503 "-" "Amazon CloudFront"
64.252.67.164 - - [03/Sep/2026:05:01:36 +0000] "GET /products/detail/208628339?path=//sys/bus/node/devices/node0/cpu1/driver/cpu7/driver/cpu2/node0/cpu1/firmware_node/thermal_cooling/device/physical_node/firmware_node/subsystem/devices/LNXSYSTM:00/LNXSYBUS:00/PNP0A03:00/device:06/physical_node/nvme/nvme0/device/nvme/nvme0/nvme0n1/nvme0n1p128/subsystem/nvme2n1/mq/7/cpu7 HTTP/1.1" 200 2976 "-" "Amazon CloudFront"
64.252.66.61 - - [03/Sep/2026:05:01:41 +0000] "GET /?path=//sys/class/thermal/cooling_device3/device/physical_node/node0/memory28/node0/cpu5/firmware_node/subsystem/devices/PNP0A03:00/physical_node/pci_bus/0000:00/device/0000:00:1f.0/firmware_node/subsystem/devices/LNXSYSTM:00/LNXSLPBN:00/driver/LNXSLPBN:00/input/input4/event2/power HTTP/1.1" 200 3429 "-" "Amazon CloudFront"
64.252.67.164 - - [03/Sep/2026:05:01:44 +0000] "GET /?path=//sys/bus/memory/devices/memory1/node0/memory30/node0/cpu6/firmware_node/subsystem/devices/device:21/physical_node/driver/module/drivers/pci:nvme/0000:00:1f.0/driver/0000:00:1e.0/nvme/nvme1/nvme1n1/holders/md0/md/dev-nvme1n1/block/holders/md0/md/dev-nvme2n1/block/device/device/firmware_node/physical_node/nvme/nvme2/subsystem/nvme0/nvme0n1/nvme0n1p128/power HTTP/1.1" 200 3562 "-" "Amazon CloudFront"
64.252.67.164 - - [03/Sep/2026:05:01:48 +0000] "GET /products/detail/208628339?path=//sys/bus/node/devices/node0/cpu1/driver/cpu7/driver/cpu2/node0/cpu4/firmware_node/subsystem/devices/PNP0A03:00/physical_node/firmware_node/physical_node/0000:00:04.0/nvme/nvme0/subsystem/nvme2/nvme2n1/device/nvme2n1/holders/md0/md/dev-nvme1n1/block/holders/md0/slaves/nvme1n1/mq/6 HTTP/1.1" 200 3422 "-" "Amazon CloudFront"
64.252.66.61 - - [03/Sep/2026:05:01:52 +0000] "GET /?path=//sys/class/thermal/cooling_device3/device/physical_node/node0/memory28/node0/cpu5/firmware_node/subsystem/devices/PNP0A03:00/physical_node/pci_bus/0000:00/device/0000:00:1e.0/driver/module/drivers/pci:nvme/0000:00:04.0/driver/0000:00:1f.0/nvme/nvme2/nvme2n1/subsystem/nvme0n1/nvme0n1p1 HTTP/1.1" 200 3862 "-" "Amazon CloudFront"
64.252.66.102 - - [03/Sep/2026:05:01:57 +0000] "GET /products/detail/208628339?path=//sys/bus/node/devices/node0/cpu1/driver/cpu7/driver/cpu2/node0/cpu1/firmware_node/thermal_cooling/device/physical_node/firmware_node/subsystem/devices/LNXSYSTM:00/LNXSYBUS:00/PNP0A03:00/device:06/physical_node/nvme/nvme0/nvme0n1/device/nvme0n1/subsystem/md0/slaves/nvme2n1/holders/md0 HTTP/1.1" 200 4128 "-" "Amazon CloudFront"
64.252.68.74 - - [03/Sep/2026:05:02:01 +0000] "GET /?path=//sys/class/thermal/cooling_device3/device/physical_node/node0/memory28/node0/cpu5/firmware_node/subsystem/devices/PNP0A03:00/physical_node/pci_bus/0000:00/device/0000:00:01.0/subsystem/drivers/nvme/module/drivers/pci:nvme/0000:00:1f.0/nvme/nvme2/nvme2n1/power HTTP/1.1" 200 3414 "-" "Amazon CloudFront"
64.252.88.199 - - [03/Sep/2026:05:02:02 +0000] "GET /products/detail/182824329 HTTP/1.1" 200 4265 "-" "Amazon CloudFront"
64.252.67.164 - - [03/Sep/2026:05:02:04 +0000] "GET /products/detail/208628339?path=//sys/bus/node/devices/node0/cpu1/driver/cpu7/driver/cpu2/node0/cpu1/firmware_node/thermal_cooling/device/physical_node/firmware_node/subsystem/drivers/button/LNXPWRBN:00/subsystem/devices/PNP0A03:00/device:20/physical_node/nvme/nvme1/nvme1n1/holders/md0/slaves/nvme1n1/holders/md0/trace HTTP/1.1" 200 3450 "-" "Amazon CloudFront"
64.252.68.74 - - [03/Sep/2026:05:02:09 +0000] "GET /?path=//sys/bus/memory/devices/memory1/node0/memory30/node0/cpu6/firmware_node/subsystem/devices/device:21/physical_node/driver/module/drivers/pci:nvme/0000:00:1f.0/driver/0000:00:1f.0/firmware_node/physical_node/nvme/nvme2/subsystem/nvme1/device/nvme/nvme1/nvme1n1/holders/md0/md/dev-nvme2n1/block/device/nvme2n1/holders/md0/slaves/nvme2n1/mq/5/cpu5 HTTP/1.1" 200 3036 "-" "Amazon CloudFront"
64.252.68.74 - - [03/Sep/2026:05:02:13 +0000] "GET /?path=//sys/class/thermal/cooling_device3/device/physical_node/node0/memory28/node0/cpu5/firmware_node/subsystem/devices/PNP0A03:00/physical_node/pci_bus/0000:00/device/0000:00:1f.0/driver/0000:00:1f.0/driver/0000:00:1e.0/nvme/nvme1/nvme1n1/subsystem/nvme0n1/nvme0n1p1/holders HTTP/1.1" 200 2900 "-" "Amazon CloudFront"
64.252.66.61 - - [03/Sep/2026:05:02:16 +0000] "GET /?path=//sys/class/thermal/cooling_device3/device/physical_node/node0/memory28/node0/cpu5/firmware_node/subsystem/devices/PNP0A03:00/physical_node/pci_bus/0000:00/device/0000:00:05.0/subsystem/drivers/nvme/0000:00:04.0/driver/0000:00:1f.0/nvme/nvme2/nvme2n1/mq/3/cpu3 HTTP/1.1" 200 2932 "-" "Amazon CloudFront"
64.252.66.61 - - [03/Sep/2026:05:02:21 +0000] "GET /?path=//sys/bus/memory/devices/memory1/node0/memory7/node0/cpu1/subsystem/drivers/processor/cpu5/firmware_node/subsystem/devices/PNP0A03:00/physical_node/firmware_node/physical_node/0000:00:1e.0/driver/0000:00:04.0/driver/module/drivers/pci:nvme/0000:00:1f.0/nvme/nvme2/device/nvme/nvme2/nvme2n1/holders/md0/slaves/nvme2n1/holders/md0/md/dev-nvme2n1/block/mq/1 HTTP/1.1" 200 3519 "-" "Amazon CloudFront"
64.252.67.164 - - [03/Sep/2026:05:02:25 +0000] "GET /products/detail/208628339?path=//sys/bus/node/devices/node0/cpu1/driver/cpu7/driver/cpu2/node0/cpu4/firmware_node/subsystem/devices/PNP0A03:00/physical_node/firmware_node/physical_node/0000:00:05.0/subsystem/drivers/nvme/0000:00:1f.0/nvme/nvme2/nvme2n1/holders/md0/md/rd1/block/device/nvme2n1/mq/7/cpu7 HTTP/1.1" 200 2966 "-" "Amazon CloudFront"
64.252.67.164 - - [03/Sep/2026:05:02:28 +0000] "GET /?path=//sys/class/thermal/cooling_device3/device/physical_node/node0/memory28/node0/cpu5/firmware_node/subsystem/devices/PNP0A03:00/physical_node/pci_bus/0000:00/device/0000:00:1f.0/driver/0000:00:04.0/subsystem/drivers/nvme/0000:00:1f.0/nvme/nvme2/nvme2n1/mq/4 HTTP/1.1" 200 3365 "-" "Amazon CloudFront"
64.252.66.61 - - [03/Sep/2026:05:02:32 +0000] "GET /products/detail/208628339?path=//sys/bus/node/devices/node0/cpu1/driver/cpu7/driver/cpu2/node0/cpu4/firmware_node/subsystem/devices/device:20/physical_node/firmware_node/physical_node/nvme/nvme1/subsystem/nvme1/nvme1n1/device/nvme1n1/holders/md0/slaves/nvme2n1/holders/md0/slaves/nvme2n1/mq/2 HTTP/1.1" 200 3358 "-" "Amazon CloudFront"
64.252.68.74 - - [03/Sep/2026:05:02:36 +0000] "GET /?path=//sys/bus/memory/devices/memory1/node0/memory30/node0/cpu6/firmware_node/subsystem/devices/device:21/physical_node/driver/module/drivers/pci:nvme/0000:00:1e.0/driver/0000:00:1f.0/nvme/nvme2/subsystem/nvme1/nvme1n1/holders/md0/slaves/nvme2n1/device/device/nvme/nvme2/nvme2n1/holders/md0/slaves/nvme1n1/mq/4/cpu4 HTTP/1.1" 200 3004 "-" "Amazon CloudFront"
64.252.68.74 - - [03/Sep/2026:05:02:41 +0000] "GET /products/detail/208628339?path=//sys/bus/node/devices/node0/cpu1/driver/cpu7/driver/cpu2/node0/cpu1/firmware_node/thermal_cooling/subsystem/cooling_device1/device/subsystem/devices/LNXSYSTM:00/LNXSYBUS:00/PNP0A03:00/physical_node/firmware_node/device:21/physical_node/nvme/nvme2/device/nvme/nvme2/nvme2n1/mq/2 HTTP/1.1" 200 3384 "-" "Amazon CloudFront"
64.252.68.74 - - [03/Sep/2026:05:02:44 +0000] "GET /products/detail/272703723?path=//sys/devices/pci0000:00/firmware_node/physical_node/0000:00:04.0/driver/0000:00:1f.0/subsystem/devices/0000:00:1e.0/driver/0000:00:1f.0/firmware_node/physical_node/nvme/nvme2/subsystem/nvme1/nvme1n1/holders/md0/md/dev-nvme2n1/block/device/device/nvme/nvme2/nvme2n1/holders/md0/md/rd1/block/mq/3/cpu3 HTTP/1.1" 200 2959 "-" "Amazon CloudFront"
64.252.66.61 - - [03/Sep/2026:05:02:48 +0000] "GET /?path=//sys/class/thermal/cooling_device3/device/physical_node/node0/memory28/node0/cpu5/firmware_node/subsystem/devices/PNP0A03:00/physical_node/pci_bus/0000:00/device/0000:00:04.0/subsystem/drivers/nvme/0000:00:04.0/driver/0000:00:1e.0/nvme/nvme1/nvme1n1/mq/4 HTTP/1.1" 200 3361 "-" "Amazon CloudFront"
64.252.67.164 - - [03/Sep/2026:05:02:52 +0000] "GET /products/detail/208628339?path=//sys/bus/node/devices/node0/cpu1/driver/cpu7/driver/cpu2/node0/cpu4/firmware_node/subsystem/devices/PNP0A03:00/physical_node/0000:00:1e.0/subsystem/drivers/nvme/0000:00:1e.0/nvme/nvme1/nvme1n1/holders/md0/slaves/nvme1n1/holders/md0/slaves/nvme2n1/mq/7/cpu7 HTTP/1.1" 200 2923 "-" "Amazon CloudFront"
64.252.66.102 - - [03/Sep/2026:05:02:57 +0000] "GET /products/detail/208628339?path=//sys/bus/node/devices/node0/cpu1/driver/cpu7/driver/cpu2/node0/cpu4/firmware_node/subsystem/devices/PNP0A03:00/device:20/physical_node/firmware_node/physical_node/nvme/nvme1/nvme1n1/device/nvme1n1/subsystem/md0/md/dev-nvme1n1/block/holders/md0/md/bitmap HTTP/1.1" 200 3516 "-" "Amazon CloudFront"
64.252.66.102 - - [03/Sep/2026:05:03:00 +0000] "GET /products/detail/208628339?path=//sys/bus/node/devices/node0/cpu1/driver/cpu7/driver/cpu2/node0/cpu1/firmware_node/thermal_cooling/device/physical_node/firmware_node/subsystem/devices/PNP0A03:00/physical_node/0000:00:1e.0/nvme/nvme1/nvme1n1/subsystem/md0/md/dev-nvme1n1/block/holders/md0/md/dev-nvme2n1/block/bdi/power HTTP/1.1" 200 3477 "-" "Amazon CloudFront"
64.252.68.74 - - [03/Sep/2026:05:03:04 +0000] "GET /?path=//sys/class/thermal/cooling_device3/device/physical_node/node0/memory28/node0/cpu5/firmware_node/subsystem/devices/LNXSYBUS:00/PNP0A03:00/device:1b/subsystem/devices/LNXSYBUS:00/PNP0A03:00/physical_node/pci_bus/0000:00/device/0000:00:1f.0/driver/module/drivers/pci:nvme/0000:00:04.0/driver/module/drivers/pci:nvme/0000:00:1f.0/nvme/nvme2/nvme2n1/holders/md0/md/dev-nvme1n1/block/queue HTTP/1.1" 200 5055 "-" "Amazon CloudFront"
64.252.66.61 - - [03/Sep/2026:05:03:08 +0000] "GET /?path=//sys/class/thermal/cooling_device3/device/physical_node/node0/cpu0/node0/cpu4/firmware_node/subsystem/devices/device:02/PNP0303:00/subsystem/devices/LNXSYBUS:00/PNP0A03:00/device:20/physical_node/driver/0000:00:04.0/nvme/nvme0/device/driver/module/drivers/pci:nvme/0000:00:1e.0/nvme/nvme1/nvme1n1/holders/md0/slaves/nvme2n1/holders/md0/slaves/nvme2n1/mq/6 HTTP/1.1" 200 3538 "-" "Amazon CloudFront"
64.252.66.61 - - [03/Sep/2026:05:03:12 +0000] "GET /products/detail/208628339?path=//sys/bus/node/devices/node0/cpu1/driver/cpu7/driver/cpu2/node0/cpu1/firmware_node/thermal_cooling/device/physical_node/firmware_node/subsystem/devices/PNP0A03:00/device:20/physical_node/subsystem/drivers/nvme/module/drivers/pci:nvme/0000:00:1f.0/nvme/nvme2/nvme2n1/holders/md0/slaves/nvme1n1/holders/md0 HTTP/1.1" 200 4163 "-" "Amazon CloudFront"
64.252.66.61 - - [03/Sep/2026:05:03:16 +0000] "GET /products/detail/208628339?path=//sys/bus/node/devices/node0/cpu1/driver/cpu7/driver/cpu2/node0/cpu1/firmware_node/thermal_cooling/device/physical_node/firmware_node/subsystem/devices/device:06/physical_node/nvme/nvme0/nvme0n1/nvme0n1p128/subsystem/nvme2n1/holders/md0/md/rd0/block/holders/md0/power HTTP/1.1" 200 3436 "-" "Amazon CloudFront"
64.252.66.61 - - [03/Sep/2026:05:03:20 +0000] "GET /products/detail/208628339?path=//sys/bus/node/devices/node0/cpu1/driver/cpu7/driver/cpu2/node0/cpu4/firmware_node/thermal_cooling/device/physical_node/firmware_node/thermal_cooling/device/subsystem/devices/LNXSYSTM:00/LNXSYBUS:00/PNP0A03:00/device:21/physical_node/nvme/nvme2/nvme2n1/holders/md0/md/rd0/block/subsystem/nvme1n1/mq/5/cpu5 HTTP/1.1" 200 3005 "-" "Amazon CloudFront"
64.252.68.74 - - [03/Sep/2026:05:03:24 +0000] "GET /?path=//sys/class/thermal/cooling_device3/device/physical_node/node0/cpu1/driver/cpu0/node0/cpu2/firmware_node/subsystem/devices/LNXSYSTM:00/LNXSYBUS:00/PNP0C0F:02/subsystem/devices/LNXSYBUS:00/PNP0A03:00/device:06/physical_node/driver/0000:00:1e.0/nvme/nvme1/nvme1n1/holders/md0/md/rd1/block/device/nvme2n1/holders/md0/md/rd1/block/mq/4/cpu4 HTTP/1.1" 200 3062 "-" "Amazon CloudFront"
64.252.66.61 - - [03/Sep/2026:05:03:28 +0000] "GET /?path=//sys/class/thermal/cooling_device3/device/physical_node/node0/cpu1/driver/cpu0/node0/cpu2/firmware_node/subsystem/devices/PNP0303:00/subsystem/devices/LNXSYBUS:00/PNP0A03:00/physical_node/pci_bus/0000:00/device/0000:00:1e.0/driver/0000:00:1e.0/nvme/nvme1/nvme1n1/holders/md0/md/rd1/block/holders/md0/slaves/nvme1n1/mq/2/cpu2 HTTP/1.1" 200 3037 "-" "Amazon CloudFront"
64.252.68.74 - - [03/Sep/2026:05:03:33 +0000] "GET /products/detail/208628339?path=//sys/bus/node/devices/node0/cpu1/driver/cpu7/driver/cpu2/node0/cpu4/firmware_node/subsystem/devices/PNP0A03:00/physical_node/0000:00:04.0/nvme/nvme0/nvme0n1/subsystem/nvme1n1/holders/md0/md/rd0/block/device/device/firmware_node/physical_node/nvme/nvme1/nvme1n1/mq/7 HTTP/1.1" 200 3393 "-" "Amazon CloudFront"
64.252.66.102 - - [03/Sep/2026:05:03:36 +0000] "GET /products/detail/208628339?path=//sys/bus/node/devices/node0/cpu1/driver/cpu7/driver/cpu2/node0/cpu1/firmware_node/thermal_cooling/subsystem/cooling_device1/device/subsystem/devices/LNXSYSTM:00/LNXSYBUS:00/PNP0A03:00/physical_node/firmware_node/device:21/physical_node/nvme/nvme2/device/nvme/nvme2/nvme2n1/mq/1 HTTP/1.1" 200 3383 "-" "Amazon CloudFront"
64.252.67.164 - - [03/Sep/2026:05:03:40 +0000] "GET /?path=//sys/class/thermal/cooling_device3/device/physical_node/node0/memory0/node0/cpu0/firmware_node/subsystem/devices/device:17/subsystem/devices/LNXSYBUS:00/PNP0A03:00/physical_node/pci_bus/0000:00/device/0000:00:1f.0/driver/0000:00:1f.0/driver/module/drivers/pci:nvme/module/drivers/pci:nvme/0000:00:1e.0/nvme/nvme1/nvme1n1/holders/md0/slaves/nvme2n1/bdi/power HTTP/1.1" 200 3567 "-" "Amazon CloudFront"
64.252.68.74 - - [03/Sep/2026:05:03:44 +0000] "GET /?path=//sys/class/thermal/cooling_device3/device/physical_node/node0/cpu1/driver/cpu0/node0/cpu2/firmware_node/subsystem/devices/PNP0303:00/subsystem/devices/LNXSYBUS:00/PNP0A03:00/physical_node/0000:00:1e.0/driver/module/drivers/pci:nvme/module/drivers/pci:nvme/0000:00:1f.0/nvme/nvme2/device/nvme/nvme2/nvme2n1/mq/1/cpu1 HTTP/1.1" 200 3003 "-" "Amazon CloudFront"
64.252.66.61 - - [03/Sep/2026:05:03:48 +0000] "GET /?path=//sys/class/thermal/cooling_device3/device/physical_node/node0/memory28/node0/cpu5/firmware_node/subsystem/devices/PNP0A03:00/physical_node/pci_bus/0000:00/device/0000:00:1f.0/driver/0000:00:1f.0/nvme/nvme2/nvme2n1/subsystem/md0/power HTTP/1.1" 200 3371 "-" "Amazon CloudFront"
64.252.66.102 - - [03/Sep/2026:05:03:53 +0000] "GET /products/detail/208628339?path=//sys/bus/node/devices/node0/cpu1/driver/cpu7/driver/cpu2/node0/cpu1/firmware_node/thermal_cooling/device/physical_node/firmware_node/subsystem/devices/LNXSYBUS:00/PNP0A03:00/device:06/physical_node/subsystem/drivers/nvme/module/drivers/pci:nvme/0000:00:1e.0/nvme/nvme1/nvme1n1/device/nvme1n1/mq/4 HTTP/1.1" 200 3435 "-" "Amazon CloudFront"
64.252.66.102 - - [03/Sep/2026:05:03:56 +0000] "GET /?path=//sys/class/thermal/cooling_device3/device/physical_node/node0/memory0/node0/cpu5/driver/cpu7/driver/cpu3/firmware_node/thermal_cooling/device/subsystem/devices/PNP0A03:00/device:21/physical_node/subsystem/drivers/nvme/module/drivers/pci:nvme/0000:00:1e.0/nvme/nvme1/nvme1n1/holders/md0/slaves/nvme1n1/mq/4/cpu4 HTTP/1.1" 200 3018 "-" "Amazon CloudFront"
64.252.66.61 - - [03/Sep/2026:05:04:00 +0000] "GET /products/detail/208628339?path=//sys/bus/node/devices/node0/cpu1/driver/cpu7/driver/cpu2/node0/cpu4/firmware_node/subsystem/devices/PNP0A03:00/physical_node/firmware_node/physical_node/0000:00:04.0/nvme/nvme0/device/subsystem/drivers/ena/module/drivers/pci:ena/0000:00:05.0/net/eth0/device/net/eth0/queues/tx-6 HTTP/1.1" 200 3492 "-" "Amazon CloudFront"
64.252.68.74 - - [03/Sep/2026:05:04:04 +0000] "GET /products/detail/208628339?path=//sys/bus/node/devices/node0/cpu1/driver/cpu7/driver/cpu2/node0/cpu1/firmware_node/thermal_cooling/device/physical_node/firmware_node/subsystem/devices/PNP0A03:00/physical_node/0000:00:01.0/subsystem/drivers/ena/module/drivers/pci:ena/0000:00:05.0/net/eth0/queues/rx-2 HTTP/1.1" 200 3277 "-" "Amazon CloudFront"
64.252.67.164 - - [03/Sep/2026:05:04:08 +0000] "GET /?path=//sys/class/thermal/cooling_device3/device/physical_node/node0/memory28/node0/cpu5/firmware_node/subsystem/devices/PNP0A03:00/device:06/subsystem/devices/device:21/physical_node/nvme/nvme2/device/driver/0000:00:1f.0/driver/module/drivers/pci:nvme/module/drivers/pci:nvme/0000:00:1f.0/nvme/nvme2/nvme2n1/holders/md0/md/dev-nvme2n1/block/holders/md0/slaves/nvme1n1/mq HTTP/1.1" 200 3619 "-" "Amazon CloudFront"
64.252.66.102 - - [03/Sep/2026:05:04:12 +0000] "GET /products/detail/208628339?path=//sys/bus/node/devices/node0/cpu1/driver/cpu7/driver/cpu2/node0/cpu1/firmware_node/thermal_cooling/device/physical_node/firmware_node/subsystem/devices/PNP0A03:00/physical_node/0000:00:01.0/subsystem/drivers/ena/module/drivers/pci:ena/0000:00:05.0/net/eth0/queues/tx-2 HTTP/1.1" 200 3459 "-" "Amazon CloudFront"
64.252.67.164 - - [03/Sep/2026:05:04:16 +0000] "GET /?path=//sys/class/thermal/cooling_device3/device/physical_node/node0/memory28/node0/cpu5/firmware_node/subsystem/devices/PNP0A03:00/physical_node/pci_bus/0000:00/device/0000:00:1f.0/driver/module/drivers/pci:nvme/0000:00:04.0/driver/0000:00:1e.0/subsystem/slots/18 HTTP/1.1" 200 3543 "-" "Amazon CloudFront"
64.252.66.102 - - [03/Sep/2026:05:04:21 +0000] "GET /?path=//sys/bus/memory/devices/memory1/node0/memory30/node0/cpu6/firmware_node/subsystem/devices/device:21/physical_node/driver/module/drivers/pci:nvme/0000:00:1e.0/driver/0000:00:1f.0/nvme/nvme2/subsystem/nvme1/nvme1n1/holders/md0/md/dev-nvme2n1/block/device/nvme2n1/device/nvme2n1/holders/md0/md/rd0/block/mq/2/cpu2 HTTP/1.1" 200 3021 "-" "Amazon CloudFront"
64.252.66.61 - - [03/Sep/2026:05:04:24 +0000] "GET /?path=//sys/class/thermal/cooling_device3/device/physical_node/node0/memory28/node0/cpu5/firmware_node/subsystem/devices/PNP0A03:00/physical_node/pci_bus/0000:00/device/0000:00:00.0/subsystem/drivers/nvme/0000:00:1e.0/driver/0000:00:04.0/driver/module/drivers/pci:nvme/0000:00:1e.0/firmware_node HTTP/1.1" 200 3536 "-" "Amazon CloudFront"
64.252.66.61 - - [03/Sep/2026:05:04:29 +0000] "GET /?path=//sys/bus/memory/devices/memory1/node0/memory28/node0/cpu2/driver/cpu4/firmware_node/subsystem/devices/PNP0A03:00/physical_node/0000:00:04.0/driver/0000:00:1f.0/subsystem/drivers/nvme/0000:00:1f.0/nvme/nvme2/nvme2n1/device/nvme2n1/holders/md0/md/rd0/block/device/nvme1n1/holders/md0/slaves/nvme1n1/slaves HTTP/1.1" 200 2984 "-" "Amazon CloudFront"
64.252.68.74 - - [03/Sep/2026:05:04:32 +0000] "GET /?path=//sys/bus/node/devices/node0/memory2/node0/cpu4/driver/cpu1/driver/cpu2/subsystem/drivers/processor/cpu2/firmware_node/physical_node/firmware_node/subsystem/devices/PNP0A03:00/physical_node/0000:00:1f.0/nvme/nvme2/nvme2n1/device/nvme2n1/holders/md0/md/dev-nvme2n1/block/holders/md0/md/dev-nvme1n1/block/device/nvme1n1/mq/6/cpu6 HTTP/1.1" 200 3024 "-" "Amazon CloudFront"
64.252.68.74 - - [03/Sep/2026:05:04:36 +0000] "GET /?path=//sys/class/thermal/cooling_device3/device/physical_node/node0/memory28/node0/cpu5/firmware_node/subsystem/devices/PNP0A03:00/device:06/subsystem/devices/device:21/physical_node/nvme/nvme2/device/driver/0000:00:1f.0/driver/module/drivers/pci:nvme/module/drivers/pci:nvme/0000:00:1f.0/nvme/nvme2/nvme2n1/holders/md0/slaves/nvme2n1/holders/md0/md/dev-nvme2n1/block/queue HTTP/1.1" 200 4948 "-" "Amazon CloudFront"
64.252.66.102 - - [03/Sep/2026:05:04:40 +0000] "GET /?path=//sys/class/thermal/cooling_device3/device/physical_node/node0/memory28/node0/cpu5/firmware_node/subsystem/devices/PNP0A03:00/physical_node/pci_bus/0000:00/device/0000:00:1f.0/driver/module/drivers/pci:nvme/0000:00:1e.0/driver/0000:00:04.0/firmware_node/subsystem HTTP/1.1" 200 3404 "-" "Amazon CloudFront"
64.252.70.102 - - [03/Sep/2026:05:04:42 +0000] "GET /prizes/255309975?path=/var/www/volumes/b05d1f3e919747588f618c39a52a1034 HTTP/1.1" 200 2643 "-" "Amazon CloudFront"
64.252.67.164 - - [03/Sep/2026:05:04:44 +0000] "GET /products/detail/272703723?path=//sys/devices/pci0000:00/firmware_node/physical_node/pci_bus/0000:00/device/firmware_node/physical_node/0000:00:00.0/subsystem/drivers/nvme/module/drivers/pci:nvme/0000:00:04.0/driver/0000:00:1e.0/nvme/nvme1/subsystem/nvme2/nvme2n1/holders/md0/md/dev-nvme1n1/block/device/nvme1n1/holders/md0/md/rd0/block/mq/4 HTTP/1.1" 200 3439 "-" "Amazon CloudFront"
64.252.66.61 - - [03/Sep/2026:05:04:48 +0000] "GET /?path=//sys/bus/memory/devices/memory1/node0/memory7/node0/cpu1/subsystem/drivers/processor/cpu5/firmware_node/subsystem/devices/PNP0A03:00/physical_node/firmware_node/physical_node/0000:00:1e.0/driver/0000:00:04.0/driver/module/drivers/pci:nvme/0000:00:1f.0/nvme/nvme2/device/nvme/nvme2/nvme2n1/holders/md0/slaves/nvme2n1/holders/md0/md/dev-nvme1n1/block/bdi/power HTTP/1.1" 200 3572 "-" "Amazon CloudFront"
64.252.70.102 - - [03/Sep/2026:05:04:51 +0000] "GET /prizes/144797410?fileloc=/var/www/volumes/69b4844ae61d4e92bf26ad98af552775/wordpress/wp-admin/options-writing.php&path=/var/www/volumes/69b4844ae61d4e92bf26ad98af552775/wordpress/wp-admin HTTP/1.1" 200 5309 "-" "Amazon CloudFront"
64.252.66.102 - - [03/Sep/2026:05:04:52 +0000] "GET /products/detail/208628339?path=//sys/bus/node/devices/node0/cpu1/driver/cpu7/driver/cpu2/node0/cpu1/firmware_node/thermal_cooling/device/physical_node/firmware_node/subsystem/devices/PNP0A03:00/physical_node/0000:00:1e.0/nvme/nvme1/nvme1n1/subsystem/md0/md/rd0/block/holders/md0/slaves/nvme2n1/device/nvme2n1/mq HTTP/1.1" 200 3471 "-" "Amazon CloudFront"
