64.252.66.61 - - [03/Sep/2026:05:10:33 +0000] "GET /?path=//sys/bus/memory/devices/memory1/node0/memory7/node0/cpu1/subsystem/drivers/processor/cpu5/firmware_node/subsystem/devices/PNP0A03:00/physical_node/firmware_node/physical_node/0000:00:1e.0/driver/module/drivers/pci:nvme/0000:00:1f.0/driver/0000:00:1e.0/nvme/nvme1/nvme1n1/device/nvme1n1/holders/md0/md/dev-nvme2n1/block/device/nvme2n1/mq/2/cpu2 HTTP/1.1" 200 3036 "-" "Amazon CloudFront"
64.252.66.102 - - [03/Sep/2026:05:10:36 +0000] "GET /products/detail/208628339?path=//sys/bus/node/devices/node0/cpu1/driver/cpu7/driver/cpu2/node0/cpu4/firmware_node/subsystem/devices/PNP0A03:00/device:21/physical_node/nvme/nvme2/device/nvme/nvme2/nvme2n1/holders/md0/slaves/nvme2n1/device/subsystem/nvme0/nvme0n1/mq/1/cpu7 HTTP/1.1" 200 2918 "-" "Amazon CloudFront"
64.252.68.74 - - [03/Sep/2026:05:10:40 +0000] "GET /?path=//sys/class/thermal/cooling_device3/device/physical_node/node0/cpu1/driver/cpu0/node0/cpu2/firmware_node/subsystem/devices/PNP0303:00/subsystem/devices/PNP0A03:00/physical_node/pci_bus/0000:00/device/0000:00:1f.0/driver/module/drivers/pci:nvme/module/drivers/pci:nvme/0000:00:1e.0/nvme/nvme1/nvme1n1/holders/md0/md/dev-nvme1n1/block/mq/3 HTTP/1.1" 200 3519 "-" "Amazon CloudFront"
64.252.67.164 - - [03/Sep/2026:05:10:44 +0000] "GET /?path=//sys/class/thermal/cooling_device3/device/physical_node/node0/memory0/node0/cpu0/firmware_node/subsystem/devices/device:02/QEMU0001:00/subsystem/devices/LNXSYBUS:00/PNP0A03:00/physical_node/0000:00:1f.0/driver/module/drivers/pci:nvme/0000:00:1e.0/nvme/nvme1/device/driver/0000:00:1f.0/nvme/nvme2/nvme2n1/holders/md0/md/dev-nvme1n1/block/holders/md0/md/rd0/block/mq/7/cpu7 HTTP/1.1" 200 3104 "-" "Amazon CloudFront"
64.252.67.164 - - [03/Sep/2026:05:10:48 +0000] "GET /?path=//sys/class/thermal/cooling_device3/device/physical_node/node0/memory28/node0/cpu5/firmware_node/subsystem/devices/LNXSYSTM:00/LNXSYBUS:00/PNP0A03:00/device:12/subsystem/devices/LNXSYBUS:00/PNP0A03:00/device:21/physical_node/nvme/nvme2/device/driver/module/drivers/pci:nvme/0000:00:1e.0/driver/0000:00:1f.0/nvme/nvme2/nvme2n1/holders/md0/slaves/nvme1n1/queue HTTP/1.1" 200 4966 "-" "Amazon CloudFront"
64.252.66.102 - - [03/Sep/2026:05:10:52 +0000] "GET /products/detail/208628339?path=//sys/bus/node/devices/node0/cpu1/driver/cpu7/driver/cpu2/node0/cpu1/firmware_node/thermal_cooling/device/physical_node/firmware_node/subsystem/drivers/button/LNXSLPBN:00/subsystem/devices/PNP0A03:00/physical_node/0000:00:1f.0/nvme/nvme2/nvme2n1/holders/md0/md/dev-nvme1n1/block/holders/md0/slaves HTTP/1.1" 200 3293 "-" "Amazon CloudFront"
64.252.67.164 - - [03/Sep/2026:05:10:56 +0000] "GET /products/detail/208628339?path=//sys/bus/node/devices/node0/cpu1/driver/cpu7/driver/cpu2/node0/cpu1/firmware_node/thermal_cooling/subsystem/cooling_device1/device/physical_node/firmware_node/subsystem/devices/PNP0A03:00/device:20/physical_node/nvme/nvme1/nvme1n1/holders/md0/slaves/nvme1n1/holders/md0/md/dev-nvme2n1/block/device HTTP/1.1" 200 3932 "-" "Amazon CloudFront"
64.252.66.102 - - [03/Sep/2026:05:11:00 +0000] "GET /products/detail/208628339?path=//sys/bus/node/devices/node0/cpu1/driver/cpu7/driver/cpu2/node0/cpu4/firmware_node/subsystem/devices/LNXSYSTM:00/LNXSYBUS:00/PNP0A03:00/device:05/physical_node/subsystem/drivers/nvme/module/drivers/pci:nvme/0000:00:1f.0/firmware_node/physical_node/nvme/nvme2/nvme2n1/holders/md0/md/rd1/block/device HTTP/1.1" 200 3950 "-" "Amazon CloudFront"
64.252.66.61 - - [03/Sep/2026:05:11:04 +0000] "GET /products/detail/208628339?path=//sys/bus/node/devices/node0/cpu1/driver/cpu7/driver/cpu2/node0/cpu4/firmware_node/subsystem/devices/PNP0A03:00/physical_node/0000:00:04.0/firmware_node/physical_node/nvme/nvme0/nvme0n1/nvme0n1p128/subsystem/nvme2n1/holders/md0/md/rd1/block/device/nvme2n1/mq/5/cpu5 HTTP/1.1" 200 2944 "-" "Amazon CloudFront"
64.252.68.74 - - [03/Sep/2026:05:11:08 +0000] "GET /?path=//sys/class/thermal/cooling_device3/device/physical_node/node0/memory28/node0/cpu5/firmware_node/subsystem/devices/LNXSYSTM:00/LNXSYBUS:00/PNP0A03:00/physical_node/0000:00:04.0/driver/0000:00:1e.0/nvme/nvme1/device/driver/module/drivers/pci:nvme/0000:00:1f.0/nvme/nvme2/nvme2n1/holders/md0/slaves/nvme2n1/holders/md0/md/rd1/block/subsystem/nvme1n1/mq/2 HTTP/1.1" 200 3548 "-" "Amazon CloudFront"
64.252.68.74 - - [03/Sep/2026:05:11:12 +0000] "GET /?path=//sys/class/thermal/cooling_device3/device/physical_node/node0/cpu6/driver/cpu0/node0/cpu5/firmware_node/subsystem/devices/device:12/subsystem/devices/LNXSYSTM:00/LNXSYBUS:00/PNP0A03:00/physical_node/pci_bus/0000:00/device/0000:00:04.0/driver/0000:00:1e.0/nvme/nvme1/nvme1n1/holders/md0/md/rd0/block/holders/md0/slaves/nvme2n1/queue HTTP/1.1" 200 5001 "-" "Amazon CloudFront"
64.252.67.164 - - [03/Sep/2026:05:11:16 +0000] "GET /?path=//sys/class/thermal/cooling_device3/device/physical_node/node0/memory28/node0/cpu5/firmware_node/subsystem/devices/PNP0A03:00/physical_node/pci_bus/0000:00/device/0000:00:1f.0/driver/module/drivers/pci:nvme/0000:00:04.0/driver/0000:00:1f.0/subsystem/slots/18/module HTTP/1.1" 200 3295 "-" "Amazon CloudFront"
64.252.67.164 - - [03/Sep/2026:05:11:20 +0000] "GET /products/detail/208628339?path=//sys/bus/node/devices/node0/cpu1/driver/cpu7/driver/cpu2/node0/cpu4/firmware_node/subsystem/devices/PNP0A03:00/physical_node/0000:00:04.0/firmware_node/physical_node/nvme/nvme0/nvme0n1/nvme0n1p128/subsystem/md0/slaves/nvme1n1/device/nvme1n1/holders/md0/md/rd0/block/bdi HTTP/1.1" 200 3567 "-" "Amazon CloudFront"
64.252.67.164 - - [03/Sep/2026:05:11:24 +0000] "GET /?path=//sys/bus/memory/devices/memory1/node0/memory28/node0/cpu2/driver/cpu4/firmware_node/subsystem/devices/PNP0A03:00/physical_node/0000:00:04.0/nvme/nvme0/nvme0n1/nvme0n1p1/subsystem/md0/md/dev-nvme2n1/block/holders/md0/md/rd1/block/device/device/driver/0000:00:1e.0/firmware_node/physical_node/nvme/nvme1/nvme1n1/queue HTTP/1.1" 200 4953 "-" "Amazon CloudFront"
64.252.66.102 - - [03/Sep/2026:05:11:28 +0000] "GET /?path=//sys/class/thermal/cooling_device3/device/physical_node/node0/memory29/node0/cpu4/driver/cpu2/driver/cpu1/firmware_node/subsystem/devices/device:10/subsystem/devices/LNXSYSTM:00/LNXSYBUS:00/PNP0A03:00/physical_node/pci_bus/0000:00/device/0000:00:1e.0/nvme/nvme1/nvme1n1/holders/md0/md/dev-nvme2n1/block/holders/md0/md/dev-nvme1n1/block/mq/5 HTTP/1.1" 200 3534 "-" "Amazon CloudFront"
64.252.67.164 - - [03/Sep/2026:05:11:32 +0000] "GET /?path=//sys/bus/memory/devices/memory1/node0/memory30/node0/cpu6/firmware_node/subsystem/devices/device:21/physical_node/driver/module/drivers/pci:nvme/0000:00:1e.0/driver/0000:00:1f.0/nvme/nvme2/nvme2n1/subsystem/nvme2n1/holders/md0/md/rd0/block/device/device/firmware_node/physical_node/nvme/nvme1/nvme1n1/mq/3/cpu3 HTTP/1.1" 200 2979 "-" "Amazon CloudFront"
64.252.67.164 - - [03/Sep/2026:05:11:36 +0000] "GET /?path=//sys/class/thermal/cooling_device3/device/physical_node/node0/memory28/node0/cpu5/firmware_node/subsystem/devices/PNP0A03:00/physical_node/pci_bus/0000:00/device/0000:00:1f.0/driver/module/drivers/pci:nvme/0000:00:04.0/driver/0000:00:1f.0/nvme/nvme2/nvme2n1/trace HTTP/1.1" 200 3396 "-" "Amazon CloudFront"
64.252.66.61 - - [03/Sep/2026:05:11:41 +0000] "GET /?path=//sys/bus/memory/devices/memory1/node0/memory30/node0/cpu6/firmware_node/subsystem/devices/device:21/physical_node/driver/module/drivers/pci:nvme/0000:00:1e.0/driver/0000:00:1f.0/nvme/nvme2/nvme2n1/subsystem/nvme2n1/holders/md0/md/dev-nvme1n1/block/holders/md0/md/dev-nvme1n1/block/device/nvme1n1/device/nvme1n1/mq/1/cpu1 HTTP/1.1" 200 3014 "-" "Amazon CloudFront"
64.252.67.164 - - [03/Sep/2026:05:11:44 +0000] "GET /products/detail/208628339?path=//sys/bus/node/devices/node0/cpu1/driver/cpu7/driver/cpu2/node0/cpu1/firmware_node/thermal_cooling/subsystem/cooling_device3/device/subsystem/devices/PNP0A03:00/physical_node/0000:00:1e.0/nvme/nvme1/nvme1n1/device/nvme1n1/holders/md0/md/dev-nvme2n1/block/holders/md0/slaves/nvme2n1/mq/4 HTTP/1.1" 200 3435 "-" "Amazon CloudFront"
64.252.66.61 - - [03/Sep/2026:05:11:48 +0000] "GET /products/detail/208628339?path=//sys/bus/node/devices/node0/cpu1/driver/cpu7/driver/cpu2/node0/cpu1/firmware_node/thermal_cooling/subsystem/cooling_device1/device/physical_node/firmware_node/subsystem/devices/PNP0A03:00/device:20/physical_node/nvme/nvme1/nvme1n1/holders/md0/slaves/nvme1n1/holders/md0/md/dev-nvme2n1/block/trace HTTP/1.1" 200 3460 "-" "Amazon CloudFront"
64.252.67.164 - - [03/Sep/2026:05:11:52 +0000] "GET /?path=//sys/class/thermal/cooling_device3/device/physical_node/node0/memory28/node0/cpu5/firmware_node/subsystem/devices/PNP0A03:00/physical_node/pci_bus/0000:00/device/0000:00:1f.0/driver/module/drivers/pci:nvme/0000:00:1f.0/driver/0000:00:1e.0/subsystem/slots/31 HTTP/1.1" 200 3537 "-" "Amazon CloudFront"
64.252.66.61 - - [03/Sep/2026:05:11:56 +0000] "GET /?path=//sys/class/thermal/cooling_device3/device/physical_node/node0/memory28/node0/cpu5/firmware_node/subsystem/devices/PNP0A03:00/physical_node/pci_bus/0000:00/device/0000:00:1e.0/driver/0000:00:04.0/driver/0000:00:1f.0/nvme/nvme2/subsystem/nvme1/nvme1n1/mq/0/cpu0 HTTP/1.1" 200 2925 "-" "Amazon CloudFront"
64.252.66.61 - - [03/Sep/2026:05:12:01 +0000] "GET /products/detail/208628339?path=//sys/bus/node/devices/node0/cpu1/driver/cpu7/driver/cpu2/node0/cpu1/firmware_node/thermal_cooling/subsystem/cooling_device3/device/subsystem/devices/PNP0A03:00/physical_node/0000:00:1e.0/nvme/nvme1/nvme1n1/device/nvme1n1/holders/md0/md/dev-nvme2n1/block/holders/md0/slaves/nvme2n1/mq/6 HTTP/1.1" 200 3436 "-" "Amazon CloudFront"
64.252.67.164 - - [03/Sep/2026:05:12:05 +0000] "GET /?path=//sys/class/thermal/cooling_device3/device/physical_node/node0/memory28/node0/cpu5/firmware_node/subsystem/devices/LNXSYBUS:00/PNP0A03:00/device:1b/subsystem/devices/LNXSYBUS:00/PNP0A03:00/device:21/physical_node/driver/0000:00:1e.0/nvme/nvme1/nvme1n1/holders/md0/md/rd1/block/device/nvme2n1/holders/md0/slaves/nvme1n1/mq/4 HTTP/1.1" 200 3505 "-" "Amazon CloudFront"
64.252.66.61 - - [03/Sep/2026:05:12:09 +0000] "GET /?path=//sys/class/thermal/cooling_device3/device/physical_node/node0/memory28/node0/cpu5/firmware_node/subsystem/devices/PNP0A03:00/physical_node/pci_bus/0000:00/device/0000:00:03.0/subsystem/devices/0000:00:1f.0/driver/0000:00:1e.0/nvme/nvme1/nvme1n1/holders/md0/queue HTTP/1.1" 200 4663 "-" "Amazon CloudFront"
64.252.67.164 - - [03/Sep/2026:05:12:13 +0000] "GET /products/detail/208628339?path=//sys/bus/node/devices/node0/cpu1/driver/cpu7/driver/cpu2/node0/cpu1/firmware_node/thermal_cooling/subsystem/cooling_device1/device/physical_node/firmware_node/subsystem/devices/PNP0A03:00/device:20/physical_node/nvme/nvme1/nvme1n1/holders/md0/slaves/nvme1n1/holders/md0/md/dev-nvme2n1/block/integrity HTTP/1.1" 200 3547 "-" "Amazon CloudFront"
64.252.66.102 - - [03/Sep/2026:05:12:16 +0000] "GET /products/detail/208628339?path=//sys/bus/node/devices/node0/cpu1/driver/cpu7/driver/cpu2/node0/cpu1/firmware_node/thermal_cooling/subsystem/cooling_device3/device/subsystem/devices/PNP0A03:00/physical_node/0000:00:1e.0/nvme/nvme1/nvme1n1/device/nvme1n1/holders/md0/md/dev-nvme2n1/block/holders/md0/slaves/nvme2n1/mq/1 HTTP/1.1" 200 3434 "-" "Amazon CloudFront"
64.252.66.102 - - [03/Sep/2026:05:12:20 +0000] "GET /products/detail/208628339?path=//sys/bus/node/devices/node0/cpu1/driver/cpu7/driver/cpu2/node0/cpu1/firmware_node/thermal_cooling/device/physical_node/firmware_node/subsystem/devices/PNP0A03:00/physical_node/0000:00:1e.0/nvme/nvme1/nvme1n1/holders/md0/md/rd1/block/subsystem/md0/md/dev-nvme1n1/block HTTP/1.1" 200 4237 "-" "Amazon CloudFront"
64.252.66.102 - - [03/Sep/2026:05:12:24 +0000] "GET /?path=//sys/class/thermal/cooling_device3/device/physical_node/node0/cpu1/driver/cpu0/node0/cpu2/firmware_node/subsystem/devices/LNXSYSTM:00/LNXSYBUS:00/PNP0C0F:04/subsystem/devices/PNP0A03:00/physical_node/0000:00:1f.0/nvme/nvme2/device/driver/module/drivers/pci:nvme/0000:00:1e.0/nvme/nvme1/nvme1n1/holders/md0/md/dev-nvme2n1/block/holders/md0/md/dev-nvme1n1/block/mq/1 HTTP/1.1" 200 3573 "-" "Amazon CloudFront"
64.252.67.164 - - [03/Sep/2026:05:12:28 +0000] "GET /?fileloc=//bin/yum-groups-manager&path=//bin HTTP/1.1" 200 5613 "-" "Amazon CloudFront"
64.252.67.164 - - [03/Sep/2026:05:12:33 +0000] "GET /?fileloc=//lib/systemd/system-shutdown/mdadm.shutdown&path=//lib/systemd/system-shutdown HTTP/1.1" 200 2677 "-" "Amazon CloudFront"
64.252.66.61 - - [03/Sep/2026:05:12:36 +0000] "GET /?fileloc=//bin/net-snmp-create-v3-user&path=//bin HTTP/1.1" 200 3643 "-" "Amazon CloudFront"
64.252.66.61 - - [03/Sep/2026:05:12:40 +0000] "GET /products/detail/262552167?fileloc=//etc/logrotate.d/798bee7eed1944599e8e29524007134a&path=//etc/logrotate.d HTTP/1.1" 200 2702 "-" "Amazon CloudFront"
64.252.66.102 - - [03/Sep/2026:05:12:44 +0000] "GET /products/detail/120402450?fileloc=//tmp/sess_6lbtp431oqfujhlmuvqhih7r1f&path=//tmp HTTP/1.1" 200 2558 "-" "Amazon CloudFront"
64.252.67.164 - - [03/Sep/2026:05:12:48 +0000] "GET /?fileloc=//etc/logrotate.d/a8a519455dfb457fb42eb48869b44424&path=//etc/logrotate.d HTTP/1.1" 200 2701 "-" "Amazon CloudFront"
64.252.88.29 - - [03/Sep/2026:05:12:49 +0000] "GET /prizes/259057359 HTTP/1.1" 200 4265 "-" "Amazon CloudFront"
64.252.66.61 - - [03/Sep/2026:05:12:52 +0000] "GET /?fileloc=//lib64/libnss_files.so.2&path=//lib64 HTTP/1.1" 200 2546 "-" "Amazon CloudFront"
64.252.67.164 - - [03/Sep/2026:05:12:56 +0000] "GET /?fileloc=//bin/rcsdiff&path=//bin HTTP/1.1" 200 3038 "-" "Amazon CloudFront"
64.252.66.102 - - [03/Sep/2026:05:13:00 +0000] "GET /products/detail/227371622?fileloc=//tmp/sess_mqq5u5c14m4kmun0mrfugd5gao&path=//tmp HTTP/1.1" 200 2555 "-" "Amazon CloudFront"
15.158.215.109 - - [03/Sep/2026:05:13:05 +0000] "GET /wp-login.php?fileloc=//tmp/sess_1dq4lmd88hdav8qnofrn71nqjo&path=//tmp HTTP/1.1" 200 2557 "-" "Mozilla/5.0 AppleWebKit/537.36 (KHTML, like Gecko; compatible; Amazonbot/0.1; +https://developer.amazon.com/support/amazonbot) Chrome/119.0.6045.214 Safari/537.36"
64.252.66.61 - - [03/Sep/2026:05:13:09 +0000] "GET /?fileloc=//bin/mysql_secure_installation&path=//bin HTTP/1.1" 200 6992 "-" "Amazon CloudFront"
64.252.67.164 - - [03/Sep/2026:05:13:12 +0000] "GET /?fileloc=//etc/cron.d/update-motd&path=//etc/cron.d HTTP/1.1" 200 2690 "-" "Amazon CloudFront"
64.252.67.164 - - [03/Sep/2026:05:13:16 +0000] "GET /?fileloc=//lib64/pkgconfig/xmlrpc_server_cgi.pc&path=//lib64/pkgconfig HTTP/1.1" 200 2714 "-" "Amazon CloudFront"
64.252.88.29 - - [03/Sep/2026:05:13:18 +0000] "GET /prizes/315993723 HTTP/1.1" 200 4265 "-" "Amazon CloudFront"
64.252.68.74 - - [03/Sep/2026:05:13:20 +0000] "GET /?fileloc=//sys/module/nfs/sections/.symtab&path=//sys/module/nfs/sections HTTP/1.1" 200 2582 "-" "Amazon CloudFront"
64.252.67.164 - - [03/Sep/2026:05:13:24 +0000] "GET /products/detail/54873238?fileloc=//sbin/xfs_ncheck&path=//sbin HTTP/1.1" 200 2902 "-" "Amazon CloudFront"
64.252.68.74 - - [03/Sep/2026:05:13:28 +0000] "GET /products/detail/293871501?fileloc=//lib64/python3.7/uu.py&path=//lib64/python3.7 HTTP/1.1" 200 5059 "-" "Amazon CloudFront"
64.252.67.164 - - [03/Sep/2026:05:13:32 +0000] "GET /?fileloc=//etc/logrotate.d/d477e617ea1b4daaa49c57837f2d9619&path=//etc/logrotate.d HTTP/1.1" 200 2703 "-" "Amazon CloudFront"
64.252.66.61 - - [03/Sep/2026:05:13:36 +0000] "GET /products/detail/327707884?fileloc=//sys/module/raid0/sections/__verbose&path=//sys/module/raid0/sections HTTP/1.1" 200 2587 "-" "Amazon CloudFront"
64.252.68.74 - - [03/Sep/2026:05:13:40 +0000] "GET /?fileloc=//lib64/pkgconfig/xcb-xfixes.pc&path=//lib64/pkgconfig HTTP/1.1" 200 2701 "-" "Amazon CloudFront"
64.252.67.164 - - [03/Sep/2026:05:13:44 +0000] "GET /products/detail/133398016?fileloc=//tmp/sess_v3e81742cc65f5lj57is9h5bl7&path=//tmp HTTP/1.1" 200 2556 "-" "Amazon CloudFront"
64.252.69.206 - - [03/Sep/2026:05:13:48 +0000] "GET /?fileloc=//sys/class/block/nvme1n1/stat&path=//sys/class/block/nvme1n1 HTTP/1.1" 200 2636 "-" "Amazon CloudFront"
64.252.67.164 - - [03/Sep/2026:05:13:52 +0000] "GET /?fileloc=//lib64/python2.7/tabnanny.py&path=//lib64/python2.7 HTTP/1.1" 200 6259 "-" "Amazon CloudFront"
64.252.66.61 - - [03/Sep/2026:05:13:56 +0000] "GET /?fileloc=//lib64/python2.7/rfc822.py&path=//lib64/python2.7 HTTP/1.1" 200 12091 "-" "Amazon CloudFront"
64.252.67.164 - - [03/Sep/2026:05:14:00 +0000] "GET /?fileloc=//lib64/python3.7/copy.py&path=//lib64/python3.7 HTTP/1.1" 200 5280 "-" "Amazon CloudFront"
64.252.66.61 - - [03/Sep/2026:05:14:04 +0000] "GET /products/detail/167571450?fileloc=//etc/logrotate.d/ddc84c81f3594a50a11f1410fd20b3ab&path=//etc/logrotate.d HTTP/1.1" 200 2703 "-" "Amazon CloudFront"
64.252.67.164 - - [03/Sep/2026:05:14:08 +0000] "GET /?fileloc=//sys/module/nf_conntrack/sections/__jump_table&path=//sys/module/nf_conntrack/sections HTTP/1.1" 200 2594 "-" "Amazon CloudFront"
64.252.68.74 - - [03/Sep/2026:05:14:12 +0000] "GET /?fileloc=//sys/module/iptable_mangle/refcnt&path=//sys/module/iptable_mangle HTTP/1.1" 200 2568 "-" "Amazon CloudFront"
64.252.66.61 - - [03/Sep/2026:05:14:16 +0000] "GET /?fileloc=//etc/logrotate.d/2e64fb919f8b415cab9259d6c7c600ea&path=//etc/logrotate.d HTTP/1.1" 200 2703 "-" "Amazon CloudFront"
64.252.67.164 - - [03/Sep/2026:05:14:20 +0000] "GET /?fileloc=//bin/genfio&path=//bin HTTP/1.1" 200 5636 "-" "Amazon CloudFront"
64.252.67.164 - - [03/Sep/2026:05:14:24 +0000] "GET /?fileloc=//tmp/sess_sg09o1jqivaf4bepiojeclr49h&path=//tmp HTTP/1.1" 200 2558 "-" "Amazon CloudFront"
64.252.69.206 - - [03/Sep/2026:05:14:28 +0000] "GET /?fileloc=//lib64/python2.7/dbhash.py&path=//lib64/python2.7 HTTP/1.1" 200 2856 "-" "Amazon CloudFront"
64.252.69.206 - - [03/Sep/2026:05:14:34 +0000] "GET /products/detail/263585036?fileloc=//lib64/pkgconfig/xcb-xinput.pc&path=//lib64/pkgconfig HTTP/1.1" 200 2709 "-" "Amazon CloudFront"
64.252.69.206 - - [03/Sep/2026:05:14:36 +0000] "GET /?fileloc=//lib64/python2.7/symtable.py&path=//lib64/python2.7 HTTP/1.1" 200 4512 "-" "Amazon CloudFront"
64.252.69.206 - - [03/Sep/2026:05:14:41 +0000] "GET /products/detail/215297006?fileloc=//tmp/sess_k96q9nhpg3rh0fi6quv8bon31k&path=//tmp HTTP/1.1" 200 2558 "-" "Amazon CloudFront"
64.252.66.61 - - [03/Sep/2026:05:14:44 +0000] "GET /products/detail/70783652?fileloc=//tmp/sess_obcus8fb3bn1bdki5v6q1fm6sn&path=//tmp HTTP/1.1" 200 2557 "-" "Amazon CloudFront"
64.252.66.61 - - [03/Sep/2026:05:14:48 +0000] "GET /?fileloc=//bin/sim_lsmplugin&path=//bin HTTP/1.1" 200 3242 "-" "Amazon CloudFront"
64.252.68.74 - - [03/Sep/2026:05:14:52 +0000] "GET /?fileloc=//lib/tmpfiles.d/initscripts.conf&path=//lib/tmpfiles.d HTTP/1.1" 200 2587 "-" "Amazon CloudFront"
64.252.66.102 - - [03/Sep/2026:05:14:56 +0000] "GET /?fileloc=//lib64/.libcrypto.so.10.hmac&path=//lib64 HTTP/1.1" 200 2600 "-" "Amazon CloudFront"
64.252.69.206 - - [03/Sep/2026:05:15:00 +0000] "GET /?fileloc=//bin/show-changed-rco&path=//bin HTTP/1.1" 200 5435 "-" "Amazon CloudFront"
64.252.69.206 - - [03/Sep/2026:05:15:04 +0000] "GET /?path=//etc/udev/rules.d HTTP/1.1" 200 3125 "-" "Amazon CloudFront"
64.252.69.206 - - [03/Sep/2026:05:15:08 +0000] "GET /products/detail/208628339?path=//sys/bus/node/devices/node0/cpu1/driver/cpu7/driver/cpu2/node0/cpu4/firmware_node/subsystem/devices/PNP0A03:00/device:21/physical_node/nvme/nvme2/nvme2n1/device/subsystem/nvme1/device/nvme/nvme1/nvme1n1/holders/md0/md/dev-nvme1n1/block/mq/2 HTTP/1.1" 200 3367 "-" "Amazon CloudFront"
64.252.67.164 - - [03/Sep/2026:05:15:14 +0000] "GET /products/detail/208628339?path=//sys/bus/node/devices/node0/cpu1/driver/cpu7/driver/cpu2/node0/cpu4/firmware_node/subsystem/devices/PNP0A03:00/physical_node/firmware_node/physical_node/0000:00:01.3/subsystem/drivers/nvme/module/drivers/pci:nvme/0000:00:1f.0/nvme/nvme2/nvme2n1/holders/md0/md/rd1/block/mq/0/cpu0 HTTP/1.1" 200 2990 "-" "Amazon CloudFront"
64.252.68.74 - - [03/Sep/2026:05:15:16 +0000] "GET /?path=//sys/class/thermal/cooling_device3/device/physical_node/node0/memory28/node0/cpu5/firmware_node/subsystem/devices/PNP0A03:00/physical_node/pci_bus/0000:00/device/0000:00:1e.0/driver/module/drivers/pci:nvme/0000:00:1f.0/firmware_node/subsystem/devices/LNXSYSTM:00/LNXSYBUS:00/PNP0C0F:00/power HTTP/1.1" 200 3461 "-" "Amazon CloudFront"
64.252.66.61 - - [03/Sep/2026:05:15:20 +0000] "GET /?path=//sys/class/thermal/cooling_device3/device/physical_node/node0/memory28/node0/cpu5/firmware_node/subsystem/devices/PNP0A03:00/physical_node/pci_bus/0000:00/device/0000:00:1e.0/driver/module/drivers/pci:nvme/0000:00:1f.0/firmware_node/subsystem/devices/LNXSYSTM:00/LNXSYBUS:00/LNXCPU:04/power HTTP/1.1" 200 3463 "-" "Amazon CloudFront"
64.252.68.74 - - [03/Sep/2026:05:15:24 +0000] "GET /?path=//sys/class/thermal/cooling_device3/device/physical_node/node0/memory28/node0/cpu5/firmware_node/subsystem/devices/PNP0A03:00/physical_node/pci_bus/0000:00/device/0000:00:1e.0/driver/0000:00:1f.0/nvme/nvme2/nvme2n1/subsystem/nvme1n1/holders/md0/md/rd0/block/integrity HTTP/1.1" 200 3515 "-" "Amazon CloudFront"
64.252.66.61 - - [03/Sep/2026:05:15:28 +0000] "GET /products/detail/208628339?path=//sys/bus/node/devices/node0/cpu1/driver/cpu7/driver/cpu2/node0/cpu1/firmware_node/thermal_cooling/subsystem/cooling_device3/device/subsystem/devices/PNP0A03:00/physical_node/0000:00:1e.0/nvme/nvme1/nvme1n1/device/nvme1n1/holders/md0/md/dev-nvme2n1/block/holders/md0/slaves/nvme2n1/mq/2 HTTP/1.1" 200 3434 "-" "Amazon CloudFront"
64.252.69.206 - - [03/Sep/2026:05:15:32 +0000] "GET /?path=//sys/class/thermal/cooling_device3/device/physical_node/node0/cpu1/driver/cpu0/node0/cpu2/firmware_node/subsystem/devices/LNXSYSTM:00/LNXSYBUS:00/PNP0C0F:04/subsystem/devices/PNP0A03:00/physical_node/0000:00:1f.0/nvme/nvme2/device/driver/module/drivers/pci:nvme/module/drivers/pci:nvme/0000:00:1e.0/nvme/nvme1/nvme1n1/holders/md0/slaves/nvme2n1/holders/md0/md/rd0/block/mq/6 HTTP/1.1" 200 3594 "-" "Amazon CloudFront"
64.252.68.74 - - [03/Sep/2026:05:15:36 +0000] "GET /products/detail/208628339?path=//sys/bus/node/devices/node0/cpu1/driver/cpu7/driver/cpu2/node0/cpu4/firmware_node/thermal_cooling/device/thermal_cooling/device/subsystem/devices/PNP0A03:00/physical_node/0000:00:04.0/nvme/nvme0/nvme0n1/nvme0n1p1/subsystem/nvme2n1/holders/md0/md/dev-nvme2n1/block/holders/md0/power HTTP/1.1" 200 3469 "-" "Amazon CloudFront"
64.252.67.164 - - [03/Sep/2026:05:15:40 +0000] "GET /?path=//sys/class/thermal/cooling_device3/device/physical_node/node0/memory0/node0/cpu0/firmware_node/subsystem/devices/device:17/subsystem/devices/device:06/physical_node/nvme/nvme0/device/driver/module/drivers/pci:nvme/0000:00:1e.0/driver/module/drivers/pci:nvme/0000:00:1e.0/nvme/nvme1/nvme1n1/holders/md0/md/rd0/block/holders/md0/slaves/nvme1n1/mq/1 HTTP/1.1" 200 3513 "-" "Amazon CloudFront"
64.252.67.164 - - [03/Sep/2026:05:15:44 +0000] "GET /?path=//sys/bus/memory/devices/memory1/node0/memory28/node0/cpu2/driver/cpu4/firmware_node/subsystem/devices/PNP0A03:00/physical_node/0000:00:04.0/nvme/nvme0/nvme0n1/nvme0n1p1/subsystem/md0/md/dev-nvme2n1/block/holders/md0/md/rd1/block/device/device/driver/0000:00:1e.0/firmware_node/physical_node/nvme/nvme1/nvme1n1/mq HTTP/1.1" 200 3530 "-" "Amazon CloudFront"
64.252.68.74 - - [03/Sep/2026:05:15:48 +0000] "GET /?path=//sys/class/thermal/cooling_device3/device/physical_node/node0/memory28/node0/cpu5/firmware_node/subsystem/devices/PNP0A03:00/physical_node/pci_bus/0000:00/device/0000:00:1f.0/driver/module/drivers/pci:nvme/0000:00:1e.0/nvme/nvme1/subsystem/nvme1/nvme1n1/queue HTTP/1.1" 200 4712 "-" "Amazon CloudFront"
64.252.66.61 - - [03/Sep/2026:05:15:52 +0000] "GET /?path=//sys/class/thermal/cooling_device3/device/physical_node/node0/memory28/node0/cpu3/driver/cpu0/firmware_node/subsystem/devices/LNXSYSTM:00/LNXPWRBN:00/subsystem/devices/LNXSYSTM:00/LNXSYBUS:00/PNP0A03:00/device:21/physical_node/nvme/nvme2/device/driver/module/drivers/pci:nvme/module/drivers/pci:nvme/0000:00:1e.0/nvme/nvme1/nvme1n1/holders/md0/slaves/nvme1n1/holders/md0/integrity HTTP/1.1" 200 3673 "-" "Amazon CloudFront"
64.252.66.61 - - [03/Sep/2026:05:15:56 +0000] "GET /products/detail/272703723?path=//sys/devices/pci0000:00/firmware_node/physical_node/pci_bus/0000:00/device/firmware_node/physical_node/0000:00:00.0/subsystem/drivers/nvme/0000:00:1e.0/subsystem/devices/0000:00:1e.0/driver/0000:00:1f.0/driver/module/drivers/pci:nvme/0000:00:1f.0/nvme/nvme2/nvme2n1/holders/md0/md/dev-nvme2n1/block/device/nvme2n1/holders/md0/md/rd0/block/mq HTTP/1.1" 200 3526 "-" "Amazon CloudFront"
64.252.67.164 - - [03/Sep/2026:05:16:00 +0000] "GET /?path=//sys/bus/node/devices/node0/memory2/node0/cpu4/driver/cpu1/driver/cpu2/subsystem/drivers/processor/cpu2/firmware_node/physical_node/firmware_node/subsystem/devices/LNXSYBUS:00/PNP0A03:00/physical_node/0000:00:1f.0/nvme/nvme2/nvme2n1/holders/md0/md/dev-nvme2n1/block/device/device/nvme/nvme2/nvme2n1/holders/md0/md/dev-nvme1n1/block/slaves HTTP/1.1" 200 3029 "-" "Amazon CloudFront"
64.252.66.61 - - [03/Sep/2026:05:16:04 +0000] "GET /?path=//sys/class/thermal/cooling_device3/device/physical_node/node0/memory28/node0/cpu5/firmware_node/subsystem/devices/PNP0A03:00/physical_node/pci_bus/0000:00/device/0000:00:1e.0/driver/module/drivers/pci:nvme/0000:00:1f.0/firmware_node/subsystem/devices/LNXSYSTM:00/LNXSYBUS:00/LNXCPU:04/thermal_cooling HTTP/1.1" 200 3549 "-" "Amazon CloudFront"
64.252.67.164 - - [03/Sep/2026:05:16:08 +0000] "GET /?path=//sys/class/thermal/cooling_device3/device/physical_node/node0/memory28/node0/cpu5/firmware_node/subsystem/devices/PNP0A03:00/physical_node/pci_bus/0000:00/device/0000:00:1f.0/driver/module/drivers/pci:nvme/0000:00:04.0/firmware_node/subsystem/devices/PNP0A03:00/device:08/power HTTP/1.1" 200 3415 "-" "Amazon CloudFront"
64.252.68.74 - - [03/Sep/2026:05:16:12 +0000] "GET /products/detail/208628339?path=//sys/bus/node/devices/node0/cpu1/driver/cpu7/driver/cpu2/node0/cpu4/firmware_node/subsystem/devices/PNP0A03:00/physical_node/0000:00:04.0/nvme/nvme0/device/nvme/nvme0/nvme0n1/nvme0n1p128/subsystem/md0/md/dev-nvme2n1/block/holders/md0/md/dev-nvme1n1 HTTP/1.1" 200 3717 "-" "Amazon CloudFront"
64.252.66.61 - - [03/Sep/2026:05:16:16 +0000] "GET /?path=//sys/class/thermal/cooling_device3/device/physical_node/node0/memory28/node0/cpu5/firmware_node/subsystem/devices/PNP0A03:00/physical_node/pci_bus/0000:00/device/0000:00:1e.0/driver/module/drivers/pci:nvme/0000:00:1f.0/driver/0000:00:1e.0/firmware_node/subsystem/devices/PNP0A03:00/device:15 HTTP/1.1" 200 3524 "-" "Amazon CloudFront"
64.252.68.74 - - [03/Sep/2026:05:16:20 +0000] "GET /products/detail/208628339?path=//sys/bus/node/devices/node0/cpu1/driver/cpu7/driver/cpu2/node0/cpu1/firmware_node/thermal_cooling/device/physical_node/firmware_node/subsystem/devices/device:06/physical_node/nvme/nvme0/nvme0n1/device/nvme0n1/nvme0n1p1/subsystem/nvme2n1/holders/md0/slaves/nvme1n1/power HTTP/1.1" 200 3435 "-" "Amazon CloudFront"
64.252.67.164 - - [03/Sep/2026:05:16:24 +0000] "GET /products/detail/208628339?path=//sys/bus/node/devices/node0/cpu1/driver/cpu7/driver/cpu2/node0/cpu4/firmware_node/subsystem/devices/device:06/physical_node/nvme/nvme0/nvme0n1/subsystem/nvme1n1/holders/md0/md/dev-nvme1n1/block/holders/md0/slaves/nvme2n1/device/nvme2n1/mq/0/cpu0 HTTP/1.1" 200 2931 "-" "Amazon CloudFront"
64.252.66.61 - - [03/Sep/2026:05:16:29 +0000] "GET /products/detail/208628339?path=//sys/bus/node/devices/node0/cpu1/driver/cpu7/driver/cpu2/node0/cpu4/firmware_node/subsystem/devices/PNP0A03:00/device:21/physical_node/nvme/nvme2/nvme2n1/device/subsystem/nvme1/device/firmware_node/physical_node/nvme/nvme1/nvme1n1/holders/md0/md/dev-nvme2n1/block/trace HTTP/1.1" 200 3418 "-" "Amazon CloudFront"
64.252.67.164 - - [03/Sep/2026:05:16:32 +0000] "GET /?path=//sys/bus/memory/devices/memory1/node0/memory7/node0/cpu1/subsystem/drivers/processor/cpu5/firmware_node/subsystem/devices/PNP0A03:00/physical_node/firmware_node/physical_node/0000:00:1e.0/driver/0000:00:1e.0/nvme/nvme1/nvme1n1/holders/md0/slaves/nvme1n1/holders/md0/md/rd0/block/device/device/driver/module/drivers/pci:nvme/module/notes HTTP/1.1" 200 3317 "-" "Amazon CloudFront"
64.252.68.74 - - [03/Sep/2026:05:16:36 +0000] "GET /?path=//sys/bus/memory/devices/memory1/node0/memory7/node0/cpu1/subsystem/drivers/processor/cpu5/firmware_node/subsystem/devices/PNP0A03:00/physical_node/firmware_node/physical_node/0000:00:1e.0/driver/0000:00:1f.0/driver/0000:00:1e.0/nvme/nvme1/nvme1n1/holders/md0/md/rd1/block/device/device/nvme/nvme2/nvme2n1/holders/md0/slaves/nvme1n1/mq/6 HTTP/1.1" 200 3513 "-" "Amazon CloudFront"
64.252.67.164 - - [03/Sep/2026:05:16:40 +0000] "GET /products/detail/208628339?path=//sys/bus/node/devices/node0/cpu1/driver/cpu7/driver/cpu2/node0/cpu4/firmware_node/subsystem/devices/PNP0A03:00/device:21/physical_node/nvme/nvme2/nvme2n1/device/subsystem/nvme1/device/firmware_node/physical_node/nvme/nvme1/nvme1n1/holders/md0/md/dev-nvme2n1/block/bdi HTTP/1.1" 200 3559 "-" "Amazon CloudFront"
64.252.67.164 - - [03/Sep/2026:05:16:44 +0000] "GET /?path=//sys/class/thermal/cooling_device3/device/physical_node/node0/memory28/node0/cpu5/firmware_node/subsystem/devices/LNXSYBUS:00/PNP0A03:00/device:1b/subsystem/devices/LNXSYBUS:00/PNP0A03:00/device:21/physical_node/driver/module/drivers/pci:nvme/0000:00:04.0/driver/0000:00:1e.0/nvme/nvme1/nvme1n1/holders/md0/slaves/nvme1n1/holders/md0/md/dev-nvme2n1/block/mq/5 HTTP/1.1" 200 3541 "-" "Amazon CloudFront"
64.252.69.206 - - [03/Sep/2026:05:16:49 +0000] "GET /?path=//sys/class/thermal/cooling_device3/device/physical_node/node0/memory28/node0/cpu5/firmware_node/subsystem/devices/PNP0A03:00/physical_node/pci_bus/0000:00/device/0000:00:1e.0/driver/module/drivers/pci:nvme/module/drivers/pci:nvme/0000:00:1e.0/subsystem/devices/0000:00:1f.0/nvme HTTP/1.1" 200 3187 "-" "Amazon CloudFront"
64.252.68.74 - - [03/Sep/2026:05:16:52 +0000] "GET /?path=//sys/class/thermal/cooling_device3/device/physical_node/node0/memory28/node0/cpu5/firmware_node/subsystem/devices/PNP0A03:00/physical_node/pci_bus/0000:00/device/0000:00:05.0/subsystem/drivers/nvme/0000:00:04.0/driver/0000:00:1e.0/driver/module/drivers/pci:nvme/0000:00:1e.0/msi_irqs HTTP/1.1" 200 3474 "-" "Amazon CloudFront"
64.252.67.164 - - [03/Sep/2026:05:16:56 +0000] "GET /products/detail/208628339?path=//sys/bus/node/devices/node0/cpu1/driver/cpu7/driver/cpu2/node0/cpu1/firmware_node/thermal_cooling/device/physical_node/firmware_node/subsystem/devices/PNP0A03:00/physical_node/0000:00:1e.0/nvme/nvme1/nvme1n1/holders/md0/slaves/nvme1n1/subsystem/nvme0n1/device/nvme0n1/nvme0n1p128/holders HTTP/1.1" 200 2931 "-" "Amazon CloudFront"
64.252.66.61 - - [03/Sep/2026:05:17:01 +0000] "GET /?path=//sys/class/thermal/cooling_device3/device/physical_node/node0/memory28/node0/cpu5/firmware_node/subsystem/devices/PNP0A03:00/physical_node/pci_bus/0000:00/device/0000:00:1e.0/driver/module/drivers/pci:nvme/0000:00:1f.0/driver/0000:00:1e.0/firmware_node/subsystem/devices/PNP0A03:00/device:02 HTTP/1.1" 200 3734 "-" "Amazon CloudFront"
64.252.69.206 - - [03/Sep/2026:05:17:04 +0000] "GET /?path=//sys/class/thermal/cooling_device3/device/physical_node/node0/memory28/node0/cpu5/firmware_node/subsystem/devices/PNP0A03:00/physical_node/pci_bus/0000:00/device/0000:00:1e.0/driver/module/drivers/pci:nvme/0000:00:1f.0/driver/0000:00:1f.0/firmware_node/subsystem/devices/LNXSYBUS:00/power HTTP/1.1" 200 3443 "-" "Amazon CloudFront"
64.252.69.206 - - [03/Sep/2026:05:17:08 +0000] "GET /?path=//sys/bus/acpi/devices/LNXCPU:06/physical_node/node0/memory21/node0/cpu0/subsystem/drivers/processor/cpu6/firmware_node/subsystem/devices/device:06/physical_node/driver/0000:00:04.0/driver/0000:00:1e.0/nvme/nvme1/nvme1n1/holders/md0/md/dev-nvme2n1/block/holders/md0/md/dev-nvme1n1/block/device/device/nvme/nvme1/nvme1n1/trace HTTP/1.1" 200 3519 "-" "Amazon CloudFront"
64.252.88.29 - - [03/Sep/2026:05:17:12 +0000] "GET /products/detail/300747046 HTTP/1.1" 200 4265 "-" "Amazon CloudFront"
64.252.69.206 - - [03/Sep/2026:05:17:12 +0000] "GET /?path=//sys/class/thermal/cooling_device3/device/physical_node/node0/memory28/node0/cpu5/firmware_node/subsystem/devices/PNP0A03:00/physical_node/pci_bus/0000:00/device/0000:00:1e.0/driver/module/drivers/pci:nvme/0000:00:1f.0/driver/0000:00:1e.0/firmware_node/subsystem/devices/PNP0A03:00/power HTTP/1.1" 200 3433 "-" "Amazon CloudFront"
64.252.68.74 - - [03/Sep/2026:05:17:16 +0000] "GET /?path=//sys/class/thermal/cooling_device3/device/physical_node/node0/cpu1/driver/cpu0/node0/cpu2/firmware_node/subsystem/devices/LNXSYSTM:00/LNXSYBUS:00/PNP0C0F:02/subsystem/devices/LNXSYSTM:00/LNXSYBUS:00/PNP0A03:00/device:06/physical_node/driver/0000:00:1e.0/nvme/nvme1/nvme1n1/holders/md0/slaves/nvme1n1/holders/md0/md/dev-nvme2n1/block/device/power HTTP/1.1" 200 3583 "-" "Amazon CloudFront"
64.252.69.206 - - [03/Sep/2026:05:17:20 +0000] "GET /products/detail/208628339?path=//sys/bus/node/devices/node0/cpu1/driver/cpu7/driver/cpu2/node0/cpu4/firmware_node/subsystem/devices/PNP0A03:00/device:06/physical_node/nvme/nvme0/nvme0n1/device/nvme0n1/subsystem/nvme2n1/holders/md0/slaves/nvme1n1/holders/md0/slaves/nvme2n1/mq/1/cpu1 HTTP/1.1" 200 2925 "-" "Amazon CloudFront"
64.252.68.74 - - [03/Sep/2026:05:17:24 +0000] "GET /?path=//sys/class/thermal/cooling_device3/device/physical_node/node0/memory28/node0/cpu5/firmware_node/subsystem/devices/LNXSYBUS:00/PNP0A03:00/device:1b/subsystem/devices/LNXSYBUS:00/PNP0A03:00/device:21/physical_node/driver/module/drivers/pci:nvme/0000:00:1f.0/driver/module/drivers/pci:nvme/0000:00:1e.0/nvme/nvme1/device/nvme/nvme1/nvme1n1/holders/md0/md/dev-nvme1n1/block/integrity HTTP/1.1" 200 3659 "-" "Amazon CloudFront"
64.252.69.206 - - [03/Sep/2026:05:17:28 +0000] "GET /?path=//sys/bus/memory/devices/memory1/node0/memory30/node0/cpu6/firmware_node/subsystem/devices/device:21/physical_node/driver/module/drivers/pci:nvme/0000:00:1f.0/driver/0000:00:1e.0/nvme/nvme1/nvme1n1/holders/md0/md/rd0/block/device/device/nvme/nvme1/subsystem/nvme2/nvme2n1/holders/md0/md/rd0/block/mq/6 HTTP/1.1" 200 3472 "-" "Amazon CloudFront"
64.252.67.164 - - [03/Sep/2026:05:17:32 +0000] "GET /?path=//sys/class/thermal/cooling_device3/device/physical_node/node0/memory28/node0/cpu5/firmware_node/subsystem/devices/LNXSYBUS:00/PNP0A03:00/device:1b/subsystem/devices/LNXSYBUS:00/PNP0A03:00/physical_node/0000:00:04.0/driver/0000:00:1e.0/driver/0000:00:1f.0/nvme/nvme2/nvme2n1/device/nvme2n1/holders/md0/md/dev-nvme1n1/block/holders/md0/slaves/nvme1n1/mq/0 HTTP/1.1" 200 3522 "-" "Amazon CloudFront"
64.252.67.164 - - [03/Sep/2026:05:17:36 +0000] "GET /?path=//sys/class/thermal/cooling_device3/device/physical_node/node0/memory28/node0/cpu5/firmware_node/subsystem/devices/PNP0A03:00/physical_node/pci_bus/0000:00/device/0000:00:1f.0/driver/0000:00:04.0/driver/0000:00:04.0/firmware_node/subsystem/devices/device:15/power HTTP/1.1" 200 3386 "-" "Amazon CloudFront"
64.252.66.61 - - [03/Sep/2026:05:17:44 +0000] "GET /?path=//sys/bus/node/devices/node0/memory2/node0/cpu7/driver/cpu1/firmware_node/subsystem/devices/PNP0A03:00/physical_node/0000:00:04.0/firmware_node/physical_node/nvme/nvme0/device/driver/0000:00:1e.0/nvme/nvme1/nvme1n1/device/subsystem/nvme1/nvme1n1/holders/md0/slaves/nvme2n1/holders/md0/md/dev-nvme2n1/block/mq/5 HTTP/1.1" 200 3463 "-" "Amazon CloudFront"
64.252.69.206 - - [03/Sep/2026:05:17:48 +0000] "GET /products/detail/208628339?path=//sys/bus/node/devices/node0/cpu1/driver/cpu7/driver/cpu2/node0/cpu1/firmware_node/thermal_cooling/device/physical_node/firmware_node/subsystem/drivers/button/LNXSLPBN:00/subsystem/devices/PNP0A03:00/physical_node/0000:00:1f.0/nvme/nvme2/nvme2n1/device/nvme2n1/holders/md0/md/rd0/block/holders/md0 HTTP/1.1" 200 4165 "-" "Amazon CloudFront"
64.252.67.164 - - [03/Sep/2026:05:17:50 +0000] "GET /?path=//sys/class/thermal/cooling_device3/device/physical_node/node0/memory29/node0/cpu4/driver/cpu2/driver/cpu1/firmware_node/subsystem/devices/device:10/subsystem/devices/LNXSYSTM:00/LNXSYBUS:00/PNP0A03:00/physical_node/pci_bus/0000:00/device/0000:00:1e.0/nvme/nvme1/nvme1n1/holders/md0/md/dev-nvme1n1/block/holders/md0/md/dev-nvme1n1/block/integrity HTTP/1.1" 200 3621 "-" "Amazon CloudFront"
64.252.66.61 - - [03/Sep/2026:05:17:52 +0000] "GET /?path=//sys/class/thermal/cooling_device3/device/physical_node/node0/memory28/node0/cpu5/firmware_node/subsystem/devices/PNP0A03:00/physical_node/pci_bus/0000:00/device/0000:00:05.0/subsystem/drivers/nvme/module/drivers/pci:nvme/0000:00:1e.0/driver/0000:00:1e.0/driver/0000:00:1f.0/firmware_node HTTP/1.1" 200 3535 "-" "Amazon CloudFront"
64.252.69.206 - - [03/Sep/2026:05:17:56 +0000] "GET /products/detail/208628339?path=//sys/bus/node/devices/node0/cpu1/driver/cpu7/driver/cpu2/node0/cpu1/firmware_node/thermal_cooling/device/physical_node/firmware_node/subsystem/devices/LNXSYSTM:00/LNXSYBUS:00/PNP0A03:00/device:06/physical_node/nvme/nvme0/nvme0n1/nvme0n1p1/subsystem/md0/md/dev-nvme1n1/block/mq/5/cpu5 HTTP/1.1" 200 2992 "-" "Amazon CloudFront"
64.252.66.61 - - [03/Sep/2026:05:18:00 +0000] "GET /?path=//sys/bus/node/devices/node0/memory25/node0/cpu1/driver/cpu4/firmware_node/subsystem/devices/device:21/physical_node/firmware_node/physical_node/driver/0000:00:1e.0/subsystem/drivers/nvme/module/drivers/pci:nvme/0000:00:1e.0/nvme/nvme1/nvme1n1/device/nvme1n1/holders/md0/md/dev-nvme2n1/block/holders/md0/md/rd1/block/device/nvme2n1/mq/5/cpu5 HTTP/1.1" 200 3040 "-" "Amazon CloudFront"
64.252.68.74 - - [03/Sep/2026:05:18:04 +0000] "GET /?path=//sys/bus/memory/devices/memory1/node0/memory28/node0/cpu2/driver/cpu4/firmware_node/subsystem/devices/PNP0A03:00/physical_node/0000:00:04.0/nvme/nvme0/nvme0n1/nvme0n1p1/subsystem/md0/md/dev-nvme2n1/block/device/device/driver/module/drivers/pci:nvme/module/drivers/pci:nvme/0000:00:1e.0/firmware_node/physical_node/nvme/nvme1/nvme1n1/mq/1/cpu1 HTTP/1.1" 200 3035 "-" "Amazon CloudFront"
64.252.67.164 - - [03/Sep/2026:05:18:08 +0000] "GET /products/detail/208628339?path=//sys/bus/node/devices/node0/cpu1/driver/cpu7/driver/cpu2/node0/cpu4/firmware_node/thermal_cooling/device/physical_node/firmware_node/subsystem/devices/device:05/physical_node/subsystem/drivers/nvme/module/drivers/pci:nvme/0000:00:1f.0/nvme/nvme2/nvme2n1/device/nvme2n1/bdi/power HTTP/1.1" 200 3436 "-" "Amazon CloudFront"
64.252.66.61 - - [03/Sep/2026:05:18:13 +0000] "GET /?path=//sys/bus/node/devices/node0/memory2/node0/cpu4/driver/cpu1/driver/cpu2/subsystem/drivers/processor/cpu2/firmware_node/physical_node/firmware_node/subsystem/devices/LNXSYBUS:00/PNP0A03:00/physical_node/0000:00:1f.0/nvme/nvme2/nvme2n1/holders/md0/md/dev-nvme1n1/block/device/nvme1n1/device/nvme1n1/holders/md0/md/rd0/block/bdi/power HTTP/1.1" 200 3571 "-" "Amazon CloudFront"
64.252.69.206 - - [03/Sep/2026:05:18:17 +0000] "GET /?path=//sys/bus/memory/devices/memory1/node0/memory30/node0/cpu6/firmware_node/subsystem/devices/device:21/physical_node/driver/module/drivers/pci:nvme/0000:00:1e.0/driver/0000:00:1f.0/nvme/nvme2/nvme2n1/subsystem/nvme2n1/holders/md0/slaves/nvme1n1/holders/md0/md/dev-nvme1n1/block/device/device/nvme/nvme1/nvme1n1/mq/7 HTTP/1.1" 200 3494 "-" "Amazon CloudFront"
64.252.67.164 - - [03/Sep/2026:05:18:20 +0000] "GET /?path=//sys/class/thermal/cooling_device3/device/physical_node/node0/memory28/node0/cpu5/firmware_node/subsystem/devices/PNP0A03:00/physical_node/pci_bus/0000:00/device/0000:00:00.0/subsystem/drivers/nvme/0000:00:1e.0/driver/0000:00:1e.0/driver/0000:00:04.0/nvme/nvme0/nvme0n1 HTTP/1.1" 200 4307 "-" "Amazon CloudFront"
64.252.68.74 - - [03/Sep/2026:05:18:24 +0000] "GET /?path=//sys/bus/acpi/devices/LNXCPU:06/physical_node/node0/memory21/node0/cpu0/subsystem/drivers/processor/cpu6/firmware_node/subsystem/devices/device:06/physical_node/driver/0000:00:04.0/driver/0000:00:1e.0/nvme/nvme1/device/nvme/nvme1/nvme1n1/device/nvme1n1/holders/md0/slaves/nvme2n1/holders/md0/slaves/nvme2n1/mq/7/cpu7 HTTP/1.1" 200 3007 "-" "Amazon CloudFront"
64.252.67.164 - - [03/Sep/2026:05:18:28 +0000] "GET /products/detail/208628339?path=//sys/bus/node/devices/node0/cpu1/driver/cpu7/driver/cpu2/node0/cpu4/firmware_node/thermal_cooling/device/thermal_cooling/device/subsystem/devices/device:06/physical_node/subsystem/drivers/nvme/0000:00:1f.0/nvme/nvme2/nvme2n1/holders/md0/md/rd0/block/holders/md0/slaves/nvme1n1/slaves HTTP/1.1" 200 2975 "-" "Amazon CloudFront"
64.252.88.29 - - [03/Sep/2026:05:18:31 +0000] "GET /products/detail/278886157 HTTP/1.1" 200 4177 "-" "Amazon CloudFront"
64.252.67.164 - - [03/Sep/2026:05:18:32 +0000] "GET /?path=//sys/bus/memory/devices/memory1/node0/memory7/node0/cpu1/subsystem/drivers/processor/cpu5/firmware_node/subsystem/devices/PNP0A03:00/physical_node/firmware_node/physical_node/0000:00:1e.0/driver/module/drivers/pci:nvme/0000:00:1e.0/nvme/nvme1/device/nvme/nvme1/nvme1n1/device/nvme1n1/holders/md0/md/dev-nvme2n1/block/mq/0 HTTP/1.1" 200 3483 "-" "Amazon CloudFront"
64.252.68.74 - - [03/Sep/2026:05:18:37 +0000] "GET /products/detail/208628339?path=//sys/bus/node/devices/node0/cpu1/driver/cpu7/driver/cpu2/node0/cpu4/firmware_node/subsystem/devices/PNP0A03:00/physical_node/0000:00:01.3/subsystem/drivers/nvme/0000:00:1e.0/nvme/nvme1/nvme1n1/holders/md0/slaves/nvme2n1/holders/md0/slaves/nvme2n1/device/device/power HTTP/1.1" 200 3438 "-" "Amazon CloudFront"
64.252.67.164 - - [03/Sep/2026:05:18:41 +0000] "GET /products/detail/208628339?path=//sys/bus/node/devices/node0/cpu1/driver/cpu7/driver/cpu2/node0/cpu1/firmware_node/thermal_cooling/device/physical_node/firmware_node/subsystem/devices/LNXSYSTM:00/LNXSYBUS:00/PNP0A03:00/device:06/physical_node/nvme/nvme0/device/nvme/nvme0/nvme0n1/nvme0n1p1/subsystem/md0/slaves/nvme1n1/holders HTTP/1.1" 200 3232 "-" "Amazon CloudFront"
64.252.67.164 - - [03/Sep/2026:05:18:45 +0000] "GET /?path=//sys/bus/memory/devices/memory1/node0/memory30/node0/cpu6/firmware_node/subsystem/devices/device:21/physical_node/driver/module/drivers/pci:nvme/0000:00:1e.0/driver/0000:00:1f.0/nvme/nvme2/device/nvme/nvme2/nvme2n1/device/nvme2n1/holders/md0/md/rd0/block/subsystem/nvme1n1/holders/md0/slaves/nvme1n1/mq/5/cpu5 HTTP/1.1" 200 3022 "-" "Amazon CloudFront"
64.252.67.164 - - [03/Sep/2026:05:18:49 +0000] "GET /?path=//sys/class/thermal/cooling_device3/device/physical_node/node0/memory28/node0/cpu3/driver/cpu0/firmware_node/subsystem/devices/device:05/subsystem/devices/LNXSYBUS:00/PNP0A03:00/physical_node/0000:00:04.0/driver/module/drivers/pci:nvme/module/drivers/pci:nvme/0000:00:1f.0/nvme/nvme2/device/nvme/nvme2/nvme2n1/holders/md0/md/dev-nvme2n1/block/mq/2/cpu2 HTTP/1.1" 200 3066 "-" "Amazon CloudFront"
64.252.67.164 - - [03/Sep/2026:05:18:52 +0000] "GET /?path=//sys/class/thermal/cooling_device3/device/physical_node/node0/memory28/node0/cpu5/firmware_node/subsystem/devices/PNP0A03:00/physical_node/pci_bus/0000:00/device/0000:00:1e.0/driver/module/drivers/pci:nvme/0000:00:1e.0/firmware_node/subsystem/devices/PNP0A03:00/device:14/power HTTP/1.1" 200 3409 "-" "Amazon CloudFront"
64.252.69.206 - - [03/Sep/2026:05:18:56 +0000] "GET /?path=//sys/class/thermal/cooling_device3/device/physical_node/node0/cpu1/driver/cpu0/node0/cpu2/firmware_node/subsystem/devices/PNP0303:00/subsystem/devices/LNXSYBUS:00/PNP0A03:00/physical_node/0000:00:1e.0/driver/module/drivers/pci:nvme/module/drivers/pci:nvme/0000:00:1f.0/nvme/nvme2/nvme2n1/holders/md0/md/dev-nvme2n1/block/holders/md0/slaves/nvme2n1/integrity HTTP/1.1" 200 3644 "-" "Amazon CloudFront"
64.252.69.206 - - [03/Sep/2026:05:19:01 +0000] "GET /products/detail/208628339?path=//sys/bus/node/devices/node0/cpu1/driver/cpu7/driver/cpu2/node0/cpu1/firmware_node/thermal_cooling/device/physical_node/firmware_node/subsystem/devices/device:06/physical_node/nvme/nvme0/nvme0n1/nvme0n1p128/subsystem/nvme2n1/device/nvme2n1/holders/md0/slaves/nvme1n1/holders/md0/md/dev-nvme1n1 HTTP/1.1" 200 3780 "-" "Amazon CloudFront"
64.252.66.61 - - [03/Sep/2026:05:19:05 +0000] "GET /products/detail/208628339?path=//sys/bus/node/devices/node0/cpu1/driver/cpu7/driver/cpu2/node0/cpu4/firmware_node/thermal_cooling/device/physical_node/firmware_node/thermal_cooling/device/subsystem/devices/LNXSYSTM:00/LNXSYBUS:00/PNP0A03:00/device:21/physical_node/nvme/nvme2/nvme2n1/holders/md0/md/rd0/block/holders/md0/subsystem/nvme1n1/bdi HTTP/1.1" 200 3608 "-" "Amazon CloudFront"
64.252.66.61 - - [03/Sep/2026:05:19:08 +0000] "GET /?path=//sys/class/thermal/cooling_device3/device/physical_node/node0/memory28/node0/cpu5/firmware_node/subsystem/devices/PNP0A03:00/physical_node/pci_bus/0000:00/device/0000:00:1e.0/driver/module/drivers/pci:nvme/0000:00:1e.0/firmware_node/subsystem/devices/LNXSYBUS:00/LNXCPU:01/thermal_cooling HTTP/1.1" 200 3523 "-" "Amazon CloudFront"
64.252.68.74 - - [03/Sep/2026:05:19:12 +0000] "GET /?path=//sys/class/thermal/cooling_device3/device/physical_node/node0/memory28/node0/cpu5/firmware_node/subsystem/devices/LNXSYBUS:00/PNP0A03:00/device:1b/subsystem/devices/LNXSYBUS:00/PNP0A03:00/device:21/physical_node/driver/module/drivers/pci:nvme/0000:00:1f.0/driver/0000:00:1e.0/nvme/nvme1/nvme1n1/holders/md0/md/rd1/block/holders/md0/md/rd1/block/mq/5/cpu5 HTTP/1.1" 200 3067 "-" "Amazon CloudFront"
64.252.69.206 - - [03/Sep/2026:05:19:16 +0000] "GET /?path=//sys/bus/memory/devices/memory14/node0/memory16/node0/cpu1/driver/cpu6/firmware_node/subsystem/devices/LNXSYSTM:00/LNXSYBUS:00/PNP0A03:00/physical_node/0000:00:04.0/driver/0000:00:1e.0/subsystem/drivers/nvme/module/drivers/pci:nvme/0000:00:1f.0/nvme/nvme2/nvme2n1/holders/md0/md/rd0/block/holders/md0/md/dev-nvme1n1/block/device/nvme1n1/device/nvme1n1/mq/0 HTTP/1.1" 200 3554 "-" "Amazon CloudFront"
64.252.68.74 - - [03/Sep/2026:05:19:21 +0000] "GET /?path=//sys/class/thermal/cooling_device3/device/physical_node/node0/cpu1/driver/cpu0/node0/cpu2/firmware_node/subsystem/devices/PNP0303:00/subsystem/devices/LNXSYBUS:00/PNP0A03:00/physical_node/0000:00:1e.0/driver/module/drivers/pci:nvme/module/drivers/pci:nvme/0000:00:1f.0/nvme/nvme2/nvme2n1/holders/md0/md/dev-nvme2n1/block/holders/md0/slaves/nvme2n1/trace HTTP/1.1" 200 3548 "-" "Amazon CloudFront"
64.252.68.74 - - [03/Sep/2026:05:19:24 +0000] "GET /?path=//sys/class/thermal/cooling_device3/device/physical_node/node0/memory28/node0/cpu5/firmware_node/subsystem/devices/PNP0A03:00/physical_node/pci_bus/0000:00/device/0000:00:1e.0/driver/module/drivers/pci:nvme/0000:00:1f.0/driver/0000:00:1e.0/firmware_node/subsystem/devices/device:0d/power HTTP/1.1" 200 3439 "-" "Amazon CloudFront"
64.252.69.206 - - [03/Sep/2026:05:19:29 +0000] "GET /products/detail/208628339?path=//sys/bus/node/devices/node0/cpu1/driver/cpu7/driver/cpu2/node0/cpu4/firmware_node/subsystem/devices/PNP0A03:00/physical_node/0000:00:04.0/subsystem/drivers/nvme/0000:00:1e.0/nvme/nvme1/nvme1n1/holders/md0/md/dev-nvme2n1/block/holders/md0/slaves/nvme2n1/integrity HTTP/1.1" 200 3501 "-" "Amazon CloudFront"
64.252.66.61 - - [03/Sep/2026:05:19:33 +0000] "GET /?path=//sys/bus/node/devices/node0/memory2/node0/cpu4/driver/cpu1/driver/cpu2/subsystem/drivers/processor/cpu2/firmware_node/physical_node/firmware_node/subsystem/devices/LNXSYBUS:00/PNP0A03:00/physical_node/0000:00:1f.0/nvme/nvme2/nvme2n1/holders/md0/md/dev-nvme2n1/block/holders/md0/md/rd1/block/mq/4/cpu4 HTTP/1.1" 200 3008 "-" "Amazon CloudFront"
64.252.69.206 - - [03/Sep/2026:05:19:36 +0000] "GET /products/detail/208628339?path=//sys/bus/node/devices/node0/cpu1/driver/cpu7/driver/cpu2/node0/cpu4/firmware_node/subsystem/devices/device:06/physical_node/nvme/nvme0/nvme0n1/subsystem/nvme1n1/holders/md0/md/dev-nvme1n1/block/holders/md0/slaves/nvme2n1/device/nvme2n1/mq/7/cpu7 HTTP/1.1" 200 2927 "-" "Amazon CloudFront"
64.252.67.164 - - [03/Sep/2026:05:19:40 +0000] "GET /?path=//sys/bus/acpi/devices/LNXCPU:06/physical_node/node0/memory21/node0/cpu0/subsystem/drivers/processor/cpu6/firmware_node/subsystem/devices/device:06/physical_node/driver/0000:00:04.0/driver/0000:00:1f.0/nvme/nvme2/nvme2n1/device/device/nvme/nvme2/nvme2n1/holders/md0/md/rd1/block/holders/md0/md/dev-nvme2n1/block/power HTTP/1.1" 200 3544 "-" "Amazon CloudFront"
64.252.69.206 - - [03/Sep/2026:05:19:45 +0000] "GET /?path=//sys/class/thermal/cooling_device3/device/physical_node/node0/memory28/node0/cpu5/firmware_node/subsystem/devices/LNXSYBUS:00/PNP0A03:00/device:1b/subsystem/devices/LNXSYBUS:00/PNP0A03:00/device:21/physical_node/driver/module/drivers/pci:nvme/module/drivers/pci:nvme/0000:00:1e.0/nvme/nvme1/nvme1n1/holders/md0/md/dev-nvme1n1/block/holders/md0/md/bitmap HTTP/1.1" 200 3718 "-" "Amazon CloudFront"
64.252.67.164 - - [03/Sep/2026:05:19:48 +0000] "GET /?path=//sys/class/thermal/cooling_device3/device/physical_node/node0/memory28/node0/cpu5/firmware_node/subsystem/devices/PNP0A03:00/physical_node/pci_bus/0000:00/device/0000:00:1e.0/driver/0000:00:04.0/driver/0000:00:1e.0/firmware_node/subsystem/devices/LNXSYSTM:00/LNXSYBUS:00/LNXCPU:00/thermal_cooling HTTP/1.1" 200 3522 "-" "Amazon CloudFront"
64.252.67.164 - - [03/Sep/2026:05:19:52 +0000] "GET /?path=//sys/class/thermal/cooling_device3/device/physical_node/node0/memory28/node0/cpu5/firmware_node/subsystem/devices/PNP0A03:00/physical_node/pci_bus/0000:00/device/0000:00:1f.0/driver/0000:00:1f.0/nvme/nvme2/nvme2n1/subsystem/nvme2n1/bdi HTTP/1.1" 200 3474 "-" "Amazon CloudFront"
64.252.69.206 - - [03/Sep/2026:05:19:56 +0000] "GET /?path=//sys/class/thermal/cooling_device3/device/physical_node/node0/memory28/node0/cpu5/firmware_node/subsystem/devices/LNXSYBUS:00/PNP0A03:00/device:1b/subsystem/devices/LNXSYBUS:00/PNP0A03:00/physical_node/pci_bus/0000:00/device/0000:00:1f.0/driver/module/drivers/pci:nvme/0000:00:04.0/driver/module/drivers/pci:nvme/0000:00:1f.0/nvme/nvme2/nvme2n1/holders/md0/md/rd1/block/power HTTP/1.1" 200 3585 "-" "Amazon CloudFront"
64.252.68.74 - - [03/Sep/2026:05:20:01 +0000] "GET /?path=//sys/bus/memory/devices/memory1/node0/memory7/node0/cpu1/subsystem/drivers/processor/cpu5/firmware_node/subsystem/devices/PNP0A03:00/physical_node/firmware_node/physical_node/0000:00:1e.0/driver/module/drivers/pci:nvme/0000:00:1f.0/driver/0000:00:1e.0/nvme/nvme1/nvme1n1/holders/md0/md/dev-nvme2n1/block/holders/md0/slaves/nvme1n1/device/device/msi_irqs HTTP/1.1" 200 3630 "-" "Amazon CloudFront"
