64.252.67.164 - - [03/Sep/2026:00:47:00 +0000] "GET /?path=//sys/class/thermal/cooling_device3/device/physical_node/node0/memory28/node0/cpu5/firmware_node/subsystem/devices/LNXSYBUS:00/PNP0A03:00/device:1b/subsystem/devices/LNXSYBUS:00/PNP0A03:00/device:21/physical_node/driver/0000:00:1e.0/nvme/nvme1/nvme1n1/holders/md0/md/rd1/block/holders/md0/md/rd1/block/slaves HTTP/1.1" 200 2998 "-" "Amazon CloudFront"
64.252.66.61 - - [03/Sep/2026:00:47:04 +0000] "GET /?path=//sys/class/thermal/cooling_device3/device/physical_node/node0/memory29/node0/cpu4/driver/cpu2/driver/cpu1/firmware_node/subsystem/devices/device:10/subsystem/devices/LNXSYSTM:00/LNXSYBUS:00/PNP0A03:00/physical_node/pci_bus/0000:00/device/0000:00:1e.0/nvme/nvme1/nvme1n1/holders/md0/slaves/nvme2n1/holders/md0/md/rd0/block/power HTTP/1.1" 200 3578 "-" "Amazon CloudFront"
64.252.67.164 - - [03/Sep/2026:00:47:09 +0000] "GET /?path=//sys/bus/memory/devices/memory1/node0/memory30/node0/cpu6/firmware_node/subsystem/devices/device:21/physical_node/driver/module/drivers/pci:nvme/0000:00:1f.0/driver/0000:00:1f.0/firmware_node/physical_node/nvme/nvme2/subsystem/nvme2/nvme2n1/device/nvme2n1/holders/md0/md/rd0/block/holders/md0/md/dev-nvme1n1/block/device/nvme1n1/trace HTTP/1.1" 200 3523 "-" "Amazon CloudFront"
64.252.66.61 - - [03/Sep/2026:00:47:12 +0000] "GET /?path=//sys/bus/memory/devices/memory1/node0/memory30/node0/cpu6/firmware_node/subsystem/devices/device:21/physical_node/driver/module/drivers/pci:nvme/0000:00:1f.0/driver/0000:00:1f.0/firmware_node/physical_node/nvme/nvme2/subsystem/nvme2/nvme2n1/device/nvme2n1/holders/md0/md/rd0/block/holders/md0/md/dev-nvme1n1/block/device/nvme1n1/queue HTTP/1.1" 200 4966 "-" "Amazon CloudFront"
64.252.68.74 - - [03/Sep/2026:00:47:16 +0000] "GET /?path=//sys/class/thermal/cooling_device3/device/physical_node/node0/memory28/node0/cpu5/firmware_node/subsystem/devices/PNP0A03:00/physical_node/pci_bus/0000:00/device/0000:00:1e.0/driver/0000:00:1f.0/nvme/nvme2/nvme2n1/subsystem/md0/md/dev-nvme1n1/block/mq/1 HTTP/1.1" 200 3380 "-" "Amazon CloudFront"
64.252.66.102 - - [03/Sep/2026:00:47:21 +0000] "GET /products/detail/272703723?path=//sys/devices/pci0000:00/firmware_node/physical_node/pci_bus/0000:00/device/firmware_node/physical_node/0000:00:00.0/subsystem/drivers/nvme/module/drivers/pci:nvme/0000:00:04.0/driver/0000:00:1e.0/nvme/nvme1/nvme1n1/holders/md0/slaves/nvme2n1/holders/md0/md/dev-nvme1n1/block/device/nvme1n1/subsystem/nvme0n1/mq/1/cpu6 HTTP/1.1" 200 2987 "-" "Amazon CloudFront"
64.252.68.74 - - [03/Sep/2026:00:47:25 +0000] "GET /products/detail/272703723?path=//sys/devices/pci0000:00/firmware_node/physical_node/pci_bus/0000:00/device/firmware_node/physical_node/0000:00:00.0/subsystem/drivers/nvme/module/drivers/pci:nvme/0000:00:1e.0/nvme/nvme1/nvme1n1/holders/md0/md/dev-nvme2n1/block/device/nvme2n1/holders/md0/md/dev-nvme1n1/block/subsystem/nvme0n1/mq/0/cpu1 HTTP/1.1" 200 2973 "-" "Amazon CloudFront"
64.252.66.102 - - [03/Sep/2026:00:47:29 +0000] "GET /?path=//sys/bus/memory/devices/memory1/node0/memory30/node0/cpu6/firmware_node/subsystem/devices/device:21/physical_node/driver/module/drivers/pci:nvme/0000:00:1f.0/driver/0000:00:1f.0/firmware_node/physical_node/nvme/nvme2/subsystem/nvme2/nvme2n1/device/nvme2n1/holders/md0/md/dev-nvme2n1/block/holders/md0/slaves/nvme1n1/mq/7/cpu7 HTTP/1.1" 200 3018 "-" "Amazon CloudFront"
64.252.68.74 - - [03/Sep/2026:00:47:32 +0000] "GET /products/detail/208628339?path=//sys/bus/node/devices/node0/cpu1/driver/cpu7/driver/cpu2/node0/cpu1/firmware_node/thermal_cooling/device/physical_node/firmware_node/subsystem/drivers/button/LNXSLPBN:00/subsystem/devices/device:21/physical_node/nvme/nvme2/nvme2n1/device/nvme2n1/holders/md0/md/rd0/block/trace HTTP/1.1" 200 3437 "-" "Amazon CloudFront"
64.252.67.164 - - [03/Sep/2026:00:47:37 +0000] "GET /?path=//sys/bus/memory/devices/memory1/node0/memory30/node0/cpu6/firmware_node/subsystem/devices/device:21/physical_node/driver/module/drivers/pci:nvme/0000:00:1f.0/driver/0000:00:1f.0/firmware_node/physical_node/nvme/nvme2/subsystem/nvme1/device/nvme/nvme1/nvme1n1/holders/md0/md/rd0/block/holders/md0/md/dev-nvme1n1/block/mq/0 HTTP/1.1" 200 3487 "-" "Amazon CloudFront"
64.252.67.164 - - [03/Sep/2026:00:47:41 +0000] "GET /?path=//sys/class/thermal/cooling_device3/device/physical_node/node0/cpu1/driver/cpu0/node0/cpu2/firmware_node/subsystem/devices/LNXSYSTM:00/LNXSYBUS:00/PNP0C0F:02/subsystem/devices/LNXSYSTM:00/LNXSYBUS:00/PNP0A03:00/device:06/physical_node/driver/0000:00:1e.0/nvme/nvme1/nvme1n1/holders/md0/slaves/nvme2n1/device/nvme2n1/holders/md0/slaves/nvme1n1 HTTP/1.1" 200 4457 "-" "Amazon CloudFront"
64.252.66.102 - - [03/Sep/2026:00:47:44 +0000] "GET /products/detail/208628339?path=//sys/bus/node/devices/node0/cpu1/driver/cpu7/driver/cpu2/node0/cpu1/firmware_node/thermal_cooling/subsystem/cooling_device3/device/subsystem/devices/PNP0A03:00/physical_node/0000:00:1e.0/nvme/nvme1/nvme1n1/holders/md0/md/rd1/block/holders/md0/md/dev-nvme2n1/block/mq/0/cpu0 HTTP/1.1" 200 2986 "-" "Amazon CloudFront"
64.252.67.164 - - [03/Sep/2026:00:47:48 +0000] "GET /products/detail/208628339?path=//sys/bus/node/devices/node0/cpu1/driver/cpu7/driver/cpu2/node0/cpu4/firmware_node/thermal_cooling/device/physical_node/firmware_node/thermal_cooling/device/subsystem/devices/LNXSYSTM:00/LNXSYBUS:00/PNP0A03:00/device:21/physical_node/nvme/nvme2/nvme2n1/holders/md0/slaves/nvme2n1/subsystem/nvme1n1/holders/md0/power HTTP/1.1" 200 3513 "-" "Amazon CloudFront"
64.252.66.61 - - [03/Sep/2026:00:47:52 +0000] "GET /products/detail/272703723?path=//sys/devices/pci0000:00/firmware_node/physical_node/pci_bus/0000:00/device/firmware_node/physical_node/0000:00:00.0/subsystem/drivers/nvme/module/drivers/pci:nvme/0000:00:1e.0/nvme/nvme1/nvme1n1/holders/md0/md/dev-nvme2n1/block/device/nvme2n1/subsystem/nvme2n1/holders/md0/slaves/nvme1n1/mq/7/cpu7 HTTP/1.1" 200 2936 "-" "Amazon CloudFront"
64.252.67.164 - - [03/Sep/2026:00:47:57 +0000] "GET /?path=//sys/bus/node/devices/node0/memory2/node0/cpu4/driver/cpu1/driver/cpu2/subsystem/drivers/processor/cpu2/firmware_node/physical_node/firmware_node/subsystem/devices/LNXSYBUS:00/PNP0A03:00/physical_node/0000:00:1f.0/nvme/nvme2/nvme2n1/holders/md0/md/dev-nvme1n1/block/device/nvme1n1/device/nvme1n1/holders/md0/md/dev-nvme2n1/block/queue HTTP/1.1" 200 4979 "-" "Amazon CloudFront"
64.252.66.102 - - [03/Sep/2026:00:48:01 +0000] "GET /?path=//sys/bus/memory/devices/memory1/node0/memory7/node0/cpu1/subsystem/drivers/processor/cpu5/firmware_node/subsystem/devices/PNP0A03:00/physical_node/firmware_node/physical_node/0000:00:1e.0/driver/0000:00:1f.0/driver/0000:00:1f.0/nvme/nvme2/nvme2n1/holders/md0/md/rd0/block/device/nvme1n1/holders/md0/md/dev-nvme1n1/block/mq/3/cpu3 HTTP/1.1" 200 3024 "-" "Amazon CloudFront"
64.252.66.61 - - [03/Sep/2026:00:48:05 +0000] "GET /?path=//sys/class/thermal/cooling_device3/device/physical_node/node0/memory29/node0/cpu4/driver/cpu2/driver/cpu1/firmware_node/subsystem/devices/device:10/subsystem/devices/LNXSYSTM:00/LNXSYBUS:00/PNP0A03:00/physical_node/pci_bus/0000:00/device/0000:00:1e.0/nvme/nvme1/nvme1n1/holders/md0/slaves/nvme2n1/holders/md0/md/dev-nvme2n1/block/bdi HTTP/1.1" 200 3691 "-" "Amazon CloudFront"
64.252.66.102 - - [03/Sep/2026:00:48:09 +0000] "GET /?path=//sys/class/thermal/cooling_device3/device/physical_node/node0/memory29/node0/cpu4/driver/cpu2/driver/cpu1/firmware_node/subsystem/devices/device:10/subsystem/devices/LNXSYSTM:00/LNXSYBUS:00/PNP0A03:00/physical_node/pci_bus/0000:00/device/0000:00:1e.0/nvme/nvme1/nvme1n1/holders/md0/slaves/nvme2n1/holders/md0/md/dev-nvme2n1/block/integrity HTTP/1.1" 200 3628 "-" "Amazon CloudFront"
64.252.66.61 - - [03/Sep/2026:00:48:13 +0000] "GET /products/detail/208628339?path=//sys/bus/node/devices/node0/cpu1/driver/cpu7/driver/cpu2/node0/cpu4/firmware_node/thermal_cooling/device/physical_node/firmware_node/thermal_cooling/device/subsystem/devices/LNXSYSTM:00/LNXSYBUS:00/PNP0A03:00/device:21/physical_node/nvme/nvme2/nvme2n1/holders/md0/md/rd0/block/subsystem/nvme1n1/mq/2 HTTP/1.1" 200 3442 "-" "Amazon CloudFront"
64.252.66.61 - - [03/Sep/2026:00:48:16 +0000] "GET /?path=//sys/class/thermal/cooling_device3/device/physical_node/node0/memory28/node0/cpu5/firmware_node/subsystem/devices/PNP0A03:00/physical_node/pci_bus/0000:00/device/0000:00:1e.0/driver/0000:00:1f.0/driver/0000:00:1f.0/firmware_node/subsystem/drivers/button/LNXSLPBN:00 HTTP/1.1" 200 3491 "-" "Amazon CloudFront"
64.252.66.102 - - [03/Sep/2026:00:48:20 +0000] "GET /?path=//sys/class/thermal/cooling_device3/device/physical_node/node0/memory28/node0/cpu5/firmware_node/subsystem/devices/PNP0A03:00/physical_node/pci_bus/0000:00/device/0000:00:1e.0/driver/module/drivers/pci:nvme/0000:00:04.0/driver/0000:00:1e.0/firmware_node/subsystem/drivers HTTP/1.1" 200 3285 "-" "Amazon CloudFront"
64.252.67.164 - - [03/Sep/2026:00:48:24 +0000] "GET /products/detail/208628339?path=//sys/bus/node/devices/node0/cpu1/driver/cpu7/driver/cpu2/node0/cpu4/firmware_node/subsystem/devices/PNP0A03:00/physical_node/firmware_node/physical_node/0000:00:04.0/nvme/nvme0/subsystem/nvme2/nvme2n1/device/nvme2n1/holders/md0/md/dev-nvme1n1/block/device/nvme1n1/mq/3 HTTP/1.1" 200 3393 "-" "Amazon CloudFront"
64.252.68.74 - - [03/Sep/2026:00:48:29 +0000] "GET /?path=//sys/bus/acpi/devices/LNXCPU:06/physical_node/driver/cpu6/driver/cpu5/node0/cpu7/node0/cpu2/firmware_node/subsystem/devices/LNXSYSTM:00/LNXSYBUS:00/PNP0A03:00/physical_node/0000:00:05.0/subsystem/drivers/nvme/0000:00:1f.0/nvme/nvme2/nvme2n1/device/nvme2n1/holders/md0/md/dev-nvme1n1/block/holders/md0/md/rd0/block/integrity HTTP/1.1" 200 3604 "-" "Amazon CloudFront"
64.252.66.61 - - [03/Sep/2026:00:48:33 +0000] "GET /?path=//sys/class/thermal/cooling_device3/device/physical_node/node0/memory29/node0/cpu4/driver/cpu2/driver/cpu1/firmware_node/subsystem/devices/device:10/subsystem/devices/LNXSYBUS:00/PNP0A03:00/device:20/physical_node/nvme/nvme1/nvme1n1/holders/md0/md/dev-nvme2n1/block/holders/md0/md/dev-nvme1n1/block/mq/6 HTTP/1.1" 200 3451 "-" "Amazon CloudFront"
64.252.66.102 - - [03/Sep/2026:00:48:38 +0000] "GET /?path=//sys/class/thermal/cooling_device3/device/physical_node/node0/memory28/node0/cpu5/firmware_node/subsystem/devices/PNP0A03:00/physical_node/pci_bus/0000:00/device/0000:00:1e.0/subsystem/devices/0000:00:1f.0/driver/0000:00:1e.0/nvme/nvme1/nvme1n1/trace HTTP/1.1" 200 3358 "-" "Amazon CloudFront"
64.252.68.74 - - [03/Sep/2026:00:48:41 +0000] "GET /?path=//sys/class/thermal/cooling_device3/device/physical_node/node0/cpu1/driver/cpu0/node0/cpu2/firmware_node/subsystem/devices/PNP0303:00/subsystem/devices/LNXSYBUS:00/PNP0A03:00/physical_node/0000:00:1f.0/nvme/nvme2/device/driver/0000:00:1e.0/nvme/nvme1/nvme1n1/holders/md0/slaves/nvme2n1/holders/md0/md/rd0/block/queue HTTP/1.1" 200 4975 "-" "Amazon CloudFront"
64.252.68.74 - - [03/Sep/2026:00:48:45 +0000] "GET /?path=//sys/bus/acpi/devices/LNXCPU:06/physical_node/node0/memory21/node0/cpu0/subsystem/drivers/processor/cpu6/firmware_node/subsystem/devices/device:06/physical_node/driver/0000:00:04.0/driver/0000:00:1f.0/nvme/nvme2/nvme2n1/device/nvme2n1/holders/md0/slaves/nvme1n1/holders/md0/md/dev-nvme1n1/block/mq/7/cpu7 HTTP/1.1" 200 3010 "-" "Amazon CloudFront"
64.252.67.164 - - [03/Sep/2026:00:48:49 +0000] "GET /?path=//sys/class/thermal/cooling_device3/device/physical_node/node0/memory28/node0/cpu5/firmware_node/subsystem/devices/PNP0A03:00/physical_node/pci_bus/0000:00/device/0000:00:1f.0/driver/module/drivers/pci:nvme/0000:00:1e.0/firmware_node/subsystem/devices/device:02/PNP0303:00 HTTP/1.1" 200 3528 "-" "Amazon CloudFront"
64.252.68.74 - - [03/Sep/2026:00:48:52 +0000] "GET /products/detail/208628339?path=//sys/bus/node/devices/node0/cpu1/driver/cpu7/driver/cpu2/node0/cpu1/firmware_node/thermal_cooling/device/physical_node/firmware_node/subsystem/devices/LNXSYSTM:00/LNXSYBUS:00/PNP0A03:00/device:06/physical_node/nvme/nvme0/nvme0n1/subsystem/md0/md/dev-nvme2n1/block/holders/md0/md HTTP/1.1" 200 4142 "-" "Amazon CloudFront"
64.252.66.102 - - [03/Sep/2026:00:48:57 +0000] "GET /?path=//sys/class/thermal/cooling_device3/device/physical_node/node0/memory28/node0/cpu5/firmware_node/subsystem/devices/PNP0A03:00/physical_node/pci_bus/0000:00/device/0000:00:1e.0/driver/module/drivers/pci:nvme/0000:00:04.0/driver/0000:00:1f.0/subsystem/slots/9/module/parameters HTTP/1.1" 200 3233 "-" "Amazon CloudFront"
64.252.67.164 - - [03/Sep/2026:00:49:01 +0000] "GET /?path=//sys/class/thermal/cooling_device3/device/physical_node/node0/memory28/node0/cpu5/firmware_node/subsystem/devices/PNP0A03:00/physical_node/pci_bus/0000:00/device/0000:00:1e.0/driver/0000:00:04.0/driver/0000:00:1e.0/nvme/nvme1/nvme1n1/bdi/subsystem/0:40/power HTTP/1.1" 200 3404 "-" "Amazon CloudFront"
64.252.66.102 - - [03/Sep/2026:00:49:04 +0000] "GET /products/detail/208628339?path=//sys/bus/node/devices/node0/cpu1/driver/cpu7/driver/cpu2/node0/cpu1/firmware_node/thermal_cooling/device/physical_node/firmware_node/subsystem/devices/PNP0A03:00/physical_node/0000:00:1e.0/nvme/nvme1/nvme1n1/subsystem/md0/md/dev-nvme1n1/block/holders/md0/md/rd1/block/mq HTTP/1.1" 200 3446 "-" "Amazon CloudFront"
64.252.66.61 - - [03/Sep/2026:00:49:09 +0000] "GET /?path=//sys/bus/memory/devices/memory1/node0/memory30/node0/cpu6/firmware_node/subsystem/devices/device:21/physical_node/driver/module/drivers/pci:nvme/0000:00:1f.0/driver/0000:00:1f.0/firmware_node/physical_node/nvme/nvme2/subsystem/nvme1/device/nvme/nvme1/nvme1n1/holders/md0/md/dev-nvme2n1/block/device/nvme2n1/holders/md0/md/rd0/block/trace HTTP/1.1" 200 3531 "-" "Amazon CloudFront"
64.252.66.61 - - [03/Sep/2026:00:49:13 +0000] "GET /?path=//sys/class/thermal/cooling_device3/device/physical_node/node0/memory28/node0/cpu3/driver/cpu0/firmware_node/subsystem/devices/device:16/subsystem/devices/LNXSYBUS:00/PNP0A03:00/physical_node/0000:00:1f.0/driver/0000:00:1e.0/nvme/nvme1/nvme1n1/holders/md0/md/rd0/block/device/nvme1n1/holders/md0/md/dev-nvme1n1/block/mq/2/cpu2 HTTP/1.1" 200 3037 "-" "Amazon CloudFront"
64.252.66.102 - - [03/Sep/2026:00:49:17 +0000] "GET /products/detail/208628339?path=//sys/bus/node/devices/node0/cpu1/driver/cpu7/driver/cpu2/node0/cpu1/firmware_node/thermal_cooling/device/physical_node/firmware_node/subsystem/devices/PNP0A03:00/physical_node/0000:00:1e.0/nvme/nvme1/nvme1n1/holders/md0/md/rd1/block/device/subsystem/nvme2/nvme2n1/mq HTTP/1.1" 200 3445 "-" "Amazon CloudFront"
64.252.66.61 - - [03/Sep/2026:00:49:21 +0000] "GET /products/detail/208628339?path=//sys/bus/node/devices/node0/cpu1/driver/cpu7/driver/cpu2/node0/cpu4/firmware_node/subsystem/devices/PNP0A03:00/physical_node/0000:00:04.0/nvme/nvme0/device/nvme/nvme0/nvme0n1/nvme0n1p128/subsystem/nvme2n1/holders/md0/md/rd1/block/device/nvme2n1/power HTTP/1.1" 200 3431 "-" "Amazon CloudFront"
64.252.67.164 - - [03/Sep/2026:00:49:24 +0000] "GET /products/detail/208628339?path=//sys/bus/node/devices/node0/cpu1/driver/cpu7/driver/cpu2/node0/cpu1/firmware_node/thermal_cooling/device/physical_node/firmware_node/subsystem/devices/PNP0A03:00/physical_node/0000:00:1e.0/nvme/nvme1/nvme1n1/holders/md0/md/rd1/block/device/subsystem/nvme2/nvme2n1/queue HTTP/1.1" 200 4737 "-" "Amazon CloudFront"
64.252.66.61 - - [03/Sep/2026:00:49:29 +0000] "GET /?path=//sys/class/thermal/cooling_device3/device/physical_node/node0/memory28/node0/cpu5/firmware_node/subsystem/devices/PNP0A03:00/physical_node/pci_bus/0000:00/device/0000:00:1e.0/driver/0000:00:04.0/subsystem/devices/0000:00:04.0/driver/0000:00:1e.0/nvme/nvme1/nvme1n1/integrity HTTP/1.1" 200 3476 "-" "Amazon CloudFront"
64.252.66.102 - - [03/Sep/2026:00:49:33 +0000] "GET /?path=//sys/class/thermal/cooling_device3/device/physical_node/node0/memory28/node0/cpu5/firmware_node/subsystem/devices/PNP0A03:00/physical_node/pci_bus/0000:00/device/0000:00:1f.0/driver/module/drivers/pci:nvme/0000:00:1f.0/firmware_node/subsystem/devices/LNXSYBUS:00/power HTTP/1.1" 200 3414 "-" "Amazon CloudFront"
64.252.67.164 - - [03/Sep/2026:00:49:37 +0000] "GET /?path=//sys/class/thermal/cooling_device3/device/physical_node/node0/memory28/node0/cpu5/firmware_node/subsystem/devices/LNXSYBUS:00/PNP0A03:00/device:1b/subsystem/devices/LNXSYBUS:00/PNP0A03:00/device:21/physical_node/driver/module/drivers/pci:nvme/0000:00:1f.0/driver/0000:00:1e.0/nvme/nvme1/nvme1n1/holders/md0/md/rd1/block/holders/md0/slaves/nvme2n1/mq/5/cpu5 HTTP/1.1" 200 3076 "-" "Amazon CloudFront"
64.252.67.164 - - [03/Sep/2026:00:49:41 +0000] "GET /?path=//sys/bus/memory/devices/memory1/node0/memory28/node0/cpu2/driver/cpu4/firmware_node/subsystem/devices/PNP0A03:00/physical_node/0000:00:04.0/driver/0000:00:1f.0/subsystem/drivers/nvme/0000:00:1e.0/firmware_node/physical_node/nvme/nvme1/nvme1n1/device/nvme1n1/holders/md0/md/dev-nvme2n1/block/holders/md0/md/rd1/block/mq/1 HTTP/1.1" 200 3490 "-" "Amazon CloudFront"
64.252.66.61 - - [03/Sep/2026:00:49:45 +0000] "GET /?path=//sys/class/thermal/cooling_device3/device/physical_node/node0/memory28/node0/cpu3/driver/cpu0/firmware_node/subsystem/devices/device:05/subsystem/devices/LNXSYBUS:00/PNP0A03:00/physical_node/0000:00:04.0/driver/module/drivers/pci:nvme/module/drivers/pci:nvme/0000:00:1f.0/nvme/nvme2/device/nvme/nvme2/nvme2n1/holders/md0/md/rd0/block/holders/md0/bdi HTTP/1.1" 200 3703 "-" "Amazon CloudFront"
64.252.72.118 - - [03/Sep/2026:00:49:46 +0000] "GET /prizes/90308824?path=/var/www/volumes/2f8f8f563d0647048fc1183ad8aa26bd HTTP/1.1" 200 2642 "-" "Amazon CloudFront"
64.252.68.74 - - [03/Sep/2026:00:49:49 +0000] "GET /products/detail/208628339?path=//sys/bus/node/devices/node0/cpu1/driver/cpu7/driver/cpu2/node0/cpu4/firmware_node/thermal_cooling/device/physical_node/firmware_node/thermal_cooling/device/subsystem/devices/device:20/physical_node/nvme/nvme1/nvme1n1/subsystem/nvme2n1/holders/md0/md/rd1/block/holders/md0/bdi HTTP/1.1" 200 3555 "-" "Amazon CloudFront"
64.252.66.102 - - [03/Sep/2026:00:49:53 +0000] "GET /?path=//sys/class/thermal/cooling_device3/device/physical_node/node0/cpu1/driver/cpu0/node0/cpu2/firmware_node/subsystem/devices/LNXSYSTM:00/LNXSYBUS:00/PNP0C0F:04/subsystem/devices/PNP0A03:00/physical_node/0000:00:1f.0/nvme/nvme2/device/driver/module/drivers/pci:nvme/module/drivers/pci:nvme/0000:00:1e.0/nvme/nvme1/nvme1n1/holders/md0/slaves/nvme1n1/holders/md0/md/rd1/block HTTP/1.1" 200 4519 "-" "Amazon CloudFront"
64.252.66.102 - - [03/Sep/2026:00:49:56 +0000] "GET /?path=//sys/bus/memory/devices/memory1/node0/memory7/node0/cpu1/subsystem/drivers/processor/cpu5/firmware_node/subsystem/devices/PNP0A03:00/physical_node/firmware_node/physical_node/0000:00:1e.0/driver/module/drivers/pci:nvme/0000:00:1f.0/driver/0000:00:1e.0/nvme/nvme1/nvme1n1/device/nvme1n1/holders/md0/md/rd1/block/holders/md0/queue HTTP/1.1" 200 4915 "-" "Amazon CloudFront"
64.252.66.61 - - [03/Sep/2026:00:50:01 +0000] "GET /products/detail/208628339?path=//sys/bus/node/devices/node0/cpu1/driver/cpu7/driver/cpu2/node0/cpu4/firmware_node/subsystem/devices/LNXSYSTM:00/LNXSYBUS:00/PNP0A03:00/device:20/physical_node/nvme/nvme1/device/nvme/nvme1/nvme1n1/device/nvme1n1/holders/md0/md/rd1/block/bdi HTTP/1.1" 200 3531 "-" "Amazon CloudFront"
64.252.68.74 - - [03/Sep/2026:00:50:05 +0000] "GET /products/detail/208628339?path=//sys/bus/node/devices/node0/cpu1/driver/cpu7/driver/cpu2/node0/cpu4/firmware_node/subsystem/devices/PNP0A03:00/physical_node/0000:00:1e.0/subsystem/drivers/nvme/module/drivers/pci:nvme/0000:00:1f.0/firmware_node/physical_node/nvme/nvme2/nvme2n1/holders/md0/slaves/nvme1n1/mq HTTP/1.1" 200 3454 "-" "Amazon CloudFront"
64.252.66.61 - - [03/Sep/2026:00:50:08 +0000] "GET /?path=//sys/class/thermal/cooling_device3/device/physical_node/node0/memory0/node0/cpu0/firmware_node/subsystem/devices/device:02/QEMU0001:00/subsystem/devices/LNXSYBUS:00/PNP0A03:00/physical_node/0000:00:1f.0/driver/module/drivers/pci:nvme/0000:00:1e.0/driver/module/drivers/pci:nvme/0000:00:1e.0/nvme/nvme1/nvme1n1/holders/md0/md/rd0/block/holders/md0/md/rd1/block/mq/7 HTTP/1.1" 200 3561 "-" "Amazon CloudFront"
64.252.67.164 - - [03/Sep/2026:00:50:13 +0000] "GET /?path=//sys/bus/memory/devices/memory14/node0/memory20/node0/cpu7/driver/cpu2/driver/cpu4/firmware_node/subsystem/devices/PNP0A03:00/physical_node/0000:00:1f.0/firmware_node/physical_node/nvme/nvme2/device/nvme/nvme2/nvme2n1/holders/md0/md/dev-nvme2n1/block/holders/md0/md/dev-nvme1n1/block/device/nvme1n1/subsystem/nvme0n1/nvme0n1p128/power HTTP/1.1" 200 3550 "-" "Amazon CloudFront"
64.252.66.61 - - [03/Sep/2026:00:50:16 +0000] "GET /?path=//sys/class/thermal/cooling_device3/device/physical_node/node0/memory28/node0/cpu5/firmware_node/subsystem/devices/PNP0A03:00/physical_node/pci_bus/0000:00/device/0000:00:04.0/subsystem/devices/0000:00:1f.0/driver/module/drivers/pci:nvme/0000:00:04.0/driver/0000:00:1f.0 HTTP/1.1" 200 4826 "-" "Amazon CloudFront"
64.252.66.61 - - [03/Sep/2026:00:50:21 +0000] "GET /products/detail/208628339?path=//sys/bus/node/devices/node0/cpu1/driver/cpu7/driver/cpu2/node0/cpu1/firmware_node/thermal_cooling/device/physical_node/firmware_node/subsystem/devices/LNXSYSTM:00/LNXSYBUS:00/PNP0A03:00/device:06/physical_node/nvme/nvme0/nvme0n1/subsystem/md0/md/dev-nvme2n1/block/mq/5/cpu5 HTTP/1.1" 200 2958 "-" "Amazon CloudFront"
64.252.68.74 - - [03/Sep/2026:00:50:25 +0000] "GET /products/detail/208628339?path=//sys/bus/node/devices/node0/cpu1/driver/cpu7/driver/cpu2/node0/cpu4/firmware_node/thermal_cooling/device/physical_node/firmware_node/subsystem/devices/device:21/physical_node/nvme/nvme2/nvme2n1/subsystem/md0/md/dev-nvme1n1/block/holders/md0/slaves/nvme2n1/mq/7/cpu7 HTTP/1.1" 200 2940 "-" "Amazon CloudFront"
64.252.67.164 - - [03/Sep/2026:00:50:28 +0000] "GET /products/detail/208628339?path=//sys/bus/node/devices/node0/cpu1/driver/cpu7/driver/cpu2/node0/cpu1/firmware_node/thermal_cooling/device/physical_node/firmware_node/subsystem/devices/device:06/physical_node/nvme/nvme0/nvme0n1/nvme0n1p1/subsystem/md0/md/dev-nvme1n1/block/mq/6/cpu6 HTTP/1.1" 200 2906 "-" "Amazon CloudFront"
64.252.68.74 - - [03/Sep/2026:00:50:32 +0000] "GET /?path=//sys/bus/memory/devices/memory1/node0/memory7/node0/cpu1/subsystem/drivers/processor/cpu5/firmware_node/subsystem/devices/PNP0A03:00/physical_node/firmware_node/physical_node/0000:00:1e.0/driver/0000:00:1e.0/nvme/nvme1/nvme1n1/holders/md0/md/dev-nvme2n1/block/holders/md0/slaves/nvme1n1/device/device/driver/0000:00:1f.0/nvme/nvme2/nvme2n1/bdi/power HTTP/1.1" 200 3501 "-" "Amazon CloudFront"
64.252.66.102 - - [03/Sep/2026:00:50:37 +0000] "GET /?path=//sys/bus/memory/devices/memory1/node0/memory28/node0/cpu2/driver/cpu4/firmware_node/subsystem/devices/PNP0A03:00/physical_node/0000:00:04.0/nvme/nvme0/nvme0n1/nvme0n1p1/subsystem/md0/md/dev-nvme2n1/block/holders/md0/md/dev-nvme1n1/block/device/device/firmware_node/physical_node/driver/module/drivers/pci:nvme/module/drivers/pci:nvme/0000:00:04.0/nvme/nvme0 HTTP/1.1" 200 4045 "-" "Amazon CloudFront"
64.252.66.61 - - [03/Sep/2026:00:50:41 +0000] "GET /?path=//sys/class/thermal/cooling_device3/device/physical_node/node0/memory28/node0/cpu5/firmware_node/subsystem/devices/PNP0A03:00/physical_node/pci_bus/0000:00/device/firmware_node/device:1c/subsystem/devices/LNXSYSTM:00/LNXSYBUS:00/PNP0A03:00/device:02/PNP0B00:00/power HTTP/1.1" 200 3401 "-" "Amazon CloudFront"
64.252.67.164 - - [03/Sep/2026:00:50:45 +0000] "GET /?path=//sys/class/thermal/cooling_device3/device/physical_node/node0/memory28/node0/cpu5/firmware_node/subsystem/devices/LNXSYBUS:00/PNP0A03:00/device:1b/subsystem/devices/LNXSYBUS:00/PNP0A03:00/physical_node/pci_bus/0000:00/device/0000:00:1f.0/driver/module/drivers/pci:nvme/module/drivers/pci:nvme/0000:00:04.0/driver/0000:00:1f.0/nvme/nvme2/nvme2n1/slaves HTTP/1.1" 200 3015 "-" "Amazon CloudFront"
64.252.66.61 - - [03/Sep/2026:00:50:49 +0000] "GET /?path=//sys/class/thermal/cooling_device3/device/physical_node/node0/memory28/node0/cpu5/firmware_node/subsystem/devices/PNP0A03:00/physical_node/pci_bus/0000:00/device/0000:00:1f.0/driver/module/drivers/pci:nvme/0000:00:04.0/driver/0000:00:04.0/subsystem/slots/13 HTTP/1.1" 200 3536 "-" "Amazon CloudFront"
64.252.67.164 - - [03/Sep/2026:00:50:52 +0000] "GET /?path=//sys/bus/memory/devices/memory1/node0/memory28/node0/cpu2/driver/cpu4/firmware_node/subsystem/devices/PNP0A03:00/physical_node/0000:00:04.0/driver/0000:00:1f.0/subsystem/drivers/nvme/0000:00:1f.0/nvme/nvme2/nvme2n1/holders/md0/slaves/nvme1n1/device/nvme1n1/holders/md0/md/rd1/block/device/nvme2n1/mq HTTP/1.1" 200 3479 "-" "Amazon CloudFront"
64.252.66.102 - - [03/Sep/2026:00:50:57 +0000] "GET /products/detail/208628339?path=//sys/bus/node/devices/node0/cpu1/driver/cpu7/driver/cpu2/node0/cpu4/firmware_node/subsystem/devices/LNXSYSTM:00/LNXSYBUS:00/PNP0A03:00/device:05/physical_node/subsystem/drivers/nvme/0000:00:1f.0/firmware_node/physical_node/nvme/nvme2/nvme2n1/holders/md0/slaves/nvme2n1/mq/6/cpu6 HTTP/1.1" 200 2981 "-" "Amazon CloudFront"
64.252.68.74 - - [03/Sep/2026:00:51:01 +0000] "GET /?path=//sys/class/thermal/cooling_device3/device/physical_node/node0/memory28/node0/cpu5/firmware_node/subsystem/devices/LNXSYBUS:00/PNP0A03:00/device:1b/subsystem/devices/LNXSYBUS:00/PNP0A03:00/physical_node/0000:00:04.0/driver/0000:00:1e.0/driver/0000:00:1f.0/nvme/nvme2/nvme2n1/device/nvme2n1/holders/md0/md/dev-nvme2n1/block/holders/md0/slaves/nvme1n1 HTTP/1.1" 200 4435 "-" "Amazon CloudFront"
64.252.68.74 - - [03/Sep/2026:00:51:05 +0000] "GET /?path=//sys/class/thermal/cooling_device3/device/physical_node/node0/memory28/node0/cpu5/firmware_node/subsystem/devices/PNP0A03:00/physical_node/pci_bus/0000:00/device/0000:00:1f.0/driver/module/drivers/pci:nvme/0000:00:1f.0/firmware_node/subsystem/devices/device:1d/power HTTP/1.1" 200 3405 "-" "Amazon CloudFront"
64.252.66.102 - - [03/Sep/2026:00:51:09 +0000] "GET /?path=//sys/bus/memory/devices/memory1/node0/memory30/node0/cpu6/firmware_node/subsystem/devices/device:21/physical_node/driver/module/drivers/pci:nvme/0000:00:1e.0/driver/0000:00:1f.0/nvme/nvme2/nvme2n1/subsystem/nvme2n1/holders/md0/md/dev-nvme1n1/block/holders/md0/slaves/nvme1n1/device/device/nvme/nvme1/nvme1n1/bdi/power HTTP/1.1" 200 3558 "-" "Amazon CloudFront"
64.252.68.74 - - [03/Sep/2026:00:51:13 +0000] "GET /?path=//sys/class/thermal/cooling_device3/device/physical_node/node0/memory28/node0/cpu5/firmware_node/subsystem/devices/PNP0A03:00/physical_node/pci_bus/0000:00/device/0000:00:1f.0/driver/module/drivers/pci:nvme/0000:00:04.0/driver/0000:00:04.0/subsystem/slots/25 HTTP/1.1" 200 3536 "-" "Amazon CloudFront"
64.252.68.74 - - [03/Sep/2026:00:51:17 +0000] "GET /?path=//sys/bus/node/devices/node0/memory2/node0/cpu4/driver/cpu1/driver/cpu2/subsystem/drivers/processor/cpu2/firmware_node/physical_node/firmware_node/subsystem/devices/PNP0A03:00/physical_node/0000:00:1f.0/nvme/nvme2/nvme2n1/device/nvme2n1/holders/md0/md/rd1/block/holders/md0/slaves/nvme1n1/mq/4/cpu4 HTTP/1.1" 200 3005 "-" "Amazon CloudFront"
64.252.66.61 - - [03/Sep/2026:00:51:21 +0000] "GET /?path=//sys/class/thermal/cooling_device3/device/physical_node/node0/memory28/node0/cpu5/firmware_node/subsystem/devices/PNP0A03:00/physical_node/pci_bus/0000:00/device/0000:00:1f.0/driver/module/drivers/pci:nvme/0000:00:04.0/driver/0000:00:04.0/subsystem/slots/10 HTTP/1.1" 200 3536 "-" "Amazon CloudFront"
64.252.67.164 - - [03/Sep/2026:00:51:27 +0000] "GET /?path=//sys/class/thermal/cooling_device3/device/physical_node/node0/memory28/node0/cpu5/firmware_node/subsystem/devices/PNP0A03:00/physical_node/pci_bus/0000:00/device/0000:00:01.0/subsystem/drivers/nvme/module/drivers/pci:nvme/0000:00:1f.0/driver/module/holders HTTP/1.1" 200 2895 "-" "Amazon CloudFront"
64.252.66.102 - - [03/Sep/2026:00:51:29 +0000] "GET /?path=//sys/bus/memory/devices/memory1/node0/memory30/node0/cpu6/firmware_node/subsystem/devices/device:21/physical_node/driver/module/drivers/pci:nvme/0000:00:1e.0/nvme/nvme1/nvme1n1/device/subsystem/nvme0/device/driver/0000:00:1f.0/firmware_node/physical_node/nvme/nvme2/nvme2n1/holders/md0/slaves/nvme2n1/holders/md0/md/dev-nvme1n1/block/mq/0 HTTP/1.1" 200 3517 "-" "Amazon CloudFront"
64.252.68.74 - - [03/Sep/2026:00:51:33 +0000] "GET /?path=//sys/bus/memory/devices/memory1/node0/memory7/node0/cpu1/subsystem/drivers/processor/cpu5/firmware_node/subsystem/devices/PNP0A03:00/physical_node/firmware_node/device:20/physical_node/driver/0000:00:1f.0/nvme/nvme2/nvme2n1/device/device/nvme/nvme2/nvme2n1/holders/md0/md/rd1/block/holders/md0/md/rd1/block/integrity HTTP/1.1" 200 3575 "-" "Amazon CloudFront"
64.252.67.164 - - [03/Sep/2026:00:51:36 +0000] "GET /?path=//sys/class/thermal/cooling_device3/device/physical_node/node0/memory28/node0/cpu5/firmware_node/subsystem/devices/LNXSYSTM:00/LNXSYBUS:00/PNP0A03:00/physical_node/0000:00:04.0/driver/0000:00:1e.0/nvme/nvme1/device/driver/0000:00:1f.0/nvme/nvme2/nvme2n1/holders/md0/md/dev-nvme1n1/block/holders/md0/md/rd0/block/subsystem/nvme2n1/slaves HTTP/1.1" 200 3034 "-" "Amazon CloudFront"
64.252.68.74 - - [03/Sep/2026:00:51:41 +0000] "GET /?path=//sys/class/thermal/cooling_device3/device/physical_node/node0/memory28/node0/cpu5/firmware_node/subsystem/devices/PNP0A03:00/physical_node/pci_bus/0000:00/device/0000:00:1f.0/driver/module/drivers/pci:nvme/0000:00:04.0/driver/0000:00:04.0/subsystem/slots/7 HTTP/1.1" 200 3535 "-" "Amazon CloudFront"
64.252.67.164 - - [03/Sep/2026:00:51:44 +0000] "GET /products/detail/208628339?path=//sys/bus/node/devices/node0/cpu1/driver/cpu7/driver/cpu2/node0/cpu4/firmware_node/subsystem/devices/PNP0A03:00/physical_node/0000:00:04.0/nvme/nvme0/device/nvme/nvme0/nvme0n1/nvme0n1p128/subsystem/nvme2n1/holders/md0/md/dev-nvme1n1/block/device/nvme1n1/mq HTTP/1.1" 200 3445 "-" "Amazon CloudFront"
64.252.67.164 - - [03/Sep/2026:00:51:49 +0000] "GET /?path=//sys/class/thermal/cooling_device3/device/physical_node/node0/memory28/node0/cpu5/firmware_node/subsystem/devices/PNP0A03:00/physical_node/pci_bus/0000:00/device/firmware_node/device:14/subsystem/devices/LNXSYSTM:00/LNXPWRBN:00/driver/LNXPWRBN:00/driver/LNXSLPBN:00/input/input4/power HTTP/1.1" 200 3440 "-" "Amazon CloudFront"
64.252.66.61 - - [03/Sep/2026:00:51:50 +0000] "GET /products/detail/172439228?fileloc=/var/www/volumes/69b4844ae61d4e92bf26ad98af552775/logs/openlitespeed/access.log.2026_08_15.12&path=/var/www/volumes/69b4844ae61d4e92bf26ad98af552775/logs/openlitespeed HTTP/1.1" 200 641023 "-" "Amazon CloudFront"
64.252.67.164 - - [03/Sep/2026:00:51:52 +0000] "GET /?path=//sys/bus/memory/devices/memory1/node0/memory28/node0/cpu2/driver/cpu4/firmware_node/subsystem/devices/PNP0A03:00/physical_node/0000:00:04.0/driver/0000:00:1f.0/subsystem/drivers/nvme/0000:00:1f.0/nvme/nvme2/nvme2n1/device/nvme2n1/holders/md0/md/dev-nvme1n1/block/holders/md0/md/rd0/block/mq/6 HTTP/1.1" 200 3442 "-" "Amazon CloudFront"
64.252.66.61 - - [03/Sep/2026:00:51:56 +0000] "GET /?path=//sys/class/thermal/cooling_device3/device/physical_node/node0/memory28/node0/cpu5/firmware_node/subsystem/devices/PNP0A03:00/physical_node/pci_bus/0000:00/device/0000:00:1f.0/driver/0000:00:1f.0/driver/0000:00:1e.0/nvme/nvme1/nvme1n1/mq/0/cpu0 HTTP/1.1" 200 2885 "-" "Amazon CloudFront"
64.252.66.61 - - [03/Sep/2026:00:52:01 +0000] "GET /?path=//sys/bus/memory/devices/memory1/node0/memory28/node0/cpu2/driver/cpu4/firmware_node/subsystem/devices/PNP0A03:00/physical_node/0000:00:04.0/driver/0000:00:1f.0/subsystem/drivers/nvme/0000:00:1f.0/nvme/nvme2/nvme2n1/device/nvme2n1/holders/md0/md/dev-nvme1n1/block/holders/md0/md/rd0/block/mq/4 HTTP/1.1" 200 3439 "-" "Amazon CloudFront"
64.252.66.61 - - [03/Sep/2026:00:52:01 +0000] "GET /?fileloc=//etc/DIR_COLORS.256color&path=//etc HTTP/1.1" 200 4823 "-" "Amazon CloudFront"
64.252.66.102 - - [03/Sep/2026:00:52:09 +0000] "GET /?path=//sys/bus/memory/devices/memory1/node0/memory7/node0/cpu1/subsystem/drivers/processor/cpu5/firmware_node/subsystem/devices/PNP0A03:00/physical_node/firmware_node/device:20/physical_node/driver/0000:00:1f.0/nvme/nvme2/device/driver/0000:00:1e.0/nvme/nvme1/nvme1n1/holders/md0/md/rd0/block/holders/md0/md/dev-nvme2n1/block/mq/6/cpu6 HTTP/1.1" 200 3036 "-" "Amazon CloudFront"
64.252.66.61 - - [03/Sep/2026:00:52:12 +0000] "GET /?path=//sys/bus/memory/devices/memory1/node0/memory30/node0/cpu6/firmware_node/subsystem/devices/device:21/physical_node/driver/module/drivers/pci:nvme/0000:00:1f.0/driver/0000:00:1f.0/firmware_node/physical_node/nvme/nvme2/subsystem/nvme1/device/nvme/nvme1/nvme1n1/holders/md0/md/rd0/block/holders/md0/slaves/nvme2n1/mq/4/cpu4 HTTP/1.1" 200 3023 "-" "Amazon CloudFront"
64.252.68.74 - - [03/Sep/2026:00:52:17 +0000] "GET /?path=//sys/class/thermal/cooling_device3/device/physical_node/node0/memory28/node0/cpu5/firmware_node/subsystem/devices/PNP0A03:00/physical_node/pci_bus/0000:00/device/0000:00:01.3/subsystem/devices/0000:00:1f.0/driver/0000:00:1e.0/driver/module/drivers/pci:nvme/module/drivers HTTP/1.1" 200 3183 "-" "Amazon CloudFront"
64.252.67.164 - - [03/Sep/2026:00:52:20 +0000] "GET /?path=//sys/class/thermal/cooling_device3/device/physical_node/node0/cpu1/driver/cpu0/node0/cpu2/firmware_node/subsystem/devices/PNP0303:00/subsystem/devices/LNXSYBUS:00/PNP0A03:00/physical_node/0000:00:1e.0/driver/module/drivers/pci:nvme/module/drivers/pci:nvme/0000:00:1f.0/nvme/nvme2/nvme2n1/holders/md0/md/dev-nvme2n1/block/device/nvme2n1/mq/0 HTTP/1.1" 200 3526 "-" "Amazon CloudFront"
64.252.68.74 - - [03/Sep/2026:00:52:24 +0000] "GET /products/detail/208628339?path=//sys/bus/node/devices/node0/cpu1/driver/cpu7/driver/cpu2/node0/cpu4/firmware_node/subsystem/devices/PNP0A03:00/physical_node/0000:00:1e.0/subsystem/drivers/nvme/0000:00:1e.0/nvme/nvme1/nvme1n1/holders/md0/md/dev-nvme2n1/block/holders/md0/md/rd1/block/device HTTP/1.1" 200 3893 "-" "Amazon CloudFront"
64.252.66.61 - - [03/Sep/2026:00:52:29 +0000] "GET /?path=//sys/bus/memory/devices/memory1/node0/memory7/node0/cpu1/subsystem/drivers/processor/cpu5/firmware_node/subsystem/devices/PNP0A03:00/physical_node/firmware_node/physical_node/0000:00:1e.0/driver/module/drivers/pci:nvme/0000:00:1f.0/driver/0000:00:1e.0/nvme/nvme1/nvme1n1/device/nvme1n1/holders/md0/md/dev-nvme2n1/block/device/nvme2n1/mq/4 HTTP/1.1" 200 3504 "-" "Amazon CloudFront"
64.252.67.164 - - [03/Sep/2026:00:52:29 +0000] "GET /?path=//sys/class/thermal/cooling_device3/device/physical_node/node0/memory28/node0/cpu5/firmware_node/subsystem/devices/PNP0A03:00/physical_node/pci_bus/0000:00/device/0000:00:04.0/driver/0000:00:04.0/driver/0000:00:1e.0/subsystem/devices/0000:00:1f.0/nvme/nvme2/nvme2n1 HTTP/1.1" 200 4207 "-" "Amazon CloudFront"
64.252.66.102 - - [03/Sep/2026:00:52:33 +0000] "GET /?path=//sys/class/thermal/cooling_device3/device/physical_node/node0/cpu1/driver/cpu0/node0/cpu2/firmware_node/subsystem/devices/LNXSYSTM:00/LNXSYBUS:00/PNP0C0F:02/subsystem/devices/LNXSYSTM:00/LNXSYBUS:00/PNP0A03:00/physical_node/0000:00:1e.0/driver/module/drivers/pci:nvme/0000:00:1f.0/nvme/nvme2/nvme2n1/device/nvme2n1/holders/md0/md/rd0/block/integrity HTTP/1.1" 200 3630 "-" "Amazon CloudFront"
64.252.67.164 - - [03/Sep/2026:00:52:36 +0000] "GET /products/detail/208628339?path=//sys/bus/node/devices/node0/cpu1/driver/cpu7/driver/cpu2/node0/cpu4/firmware_node/subsystem/devices/PNP0A03:00/physical_node/0000:00:04.0/firmware_node/physical_node/nvme/nvme0/device/nvme/nvme0/subsystem/nvme1/nvme1n1/holders/md0/slaves/nvme2n1/holders/md0/slaves/nvme1n1/device HTTP/1.1" 200 3895 "-" "Amazon CloudFront"
64.252.68.74 - - [03/Sep/2026:00:52:40 +0000] "GET /products/detail/272703723?path=//sys/devices/pci0000:00/firmware_node/physical_node/pci_bus/0000:00/device/firmware_node/physical_node/0000:00:00.0/subsystem/drivers/nvme/module/drivers/pci:nvme/0000:00:04.0/driver/0000:00:1e.0/nvme/nvme1/nvme1n1/holders/md0/md/dev-nvme1n1/block/holders/md0/md/rd0/block/device/subsystem/nvme0/nvme0n1/mq/1/cpu7 HTTP/1.1" 200 2987 "-" "Amazon CloudFront"
64.252.68.74 - - [03/Sep/2026:00:52:45 +0000] "GET /?path=//sys/class/thermal/cooling_device3/device/physical_node/node0/memory28/node0/cpu3/driver/cpu0/firmware_node/subsystem/devices/device:05/subsystem/devices/LNXSYBUS:00/PNP0A03:00/physical_node/0000:00:04.0/driver/module/drivers/pci:nvme/module/drivers/pci:nvme/0000:00:1f.0/nvme/nvme2/device/nvme/nvme2/nvme2n1/holders/md0/md/dev-nvme2n1/block/mq/4 HTTP/1.1" 200 3525 "-" "Amazon CloudFront"
64.252.67.164 - - [03/Sep/2026:00:52:48 +0000] "GET /products/detail/208628339?path=//sys/bus/node/devices/node0/cpu1/driver/cpu7/driver/cpu2/node0/cpu4/firmware_node/subsystem/devices/PNP0A03:00/physical_node/0000:00:1e.0/subsystem/drivers/nvme/0000:00:1e.0/nvme/nvme1/nvme1n1/holders/md0/md/dev-nvme2n1/block/holders/md0/md/rd1/block/bdi HTTP/1.1" 200 3548 "-" "Amazon CloudFront"
64.252.67.164 - - [03/Sep/2026:00:52:53 +0000] "GET /products/detail/208628339?path=//sys/bus/node/devices/node0/cpu1/driver/cpu7/driver/cpu2/node0/cpu4/firmware_node/subsystem/devices/PNP0A03:00/physical_node/0000:00:04.0/nvme/nvme0/nvme0n1/device/nvme0n1/nvme0n1p1/subsystem/nvme2n1/holders/md0/slaves/nvme1n1/device/nvme1n1/mq/2 HTTP/1.1" 200 3370 "-" "Amazon CloudFront"
64.252.67.164 - - [03/Sep/2026:00:52:58 +0000] "GET /?path=//sys/class/thermal/cooling_device3/device/physical_node/node0/cpu1/driver/cpu0/node0/cpu2/firmware_node/subsystem/devices/LNXSYSTM:00/LNXSYBUS:00/PNP0C0F:02/subsystem/devices/LNXSYSTM:00/LNXSYBUS:00/PNP0A03:00/physical_node/0000:00:1e.0/driver/module/drivers/pci:nvme/0000:00:1f.0/nvme/nvme2/nvme2n1/device/nvme2n1/holders/md0/md/rd0/block/slaves HTTP/1.1" 200 3052 "-" "Amazon CloudFront"
64.252.67.164 - - [03/Sep/2026:00:53:01 +0000] "GET /products/detail/208628339?path=//sys/bus/node/devices/node0/cpu1/driver/cpu7/driver/cpu2/node0/cpu4/firmware_node/subsystem/devices/PNP0A03:00/physical_node/0000:00:04.0/nvme/nvme0/device/nvme/nvme0/subsystem/nvme2/nvme2n1/holders/md0/slaves/nvme2n1/holders/md0/bdi HTTP/1.1" 200 3505 "-" "Amazon CloudFront"
64.252.66.61 - - [03/Sep/2026:00:53:04 +0000] "GET /?path=//sys/bus/acpi/devices/LNXCPU:06/physical_node/node0/memory21/node0/cpu0/subsystem/drivers/processor/cpu6/firmware_node/subsystem/devices/device:06/physical_node/driver/0000:00:04.0/driver/0000:00:1f.0/nvme/nvme2/nvme2n1/device/nvme2n1/holders/md0/md/dev-nvme1n1/block/device/nvme1n1/holders/md0/md/rd0/block/slaves HTTP/1.1" 200 3006 "-" "Amazon CloudFront"
64.252.66.102 - - [03/Sep/2026:00:53:09 +0000] "GET /?path=//sys/class/thermal/cooling_device3/device/physical_node/node0/cpu1/driver/cpu0/node0/cpu2/firmware_node/subsystem/devices/LNXSYSTM:00/LNXSYBUS:00/PNP0C0F:04/subsystem/devices/PNP0A03:00/physical_node/0000:00:1f.0/driver/module/drivers/pci:nvme/0000:00:1e.0/nvme/nvme1/nvme1n1/holders/md0/md/dev-nvme1n1/block/holders/md0/md/dev-nvme2n1/block/device/nvme2n1/mq/6/cpu6 HTTP/1.1" 200 3098 "-" "Amazon CloudFront"
64.252.67.164 - - [03/Sep/2026:00:53:12 +0000] "GET /products/detail/208628339?path=//sys/bus/node/devices/node0/cpu1/driver/cpu7/driver/cpu2/node0/cpu4/firmware_node/subsystem/devices/PNP0A03:00/physical_node/0000:00:04.0/nvme/nvme0/nvme0n1/subsystem/nvme1n1/holders/md0/md/rd0/block/device/device/nvme/nvme1/nvme1n1/mq/7/cpu7 HTTP/1.1" 200 2928 "-" "Amazon CloudFront"
64.252.66.102 - - [03/Sep/2026:00:53:16 +0000] "GET /products/detail/208628339?path=//sys/bus/node/devices/node0/cpu1/driver/cpu7/driver/cpu2/node0/cpu4/firmware_node/subsystem/devices/PNP0A03:00/physical_node/0000:00:1f.0/subsystem/drivers/nvme/0000:00:1e.0/firmware_node/physical_node/nvme/nvme1/nvme1n1/holders/md0/md/rd1/block/mq/2 HTTP/1.1" 200 3368 "-" "Amazon CloudFront"
64.252.67.164 - - [03/Sep/2026:00:53:20 +0000] "GET /?path=//sys/class/thermal/cooling_device3/device/physical_node/node0/cpu1/driver/cpu0/node0/cpu2/firmware_node/subsystem/devices/LNXSYSTM:00/LNXSYBUS:00/PNP0C0F:04/subsystem/devices/PNP0A03:00/device:20/physical_node/driver/module/drivers/pci:nvme/0000:00:1e.0/nvme/nvme1/device/nvme/nvme1/nvme1n1/holders/md0/md/rd0/block/holders/md0/slaves/nvme1n1/mq/5 HTTP/1.1" 200 3551 "-" "Amazon CloudFront"
64.252.66.102 - - [03/Sep/2026:00:53:24 +0000] "GET /?path=//sys/class/thermal/cooling_device3/device/physical_node/node0/memory28/node0/cpu5/firmware_node/subsystem/devices/PNP0A03:00/physical_node/pci_bus/0000:00/device/0000:00:1f.0/driver/module/drivers/pci:nvme/0000:00:1f.0/firmware_node/subsystem/devices/LNXCPU:02/thermal_cooling HTTP/1.1" 200 3505 "-" "Amazon CloudFront"
64.252.66.61 - - [03/Sep/2026:00:53:29 +0000] "GET /products/detail/208628339?path=//sys/bus/node/devices/node0/cpu1/driver/cpu7/driver/cpu2/node0/cpu4/firmware_node/thermal_cooling/device/physical_node/firmware_node/subsystem/devices/device:20/physical_node/subsystem/drivers/nvme/0000:00:1f.0/nvme/nvme2/nvme2n1/holders/md0/md/rd0/block/device/nvme1n1/slaves HTTP/1.1" 200 2948 "-" "Amazon CloudFront"
64.252.66.61 - - [03/Sep/2026:00:53:32 +0000] "GET /products/detail/272703723?path=//sys/devices/pci0000:00/firmware_node/physical_node/pci_bus/0000:00/device/firmware_node/physical_node/0000:00:00.0/subsystem/drivers/nvme/module/drivers/pci:nvme/0000:00:04.0/driver/0000:00:1e.0/nvme/nvme1/nvme1n1/holders/md0/md/dev-nvme1n1/block/subsystem/nvme2n1/holders/md0/md/rd0/block/mq/6/cpu6 HTTP/1.1" 200 2975 "-" "Amazon CloudFront"
64.252.68.74 - - [03/Sep/2026:00:53:37 +0000] "GET /?path=//sys/class/thermal/cooling_device3/device/physical_node/node0/cpu0/node0/cpu4/firmware_node/subsystem/devices/device:02/PNP0303:00/subsystem/devices/device:20/physical_node/nvme/nvme1/device/driver/0000:00:1f.0/driver/0000:00:1f.0/nvme/nvme2/nvme2n1/holders/md0/md/dev-nvme1n1/block/holders/md0/md/dev-nvme1n1/block/mq/3/cpu3 HTTP/1.1" 200 3018 "-" "Amazon CloudFront"
64.252.66.61 - - [03/Sep/2026:00:53:40 +0000] "GET /?path=//sys/class/thermal/cooling_device3/device/physical_node/node0/memory0/node0/cpu0/firmware_node/subsystem/devices/device:02/QEMU0001:00/subsystem/devices/LNXSYBUS:00/PNP0A03:00/physical_node/0000:00:1f.0/driver/module/drivers/pci:nvme/0000:00:1e.0/nvme/nvme1/device/driver/0000:00:1e.0/nvme/nvme1/nvme1n1/holders/md0/slaves/nvme1n1/holders/md0/md/rd1/block/mq/3/cpu3 HTTP/1.1" 200 3056 "-" "Amazon CloudFront"
64.252.67.164 - - [03/Sep/2026:00:53:44 +0000] "GET /?path=//sys/class/thermal/cooling_device3/device/physical_node/node0/cpu1/driver/cpu0/node0/cpu2/firmware_node/subsystem/devices/LNXSYSTM:00/LNXSYBUS:00/PNP0C0F:04/subsystem/devices/PNP0A03:00/physical_node/0000:00:1f.0/driver/module/drivers/pci:nvme/0000:00:1e.0/nvme/nvme1/nvme1n1/holders/md0/md/dev-nvme1n1/block/holders/md0/md/rd0/block/device/nvme1n1/mq/1 HTTP/1.1" 200 3551 "-" "Amazon CloudFront"
64.252.66.61 - - [03/Sep/2026:00:53:46 +0000] "GET /?fileloc=//etc/GeoIP.conf.default&path=//etc HTTP/1.1" 200 2962 "-" "Amazon CloudFront"
64.252.67.164 - - [03/Sep/2026:00:53:49 +0000] "GET /?path=//sys/class/thermal/cooling_device3/device/physical_node/node0/memory28/node0/cpu5/firmware_node/subsystem/devices/PNP0A03:00/physical_node/pci_bus/0000:00/device/0000:00:00.0/subsystem/drivers/nvme/0000:00:1f.0/nvme/nvme2/nvme2n1/holders/md0/md/dev-nvme2n1 HTTP/1.1" 200 3674 "-" "Amazon CloudFront"
64.252.68.74 - - [03/Sep/2026:00:53:53 +0000] "GET /products/detail/208628339?path=//sys/bus/node/devices/node0/cpu1/driver/cpu7/driver/cpu2/node0/cpu4/firmware_node/subsystem/devices/PNP0A03:00/physical_node/0000:00:04.0/firmware_node/physical_node/nvme/nvme0/nvme0n1/nvme0n1p128/subsystem/nvme2n1/holders/md0/md/dev-nvme1n1/block/holders/md0/slaves/nvme1n1/power HTTP/1.1" 200 3451 "-" "Amazon CloudFront"
64.252.67.164 - - [03/Sep/2026:00:53:57 +0000] "GET /?path=//sys/class/thermal/cooling_device3/device/physical_node/node0/memory28/node0/cpu5/firmware_node/subsystem/devices/PNP0A03:00/physical_node/pci_bus/0000:00/device/0000:00:00.0/subsystem/drivers/nvme/0000:00:1f.0/nvme/nvme2/nvme2n1/holders/md0/md/rd1 HTTP/1.1" 200 3705 "-" "Amazon CloudFront"
64.252.68.74 - - [03/Sep/2026:00:54:00 +0000] "GET /products/detail/208628339?path=//sys/bus/node/devices/node0/cpu1/driver/cpu7/driver/cpu2/node0/cpu1/firmware_node/thermal_cooling/device/physical_node/firmware_node/subsystem/devices/LNXSYSTM:00/LNXSYBUS:00/PNP0A03:00/device:10/subsystem/drivers/button/LNXPWRBN:00/input/input3/device/input/input3 HTTP/1.1" 200 3680 "-" "Amazon CloudFront"
64.252.68.74 - - [03/Sep/2026:00:54:05 +0000] "GET /?path=//sys/class/thermal/cooling_device3/device/physical_node/node0/memory28/node0/cpu3/driver/cpu0/firmware_node/subsystem/devices/LNXSYSTM:00/LNXPWRBN:00/subsystem/devices/LNXSYSTM:00/LNXSYBUS:00/PNP0A03:00/device:21/physical_node/nvme/nvme2/device/driver/module/drivers/pci:nvme/module/drivers/pci:nvme/0000:00:1e.0/nvme/nvme1/nvme1n1/holders/md0/slaves/nvme1n1/mq/1 HTTP/1.1" 200 3547 "-" "Amazon CloudFront"
64.252.88.13 - - [03/Sep/2026:00:54:09 +0000] "GET /products/detail/194429147 HTTP/1.1" 200 4265 "-" "Amazon CloudFront"
64.252.66.102 - - [03/Sep/2026:00:54:09 +0000] "GET /products/detail/208628339?path=//sys/bus/node/devices/node0/cpu1/driver/cpu7/driver/cpu2/node0/cpu4/firmware_node/subsystem/devices/PNP0A03:00/device:20/physical_node/firmware_node/physical_node/nvme/nvme1/subsystem/nvme2/device/nvme/nvme2/nvme2n1/holders/md0/md/dev-nvme2n1/block/device HTTP/1.1" 200 3878 "-" "Amazon CloudFront"
64.252.66.102 - - [03/Sep/2026:00:54:13 +0000] "GET /products/detail/208628339?path=//sys/bus/node/devices/node0/cpu1/driver/cpu7/driver/cpu2/node0/cpu1/firmware_node/thermal_cooling/device/physical_node/firmware_node/subsystem/devices/LNXSYSTM:00/LNXSYBUS:00/PNP0A03:00/device:06/physical_node/nvme/nvme0/nvme0n1/device/nvme0n1/nvme0n1p128/subsystem/md0/bdi/power HTTP/1.1" 200 3445 "-" "Amazon CloudFront"
64.252.68.74 - - [03/Sep/2026:00:54:17 +0000] "GET /?path=//sys/bus/memory/devices/memory1/node0/memory30/node0/cpu6/firmware_node/subsystem/devices/device:21/physical_node/driver/module/drivers/pci:nvme/0000:00:1e.0/nvme/nvme1/nvme1n1/subsystem/md0/slaves/nvme2n1/holders/md0/slaves/nvme2n1/device/device/firmware_node/physical_node/driver/module/drivers/pci:nvme/0000:00:1e.0/nvme/nvme1/power HTTP/1.1" 200 3532 "-" "Amazon CloudFront"
64.252.68.74 - - [03/Sep/2026:00:54:21 +0000] "GET /products/detail/208628339?path=//sys/bus/node/devices/node0/cpu1/driver/cpu7/driver/cpu2/node0/cpu1/firmware_node/thermal_cooling/device/physical_node/firmware_node/subsystem/devices/PNP0A03:00/physical_node/0000:00:1e.0/nvme/nvme1/nvme1n1/holders/md0/subsystem/nvme2n1/holders/md0/md/rd0/block/slaves HTTP/1.1" 200 2936 "-" "Amazon CloudFront"
64.252.68.74 - - [03/Sep/2026:00:54:24 +0000] "GET /products/detail/208628339?path=//sys/bus/node/devices/node0/cpu1/driver/cpu7/driver/cpu2/node0/cpu1/firmware_node/thermal_cooling/device/physical_node/firmware_node/subsystem/devices/PNP0A03:00/physical_node/0000:00:1e.0/nvme/nvme1/nvme1n1/holders/md0/md/dev-nvme2n1/block/holders/md0/subsystem/nvme2n1/mq HTTP/1.1" 200 3441 "-" "Amazon CloudFront"
64.252.66.61 - - [03/Sep/2026:00:54:29 +0000] "GET /?path=//sys/class/thermal/cooling_device3/device/physical_node/node0/cpu1/driver/cpu0/node0/cpu2/firmware_node/subsystem/devices/PNP0303:00/subsystem/devices/LNXSYBUS:00/PNP0A03:00/physical_node/pci_bus/0000:00/device/0000:00:1e.0/driver/0000:00:1e.0/nvme/nvme1/nvme1n1/holders/md0/md/dev-nvme1n1/block/holders/md0/md/dev-nvme1n1/block/mq/5 HTTP/1.1" 200 3509 "-" "Amazon CloudFront"
64.252.68.74 - - [03/Sep/2026:00:54:33 +0000] "GET /products/detail/208628339?path=//sys/bus/node/devices/node0/cpu1/driver/cpu7/driver/cpu2/node0/cpu4/firmware_node/subsystem/devices/PNP0A03:00/device:20/physical_node/firmware_node/physical_node/nvme/nvme1/subsystem/nvme2/device/nvme/nvme2/nvme2n1/holders/md0/md/dev-nvme2n1/block/power HTTP/1.1" 200 3420 "-" "Amazon CloudFront"
64.252.66.61 - - [03/Sep/2026:00:54:36 +0000] "GET /?path=//sys/class/thermal/cooling_device3/device/physical_node/node0/cpu1/driver/cpu0/node0/cpu2/firmware_node/subsystem/devices/LNXSYSTM:00/LNXSYBUS:00/PNP0C0F:04/subsystem/devices/PNP0A03:00/device:20/physical_node/nvme/nvme1/device/driver/module/drivers/pci:nvme/0000:00:1f.0/nvme/nvme2/nvme2n1/holders/md0/md/dev-nvme1n1/block/holders/md0/md/rd0/block/mq/2/cpu2 HTTP/1.1" 200 3098 "-" "Amazon CloudFront"
64.252.67.164 - - [03/Sep/2026:00:54:41 +0000] "GET /products/detail/208628339?path=//sys/bus/node/devices/node0/cpu1/driver/cpu7/driver/cpu2/node0/cpu4/firmware_node/subsystem/devices/PNP0A03:00/device:21/physical_node/nvme/nvme2/device/nvme/nvme2/nvme2n1/holders/md0/subsystem/nvme1n1/device/nvme1n1/holders/md0/md/dev-nvme2n1/block HTTP/1.1" 200 4193 "-" "Amazon CloudFront"
64.252.66.102 - - [03/Sep/2026:00:54:44 +0000] "GET /?path=//sys/class/thermal/cooling_device3/device/physical_node/node0/memory28/node0/cpu5/firmware_node/subsystem/devices/PNP0A03:00/physical_node/pci_bus/0000:00/device/0000:00:04.0/subsystem/devices/0000:00:05.0/driver/0000:00:05.0/driver/module/drivers/pci:ena/module/parameters HTTP/1.1" 200 3316 "-" "Amazon CloudFront"
64.252.66.61 - - [03/Sep/2026:00:54:49 +0000] "GET /products/detail/225861420?path=//sys/devices/pci0000:00/firmware_node/device:07/physical_node/firmware_node/subsystem/devices/device:20/physical_node/driver/0000:00:1f.0/nvme/nvme2/nvme2n1/subsystem/nvme1n1/holders/md0/md/rd0/block/holders/md0/md/rd0/block/device/device/driver/module/drivers/pci:nvme/module/drivers/pci:nvme/0000:00:1f.0/nvme/nvme2/nvme2n1/mq/5 HTTP/1.1" 200 3475 "-" "Amazon CloudFront"
64.252.67.164 - - [03/Sep/2026:00:54:52 +0000] "GET /?path=//sys/class/thermal/cooling_device3/device/physical_node/node0/memory28/node0/cpu3/driver/cpu0/firmware_node/subsystem/devices/LNXSYSTM:00/LNXPWRBN:00/subsystem/devices/LNXSYSTM:00/LNXSYBUS:00/PNP0A03:00/device:21/physical_node/nvme/nvme2/device/driver/module/drivers/pci:nvme/module/drivers/pci:nvme/0000:00:1e.0/nvme/nvme1/nvme1n1/holders/md0/md/rd1/block/trace HTTP/1.1" 200 3561 "-" "Amazon CloudFront"
