64.252.68.74 - - [03/Sep/2026:03:55:40 +0000] "GET /products/detail/208628339?path=//sys/bus/node/devices/node0/cpu1/driver/cpu7/driver/cpu2/node0/cpu1/firmware_node/thermal_cooling/device/physical_node/firmware_node/subsystem/devices/PNP0A03:00/device:02/physical_node/subsystem/drivers/nvme/0000:00:1f.0/nvme/nvme2/nvme2n1/holders/md0/slaves/nvme1n1/device/nvme1n1/mq/5 HTTP/1.1" 200 3431 "-" "Amazon CloudFront"
64.252.66.61 - - [03/Sep/2026:03:55:45 +0000] "GET /?path=//sys/class/thermal/cooling_device3/device/physical_node/node0/memory0/node0/cpu0/firmware_node/subsystem/devices/device:17/subsystem/devices/device:20/physical_node/driver/0000:00:1e.0/driver/0000:00:1e.0/nvme/nvme1/device/nvme/nvme1/nvme1n1/holders/md0/md/rd1/block/holders/md0/slaves/nvme1n1/mq/6/cpu6 HTTP/1.1" 200 2997 "-" "Amazon CloudFront"
64.252.66.102 - - [03/Sep/2026:03:55:49 +0000] "GET /products/detail/272703723?path=//sys/devices/pci0000:00/firmware_node/physical_node/pci_bus/0000:00/device/firmware_node/physical_node/0000:00:00.0/subsystem/drivers/nvme/module/drivers/pci:nvme/0000:00:1e.0/nvme/nvme1/nvme1n1/device/nvme1n1/holders/md0/slaves/nvme2n1/holders/md0/md/rd1/block/subsystem/nvme0n1/queue HTTP/1.1" 200 4754 "-" "Amazon CloudFront"
64.252.66.61 - - [03/Sep/2026:03:55:53 +0000] "GET /?path=//sys/class/thermal/cooling_device3/device/physical_node/node0/memory28/node0/cpu5/firmware_node/subsystem/devices/PNP0A03:00/physical_node/pci_bus/0000:00/device/firmware_node/device:02/PNP0303:00/subsystem/drivers/button/LNXPWRBN:00/driver/LNXPWRBN:00/power HTTP/1.1" 200 3817 "-" "Amazon CloudFront"
64.252.68.74 - - [03/Sep/2026:03:55:57 +0000] "GET /products/detail/272703723?path=//sys/devices/pci0000:00/firmware_node/physical_node/pci_bus/0000:00/device/firmware_node/physical_node/0000:00:00.0/subsystem/drivers/nvme/module/drivers/pci:nvme/0000:00:1e.0/nvme/nvme1/nvme1n1/device/nvme1n1/holders/md0/slaves/nvme2n1/holders/md0/md/rd1/block/subsystem/nvme0n1/slaves HTTP/1.1" 200 2953 "-" "Amazon CloudFront"
64.252.66.61 - - [03/Sep/2026:03:56:00 +0000] "GET /?path=//sys/class/thermal/cooling_device3/device/physical_node/node0/memory28/node0/cpu5/firmware_node/subsystem/devices/PNP0A03:00/physical_node/pci_bus/0000:00/device/0000:00:1e.0/driver/module/drivers/pci:nvme/0000:00:1e.0/firmware_node/subsystem/devices/PNP0A03:00/device:0a HTTP/1.1" 200 3502 "-" "Amazon CloudFront"
64.252.66.61 - - [03/Sep/2026:03:56:04 +0000] "GET /products/detail/208628339?path=//sys/bus/node/devices/node0/cpu1/driver/cpu7/driver/cpu2/node0/cpu1/firmware_node/thermal_cooling/device/physical_node/firmware_node/subsystem/devices/PNP0A03:00/physical_node/0000:00:1e.0/nvme/nvme1/nvme1n1/holders/md0/md/rd0/block/subsystem/nvme1n1/mq/7 HTTP/1.1" 200 3376 "-" "Amazon CloudFront"
64.252.66.102 - - [03/Sep/2026:03:56:08 +0000] "GET /?path=//sys/class/thermal/cooling_device3/device/physical_node/node0/memory28/node0/cpu5/firmware_node/subsystem/devices/PNP0A03:00/physical_node/pci_bus/0000:00/device/0000:00:1e.0/driver/module/drivers/pci:nvme/0000:00:1f.0/firmware_node/subsystem/devices/device:1c/power HTTP/1.1" 200 3411 "-" "Amazon CloudFront"
64.252.66.61 - - [03/Sep/2026:03:56:13 +0000] "GET /products/detail/272703723?path=//sys/devices/pci0000:00/firmware_node/physical_node/pci_bus/0000:00/device/firmware_node/physical_node/0000:00:00.0/subsystem/drivers/nvme/module/drivers/pci:nvme/0000:00:04.0/driver/0000:00:1e.0/nvme/nvme1/nvme1n1/device/nvme1n1/holders/md0/md/rd0/block/holders/md0/md/dev-nvme1n1/block/subsystem/nvme0n1/mq/1/cpu3 HTTP/1.1" 200 2988 "-" "Amazon CloudFront"
64.252.68.74 - - [03/Sep/2026:03:56:16 +0000] "GET /products/detail/208628339?path=//sys/bus/node/devices/node0/cpu1/driver/cpu7/driver/cpu2/node0/cpu4/firmware_node/thermal_cooling/device/physical_node/firmware_node/thermal_cooling/device/subsystem/devices/PNP0A03:00/device:20/physical_node/nvme/nvme1/nvme1n1/holders/md0/slaves/nvme2n1/subsystem/md0/holders HTTP/1.1" 200 2919 "-" "Amazon CloudFront"
64.252.66.102 - - [03/Sep/2026:03:56:20 +0000] "GET /products/detail/208628339?path=//sys/bus/node/devices/node0/cpu1/driver/cpu7/driver/cpu2/node0/cpu4/firmware_node/subsystem/devices/PNP0A03:00/device:21/physical_node/nvme/nvme2/device/nvme/nvme2/nvme2n1/subsystem/nvme1n1/holders/md0/md/rd1/block/device/nvme2n1/slaves HTTP/1.1" 200 2905 "-" "Amazon CloudFront"
64.252.66.102 - - [03/Sep/2026:03:56:24 +0000] "GET /?path=//sys/class/thermal/cooling_device3/device/physical_node/node0/memory28/node0/cpu5/firmware_node/subsystem/devices/LNXSYSTM:00/LNXSYBUS:00/PNP0A03:00/physical_node/0000:00:04.0/driver/0000:00:1e.0/nvme/nvme1/device/driver/module/drivers/pci:nvme/0000:00:1f.0/nvme/nvme2/nvme2n1/holders/md0/slaves/nvme2n1/holders/md0/md/rd1/block/mq/5/cpu5 HTTP/1.1" 200 3066 "-" "Amazon CloudFront"
64.252.66.61 - - [03/Sep/2026:03:56:29 +0000] "GET /products/detail/182908925?fileloc=//tmp/sess_3iiucd4hasm3gv6hpb7a4oc005&path=//tmp HTTP/1.1" 200 2556 "-" "Amazon CloudFront"
64.252.66.102 - - [03/Sep/2026:03:56:32 +0000] "GET /?path=//sys/bus/memory/devices/memory1/node0/memory30/node0/cpu6/firmware_node/subsystem/devices/device:21/physical_node/driver/module/drivers/pci:nvme/0000:00:1e.0/driver/0000:00:04.0/firmware_node/physical_node/subsystem/drivers/nvme/0000:00:1f.0/nvme/nvme2/nvme2n1/holders/md0/md/rd1/block/device/nvme2n1/holders/md0/md/rd1/block/mq/3 HTTP/1.1" 200 3502 "-" "Amazon CloudFront"
64.252.68.74 - - [03/Sep/2026:03:56:37 +0000] "GET /?path=//sys/bus/memory/devices/memory1/node0/memory28/node0/cpu2/driver/cpu4/firmware_node/subsystem/devices/PNP0A03:00/physical_node/0000:00:04.0/nvme/nvme0/nvme0n1/nvme0n1p1/subsystem/md0/md/dev-nvme2n1/block/holders/md0/md/dev-nvme1n1/block/device/device/firmware_node/physical_node/driver/module/drivers/pci:nvme/0000:00:1f.0/nvme/nvme2/nvme2n1/power HTTP/1.1" 200 3571 "-" "Amazon CloudFront"
15.158.215.109 - - [03/Sep/2026:03:56:40 +0000] "GET /wp-login.php?fileloc=//tmp/sess_dtviv2mk2uvu6a7dcfsrfbhk77&path=//tmp HTTP/1.1" 200 2555 "-" "Mozilla/5.0 AppleWebKit/537.36 (KHTML, like Gecko; compatible; Amazonbot/0.1; +https://developer.amazon.com/support/amazonbot) Chrome/119.0.6045.214 Safari/537.36"
64.252.67.164 - - [03/Sep/2026:03:56:44 +0000] "GET /?path=//sys/class/thermal/cooling_device3/device/physical_node/node0/cpu1/driver/cpu0/node0/cpu2/firmware_node/subsystem/devices/LNXSYSTM:00/LNXSYBUS:00/PNP0C0F:04/subsystem/devices/PNP0A03:00/physical_node/0000:00:1f.0/nvme/nvme2/device/driver/module/drivers/pci:nvme/0000:00:1e.0/nvme/nvme1/nvme1n1/holders/md0/slaves/nvme2n1 HTTP/1.1" 200 4448 "-" "Amazon CloudFront"
15.158.215.109 - - [03/Sep/2026:03:56:49 +0000] "GET /wp-login.php?fileloc=//tmp/sess_is2qi91se9ge9pnr172a1oi1t6&path=//tmp HTTP/1.1" 200 2556 "-" "Mozilla/5.0 AppleWebKit/537.36 (KHTML, like Gecko; compatible; Amazonbot/0.1; +https://developer.amazon.com/support/amazonbot) Chrome/119.0.6045.214 Safari/537.36"
64.252.66.102 - - [03/Sep/2026:03:56:53 +0000] "GET /products/detail/182908925?fileloc=//tmp/sess_1nqsvqcsipqt9341m2b0e5m30d&path=//tmp HTTP/1.1" 200 2556 "-" "Amazon CloudFront"
64.252.66.61 - - [03/Sep/2026:03:56:56 +0000] "GET /products/detail/272703723?path=//sys/devices/pci0000:00/firmware_node/physical_node/pci_bus/0000:00/device/firmware_node/physical_node/0000:00:00.0/subsystem/drivers/nvme/module/drivers/pci:nvme/0000:00:04.0/driver/0000:00:1e.0/nvme/nvme1/nvme1n1/holders/md0/slaves/nvme2n1/holders/md0/md/dev-nvme1n1/block/device/nvme1n1/subsystem/nvme2n1/mq/3/cpu3 HTTP/1.1" 200 2983 "-" "Amazon CloudFront"
64.252.66.61 - - [03/Sep/2026:03:57:03 +0000] "GET /?path=//sys/class/thermal/cooling_device3/device/physical_node/node0/memory28/node0/cpu5/firmware_node/subsystem/devices/LNXSYSTM:00/LNXSYBUS:00/PNP0A03:00/physical_node/0000:00:04.0/driver/0000:00:1e.0/nvme/nvme1/device/driver/0000:00:1f.0/nvme/nvme2/nvme2n1/holders/md0/md/dev-nvme1n1/block/holders/md0/slaves/nvme2n1/subsystem/nvme1n1/trace HTTP/1.1" 200 3547 "-" "Amazon CloudFront"
64.252.67.164 - - [03/Sep/2026:03:57:05 +0000] "GET /?path=//sys/bus/memory/devices/memory1/node0/memory30/node0/cpu6/firmware_node/subsystem/devices/device:21/physical_node/driver/module/drivers/pci:nvme/0000:00:1e.0/driver/0000:00:1f.0/nvme/nvme2/device/nvme/nvme2/nvme2n1/device/nvme2n1/holders/md0/md/rd0/block/subsystem/nvme1n1/holders/md0/md/dev-nvme1n1/block/mq/4 HTTP/1.1" 200 3483 "-" "Amazon CloudFront"
64.252.66.102 - - [03/Sep/2026:03:57:08 +0000] "GET /?path=//sys/bus/node/devices/node0/memory25/node0/cpu1/driver/cpu4/firmware_node/subsystem/devices/device:06/physical_node/driver/0000:00:1e.0/nvme/nvme1/device/firmware_node/physical_node/nvme/nvme1/subsystem/nvme2/nvme2n1/holders/md0/md/rd0/block/device/nvme1n1/holders/md0/md/rd1/block/mq/4/cpu4 HTTP/1.1" 200 2987 "-" "Amazon CloudFront"
64.252.66.102 - - [03/Sep/2026:03:57:12 +0000] "GET /?path=//sys/class/thermal/cooling_device3/device/physical_node/node0/memory28/node0/cpu5/firmware_node/subsystem/devices/PNP0A03:00/physical_node/pci_bus/0000:00/device/firmware_node/device:16/subsystem/devices/LNXSYSTM:00/LNXSLPBN:00/driver/LNXSLPBN:00/driver/LNXPWRBN:00/input HTTP/1.1" 200 3179 "-" "Amazon CloudFront"
64.252.68.74 - - [03/Sep/2026:03:57:16 +0000] "GET /products/detail/187873763?fileloc=//tmp/sess_vpfbgju947j7bi2kauof85cl9r&path=//tmp HTTP/1.1" 200 2557 "-" "Amazon CloudFront"
64.252.66.61 - - [03/Sep/2026:03:57:21 +0000] "GET /products/detail/187873763?fileloc=//tmp/sess_t2u25makf12leca85oacdlk2i6&path=//tmp HTTP/1.1" 200 2555 "-" "Amazon CloudFront"
64.252.66.102 - - [03/Sep/2026:03:57:24 +0000] "GET /products/detail/187873763?fileloc=//tmp/sess_9vrlgcufphrfpgl463bsnedvul&path=//tmp HTTP/1.1" 200 2555 "-" "Amazon CloudFront"
64.252.68.74 - - [03/Sep/2026:03:57:29 +0000] "GET /?path=//sys/class/thermal/cooling_device3/device/physical_node/node0/memory28/node0/cpu5/firmware_node/subsystem/devices/PNP0A03:00/physical_node/pci_bus/0000:00/device/0000:00:1e.0/driver/module/drivers/pci:nvme/0000:00:1e.0/firmware_node/subsystem/devices/PNP0A03:00/device:00 HTTP/1.1" 200 3397 "-" "Amazon CloudFront"
64.252.67.164 - - [03/Sep/2026:03:57:32 +0000] "GET /products/detail/208628339?path=//sys/bus/node/devices/node0/cpu1/driver/cpu7/driver/cpu2/node0/cpu4/firmware_node/subsystem/devices/PNP0A03:00/device:21/physical_node/nvme/nvme2/device/nvme/nvme2/nvme2n1/holders/md0/md/dev-nvme2n1/block/holders/md0/subsystem/nvme2n1/integrity HTTP/1.1" 200 3467 "-" "Amazon CloudFront"
64.252.68.74 - - [03/Sep/2026:03:57:37 +0000] "GET /?path=//sys/bus/memory/devices/memory1/node0/memory30/node0/cpu6/firmware_node/subsystem/devices/device:21/physical_node/driver/module/drivers/pci:nvme/0000:00:1e.0/driver/0000:00:1f.0/nvme/nvme2/device/nvme/nvme2/nvme2n1/subsystem/md0/md/rd0/block/device/nvme1n1/holders/md0/md/rd0/block/mq/5/cpu5 HTTP/1.1" 200 3011 "-" "Amazon CloudFront"
64.252.67.164 - - [03/Sep/2026:03:57:40 +0000] "GET /products/detail/208628339?path=//sys/bus/node/devices/node0/cpu1/driver/cpu7/driver/cpu2/node0/cpu4/firmware_node/thermal_cooling/device/physical_node/firmware_node/thermal_cooling/device/subsystem/devices/LNXSYSTM:00/LNXSYBUS:00/PNP0A03:00/device:21/physical_node/nvme/nvme2/nvme2n1/holders/md0/md/rd0/block/subsystem/nvme1n1/holders/md0 HTTP/1.1" 200 4173 "-" "Amazon CloudFront"
64.252.66.61 - - [03/Sep/2026:03:57:45 +0000] "GET /products/detail/208628339?path=//sys/bus/node/devices/node0/cpu1/driver/cpu7/driver/cpu2/node0/cpu4/firmware_node/subsystem/devices/PNP0A03:00/physical_node/0000:00:04.0/firmware_node/physical_node/nvme/nvme0/nvme0n1/nvme0n1p128/subsystem/nvme1n1/device/nvme1n1/holders/md0/md/dev-nvme1n1/block/mq/4 HTTP/1.1" 200 3390 "-" "Amazon CloudFront"
64.252.66.61 - - [03/Sep/2026:03:57:49 +0000] "GET /products/detail/208628339?path=//sys/bus/node/devices/node0/cpu1/driver/cpu7/driver/cpu2/node0/cpu4/firmware_node/subsystem/devices/PNP0A03:00/device:21/physical_node/nvme/nvme2/device/nvme/nvme2/nvme2n1/subsystem/nvme1n1/holders/md0/md/rd1/block/device/nvme2n1/holders HTTP/1.1" 200 3169 "-" "Amazon CloudFront"
64.252.66.61 - - [03/Sep/2026:03:57:51 +0000] "GET /vulkanvegas-de.net HTTP/1.1" 200 4135 "-" "Amazon CloudFront"
64.252.67.164 - - [03/Sep/2026:03:57:53 +0000] "GET /products/detail/208628339?path=//sys/bus/node/devices/node0/cpu1/driver/cpu7/driver/cpu2/node0/cpu4/firmware_node/thermal_cooling/device/physical_node/firmware_node/subsystem/devices/device:20/physical_node/nvme/nvme1/nvme1n1/holders/md0/md/dev-nvme1n1/block/device/nvme1n1/subsystem/nvme0n1/trace HTTP/1.1" 200 3398 "-" "Amazon CloudFront"
64.252.67.164 - - [03/Sep/2026:03:57:57 +0000] "GET /products/detail/208628339?path=//sys/bus/node/devices/node0/cpu1/driver/cpu7/driver/cpu2/node0/cpu4/firmware_node/thermal_cooling/device/physical_node/firmware_node/subsystem/devices/device:20/physical_node/nvme/nvme1/nvme1n1/holders/md0/md/dev-nvme1n1/block/device/nvme1n1/subsystem/nvme0n1/integrity HTTP/1.1" 200 3488 "-" "Amazon CloudFront"
64.252.66.61 - - [03/Sep/2026:03:58:00 +0000] "GET /products/detail/208628339?path=//sys/bus/node/devices/node0/cpu1/driver/cpu7/driver/cpu2/node0/cpu4/firmware_node/thermal_cooling/device/physical_node/firmware_node/thermal_cooling/device/subsystem/devices/PNP0A03:00/device:20/physical_node/nvme/nvme1/nvme1n1/holders/md0/slaves/nvme2n1/subsystem/md0/queue HTTP/1.1" 200 4680 "-" "Amazon CloudFront"
64.252.66.61 - - [03/Sep/2026:03:58:05 +0000] "GET /?path=//sys/class/thermal/cooling_device3/device/physical_node/node0/memory28/node0/cpu5/firmware_node/subsystem/devices/PNP0A03:00/physical_node/pci_bus/0000:00/device/0000:00:01.0/subsystem/drivers/nvme/0000:00:1f.0/driver/0000:00:1e.0/driver/0000:00:1f.0/nvme/nvme2/nvme2n1/holders HTTP/1.1" 200 3195 "-" "Amazon CloudFront"
64.252.66.61 - - [03/Sep/2026:03:58:11 +0000] "GET /?path=//sys/class/thermal/cooling_device3/device/physical_node/node0/memory28/node0/cpu5/firmware_node/subsystem/devices/PNP0A03:00/physical_node/pci_bus/0000:00/device/0000:00:01.0/subsystem/drivers/nvme/0000:00:1f.0/driver/module/drivers/pci:nvme/module/sections HTTP/1.1" 200 4144 "-" "Amazon CloudFront"
64.252.68.74 - - [03/Sep/2026:03:58:11 +0000] "GET /products/detail/103884642?fileloc=//proc/7/comm&path=//proc/7 HTTP/1.1" 200 2556 "-" "Amazon CloudFront"
15.158.215.109 - - [03/Sep/2026:03:58:13 +0000] "GET /wp-login.php?fileloc=//tmp/sess_l94jbpdjp65cqag0vneb45bgr7&path=//tmp HTTP/1.1" 200 2556 "-" "Mozilla/5.0 AppleWebKit/537.36 (KHTML, like Gecko; compatible; Amazonbot/0.1; +https://developer.amazon.com/support/amazonbot) Chrome/119.0.6045.214 Safari/537.36"
64.252.66.61 - - [03/Sep/2026:03:58:16 +0000] "GET /?path=//sys/class/thermal/cooling_device3/device/physical_node/node0/memory0/node0/cpu0/firmware_node/subsystem/devices/device:17/subsystem/devices/LNXSYBUS:00/PNP0A03:00/physical_node/pci_bus/0000:00/device/0000:00:1e.0/driver/0000:00:1e.0/nvme/nvme1/nvme1n1/holders/md0/slaves/nvme1n1/holders/md0/md/dev-nvme1n1/block/mq HTTP/1.1" 200 3533 "-" "Amazon CloudFront"
15.158.215.109 - - [03/Sep/2026:03:58:22 +0000] "GET /wp-login.php?fileloc=//tmp/sess_r1ahs01l4ltbvcojs9drjg71lr&path=//tmp HTTP/1.1" 200 2557 "-" "Mozilla/5.0 AppleWebKit/537.36 (KHTML, like Gecko; compatible; Amazonbot/0.1; +https://developer.amazon.com/support/amazonbot) Chrome/119.0.6045.214 Safari/537.36"
15.158.215.109 - - [03/Sep/2026:03:58:24 +0000] "GET /wp-login.php?fileloc=//tmp/sess_enik38g5hp3sc3o4rnsrgkp214&path=//tmp HTTP/1.1" 200 2554 "-" "Mozilla/5.0 AppleWebKit/537.36 (KHTML, like Gecko; compatible; Amazonbot/0.1; +https://developer.amazon.com/support/amazonbot) Chrome/119.0.6045.214 Safari/537.36"
64.252.66.102 - - [03/Sep/2026:03:58:29 +0000] "GET /?path=//sys/class/thermal/cooling_device3/device/physical_node/node0/memory28/node0/cpu5/firmware_node/subsystem/devices/PNP0A03:00/physical_node/pci_bus/0000:00/device/0000:00:00.0/subsystem/devices/0000:00:04.0/driver/0000:00:04.0/nvme/nvme0/nvme0n1/mq/1/cpu3 HTTP/1.1" 200 2906 "-" "Amazon CloudFront"
64.252.67.164 - - [03/Sep/2026:03:58:32 +0000] "GET /products/detail/208628339?path=//sys/bus/node/devices/node0/cpu1/driver/cpu7/driver/cpu2/node0/cpu4/firmware_node/thermal_cooling/device/thermal_cooling/device/subsystem/drivers/button/LNXSLPBN:00/subsystem/devices/PNP0A03:00/physical_node/0000:00:1e.0/nvme/nvme1/nvme1n1/holders/md0/md/rd1/block/bdi/power HTTP/1.1" 200 3474 "-" "Amazon CloudFront"
64.252.68.74 - - [03/Sep/2026:03:58:36 +0000] "GET /?path=//sys/bus/memory/devices/memory1/node0/memory30/node0/cpu6/firmware_node/subsystem/devices/device:21/physical_node/driver/module/drivers/pci:nvme/0000:00:1e.0/driver/0000:00:1f.0/nvme/nvme2/device/nvme/nvme2/nvme2n1/subsystem/md0/md/rd1/block/holders/md0/md/dev-nvme1n1/block/device/nvme1n1/mq/4 HTTP/1.1" 200 3454 "-" "Amazon CloudFront"
64.252.68.74 - - [03/Sep/2026:03:58:42 +0000] "GET /?path=//sys/class/thermal/cooling_device3/device/physical_node/node0/memory28/node0/cpu5/firmware_node/subsystem/devices/PNP0A03:00/physical_node/pci_bus/0000:00/device/0000:00:1f.0/driver/module/drivers/pci:nvme/0000:00:1e.0/subsystem/devices/0000:00:04.0/driver/0000:00:1e.0 HTTP/1.1" 200 4832 "-" "Amazon CloudFront"
64.252.67.164 - - [03/Sep/2026:03:58:44 +0000] "GET /?path=//sys/class/thermal/cooling_device3/device/physical_node/node0/memory28/node0/cpu5/firmware_node/subsystem/devices/PNP0A03:00/physical_node/pci_bus/0000:00/device/firmware_node/device:16/subsystem/drivers/button/LNXPWRBN:00/driver/LNXSLPBN:00/driver/LNXSLPBN:00/input/input4/power HTTP/1.1" 200 3431 "-" "Amazon CloudFront"
64.252.66.102 - - [03/Sep/2026:03:58:48 +0000] "GET /products/detail/272703723?path=//sys/devices/pci0000:00/firmware_node/physical_node/pci_bus/0000:00/device/firmware_node/physical_node/0000:00:00.0/subsystem/drivers/nvme/module/drivers/pci:nvme/0000:00:04.0/driver/0000:00:1e.0/nvme/nvme1/nvme1n1/holders/md0/md/rd0/block/holders/md0/md/dev-nvme1n1/block/subsystem/nvme0n1/device/nvme0n1/nvme0n1p1 HTTP/1.1" 200 3935 "-" "Amazon CloudFront"
64.252.67.164 - - [03/Sep/2026:03:58:52 +0000] "GET /products/detail/208628339?path=//sys/bus/node/devices/node0/cpu1/driver/cpu7/driver/cpu2/node0/cpu4/firmware_node/subsystem/devices/device:07/physical_node/firmware_node/physical_node/net/eth0/device/subsystem/drivers/ena/module/drivers/pci:ena/0000:00:05.0/net/eth0/queues/tx-5 HTTP/1.1" 200 3429 "-" "Amazon CloudFront"
64.252.66.61 - - [03/Sep/2026:03:58:57 +0000] "GET /products/detail/208628339?path=//sys/bus/node/devices/node0/cpu1/driver/cpu7/driver/cpu2/node0/cpu4/firmware_node/thermal_cooling/device/physical_node/firmware_node/subsystem/devices/device:21/physical_node/nvme/nvme2/nvme2n1/subsystem/md0/md/dev-nvme1n1/block/holders/md0/slaves/nvme1n1/mq/0 HTTP/1.1" 200 3386 "-" "Amazon CloudFront"
64.252.66.102 - - [03/Sep/2026:03:59:03 +0000] "GET /products/detail/272703723?path=//sys/devices/pci0000:00/firmware_node/physical_node/pci_bus/0000:00/device/firmware_node/physical_node/0000:00:00.0/subsystem/drivers/nvme/module/drivers/pci:nvme/0000:00:1e.0/nvme/nvme1/nvme1n1/device/nvme1n1/holders/md0/md/dev-nvme1n1/block/holders/md0/md/rd1/block/subsystem/nvme0n1/mq/1/cpu2 HTTP/1.1" 200 2963 "-" "Amazon CloudFront"
64.252.66.102 - - [03/Sep/2026:03:59:05 +0000] "GET /?path=//sys/class/thermal/cooling_device3/device/physical_node/node0/memory0/node0/cpu0/firmware_node/subsystem/devices/device:17/subsystem/devices/device:20/physical_node/driver/0000:00:1e.0/driver/0000:00:1e.0/nvme/nvme1/device/nvme/nvme1/nvme1n1/holders/md0/md/rd1/block/holders/md0/md/rd1/block/mq/3/cpu3 HTTP/1.1" 200 2993 "-" "Amazon CloudFront"
64.252.66.61 - - [03/Sep/2026:03:59:08 +0000] "GET /products/detail/208628339?path=//sys/bus/node/devices/node0/cpu1/driver/cpu7/driver/cpu2/node0/cpu4/firmware_node/subsystem/devices/device:07/physical_node/firmware_node/physical_node/net/eth0/device/subsystem/drivers/ena/module/drivers/pci:ena/0000:00:05.0/net/eth0/queues/rx-4 HTTP/1.1" 200 3240 "-" "Amazon CloudFront"
64.252.66.61 - - [03/Sep/2026:03:59:12 +0000] "GET /products/detail/208628339?path=//sys/bus/node/devices/node0/cpu1/driver/cpu7/driver/cpu2/node0/cpu4/firmware_node/subsystem/devices/PNP0A03:00/physical_node/0000:00:04.0/subsystem/drivers/nvme/0000:00:1e.0/nvme/nvme1/nvme1n1/holders/md0/md/dev-nvme1n1/block/device/nvme1n1/mq/2/cpu2 HTTP/1.1" 200 2926 "-" "Amazon CloudFront"
64.252.71.147 - - [03/Sep/2026:03:59:15 +0000] "GET /prizes/104823672?path=/var/www/volumes/bd381fc3fc7e470a8ad9eb8620b8ea40 HTTP/1.1" 200 2643 "-" "Amazon CloudFront"
64.252.67.164 - - [03/Sep/2026:03:59:16 +0000] "GET /products/detail/187873763?fileloc=//tmp/sess_ko0tu3kd0u143ek3il3r5kaa2v&path=//tmp HTTP/1.1" 200 2556 "-" "Amazon CloudFront"
64.252.66.61 - - [03/Sep/2026:03:59:20 +0000] "GET /products/detail/208628339?path=//sys/bus/node/devices/node0/cpu1/driver/cpu7/driver/cpu2/node0/cpu4/firmware_node/subsystem/devices/PNP0A03:00/device:21/physical_node/nvme/nvme2/device/nvme/nvme2/nvme2n1/holders/md0/md/dev-nvme2n1/block/holders/md0/subsystem/nvme2n1/bdi HTTP/1.1" 200 3510 "-" "Amazon CloudFront"
64.252.66.102 - - [03/Sep/2026:03:59:24 +0000] "GET /?path=//sys/bus/memory/devices/memory1/node0/memory7/node0/cpu1/subsystem/drivers/processor/cpu5/firmware_node/subsystem/devices/PNP0A03:00/physical_node/firmware_node/physical_node/0000:00:1e.0/driver/module/drivers/pci:nvme/0000:00:1e.0/nvme/nvme1/nvme1n1/holders/md0/slaves/nvme1n1/holders/md0/md/dev-nvme2n1/block/device/nvme2n1/bdi HTTP/1.1" 200 3660 "-" "Amazon CloudFront"
64.252.68.74 - - [03/Sep/2026:03:59:28 +0000] "GET /products/detail/272703723?path=//sys/devices/pci0000:00/firmware_node/physical_node/pci_bus/0000:00/device/firmware_node/physical_node/0000:00:00.0/subsystem/drivers/nvme/module/drivers/pci:nvme/0000:00:04.0/driver/0000:00:1e.0/nvme/nvme1/nvme1n1/device/nvme1n1/holders/md0/md/rd0/block/subsystem/nvme2n1/holders/md0/md/dev-nvme2n1/block/mq/2/cpu2 HTTP/1.1" 200 2988 "-" "Amazon CloudFront"
64.252.66.102 - - [03/Sep/2026:03:59:32 +0000] "GET /?path=//sys/bus/memory/devices/memory1/node0/memory7/node0/cpu1/subsystem/drivers/processor/cpu5/firmware_node/subsystem/devices/PNP0A03:00/physical_node/firmware_node/physical_node/0000:00:1e.0/driver/module/drivers/pci:nvme/0000:00:1e.0/nvme/nvme1/nvme1n1/holders/md0/slaves/nvme1n1/holders/md0/md/dev-nvme2n1/block/device/nvme2n1/trace HTTP/1.1" 200 3526 "-" "Amazon CloudFront"
64.252.66.102 - - [03/Sep/2026:03:59:36 +0000] "GET /products/detail/208628339?path=//sys/bus/node/devices/node0/cpu1/driver/cpu7/driver/cpu2/node0/cpu4/firmware_node/subsystem/devices/PNP0A03:00/physical_node/firmware_node/physical_node/0000:00:04.0/nvme/nvme0/subsystem/nvme1/nvme1n1/device/nvme1n1/holders/md0/md/dev-nvme1n1/block/mq/6 HTTP/1.1" 200 3366 "-" "Amazon CloudFront"
64.252.66.61 - - [03/Sep/2026:03:59:41 +0000] "GET /products/detail/208628339?path=//sys/bus/node/devices/node0/cpu1/driver/cpu7/driver/cpu2/node0/cpu4/firmware_node/thermal_cooling/device/physical_node/firmware_node/subsystem/devices/device:07/physical_node/subsystem/drivers/nvme/module/drivers/pci:nvme/0000:00:04.0/nvme/nvme0/nvme0n1/device/nvme0n1/nvme0n1p128 HTTP/1.1" 200 3828 "-" "Amazon CloudFront"
64.252.68.74 - - [03/Sep/2026:03:59:44 +0000] "GET /?path=//sys/bus/memory/devices/memory1/node0/memory7/node0/cpu1/subsystem/drivers/processor/cpu5/firmware_node/subsystem/devices/PNP0A03:00/physical_node/firmware_node/physical_node/0000:00:1e.0/driver/module/drivers/pci:nvme/0000:00:1e.0/nvme/nvme1/nvme1n1/holders/md0/slaves/nvme1n1/holders/md0/md/dev-nvme2n1/block/device/nvme2n1/mq HTTP/1.1" 200 3553 "-" "Amazon CloudFront"
64.252.67.164 - - [03/Sep/2026:03:59:48 +0000] "GET /products/detail/208628339?path=//sys/bus/node/devices/node0/cpu1/driver/cpu7/driver/cpu2/node0/cpu1/firmware_node/thermal_cooling/subsystem/cooling_device1/device/subsystem/devices/LNXSYSTM:00/LNXSYBUS:00/PNP0A03:00/physical_node/0000:00:1f.0/nvme/nvme2/nvme2n1/holders/md0/md/rd1/block/holders/md0/md/bitmap HTTP/1.1" 200 3589 "-" "Amazon CloudFront"
64.252.67.164 - - [03/Sep/2026:03:59:52 +0000] "GET /products/detail/182908925?fileloc=//tmp/sess_2dajpgpf3sc9b5pu4v4eqc09np&path=//tmp HTTP/1.1" 200 2557 "-" "Amazon CloudFront"
64.252.67.164 - - [03/Sep/2026:03:59:56 +0000] "GET /products/detail/208628339?path=//sys/bus/node/devices/node0/cpu1/driver/cpu7/driver/cpu2/node0/cpu4/firmware_node/subsystem/devices/PNP0A03:00/device:06/physical_node/firmware_node/physical_node/nvme/nvme0/nvme0n1/device/nvme0n1/subsystem/md0/md/rd1/block/holders/md0/md/rd0/block/holders HTTP/1.1" 200 3185 "-" "Amazon CloudFront"
15.158.215.109 - - [03/Sep/2026:04:00:00 +0000] "GET /wp-login.php?fileloc=//tmp/sess_givicf6mciiik4ik2d8duib6nd&path=//tmp HTTP/1.1" 200 2555 "-" "Mozilla/5.0 AppleWebKit/537.36 (KHTML, like Gecko; compatible; Amazonbot/0.1; +https://developer.amazon.com/support/amazonbot) Chrome/119.0.6045.214 Safari/537.36"
64.252.67.164 - - [03/Sep/2026:04:00:04 +0000] "GET /?path=//sys/bus/memory/devices/memory1/node0/memory28/node0/cpu2/driver/cpu4/firmware_node/subsystem/devices/PNP0A03:00/physical_node/0000:00:04.0/driver/0000:00:1f.0/subsystem/drivers/nvme/0000:00:1e.0/firmware_node/physical_node/nvme/nvme1/nvme1n1/holders/md0/md/rd0/block/holders/md0/md/dev-nvme2n1/block/bdi HTTP/1.1" 200 3589 "-" "Amazon CloudFront"
64.252.66.61 - - [03/Sep/2026:04:00:09 +0000] "GET /?path=//sys/bus/memory/devices/memory1/node0/memory30/node0/cpu6/firmware_node/subsystem/devices/device:21/physical_node/driver/module/drivers/pci:nvme/0000:00:1e.0/driver/0000:00:1f.0/nvme/nvme2/nvme2n1/subsystem/nvme2n1/holders/md0/slaves/nvme1n1/holders/md0/md/dev-nvme1n1/block/device/nvme1n1/mq/1/cpu1 HTTP/1.1" 200 3007 "-" "Amazon CloudFront"
64.252.67.164 - - [03/Sep/2026:04:00:12 +0000] "GET /?path=//sys/class/thermal/cooling_device3/device/physical_node/node0/memory28/node0/cpu5/firmware_node/subsystem/devices/PNP0A03:00/physical_node/pci_bus/0000:00/device/0000:00:1f.0/driver/module/drivers/pci:nvme/0000:00:04.0/driver/0000:00:1f.0/subsystem/slots/12 HTTP/1.1" 200 3537 "-" "Amazon CloudFront"
15.158.215.109 - - [03/Sep/2026:04:00:16 +0000] "GET /wp-login.php?fileloc=//tmp/sess_looiqqq4n8q5ip8r85costqpo6&path=//tmp HTTP/1.1" 200 2555 "-" "Mozilla/5.0 AppleWebKit/537.36 (KHTML, like Gecko; compatible; Amazonbot/0.1; +https://developer.amazon.com/support/amazonbot) Chrome/119.0.6045.214 Safari/537.36"
64.252.68.74 - - [03/Sep/2026:04:00:20 +0000] "GET /products/detail/187873763?fileloc=//tmp/sess_aspd2i689sngskqbvuk8qaoqan&path=//tmp HTTP/1.1" 200 2557 "-" "Amazon CloudFront"
64.252.66.102 - - [03/Sep/2026:04:00:24 +0000] "GET /products/detail/182908925?fileloc=//tmp/sess_itcr16to7skd6mhkdnam87l20k&path=//tmp HTTP/1.1" 200 2555 "-" "Amazon CloudFront"
64.252.66.61 - - [03/Sep/2026:04:00:28 +0000] "GET /?path=//sys/class/thermal/cooling_device3/device/physical_node/node0/memory28/node0/cpu5/firmware_node/subsystem/devices/PNP0A03:00/physical_node/pci_bus/0000:00/device/0000:00:1f.0/driver/module/drivers/pci:nvme/0000:00:04.0/driver/0000:00:1f.0/subsystem/slots/28 HTTP/1.1" 200 3536 "-" "Amazon CloudFront"
64.252.66.102 - - [03/Sep/2026:04:00:32 +0000] "GET /products/detail/208628339?path=//sys/bus/node/devices/node0/cpu1/driver/cpu7/driver/cpu2/node0/cpu4/firmware_node/subsystem/devices/LNXSYBUS:00/LNXCPU:03/physical_node/subsystem/drivers/processor/cpu4/firmware_node/thermal_cooling/device/thermal_cooling/device/physical_node/cache/index3/power HTTP/1.1" 200 3399 "-" "Amazon CloudFront"
64.252.66.102 - - [03/Sep/2026:04:00:36 +0000] "GET /?path=//sys/class/thermal/cooling_device3/device/physical_node/node0/memory28/node0/cpu5/firmware_node/subsystem/devices/PNP0A03:00/physical_node/pci_bus/0000:00/device/0000:00:05.0/subsystem/devices/0000:00:1f.0/driver/0000:00:1f.0/driver/module/drivers/pci:nvme/0000:00:1e.0/firmware_node HTTP/1.1" 200 3527 "-" "Amazon CloudFront"
64.252.68.74 - - [03/Sep/2026:04:00:40 +0000] "GET /products/detail/208628339?path=//sys/bus/node/devices/node0/cpu1/driver/cpu7/driver/cpu2/node0/cpu4/firmware_node/subsystem/devices/PNP0A03:00/device:06/physical_node/firmware_node/physical_node/nvme/nvme0/nvme0n1/device/nvme0n1/subsystem/md0/md/rd1/block/holders/md0/md/rd0/block/slaves HTTP/1.1" 200 2922 "-" "Amazon CloudFront"
64.252.66.102 - - [03/Sep/2026:04:00:44 +0000] "GET /products/detail/208628339?path=//sys/bus/node/devices/node0/cpu1/driver/cpu7/driver/cpu2/node0/cpu4/firmware_node/subsystem/devices/PNP0A03:00/device:21/physical_node/nvme/nvme2/device/nvme/nvme2/nvme2n1/holders/md0/subsystem/nvme1n1/device/nvme1n1/holders/md0/slaves/nvme2n1/mq HTTP/1.1" 200 3428 "-" "Amazon CloudFront"
64.252.66.61 - - [03/Sep/2026:04:00:48 +0000] "GET /products/detail/208628339?path=//sys/bus/node/devices/node0/cpu1/driver/cpu7/driver/cpu2/node0/cpu1/firmware_node/thermal_cooling/subsystem/cooling_device3/device/subsystem/devices/PNP0A03:00/physical_node/0000:00:1e.0/nvme/nvme1/nvme1n1/holders/md0/md/rd1/block/holders/md0/md/dev-nvme2n1/block/device/nvme2n1/trace HTTP/1.1" 200 3460 "-" "Amazon CloudFront"
64.252.66.102 - - [03/Sep/2026:04:00:52 +0000] "GET /products/detail/182908925?fileloc=//tmp/sess_55msio32d2v1b7jnr5ifupkph9&path=//tmp HTTP/1.1" 200 2557 "-" "Amazon CloudFront"
15.158.215.109 - - [03/Sep/2026:04:00:56 +0000] "GET /wp-login.php?fileloc=//tmp/sess_fhm9brsa8j3vf9u45dn4ilptio&path=//tmp HTTP/1.1" 200 2556 "-" "Mozilla/5.0 AppleWebKit/537.36 (KHTML, like Gecko; compatible; Amazonbot/0.1; +https://developer.amazon.com/support/amazonbot) Chrome/119.0.6045.214 Safari/537.36"
64.252.68.74 - - [03/Sep/2026:04:01:01 +0000] "GET /products/detail/182908925?fileloc=//tmp/sess_bsvfdbbi3cs7590otjhdcds84o&path=//tmp HTTP/1.1" 200 2557 "-" "Amazon CloudFront"
64.252.66.102 - - [03/Sep/2026:04:01:05 +0000] "GET /products/detail/187873763?fileloc=//tmp/sess_dfs467navk1f53sboc9pd7smme&path=//tmp HTTP/1.1" 200 2556 "-" "Amazon CloudFront"
64.252.68.74 - - [03/Sep/2026:04:01:09 +0000] "GET /products/detail/187873763?fileloc=//tmp/sess_rrlq068sig02prpc2fjm4srgbk&path=//tmp HTTP/1.1" 200 2557 "-" "Amazon CloudFront"
64.252.66.61 - - [03/Sep/2026:04:01:13 +0000] "GET /products/detail/208628339?path=//sys/bus/node/devices/node0/cpu1/driver/cpu7/driver/cpu2/node0/cpu4/firmware_node/thermal_cooling/device/physical_node/firmware_node/thermal_cooling/device/subsystem/devices/PNP0A03:00/physical_node/0000:00:1f.0/subsystem/drivers/nvme/0000:00:1e.0/nvme/nvme1/nvme1n1/holders/md0/slaves/nvme1n1/mq/1 HTTP/1.1" 200 3427 "-" "Amazon CloudFront"
64.252.68.74 - - [03/Sep/2026:04:01:16 +0000] "GET /products/detail/208628339?path=//sys/bus/node/devices/node0/cpu1/driver/cpu7/driver/cpu2/node0/cpu4/firmware_node/subsystem/devices/device:06/physical_node/nvme/nvme0/nvme0n1/subsystem/md0/md/dev-nvme1n1/block/holders/md0/md/dev-nvme1n1/block/device/nvme1n1/mq/2/cpu2 HTTP/1.1" 200 2910 "-" "Amazon CloudFront"
64.252.68.74 - - [03/Sep/2026:04:01:20 +0000] "GET /products/detail/208628339?path=//sys/bus/node/devices/node0/cpu1/driver/cpu7/driver/cpu2/node0/cpu4/firmware_node/subsystem/devices/PNP0A03:00/physical_node/0000:00:1f.0/nvme/nvme2/subsystem/nvme2/nvme2n1/holders/md0/md/rd0/block/device/device/firmware_node/power HTTP/1.1" 200 3380 "-" "Amazon CloudFront"
64.252.66.61 - - [03/Sep/2026:04:01:26 +0000] "GET /products/detail/272703723?path=//sys/devices/pci0000:00/firmware_node/physical_node/pci_bus/0000:00/device/firmware_node/physical_node/0000:00:00.0/subsystem/drivers/nvme/module/drivers/pci:nvme/0000:00:1e.0/nvme/nvme1/nvme1n1/device/nvme1n1/holders/md0/md/dev-nvme1n1/block/holders/md0/md/dev-nvme2n1/block/subsystem/nvme2n1/mq/6/cpu6 HTTP/1.1" 200 2964 "-" "Amazon CloudFront"
64.252.66.102 - - [03/Sep/2026:04:01:29 +0000] "GET /products/detail/187873763?fileloc=//tmp/sess_brnd5cpm42jf8oqjnr70l4g4jh&path=//tmp HTTP/1.1" 200 2557 "-" "Amazon CloudFront"
64.252.66.102 - - [03/Sep/2026:04:01:34 +0000] "GET /?path=//sys/bus/memory/devices/memory1/node0/memory30/node0/cpu6/firmware_node/subsystem/devices/device:21/physical_node/driver/module/drivers/pci:nvme/0000:00:1e.0/nvme/nvme1/nvme1n1/subsystem/nvme1n1/holders/md0/md/rd0/block/holders/md0/md/rd1/block/device/device/driver/0000:00:1f.0/nvme/nvme2/nvme2n1/integrity HTTP/1.1" 200 3567 "-" "Amazon CloudFront"
64.252.70.102 - - [03/Sep/2026:04:01:36 +0000] "GET /prizes/255309975?path=/var/www/volumes/87193775eda341179194f49640158708 HTTP/1.1" 200 2642 "-" "Amazon CloudFront"
64.252.66.61 - - [03/Sep/2026:04:01:37 +0000] "GET /?path=//sys/class/thermal/cooling_device3/device/physical_node/node0/cpu0/node0/cpu4/firmware_node/subsystem/devices/device:02/PNP0303:00/subsystem/devices/device:20/physical_node/nvme/nvme1/device/driver/0000:00:04.0/driver/module/drivers/pci:nvme/0000:00:1f.0/nvme/nvme2/nvme2n1/holders/md0/md/rd1/block/holders/md0/md/rd1/block/mq/2 HTTP/1.1" 200 3521 "-" "Amazon CloudFront"
64.252.66.61 - - [03/Sep/2026:04:01:41 +0000] "GET /products/detail/187873763?fileloc=//tmp/sess_pbest1q5hro92hdmmt928tifj3&path=//tmp HTTP/1.1" 200 2556 "-" "Amazon CloudFront"
64.252.72.118 - - [03/Sep/2026:04:01:45 +0000] "GET /prizes/296120036?pilihan&path=/var/www/volumes/69b4844ae61d4e92bf26ad98af552775/wordpress/.quarantine HTTP/1.1" 200 3004 "-" "Amazon CloudFront"
64.252.66.102 - - [03/Sep/2026:04:01:45 +0000] "GET /products/detail/182908925?fileloc=//tmp/sess_3tcl5sd4p17o44qk26vm2lumkf&path=//tmp HTTP/1.1" 200 2557 "-" "Amazon CloudFront"
64.252.66.102 - - [03/Sep/2026:04:01:48 +0000] "GET /products/detail/208628339?path=//sys/bus/node/devices/node0/cpu1/driver/cpu7/driver/cpu2/node0/cpu4/firmware_node/subsystem/devices/PNP0A03:00/device:06/physical_node/firmware_node/physical_node/nvme/nvme0/nvme0n1/device/nvme0n1/subsystem/md0/md/rd1/block/holders/md0/slaves/nvme1n1/mq HTTP/1.1" 200 3436 "-" "Amazon CloudFront"
64.252.72.118 - - [03/Sep/2026:04:01:49 +0000] "GET /prizes/76089480?fileloc=/var/www/volumes/69b4844ae61d4e92bf26ad98af552775/wordpress/.htaccess&path=/var/www/volumes/69b4844ae61d4e92bf26ad98af552775/wordpress HTTP/1.1" 200 2697 "-" "Amazon CloudFront"
64.252.68.74 - - [03/Sep/2026:04:01:53 +0000] "GET /products/detail/182908925?fileloc=//tmp/sess_7aluloe7tfc6jhv24d7mv1dn80&path=//tmp HTTP/1.1" 200 2556 "-" "Amazon CloudFront"
64.252.68.74 - - [03/Sep/2026:04:01:56 +0000] "GET /products/detail/272703723?path=//sys/devices/pci0000:00/firmware_node/physical_node/pci_bus/0000:00/device/firmware_node/physical_node/0000:00:00.0/subsystem/drivers/nvme/0000:00:1e.0/subsystem/devices/0000:00:04.0/driver/module/drivers/pci:nvme/0000:00:1f.0/nvme/nvme2/nvme2n1/device/nvme2n1/holders/md0/md/dev-nvme1n1/block/holders/md0/md/rd1/block/mq/1 HTTP/1.1" 200 3472 "-" "Amazon CloudFront"
64.252.67.164 - - [03/Sep/2026:04:02:01 +0000] "GET /products/detail/208628339?path=//sys/bus/node/devices/node0/cpu1/driver/cpu7/driver/cpu2/node0/cpu1/firmware_node/thermal_cooling/device/physical_node/firmware_node/subsystem/devices/PNP0303:00/subsystem/drivers/button/LNXPWRBN:00/input/input3/device/input/input3/event1 HTTP/1.1" 200 3354 "-" "Amazon CloudFront"
64.252.66.61 - - [03/Sep/2026:04:02:04 +0000] "GET /products/detail/208628339?path=//sys/bus/node/devices/node0/cpu1/driver/cpu7/driver/cpu2/node0/cpu4/firmware_node/subsystem/devices/PNP0A03:00/physical_node/0000:00:04.0/nvme/nvme0/device/nvme/nvme0/subsystem/nvme2/nvme2n1/device/nvme2n1/holders/md0/md/rd1/block/integrity HTTP/1.1" 200 3469 "-" "Amazon CloudFront"
64.252.66.61 - - [03/Sep/2026:04:02:09 +0000] "GET /products/detail/208628339?path=//sys/bus/node/devices/node0/cpu1/driver/cpu7/driver/cpu2/node0/cpu4/firmware_node/subsystem/devices/PNP0A03:00/device:06/physical_node/firmware_node/physical_node/nvme/nvme0/nvme0n1/device/nvme0n1/subsystem/md0/md/rd1/block/holders/md0/slaves/nvme1n1/queue HTTP/1.1" 200 4696 "-" "Amazon CloudFront"
64.252.68.74 - - [03/Sep/2026:04:02:14 +0000] "GET /products/detail/182908925?fileloc=//tmp/sess_c2jllmhkn91brrcak354d9q4dj&path=//tmp HTTP/1.1" 200 2556 "-" "Amazon CloudFront"
64.252.66.61 - - [03/Sep/2026:04:02:17 +0000] "GET /?path=//sys/bus/memory/devices/memory1/node0/memory28/node0/cpu2/driver/cpu4/firmware_node/subsystem/devices/PNP0A03:00/physical_node/0000:00:04.0/driver/0000:00:1f.0/subsystem/drivers/nvme/0000:00:1f.0/nvme/nvme2/nvme2n1/holders/md0/md/dev-nvme2n1/block/holders/md0/md/rd0/block/device/power HTTP/1.1" 200 3478 "-" "Amazon CloudFront"
15.158.215.109 - - [03/Sep/2026:04:02:21 +0000] "GET /wp-login.php?fileloc=//tmp/sess_jhukekbqln18qj0hvl9p3065l2&path=//tmp HTTP/1.1" 200 2558 "-" "Mozilla/5.0 AppleWebKit/537.36 (KHTML, like Gecko; compatible; Amazonbot/0.1; +https://developer.amazon.com/support/amazonbot) Chrome/119.0.6045.214 Safari/537.36"
64.252.67.164 - - [03/Sep/2026:04:02:25 +0000] "GET /?path=//sys/bus/memory/devices/memory1/node0/memory30/node0/cpu6/firmware_node/subsystem/devices/device:21/physical_node/driver/module/drivers/pci:nvme/0000:00:1f.0/driver/0000:00:1f.0/firmware_node/physical_node/nvme/nvme2/subsystem/nvme1/nvme1n1/holders/md0/md/dev-nvme1n1/block/device/device/nvme/nvme1/nvme1n1/holders/md0/slaves/nvme2n1/bdi/power HTTP/1.1" 200 3553 "-" "Amazon CloudFront"
64.252.68.74 - - [03/Sep/2026:04:02:28 +0000] "GET /products/detail/208628339?path=//sys/bus/node/devices/node0/cpu1/driver/cpu7/driver/cpu2/node0/cpu4/firmware_node/subsystem/devices/PNP0A03:00/physical_node/0000:00:01.3/subsystem/drivers/nvme/0000:00:04.0/firmware_node/physical_node/nvme/nvme0/nvme0n1/device/nvme0n1/mq/1/cpu6 HTTP/1.1" 200 2891 "-" "Amazon CloudFront"
64.252.66.61 - - [03/Sep/2026:04:02:32 +0000] "GET /products/detail/208628339?path=//sys/bus/node/devices/node0/cpu1/driver/cpu7/driver/cpu2/node0/cpu1/firmware_node/thermal_cooling/device/physical_node/firmware_node/subsystem/devices/LNXSYSTM:00/LNXSYBUS:00/PNP0A03:00/device:06/physical_node/nvme/nvme0/device/subsystem/drivers/nvme/module/drivers/pci:nvme/module/notes HTTP/1.1" 200 3254 "-" "Amazon CloudFront"
64.252.66.61 - - [03/Sep/2026:04:02:37 +0000] "GET /?path=//sys/bus/memory/devices/memory1/node0/memory30/node0/cpu6/firmware_node/subsystem/devices/device:21/physical_node/driver/module/drivers/pci:nvme/0000:00:1e.0/driver/0000:00:1f.0/nvme/nvme2/nvme2n1/device/subsystem/nvme1/nvme1n1/holders/md0/slaves/nvme1n1/holders/md0/md/rd1/block/device/nvme2n1/mq/1/cpu1 HTTP/1.1" 200 3020 "-" "Amazon CloudFront"
15.158.215.109 - - [03/Sep/2026:04:02:42 +0000] "GET /wp-login.php?fileloc=//tmp/sess_i0l8ni478hrdp7jsa6kpg8fo0d&path=//tmp HTTP/1.1" 200 2556 "-" "Mozilla/5.0 AppleWebKit/537.36 (KHTML, like Gecko; compatible; Amazonbot/0.1; +https://developer.amazon.com/support/amazonbot) Chrome/119.0.6045.214 Safari/537.36"
64.252.67.164 - - [03/Sep/2026:04:02:44 +0000] "GET /?path=//sys/class/thermal/cooling_device3/device/physical_node/node0/memory28/node0/cpu5/firmware_node/subsystem/devices/LNXSYBUS:00/PNP0A03:00/device:1b/subsystem/devices/LNXSYBUS:00/PNP0A03:00/device:21/physical_node/driver/module/drivers/pci:nvme/0000:00:1f.0/driver/module/drivers/pci:nvme/0000:00:1e.0/nvme/nvme1/device/nvme/nvme1/nvme1n1/holders/md0/slaves/nvme2n1/queue HTTP/1.1" 200 4968 "-" "Amazon CloudFront"
64.252.66.102 - - [03/Sep/2026:04:02:49 +0000] "GET /?path=//sys/bus/memory/devices/memory1/node0/memory7/node0/cpu1/subsystem/drivers/processor/cpu5/firmware_node/subsystem/devices/PNP0A03:00/physical_node/firmware_node/device:20/physical_node/driver/0000:00:04.0/driver/module/drivers/pci:nvme/0000:00:1e.0/nvme/nvme1/device/nvme/nvme1/nvme1n1/holders/md0/md/rd1/block/holders/md0/slaves/nvme2n1/mq/3 HTTP/1.1" 200 3527 "-" "Amazon CloudFront"
15.158.215.109 - - [03/Sep/2026:04:02:52 +0000] "GET /wp-login.php?fileloc=//tmp/sess_cg8pa3pesp2d5huq32gk1s667a&path=//tmp HTTP/1.1" 200 2555 "-" "Mozilla/5.0 AppleWebKit/537.36 (KHTML, like Gecko; compatible; Amazonbot/0.1; +https://developer.amazon.com/support/amazonbot) Chrome/119.0.6045.214 Safari/537.36"
64.252.67.164 - - [03/Sep/2026:04:02:56 +0000] "GET /?path=//sys/class/thermal/cooling_device3/device/physical_node/node0/memory28/node0/cpu5/firmware_node/subsystem/devices/PNP0A03:00/physical_node/pci_bus/0000:00/device/0000:00:1e.0/driver/module/drivers/pci:nvme/0000:00:1e.0/driver/0000:00:1f.0/nvme/nvme2/nvme2n1/bdi/power HTTP/1.1" 200 3443 "-" "Amazon CloudFront"
64.252.66.61 - - [03/Sep/2026:04:03:01 +0000] "GET /?path=//sys/bus/memory/devices/memory1/node0/memory30/node0/cpu6/firmware_node/subsystem/devices/device:21/physical_node/driver/module/drivers/pci:nvme/0000:00:1e.0/nvme/nvme1/subsystem/nvme1/nvme1n1/device/device/driver/0000:00:1f.0/firmware_node/physical_node/nvme/nvme2/nvme2n1/holders/md0/slaves/nvme2n1/holders/md0/slaves/nvme1n1/queue HTTP/1.1" 200 4957 "-" "Amazon CloudFront"
64.252.66.102 - - [03/Sep/2026:04:03:06 +0000] "GET /products/detail/208628339?path=//sys/bus/node/devices/node0/cpu1/driver/cpu7/driver/cpu2/node0/cpu4/firmware_node/thermal_cooling/device/physical_node/firmware_node/subsystem/devices/device:20/physical_node/subsystem/drivers/nvme/0000:00:1f.0/nvme/nvme2/nvme2n1/holders/md0/md/rd0/block/holders/md0/trace HTTP/1.1" 200 3421 "-" "Amazon CloudFront"
64.252.66.102 - - [03/Sep/2026:04:03:08 +0000] "GET /?path=//sys/bus/memory/devices/memory1/node0/memory28/node0/cpu2/driver/cpu4/firmware_node/subsystem/devices/PNP0A03:00/physical_node/0000:00:04.0/driver/0000:00:1f.0/subsystem/drivers/nvme/0000:00:1f.0/nvme/nvme2/nvme2n1/holders/md0/md/dev-nvme2n1/block/holders/md0/md/dev-nvme2n1/block/device/device HTTP/1.1" 200 4898 "-" "Amazon CloudFront"
64.252.66.61 - - [03/Sep/2026:04:03:12 +0000] "GET /products/detail/208628339?path=//sys/bus/node/devices/node0/cpu1/driver/cpu7/driver/cpu2/node0/cpu4/firmware_node/subsystem/devices/device:06/physical_node/nvme/nvme0/nvme0n1/subsystem/md0/slaves/nvme1n1/device/device/nvme/nvme1/nvme1n1/holders/md0/slaves/nvme2n1/power HTTP/1.1" 200 3390 "-" "Amazon CloudFront"
64.252.66.102 - - [03/Sep/2026:04:03:16 +0000] "GET /?path=//sys/class/thermal/cooling_device3/device/physical_node/node0/memory28/node0/cpu5/firmware_node/subsystem/devices/PNP0A03:00/physical_node/pci_bus/0000:00/device/0000:00:1f.0/driver/module/drivers/pci:nvme/0000:00:04.0/firmware_node/subsystem/devices/PNP0A03:00/device:18 HTTP/1.1" 200 3507 "-" "Amazon CloudFront"
64.252.68.74 - - [03/Sep/2026:04:03:20 +0000] "GET /products/detail/208628339?path=//sys/bus/node/devices/node0/cpu1/driver/cpu7/driver/cpu2/node0/cpu1/firmware_node/thermal_cooling/subsystem/cooling_device3/device/subsystem/devices/device:21/physical_node/firmware_node/physical_node/nvme/nvme2/device/nvme/nvme2/nvme2n1/holders/md0/md/rd0/block/mq/4 HTTP/1.1" 200 3405 "-" "Amazon CloudFront"
64.252.66.61 - - [03/Sep/2026:04:03:25 +0000] "GET /products/detail/208628339?path=//sys/bus/node/devices/node0/cpu1/driver/cpu7/driver/cpu2/node0/cpu4/firmware_node/subsystem/devices/device:06/physical_node/nvme/nvme0/nvme0n1/subsystem/md0/slaves/nvme1n1/device/device/nvme/nvme1/nvme1n1/holders/md0/slaves/nvme2n1/holders HTTP/1.1" 200 3160 "-" "Amazon CloudFront"
64.252.88.199 - - [03/Sep/2026:04:03:25 +0000] "GET /products/detail/274912329 HTTP/1.1" 200 4265 "-" "Amazon CloudFront"
64.252.66.61 - - [03/Sep/2026:04:03:29 +0000] "GET /products/detail/187873763?fileloc=//tmp/sess_ebmhk4a8sdehet3oqsg92jg3nb&path=//tmp HTTP/1.1" 200 2556 "-" "Amazon CloudFront"
64.252.66.61 - - [03/Sep/2026:04:03:33 +0000] "GET /products/detail/208628339?path=//sys/bus/node/devices/node0/cpu1/driver/cpu7/driver/cpu2/node0/cpu4/firmware_node/subsystem/devices/PNP0A03:00/physical_node/0000:00:04.0/nvme/nvme0/nvme0n1/device/subsystem/nvme1/device/nvme/nvme1/nvme1n1/holders/md0/slaves/nvme2n1/mq/2 HTTP/1.1" 200 3355 "-" "Amazon CloudFront"
64.252.66.61 - - [03/Sep/2026:04:03:37 +0000] "GET /products/detail/208628339?path=//sys/bus/node/devices/node0/cpu1/driver/cpu7/driver/cpu2/node0/cpu4/firmware_node/subsystem/devices/device:20/physical_node/firmware_node/physical_node/nvme/nvme1/subsystem/nvme1/nvme1n1/device/nvme1n1/holders/md0/slaves/nvme2n1/holders/md0/md/dev-nvme1n1/block HTTP/1.1" 200 4212 "-" "Amazon CloudFront"
64.252.66.61 - - [03/Sep/2026:04:03:41 +0000] "GET /products/detail/208628339?path=//sys/bus/node/devices/node0/cpu1/driver/cpu7/driver/cpu2/node0/cpu4/firmware_node/subsystem/devices/PNP0A03:00/physical_node/0000:00:04.0/firmware_node/physical_node/nvme/nvme0/device/nvme/nvme0/subsystem/nvme2/nvme2n1/holders/md0/md/dev-nvme2n1/block/device/nvme2n1 HTTP/1.1" 200 4234 "-" "Amazon CloudFront"
15.158.215.109 - - [03/Sep/2026:04:03:45 +0000] "GET /wp-login.php?fileloc=//tmp/sess_g34oujbqd1j0kn9uimgnnkalv0&path=//tmp HTTP/1.1" 200 2559 "-" "Mozilla/5.0 AppleWebKit/537.36 (KHTML, like Gecko; compatible; Amazonbot/0.1; +https://developer.amazon.com/support/amazonbot) Chrome/119.0.6045.214 Safari/537.36"
64.252.66.102 - - [03/Sep/2026:04:03:48 +0000] "GET /products/detail/208628339?path=//sys/bus/node/devices/node0/cpu1/driver/cpu7/driver/cpu2/node0/cpu4/firmware_node/subsystem/devices/PNP0A03:00/device:06/physical_node/firmware_node/physical_node/nvme/nvme0/subsystem/nvme2/device/nvme/nvme2/nvme2n1/holders/md0/md/rd1/block/device/nvme2n1/mq HTTP/1.1" 200 3439 "-" "Amazon CloudFront"
64.252.67.164 - - [03/Sep/2026:04:03:54 +0000] "GET /?path=//sys/class/thermal/cooling_device3/device/physical_node/node0/memory28/node0/cpu5/firmware_node/subsystem/devices/PNP0A03:00/physical_node/pci_bus/0000:00/device/0000:00:1f.0/driver/module/drivers/pci:nvme/0000:00:04.0/firmware_node/subsystem/devices/PNP0A03:00/device:1a HTTP/1.1" 200 3507 "-" "Amazon CloudFront"
64.252.67.164 - - [03/Sep/2026:04:03:57 +0000] "GET /products/detail/187873763?fileloc=//tmp/sess_epb0tbdaef3hr6cg1qb1urnk6e&path=//tmp HTTP/1.1" 200 2556 "-" "Amazon CloudFront"
64.252.66.61 - - [03/Sep/2026:04:04:00 +0000] "GET /?path=//sys/class/thermal/cooling_device3/device/physical_node/node0/memory28/node0/cpu5/firmware_node/subsystem/devices/PNP0A03:00/physical_node/pci_bus/0000:00/device/0000:00:05.0/subsystem/drivers/nvme/module/drivers/pci:nvme/0000:00:04.0/nvme/nvme0/nvme0n1/integrity HTTP/1.1" 200 3481 "-" "Amazon CloudFront"
64.252.67.164 - - [03/Sep/2026:04:04:06 +0000] "GET /products/detail/187873763?fileloc=//tmp/sess_31oakoi1udl2rpbonovhianpl0&path=//tmp HTTP/1.1" 200 2556 "-" "Amazon CloudFront"
64.252.66.102 - - [03/Sep/2026:04:04:08 +0000] "GET /products/detail/208628339?path=//sys/bus/node/devices/node0/cpu1/driver/cpu7/driver/cpu2/node0/cpu4/firmware_node/subsystem/devices/PNP0A03:00/device:21/physical_node/nvme/nvme2/nvme2n1/device/subsystem/nvme1/device/nvme/nvme1/nvme1n1/holders/md0/md/dev-nvme1n1/block/slaves HTTP/1.1" 200 2901 "-" "Amazon CloudFront"
64.252.66.102 - - [03/Sep/2026:04:04:13 +0000] "GET /products/detail/182908925?fileloc=//tmp/sess_0qidfi0v707kqhepfte6u3atf2&path=//tmp HTTP/1.1" 200 2557 "-" "Amazon CloudFront"
64.252.66.61 - - [03/Sep/2026:04:04:16 +0000] "GET /?path=//sys/bus/node/devices/node0/memory2/node0/cpu7/driver/cpu1/firmware_node/subsystem/devices/PNP0A03:00/physical_node/0000:00:04.0/firmware_node/physical_node/nvme/nvme0/device/driver/0000:00:1e.0/nvme/nvme1/nvme1n1/holders/md0/md/rd0/block/holders/md0/slaves/nvme2n1/device/nvme2n1/subsystem/nvme1n1/bdi/power HTTP/1.1" 200 3505 "-" "Amazon CloudFront"
64.252.68.74 - - [03/Sep/2026:04:04:20 +0000] "GET /products/detail/208628339?path=//sys/bus/node/devices/node0/cpu1/driver/cpu7/driver/cpu2/node0/cpu4/firmware_node/subsystem/devices/PNP0A03:00/physical_node/0000:00:04.0/nvme/nvme0/nvme0n1/device/nvme0n1/nvme0n1p1/subsystem/md0/md/dev-nvme1n1/block/device/nvme1n1/mq/1/cpu1 HTTP/1.1" 200 2913 "-" "Amazon CloudFront"
64.252.68.74 - - [03/Sep/2026:04:04:24 +0000] "GET /products/detail/208628339?path=//sys/bus/node/devices/node0/cpu1/driver/cpu7/driver/cpu2/node0/cpu4/firmware_node/subsystem/devices/PNP0A03:00/physical_node/0000:00:04.0/firmware_node/physical_node/nvme/nvme0/nvme0n1/nvme0n1p128/subsystem/nvme2n1/holders/md0/md/rd1/block/device/nvme2n1/mq/4 HTTP/1.1" 200 3356 "-" "Amazon CloudFront"
15.158.215.109 - - [03/Sep/2026:04:04:28 +0000] "GET /wp-login.php?fileloc=//tmp/sess_i6g6u09g7110rlm1n25me10hke&path=//tmp HTTP/1.1" 200 2556 "-" "Mozilla/5.0 AppleWebKit/537.36 (KHTML, like Gecko; compatible; Amazonbot/0.1; +https://developer.amazon.com/support/amazonbot) Chrome/119.0.6045.214 Safari/537.36"
64.252.68.74 - - [03/Sep/2026:04:04:32 +0000] "GET /?path=//sys/class/thermal/cooling_device3/device/physical_node/node0/cpu0/node0/cpu4/firmware_node/subsystem/devices/device:02/PNP0303:00/subsystem/devices/device:20/physical_node/nvme/nvme1/device/driver/0000:00:04.0/driver/module/drivers/pci:nvme/0000:00:1f.0/nvme/nvme2/nvme2n1/holders/md0/md/rd1/block/holders/md0/md/rd1/block/mq/5 HTTP/1.1" 200 3522 "-" "Amazon CloudFront"
15.158.215.109 - - [03/Sep/2026:04:04:37 +0000] "GET /wp-login.php?fileloc=//tmp/sess_uj762cjo4q4t5se033jspvh4d0&path=//tmp HTTP/1.1" 200 2556 "-" "Mozilla/5.0 AppleWebKit/537.36 (KHTML, like Gecko; compatible; Amazonbot/0.1; +https://developer.amazon.com/support/amazonbot) Chrome/119.0.6045.214 Safari/537.36"
64.252.68.74 - - [03/Sep/2026:04:04:40 +0000] "GET /?path=//sys/class/thermal/cooling_device3/device/physical_node/node0/memory0/node0/cpu0/firmware_node/subsystem/devices/device:02/QEMU0001:00/subsystem/devices/LNXSYBUS:00/PNP0A03:00/physical_node/0000:00:1f.0/driver/module/drivers/pci:nvme/0000:00:1e.0/driver/module/drivers/pci:nvme/0000:00:1e.0/nvme/nvme1/nvme1n1/device/nvme1n1/holders/md0/md/rd1/block/holders/md0/md/dev-nvme1n1/block HTTP/1.1" 200 4536 "-" "Amazon CloudFront"
15.158.215.109 - - [03/Sep/2026:04:04:44 +0000] "GET /wp-login.php?fileloc=//tmp/sess_un82ktg4oeonehmp3ihmuhau2b&path=//tmp HTTP/1.1" 200 2554 "-" "Mozilla/5.0 AppleWebKit/537.36 (KHTML, like Gecko; compatible; Amazonbot/0.1; +https://developer.amazon.com/support/amazonbot) Chrome/119.0.6045.214 Safari/537.36"
15.158.215.109 - - [03/Sep/2026:04:04:50 +0000] "GET /wp-login.php?fileloc=//tmp/sess_l7gdtr3h79cp1thpngmm1j2cua&path=//tmp HTTP/1.1" 200 2556 "-" "Mozilla/5.0 AppleWebKit/537.36 (KHTML, like Gecko; compatible; Amazonbot/0.1; +https://developer.amazon.com/support/amazonbot) Chrome/119.0.6045.214 Safari/537.36"
