64.252.66.61 - - [04/Sep/2026:05:32:32 +0000] "GET /?path=//sys/class/thermal/cooling_device3/device/physical_node/node0/memory28/node0/cpu5/firmware_node/subsystem/devices/PNP0A03:00/physical_node/pci_bus/0000:00/device/0000:00:1f.0/driver/module/drivers/pci:nvme/0000:00:1f.0/driver/0000:00:1e.0/firmware_node/subsystem/devices/device:05 HTTP/1.1" 200 3528 "-" "Amazon CloudFront"
64.252.66.61 - - [04/Sep/2026:05:32:35 +0000] "GET /products/detail/172439228?fileloc=/var/www/volumes/69b4844ae61d4e92bf26ad98af552775/logs/openlitespeed/access.log.2026_07_25.14&path=/var/www/volumes/69b4844ae61d4e92bf26ad98af552775/logs/openlitespeed HTTP/1.1" 200 2607 "-" "Amazon CloudFront"
64.252.66.61 - - [04/Sep/2026:05:32:36 +0000] "GET /products/detail/208628339?path=//sys/bus/node/devices/node0/cpu1/driver/cpu7/driver/cpu2/node0/cpu4/firmware_node/thermal_cooling/device/physical_node/firmware_node/subsystem/devices/device:20/physical_node/subsystem/drivers/nvme/0000:00:1f.0/nvme/nvme2/nvme2n1/holders/md0/slaves/nvme1n1/device/nvme1n1/holders/md0/md/dev-nvme2n1 HTTP/1.1" 200 3783 "-" "Amazon CloudFront"
64.252.66.102 - - [04/Sep/2026:05:32:41 +0000] "GET /?path=//sys/class/thermal/cooling_device3/device/physical_node/node0/cpu1/driver/cpu0/node0/cpu2/firmware_node/subsystem/devices/LNXSYSTM:00/LNXSYBUS:00/PNP0C0F:02/subsystem/devices/LNXSYSTM:00/LNXSYBUS:00/PNP0A03:00/physical_node/0000:00:1e.0/driver/module/drivers/pci:nvme/module/drivers/pci:nvme/0000:00:1e.0/nvme/nvme1/nvme1n1/device/nvme1n1/holders/md0/slaves/nvme2n1/integrity HTTP/1.1" 200 3645 "-" "Amazon CloudFront"
64.252.66.61 - - [04/Sep/2026:05:32:44 +0000] "GET /?path=//sys/class/thermal/cooling_device3/device/physical_node/node0/memory28/node0/cpu5/firmware_node/subsystem/devices/PNP0A03:00/physical_node/pci_bus/0000:00/device/0000:00:1e.0/driver/0000:00:1f.0/nvme/nvme2/nvme2n1/subsystem/nvme1n1/holders/md0/md/dev-nvme2n1/block/mq/4 HTTP/1.1" 200 3410 "-" "Amazon CloudFront"
64.252.66.61 - - [04/Sep/2026:05:32:48 +0000] "GET /?path=//sys/class/thermal/cooling_device3/device/physical_node/node0/memory28/node0/cpu5/firmware_node/subsystem/devices/LNXSYBUS:00/PNP0A03:00/device:1b/subsystem/devices/LNXSYBUS:00/PNP0A03:00/device:21/physical_node/driver/module/drivers/pci:nvme/0000:00:1f.0/driver/module/drivers/pci:nvme/0000:00:1e.0/nvme/nvme1/device/nvme/nvme1/nvme1n1/holders/md0/md/dev-nvme1n1/block/mq/6 HTTP/1.1" 200 3556 "-" "Amazon CloudFront"
64.252.67.52 - - [04/Sep/2026:05:32:52 +0000] "GET /?path=//sys/bus/memory/devices/memory14/node0/memory20/node0/cpu7/driver/cpu2/driver/cpu4/firmware_node/subsystem/devices/PNP0A03:00/physical_node/0000:00:1f.0/firmware_node/physical_node/nvme/nvme2/device/nvme/nvme2/nvme2n1/subsystem/nvme2n1/holders/md0/md/dev-nvme1n1/block/device/nvme1n1/holders/md0/md/rd1/block/mq/4/cpu4 HTTP/1.1" 200 3018 "-" "Amazon CloudFront"
64.252.66.61 - - [04/Sep/2026:05:32:56 +0000] "GET /products/detail/208628339?path=//sys/bus/node/devices/node0/cpu1/driver/cpu7/driver/cpu2/node0/cpu4/firmware_node/subsystem/devices/PNP0A03:00/device:06/physical_node/nvme/nvme0/nvme0n1/nvme0n1p1/subsystem/md0/slaves/nvme2n1/device/nvme2n1/holders/md0/slaves/nvme1n1/device/nvme1n1/bdi HTTP/1.1" 200 3540 "-" "Amazon CloudFront"
64.252.66.102 - - [04/Sep/2026:05:32:59 +0000] "GET /?path=//sys/bus/memory/devices/memory1/node0/memory30/node0/cpu6/firmware_node/subsystem/devices/device:21/physical_node/driver/module/drivers/pci:nvme/0000:00:1e.0/nvme/nvme1/device/firmware_node/physical_node/driver/0000:00:04.0/nvme/nvme0/subsystem/nvme1/nvme1n1/holders/md0/md/rd0/block/device/nvme1n1/holders/md0/slaves/nvme2n1/mq/3 HTTP/1.1" 200 3510 "-" "Amazon CloudFront"
64.252.66.102 - - [04/Sep/2026:05:33:04 +0000] "GET /products/detail/208628339?path=//sys/bus/node/devices/node0/cpu1/driver/cpu7/driver/cpu2/node0/cpu1/firmware_node/thermal_cooling/device/physical_node/firmware_node/subsystem/devices/PNP0A03:00/physical_node/0000:00:1e.0/nvme/nvme1/nvme1n1/holders/md0/slaves/nvme1n1/device/subsystem/nvme2/nvme2n1/holders/md0/md/rd1 HTTP/1.1" 200 3778 "-" "Amazon CloudFront"
64.252.66.61 - - [04/Sep/2026:05:33:07 +0000] "GET /products/detail/208628339?path=//sys/bus/node/devices/node0/cpu1/driver/cpu7/driver/cpu2/node0/cpu4/firmware_node/subsystem/devices/PNP0A03:00/device:07/physical_node/net/eth0/device/net/eth0/device/subsystem/drivers/nvme/0000:00:1f.0/firmware_node/physical_node/nvme/nvme2/nvme2n1/holders HTTP/1.1" 200 3180 "-" "Amazon CloudFront"
64.252.66.61 - - [04/Sep/2026:05:33:11 +0000] "GET /?path=//sys/class/thermal/cooling_device3/device/physical_node/node0/cpu1/driver/cpu0/node0/cpu2/firmware_node/subsystem/devices/LNXSYSTM:00/LNXSYBUS:00/PNP0C0F:02/subsystem/devices/LNXSYSTM:00/LNXSYBUS:00/PNP0A03:00/physical_node/0000:00:1e.0/driver/module/drivers/pci:nvme/module/drivers/pci:nvme/0000:00:1e.0/nvme/nvme1/nvme1n1/device/nvme1n1/holders/md0/slaves/nvme2n1/holders HTTP/1.1" 200 3312 "-" "Amazon CloudFront"
64.252.66.61 - - [04/Sep/2026:05:33:16 +0000] "GET /?path=//sys/bus/memory/devices/memory1/node0/memory7/node0/cpu1/subsystem/drivers/processor/cpu5/firmware_node/subsystem/devices/PNP0A03:00/physical_node/firmware_node/physical_node/0000:00:1e.0/driver/0000:00:04.0/driver/module/drivers/pci:nvme/0000:00:1f.0/nvme/nvme2/device/nvme/nvme2/nvme2n1/holders/md0/md/dev-nvme1n1/block/holders/md0/md/rd0/block/mq/4 HTTP/1.1" 200 3524 "-" "Amazon CloudFront"
64.252.67.52 - - [04/Sep/2026:05:33:20 +0000] "GET /?path=//sys/class/thermal/cooling_device3/device/physical_node/node0/memory28/node0/cpu5/firmware_node/subsystem/devices/PNP0A03:00/physical_node/pci_bus/0000:00/device/firmware_node/device:02/PNP0501:00/subsystem/drivers/button/LNXSLPBN:00/driver/LNXSLPBN:00/driver/LNXPWRBN:00/input HTTP/1.1" 200 3198 "-" "Amazon CloudFront"
64.252.67.52 - - [04/Sep/2026:05:33:24 +0000] "GET /?path=//sys/class/thermal/cooling_device3/device/physical_node/node0/memory28/node0/cpu5/firmware_node/subsystem/devices/PNP0A03:00/physical_node/pci_bus/0000:00/device/0000:00:1f.0/driver/module/drivers/pci:nvme/0000:00:1f.0/driver/0000:00:1e.0/firmware_node/subsystem/devices/device:17 HTTP/1.1" 200 3509 "-" "Amazon CloudFront"
64.252.66.102 - - [04/Sep/2026:05:33:25 +0000] "GET /?fileloc=//sys/class/net/eth0/statistics/rx_frame_errors&path=//sys/class/net/eth0/statistics HTTP/1.1" 200 2588 "-" "Amazon CloudFront"
64.252.66.102 - - [04/Sep/2026:05:33:26 +0000] "GET /products/detail/257219339 HTTP/1.1" 200 4177 "-" "Amazon CloudFront"
64.252.67.52 - - [04/Sep/2026:05:33:28 +0000] "GET /products/detail/208628339?path=//sys/bus/node/devices/node0/cpu1/driver/cpu7/driver/cpu2/node0/cpu4/firmware_node/subsystem/devices/PNP0A03:00/device:06/physical_node/nvme/nvme0/nvme0n1/device/subsystem/nvme2/nvme2n1/holders/md0/md/dev-nvme2n1/block/holders/md0/md/rd0/block/integrity HTTP/1.1" 200 3497 "-" "Amazon CloudFront"
64.252.66.102 - - [04/Sep/2026:05:33:32 +0000] "GET /?path=//sys/class/thermal/cooling_device3/device/physical_node/node0/memory28/node0/cpu5/firmware_node/subsystem/devices/PNP0A03:00/physical_node/pci_bus/0000:00/device/0000:00:1f.0/driver/module/drivers/pci:nvme/0000:00:1f.0/firmware_node/subsystem/devices/LNXPWRBN:00/input/input3/power HTTP/1.1" 200 3430 "-" "Amazon CloudFront"
64.252.67.164 - - [04/Sep/2026:05:33:36 +0000] "GET /products/detail/208628339?path=//sys/bus/node/devices/node0/cpu1/driver/cpu7/driver/cpu2/node0/cpu4/firmware_node/subsystem/devices/PNP0A03:00/device:21/physical_node/nvme/nvme2/device/nvme/nvme2/nvme2n1/holders/md0/md/rd0/block/subsystem/nvme2n1/holders/md0/slaves/nvme1n1/power HTTP/1.1" 200 3436 "-" "Amazon CloudFront"
64.252.66.61 - - [04/Sep/2026:05:33:40 +0000] "GET /products/detail/208628339?path=//sys/bus/node/devices/node0/cpu1/driver/cpu7/driver/cpu2/node0/cpu1/firmware_node/thermal_cooling/device/physical_node/firmware_node/subsystem/devices/device:06/physical_node/nvme/nvme0/nvme0n1/device/nvme0n1/subsystem/nvme2n1/holders/md0/md/dev-nvme1n1/block/holders/md0/slaves/nvme1n1/trace HTTP/1.1" 200 3454 "-" "Amazon CloudFront"
64.252.67.164 - - [04/Sep/2026:05:33:44 +0000] "GET /products/detail/208628339?path=//sys/bus/node/devices/node0/cpu1/driver/cpu7/driver/cpu2/node0/cpu1/firmware_node/thermal_cooling/device/physical_node/firmware_node/thermal_cooling/subsystem/cooling_device5/device/subsystem/devices/device:20/physical_node/nvme/nvme1/nvme1n1/holders/md0/slaves/nvme1n1/holders/md0/md/rd1/block/power HTTP/1.1" 200 3473 "-" "Amazon CloudFront"
64.252.67.52 - - [04/Sep/2026:05:33:48 +0000] "GET /?path=//sys/class/thermal/cooling_device3/device/physical_node/node0/memory0/node0/cpu0/firmware_node/subsystem/devices/device:02/QEMU0001:00/subsystem/devices/LNXSYBUS:00/PNP0A03:00/physical_node/0000:00:1f.0/driver/module/drivers/pci:nvme/0000:00:1e.0/nvme/nvme1/device/driver/0000:00:1e.0/nvme/nvme1/nvme1n1/holders/md0/slaves/nvme1n1/holders/md0/md/dev-nvme2n1/block/mq/1/cpu1 HTTP/1.1" 200 3097 "-" "Amazon CloudFront"
64.252.66.102 - - [04/Sep/2026:05:33:52 +0000] "GET /?path=//sys/class/thermal/cooling_device3/device/physical_node/node0/memory28/node0/cpu5/firmware_node/subsystem/devices/PNP0A03:00/physical_node/pci_bus/0000:00/device/0000:00:1e.0/driver/module/drivers/pci:nvme/0000:00:04.0/firmware_node/subsystem/devices/LNXSLPBN:00/driver/LNXSLPBN:00/input/input4/event2 HTTP/1.1" 200 3440 "-" "Amazon CloudFront"
64.252.67.164 - - [04/Sep/2026:05:33:56 +0000] "GET /?path=//sys/bus/memory/devices/memory1/node0/memory7/node0/cpu1/subsystem/drivers/processor/cpu5/firmware_node/subsystem/devices/PNP0A03:00/physical_node/firmware_node/physical_node/0000:00:1e.0/driver/0000:00:04.0/driver/module/drivers/pci:nvme/0000:00:1f.0/nvme/nvme2/device/nvme/nvme2/nvme2n1/holders/md0/md/dev-nvme1n1/block/holders/md0/md/rd0/block/mq/3 HTTP/1.1" 200 3524 "-" "Amazon CloudFront"
64.252.67.52 - - [04/Sep/2026:05:34:00 +0000] "GET /?path=//sys/bus/memory/devices/memory1/node0/memory7/node0/cpu1/subsystem/drivers/processor/cpu5/firmware_node/subsystem/devices/PNP0A03:00/physical_node/firmware_node/physical_node/0000:00:1e.0/driver/module/drivers/pci:nvme/0000:00:1e.0/nvme/nvme1/device/nvme/nvme1/nvme1n1/device/nvme1n1/holders/md0/md/dev-nvme2n1/block/holders/md0/trace HTTP/1.1" 200 3524 "-" "Amazon CloudFront"
64.252.66.102 - - [04/Sep/2026:05:34:04 +0000] "GET /?path=//sys/bus/memory/devices/memory1/node0/memory30/node0/cpu6/firmware_node/subsystem/devices/device:21/physical_node/driver/module/drivers/pci:nvme/0000:00:1e.0/nvme/nvme1/device/firmware_node/physical_node/driver/0000:00:04.0/nvme/nvme0/subsystem/nvme1/nvme1n1/holders/md0/md/rd0/block/device/nvme1n1/holders/md0/slaves/nvme2n1/mq/7 HTTP/1.1" 200 3511 "-" "Amazon CloudFront"
64.252.67.164 - - [04/Sep/2026:05:34:08 +0000] "GET /?path=//sys/class/thermal/cooling_device3/device/physical_node/node0/cpu1/driver/cpu0/node0/cpu2/firmware_node/subsystem/devices/LNXSYSTM:00/LNXSYBUS:00/PNP0C0F:02/subsystem/devices/LNXSYSTM:00/LNXSYBUS:00/PNP0A03:00/physical_node/0000:00:04.0/driver/module/drivers/pci:nvme/module/drivers/pci:nvme/0000:00:1e.0/nvme/nvme1/nvme1n1/holders/md0/slaves/nvme2n1/device/nvme2n1/holders/md0/md/bitmap HTTP/1.1" 200 3772 "-" "Amazon CloudFront"
64.252.67.164 - - [04/Sep/2026:05:34:12 +0000] "GET /products/detail/208628339?path=//sys/bus/node/devices/node0/cpu1/driver/cpu7/driver/cpu2/node0/cpu4/firmware_node/thermal_cooling/device/physical_node/firmware_node/thermal_cooling/device/subsystem/devices/LNXSYSTM:00/LNXSYBUS:00/PNP0A03:00/device:21/physical_node/nvme/nvme2/nvme2n1/holders/md0/slaves/nvme1n1/holders/md0/subsystem/nvme0n1/mq/1/cpu3 HTTP/1.1" 200 3010 "-" "Amazon CloudFront"
64.252.66.61 - - [04/Sep/2026:05:34:13 +0000] "GET /?fileloc=//s3/f75bf04088964924b004465536090d8a/wordpress/wp-content/uploads/2024/02/%E9%B9%BF%E5%85%90%E5%B3%B6%E7%9C%8C%E7%AB%8B%E5%A7%B6%E8%89%AF%E7%97%85%E9%99%A2_%E5%B9%B4%E8%A1%A8.png&path=//s3/f75bf04088964924b004465536090d8a/wordpress/wp-content/uploads/2024/02 HTTP/1.1" 200 2688 "-" "Amazon CloudFront"
64.252.67.164 - - [04/Sep/2026:05:34:15 +0000] "GET /?path=//sys/class/thermal/cooling_device3/device/physical_node/node0/cpu1/driver/cpu0/node0/cpu2/firmware_node/subsystem/devices/LNXSYSTM:00/LNXSYBUS:00/PNP0C0F:02/subsystem/devices/LNXSYSTM:00/LNXSYBUS:00/PNP0A03:00/physical_node/0000:00:1e.0/driver/module/drivers/pci:nvme/0000:00:1f.0/nvme/nvme2/nvme2n1/holders/md0/md/rd0/block/holders/md0/slaves/nvme2n1/power HTTP/1.1" 200 3582 "-" "Amazon CloudFront"
64.252.67.164 - - [04/Sep/2026:05:34:20 +0000] "GET /products/detail/225861420?path=//sys/devices/pci0000:00/firmware_node/device:07/physical_node/firmware_node/subsystem/devices/device:20/physical_node/driver/0000:00:1f.0/nvme/nvme2/nvme2n1/subsystem/nvme1n1/holders/md0/md/dev-nvme2n1/block/device/device/driver/module/drivers/pci:nvme/module/drivers/pci:nvme/0000:00:1f.0/nvme/nvme2/nvme2n1/holders/md0/md/rd0/block/bdi HTTP/1.1" 200 3639 "-" "Amazon CloudFront"
64.252.66.61 - - [04/Sep/2026:05:34:21 +0000] "GET /products/detail/334679521 HTTP/1.1" 200 4177 "-" "Amazon CloudFront"
64.252.66.61 - - [04/Sep/2026:05:34:24 +0000] "GET /?path=//sys/bus/memory/devices/memory1/node0/memory30/node0/cpu6/firmware_node/subsystem/devices/device:21/physical_node/driver/module/drivers/pci:nvme/0000:00:1f.0/driver/0000:00:1f.0/firmware_node/physical_node/nvme/nvme2/subsystem/nvme2/nvme2n1/device/nvme2n1/holders/md0/md/dev-nvme1n1/block/device/nvme1n1/holders/md0/md/dev-nvme1n1/block/bdi HTTP/1.1" 200 3655 "-" "Amazon CloudFront"
64.252.67.164 - - [04/Sep/2026:05:34:24 +0000] "GET /?fileloc=//sys/class/input/input4/properties&path=//sys/class/input/input4 HTTP/1.1" 200 2569 "-" "Amazon CloudFront"
64.252.66.61 - - [04/Sep/2026:05:34:28 +0000] "GET /?path=//sys/class/thermal/cooling_device3/device/physical_node/node0/memory28/node0/cpu5/firmware_node/subsystem/devices/PNP0A03:00/physical_node/pci_bus/0000:00/device/0000:00:00.0/subsystem/devices/0000:00:04.0/driver/0000:00:1e.0/driver/module/drivers/pci:nvme/0000:00:04.0/nvme HTTP/1.1" 200 3184 "-" "Amazon CloudFront"
64.252.66.61 - - [04/Sep/2026:05:34:32 +0000] "GET /?path=//sys/class/thermal/cooling_device3/device/physical_node/node0/cpu1/driver/cpu0/node0/cpu2/firmware_node/subsystem/devices/PNP0303:00/subsystem/devices/LNXSYBUS:00/PNP0A03:00/physical_node/0000:00:1e.0/driver/module/drivers/pci:nvme/module/drivers/pci:nvme/0000:00:1f.0/nvme/nvme2/nvme2n1/holders/md0/slaves/nvme1n1/device/nvme1n1/slaves HTTP/1.1" 200 3026 "-" "Amazon CloudFront"
64.252.66.61 - - [04/Sep/2026:05:34:36 +0000] "GET /products/detail/208628339?path=//sys/bus/node/devices/node0/cpu1/driver/cpu7/driver/cpu2/node0/cpu4/firmware_node/thermal_cooling/device/thermal_cooling/device/subsystem/devices/device:06/physical_node/subsystem/drivers/nvme/0000:00:1f.0/nvme/nvme2/nvme2n1/holders/md0/md/rd0/block/holders/md0/md/dev-nvme1n1/block/power HTTP/1.1" 200 3478 "-" "Amazon CloudFront"
64.252.66.61 - - [04/Sep/2026:05:34:40 +0000] "GET /products/detail/208628339?path=//sys/bus/node/devices/node0/cpu1/driver/cpu7/driver/cpu2/node0/cpu1/firmware_node/thermal_cooling/device/physical_node/firmware_node/thermal_cooling/subsystem/cooling_device5/device/subsystem/devices/device:20/physical_node/nvme/nvme1/nvme1n1/holders/md0/slaves/nvme1n1/holders/md0/md/rd1/block/queue HTTP/1.1" 200 4777 "-" "Amazon CloudFront"
64.252.67.164 - - [04/Sep/2026:05:34:44 +0000] "GET /?path=//sys/class/thermal/cooling_device3/device/physical_node/node0/memory28/node0/cpu5/firmware_node/subsystem/devices/PNP0A03:00/physical_node/pci_bus/0000:00/device/0000:00:1f.0/driver/module/drivers/pci:nvme/0000:00:1f.0/driver/0000:00:1e.0/subsystem/slots/26/module HTTP/1.1" 200 3296 "-" "Amazon CloudFront"
64.252.67.52 - - [04/Sep/2026:05:34:48 +0000] "GET /products/detail/208628339?path=//sys/bus/node/devices/node0/cpu1/driver/cpu7/driver/cpu2/node0/cpu4/firmware_node/subsystem/devices/PNP0A03:00/physical_node/0000:00:04.0/firmware_node/physical_node/nvme/nvme0/device/nvme/nvme0/subsystem/nvme1/nvme1n1/holders/md0/md/dev-nvme2n1/block/holders/md0/md/dev-nvme2n1/block/trace HTTP/1.1" 200 3439 "-" "Amazon CloudFront"
64.252.67.164 - - [04/Sep/2026:05:34:52 +0000] "GET /?path=//sys/class/thermal/cooling_device3/device/physical_node/node0/memory28/node0/cpu5/firmware_node/subsystem/devices/PNP0A03:00/physical_node/pci_bus/0000:00/device/0000:00:04.0/driver/0000:00:04.0/subsystem/drivers/ena/module/drivers/pci:ena/0000:00:05.0/driver/0000:00:05.0/msi_irqs HTTP/1.1" 200 3510 "-" "Amazon CloudFront"
64.252.66.61 - - [04/Sep/2026:05:34:56 +0000] "GET /products/detail/208628339?path=//sys/bus/node/devices/node0/cpu1/driver/cpu7/driver/cpu2/node0/cpu4/firmware_node/subsystem/devices/PNP0A03:00/physical_node/firmware_node/physical_node/0000:00:01.3/subsystem/drivers/nvme/module/drivers/pci:nvme/0000:00:1e.0/nvme/nvme1/nvme1n1/device/nvme1n1/mq/7/cpu7 HTTP/1.1" 200 2925 "-" "Amazon CloudFront"
64.252.66.102 - - [04/Sep/2026:05:35:00 +0000] "GET /products/detail/208628339?path=//sys/bus/node/devices/node0/cpu1/driver/cpu7/driver/cpu2/node0/cpu1/firmware_node/thermal_cooling/device/physical_node/firmware_node/subsystem/drivers/button/LNXSLPBN:00/subsystem/devices/device:21/physical_node/nvme/nvme2/nvme2n1/device/nvme2n1/holders/md0/slaves/nvme1n1/mq/3/cpu3 HTTP/1.1" 200 2987 "-" "Amazon CloudFront"
64.252.67.164 - - [04/Sep/2026:05:35:03 +0000] "GET /?path=//s3/f75bf04088964924b004465536090d8a/wordpress/wp-content/uploads/2023 HTTP/1.1" 200 3248 "-" "Amazon CloudFront"
64.252.67.164 - - [04/Sep/2026:05:35:03 +0000] "GET /?fileloc=//s3/f75bf04088964924b004465536090d8a/wordpress/wp-content/uploads/2024/02/%E9%AB%98%E7%9F%A5%E8%B5%A4%E5%8D%81%E5%AD%97%E7%97%85%E9%99%A2_%E5%A4%96%E8%A6%B3-768x456.jpg&path=//s3/f75bf04088964924b004465536090d8a/wordpress/wp-content/uploads/2024/02 HTTP/1.1" 200 2684 "-" "Amazon CloudFront"
64.252.67.52 - - [04/Sep/2026:05:35:03 +0000] "GET /?path=//sys/bus/memory/devices/memory5/node0/memory27/node0/cpu3/driver/cpu1/subsystem/drivers/processor/cpu0/driver/cpu2/firmware_node/subsystem/devices/PNP0A03:00/physical_node/0000:00:1e.0/nvme/nvme1/device/firmware_node/physical_node/nvme/nvme1/nvme1n1/holders/md0/md/rd1/block/device/nvme2n1/holders/md0/slaves/nvme2n1/mq/6/cpu6 HTTP/1.1" 200 3044 "-" "Amazon CloudFront"
64.252.67.164 - - [04/Sep/2026:05:35:08 +0000] "GET /products/detail/208628339?path=//sys/bus/node/devices/node0/cpu1/driver/cpu7/driver/cpu2/node0/cpu4/firmware_node/subsystem/devices/PNP0A03:00/physical_node/0000:00:1f.0/subsystem/drivers/nvme/0000:00:1f.0/nvme/nvme2/nvme2n1/holders/md0/slaves/nvme1n1/device/nvme1n1/holders/md0/md/rd1/block/slaves HTTP/1.1" 200 2965 "-" "Amazon CloudFront"
64.252.66.61 - - [04/Sep/2026:05:35:12 +0000] "GET /products/detail/208628339?path=//sys/bus/node/devices/node0/cpu1/driver/cpu7/driver/cpu2/node0/cpu4/firmware_node/subsystem/devices/PNP0A03:00/physical_node/firmware_node/physical_node/0000:00:01.3/subsystem/drivers/nvme/module/drivers/pci:nvme/0000:00:1f.0/nvme/nvme2/nvme2n1/holders/md0/md/rd0/block/device/nvme1n1/mq/5 HTTP/1.1" 200 3442 "-" "Amazon CloudFront"
64.252.67.164 - - [04/Sep/2026:05:35:16 +0000] "GET /?path=//sys/class/thermal/cooling_device3/device/physical_node/node0/memory28/node0/cpu5/firmware_node/subsystem/devices/PNP0A03:00/physical_node/pci_bus/0000:00/device/0000:00:1f.0/driver/0000:00:04.0/driver/0000:00:04.0/firmware_node/subsystem/devices/PNP0A03:00/device:1c/power HTTP/1.1" 200 3393 "-" "Amazon CloudFront"
64.252.66.102 - - [04/Sep/2026:05:35:19 +0000] "GET /?path=//sys/class/thermal/cooling_device3/device/physical_node/node0/memory28/node0/cpu3/driver/cpu0/firmware_node/subsystem/devices/device:05/subsystem/devices/LNXSYBUS:00/PNP0A03:00/physical_node/0000:00:04.0/driver/module/drivers/pci:nvme/module/drivers/pci:nvme/0000:00:1f.0/nvme/nvme2/device/nvme/nvme2/nvme2n1/holders/md0/slaves/nvme1n1/holders/md0/slaves/nvme2n1/bdi/power HTTP/1.1" 200 3584 "-" "Amazon CloudFront"
64.252.67.164 - - [04/Sep/2026:05:35:26 +0000] "GET /?path=//sys/class/thermal/cooling_device3/device/physical_node/node0/memory28/node0/cpu5/firmware_node/subsystem/devices/PNP0A03:00/physical_node/pci_bus/0000:00/device/0000:00:05.0/subsystem/devices/0000:00:04.0/driver/module/drivers/pci:nvme/0000:00:04.0/nvme/nvme0/nvme0n1/mq/0 HTTP/1.1" 200 3514 "-" "Amazon CloudFront"
64.252.67.164 - - [04/Sep/2026:05:35:29 +0000] "GET /products/detail/208628339?path=//sys/bus/node/devices/node0/cpu1/driver/cpu7/driver/cpu2/node0/cpu4/firmware_node/subsystem/devices/PNP0A03:00/physical_node/0000:00:04.0/firmware_node/physical_node/nvme/nvme0/device/nvme/nvme0/nvme0n1/subsystem/md0/md/rd1/block/holders/md0/md/dev-nvme2n1/block/mq/5/cpu5 HTTP/1.1" 200 2967 "-" "Amazon CloudFront"
64.252.66.102 - - [04/Sep/2026:05:35:32 +0000] "GET /?path=//sys/class/thermal/cooling_device3/device/physical_node/node0/memory28/node0/cpu5/firmware_node/subsystem/devices/PNP0A03:00/physical_node/pci_bus/0000:00/device/firmware_node/device:16/subsystem/drivers/button/LNXSLPBN:00/driver/LNXPWRBN:00/input/input3/event1/power HTTP/1.1" 200 3434 "-" "Amazon CloudFront"
64.252.66.102 - - [04/Sep/2026:05:35:36 +0000] "GET /?path=//sys/bus/memory/devices/memory1/node0/memory28/node0/cpu2/driver/cpu4/firmware_node/subsystem/devices/PNP0A03:00/physical_node/0000:00:04.0/driver/0000:00:1f.0/subsystem/drivers/nvme/0000:00:1f.0/nvme/nvme2/nvme2n1/device/nvme2n1/holders/md0/md/rd1/block/holders/md0/slaves/nvme1n1/queue HTTP/1.1" 200 4776 "-" "Amazon CloudFront"
64.252.66.102 - - [04/Sep/2026:05:35:40 +0000] "GET /?fileloc=//lib64/python3.7/encodings/__pycache__/utf_32.cpython-37.opt-1.pyc&path=//lib64/python3.7/encodings/__pycache__ HTTP/1.1" 200 2598 "-" "Amazon CloudFront"
64.252.66.102 - - [04/Sep/2026:05:35:40 +0000] "GET /products/detail/208628339?path=//sys/bus/node/devices/node0/cpu1/driver/cpu7/driver/cpu2/node0/cpu4/firmware_node/subsystem/devices/device:20/physical_node/firmware_node/physical_node/nvme/nvme1/subsystem/nvme1/nvme1n1/device/nvme1n1/holders/md0/slaves/nvme2n1/holders/md0/md/rd1/block/mq/3 HTTP/1.1" 200 3379 "-" "Amazon CloudFront"
64.252.67.164 - - [04/Sep/2026:05:35:44 +0000] "GET /products/detail/208628339?path=//sys/bus/node/devices/node0/cpu1/driver/cpu7/driver/cpu2/node0/cpu1/firmware_node/thermal_cooling/subsystem/cooling_device3/device/subsystem/devices/device:21/physical_node/firmware_node/physical_node/nvme/nvme2/device/nvme/nvme2/nvme2n1/holders/md0/slaves/nvme2n1/holders/md0/md/dev-nvme2n1/block/integrity HTTP/1.1" 200 3544 "-" "Amazon CloudFront"
64.252.67.164 - - [04/Sep/2026:05:35:48 +0000] "GET /?path=//sys/bus/memory/devices/memory1/node0/memory7/node0/cpu1/subsystem/drivers/processor/cpu5/firmware_node/subsystem/devices/PNP0A03:00/physical_node/firmware_node/physical_node/0000:00:1e.0/driver/module/drivers/pci:nvme/0000:00:1f.0/driver/0000:00:1e.0/nvme/nvme1/nvme1n1/device/nvme1n1/holders/md0/md/dev-nvme2n1/block/holders/md0/slaves/nvme2n1/mq/6 HTTP/1.1" 200 3517 "-" "Amazon CloudFront"
64.252.82.87 - - [04/Sep/2026:05:35:49 +0000] "GET /?p=16750 HTTP/1.1" 200 4177 "-" "Amazon CloudFront"
64.252.84.158 - - [04/Sep/2026:05:35:51 +0000] "GET /?p=45411 HTTP/1.1" 200 4265 "-" "Amazon CloudFront"
64.252.66.61 - - [04/Sep/2026:05:35:52 +0000] "GET /?path=//sys/class/thermal/cooling_device3/device/physical_node/node0/memory28/node0/cpu5/firmware_node/subsystem/devices/PNP0A03:00/physical_node/pci_bus/0000:00/device/0000:00:1f.0/driver/module/drivers/pci:nvme/0000:00:04.0/driver/0000:00:04.0/subsystem/slots/18/module/parameters HTTP/1.1" 200 3228 "-" "Amazon CloudFront"
64.252.67.164 - - [04/Sep/2026:05:35:56 +0000] "GET /products/detail/208628339?path=//sys/bus/node/devices/node0/cpu1/driver/cpu7/driver/cpu2/node0/cpu4/firmware_node/subsystem/devices/PNP0A03:00/physical_node/firmware_node/physical_node/0000:00:05.0/subsystem/drivers/nvme/0000:00:1f.0/nvme/nvme2/nvme2n1/holders/md0/md/rd0/block/holders/md0/slaves/nvme2n1/device/device HTTP/1.1" 200 4903 "-" "Amazon CloudFront"
64.252.66.61 - - [04/Sep/2026:05:36:00 +0000] "GET /products/detail/208628339?path=//sys/bus/node/devices/node0/cpu1/driver/cpu7/driver/cpu2/node0/cpu1/firmware_node/thermal_cooling/subsystem/cooling_device3/device/subsystem/devices/device:21/physical_node/firmware_node/physical_node/nvme/nvme2/device/nvme/nvme2/nvme2n1/holders/md0/slaves/nvme2n1/holders/md0/md/dev-nvme2n1/block/slaves HTTP/1.1" 200 2968 "-" "Amazon CloudFront"
64.252.66.61 - - [04/Sep/2026:05:36:04 +0000] "GET /products/detail/208628339?path=//sys/bus/node/devices/node0/cpu1/driver/cpu7/driver/cpu2/node0/cpu1/firmware_node/thermal_cooling/device/physical_node/firmware_node/subsystem/devices/LNXSYSTM:00/LNXSYBUS:00/PNP0A03:00/device:05/physical_node/subsystem/drivers/nvme/0000:00:1f.0/nvme/nvme2/nvme2n1/holders/md0/slaves/nvme2n1/mq/3 HTTP/1.1" 200 3447 "-" "Amazon CloudFront"
64.252.66.61 - - [04/Sep/2026:05:36:08 +0000] "GET /?path=//sys/bus/memory/devices/memory1/node0/memory30/node0/cpu6/firmware_node/subsystem/devices/device:21/physical_node/driver/module/drivers/pci:nvme/0000:00:1f.0/driver/0000:00:1f.0/firmware_node/physical_node/nvme/nvme2/subsystem/nvme1/device/nvme/nvme1/nvme1n1/holders/md0/md/dev-nvme2n1/block/device/nvme2n1/holders/md0/md/dev-nvme1n1/block/mq/4 HTTP/1.1" 200 3507 "-" "Amazon CloudFront"
64.252.89.219 - - [04/Sep/2026:05:36:09 +0000] "GET /prizes/131964319 HTTP/1.1" 200 4265 "-" "Amazon CloudFront"
64.252.66.61 - - [04/Sep/2026:05:36:12 +0000] "GET /?path=//sys/class/thermal/cooling_device3/device/physical_node/node0/memory28/node0/cpu5/firmware_node/subsystem/devices/PNP0A03:00/physical_node/pci_bus/0000:00/device/0000:00:1f.0/driver/module/drivers/pci:nvme/0000:00:04.0/driver/0000:00:1e.0/subsystem/devices/0000:00:1f.0/power HTTP/1.1" 200 3411 "-" "Amazon CloudFront"
64.252.66.102 - - [04/Sep/2026:05:36:15 +0000] "GET /products/detail/208628339?path=//sys/bus/node/devices/node0/cpu1/driver/cpu7/driver/cpu2/node0/cpu4/firmware_node/subsystem/devices/PNP0A03:00/physical_node/0000:00:04.0/nvme/nvme0/device/nvme/nvme0/nvme0n1/device/nvme0n1/nvme0n1p128/subsystem/md0/slaves/nvme1n1/holders/md0/slaves/nvme2n1/mq/5 HTTP/1.1" 200 3367 "-" "Amazon CloudFront"
64.252.66.102 - - [04/Sep/2026:05:36:20 +0000] "GET /?path=//sys/bus/memory/devices/memory1/node0/memory7/node0/cpu1/subsystem/drivers/processor/cpu5/firmware_node/subsystem/devices/PNP0A03:00/physical_node/firmware_node/physical_node/0000:00:1e.0/driver/module/drivers/pci:nvme/0000:00:1f.0/driver/0000:00:1e.0/nvme/nvme1/nvme1n1/device/nvme1n1/holders/md0/md/dev-nvme2n1/block/holders/md0/slaves/nvme2n1/mq/4 HTTP/1.1" 200 3516 "-" "Amazon CloudFront"
64.252.66.102 - - [04/Sep/2026:05:36:21 +0000] "GET /?fileloc=//s3/f75bf04088964924b004465536090d8a/wordpress/wp-content/uploads/2024/05/%E6%9D%B1%E4%BA%AC%E5%8C%BB%E7%A7%91%E6%AD%AF%E7%A7%91%E5%A4%A7%E5%AD%A6_%E5%86%85%E7%94%B0%E4%BF%A1%E4%B8%80%E6%95%99%E6%8E%88.jpg&path=//s3/f75bf04088964924b004465536090d8a/wordpress/wp-content/uploads/2024/05 HTTP/1.1" 200 2699 "-" "Amazon CloudFront"
64.252.66.102 - - [04/Sep/2026:05:36:24 +0000] "GET /products/detail/208628339?path=//sys/bus/node/devices/node0/cpu1/driver/cpu7/driver/cpu2/node0/cpu4/firmware_node/subsystem/devices/PNP0A03:00/physical_node/0000:00:04.0/firmware_node/physical_node/nvme/nvme0/device/nvme/nvme0/subsystem/nvme2/nvme2n1/holders/md0/md/rd1/block/holders/md0/md/rd1/block/trace HTTP/1.1" 200 3437 "-" "Amazon CloudFront"
64.252.67.164 - - [04/Sep/2026:05:36:28 +0000] "GET /products/detail/208628339?path=//sys/bus/node/devices/node0/cpu1/driver/cpu7/driver/cpu2/node0/cpu4/firmware_node/subsystem/devices/PNP0A03:00/physical_node/0000:00:04.0/firmware_node/physical_node/nvme/nvme0/nvme0n1/nvme0n1p128/subsystem/md0/md/dev-nvme1n1/block/device/nvme1n1/mq/4 HTTP/1.1" 200 3358 "-" "Amazon CloudFront"
64.252.66.102 - - [04/Sep/2026:05:36:32 +0000] "GET /products/detail/208628339?path=//sys/bus/node/devices/node0/cpu1/driver/cpu7/driver/cpu2/node0/cpu1/firmware_node/thermal_cooling/device/physical_node/firmware_node/subsystem/devices/PNP0A03:00/physical_node/0000:00:1e.0/nvme/nvme1/nvme1n1/holders/md0/slaves/nvme1n1/subsystem/md0/md/rd1/block/holders HTTP/1.1" 200 3203 "-" "Amazon CloudFront"
64.252.66.102 - - [04/Sep/2026:05:36:36 +0000] "GET /products/detail/208628339?path=//sys/bus/node/devices/node0/cpu1/driver/cpu7/driver/cpu2/node0/cpu4/firmware_node/subsystem/devices/PNP0A03:00/physical_node/firmware_node/physical_node/0000:00:1e.0/nvme/nvme1/device/nvme/nvme1/subsystem/nvme2/nvme2n1/holders/md0/md/dev-nvme2n1/block/device/nvme2n1/mq/5 HTTP/1.1" 200 3406 "-" "Amazon CloudFront"
64.252.66.61 - - [04/Sep/2026:05:36:40 +0000] "GET /?path=//sys/class/thermal/cooling_device3/device/physical_node/node0/memory28/node0/cpu5/firmware_node/subsystem/devices/PNP0A03:00/physical_node/pci_bus/0000:00/device/0000:00:1f.0/driver/0000:00:1f.0/firmware_node/subsystem/drivers/button/LNXSLPBN:00/driver/LNXPWRBN:00/input HTTP/1.1" 200 3184 "-" "Amazon CloudFront"
64.252.66.102 - - [04/Sep/2026:05:36:44 +0000] "GET /?path=//sys/class/thermal/cooling_device3/device/physical_node/node0/cpu1/driver/cpu0/node0/cpu2/firmware_node/subsystem/devices/LNXSYSTM:00/LNXSYBUS:00/PNP0C0F:02/subsystem/devices/LNXSYSTM:00/LNXSYBUS:00/PNP0A03:00/physical_node/0000:00:1e.0/driver/module/drivers/pci:nvme/0000:00:1e.0/nvme/nvme1/nvme1n1/device/nvme1n1/holders/md0/md/dev-nvme2n1/block/holders/md0/trace HTTP/1.1" 200 3550 "-" "Amazon CloudFront"
64.252.67.52 - - [04/Sep/2026:05:36:48 +0000] "GET /products/detail/208628339?path=//sys/bus/node/devices/node0/cpu1/driver/cpu7/driver/cpu2/node0/cpu4/firmware_node/subsystem/devices/PNP0A03:00/physical_node/0000:00:04.0/nvme/nvme0/device/nvme/nvme0/nvme0n1/device/nvme0n1/nvme0n1p128/subsystem/md0/slaves/nvme1n1/holders/md0/slaves/nvme2n1/mq/0 HTTP/1.1" 200 3394 "-" "Amazon CloudFront"
64.252.67.52 - - [04/Sep/2026:05:36:52 +0000] "GET /products/detail/88770268?fileloc=/var/www/volumes/69b4844ae61d4e92bf26ad98af552775/wordpress/wp-includes/images/admin-bar-sprite.png&path=/var/www/volumes/69b4844ae61d4e92bf26ad98af552775/wordpress/wp-includes/images HTTP/1.1" 200 2617 "-" "Amazon CloudFront"
64.252.67.164 - - [04/Sep/2026:05:36:52 +0000] "GET /?path=//sys/class/thermal/cooling_device3/device/physical_node/node0/memory28/node0/cpu5/firmware_node/subsystem/devices/PNP0A03:00/physical_node/pci_bus/0000:00/device/0000:00:04.0/driver/0000:00:04.0/driver/0000:00:1e.0/subsystem/devices/0000:00:05.0/net/eth0/queues/tx-5/byte_queue_limits HTTP/1.1" 200 3415 "-" "Amazon CloudFront"
64.252.67.52 - - [04/Sep/2026:05:36:56 +0000] "GET /products/detail/208628339?path=//sys/bus/node/devices/node0/cpu1/driver/cpu7/driver/cpu2/node0/cpu4/firmware_node/subsystem/devices/PNP0A03:00/physical_node/0000:00:04.0/firmware_node/physical_node/nvme/nvme0/nvme0n1/nvme0n1p128/subsystem/nvme2n1/holders/md0/md/dev-nvme1n1/block/holders/md0/md/rd0/block/mq/5 HTTP/1.1" 200 3418 "-" "Amazon CloudFront"
64.252.67.52 - - [04/Sep/2026:05:37:00 +0000] "GET /?path=//sys/bus/memory/devices/memory8/node0/cpu4/node0/cpu2/firmware_node/subsystem/devices/PNP0A03:00/physical_node/0000:00:05.0/net/eth0/device/driver/0000:00:05.0/net/eth0/device/firmware_node/physical_node/subsystem/drivers/nvme/0000:00:04.0/driver/0000:00:1e.0/nvme/nvme1/nvme1n1/holders/md0/md/dev-nvme2n1/block/holders/md0/queue HTTP/1.1" 200 4917 "-" "Amazon CloudFront"
64.252.66.102 - - [04/Sep/2026:05:37:04 +0000] "GET /products/detail/208628339?path=//sys/bus/node/devices/node0/cpu1/driver/cpu7/driver/cpu2/node0/cpu4/firmware_node/thermal_cooling/device/physical_node/firmware_node/thermal_cooling/device/subsystem/devices/device:20/physical_node/nvme/nvme1/subsystem/nvme1/nvme1n1/holders/md0/md/rd0/block/holders/md0/md/rd0/block/integrity HTTP/1.1" 200 3522 "-" "Amazon CloudFront"
64.252.67.52 - - [04/Sep/2026:05:37:08 +0000] "GET /products/detail/208628339?path=//sys/bus/node/devices/node0/cpu1/driver/cpu7/driver/cpu2/node0/cpu4/firmware_node/thermal_cooling/device/physical_node/firmware_node/thermal_cooling/device/subsystem/devices/PNP0A03:00/device:20/physical_node/nvme/nvme1/nvme1n1/holders/md0/md/rd1/block/holders/md0/bdi/subsystem/0:40/power HTTP/1.1" 200 3481 "-" "Amazon CloudFront"
64.252.67.52 - - [04/Sep/2026:05:37:12 +0000] "GET /products/detail/208628339?path=//sys/bus/node/devices/node0/cpu1/driver/cpu7/driver/cpu2/node0/cpu4/firmware_node/thermal_cooling/device/physical_node/firmware_node/thermal_cooling/device/subsystem/devices/LNXSYSTM:00/LNXSYBUS:00/PNP0A03:00/device:02/physical_node/subsystem/drivers/nvme/module/drivers/pci:nvme/0000:00:04.0/msi_irqs HTTP/1.1" 200 3287 "-" "Amazon CloudFront"
64.252.66.61 - - [04/Sep/2026:05:37:16 +0000] "GET /?path=//sys/class/thermal/cooling_device3/device/physical_node/node0/cpu1/driver/cpu0/node0/cpu2/firmware_node/subsystem/devices/LNXSYSTM:00/LNXSYBUS:00/PNP0C0F:02/subsystem/devices/LNXSYSTM:00/LNXSYBUS:00/PNP0A03:00/physical_node/0000:00:1e.0/driver/module/drivers/pci:nvme/0000:00:1f.0/nvme/nvme2/nvme2n1/holders/md0/slaves/nvme1n1/holders/md0/md/dev-nvme2n1/block/mq HTTP/1.1" 200 3637 "-" "Amazon CloudFront"
64.252.67.164 - - [04/Sep/2026:05:37:20 +0000] "GET /?path=//sys/class/thermal/cooling_device3/device/physical_node/node0/cpu1/driver/cpu0/node0/cpu2/firmware_node/subsystem/devices/LNXSYSTM:00/LNXSYBUS:00/PNP0C0F:02/subsystem/devices/LNXSYSTM:00/LNXSYBUS:00/PNP0A03:00/physical_node/0000:00:1e.0/driver/module/drivers/pci:nvme/0000:00:1f.0/nvme/nvme2/nvme2n1/holders/md0/slaves/nvme1n1/holders/md0/md/dev-nvme2n1/block/bdi HTTP/1.1" 200 3731 "-" "Amazon CloudFront"
64.252.67.164 - - [04/Sep/2026:05:37:24 +0000] "GET /products/detail/272703723?path=//sys/devices/pci0000:00/firmware_node/physical_node/pci_bus/0000:00/device/firmware_node/physical_node/0000:00:00.0/subsystem/drivers/nvme/0000:00:1e.0/subsystem/devices/0000:00:04.0/driver/module/drivers/pci:nvme/0000:00:1f.0/driver/0000:00:1f.0/nvme/nvme2/nvme2n1/device/nvme2n1/holders/md0/slaves/nvme1n1/holders/md0/md/rd0/block/mq/2/cpu2 HTTP/1.1" 200 3018 "-" "Amazon CloudFront"
64.252.66.61 - - [04/Sep/2026:05:37:28 +0000] "GET /products/detail/208628339?path=//sys/bus/node/devices/node0/cpu1/driver/cpu7/driver/cpu2/node0/cpu4/firmware_node/thermal_cooling/device/physical_node/firmware_node/subsystem/devices/device:20/physical_node/subsystem/drivers/nvme/0000:00:1f.0/nvme/nvme2/nvme2n1/holders/md0/slaves/nvme2n1/holders/md0/md/dev-nvme1n1/block/bdi HTTP/1.1" 200 3576 "-" "Amazon CloudFront"
64.252.66.102 - - [04/Sep/2026:05:37:32 +0000] "GET /products/detail/208628339?path=//sys/bus/node/devices/node0/cpu1/driver/cpu7/driver/cpu2/node0/cpu4/firmware_node/thermal_cooling/device/physical_node/firmware_node/thermal_cooling/device/subsystem/devices/PNP0A03:00/device:05/physical_node/subsystem/drivers/nvme/0000:00:1e.0/nvme/nvme1/nvme1n1/holders/md0/slaves/nvme1n1/holders/md0/bdi HTTP/1.1" 200 3573 "-" "Amazon CloudFront"
64.252.67.52 - - [04/Sep/2026:05:37:36 +0000] "GET /?path=//sys/class/thermal/cooling_device3/device/physical_node/node0/cpu1/driver/cpu0/node0/cpu2/firmware_node/subsystem/devices/LNXSYSTM:00/LNXSYBUS:00/PNP0C0F:04/subsystem/devices/PNP0A03:00/physical_node/pci_bus/0000:00/device/0000:00:1f.0/driver/module/drivers/pci:nvme/module/drivers/pci:nvme/0000:00:1f.0/nvme/nvme2/nvme2n1/holders/md0/slaves/nvme2n1/holders/md0/md/dev-nvme1n1/block/mq/6/cpu6 HTTP/1.1" 200 3123 "-" "Amazon CloudFront"
64.252.66.61 - - [04/Sep/2026:05:37:40 +0000] "GET /products/detail/208628339?path=//sys/bus/node/devices/node0/cpu1/driver/cpu7/driver/cpu2/node0/cpu4/firmware_node/thermal_cooling/device/physical_node/firmware_node/thermal_cooling/device/subsystem/devices/PNP0A03:00/device:20/physical_node/nvme/nvme1/nvme1n1/holders/md0/slaves/nvme2n1/subsystem/md0/slaves/nvme2n1/integrity HTTP/1.1" 200 3519 "-" "Amazon CloudFront"
64.252.67.164 - - [04/Sep/2026:05:37:44 +0000] "GET /products/detail/208628339?path=//sys/bus/node/devices/node0/cpu1/driver/cpu7/driver/cpu2/node0/cpu1/firmware_node/thermal_cooling/subsystem/cooling_device1/device/subsystem/devices/LNXSYSTM:00/LNXSYBUS:00/PNP0A03:00/physical_node/0000:00:1f.0/nvme/nvme2/nvme2n1/holders/md0/md/dev-nvme2n1/block/holders/md0/md/dev-nvme2n1/block/slaves HTTP/1.1" 200 2989 "-" "Amazon CloudFront"
64.252.67.164 - - [04/Sep/2026:05:37:48 +0000] "GET /products/detail/208628339?path=//sys/bus/node/devices/node0/cpu1/driver/cpu7/driver/cpu2/node0/cpu4/firmware_node/thermal_cooling/device/physical_node/firmware_node/thermal_cooling/device/subsystem/devices/LNXSYSTM:00/LNXSYBUS:00/PNP0A03:00/device:21/physical_node/nvme/nvme2/nvme2n1/holders/md0/md/rd0/block/subsystem/md0/md/dev-nvme2n1/block/mq HTTP/1.1" 200 3528 "-" "Amazon CloudFront"
64.252.67.52 - - [04/Sep/2026:05:37:52 +0000] "GET /?path=//sys/bus/memory/devices/memory1/node0/memory30/node0/cpu6/firmware_node/subsystem/devices/device:21/physical_node/driver/module/drivers/pci:nvme/0000:00:1e.0/nvme/nvme1/device/firmware_node/physical_node/driver/0000:00:04.0/nvme/nvme0/subsystem/nvme1/nvme1n1/holders/md0/md/dev-nvme2n1/block/device/nvme2n1/holders/md0/slaves/nvme2n1/mq/6 HTTP/1.1" 200 3513 "-" "Amazon CloudFront"
64.252.66.61 - - [04/Sep/2026:05:37:56 +0000] "GET /?path=//sys/class/thermal/cooling_device3/device/physical_node/node0/cpu1/driver/cpu0/node0/cpu2/firmware_node/subsystem/devices/PNP0303:00/subsystem/devices/LNXSYBUS:00/PNP0A03:00/physical_node/0000:00:1e.0/driver/module/drivers/pci:nvme/module/drivers/pci:nvme/0000:00:1f.0/nvme/nvme2/nvme2n1/holders/md0/md/rd1/block/holders/md0/slaves/nvme1n1/power HTTP/1.1" 200 3598 "-" "Amazon CloudFront"
64.252.67.52 - - [04/Sep/2026:05:37:56 +0000] "GET /vulkanvegas3.de/?fileloc=//tmp/sess_o8vlfoj2pkpamo7ul3j42t4ngs&path=//tmp HTTP/1.1" 200 2556 "-" "Amazon CloudFront"
64.252.66.102 - - [04/Sep/2026:05:38:00 +0000] "GET /products/detail/208628339?path=//sys/bus/node/devices/node0/cpu1/driver/cpu7/driver/cpu2/node0/cpu4/firmware_node/subsystem/devices/PNP0A03:00/physical_node/0000:00:1e.0/subsystem/drivers/nvme/0000:00:1e.0/nvme/nvme1/nvme1n1/holders/md0/md/dev-nvme1n1/block/holders/md0/md/rd1/block HTTP/1.1" 200 4215 "-" "Amazon CloudFront"
64.252.66.102 - - [04/Sep/2026:05:38:04 +0000] "GET /?path=//sys/class/thermal/cooling_device3/device/physical_node/node0/memory28/node0/cpu5/firmware_node/subsystem/devices/PNP0A03:00/physical_node/pci_bus/0000:00/device/0000:00:1f.0/driver/0000:00:1f.0/driver/0000:00:1e.0/nvme/nvme1/nvme1n1/subsystem/nvme0n1/mq/0/cpu4 HTTP/1.1" 200 2916 "-" "Amazon CloudFront"
64.252.66.61 - - [04/Sep/2026:05:38:05 +0000] "GET /?fileloc=//sys/class/net/eth0/statistics/tx_packets&path=//sys/class/net/eth0/statistics HTTP/1.1" 200 2592 "-" "Amazon CloudFront"
64.252.67.52 - - [04/Sep/2026:05:38:08 +0000] "GET /?path=//sys/bus/memory/devices/memory1/node0/memory7/node0/cpu1/subsystem/drivers/processor/cpu5/firmware_node/subsystem/devices/PNP0A03:00/physical_node/firmware_node/physical_node/0000:00:1e.0/driver/module/drivers/pci:nvme/0000:00:1f.0/driver/0000:00:1e.0/nvme/nvme1/nvme1n1/device/nvme1n1/holders/md0/md/dev-nvme2n1/block/holders/md0/md/dev-nvme1n1/block/power HTTP/1.1" 200 3552 "-" "Amazon CloudFront"
64.252.66.102 - - [04/Sep/2026:05:38:12 +0000] "GET /?path=//sys/bus/memory/devices/memory1/node0/memory30/node0/cpu6/firmware_node/subsystem/devices/device:21/physical_node/driver/module/drivers/pci:nvme/0000:00:1e.0/nvme/nvme1/subsystem/nvme1/nvme1n1/device/device/driver/0000:00:1f.0/firmware_node/physical_node/nvme/nvme2/nvme2n1/holders/md0/md/dev-nvme2n1/block/holders/md0/slaves/nvme1n1/mq/4 HTTP/1.1" 200 3509 "-" "Amazon CloudFront"
64.252.66.61 - - [04/Sep/2026:05:38:16 +0000] "GET /?path=//sys/class/thermal/cooling_device3/device/physical_node/node0/memory28/node0/cpu5/firmware_node/subsystem/devices/LNXSYBUS:00/PNP0A03:00/device:1b/subsystem/devices/LNXSYBUS:00/PNP0A03:00/device:21/physical_node/driver/module/drivers/pci:nvme/module/drivers/pci:nvme/0000:00:1e.0/nvme/nvme1/nvme1n1/holders/md0/md/dev-nvme1n1/block/holders/md0/slaves/nvme1n1/queue HTTP/1.1" 200 4955 "-" "Amazon CloudFront"
64.252.67.164 - - [04/Sep/2026:05:38:20 +0000] "GET /?path=//sys/class/thermal/cooling_device3/device/physical_node/node0/memory28/node0/cpu5/firmware_node/subsystem/devices/LNXSYBUS:00/PNP0A03:00/device:1b/subsystem/devices/LNXSYBUS:00/PNP0A03:00/device:21/physical_node/driver/module/drivers/pci:nvme/0000:00:04.0/nvme/nvme0/device/driver/module/drivers/pci:nvme/0000:00:1f.0/nvme/nvme2/nvme2n1/holders/md0/slaves/nvme1n1/holders/md0/slaves/nvme2n1 HTTP/1.1" 200 4537 "-" "Amazon CloudFront"
64.252.67.52 - - [04/Sep/2026:05:38:24 +0000] "GET /products/detail/208628339?path=//sys/bus/node/devices/node0/cpu1/driver/cpu7/driver/cpu2/node0/cpu4/firmware_node/subsystem/devices/PNP0A03:00/device:06/physical_node/firmware_node/physical_node/nvme/nvme0/nvme0n1/subsystem/nvme2n1/device/nvme2n1/holders/md0/md/rd1/block/holders/md0/slaves/nvme1n1/mq/1 HTTP/1.1" 200 3415 "-" "Amazon CloudFront"
64.252.67.52 - - [04/Sep/2026:05:38:28 +0000] "GET /?path=//sys/bus/memory/devices/memory1/node0/memory28/node0/cpu2/driver/cpu4/firmware_node/subsystem/devices/PNP0A03:00/physical_node/0000:00:04.0/nvme/nvme0/nvme0n1/nvme0n1p1/subsystem/md0/md/dev-nvme2n1/block/device/device/driver/module/drivers/pci:nvme/module/drivers/pci:nvme/0000:00:1e.0/firmware_node/physical_node/nvme/nvme1/nvme1n1/holders/md0/trace HTTP/1.1" 200 3541 "-" "Amazon CloudFront"
64.252.66.61 - - [04/Sep/2026:05:38:32 +0000] "GET /?path=//sys/class/thermal/cooling_device3/device/physical_node/node0/memory28/node0/cpu5/firmware_node/subsystem/devices/PNP0A03:00/physical_node/pci_bus/0000:00/device/0000:00:1e.0/driver/module/drivers/pci:nvme/0000:00:1e.0/subsystem/devices/0000:00:1f.0/driver/0000:00:04.0/nvme/nvme0/nvme0n1/mq HTTP/1.1" 200 3260 "-" "Amazon CloudFront"
64.252.66.102 - - [04/Sep/2026:05:38:33 +0000] "GET /?fileloc=//sys/class/net/eth0/addr_len&path=//sys/class/net/eth0 HTTP/1.1" 200 2568 "-" "Amazon CloudFront"
64.252.66.61 - - [04/Sep/2026:05:38:36 +0000] "GET /?path=//sys/class/thermal/cooling_device3/device/physical_node/node0/memory28/node0/cpu5/firmware_node/subsystem/devices/PNP0A03:00/physical_node/pci_bus/0000:00/device/0000:00:1f.0/driver/module/drivers/pci:nvme/0000:00:1f.0/firmware_node/subsystem/devices/LNXSLPBN:00/driver/LNXSLPBN:00/power HTTP/1.1" 200 3849 "-" "Amazon CloudFront"
64.252.66.61 - - [04/Sep/2026:05:38:40 +0000] "GET /products/detail/208628339?path=//sys/bus/node/devices/node0/cpu1/driver/cpu7/driver/cpu2/node0/cpu1/firmware_node/thermal_cooling/device/physical_node/firmware_node/subsystem/devices/PNP0A03:00/physical_node/0000:00:1e.0/nvme/nvme1/nvme1n1/holders/md0/subsystem/nvme2n1/holders/md0/md/rd0/block/device/nvme1n1/bdi HTTP/1.1" 200 3568 "-" "Amazon CloudFront"
64.252.67.164 - - [04/Sep/2026:05:38:44 +0000] "GET /?path=//sys/class/thermal/cooling_device3/device/physical_node/node0/memory28/node0/cpu5/firmware_node/subsystem/devices/PNP0A03:00/physical_node/pci_bus/0000:00/device/0000:00:04.0/driver/0000:00:04.0/nvme/nvme0/nvme0n1/subsystem/md0/slaves/nvme2n1/holders/md0/slaves HTTP/1.1" 200 3234 "-" "Amazon CloudFront"
64.252.67.52 - - [04/Sep/2026:05:38:48 +0000] "GET /products/detail/208628339?path=//sys/bus/node/devices/node0/cpu1/driver/cpu7/driver/cpu2/node0/cpu4/firmware_node/subsystem/devices/PNP0A03:00/physical_node/0000:00:04.0/nvme/nvme0/nvme0n1/subsystem/nvme1n1/holders/md0/slaves/nvme2n1/holders/md0/md/dev-nvme2n1/block/device/device/firmware_node/physical_node/power HTTP/1.1" 200 3453 "-" "Amazon CloudFront"
64.252.67.164 - - [04/Sep/2026:05:38:52 +0000] "GET /?path=//sys/class/thermal/cooling_device3/device/physical_node/node0/memory28/node0/cpu5/firmware_node/subsystem/devices/PNP0A03:00/physical_node/pci_bus/0000:00/device/0000:00:1e.0/driver/0000:00:04.0/driver/0000:00:1e.0/firmware_node/subsystem/devices/LNXSYSTM:00/LNXPWRBN:00/input/input3/event1 HTTP/1.1" 200 3423 "-" "Amazon CloudFront"
64.252.66.102 - - [04/Sep/2026:05:38:54 +0000] "GET /?fileloc=//s3/f75bf04088964924b004465536090d8a/wordpress/wp-content/uploads/2024/05/%E5%A5%88%E8%89%AF%E5%8C%BB%E7%A7%91%E5%A4%A7%E5%AD%A6_%E4%B8%AD%E5%B7%9D%E4%B8%80%E9%83%8E%E6%95%99%E6%8E%88-150x150.jpg&path=//s3/f75bf04088964924b004465536090d8a/wordpress/wp-content/uploads/2024/05 HTTP/1.1" 200 2698 "-" "Amazon CloudFront"
64.252.66.61 - - [04/Sep/2026:05:38:56 +0000] "GET /?path=//sys/class/thermal/cooling_device3/device/physical_node/node0/memory0/node0/cpu0/firmware_node/subsystem/devices/device:17/subsystem/devices/device:06/physical_node/nvme/nvme0/device/driver/module/drivers/pci:nvme/0000:00:1e.0/driver/module/drivers/pci:nvme/0000:00:1e.0/nvme/nvme1/nvme1n1/holders/md0/md/rd0/block/holders/md0/md/rd0/block/mq/3 HTTP/1.1" 200 3519 "-" "Amazon CloudFront"
64.252.66.61 - - [04/Sep/2026:05:39:00 +0000] "GET /?path=//sys/class/thermal/cooling_device3/device/physical_node/node0/memory28/node0/cpu5/firmware_node/subsystem/devices/PNP0A03:00/physical_node/pci_bus/0000:00/device/firmware_node/device:02/PNP0501:00/subsystem/devices/LNXSLPBN:00/driver/LNXSLPBN:00/driver/LNXPWRBN:00/input/input3/id HTTP/1.1" 200 3353 "-" "Amazon CloudFront"
64.252.66.102 - - [04/Sep/2026:05:39:04 +0000] "GET /?path=//sys/bus/memory/devices/memory1/node0/memory7/node0/cpu1/subsystem/drivers/processor/cpu5/firmware_node/subsystem/devices/PNP0A03:00/physical_node/firmware_node/physical_node/0000:00:1e.0/driver/0000:00:04.0/driver/0000:00:1f.0/nvme/nvme2/nvme2n1/holders/md0/md/dev-nvme2n1/block/device/device/nvme/nvme2/nvme2n1/holders/md0/md/dev-nvme2n1/block/slaves HTTP/1.1" 200 3020 "-" "Amazon CloudFront"
64.252.67.164 - - [04/Sep/2026:05:39:08 +0000] "GET /?path=//sys/class/thermal/cooling_device3/device/physical_node/node0/cpu6/driver/cpu0/node0/cpu5/firmware_node/subsystem/devices/device:12/subsystem/devices/LNXSYSTM:00/LNXSYBUS:00/PNP0A03:00/device:20/physical_node/nvme/nvme1/device/driver/0000:00:1f.0/nvme/nvme2/nvme2n1/holders/md0/slaves/nvme1n1/holders/md0/md/dev-nvme1n1/block/mq/1 HTTP/1.1" 200 3526 "-" "Amazon CloudFront"
64.252.66.102 - - [04/Sep/2026:05:39:12 +0000] "GET /?path=//sys/class/thermal/cooling_device3/device/physical_node/node0/cpu1/driver/cpu0/node0/cpu2/firmware_node/subsystem/devices/LNXSYSTM:00/LNXSYBUS:00/PNP0C0F:02/subsystem/devices/LNXSYSTM:00/LNXSYBUS:00/PNP0A03:00/physical_node/0000:00:1e.0/driver/module/drivers/pci:nvme/module/drivers/pci:nvme/0000:00:1e.0/nvme/nvme1/nvme1n1/holders/md0/md/rd0/block/device/nvme1n1 HTTP/1.1" 200 4486 "-" "Amazon CloudFront"
64.252.67.52 - - [04/Sep/2026:05:39:16 +0000] "GET /products/detail/208628339?path=//sys/bus/node/devices/node0/cpu1/driver/cpu7/driver/cpu2/node0/cpu1/firmware_node/thermal_cooling/device/physical_node/firmware_node/subsystem/devices/LNXSYSTM:00/LNXSYBUS:00/PNP0A03:00/device:06/physical_node/nvme/nvme0/nvme0n1/nvme0n1p128/subsystem/md0/md/dev-nvme1n1/block/holders/md0/power HTTP/1.1" 200 3496 "-" "Amazon CloudFront"
64.252.67.52 - - [04/Sep/2026:05:39:20 +0000] "GET /products/detail/208628339?path=//sys/bus/node/devices/node0/cpu1/driver/cpu7/driver/cpu2/node0/cpu4/firmware_node/subsystem/devices/PNP0A03:00/device:06/physical_node/firmware_node/physical_node/nvme/nvme0/nvme0n1/subsystem/nvme2n1/device/nvme2n1/holders/md0/md/rd0/block/holders/md0/md/dev-nvme2n1/block/trace HTTP/1.1" 200 3430 "-" "Amazon CloudFront"
64.252.66.102 - - [04/Sep/2026:05:39:24 +0000] "GET /products/detail/208628339?path=//sys/bus/node/devices/node0/cpu1/driver/cpu7/driver/cpu2/node0/cpu4/firmware_node/thermal_cooling/device/physical_node/firmware_node/thermal_cooling/device/subsystem/devices/PNP0A03:00/device:20/physical_node/nvme/nvme1/nvme1n1/subsystem/nvme2n1/holders/md0/md/dev-nvme1n1/block/holders/md0/md/dev-nvme1n1 HTTP/1.1" 200 3779 "-" "Amazon CloudFront"
64.252.66.102 - - [04/Sep/2026:05:39:24 +0000] "GET /?healthcheck_timestamp=1788500202437 HTTP/1.1" 200 62091 "-" "Amazon CloudFront"
64.252.68.74 - - [04/Sep/2026:05:39:28 +0000] "GET /products/detail/208628339?path=//sys/bus/node/devices/node0/cpu1/driver/cpu7/driver/cpu2/node0/cpu4/firmware_node/subsystem/devices/PNP0A03:00/physical_node/0000:00:04.0/firmware_node/physical_node/nvme/nvme0/nvme0n1/nvme0n1p128/subsystem/md0/slaves/nvme1n1/device/nvme1n1/holders/md0/md/rd1/block/mq/3 HTTP/1.1" 200 3422 "-" "Amazon CloudFront"
64.252.66.61 - - [04/Sep/2026:05:39:32 +0000] "GET /products/detail/208628339?path=//sys/bus/node/devices/node0/cpu1/driver/cpu7/driver/cpu2/node0/cpu4/firmware_node/subsystem/devices/PNP0A03:00/physical_node/0000:00:04.0/firmware_node/physical_node/nvme/nvme0/device/nvme/nvme0/nvme0n1/nvme0n1p128/subsystem/md0/md/dev-nvme2n1/block/device/nvme2n1/holders/md0/slaves/nvme2n1/bdi HTTP/1.1" 200 3574 "-" "Amazon CloudFront"
64.252.66.102 - - [04/Sep/2026:05:39:36 +0000] "GET /products/detail/208628339?path=//sys/bus/node/devices/node0/cpu1/driver/cpu7/driver/cpu2/node0/cpu4/firmware_node/subsystem/devices/LNXSYSTM:00/LNXSYBUS:00/PNP0A03:00/device:20/physical_node/nvme/nvme1/device/firmware_node/physical_node/nvme/nvme1/subsystem/nvme2/nvme2n1/device/nvme2n1/holders/md0/md/rd1/block/power HTTP/1.1" 200 3489 "-" "Amazon CloudFront"
64.252.66.102 - - [04/Sep/2026:05:39:38 +0000] "GET /products/detail/262593561 HTTP/1.1" 200 4265 "-" "Amazon CloudFront"
64.252.66.61 - - [04/Sep/2026:05:39:40 +0000] "GET /products/detail/208628339?path=//sys/bus/node/devices/node0/cpu1/driver/cpu7/driver/cpu2/node0/cpu4/firmware_node/subsystem/devices/LNXSYSTM:00/LNXSYBUS:00/PNP0A03:00/device:20/physical_node/nvme/nvme1/device/firmware_node/physical_node/nvme/nvme1/subsystem/nvme2/nvme2n1/device/nvme2n1/holders/md0/md/rd1/block/queue HTTP/1.1" 200 4782 "-" "Amazon CloudFront"
64.252.66.61 - - [04/Sep/2026:05:39:44 +0000] "GET /?path=//sys/class/thermal/cooling_device3/device/physical_node/node0/memory28/node0/cpu5/firmware_node/subsystem/devices/PNP0A03:00/physical_node/pci_bus/0000:00/device/0000:00:1e.0/driver/module/drivers/pci:nvme/0000:00:1e.0/firmware_node/subsystem/devices/LNXSYSTM:00/LNXSYBUS:00/LNXCPU:05/power HTTP/1.1" 200 3458 "-" "Amazon CloudFront"
