64.252.68.74 - - [04/Sep/2026:09:03:38 +0000] "GET /?fileloc=//s3/f75bf04088964924b004465536090d8a/wordpress/wp-content/uploads/2023/07/%E9%B3%A5%E5%8F%96%E5%A4%A7%E5%AD%A6_%E8%BF%BD%E5%8A%A0%E5%86%99%E7%9C%9F-300x170.jpg&path=//s3/f75bf04088964924b004465536090d8a/wordpress/wp-content/uploads/2023/07 HTTP/1.1" 200 2682 "-" "Amazon CloudFront"
64.252.66.61 - - [04/Sep/2026:09:03:40 +0000] "GET /products/detail/208628339?path=//sys/bus/node/devices/node0/cpu1/driver/cpu7/driver/cpu2/node0/cpu4/firmware_node/subsystem/devices/PNP0A03:00/device:06/physical_node/firmware_node/physical_node/nvme/nvme0/nvme0n1/device/nvme0n1/subsystem/md0/md/rd1/block/device/nvme2n1/holders/md0/slaves/nvme2n1/mq/4 HTTP/1.1" 200 3414 "-" "Amazon CloudFront"
64.252.67.164 - - [04/Sep/2026:09:03:44 +0000] "GET /?path=//sys/bus/memory/devices/memory1/node0/memory30/node0/cpu6/firmware_node/subsystem/devices/device:21/physical_node/driver/module/drivers/pci:nvme/0000:00:1f.0/driver/0000:00:1f.0/firmware_node/physical_node/nvme/nvme2/subsystem/nvme1/device/nvme/nvme1/nvme1n1/holders/md0/md/dev-nvme2n1/block/device/nvme2n1/holders/md0/md/dev-nvme1n1/block/mq/6 HTTP/1.1" 200 3506 "-" "Amazon CloudFront"
64.252.66.102 - - [04/Sep/2026:09:03:49 +0000] "GET /products/detail/208628339?path=//sys/bus/node/devices/node0/cpu1/driver/cpu7/driver/cpu2/node0/cpu4/firmware_node/thermal_cooling/device/thermal_cooling/device/physical_node/subsystem/drivers/processor/cpu1/firmware_node/subsystem/devices/LNXSYBUS:00/PNP0A03:00/device:20/physical_node/nvme/nvme1/nvme1n1/holders/md0/md/dev-nvme1n1/block/trace HTTP/1.1" 200 3480 "-" "Amazon CloudFront"
64.252.67.164 - - [04/Sep/2026:09:03:52 +0000] "GET /products/detail/208628339?path=//sys/bus/node/devices/node0/cpu1/driver/cpu7/driver/cpu2/node0/cpu4/firmware_node/subsystem/devices/PNP0A03:00/device:06/physical_node/firmware_node/physical_node/nvme/nvme0/nvme0n1/device/nvme0n1/subsystem/md0/md/rd1/block/device/nvme2n1/holders/md0/slaves/nvme2n1/mq/2 HTTP/1.1" 200 3414 "-" "Amazon CloudFront"
64.252.68.74 - - [04/Sep/2026:09:03:56 +0000] "GET /?fileloc=//s3/f75bf04088964924b004465536090d8a/wordpress/wp-content/uploads/2023/07/%E3%83%88%E3%83%A8%E3%82%BF%E8%A8%98%E5%BF%B5%E7%97%85%E9%99%A2_%E5%A4%96%E8%A6%B3.jpg&path=//s3/f75bf04088964924b004465536090d8a/wordpress/wp-content/uploads/2023/07 HTTP/1.1" 200 2677 "-" "Amazon CloudFront"
64.252.68.74 - - [04/Sep/2026:09:03:56 +0000] "GET /?path=//sys/bus/memory/devices/memory1/node0/memory7/node0/cpu1/subsystem/drivers/processor/cpu5/firmware_node/subsystem/devices/PNP0A03:00/physical_node/firmware_node/physical_node/0000:00:1e.0/driver/module/drivers/pci:nvme/0000:00:1f.0/driver/0000:00:1e.0/nvme/nvme1/nvme1n1/device/nvme1n1/holders/md0/md/dev-nvme2n1/block/holders/md0/slaves/nvme2n1/mq/2 HTTP/1.1" 200 3515 "-" "Amazon CloudFront"
64.252.67.164 - - [04/Sep/2026:09:04:00 +0000] "GET /?path=//sys/class/thermal/cooling_device3/device/physical_node/node0/memory28/node0/cpu5/firmware_node/subsystem/devices/PNP0A03:00/physical_node/pci_bus/0000:00/device/0000:00:04.0/driver/0000:00:04.0/subsystem/drivers/ena/module/drivers/pci:ena/0000:00:05.0/driver/0000:00:05.0/power HTTP/1.1" 200 3422 "-" "Amazon CloudFront"
64.252.68.74 - - [04/Sep/2026:09:04:04 +0000] "GET /?path=//sys/class/thermal/cooling_device3/device/physical_node/node0/memory28/node0/cpu5/firmware_node/subsystem/devices/LNXSYBUS:00/PNP0A03:00/device:1b/subsystem/devices/LNXSYBUS:00/PNP0A03:00/device:21/physical_node/driver/module/drivers/pci:nvme/0000:00:1f.0/driver/0000:00:1e.0/nvme/nvme1/nvme1n1/holders/md0/md/rd1/block/device/nvme2n1/holders/md0/md/dev-nvme2n1/block/mq/7 HTTP/1.1" 200 3575 "-" "Amazon CloudFront"
64.252.67.164 - - [04/Sep/2026:09:04:04 +0000] "GET /?fileloc=//s3/f75bf04088964924b004465536090d8a/wordpress/wp-content/uploads/2021/07/%E9%87%8E%E6%B4%A5%E6%95%99%E6%8E%88-150x150.jpg&path=//s3/f75bf04088964924b004465536090d8a/wordpress/wp-content/uploads/2021/07 HTTP/1.1" 200 2659 "-" "Amazon CloudFront"
64.252.66.102 - - [04/Sep/2026:09:04:08 +0000] "GET /?path=//sys/class/thermal/cooling_device3/device/physical_node/node0/memory28/node0/cpu5/firmware_node/subsystem/devices/PNP0A03:00/physical_node/pci_bus/0000:00/device/0000:00:1f.0/driver/module/drivers/pci:nvme/0000:00:1e.0/driver/0000:00:04.0/nvme/nvme0/power HTTP/1.1" 200 3414 "-" "Amazon CloudFront"
64.252.66.102 - - [04/Sep/2026:09:04:11 +0000] "GET /products/detail/77929874 HTTP/1.1" 200 4265 "-" "Amazon CloudFront"
64.252.66.102 - - [04/Sep/2026:09:04:12 +0000] "GET /?path=//sys/bus/memory/devices/memory1/node0/memory7/node0/cpu1/subsystem/drivers/processor/cpu5/firmware_node/subsystem/devices/PNP0A03:00/physical_node/firmware_node/physical_node/0000:00:1e.0/driver/0000:00:04.0/driver/module/drivers/pci:nvme/0000:00:1f.0/nvme/nvme2/device/nvme/nvme2/nvme2n1/holders/md0/slaves/nvme1n1/device/nvme1n1/holders/md0/slaves/nvme2n1 HTTP/1.1" 200 4426 "-" "Amazon CloudFront"
64.252.66.102 - - [04/Sep/2026:09:04:16 +0000] "GET /products/detail/208628339?path=//sys/bus/node/devices/node0/cpu1/driver/cpu7/driver/cpu2/node0/cpu4/firmware_node/subsystem/devices/LNXSYSTM:00/LNXSYBUS:00/PNP0A03:00/device:20/physical_node/nvme/nvme1/device/nvme/nvme1/nvme1n1/device/subsystem/nvme2/nvme2n1/holders/md0/md/rd1 HTTP/1.1" 200 3725 "-" "Amazon CloudFront"
64.252.68.74 - - [04/Sep/2026:09:04:16 +0000] "GET /products/detail/47254278 HTTP/1.1" 200 4265 "-" "Amazon CloudFront"
64.252.66.102 - - [04/Sep/2026:09:04:18 +0000] "GET /products/detail/278572389 HTTP/1.1" 200 4265 "-" "Amazon CloudFront"
64.252.67.164 - - [04/Sep/2026:09:04:20 +0000] "GET /?path=//sys/class/thermal/cooling_device3/device/physical_node/node0/cpu0/node0/cpu4/firmware_node/subsystem/devices/device:02/PNP0303:00/subsystem/devices/device:20/physical_node/nvme/nvme1/device/driver/0000:00:04.0/driver/module/drivers/pci:nvme/0000:00:1f.0/nvme/nvme2/nvme2n1/holders/md0/md/dev-nvme1n1/block/holders/md0/md/dev-nvme1n1/block/mq/1/cpu1 HTTP/1.1" 200 3056 "-" "Amazon CloudFront"
64.252.66.61 - - [04/Sep/2026:09:04:24 +0000] "GET /?path=//sys/bus/memory/devices/memory1/node0/memory7/node0/cpu1/subsystem/drivers/processor/cpu5/firmware_node/subsystem/devices/PNP0A03:00/physical_node/firmware_node/device:20/physical_node/driver/0000:00:04.0/driver/module/drivers/pci:nvme/0000:00:1e.0/nvme/nvme1/device/nvme/nvme1/nvme1n1/holders/md0/md/rd1/block/holders/md0/md/dev-nvme1n1/block/mq/4/cpu4 HTTP/1.1" 200 3061 "-" "Amazon CloudFront"
64.252.68.74 - - [04/Sep/2026:09:04:28 +0000] "GET /products/detail/208628339?path=//sys/bus/node/devices/node0/cpu1/driver/cpu7/driver/cpu2/node0/cpu4/firmware_node/subsystem/devices/PNP0A03:00/physical_node/0000:00:1f.0/nvme/nvme2/subsystem/nvme2/nvme2n1/holders/md0/md/rd0/block/device/nvme1n1/holders/md0/slaves/nvme1n1/mq/6 HTTP/1.1" 200 3384 "-" "Amazon CloudFront"
64.252.66.102 - - [04/Sep/2026:09:04:32 +0000] "GET /?fileloc=//s3/f75bf04088964924b004465536090d8a/wordpress/wp-content/uploads/2023/07/%E6%89%80%E6%B2%A2%E6%98%8E%E7%94%9F%E7%97%85%E9%99%A2_%E5%A4%96%E8%A6%B3-300x175.jpg&path=//s3/f75bf04088964924b004465536090d8a/wordpress/wp-content/uploads/2023/07 HTTP/1.1" 200 2680 "-" "Amazon CloudFront"
64.252.66.102 - - [04/Sep/2026:09:04:32 +0000] "GET /products/detail/208628339?path=//sys/bus/node/devices/node0/cpu1/driver/cpu7/driver/cpu2/node0/cpu4/firmware_node/subsystem/devices/PNP0A03:00/physical_node/firmware_node/physical_node/0000:00:01.3/subsystem/drivers/nvme/module/drivers/pci:nvme/0000:00:1e.0/nvme/nvme1/nvme1n1/device/nvme1n1/holders/md0/queue HTTP/1.1" 200 4639 "-" "Amazon CloudFront"
64.252.67.164 - - [04/Sep/2026:09:04:36 +0000] "GET /products/detail/272703723?path=//sys/devices/pci0000:00/firmware_node/physical_node/pci_bus/0000:00/device/firmware_node/physical_node/0000:00:00.0/subsystem/drivers/nvme/module/drivers/pci:nvme/0000:00:04.0/driver/0000:00:1e.0/nvme/nvme1/nvme1n1/holders/md0/slaves/nvme2n1/device/subsystem/nvme2/nvme2n1/holders/md0/md/rd1/block/mq HTTP/1.1" 200 3451 "-" "Amazon CloudFront"
64.252.67.164 - - [04/Sep/2026:09:04:40 +0000] "GET /products/detail/272703723?path=//sys/devices/pci0000:00/firmware_node/physical_node/pci_bus/0000:00/device/firmware_node/physical_node/0000:00:00.0/subsystem/drivers/nvme/module/drivers/pci:nvme/0000:00:04.0/driver/0000:00:1e.0/nvme/nvme1/nvme1n1/holders/md0/slaves/nvme2n1/device/subsystem/nvme2/nvme2n1/holders/md0/md/rd1/block/power HTTP/1.1" 200 3474 "-" "Amazon CloudFront"
64.252.67.164 - - [04/Sep/2026:09:04:44 +0000] "GET /?path=//sys/class/thermal/cooling_device3/device/physical_node/node0/memory28/node0/cpu5/firmware_node/subsystem/devices/PNP0A03:00/physical_node/pci_bus/0000:00/device/0000:00:1f.0/driver/0000:00:1f.0/nvme/nvme2/nvme2n1/subsystem/md0/bdi/power HTTP/1.1" 200 3381 "-" "Amazon CloudFront"
64.252.66.102 - - [04/Sep/2026:09:04:48 +0000] "GET /?path=//sys/bus/memory/devices/memory1/node0/memory30/node0/cpu6/firmware_node/subsystem/devices/device:21/physical_node/driver/module/drivers/pci:nvme/0000:00:1e.0/driver/0000:00:1f.0/nvme/nvme2/device/nvme/nvme2/nvme2n1/device/nvme2n1/holders/md0/md/dev-nvme2n1/block/subsystem/nvme1n1/holders/md0/md/dev-nvme2n1/block/mq/3/cpu3 HTTP/1.1" 200 3022 "-" "Amazon CloudFront"
64.252.67.164 - - [04/Sep/2026:09:04:49 +0000] "GET /products/detail/87863309 HTTP/1.1" 200 4265 "-" "Amazon CloudFront"
64.252.68.74 - - [04/Sep/2026:09:04:52 +0000] "GET /products/detail/208628339?path=//sys/bus/node/devices/node0/cpu1/driver/cpu7/driver/cpu2/node0/cpu1/firmware_node/thermal_cooling/device/physical_node/firmware_node/subsystem/drivers/button/LNXPWRBN:00/subsystem/devices/PNP0A03:00/device:20/physical_node/nvme/nvme1/nvme1n1/holders/md0/md/dev-nvme2n1/block/mq/0 HTTP/1.1" 200 3427 "-" "Amazon CloudFront"
64.252.67.164 - - [04/Sep/2026:09:04:55 +0000] "GET /?fileloc=//s3/f75bf04088964924b004465536090d8a/wordpress/wp-content/uploads/2023/07/%E8%B1%8A%E5%B2%A1%E7%97%85%E9%99%A2_%E4%B8%89%E8%BC%AA%E7%97%85%E9%99%A2%E9%95%B7.jpg&path=//s3/f75bf04088964924b004465536090d8a/wordpress/wp-content/uploads/2023/07 HTTP/1.1" 200 2671 "-" "Amazon CloudFront"
64.252.66.61 - - [04/Sep/2026:09:04:56 +0000] "GET /products/detail/208628339?path=//sys/bus/node/devices/node0/cpu1/driver/cpu7/driver/cpu2/node0/cpu4/firmware_node/subsystem/devices/PNP0A03:00/physical_node/0000:00:04.0/firmware_node/physical_node/nvme/nvme0/nvme0n1/nvme0n1p128/subsystem/md0/md/dev-nvme1n1/block/device/nvme1n1/mq/0 HTTP/1.1" 200 3356 "-" "Amazon CloudFront"
64.252.66.61 - - [04/Sep/2026:09:05:02 +0000] "GET /products/detail/208628339?path=//sys/bus/node/devices/node0/cpu1/driver/cpu7/driver/cpu2/node0/cpu4/firmware_node/subsystem/devices/PNP0A03:00/physical_node/0000:00:04.0/subsystem/drivers/nvme/0000:00:1e.0/nvme/nvme1/nvme1n1/holders/md0/md/dev-nvme1n1/block/holders/md0/slaves/nvme2n1/device/nvme2n1/slaves HTTP/1.1" 200 2965 "-" "Amazon CloudFront"
64.252.66.102 - - [04/Sep/2026:09:05:04 +0000] "GET /products/detail/208628339?path=//sys/bus/node/devices/node0/cpu1/driver/cpu7/driver/cpu2/node0/cpu4/firmware_node/subsystem/devices/PNP0A03:00/device:06/physical_node/nvme/nvme0/nvme0n1/device/nvme0n1/subsystem/nvme2n1/holders/md0/slaves/nvme1n1/holders/md0/md/rd0/block/mq/1/cpu1 HTTP/1.1" 200 2941 "-" "Amazon CloudFront"
64.252.68.74 - - [04/Sep/2026:09:05:08 +0000] "GET /?path=//sys/bus/memory/devices/memory8/node0/cpu4/node0/cpu2/firmware_node/subsystem/devices/PNP0A03:00/physical_node/0000:00:05.0/net/eth0/device/driver/0000:00:05.0/net/eth0/device/firmware_node/physical_node/subsystem/drivers/nvme/0000:00:04.0/driver/0000:00:1e.0/nvme/nvme1/nvme1n1/holders/md0/md/dev-nvme2n1/block/holders/md0/trace HTTP/1.1" 200 3521 "-" "Amazon CloudFront"
64.252.67.164 - - [04/Sep/2026:09:05:12 +0000] "GET /products/detail/208628339?path=//sys/bus/node/devices/node0/cpu1/driver/cpu7/driver/cpu2/node0/cpu1/firmware_node/thermal_cooling/device/physical_node/firmware_node/subsystem/devices/LNXSYBUS:00/PNP0A03:00/device:20/physical_node/nvme/nvme1/device/nvme/nvme1/nvme1n1/subsystem/nvme2n1/holders/md0/slaves/nvme2n1/mq/6/cpu6 HTTP/1.1" 200 2982 "-" "Amazon CloudFront"
64.252.68.74 - - [04/Sep/2026:09:05:13 +0000] "GET /?fileloc=//s3/f75bf04088964924b004465536090d8a/wordpress/wp-content/uploads/2023/07/%E6%89%80%E6%B2%A2%E6%98%8E%E7%94%9F%E7%97%85%E9%99%A2_%E9%88%B4%E6%9C%A8-%E6%98%AD%E4%B8%80%E9%83%8E-%E9%99%A2%E9%95%B7-150x150.jpg&path=//s3/f75bf04088964924b004465536090d8a/wordpress/wp-content/uploads/2023/07 HTTP/1.1" 200 2700 "-" "Amazon CloudFront"
64.252.66.61 - - [04/Sep/2026:09:05:16 +0000] "GET /products/detail/208628339?path=//sys/bus/node/devices/node0/cpu1/driver/cpu7/driver/cpu2/node0/cpu4/firmware_node/subsystem/devices/PNP0A03:00/physical_node/0000:00:04.0/nvme/nvme0/device/nvme/nvme0/nvme0n1/device/nvme0n1/nvme0n1p128/subsystem/md0/slaves/nvme1n1/holders/md0/slaves/nvme2n1/mq/1 HTTP/1.1" 200 3393 "-" "Amazon CloudFront"
64.252.66.102 - - [04/Sep/2026:09:05:20 +0000] "GET /?path=//sys/bus/memory/devices/memory1/node0/memory30/node0/cpu6/firmware_node/subsystem/devices/device:21/physical_node/driver/module/drivers/pci:nvme/0000:00:1e.0/driver/0000:00:04.0/firmware_node/physical_node/subsystem/drivers/nvme/0000:00:1f.0/nvme/nvme2/nvme2n1/holders/md0/md/rd1/block/device/nvme2n1/holders/md0/md/dev-nvme1n1/block/device/nvme1n1/mq/5 HTTP/1.1" 200 3519 "-" "Amazon CloudFront"
64.252.66.102 - - [04/Sep/2026:09:05:27 +0000] "GET /products/detail/208628339?path=//sys/bus/node/devices/node0/cpu1/driver/cpu7/driver/cpu2/node0/cpu4/firmware_node/subsystem/devices/LNXSYSTM:00/LNXSYBUS:00/PNP0A03:00/device:20/physical_node/nvme/nvme1/device/nvme/nvme1/nvme1n1/device/nvme1n1/holders/md0/md/rd0/block/bdi/subsystem/259:0 HTTP/1.1" 200 3560 "-" "Amazon CloudFront"
64.252.66.61 - - [04/Sep/2026:09:05:29 +0000] "GET /?fileloc=//s3/f75bf04088964924b004465536090d8a/wordpress/wp-content/uploads/2023/07/%E5%B1%B1%E5%8F%A3%E5%A4%A7%E5%AD%A6_%E3%82%B5%E3%83%95%E3%82%99-175x300.jpg&path=//s3/f75bf04088964924b004465536090d8a/wordpress/wp-content/uploads/2023/07 HTTP/1.1" 200 2673 "-" "Amazon CloudFront"
64.252.67.164 - - [04/Sep/2026:09:05:30 +0000] "GET /products/detail/208628339?path=//sys/bus/node/devices/node0/cpu1/driver/cpu7/driver/cpu2/node0/cpu1/firmware_node/thermal_cooling/device/physical_node/firmware_node/subsystem/devices/LNXSYSTM:00/LNXSYBUS:00/PNP0A03:00/device:06/physical_node/nvme/nvme0/nvme0n1/subsystem/md0/md/dev-nvme1n1/block/mq/3/cpu3 HTTP/1.1" 200 2957 "-" "Amazon CloudFront"
64.252.68.74 - - [04/Sep/2026:09:05:33 +0000] "GET /products/detail/208628339?path=//sys/bus/node/devices/node0/cpu1/driver/cpu7/driver/cpu2/node0/cpu4/firmware_node/subsystem/devices/PNP0A03:00/physical_node/0000:00:04.0/firmware_node/physical_node/nvme/nvme0/nvme0n1/nvme0n1p128/subsystem/md0/md/dev-nvme1n1/block/device/nvme1n1/mq/3 HTTP/1.1" 200 3358 "-" "Amazon CloudFront"
64.252.66.102 - - [04/Sep/2026:09:05:38 +0000] "GET /products/detail/208628339?path=//sys/bus/node/devices/node0/cpu1/driver/cpu7/driver/cpu2/node0/cpu4/firmware_node/thermal_cooling/device/physical_node/firmware_node/subsystem/devices/device:07/physical_node/subsystem/drivers/ena/module/drivers/pci:ena/0000:00:05.0/net/eth0/queues/tx-5/byte_queue_limits HTTP/1.1" 200 3413 "-" "Amazon CloudFront"
64.252.67.164 - - [04/Sep/2026:09:05:38 +0000] "GET /?fileloc=//sys/class/net/lo/subsystem/lo/phys_port_id&path=//sys/class/net/lo/subsystem/lo HTTP/1.1" 200 2587 "-" "Amazon CloudFront"
64.252.68.74 - - [04/Sep/2026:09:05:40 +0000] "GET /?path=//sys/bus/memory/devices/memory14/node0/memory16/node0/cpu1/driver/cpu6/firmware_node/subsystem/devices/LNXSYSTM:00/LNXSYBUS:00/PNP0A03:00/physical_node/0000:00:04.0/driver/0000:00:1e.0/subsystem/drivers/nvme/module/drivers/pci:nvme/0000:00:1e.0/nvme/nvme1/nvme1n1/holders/md0/md/rd1/block/device/nvme2n1/holders/md0/slaves/nvme1n1/mq/5 HTTP/1.1" 200 3537 "-" "Amazon CloudFront"
64.252.66.102 - - [04/Sep/2026:09:05:44 +0000] "GET /?path=//sys/bus/memory/devices/memory14/node0/memory16/node0/cpu1/driver/cpu6/firmware_node/subsystem/devices/LNXSYSTM:00/LNXSYBUS:00/PNP0A03:00/physical_node/0000:00:04.0/driver/0000:00:1e.0/subsystem/drivers/nvme/module/drivers/pci:nvme/0000:00:1e.0/nvme/nvme1/nvme1n1/holders/md0/md/rd1/block/device/nvme2n1/holders/md0/slaves/nvme1n1/mq/2 HTTP/1.1" 200 3535 "-" "Amazon CloudFront"
64.252.67.164 - - [04/Sep/2026:09:05:48 +0000] "GET /products/detail/208628339?path=//sys/bus/node/devices/node0/cpu1/driver/cpu7/driver/cpu2/node0/cpu4/firmware_node/thermal_cooling/device/thermal_cooling/device/subsystem/devices/PNP0A03:00/physical_node/0000:00:04.0/nvme/nvme0/nvme0n1/nvme0n1p1/subsystem/nvme2n1/holders/md0/md/dev-nvme2n1/block/holders/md0/bdi/power HTTP/1.1" 200 3485 "-" "Amazon CloudFront"
64.252.67.164 - - [04/Sep/2026:09:05:51 +0000] "GET /?fileloc=//s3/f75bf04088964924b004465536090d8a/wordpress/wp-content/uploads/2023/07/%E8%B1%8A%E5%B2%A1%E7%97%85%E9%99%A2_%E4%B8%89%E8%BC%AA%E7%97%85%E9%99%A2%E9%95%B7-1024x1024.jpg&path=//s3/f75bf04088964924b004465536090d8a/wordpress/wp-content/uploads/2023/07 HTTP/1.1" 200 2677 "-" "Amazon CloudFront"
64.252.66.102 - - [04/Sep/2026:09:05:52 +0000] "GET /?path=//sys/class/thermal/cooling_device3/device/physical_node/node0/memory28/node0/cpu5/firmware_node/subsystem/devices/PNP0A03:00/physical_node/pci_bus/0000:00/device/0000:00:1e.0/driver/0000:00:04.0/nvme/nvme0/nvme0n1/subsystem/md0/md/rd0/block/holders/md0/md/dev-nvme2n1 HTTP/1.1" 200 3755 "-" "Amazon CloudFront"
64.252.68.74 - - [04/Sep/2026:09:05:56 +0000] "GET /?path=//sys/bus/memory/devices/memory1/node0/memory30/node0/cpu6/firmware_node/subsystem/devices/device:21/physical_node/driver/module/drivers/pci:nvme/0000:00:1e.0/nvme/nvme1/device/firmware_node/physical_node/driver/0000:00:04.0/nvme/nvme0/subsystem/nvme1/nvme1n1/holders/md0/md/dev-nvme2n1/block/device/nvme2n1/holders/md0/slaves/nvme2n1/mq/3 HTTP/1.1" 200 3513 "-" "Amazon CloudFront"
64.252.68.74 - - [04/Sep/2026:09:06:00 +0000] "GET /products/detail/272703723?path=//sys/devices/pci0000:00/firmware_node/physical_node/pci_bus/0000:00/device/firmware_node/physical_node/0000:00:00.0/subsystem/drivers/nvme/module/drivers/pci:nvme/0000:00:04.0/driver/0000:00:1e.0/driver/0000:00:1e.0/subsystem/devices/0000:00:1f.0/nvme/nvme2/nvme2n1/holders/md0/md/rd1/block/holders/md0/md/rd1/block/mq/1/cpu1 HTTP/1.1" 200 2995 "-" "Amazon CloudFront"
64.252.66.102 - - [04/Sep/2026:09:06:04 +0000] "GET /products/detail/208628339?path=//sys/bus/node/devices/node0/cpu1/driver/cpu7/driver/cpu2/node0/cpu1/firmware_node/thermal_cooling/device/physical_node/firmware_node/subsystem/devices/LNXSYSTM:00/LNXSYBUS:00/PNP0A03:00/device:06/physical_node/nvme/nvme0/device/nvme/nvme0/nvme0n1/nvme0n1p1/subsystem/md0/md/dev-nvme2n1/block/queue HTTP/1.1" 200 4790 "-" "Amazon CloudFront"
64.252.66.61 - - [04/Sep/2026:09:06:08 +0000] "GET /?path=//sys/class/thermal/cooling_device3/device/physical_node/node0/memory28/node0/cpu5/firmware_node/subsystem/devices/PNP0A03:00/physical_node/pci_bus/0000:00/device/0000:00:05.0/subsystem/devices/0000:00:04.0/driver/module/drivers/pci:nvme/0000:00:1e.0/driver/0000:00:1f.0/nvme/nvme2 HTTP/1.1" 200 3897 "-" "Amazon CloudFront"
64.252.66.61 - - [04/Sep/2026:09:06:12 +0000] "GET /products/detail/208628339?path=//sys/bus/node/devices/node0/cpu1/driver/cpu7/driver/cpu2/node0/cpu4/firmware_node/subsystem/devices/PNP0A03:00/device:06/physical_node/firmware_node/physical_node/nvme/nvme0/nvme0n1/subsystem/nvme2n1/device/nvme2n1/holders/md0/md/dev-nvme2n1/block/holders/md0/md/rd0/block/trace HTTP/1.1" 200 3429 "-" "Amazon CloudFront"
64.252.67.164 - - [04/Sep/2026:09:06:18 +0000] "GET /?path=//sys/bus/memory/devices/memory1/node0/memory30/node0/cpu6/firmware_node/subsystem/devices/device:21/physical_node/driver/module/drivers/pci:nvme/0000:00:1e.0/nvme/nvme1/device/firmware_node/physical_node/driver/0000:00:04.0/nvme/nvme0/subsystem/nvme1/nvme1n1/holders/md0/md/rd0/block/device/nvme1n1/holders/md0/md/rd0/block/slaves HTTP/1.1" 200 3017 "-" "Amazon CloudFront"
64.252.66.61 - - [04/Sep/2026:09:06:20 +0000] "GET /?path=//sys/class/thermal/cooling_device3/device/physical_node/node0/cpu1/driver/cpu0/node0/cpu2/firmware_node/subsystem/devices/PNP0303:00/subsystem/devices/LNXSYBUS:00/PNP0A03:00/physical_node/0000:00:1e.0/driver/module/drivers/pci:nvme/module/drivers/pci:nvme/0000:00:1f.0/nvme/nvme2/nvme2n1/holders/md0/md/rd1/block/holders/md0/slaves/nvme1n1/integrity HTTP/1.1" 200 3651 "-" "Amazon CloudFront"
64.252.67.164 - - [04/Sep/2026:09:06:24 +0000] "GET /products/detail/225861420?path=//sys/devices/pci0000:00/firmware_node/device:07/physical_node/firmware_node/subsystem/devices/device:20/physical_node/driver/0000:00:1f.0/nvme/nvme2/nvme2n1/subsystem/nvme1n1/holders/md0/md/dev-nvme2n1/block/device/device/driver/module/drivers/pci:nvme/module/drivers/pci:nvme/0000:00:1e.0/nvme/nvme1/nvme1n1/holders/md0/md/dev-nvme1n1/block/mq/2/cpu2 HTTP/1.1" 200 3025 "-" "Amazon CloudFront"
64.252.67.164 - - [04/Sep/2026:09:06:28 +0000] "GET /products/detail/208628339?path=//sys/bus/node/devices/node0/cpu1/driver/cpu7/driver/cpu2/node0/cpu4/firmware_node/subsystem/devices/device:20/physical_node/firmware_node/physical_node/nvme/nvme1/subsystem/nvme1/nvme1n1/device/nvme1n1/holders/md0/md/dev-nvme1n1/block/holders/md0/md/rd1/block/device HTTP/1.1" 200 3892 "-" "Amazon CloudFront"
64.252.66.102 - - [04/Sep/2026:09:06:31 +0000] "GET /?fileloc=//s3/f75bf04088964924b004465536090d8a/wordpress/wp-content/uploads/2023/07/%E9%B9%BF%E5%85%90%E5%B3%B6%E5%A4%A7%E5%AD%A6%E5%91%BC%E5%90%B8%E5%99%A8%E5%A4%96%E7%A7%91_%E4%B8%8A%E7%94%B0%E5%92%8C%E5%BC%98%E6%95%99%E6%8E%88.jpg&path=//s3/f75bf04088964924b004465536090d8a/wordpress/wp-content/uploads/2023/07 HTTP/1.1" 200 2706 "-" "Amazon CloudFront"
64.252.68.74 - - [04/Sep/2026:09:06:32 +0000] "GET /?path=//sys/class/thermal/cooling_device3/device/physical_node/node0/cpu1/driver/cpu0/node0/cpu2/firmware_node/subsystem/devices/PNP0303:00/subsystem/devices/PNP0A03:00/physical_node/pci_bus/0000:00/device/0000:00:1f.0/driver/module/drivers/pci:nvme/module/drivers/pci:nvme/0000:00:1e.0/nvme/nvme1/nvme1n1/holders/md0/md/dev-nvme2n1/block/mq/3/cpu3 HTTP/1.1" 200 3056 "-" "Amazon CloudFront"
64.252.66.61 - - [04/Sep/2026:09:06:32 +0000] "GET /?fileloc=//sys/module/iptable_nat/sections/.strtab&path=//sys/module/iptable_nat/sections HTTP/1.1" 200 2586 "-" "Amazon CloudFront"
64.252.68.74 - - [04/Sep/2026:09:06:36 +0000] "GET /products/detail/208628339?path=//sys/bus/node/devices/node0/cpu1/driver/cpu7/driver/cpu2/node0/cpu1/firmware_node/thermal_cooling/device/physical_node/firmware_node/subsystem/devices/LNXSYSTM:00/LNXSYBUS:00/PNP0A03:00/device:06/physical_node/nvme/nvme0/device/nvme/nvme0/nvme0n1/nvme0n1p1/subsystem/md0/slaves/nvme1n1/bdi/power HTTP/1.1" 200 3494 "-" "Amazon CloudFront"
64.252.66.61 - - [04/Sep/2026:09:06:40 +0000] "GET /?path=//sys/class/thermal/cooling_device3/device/physical_node/node0/memory0/node0/cpu0/firmware_node/subsystem/devices/device:17/subsystem/devices/LNXSYBUS:00/PNP0A03:00/physical_node/pci_bus/0000:00/device/0000:00:1f.0/driver/module/drivers/pci:nvme/0000:00:1f.0/driver/0000:00:1e.0/nvme/nvme1/nvme1n1/holders/md0/slaves/nvme1n1/holders/md0/md/rd1/block HTTP/1.1" 200 4434 "-" "Amazon CloudFront"
64.252.66.61 - - [04/Sep/2026:09:06:42 +0000] "GET /products/detail/60890309 HTTP/1.1" 200 4265 "-" "Amazon CloudFront"
64.252.68.74 - - [04/Sep/2026:09:06:45 +0000] "GET /?path=//sys/class/thermal/cooling_device3/device/physical_node/node0/cpu1/driver/cpu0/node0/cpu2/firmware_node/subsystem/devices/PNP0303:00/subsystem/devices/PNP0A03:00/physical_node/pci_bus/0000:00/device/0000:00:1f.0/driver/module/drivers/pci:nvme/module/drivers/pci:nvme/0000:00:1e.0/nvme/nvme1/nvme1n1/holders/md0/md/dev-nvme2n1/block/mq/1/cpu1 HTTP/1.1" 200 3049 "-" "Amazon CloudFront"
64.252.66.102 - - [04/Sep/2026:09:06:48 +0000] "GET /?path=//sys/class/thermal/cooling_device3/device/physical_node/node0/memory28/node0/cpu5/firmware_node/subsystem/devices/PNP0A03:00/physical_node/pci_bus/0000:00/device/0000:00:1e.0/driver/module/drivers/pci:nvme/0000:00:1e.0/firmware_node/subsystem/devices/LNXSYSTM:00/LNXSYBUS:00/LNXCPU:05/thermal_cooling HTTP/1.1" 200 3544 "-" "Amazon CloudFront"
64.252.66.61 - - [04/Sep/2026:09:06:52 +0000] "GET /?fileloc=//s3/f75bf04088964924b004465536090d8a/wordpress/wp-content/uploads/2021/07/%E5%86%8D%E5%B7%AE%E6%9B%BF_%E5%B3%B6%E6%A0%B9%E5%A4%A7%E5%AD%A6%E5%A4%96%E8%A6%B3-2-1024x683.jpg&path=//s3/f75bf04088964924b004465536090d8a/wordpress/wp-content/uploads/2021/07 HTTP/1.1" 200 2686 "-" "Amazon CloudFront"
64.252.66.61 - - [04/Sep/2026:09:06:53 +0000] "GET /products/detail/208628339?path=//sys/bus/node/devices/node0/cpu1/driver/cpu7/driver/cpu2/node0/cpu1/firmware_node/thermal_cooling/device/physical_node/firmware_node/subsystem/devices/PNP0A03:00/physical_node/0000:00:1e.0/nvme/nvme1/nvme1n1/holders/md0/md/rd1/block/holders/md0/md/dev-nvme1n1/block/mq/7 HTTP/1.1" 200 3409 "-" "Amazon CloudFront"
64.252.67.164 - - [04/Sep/2026:09:06:56 +0000] "GET /?path=//sys/module/8250/parameters HTTP/1.1" 200 2990 "-" "Amazon CloudFront"
64.252.66.102 - - [04/Sep/2026:09:06:56 +0000] "GET /?path=//sys/class/thermal/cooling_device3/device/physical_node/node0/memory28/node0/cpu5/firmware_node/subsystem/devices/LNXSYBUS:00/PNP0A03:00/device:1b/subsystem/devices/LNXSYBUS:00/PNP0A03:00/physical_node/pci_bus/0000:00/device/0000:00:1f.0/driver/module/drivers/pci:nvme/0000:00:1f.0/driver/module/drivers/pci:nvme/0000:00:1e.0/nvme/nvme1/nvme1n1/holders/md0/slaves/nvme1n1/mq/2/cpu2 HTTP/1.1" 200 3077 "-" "Amazon CloudFront"
64.252.66.61 - - [04/Sep/2026:09:07:01 +0000] "GET /products/detail/208628339?path=//sys/bus/node/devices/node0/cpu1/driver/cpu7/driver/cpu2/node0/cpu4/firmware_node/subsystem/devices/PNP0A03:00/physical_node/0000:00:04.0/nvme/nvme0/nvme0n1/subsystem/md0/md/rd0/block/holders/md0/slaves/nvme1n1/device/device/firmware_node/physical_node/nvme/nvme1/nvme1n1/integrity HTTP/1.1" 200 3533 "-" "Amazon CloudFront"
64.252.66.102 - - [04/Sep/2026:09:07:04 +0000] "GET /?path=//sys/class/thermal/cooling_device3/device/physical_node/node0/memory28/node0/cpu5/firmware_node/subsystem/devices/PNP0A03:00/physical_node/pci_bus/0000:00/device/0000:00:1f.0/driver/0000:00:04.0/subsystem/drivers/ena/module/drivers/pci:ena/0000:00:05.0/driver/0000:00:05.0/net HTTP/1.1" 200 3200 "-" "Amazon CloudFront"
64.252.66.61 - - [04/Sep/2026:09:07:06 +0000] "GET /?fileloc=//sys/class/net/eth0/device/irq&path=//sys/class/net/eth0/device HTTP/1.1" 200 2576 "-" "Amazon CloudFront"
64.252.66.61 - - [04/Sep/2026:09:07:10 +0000] "GET /?path=//sys/class/thermal/cooling_device3/device/physical_node/node0/memory28/node0/cpu5/firmware_node/subsystem/devices/PNP0A03:00/physical_node/pci_bus/0000:00/device/0000:00:1e.0/driver/0000:00:1f.0/subsystem/drivers/nvme/module/drivers/pci:nvme/0000:00:1f.0/driver/0000:00:04.0/nvme HTTP/1.1" 200 3194 "-" "Amazon CloudFront"
64.252.66.61 - - [04/Sep/2026:09:07:12 +0000] "GET /?path=//sys/class/thermal/cooling_device3/device/physical_node/node0/memory28/node0/cpu5/firmware_node/subsystem/devices/PNP0A03:00/physical_node/pci_bus/0000:00/device/0000:00:1e.0/driver/module/drivers/pci:nvme/0000:00:04.0/firmware_node/subsystem/drivers/button/LNXSLPBN:00/input/input4/id HTTP/1.1" 200 3376 "-" "Amazon CloudFront"
64.252.66.102 - - [04/Sep/2026:09:07:12 +0000] "GET /?fileloc=//s3/f75bf04088964924b004465536090d8a/wordpress/wp-content/uploads/2021/07/%E9%88%B4%E6%9C%A8%E7%90%86%E4%BA%8B%E9%95%B7%E3%83%BB%E9%99%A2%E9%95%B7-2-150x150.jpg&path=//s3/f75bf04088964924b004465536090d8a/wordpress/wp-content/uploads/2021/07 HTTP/1.1" 200 2680 "-" "Amazon CloudFront"
64.252.66.102 - - [04/Sep/2026:09:07:13 +0000] "GET /?fileloc=//s3/f75bf04088964924b004465536090d8a/wordpress/wp-content/uploads/2023/09/%E6%A8%AA%E6%B5%9C%E5%B8%82%E7%AB%8B%E5%A4%A7%E5%AD%A6%E9%99%84%E5%B1%9E%E5%B8%82%E6%B0%91%E7%B7%8F%E5%90%88%E5%8C%BB%E7%99%82%E3%82%BB%E3%83%B3%E3%82%BF%E3%83%BC_%E6%B9%AF%E6%9D%91%E5%AF%A7%E5%89%AF%E7%97%85%E9%99%A2%E9%95%B7-150x150.jpg&path=//s3/f75bf04088964924b004465536090d8a/wordpress/wp-content/uploads/2023/09 HTTP/1.1" 200 2745 "-" "Amazon CloudFront"
64.252.66.102 - - [04/Sep/2026:09:07:16 +0000] "GET /?path=//sys/class/thermal/cooling_device3/device/physical_node/node0/memory28/node0/cpu5/firmware_node/subsystem/devices/PNP0A03:00/physical_node/pci_bus/0000:00/device/0000:00:1f.0/driver/0000:00:1e.0/subsystem/drivers/nvme/0000:00:1f.0/driver/0000:00:04.0/firmware_node/power HTTP/1.1" 200 3404 "-" "Amazon CloudFront"
64.252.68.74 - - [04/Sep/2026:09:07:20 +0000] "GET /products/detail/208628339?path=//sys/bus/node/devices/node0/cpu1/driver/cpu7/driver/cpu2/node0/cpu1/firmware_node/thermal_cooling/device/physical_node/firmware_node/subsystem/drivers/button/LNXSLPBN:00/subsystem/devices/PNP0A03:00/physical_node/0000:00:1f.0/nvme/nvme2/nvme2n1/holders/md0/slaves/nvme1n1/holders/md0/md/dev-nvme1n1/block/queue HTTP/1.1" 200 4856 "-" "Amazon CloudFront"
64.252.66.102 - - [04/Sep/2026:09:07:24 +0000] "GET /?path=//sys/bus/memory/devices/memory1/node0/memory28/node0/cpu2/driver/cpu4/firmware_node/subsystem/devices/PNP0A03:00/physical_node/0000:00:04.0/driver/0000:00:1f.0/subsystem/drivers/nvme/0000:00:1f.0/nvme/nvme2/nvme2n1/holders/md0/md/dev-nvme2n1/block/holders/md0/md/dev-nvme2n1/block/device/nvme2n1/mq/1 HTTP/1.1" 200 3432 "-" "Amazon CloudFront"
64.252.68.74 - - [04/Sep/2026:09:07:24 +0000] "GET /products/detail/117227147 HTTP/1.1" 200 4139 "-" "Amazon CloudFront"
64.252.126.16 - - [04/Sep/2026:09:07:27 +0000] "GET /?p=16767 HTTP/1.1" 200 4177 "-" "Amazon CloudFront"
64.252.66.102 - - [04/Sep/2026:09:07:28 +0000] "GET /?path=//sys/bus/memory/devices/memory1/node0/memory7/node0/cpu1/subsystem/drivers/processor/cpu5/firmware_node/subsystem/devices/PNP0A03:00/physical_node/firmware_node/device:20/physical_node/driver/0000:00:1e.0/driver/0000:00:1e.0/nvme/nvme1/device/nvme/nvme1/nvme1n1/device/nvme1n1/holders/md0/md/dev-nvme1n1/block/holders/md0/md/dev-nvme2n1/block HTTP/1.1" 200 4429 "-" "Amazon CloudFront"
64.252.67.164 - - [04/Sep/2026:09:07:29 +0000] "GET /?fileloc=//s3/f75bf04088964924b004465536090d8a/wordpress/wp-content/uploads/2021/07/%E4%BD%90%E8%97%A4%E9%A4%A8%E9%95%B7.jpg&path=//s3/f75bf04088964924b004465536090d8a/wordpress/wp-content/uploads/2021/07 HTTP/1.1" 200 2655 "-" "Amazon CloudFront"
64.252.126.232 - - [04/Sep/2026:09:07:29 +0000] "GET /?p=16837 HTTP/1.1" 200 4177 "-" "Amazon CloudFront"
64.252.126.16 - - [04/Sep/2026:09:07:31 +0000] "GET /?p=16843 HTTP/1.1" 200 4265 "-" "Amazon CloudFront"
64.252.68.74 - - [04/Sep/2026:09:07:32 +0000] "GET /?fileloc=//sys/bus/machinecheck/devices/machinecheck4/trigger&path=//sys/bus/machinecheck/devices/machinecheck4 HTTP/1.1" 200 2585 "-" "Amazon CloudFront"
64.252.66.102 - - [04/Sep/2026:09:07:32 +0000] "GET /?path=//sys/bus/node/devices/node0/memory2/node0/cpu4/driver/cpu1/driver/cpu2/subsystem/drivers/processor/cpu2/firmware_node/physical_node/firmware_node/subsystem/devices/LNXSYBUS:00/PNP0A03:00/physical_node/0000:00:1f.0/nvme/nvme2/nvme2n1/holders/md0/md/dev-nvme2n1/block/device/device/nvme/nvme2/nvme2n1/holders/md0/md/dev-nvme1n1/block/bdi/power HTTP/1.1" 200 3578 "-" "Amazon CloudFront"
64.252.126.16 - - [04/Sep/2026:09:07:32 +0000] "GET /?p=16847 HTTP/1.1" 200 4265 "-" "Amazon CloudFront"
64.252.66.61 - - [04/Sep/2026:09:07:34 +0000] "GET /?fileloc=//s3/f75bf04088964924b004465536090d8a/wordpress/wp-content/uploads/2021/07/%E5%90%89%E4%BD%8F%E9%99%A2%E9%95%B7-1.jpg&path=//s3/f75bf04088964924b004465536090d8a/wordpress/wp-content/uploads/2021/07 HTTP/1.1" 200 2656 "-" "Amazon CloudFront"
64.252.126.232 - - [04/Sep/2026:09:07:34 +0000] "GET /?p=16849 HTTP/1.1" 200 4265 "-" "Amazon CloudFront"
64.252.126.232 - - [04/Sep/2026:09:07:36 +0000] "GET /?p=16851 HTTP/1.1" 200 4177 "-" "Amazon CloudFront"
64.252.66.61 - - [04/Sep/2026:09:07:36 +0000] "GET /?path=//sys/class/thermal/cooling_device3/device/physical_node/node0/memory28/node0/cpu5/firmware_node/subsystem/devices/PNP0A03:00/physical_node/pci_bus/0000:00/device/0000:00:1f.0/driver/0000:00:1f.0/driver/0000:00:1e.0/nvme/nvme1/nvme1n1/subsystem/md0/slaves/nvme1n1/trace HTTP/1.1" 200 3396 "-" "Amazon CloudFront"
64.252.126.16 - - [04/Sep/2026:09:07:38 +0000] "GET /?p=16853 HTTP/1.1" 200 4265 "-" "Amazon CloudFront"
64.252.126.16 - - [04/Sep/2026:09:07:40 +0000] "GET /?p=16857 HTTP/1.1" 200 4135 "-" "Amazon CloudFront"
64.252.68.74 - - [04/Sep/2026:09:07:41 +0000] "GET /?path=//sys/bus/acpi/devices/LNXCPU:06/physical_node/node0/memory21/node0/cpu0/subsystem/drivers/processor/cpu6/firmware_node/subsystem/devices/device:06/physical_node/driver/0000:00:04.0/driver/0000:00:1e.0/nvme/nvme1/nvme1n1/holders/md0/md/dev-nvme2n1/block/device/device/nvme/nvme2/nvme2n1/holders/md0/md/rd1/block/mq/7 HTTP/1.1" 200 3500 "-" "Amazon CloudFront"
64.252.126.16 - - [04/Sep/2026:09:07:41 +0000] "GET /?p=16859 HTTP/1.1" 200 4265 "-" "Amazon CloudFront"
64.252.126.16 - - [04/Sep/2026:09:07:43 +0000] "GET /?p=16863 HTTP/1.1" 200 4265 "-" "Amazon CloudFront"
64.252.66.61 - - [04/Sep/2026:09:07:44 +0000] "GET /?path=//sys/class/thermal/cooling_device3/device/physical_node/node0/memory28/node0/cpu5/firmware_node/subsystem/devices/LNXSYSTM:00/LNXSYBUS:00/PNP0A03:00/device:12/subsystem/devices/LNXSYBUS:00/PNP0A03:00/device:21/physical_node/nvme/nvme2/device/driver/0000:00:04.0/driver/0000:00:1e.0/nvme/nvme1/nvme1n1/holders/md0/md/dev-nvme2n1/block/mq/5 HTTP/1.1" 200 3519 "-" "Amazon CloudFront"
64.252.126.16 - - [04/Sep/2026:09:07:45 +0000] "GET /?p=16951 HTTP/1.1" 200 4265 "-" "Amazon CloudFront"
64.252.66.102 - - [04/Sep/2026:09:07:46 +0000] "GET /?fileloc=//sys/class/net/lo/subsystem/lo/power/control&path=//sys/class/net/lo/subsystem/lo/power HTTP/1.1" 200 2595 "-" "Amazon CloudFront"
64.252.126.232 - - [04/Sep/2026:09:07:47 +0000] "GET /?p=16955 HTTP/1.1" 200 4177 "-" "Amazon CloudFront"
64.252.66.61 - - [04/Sep/2026:09:07:48 +0000] "GET /?path=//sys/class/thermal/cooling_device3/device/physical_node/node0/memory28/node0/cpu5/firmware_node/subsystem/devices/PNP0A03:00/physical_node/pci_bus/0000:00/device/0000:00:1f.0/driver/0000:00:04.0/driver/module/drivers/pci:nvme/0000:00:04.0/subsystem/drivers/nvme/0000:00:1e.0/firmware_node HTTP/1.1" 200 3537 "-" "Amazon CloudFront"
64.252.126.191 - - [04/Sep/2026:09:07:49 +0000] "GET /?p=16957 HTTP/1.1" 200 4177 "-" "Amazon CloudFront"
64.252.66.102 - - [04/Sep/2026:09:07:50 +0000] "GET /?fileloc=//s3/f75bf04088964924b004465536090d8a/wordpress/wp-content/uploads/2021/07/%E7%95%91%E9%99%A2%E9%95%B7-1.jpg&path=//s3/f75bf04088964924b004465536090d8a/wordpress/wp-content/uploads/2021/07 HTTP/1.1" 200 2649 "-" "Amazon CloudFront"
64.252.126.191 - - [04/Sep/2026:09:07:51 +0000] "GET /?p=16959 HTTP/1.1" 200 4265 "-" "Amazon CloudFront"
64.252.68.74 - - [04/Sep/2026:09:07:52 +0000] "GET /?path=//sys/class/thermal/cooling_device3/device/physical_node/node0/memory28/node0/cpu5/firmware_node/subsystem/devices/PNP0A03:00/physical_node/pci_bus/0000:00/device/0000:00:1f.0/driver/module/drivers/pci:nvme/0000:00:1f.0/firmware_node/subsystem/devices/LNXSYBUS:00/PNP0A03:00/device:01/power HTTP/1.1" 200 3447 "-" "Amazon CloudFront"
64.252.126.232 - - [04/Sep/2026:09:07:52 +0000] "GET /?p=16961 HTTP/1.1" 200 4177 "-" "Amazon CloudFront"
64.252.68.74 - - [04/Sep/2026:09:07:53 +0000] "GET /?fileloc=//s3/f75bf04088964924b004465536090d8a/wordpress/wp-content/uploads/2021/07/%E7%AD%92%E4%BA%95%E7%97%85%E9%99%A2%E9%95%B7-150x150.jpg&path=//s3/f75bf04088964924b004465536090d8a/wordpress/wp-content/uploads/2021/07 HTTP/1.1" 200 2664 "-" "Amazon CloudFront"
64.252.68.74 - - [04/Sep/2026:09:07:53 +0000] "GET /products/detail/258456612 HTTP/1.1" 200 4265 "-" "Amazon CloudFront"
64.252.126.191 - - [04/Sep/2026:09:07:54 +0000] "GET /?p=16963 HTTP/1.1" 200 4265 "-" "Amazon CloudFront"
64.252.126.16 - - [04/Sep/2026:09:07:56 +0000] "GET /?p=16965 HTTP/1.1" 200 4265 "-" "Amazon CloudFront"
64.252.68.74 - - [04/Sep/2026:09:07:56 +0000] "GET /?path=//sys/class/thermal/cooling_device3/device/physical_node/node0/memory28/node0/cpu5/firmware_node/subsystem/devices/PNP0A03:00/physical_node/pci_bus/0000:00/device/0000:00:1f.0/driver/module/drivers/pci:nvme/0000:00:1f.0/driver/0000:00:1e.0/nvme/nvme1/nvme1n1/holders HTTP/1.1" 200 3194 "-" "Amazon CloudFront"
64.252.126.191 - - [04/Sep/2026:09:07:58 +0000] "GET /?p=16969 HTTP/1.1" 200 4177 "-" "Amazon CloudFront"
64.252.126.191 - - [04/Sep/2026:09:07:59 +0000] "GET /?p=16971 HTTP/1.1" 200 4265 "-" "Amazon CloudFront"
64.252.66.61 - - [04/Sep/2026:09:08:00 +0000] "GET /products/detail/208628339?path=//sys/bus/node/devices/node0/cpu1/driver/cpu7/driver/cpu2/node0/cpu4/firmware_node/thermal_cooling/device/physical_node/firmware_node/thermal_cooling/device/subsystem/devices/PNP0A03:00/physical_node/0000:00:1f.0/nvme/nvme2/nvme2n1/holders/md0/md/rd0/block/subsystem HTTP/1.1" 200 3388 "-" "Amazon CloudFront"
64.252.126.232 - - [04/Sep/2026:09:08:01 +0000] "GET /?p=16975 HTTP/1.1" 200 4177 "-" "Amazon CloudFront"
64.252.126.16 - - [04/Sep/2026:09:08:02 +0000] "GET /?p=16977 HTTP/1.1" 200 4177 "-" "Amazon CloudFront"
64.252.66.102 - - [04/Sep/2026:09:08:04 +0000] "GET /products/detail/208628339?path=//sys/bus/node/devices/node0/cpu1/driver/cpu7/driver/cpu2/node0/cpu4/firmware_node/subsystem/devices/PNP0A03:00/physical_node/0000:00:1f.0/subsystem/drivers/nvme/0000:00:1f.0/nvme/nvme2/nvme2n1/holders/md0/slaves/nvme1n1/device/nvme1n1/holders/md0/md/dev-nvme1n1/block/mq HTTP/1.1" 200 3465 "-" "Amazon CloudFront"
64.252.126.232 - - [04/Sep/2026:09:08:04 +0000] "GET /?p=16979 HTTP/1.1" 200 4265 "-" "Amazon CloudFront"
64.252.126.232 - - [04/Sep/2026:09:08:06 +0000] "GET /?p=16981 HTTP/1.1" 200 4265 "-" "Amazon CloudFront"
64.252.66.102 - - [04/Sep/2026:09:08:06 +0000] "GET /?fileloc=//s3/f75bf04088964924b004465536090d8a/wordpress/wp-content/uploads/2021/07/%E4%BA%95%E5%86%85%E9%99%A2%E9%95%B7-1-1024x1024.jpg&path=//s3/f75bf04088964924b004465536090d8a/wordpress/wp-content/uploads/2021/07 HTTP/1.1" 200 2661 "-" "Amazon CloudFront"
64.252.126.16 - - [04/Sep/2026:09:08:07 +0000] "GET /?p=16983 HTTP/1.1" 200 4265 "-" "Amazon CloudFront"
64.252.66.61 - - [04/Sep/2026:09:08:08 +0000] "GET /products/detail/208628339?path=//sys/bus/node/devices/node0/cpu1/driver/cpu7/driver/cpu2/node0/cpu4/firmware_node/subsystem/devices/PNP0A03:00/device:06/physical_node/firmware_node/physical_node/nvme/nvme0/nvme0n1/nvme0n1p1/subsystem/nvme2n1/device/nvme2n1/holders/md0/md/rd0/block/mq/7/cpu7 HTTP/1.1" 200 2931 "-" "Amazon CloudFront"
64.252.126.16 - - [04/Sep/2026:09:08:09 +0000] "GET /?p=16987 HTTP/1.1" 200 4265 "-" "Amazon CloudFront"
64.252.126.191 - - [04/Sep/2026:09:08:10 +0000] "GET /?p=16989 HTTP/1.1" 200 4265 "-" "Amazon CloudFront"
64.252.126.232 - - [04/Sep/2026:09:08:12 +0000] "GET /?p=24430 HTTP/1.1" 200 4177 "-" "Amazon CloudFront"
64.252.68.74 - - [04/Sep/2026:09:08:12 +0000] "GET /?path=//sys/bus/memory/devices/memory1/node0/memory30/node0/cpu6/firmware_node/subsystem/devices/device:21/physical_node/driver/module/drivers/pci:nvme/0000:00:1e.0/nvme/nvme1/nvme1n1/subsystem/nvme1n1/holders/md0/md/rd0/block/holders/md0/md/rd1/block/device/device/firmware_node/physical_node/driver/0000:00:04.0/nvme/nvme0/nvme0n1/mq/0 HTTP/1.1" 200 3627 "-" "Amazon CloudFront"
64.252.66.61 - - [04/Sep/2026:09:08:12 +0000] "GET /products/detail/236936824 HTTP/1.1" 200 4177 "-" "Amazon CloudFront"
64.252.126.16 - - [04/Sep/2026:09:08:13 +0000] "GET /?p=24434 HTTP/1.1" 200 4265 "-" "Amazon CloudFront"
64.252.126.191 - - [04/Sep/2026:09:08:15 +0000] "GET /?p=24436 HTTP/1.1" 200 4265 "-" "Amazon CloudFront"
64.252.66.102 - - [04/Sep/2026:09:08:16 +0000] "GET /products/detail/208628339?path=//sys/bus/node/devices/node0/cpu1/driver/cpu7/driver/cpu2/node0/cpu4/firmware_node/thermal_cooling/device/physical_node/firmware_node/thermal_cooling/device/subsystem/devices/LNXSYSTM:00/LNXSYBUS:00/PNP0A03:00/device:21/physical_node/nvme/nvme2/nvme2n1/holders/md0/subsystem/nvme1n1/holders/md0/md/rd1 HTTP/1.1" 200 3792 "-" "Amazon CloudFront"
64.252.126.232 - - [04/Sep/2026:09:08:16 +0000] "GET /?p=24438 HTTP/1.1" 200 4265 "-" "Amazon CloudFront"
64.252.126.191 - - [04/Sep/2026:09:08:17 +0000] "GET /?p=24439 HTTP/1.1" 200 4265 "-" "Amazon CloudFront"
64.252.126.232 - - [04/Sep/2026:09:08:19 +0000] "GET /?p=24444 HTTP/1.1" 200 4265 "-" "Amazon CloudFront"
64.252.66.61 - - [04/Sep/2026:09:08:20 +0000] "GET /products/detail/208628339?path=//sys/bus/node/devices/node0/cpu1/driver/cpu7/driver/cpu2/node0/cpu4/firmware_node/subsystem/devices/LNXSYSTM:00/LNXSYBUS:00/PNP0A03:00/device:20/physical_node/nvme/nvme1/device/nvme/nvme1/nvme1n1/device/nvme1n1/holders/md0/md/rd1/block/holders/md0/bdi HTTP/1.1" 200 3544 "-" "Amazon CloudFront"
64.252.126.16 - - [04/Sep/2026:09:08:20 +0000] "GET /?p=26255 HTTP/1.1" 200 4177 "-" "Amazon CloudFront"
64.252.66.61 - - [04/Sep/2026:09:08:22 +0000] "GET /?fileloc=//s3/f75bf04088964924b004465536090d8a/wordpress/wp-content/uploads/2021/07/%E7%AB%B9%E6%94%BF%E6%95%99%E6%8E%88-1-300x300.jpg&path=//s3/f75bf04088964924b004465536090d8a/wordpress/wp-content/uploads/2021/07 HTTP/1.1" 200 2661 "-" "Amazon CloudFront"
64.252.126.16 - - [04/Sep/2026:09:08:22 +0000] "GET /?p=26259 HTTP/1.1" 200 4177 "-" "Amazon CloudFront"
64.252.126.232 - - [04/Sep/2026:09:08:24 +0000] "GET /?p=26265 HTTP/1.1" 200 4265 "-" "Amazon CloudFront"
64.252.66.61 - - [04/Sep/2026:09:08:24 +0000] "GET /?path=//sys/class/thermal/cooling_device3/device/physical_node/node0/memory28/node0/cpu5/firmware_node/subsystem/devices/PNP0A03:00/physical_node/pci_bus/0000:00/device/0000:00:1e.0/driver/0000:00:04.0/driver/0000:00:1e.0/subsystem/devices/0000:00:1f.0/nvme/nvme2/nvme2n1/bdi HTTP/1.1" 200 3535 "-" "Amazon CloudFront"
64.252.126.232 - - [04/Sep/2026:09:08:25 +0000] "GET /?p=26267 HTTP/1.1" 200 4265 "-" "Amazon CloudFront"
64.252.126.16 - - [04/Sep/2026:09:08:27 +0000] "GET /?p=26269 HTTP/1.1" 200 4265 "-" "Amazon CloudFront"
64.252.66.102 - - [04/Sep/2026:09:08:28 +0000] "GET /?path=//sys/bus/memory/devices/memory1/node0/memory7/node0/cpu1/subsystem/drivers/processor/cpu5/firmware_node/subsystem/devices/PNP0A03:00/physical_node/firmware_node/physical_node/0000:00:1e.0/driver/module/drivers/pci:nvme/0000:00:1f.0/driver/0000:00:1e.0/nvme/nvme1/nvme1n1/holders/md0/md/dev-nvme2n1/block/device/nvme2n1/device/nvme2n1/mq/0/cpu0 HTTP/1.1" 200 3033 "-" "Amazon CloudFront"
64.252.126.16 - - [04/Sep/2026:09:08:28 +0000] "GET /?p=26271 HTTP/1.1" 200 4265 "-" "Amazon CloudFront"
64.252.126.191 - - [04/Sep/2026:09:08:30 +0000] "GET /?p=26273 HTTP/1.1" 200 4177 "-" "Amazon CloudFront"
64.252.126.191 - - [04/Sep/2026:09:08:31 +0000] "GET /?p=26275 HTTP/1.1" 200 4265 "-" "Amazon CloudFront"
64.252.68.74 - - [04/Sep/2026:09:08:32 +0000] "GET /products/detail/208628339?path=//sys/bus/node/devices/node0/cpu1/driver/cpu7/driver/cpu2/node0/cpu4/firmware_node/thermal_cooling/device/physical_node/firmware_node/subsystem/devices/device:20/physical_node/subsystem/drivers/nvme/0000:00:1f.0/nvme/nvme2/nvme2n1/holders/md0/slaves/nvme2n1/holders/md0/md/dev-nvme2n1/block/bdi HTTP/1.1" 200 3574 "-" "Amazon CloudFront"
64.252.126.191 - - [04/Sep/2026:09:08:33 +0000] "GET /?p=26277 HTTP/1.1" 200 4265 "-" "Amazon CloudFront"
64.252.126.191 - - [04/Sep/2026:09:08:34 +0000] "GET /?p=26279 HTTP/1.1" 200 4265 "-" "Amazon CloudFront"
64.252.126.16 - - [04/Sep/2026:09:08:36 +0000] "GET /?p=26281 HTTP/1.1" 200 4265 "-" "Amazon CloudFront"
64.252.126.191 - - [04/Sep/2026:09:08:37 +0000] "GET /?p=26285 HTTP/1.1" 200 4265 "-" "Amazon CloudFront"
64.252.67.164 - - [04/Sep/2026:09:08:37 +0000] "GET /products/detail/208628339?path=//sys/bus/node/devices/node0/cpu1/driver/cpu7/driver/cpu2/node0/cpu1/firmware_node/thermal_cooling/device/physical_node/firmware_node/subsystem/devices/PNP0A03:00/physical_node/0000:00:1e.0/nvme/nvme1/nvme1n1/holders/md0/md/dev-nvme2n1/block/holders/md0/subsystem/nvme2n1/device/nvme2n1/integrity HTTP/1.1" 200 3535 "-" "Amazon CloudFront"
64.252.126.16 - - [04/Sep/2026:09:08:39 +0000] "GET /?p=26695 HTTP/1.1" 200 4265 "-" "Amazon CloudFront"
64.252.67.164 - - [04/Sep/2026:09:08:39 +0000] "GET /?fileloc=//s3/f75bf04088964924b004465536090d8a/wordpress/wp-content/uploads/2021/07/%E7%AD%92%E4%BA%95%E7%97%85%E9%99%A2%E9%95%B7-2-300x300.jpg&path=//s3/f75bf04088964924b004465536090d8a/wordpress/wp-content/uploads/2021/07 HTTP/1.1" 200 2666 "-" "Amazon CloudFront"
64.252.67.164 - - [04/Sep/2026:09:08:40 +0000] "GET /?fileloc=//sys/class/net/lo/subsystem/lo/power/runtime_status&path=//sys/class/net/lo/subsystem/lo/power HTTP/1.1" 200 2606 "-" "Amazon CloudFront"
64.252.68.74 - - [04/Sep/2026:09:08:40 +0000] "GET /?path=//sys/class/thermal/cooling_device3/device/physical_node/node0/memory28/node0/cpu5/firmware_node/subsystem/devices/PNP0A03:00/physical_node/pci_bus/0000:00/device/0000:00:1e.0/driver/module/drivers/pci:nvme/0000:00:1e.0/firmware_node/subsystem/devices/LNXSYSTM:00/LNXSYBUS:00/PNP0A03:00/device:07 HTTP/1.1" 200 3556 "-" "Amazon CloudFront"
64.252.126.16 - - [04/Sep/2026:09:08:40 +0000] "GET /?p=26699 HTTP/1.1" 200 4177 "-" "Amazon CloudFront"
64.252.126.16 - - [04/Sep/2026:09:08:42 +0000] "GET /?p=26701 HTTP/1.1" 200 4177 "-" "Amazon CloudFront"
64.252.126.16 - - [04/Sep/2026:09:08:43 +0000] "GET /?p=26703 HTTP/1.1" 200 4177 "-" "Amazon CloudFront"
64.252.66.61 - - [04/Sep/2026:09:08:44 +0000] "GET /products/detail/208628339?path=//sys/bus/node/devices/node0/cpu1/driver/cpu7/driver/cpu2/node0/cpu4/firmware_node/thermal_cooling/device/physical_node/firmware_node/thermal_cooling/device/subsystem/devices/LNXSYSTM:00/LNXSYBUS:00/PNP0A03:00/device:21/physical_node/nvme/nvme2/nvme2n1/holders/md0/slaves/nvme1n1/holders/md0/md/rd0/block/subsystem/nvme2n1 HTTP/1.1" 200 4420 "-" "Amazon CloudFront"
64.252.126.16 - - [04/Sep/2026:09:08:45 +0000] "GET /?p=26705 HTTP/1.1" 200 4265 "-" "Amazon CloudFront"
64.252.126.191 - - [04/Sep/2026:09:08:46 +0000] "GET /?p=26707 HTTP/1.1" 200 4182 "-" "Amazon CloudFront"
64.252.66.61 - - [04/Sep/2026:09:08:48 +0000] "GET /products/detail/272703723?path=//sys/devices/pci0000:00/firmware_node/physical_node/pci_bus/0000:00/device/firmware_node/physical_node/0000:00:00.0/subsystem/drivers/nvme/0000:00:1e.0/subsystem/devices/0000:00:04.0/driver/module/drivers/pci:nvme/0000:00:1f.0/driver/0000:00:1f.0/nvme/nvme2/nvme2n1/device/nvme2n1/holders/md0/slaves/nvme1n1/holders/md0/md/rd0/block/mq/3/cpu3 HTTP/1.1" 200 3019 "-" "Amazon CloudFront"
64.252.126.191 - - [04/Sep/2026:09:08:48 +0000] "GET /?p=26709 HTTP/1.1" 200 4265 "-" "Amazon CloudFront"
64.252.126.232 - - [04/Sep/2026:09:08:50 +0000] "GET /?p=26711 HTTP/1.1" 200 4265 "-" "Amazon CloudFront"
64.252.126.191 - - [04/Sep/2026:09:08:51 +0000] "GET /?p=32748 HTTP/1.1" 200 4177 "-" "Amazon CloudFront"
64.252.66.102 - - [04/Sep/2026:09:08:52 +0000] "GET /?path=//sys/class/thermal/cooling_device3/device/physical_node/node0/memory28/node0/cpu5/firmware_node/subsystem/devices/PNP0A03:00/physical_node/pci_bus/0000:00/device/0000:00:1e.0/driver/module/drivers/pci:nvme/0000:00:1f.0/driver/0000:00:1e.0/firmware_node/subsystem/devices/PNP0A03:00/device:14/power HTTP/1.1" 200 3446 "-" "Amazon CloudFront"
64.252.126.16 - - [04/Sep/2026:09:08:53 +0000] "GET /?p=44774 HTTP/1.1" 200 4265 "-" "Amazon CloudFront"
64.252.126.16 - - [04/Sep/2026:09:08:54 +0000] "GET /?p=44776 HTTP/1.1" 200 4265 "-" "Amazon CloudFront"
64.252.126.232 - - [04/Sep/2026:09:08:56 +0000] "GET /?p=44778 HTTP/1.1" 200 4177 "-" "Amazon CloudFront"
64.252.68.74 - - [04/Sep/2026:09:08:56 +0000] "GET /products/detail/208628339?path=//sys/bus/node/devices/node0/cpu1/driver/cpu7/driver/cpu2/node0/cpu4/firmware_node/subsystem/devices/PNP0A03:00/device:06/physical_node/firmware_node/physical_node/nvme/nvme0/nvme0n1/nvme0n1p1/subsystem/nvme2n1/device/nvme2n1/holders/md0/md/rd0/block/device/nvme1n1/holders HTTP/1.1" 200 3202 "-" "Amazon CloudFront"
64.252.126.232 - - [04/Sep/2026:09:08:57 +0000] "GET /?p=44780 HTTP/1.1" 200 4265 "-" "Amazon CloudFront"
64.252.66.102 - - [04/Sep/2026:09:08:59 +0000] "GET /?fileloc=//s3/f75bf04088964924b004465536090d8a/wordpress/wp-content/uploads/2021/07/%E6%B2%96%E7%B8%84%E5%8D%94%E5%90%8C%E7%97%85%E9%99%A2%E5%A4%96%E8%A6%B3-1.jpg&path=//s3/f75bf04088964924b004465536090d8a/wordpress/wp-content/uploads/2021/07 HTTP/1.1" 200 2674 "-" "Amazon CloudFront"
64.252.126.191 - - [04/Sep/2026:09:08:59 +0000] "GET /?p=44782 HTTP/1.1" 200 4177 "-" "Amazon CloudFront"
64.252.66.61 - - [04/Sep/2026:09:09:00 +0000] "GET /products/detail/208628339?path=//sys/bus/node/devices/node0/cpu1/driver/cpu7/driver/cpu2/node0/cpu4/firmware_node/subsystem/devices/PNP0A03:00/device:06/physical_node/firmware_node/physical_node/nvme/nvme0/nvme0n1/nvme0n1p1/subsystem/nvme2n1/device/nvme2n1/holders/md0/md/rd0/block/device/nvme1n1/power HTTP/1.1" 200 3443 "-" "Amazon CloudFront"
64.252.126.191 - - [04/Sep/2026:09:09:00 +0000] "GET /?p=44784 HTTP/1.1" 200 4265 "-" "Amazon CloudFront"
64.252.126.16 - - [04/Sep/2026:09:09:02 +0000] "GET /?p=44786 HTTP/1.1" 200 4265 "-" "Amazon CloudFront"
64.252.126.16 - - [04/Sep/2026:09:09:04 +0000] "GET /?p=44790 HTTP/1.1" 200 4265 "-" "Amazon CloudFront"
64.252.67.164 - - [04/Sep/2026:09:09:04 +0000] "GET /?path=//sys/class/thermal/cooling_device3/device/physical_node/node0/memory28/node0/cpu5/firmware_node/subsystem/devices/PNP0A03:00/physical_node/pci_bus/0000:00/device/0000:00:1f.0/driver/module/drivers/pci:nvme/0000:00:04.0/driver/0000:00:1f.0/nvme/nvme2/nvme2n1/holders/md0 HTTP/1.1" 200 4140 "-" "Amazon CloudFront"
64.252.126.232 - - [04/Sep/2026:09:09:05 +0000] "GET /?p=45391 HTTP/1.1" 200 4265 "-" "Amazon CloudFront"
64.252.126.16 - - [04/Sep/2026:09:09:07 +0000] "GET /?p=70164 HTTP/1.1" 200 4265 "-" "Amazon CloudFront"
