64.252.67.164 - - [04/Sep/2026:08:08:56 +0000] "GET /?path=//sys/class/thermal/cooling_device3/device/physical_node/node0/memory28/node0/cpu5/firmware_node/subsystem/devices/LNXSYBUS:00/PNP0A03:00/device:1b/subsystem/devices/LNXSYBUS:00/PNP0A03:00/physical_node/pci_bus/0000:00/device/0000:00:1f.0/driver/0000:00:1e.0/driver/0000:00:1f.0/nvme/nvme2/nvme2n1/holders/md0/slaves/nvme2n1/holders/md0/md/dev-nvme1n1/block/mq/4/cpu4 HTTP/1.1" 200 3069 "-" "Amazon CloudFront"
64.252.66.102 - - [04/Sep/2026:08:09:00 +0000] "GET /products/detail/208628339?path=//sys/bus/node/devices/node0/cpu1/driver/cpu7/driver/cpu2/node0/cpu4/firmware_node/subsystem/devices/PNP0A03:00/physical_node/0000:00:04.0/nvme/nvme0/nvme0n1/subsystem/nvme1n1/holders/md0/md/dev-nvme1n1/block/holders/md0/md/dev-nvme2n1/block/device/nvme2n1/device/nvme2n1/queue HTTP/1.1" 200 4722 "-" "Amazon CloudFront"
64.252.68.74 - - [04/Sep/2026:08:09:02 +0000] "GET /?fileloc=//sys/class/net/lo/subsystem/lo/netdev_group&path=//sys/class/net/lo/subsystem/lo HTTP/1.1" 200 2585 "-" "Amazon CloudFront"
64.252.66.102 - - [04/Sep/2026:08:09:04 +0000] "GET /?path=//sys/class/thermal/cooling_device3/device/physical_node/node0/cpu1/driver/cpu0/node0/cpu2/firmware_node/subsystem/devices/LNXSYSTM:00/LNXSYBUS:00/PNP0C0F:04/subsystem/devices/PNP0A03:00/physical_node/0000:00:1f.0/nvme/nvme2/device/driver/module/drivers/pci:nvme/module/drivers/pci:nvme/0000:00:1e.0/nvme/nvme1/nvme1n1/holders/md0/slaves/nvme2n1/holders/md0/md/dev-nvme2n1/block/mq/5/cpu5 HTTP/1.1" 200 3126 "-" "Amazon CloudFront"
64.252.68.74 - - [04/Sep/2026:08:09:08 +0000] "GET /?path=//sys/class/thermal/cooling_device3/device/physical_node/node0/memory28/node0/cpu5/firmware_node/subsystem/devices/LNXSYBUS:00/PNP0A03:00/device:1b/subsystem/devices/LNXSYBUS:00/PNP0A03:00/physical_node/pci_bus/0000:00/device/0000:00:1e.0/driver/0000:00:1e.0/driver/0000:00:1f.0/nvme/nvme2/nvme2n1/holders/md0/md/dev-nvme2n1/block/holders/md0/md/dev-nvme1n1/block/mq/2/cpu2 HTTP/1.1" 200 3070 "-" "Amazon CloudFront"
64.252.67.164 - - [04/Sep/2026:08:09:09 +0000] "GET /?path=//s3/e4b0c915fca84f9f870081f43af16929/wordpress/wp-content/uploads/elementor/css HTTP/1.1" 200 3136 "-" "Amazon CloudFront"
64.252.67.164 - - [04/Sep/2026:08:09:10 +0000] "GET /?fileloc=//s3/f75bf04088964924b004465536090d8a/wordpress/wp-content/uploads/2023/08/2023.8%E6%9C%88%E5%8F%B7_2P_%E7%A5%9E%E5%A5%88%E5%B7%9D%E7%9C%8C%E6%B8%88%E7%94%9F%E4%BC%9A_%E6%8F%90%E8%A8%80-150x150.png&path=//s3/f75bf04088964924b004465536090d8a/wordpress/wp-content/uploads/2023/08 HTTP/1.1" 200 2696 "-" "Amazon CloudFront"
64.252.67.164 - - [04/Sep/2026:08:09:12 +0000] "GET /products/detail/208628339?path=//sys/bus/node/devices/node0/cpu1/driver/cpu7/driver/cpu2/node0/cpu4/firmware_node/thermal_cooling/device/physical_node/firmware_node/thermal_cooling/device/subsystem/devices/PNP0A03:00/device:20/physical_node/nvme/nvme1/nvme1n1/holders/md0/slaves/nvme2n1/subsystem/md0/slaves/nvme2n1/power HTTP/1.1" 200 3463 "-" "Amazon CloudFront"
64.252.68.74 - - [04/Sep/2026:08:09:14 +0000] "GET /?path=//etc/scl/conf HTTP/1.1" 200 2880 "-" "Amazon CloudFront"
64.252.66.102 - - [04/Sep/2026:08:09:16 +0000] "GET /products/detail/208628339?path=//sys/bus/node/devices/node0/cpu1/driver/cpu7/driver/cpu2/node0/cpu1/firmware_node/thermal_cooling/device/physical_node/firmware_node/subsystem/devices/LNXSYSTM:00/LNXSYBUS:00/PNP0A03:00/device:06/physical_node/nvme/nvme0/device/nvme/nvme0/nvme0n1/nvme0n1p1/subsystem/md0/md/dev-nvme2n1/block/integrity HTTP/1.1" 200 3558 "-" "Amazon CloudFront"
64.252.66.61 - - [04/Sep/2026:08:09:20 +0000] "GET /products/detail/208628339?path=//sys/bus/node/devices/node0/cpu1/driver/cpu7/driver/cpu2/node0/cpu4/firmware_node/subsystem/devices/PNP0A03:00/physical_node/0000:00:1f.0/subsystem/drivers/nvme/0000:00:1f.0/nvme/nvme2/nvme2n1/holders/md0/slaves/nvme1n1/holders/md0/md/rd1/block/device/nvme2n1/mq HTTP/1.1" 200 3464 "-" "Amazon CloudFront"
64.252.67.164 - - [04/Sep/2026:08:09:24 +0000] "GET /?path=//sys/bus/memory/devices/memory1/node0/memory30/node0/cpu6/firmware_node/subsystem/devices/device:21/physical_node/driver/module/drivers/pci:nvme/0000:00:1e.0/driver/0000:00:04.0/firmware_node/physical_node/subsystem/drivers/nvme/0000:00:1f.0/nvme/nvme2/nvme2n1/holders/md0/md/dev-nvme1n1/block/holders/md0/md/dev-nvme2n1/block/device/nvme2n1/mq/5 HTTP/1.1" 200 3507 "-" "Amazon CloudFront"
64.252.68.74 - - [04/Sep/2026:08:09:28 +0000] "GET /products/detail/208628339?path=//sys/bus/node/devices/node0/cpu1/driver/cpu7/driver/cpu2/node0/cpu4/firmware_node/subsystem/devices/PNP0A03:00/device:06/physical_node/firmware_node/physical_node/nvme/nvme0/nvme0n1/subsystem/nvme2n1/device/nvme2n1/holders/md0/md/rd1/block/holders/md0/slaves/nvme1n1/mq/2 HTTP/1.1" 200 3417 "-" "Amazon CloudFront"
64.252.68.74 - - [04/Sep/2026:08:09:32 +0000] "GET /products/detail/208628339?path=//sys/bus/node/devices/node0/cpu1/driver/cpu7/driver/cpu2/node0/cpu4/firmware_node/subsystem/devices/PNP0A03:00/physical_node/firmware_node/physical_node/0000:00:05.0/subsystem/drivers/nvme/0000:00:1f.0/nvme/nvme2/nvme2n1/holders/md0/md/dev-nvme2n1/block/holders/md0/slaves/nvme1n1/integrity HTTP/1.1" 200 3538 "-" "Amazon CloudFront"
64.252.66.102 - - [04/Sep/2026:08:09:34 +0000] "GET /?fileloc=//sys/bus/machinecheck/devices/machinecheck6/ignore_ce&path=//sys/bus/machinecheck/devices/machinecheck6 HTTP/1.1" 200 2537 "-" "Amazon CloudFront"
64.252.67.164 - - [04/Sep/2026:08:09:36 +0000] "GET /products/detail/208628339?path=//sys/bus/node/devices/node0/cpu1/driver/cpu7/driver/cpu2/node0/cpu4/firmware_node/subsystem/devices/device:20/physical_node/firmware_node/physical_node/nvme/nvme1/subsystem/nvme1/nvme1n1/device/nvme1n1/holders/md0/md/dev-nvme1n1/block/holders/md0/md/rd1/block/trace HTTP/1.1" 200 3403 "-" "Amazon CloudFront"
64.252.66.102 - - [04/Sep/2026:08:09:40 +0000] "GET /?path=//sys/bus/memory/devices/memory1/node0/memory30/node0/cpu6/firmware_node/subsystem/devices/device:21/physical_node/driver/module/drivers/pci:nvme/0000:00:1e.0/nvme/nvme1/subsystem/nvme1/nvme1n1/device/device/driver/0000:00:1f.0/nvme/nvme2/nvme2n1/holders/md0/slaves/nvme1n1/holders/md0/md/rd1/block HTTP/1.1" 200 4287 "-" "Amazon CloudFront"
64.252.66.61 - - [04/Sep/2026:08:09:44 +0000] "GET /products/detail/208628339?path=//sys/bus/node/devices/node0/cpu1/driver/cpu7/driver/cpu2/node0/cpu4/firmware_node/subsystem/devices/PNP0A03:00/physical_node/0000:00:1f.0/nvme/nvme2/subsystem/nvme1/nvme1n1/holders/md0/md/dev-nvme2n1/block/holders/md0/slaves/nvme2n1/device/nvme2n1/mq/6/cpu6 HTTP/1.1" 200 2949 "-" "Amazon CloudFront"
64.252.67.164 - - [04/Sep/2026:08:09:48 +0000] "GET /products/detail/208628339?path=//sys/bus/node/devices/node0/cpu1/driver/cpu7/driver/cpu2/node0/cpu1/firmware_node/thermal_cooling/subsystem/cooling_device1/device/subsystem/devices/LNXSYSTM:00/LNXSYBUS:00/PNP0A03:00/physical_node/0000:00:1f.0/nvme/nvme2/nvme2n1/device/nvme2n1/holders/md0/slaves/nvme1n1/mq/0/cpu0 HTTP/1.1" 200 2997 "-" "Amazon CloudFront"
64.252.67.164 - - [04/Sep/2026:08:09:52 +0000] "GET /?path=//sys/bus/memory/devices/memory1/node0/memory7/node0/cpu1/subsystem/drivers/processor/cpu5/firmware_node/subsystem/devices/PNP0A03:00/physical_node/firmware_node/physical_node/0000:00:1e.0/driver/0000:00:1e.0/nvme/nvme1/nvme1n1/holders/md0/slaves/nvme1n1/holders/md0/md/rd0/block/device/device/driver/0000:00:1f.0/nvme/nvme2/nvme2n1/mq/1 HTTP/1.1" 200 3507 "-" "Amazon CloudFront"
64.252.66.102 - - [04/Sep/2026:08:09:56 +0000] "GET /?path=//sys/bus/memory/devices/memory8/node0/memory2/node0/cpu1/driver/cpu7/driver/cpu1/subsystem/drivers/processor/cpu5/firmware_node/subsystem/devices/LNXSYBUS:00/PNP0A03:00/physical_node/0000:00:1e.0/nvme/nvme1/nvme1n1/holders/md0/md/rd1/block/device/nvme2n1/holders/md0/md/rd0/block/device/nvme1n1/mq/0/cpu0 HTTP/1.1" 200 3030 "-" "Amazon CloudFront"
64.252.66.102 - - [04/Sep/2026:08:09:59 +0000] "GET /?fileloc=//sys/class/pci_bus/0000:00/device/0000:00:00.0/revision&path=//sys/class/pci_bus/0000:00/device/0000:00:00.0 HTTP/1.1" 200 2599 "-" "Amazon CloudFront"
64.252.67.164 - - [04/Sep/2026:08:10:00 +0000] "GET /products/detail/208628339?path=//sys/bus/node/devices/node0/cpu1/driver/cpu7/driver/cpu2/node0/cpu1/firmware_node/thermal_cooling/device/physical_node/firmware_node/subsystem/devices/PNP0A03:00/physical_node/0000:00:1e.0/nvme/nvme1/nvme1n1/subsystem/md0/md/rd0/block/holders/md0/md/dev-nvme2n1/block/mq/4/cpu4 HTTP/1.1" 200 2981 "-" "Amazon CloudFront"
64.252.68.74 - - [04/Sep/2026:08:10:04 +0000] "GET /products/detail/208628339?path=//sys/bus/node/devices/node0/cpu1/driver/cpu7/driver/cpu2/node0/cpu4/firmware_node/subsystem/devices/PNP0A03:00/physical_node/0000:00:04.0/firmware_node/physical_node/nvme/nvme0/device/nvme/nvme0/nvme0n1/nvme0n1p128/subsystem/md0/md/dev-nvme2n1/block/device/nvme2n1/holders/md0/slaves/nvme2n1/slaves HTTP/1.1" 200 2967 "-" "Amazon CloudFront"
64.252.66.102 - - [04/Sep/2026:08:10:08 +0000] "GET /?path=//sys/bus/memory/devices/memory1/node0/memory7/node0/cpu1/subsystem/drivers/processor/cpu5/firmware_node/subsystem/devices/PNP0A03:00/physical_node/firmware_node/physical_node/0000:00:1e.0/driver/module/drivers/pci:nvme/0000:00:1e.0/nvme/nvme1/device/nvme/nvme1/nvme1n1/device/nvme1n1/holders/md0/md/dev-nvme1n1/block/mq/0/cpu0 HTTP/1.1" 200 3016 "-" "Amazon CloudFront"
64.252.67.164 - - [04/Sep/2026:08:10:12 +0000] "GET /?path=//sys/class/thermal/cooling_device3/device/physical_node/node0/memory28/node0/cpu5/firmware_node/subsystem/devices/PNP0A03:00/physical_node/pci_bus/0000:00/device/firmware_node/device:02/PNP0501:00/subsystem/devices/LNXSLPBN:00/driver/LNXSLPBN:00/driver/LNXPWRBN:00/input/input3/capabilities HTTP/1.1" 200 3560 "-" "Amazon CloudFront"
64.252.66.61 - - [04/Sep/2026:08:10:16 +0000] "GET /products/detail/208628339?path=//sys/bus/node/devices/node0/cpu1/driver/cpu7/driver/cpu2/node0/cpu4/firmware_node/subsystem/devices/PNP0A03:00/device:21/physical_node/nvme/nvme2/nvme2n1/device/subsystem/nvme1/device/nvme/nvme1/nvme1n1/holders/md0/md/rd0/block/mq/3 HTTP/1.1" 200 3359 "-" "Amazon CloudFront"
64.252.66.61 - - [04/Sep/2026:08:10:20 +0000] "GET /products/detail/208628339?path=//sys/bus/node/devices/node0/cpu1/driver/cpu7/driver/cpu2/node0/cpu4/firmware_node/subsystem/devices/PNP0A03:00/device:20/physical_node/firmware_node/physical_node/nvme/nvme1/subsystem/nvme2/device/nvme/nvme2/nvme2n1/holders/md0/md/rd0/block/device/nvme1n1/mq HTTP/1.1" 200 3441 "-" "Amazon CloudFront"
64.252.68.74 - - [04/Sep/2026:08:10:21 +0000] "GET /products/detail/164950985 HTTP/1.1" 200 4265 "-" "Amazon CloudFront"
64.252.67.164 - - [04/Sep/2026:08:10:24 +0000] "GET /?path=//sys/class/thermal/cooling_device3/device/physical_node/node0/memory28/node0/cpu5/firmware_node/subsystem/devices/PNP0A03:00/physical_node/pci_bus/0000:00/device/0000:00:1e.0/driver/0000:00:04.0/driver/0000:00:1e.0/firmware_node/subsystem/devices/LNXSYSTM:00/LNXSLPBN:00/input/input4/capabilities HTTP/1.1" 200 3565 "-" "Amazon CloudFront"
64.252.67.164 - - [04/Sep/2026:08:10:24 +0000] "GET /products/detail/311685864 HTTP/1.1" 200 4177 "-" "Amazon CloudFront"
64.252.67.164 - - [04/Sep/2026:08:10:28 +0000] "GET /products/detail/208628339?path=//sys/bus/node/devices/node0/cpu1/driver/cpu7/driver/cpu2/node0/cpu4/firmware_node/subsystem/devices/PNP0A03:00/device:21/physical_node/nvme/nvme2/nvme2n1/device/device/nvme/nvme2/nvme2n1/subsystem/md0/md/rd0/block/holders/md0/md/rd1/block/power HTTP/1.1" 200 3429 "-" "Amazon CloudFront"
64.252.68.74 - - [04/Sep/2026:08:10:32 +0000] "GET /?path=//sys/class/thermal/cooling_device3/device/physical_node/node0/memory28/node0/cpu5/firmware_node/subsystem/devices/PNP0A03:00/physical_node/pci_bus/0000:00/device/0000:00:1e.0/driver/0000:00:1f.0/nvme/nvme2/nvme2n1/subsystem/nvme1n1/holders/md0/md/rd1/block/mq/4 HTTP/1.1" 200 3407 "-" "Amazon CloudFront"
64.252.68.74 - - [04/Sep/2026:08:10:36 +0000] "GET /?fileloc=//s3/f75bf04088964924b004465536090d8a/wordpress/wp-content/uploads/2024/07/%E5%9F%BC%E7%8E%89%E3%83%A1%E3%83%86%E3%82%99%E3%82%A3%E3%82%AB%E3%83%AB%E3%82%BB%E3%83%B3%E3%82%BF%E3%83%BC_%E5%85%90%E7%8E%89%E9%9A%86%E5%A4%AB.jpg&path=//s3/f75bf04088964924b004465536090d8a/wordpress/wp-content/uploads/2024/07 HTTP/1.1" 200 2699 "-" "Amazon CloudFront"
64.252.68.74 - - [04/Sep/2026:08:10:36 +0000] "GET /?fileloc=//s3/f75bf04088964924b004465536090d8a/wordpress/wp-content/uploads/2023/08/%E5%A4%A7%E5%88%86%E5%A4%A7%E5%AD%A6_%E3%82%B5%E3%83%95%E3%82%99%E7%94%BB%E5%83%8F01_AI-%E7%94%BB%E5%83%8F.jpg&path=//s3/f75bf04088964924b004465536090d8a/wordpress/wp-content/uploads/2023/08 HTTP/1.1" 200 2681 "-" "Amazon CloudFront"
64.252.66.102 - - [04/Sep/2026:08:10:36 +0000] "GET /?path=//sys/class/thermal/cooling_device3/device/physical_node/node0/memory28/node0/cpu5/firmware_node/subsystem/devices/PNP0A03:00/physical_node/pci_bus/0000:00/device/0000:00:1e.0/driver/0000:00:1f.0/subsystem/drivers/nvme/module/drivers/pci:nvme/0000:00:1f.0/driver/0000:00:04.0/msi_irqs HTTP/1.1" 200 3268 "-" "Amazon CloudFront"
64.252.66.102 - - [04/Sep/2026:08:10:40 +0000] "GET /?path=//sys/bus/memory/devices/memory1/node0/memory30/node0/cpu6/firmware_node/subsystem/devices/device:21/physical_node/driver/module/drivers/pci:nvme/0000:00:1e.0/nvme/nvme1/subsystem/nvme1/nvme1n1/device/device/driver/0000:00:1f.0/firmware_node/physical_node/nvme/nvme2/nvme2n1/holders/md0/md/dev-nvme2n1/block/holders/md0/slaves/nvme1n1/mq/3 HTTP/1.1" 200 3509 "-" "Amazon CloudFront"
64.252.66.61 - - [04/Sep/2026:08:10:44 +0000] "GET /?path=//sys/class/thermal/cooling_device3/device/physical_node/node0/cpu0/node0/cpu4/firmware_node/subsystem/devices/device:02/PNP0303:00/subsystem/devices/LNXSYBUS:00/PNP0A03:00/device:20/physical_node/driver/0000:00:04.0/nvme/nvme0/device/driver/module/drivers/pci:nvme/0000:00:1e.0/nvme/nvme1/nvme1n1/holders/md0/slaves/nvme1n1/holders/md0/md/dev-nvme1n1/block/mq/4/cpu4 HTTP/1.1" 200 3090 "-" "Amazon CloudFront"
64.252.67.164 - - [04/Sep/2026:08:10:48 +0000] "GET /products/detail/208628339?path=//sys/bus/node/devices/node0/cpu1/driver/cpu7/driver/cpu2/node0/cpu4/firmware_node/subsystem/devices/PNP0A03:00/physical_node/0000:00:04.0/nvme/nvme0/device/nvme/nvme0/nvme0n1/nvme0n1p128/subsystem/nvme2n1/holders/md0/slaves/nvme2n1/holders/md0/md/dev-nvme1n1/block/integrity HTTP/1.1" 200 3523 "-" "Amazon CloudFront"
64.252.66.61 - - [04/Sep/2026:08:10:51 +0000] "GET /?fileloc=//sys/bus/machinecheck/devices/machinecheck6/bank20&path=//sys/bus/machinecheck/devices/machinecheck6 HTTP/1.1" 200 2585 "-" "Amazon CloudFront"
64.252.66.102 - - [04/Sep/2026:08:10:52 +0000] "GET /products/detail/208628339?path=//sys/bus/node/devices/node0/cpu1/driver/cpu7/driver/cpu2/node0/cpu4/firmware_node/thermal_cooling/device/thermal_cooling/device/subsystem/devices/PNP0A03:00/physical_node/0000:00:1f.0/firmware_node/physical_node/nvme/nvme2/nvme2n1/subsystem/nvme1n1/holders/md0/md/dev-nvme2n1/block/holders/md0/md/dev-nvme2n1 HTTP/1.1" 200 3791 "-" "Amazon CloudFront"
64.252.66.102 - - [04/Sep/2026:08:10:56 +0000] "GET /?path=//sys/class/thermal/cooling_device3/device/physical_node/node0/memory28/node0/cpu5/firmware_node/subsystem/devices/LNXSYSTM:00/LNXSYBUS:00/PNP0A03:00/physical_node/0000:00:04.0/driver/0000:00:1e.0/nvme/nvme1/device/driver/module/drivers/pci:nvme/0000:00:1f.0/nvme/nvme2/nvme2n1/holders/md0/slaves/nvme1n1/subsystem/nvme2n1/holders/md0/md/dev-nvme2n1/block/mq/4/cpu4 HTTP/1.1" 200 3091 "-" "Amazon CloudFront"
64.252.66.61 - - [04/Sep/2026:08:11:00 +0000] "GET /?path=//sys/class/thermal/cooling_device3/device/physical_node/node0/memory28/node0/cpu5/firmware_node/subsystem/devices/PNP0A03:00/physical_node/pci_bus/0000:00/device/0000:00:1f.0/driver/0000:00:04.0/subsystem/devices/0000:00:1e.0/driver/module/drivers/pci:nvme/0000:00:1f.0/nvme/nvme2 HTTP/1.1" 200 3895 "-" "Amazon CloudFront"
64.252.68.74 - - [04/Sep/2026:08:11:04 +0000] "GET /products/detail/208628339?path=//sys/bus/node/devices/node0/cpu1/driver/cpu7/driver/cpu2/node0/cpu1/firmware_node/thermal_cooling/device/physical_node/firmware_node/subsystem/devices/PNP0A03:00/physical_node/0000:00:1e.0/nvme/nvme1/nvme1n1/holders/md0/md/rd1/block/holders/md0/md/dev-nvme1n1/block/mq/0 HTTP/1.1" 200 3411 "-" "Amazon CloudFront"
64.252.67.164 - - [04/Sep/2026:08:11:08 +0000] "GET /?path=//sys/bus/memory/devices/memory1/node0/memory30/node0/cpu6/firmware_node/subsystem/devices/device:21/physical_node/driver/module/drivers/pci:nvme/0000:00:1f.0/driver/0000:00:1e.0/nvme/nvme1/nvme1n1/holders/md0/md/dev-nvme1n1/block/holders/md0/md/rd0/block/device/subsystem/nvme2/device/firmware_node/physical_node/nvme/nvme2/nvme2n1/bdi HTTP/1.1" 200 3672 "-" "Amazon CloudFront"
64.252.66.102 - - [04/Sep/2026:08:11:08 +0000] "GET /?fileloc=//sys/bus/machinecheck/devices/machinecheck6/check_interval&path=//sys/bus/machinecheck/devices/machinecheck6 HTTP/1.1" 200 2587 "-" "Amazon CloudFront"
64.252.66.102 - - [04/Sep/2026:08:11:12 +0000] "GET /products/detail/208628339?path=//sys/bus/node/devices/node0/cpu1/driver/cpu7/driver/cpu2/node0/cpu4/firmware_node/thermal_cooling/device/thermal_cooling/device/subsystem/devices/PNP0A03:00/physical_node/0000:00:1f.0/firmware_node/physical_node/nvme/nvme2/nvme2n1/subsystem/nvme1n1/holders/md0/md/dev-nvme2n1/block/holders/md0/md/bitmap HTTP/1.1" 200 3597 "-" "Amazon CloudFront"
64.252.66.102 - - [04/Sep/2026:08:11:16 +0000] "GET /?path=//sys/class/thermal/cooling_device3/device/physical_node/node0/memory28/node0/cpu5/firmware_node/subsystem/devices/PNP0A03:00/physical_node/pci_bus/0000:00/device/0000:00:1f.0/driver/0000:00:1e.0/subsystem/drivers/nvme/0000:00:1f.0/driver/0000:00:04.0/nvme/nvme0 HTTP/1.1" 200 3875 "-" "Amazon CloudFront"
64.252.66.102 - - [04/Sep/2026:08:11:20 +0000] "GET /?path=//sys/bus/memory/devices/memory1/node0/memory7/node0/cpu1/subsystem/drivers/processor/cpu5/firmware_node/subsystem/devices/PNP0A03:00/physical_node/firmware_node/physical_node/0000:00:1e.0/driver/0000:00:04.0/driver/module/drivers/pci:nvme/0000:00:1f.0/nvme/nvme2/device/nvme/nvme2/nvme2n1/holders/md0/md/dev-nvme1n1/block/holders/md0/slaves/nvme2n1/mq/7/cpu7 HTTP/1.1" 200 3069 "-" "Amazon CloudFront"
64.252.66.61 - - [04/Sep/2026:08:11:24 +0000] "GET /?path=//sys/class/thermal/cooling_device3/device/physical_node/node0/memory28/node0/cpu5/firmware_node/subsystem/devices/PNP0A03:00/physical_node/pci_bus/0000:00/device/0000:00:1f.0/driver/module/drivers/pci:nvme/0000:00:1f.0/firmware_node/subsystem/devices/LNXSYBUS:00/PNP0A03:00/device:03/power HTTP/1.1" 200 3447 "-" "Amazon CloudFront"
64.252.67.164 - - [04/Sep/2026:08:11:28 +0000] "GET /?path=//sys/bus/memory/devices/memory1/node0/memory30/node0/cpu6/firmware_node/subsystem/devices/device:21/physical_node/driver/module/drivers/pci:nvme/0000:00:1e.0/driver/0000:00:04.0/firmware_node/physical_node/subsystem/drivers/nvme/0000:00:1f.0/nvme/nvme2/nvme2n1/holders/md0/md/rd0/block/holders/md0/md/dev-nvme1n1/block/bdi/power HTTP/1.1" 200 3557 "-" "Amazon CloudFront"
64.252.66.102 - - [04/Sep/2026:08:11:32 +0000] "GET /?fileloc=//sys/bus/machinecheck/devices/machinecheck6/bank6&path=//sys/bus/machinecheck/devices/machinecheck6 HTTP/1.1" 200 2585 "-" "Amazon CloudFront"
64.252.66.102 - - [04/Sep/2026:08:11:32 +0000] "GET /products/detail/208628339?path=//sys/bus/node/devices/node0/cpu1/driver/cpu7/driver/cpu2/node0/cpu1/firmware_node/thermal_cooling/device/physical_node/firmware_node/subsystem/devices/PNP0A03:00/physical_node/0000:00:1e.0/nvme/nvme1/nvme1n1/holders/md0/md/rd0/block/device/subsystem/nvme1/nvme1n1/mq/5/cpu5 HTTP/1.1" 200 2967 "-" "Amazon CloudFront"
64.252.66.102 - - [04/Sep/2026:08:11:32 +0000] "GET /?path=//sys/module/x_tables HTTP/1.1" 200 3215 "-" "Amazon CloudFront"
64.252.66.102 - - [04/Sep/2026:08:11:36 +0000] "GET /?path=//sys/class/thermal/cooling_device3/device/physical_node/node0/memory28/node0/cpu5/firmware_node/subsystem/devices/PNP0A03:00/physical_node/pci_bus/0000:00/device/0000:00:1e.0/driver/0000:00:04.0/driver/0000:00:1e.0/subsystem/devices/0000:00:1f.0/nvme/nvme2/nvme2n1/mq HTTP/1.1" 200 3420 "-" "Amazon CloudFront"
64.252.67.164 - - [04/Sep/2026:08:11:40 +0000] "GET /?path=//sys/bus/memory/devices/memory1/node0/memory28/node0/cpu2/driver/cpu4/firmware_node/subsystem/devices/PNP0A03:00/physical_node/0000:00:04.0/driver/0000:00:1f.0/subsystem/drivers/nvme/0000:00:1f.0/nvme/nvme2/nvme2n1/holders/md0/md/dev-nvme2n1/block/holders/md0/md/dev-nvme2n1/block/device/nvme2n1/mq/7 HTTP/1.1" 200 3435 "-" "Amazon CloudFront"
64.252.67.164 - - [04/Sep/2026:08:11:44 +0000] "GET /products/detail/208628339?path=//sys/bus/node/devices/node0/cpu1/driver/cpu7/driver/cpu2/node0/cpu4/firmware_node/subsystem/devices/PNP0A03:00/device:21/physical_node/subsystem/drivers/nvme/0000:00:1f.0/nvme/nvme2/nvme2n1/holders/md0/slaves/nvme2n1/holders/md0/md/dev-nvme1n1/block/mq/5 HTTP/1.1" 200 3396 "-" "Amazon CloudFront"
64.252.68.74 - - [04/Sep/2026:08:11:48 +0000] "GET /products/detail/208628339?path=//sys/bus/node/devices/node0/cpu1/driver/cpu7/driver/cpu2/node0/cpu4/firmware_node/thermal_cooling/device/physical_node/firmware_node/thermal_cooling/device/subsystem/devices/LNXSYSTM:00/LNXSYBUS:00/PNP0A03:00/device:02/physical_node/subsystem/drivers/ena/0000:00:05.0/net/eth0/queues/tx-0 HTTP/1.1" 200 3483 "-" "Amazon CloudFront"
64.252.68.74 - - [04/Sep/2026:08:11:52 +0000] "GET /?path=//sys/class/thermal/cooling_device3/device/physical_node/node0/cpu1/driver/cpu0/node0/cpu2/firmware_node/subsystem/devices/LNXSYSTM:00/LNXSYBUS:00/PNP0C0F:02/subsystem/devices/LNXSYSTM:00/LNXSYBUS:00/PNP0A03:00/physical_node/0000:00:04.0/driver/module/drivers/pci:nvme/module/drivers/pci:nvme/0000:00:1e.0/nvme/nvme1/nvme1n1/device/nvme1n1/holders/md0/md/dev-nvme1n1/block/bdi/power HTTP/1.1" 200 3608 "-" "Amazon CloudFront"
64.252.67.164 - - [04/Sep/2026:08:11:56 +0000] "GET /products/detail/208628339?path=//sys/bus/node/devices/node0/cpu1/driver/cpu7/driver/cpu2/node0/cpu4/firmware_node/subsystem/devices/PNP0A03:00/physical_node/0000:00:1f.0/subsystem/drivers/nvme/0000:00:1e.0/firmware_node/physical_node/nvme/nvme1/nvme1n1/holders/md0/md/rd1/block/device/nvme2n1/mq/4 HTTP/1.1" 200 3397 "-" "Amazon CloudFront"
64.252.68.74 - - [04/Sep/2026:08:12:00 +0000] "GET /?path=//sys/class/thermal/cooling_device3/device/physical_node/node0/memory28/node0/cpu5/firmware_node/subsystem/devices/PNP0A03:00/physical_node/pci_bus/0000:00/device/0000:00:1f.0/driver/module/drivers/pci:nvme/0000:00:04.0/driver/0000:00:1e.0/subsystem/slots/6/module HTTP/1.1" 200 3300 "-" "Amazon CloudFront"
64.252.66.61 - - [04/Sep/2026:08:12:03 +0000] "GET /products/detail/182737359 HTTP/1.1" 200 4265 "-" "Amazon CloudFront"
64.252.68.74 - - [04/Sep/2026:08:12:04 +0000] "GET /?path=//sys/class/thermal/cooling_device3/device/physical_node/node0/memory29/node0/cpu4/driver/cpu2/driver/cpu1/firmware_node/subsystem/devices/device:10/subsystem/devices/LNXSYSTM:00/LNXSYBUS:00/PNP0A03:00/physical_node/pci_bus/0000:00/device/0000:00:1e.0/nvme/nvme1/nvme1n1/holders/md0/md/dev-nvme1n1/block/holders/md0/md/dev-nvme2n1/block/mq/2 HTTP/1.1" 200 3530 "-" "Amazon CloudFront"
64.252.67.164 - - [04/Sep/2026:08:12:06 +0000] "GET /?fileloc=//s3/f75bf04088964924b004465536090d8a/wordpress/wp-content/uploads/2020/11/01%E9%9D%A2_%E3%82%B0%E3%83%A9%E3%83%95-150x150.jpg&path=//s3/f75bf04088964924b004465536090d8a/wordpress/wp-content/uploads/2020/11 HTTP/1.1" 200 2660 "-" "Amazon CloudFront"
64.252.66.102 - - [04/Sep/2026:08:12:06 +0000] "GET /?fileloc=//sys/bus/machinecheck/devices/machinecheck6/bank25&path=//sys/bus/machinecheck/devices/machinecheck6 HTTP/1.1" 200 2585 "-" "Amazon CloudFront"
64.252.66.102 - - [04/Sep/2026:08:12:08 +0000] "GET /?path=//sys/class/thermal/cooling_device3/device/physical_node/node0/cpu1/driver/cpu0/node0/cpu2/firmware_node/subsystem/devices/LNXSYSTM:00/LNXSYBUS:00/PNP0C0F:02/subsystem/devices/LNXSYSTM:00/LNXSYBUS:00/PNP0A03:00/device:06/physical_node/driver/0000:00:1e.0/nvme/nvme1/nvme1n1/device/nvme1n1/holders/md0/md/dev-nvme1n1/block/holders/md0/slaves/nvme2n1/bdi/power HTTP/1.1" 200 3580 "-" "Amazon CloudFront"
64.252.66.102 - - [04/Sep/2026:08:12:10 +0000] "GET /?fileloc=//sys/class/net/lo/subsystem/lo/ifindex&path=//sys/class/net/lo/subsystem/lo HTTP/1.1" 200 2584 "-" "Amazon CloudFront"
64.252.68.74 - - [04/Sep/2026:08:12:12 +0000] "GET /?path=//sys/class/thermal/cooling_device3/device/physical_node/node0/memory28/node0/cpu5/firmware_node/subsystem/devices/PNP0A03:00/physical_node/pci_bus/0000:00/device/0000:00:1e.0/driver/0000:00:1f.0/nvme/nvme2/nvme2n1/subsystem/nvme1n1/holders/md0/slaves/nvme1n1/mq/1/cpu1 HTTP/1.1" 200 2950 "-" "Amazon CloudFront"
64.252.66.102 - - [04/Sep/2026:08:12:16 +0000] "GET /products/detail/208628339?path=//sys/bus/node/devices/node0/cpu1/driver/cpu7/driver/cpu2/node0/cpu4/firmware_node/subsystem/devices/PNP0A03:00/device:21/physical_node/nvme/nvme2/device/nvme/nvme2/nvme2n1/subsystem/nvme1n1/holders/md0/md/dev-nvme1n1/block/device/nvme1n1/mq/1/cpu1 HTTP/1.1" 200 2925 "-" "Amazon CloudFront"
64.252.66.102 - - [04/Sep/2026:08:12:20 +0000] "GET /?path=//sys/class/thermal/cooling_device3/device/physical_node/node0/memory28/node0/cpu5/firmware_node/subsystem/devices/LNXSYSTM:00/LNXSYBUS:00/PNP0A03:00/device:12/subsystem/devices/LNXSYBUS:00/PNP0A03:00/device:21/physical_node/nvme/nvme2/device/driver/0000:00:1e.0/driver/0000:00:1f.0/nvme/nvme2/nvme2n1/holders/md0/md/dev-nvme2n1/block/power HTTP/1.1" 200 3568 "-" "Amazon CloudFront"
64.252.66.102 - - [04/Sep/2026:08:12:24 +0000] "GET /products/detail/208628339?path=//sys/bus/node/devices/node0/cpu1/driver/cpu7/driver/cpu2/node0/cpu4/firmware_node/thermal_cooling/device/physical_node/firmware_node/subsystem/devices/device:20/physical_node/subsystem/drivers/nvme/0000:00:1f.0/nvme/nvme2/nvme2n1/holders/md0/slaves/nvme2n1/holders/md0/md/dev-nvme2n1/block/integrity HTTP/1.1" 200 3546 "-" "Amazon CloudFront"
64.252.66.102 - - [04/Sep/2026:08:12:25 +0000] "GET /?fileloc=//sys/class/rtc/rtc0/device/power/runtime_status&path=//sys/class/rtc/rtc0/device/power HTTP/1.1" 200 2600 "-" "Amazon CloudFront"
64.252.66.102 - - [04/Sep/2026:08:12:25 +0000] "GET /?fileloc=//sys/class/pci_bus/0000:00/device/0000:00:00.0/config&path=//sys/class/pci_bus/0000:00/device/0000:00:00.0 HTTP/1.1" 200 2595 "-" "Amazon CloudFront"
64.252.67.164 - - [04/Sep/2026:08:12:28 +0000] "GET /?path=//sys/class/thermal/cooling_device3/device/physical_node/node0/memory28/node0/cpu5/firmware_node/subsystem/devices/PNP0A03:00/physical_node/pci_bus/0000:00/device/firmware_node/device:16/subsystem/drivers/button/LNXSLPBN:00/driver/LNXPWRBN:00/driver/LNXPWRBN:00/input/input3 HTTP/1.1" 200 3724 "-" "Amazon CloudFront"
64.252.66.61 - - [04/Sep/2026:08:12:32 +0000] "GET /products/detail/208628339?path=//sys/bus/node/devices/node0/cpu1/driver/cpu7/driver/cpu2/node0/cpu4/firmware_node/thermal_cooling/device/physical_node/firmware_node/subsystem/devices/device:20/physical_node/subsystem/drivers/nvme/0000:00:1f.0/nvme/nvme2/nvme2n1/device/nvme2n1/holders/md0/md/rd1/block/holders/md0 HTTP/1.1" 200 4156 "-" "Amazon CloudFront"
64.252.68.74 - - [04/Sep/2026:08:12:33 +0000] "GET /?fileloc=//sys/class/rtc/rtc0/device/power/wakeup_count&path=//sys/class/rtc/rtc0/device/power HTTP/1.1" 200 2593 "-" "Amazon CloudFront"
64.252.66.102 - - [04/Sep/2026:08:12:36 +0000] "GET /products/detail/208628339?path=//sys/bus/node/devices/node0/cpu1/driver/cpu7/driver/cpu2/node0/cpu4/firmware_node/thermal_cooling/device/physical_node/firmware_node/subsystem/devices/device:20/physical_node/subsystem/drivers/nvme/0000:00:1f.0/nvme/nvme2/nvme2n1/holders/md0/slaves/nvme2n1/holders/md0/md/dev-nvme2n1/block/power HTTP/1.1" 200 3483 "-" "Amazon CloudFront"
64.252.68.74 - - [04/Sep/2026:08:12:40 +0000] "GET /products/detail/208628339?path=//sys/bus/node/devices/node0/cpu1/driver/cpu7/driver/cpu2/node0/cpu4/firmware_node/subsystem/devices/PNP0A03:00/physical_node/0000:00:04.0/nvme/nvme0/nvme0n1/subsystem/nvme1n1/holders/md0/md/rd0/block/device/device/firmware_node/physical_node/nvme/nvme1/nvme1n1/holders/md0/trace HTTP/1.1" 200 3433 "-" "Amazon CloudFront"
64.252.67.164 - - [04/Sep/2026:08:12:42 +0000] "GET /?fileloc=//s3/f75bf04088964924b004465536090d8a/wordpress/wp-content/uploads/2023/08/%E5%A4%A7%E5%88%86%E5%A4%A7%E5%AD%A6_%E7%8C%AA%E8%82%A1%E5%8C%BB%E5%AD%A6%E9%83%A8%E9%95%B7-1024x1024.jpg&path=//s3/f75bf04088964924b004465536090d8a/wordpress/wp-content/uploads/2023/08 HTTP/1.1" 200 2682 "-" "Amazon CloudFront"
64.252.66.102 - - [04/Sep/2026:08:12:44 +0000] "GET /products/detail/208628339?path=//sys/bus/node/devices/node0/cpu1/driver/cpu7/driver/cpu2/node0/cpu4/firmware_node/subsystem/devices/PNP0A03:00/physical_node/0000:00:04.0/firmware_node/physical_node/nvme/nvme0/nvme0n1/nvme0n1p128/subsystem/nvme1n1/device/nvme1n1/holders/md0/md/dev-nvme1n1/block/mq/7/cpu7 HTTP/1.1" 200 2945 "-" "Amazon CloudFront"
64.252.68.74 - - [04/Sep/2026:08:12:48 +0000] "GET /?path=//sys/class/thermal/cooling_device3/device/physical_node/node0/memory28/node0/cpu5/firmware_node/subsystem/devices/PNP0A03:00/physical_node/pci_bus/0000:00/device/0000:00:1e.0/driver/module/drivers/pci:nvme/0000:00:1e.0/firmware_node/subsystem/devices/LNXSYSTM:00/LNXSYBUS:00/PNP0A03:00/device:09 HTTP/1.1" 200 3540 "-" "Amazon CloudFront"
64.252.66.102 - - [04/Sep/2026:08:12:53 +0000] "GET /?path=//sys/class/thermal/cooling_device3/device/physical_node/node0/memory28/node0/cpu5/firmware_node/subsystem/devices/PNP0A03:00/physical_node/pci_bus/0000:00/device/0000:00:1f.0/driver/0000:00:1f.0/subsystem/devices/0000:00:05.0/driver/0000:00:05.0/net/eth0/queues/tx-0/byte_queue_limits HTTP/1.1" 200 3416 "-" "Amazon CloudFront"
64.252.66.102 - - [04/Sep/2026:08:12:56 +0000] "GET /?path=//sys/class/thermal/cooling_device3/device/physical_node/node0/cpu1/driver/cpu0/node0/cpu2/firmware_node/subsystem/devices/LNXSYSTM:00/LNXSYBUS:00/PNP0C0F:02/subsystem/devices/LNXSYSTM:00/LNXSYBUS:00/PNP0A03:00/physical_node/0000:00:04.0/driver/module/drivers/pci:nvme/module/drivers/pci:nvme/0000:00:1e.0/nvme/nvme1/nvme1n1/holders/md0/slaves/nvme2n1/holders/md0/slaves/nvme2n1/mq/2 HTTP/1.1" 200 3567 "-" "Amazon CloudFront"
64.252.68.74 - - [04/Sep/2026:08:13:01 +0000] "GET /products/detail/208628339?path=//sys/bus/node/devices/node0/cpu1/driver/cpu7/driver/cpu2/node0/cpu4/firmware_node/subsystem/devices/PNP0A03:00/physical_node/0000:00:04.0/nvme/nvme0/nvme0n1/subsystem/nvme1n1/holders/md0/md/rd0/block/device/device/nvme/nvme1/nvme1n1/holders/md0/slaves/nvme2n1/bdi HTTP/1.1" 200 3585 "-" "Amazon CloudFront"
64.252.67.164 - - [04/Sep/2026:08:13:04 +0000] "GET /?path=//sys/bus/memory/devices/memory1/node0/memory7/node0/cpu1/subsystem/drivers/processor/cpu5/firmware_node/subsystem/devices/PNP0A03:00/physical_node/firmware_node/device:20/physical_node/driver/0000:00:1e.0/driver/0000:00:1e.0/nvme/nvme1/device/nvme/nvme1/nvme1n1/holders/md0/md/rd0/block/device/nvme1n1/holders/md0/md/dev-nvme1n1/block/mq/7 HTTP/1.1" 200 3503 "-" "Amazon CloudFront"
64.252.67.164 - - [04/Sep/2026:08:13:08 +0000] "GET /?path=//sys/class/thermal/cooling_device3/device/physical_node/node0/cpu1/driver/cpu0/node0/cpu2/firmware_node/subsystem/devices/LNXSYSTM:00/LNXSYBUS:00/PNP0C0F:02/subsystem/devices/LNXSYSTM:00/LNXSYBUS:00/PNP0A03:00/physical_node/0000:00:04.0/driver/module/drivers/pci:nvme/module/drivers/pci:nvme/0000:00:1e.0/nvme/nvme1/nvme1n1/holders/md0/slaves/nvme2n1/holders/md0/slaves/nvme2n1/mq/3 HTTP/1.1" 200 3569 "-" "Amazon CloudFront"
64.252.67.164 - - [04/Sep/2026:08:13:12 +0000] "GET /products/detail/208628339?path=//sys/bus/node/devices/node0/cpu1/driver/cpu7/driver/cpu2/node0/cpu1/firmware_node/thermal_cooling/device/physical_node/firmware_node/subsystem/devices/LNXSYBUS:00/PNP0A03:00/device:20/physical_node/nvme/nvme1/device/nvme/nvme1/nvme1n1/subsystem/nvme2n1/holders/md0/md/rd1/block/mq/5 HTTP/1.1" 200 3433 "-" "Amazon CloudFront"
64.252.66.61 - - [04/Sep/2026:08:13:15 +0000] "GET /?fileloc=//sys/class/pci_bus/0000:00/device/0000:00:00.0/d3cold_allowed&path=//sys/class/pci_bus/0000:00/device/0000:00:00.0 HTTP/1.1" 200 2603 "-" "Amazon CloudFront"
64.252.67.164 - - [04/Sep/2026:08:13:16 +0000] "GET /?path=//sys/bus/acpi/devices/LNXCPU:06/physical_node/node0/memory21/node0/cpu0/subsystem/drivers/processor/cpu6/firmware_node/subsystem/devices/device:06/physical_node/driver/0000:00:04.0/driver/0000:00:1f.0/nvme/nvme2/nvme2n1/device/nvme2n1/holders/md0/md/dev-nvme1n1/block/device/nvme1n1/holders/md0/md/dev-nvme2n1/block/mq/6/cpu6 HTTP/1.1" 200 3024 "-" "Amazon CloudFront"
64.252.66.61 - - [04/Sep/2026:08:13:20 +0000] "GET /?path=//sys/class/thermal/cooling_device3/device/physical_node/node0/cpu1/driver/cpu0/node0/cpu2/firmware_node/subsystem/devices/LNXSYSTM:00/LNXSYBUS:00/PNP0C0F:02/subsystem/devices/LNXSYSTM:00/LNXSYBUS:00/PNP0A03:00/physical_node/0000:00:04.0/driver/module/drivers/pci:nvme/module/drivers/pci:nvme/0000:00:1e.0/nvme/nvme1/nvme1n1/holders/md0/slaves/nvme2n1/holders/md0/slaves/nvme2n1/mq/4 HTTP/1.1" 200 3570 "-" "Amazon CloudFront"
64.252.66.102 - - [04/Sep/2026:08:13:24 +0000] "GET /products/detail/208628339?path=//sys/bus/node/devices/node0/cpu1/driver/cpu7/driver/cpu2/node0/cpu1/firmware_node/thermal_cooling/device/physical_node/firmware_node/subsystem/devices/LNXSYSTM:00/LNXSYBUS:00/PNP0A03:00/device:06/physical_node/nvme/nvme0/nvme0n1/subsystem/md0/slaves/nvme1n1/device/nvme1n1/holders/md0/md/bitmap HTTP/1.1" 200 3608 "-" "Amazon CloudFront"
64.252.66.61 - - [04/Sep/2026:08:13:28 +0000] "GET /?path=//sys/class/thermal/cooling_device3/device/physical_node/node0/cpu1/driver/cpu0/node0/cpu2/firmware_node/subsystem/devices/LNXSYSTM:00/LNXSYBUS:00/PNP0C0F:04/subsystem/devices/PNP0A03:00/physical_node/0000:00:1f.0/nvme/nvme2/device/driver/module/drivers/pci:nvme/module/drivers/pci:nvme/0000:00:1e.0/nvme/nvme1/nvme1n1/holders/md0/slaves/nvme2n1/holders/md0/md/rd0/block/mq/3/cpu3 HTTP/1.1" 200 3124 "-" "Amazon CloudFront"
64.252.66.61 - - [04/Sep/2026:08:13:32 +0000] "GET /?path=//sys/class/thermal/cooling_device3/device/physical_node/node0/cpu1/driver/cpu0/node0/cpu2/firmware_node/subsystem/devices/LNXSYSTM:00/LNXSYBUS:00/PNP0C0F:04/subsystem/devices/PNP0A03:00/physical_node/0000:00:1f.0/nvme/nvme2/device/driver/module/drivers/pci:nvme/module/drivers/pci:nvme/0000:00:1e.0/nvme/nvme1/nvme1n1/holders/md0/slaves/nvme2n1/holders/md0/md/rd0/block/mq/7/cpu7 HTTP/1.1" 200 3121 "-" "Amazon CloudFront"
64.252.67.164 - - [04/Sep/2026:08:13:34 +0000] "GET /products/detail/62606258 HTTP/1.1" 200 4265 "-" "Amazon CloudFront"
64.252.67.164 - - [04/Sep/2026:08:13:36 +0000] "GET /?path=//sys/bus/memory/devices/memory14/node0/memory16/node0/cpu1/driver/cpu4/firmware_node/physical_node/subsystem/drivers/processor/cpu2/firmware_node/subsystem/devices/PNP0A03:00/physical_node/pci_bus/0000:00/device/0000:00:04.0/driver/module/drivers/pci:nvme/0000:00:1f.0/nvme/nvme2/nvme2n1/holders/md0/slaves/nvme2n1/holders/md0/md/dev-nvme1n1/block/mq/2/cpu2 HTTP/1.1" 200 3071 "-" "Amazon CloudFront"
64.252.66.102 - - [04/Sep/2026:08:13:39 +0000] "GET /?fileloc=//s3/f75bf04088964924b004465536090d8a/wordpress/wp-content/uploads/2023/08/%E6%84%9B%E5%AA%9B%E5%A4%A7%E5%AD%A6_%E5%A4%96%E8%A6%B3.jpg&path=//s3/f75bf04088964924b004465536090d8a/wordpress/wp-content/uploads/2023/08 HTTP/1.1" 200 2662 "-" "Amazon CloudFront"
64.252.67.164 - - [04/Sep/2026:08:13:40 +0000] "GET /products/detail/208628339?path=//sys/bus/node/devices/node0/cpu1/driver/cpu7/driver/cpu2/node0/cpu4/firmware_node/subsystem/devices/PNP0A03:00/physical_node/0000:00:04.0/nvme/nvme0/device/nvme/nvme0/subsystem/nvme1/nvme1n1/holders/md0/md/rd0/block/trace HTTP/1.1" 200 3350 "-" "Amazon CloudFront"
64.252.68.74 - - [04/Sep/2026:08:13:45 +0000] "GET /?path=//sys/class/thermal/cooling_device3/device/physical_node/node0/memory28/node0/cpu5/firmware_node/subsystem/devices/PNP0A03:00/physical_node/pci_bus/0000:00/device/0000:00:1e.0/driver/module/drivers/pci:nvme/0000:00:04.0/driver/module/drivers/pci:nvme/0000:00:1e.0/subsystem/slots/16 HTTP/1.1" 200 3568 "-" "Amazon CloudFront"
64.252.66.61 - - [04/Sep/2026:08:13:48 +0000] "GET /?path=//sys/bus/memory/devices/memory1/node0/memory7/node0/cpu1/subsystem/drivers/processor/cpu5/firmware_node/subsystem/devices/PNP0A03:00/physical_node/firmware_node/device:20/physical_node/driver/0000:00:1f.0/nvme/nvme2/nvme2n1/device/device/nvme/nvme2/nvme2n1/holders/md0/md/rd1/block/holders/md0/md/rd1/block/mq/3/cpu3 HTTP/1.1" 200 3015 "-" "Amazon CloudFront"
64.252.66.61 - - [04/Sep/2026:08:13:53 +0000] "GET /?path=//sys/class/thermal/cooling_device3/device/physical_node/node0/memory28/node0/cpu5/firmware_node/subsystem/devices/PNP0A03:00/physical_node/pci_bus/0000:00/device/0000:00:1e.0/driver/0000:00:04.0/driver/0000:00:1e.0/subsystem/devices/0000:00:04.0/nvme/nvme0/nvme0n1/nvme0n1p1/holders HTTP/1.1" 200 2923 "-" "Amazon CloudFront"
64.252.66.102 - - [04/Sep/2026:08:13:57 +0000] "GET /?path=//sys/class/thermal/cooling_device3/device/physical_node/node0/memory28/node0/cpu5/firmware_node/subsystem/devices/PNP0A03:00/physical_node/pci_bus/0000:00/device/0000:00:1e.0/driver/module/drivers/pci:nvme/0000:00:04.0/driver/module/drivers/pci:nvme/0000:00:1e.0/subsystem/slots/2 HTTP/1.1" 200 3321 "-" "Amazon CloudFront"
64.252.68.74 - - [04/Sep/2026:08:13:58 +0000] "GET /?fileloc=//s3/f75bf04088964924b004465536090d8a/wordpress/wp-content/uploads/2023/07/%E6%89%80%E6%B2%A2%E6%98%8E%E7%94%9F%E7%97%85%E9%99%A2_%E3%83%8F%E3%82%9A%E3%83%BC%E3%82%B9%EF%BC%91-768x432.jpg&path=//s3/f75bf04088964924b004465536090d8a/wordpress/wp-content/uploads/2023/07 HTTP/1.1" 200 2695 "-" "Amazon CloudFront"
64.252.68.74 - - [04/Sep/2026:08:14:01 +0000] "GET /?path=//sys/class/thermal/cooling_device3/device/physical_node/node0/memory28/node0/cpu5/firmware_node/subsystem/devices/PNP0A03:00/physical_node/pci_bus/0000:00/device/0000:00:1e.0/driver/module/drivers/pci:nvme/0000:00:04.0/driver/module/drivers/pci:nvme/0000:00:1e.0/subsystem/slots/29 HTTP/1.1" 200 3569 "-" "Amazon CloudFront"
64.252.66.61 - - [04/Sep/2026:08:14:07 +0000] "GET /?path=//sys/class/thermal/cooling_device3/device/physical_node/node0/memory28/node0/cpu5/firmware_node/subsystem/devices/PNP0A03:00/physical_node/pci_bus/0000:00/device/0000:00:1e.0/driver/module/drivers/pci:nvme/0000:00:04.0/driver/module/drivers/pci:nvme/0000:00:1e.0/subsystem/slots/7 HTTP/1.1" 200 3565 "-" "Amazon CloudFront"
64.252.68.74 - - [04/Sep/2026:08:14:10 +0000] "GET /?path=//sys/class/thermal/cooling_device3/device/physical_node/node0/memory28/node0/cpu5/firmware_node/subsystem/devices/PNP0A03:00/physical_node/pci_bus/0000:00/device/0000:00:05.0/subsystem/devices/0000:00:04.0/driver/0000:00:1e.0/nvme/nvme1/nvme1n1/holders/md0 HTTP/1.1" 200 4088 "-" "Amazon CloudFront"
64.252.67.164 - - [04/Sep/2026:08:14:14 +0000] "GET /?path=//sys/class/thermal/cooling_device3/device/physical_node/node0/memory28/node0/cpu5/firmware_node/subsystem/devices/PNP0A03:00/physical_node/pci_bus/0000:00/device/0000:00:1e.0/driver/module/drivers/pci:nvme/0000:00:04.0/driver/module/drivers/pci:nvme/0000:00:1e.0/subsystem/slots/22 HTTP/1.1" 200 3568 "-" "Amazon CloudFront"
64.252.66.61 - - [04/Sep/2026:08:14:16 +0000] "GET /?path=//sys/class/thermal/cooling_device3/device/physical_node/node0/memory28/node0/cpu5/firmware_node/subsystem/devices/PNP0A03:00/physical_node/pci_bus/0000:00/device/0000:00:1e.0/driver/module/drivers/pci:nvme/0000:00:04.0/driver/module/drivers/pci:nvme/0000:00:1e.0/subsystem/slots/3 HTTP/1.1" 200 3565 "-" "Amazon CloudFront"
64.252.66.102 - - [04/Sep/2026:08:14:19 +0000] "GET /?fileloc=//s3/f75bf04088964924b004465536090d8a/wordpress/wp-content/uploads/2023/07/2023.7%E6%9C%88%E5%8F%B7_1P_%E3%82%AF%E3%82%99%E3%83%A9%E3%83%95.png&path=//s3/f75bf04088964924b004465536090d8a/wordpress/wp-content/uploads/2023/07 HTTP/1.1" 200 2668 "-" "Amazon CloudFront"
64.252.66.102 - - [04/Sep/2026:08:14:20 +0000] "GET /?path=//sys/class/thermal/cooling_device3/device/physical_node/node0/memory28/node0/cpu5/firmware_node/subsystem/devices/PNP0A03:00/physical_node/pci_bus/0000:00/device/0000:00:01.0/subsystem/drivers/nvme/0000:00:1f.0/driver/0000:00:1f.0/driver/0000:00:1e.0/nvme/nvme1/nvme1n1/bdi HTTP/1.1" 200 3539 "-" "Amazon CloudFront"
64.252.66.102 - - [04/Sep/2026:08:14:24 +0000] "GET /?path=//sys/bus/memory/devices/memory1/node0/memory30/node0/cpu6/firmware_node/subsystem/devices/device:21/physical_node/driver/module/drivers/pci:nvme/0000:00:1e.0/driver/0000:00:1f.0/nvme/nvme2/subsystem/nvme1/nvme1n1/holders/md0/md/rd0/block/device/device/nvme/nvme1/nvme1n1/holders/md0/md/rd0/block/mq/7/cpu7 HTTP/1.1" 200 3011 "-" "Amazon CloudFront"
64.252.66.102 - - [04/Sep/2026:08:14:28 +0000] "GET /products/detail/208628339?path=//sys/bus/node/devices/node0/cpu1/driver/cpu7/driver/cpu2/node0/cpu1/firmware_node/thermal_cooling/device/physical_node/firmware_node/subsystem/devices/LNXSYSTM:00/LNXSYBUS:00/PNP0A03:00/device:06/physical_node/nvme/nvme0/nvme0n1/device/nvme0n1/nvme0n1p1/subsystem/nvme2n1/holders/md0/slaves/nvme1n1/queue HTTP/1.1" 200 4808 "-" "Amazon CloudFront"
64.252.68.74 - - [04/Sep/2026:08:14:32 +0000] "GET /products/detail/272703723?path=//sys/devices/pci0000:00/firmware_node/physical_node/pci_bus/0000:00/device/firmware_node/physical_node/0000:00:00.0/subsystem/drivers/nvme/module/drivers/pci:nvme/0000:00:04.0/driver/0000:00:1e.0/nvme/nvme1/nvme1n1/device/nvme1n1/holders/md0/md/rd0/block/holders/md0/md/dev-nvme1n1/block/subsystem/nvme2n1/mq/7/cpu7 HTTP/1.1" 200 2989 "-" "Amazon CloudFront"
64.252.66.102 - - [04/Sep/2026:08:14:36 +0000] "GET /?path=//sys/bus/node/devices/node0/memory25/node0/cpu1/driver/cpu4/firmware_node/subsystem/devices/device:06/physical_node/driver/0000:00:1e.0/nvme/nvme1/device/firmware_node/physical_node/nvme/nvme1/subsystem/nvme2/nvme2n1/device/nvme2n1/holders/md0/md/dev-nvme1n1/block/holders/md0/md/dev-nvme2n1/block/mq/6/cpu6 HTTP/1.1" 200 2995 "-" "Amazon CloudFront"
64.252.68.74 - - [04/Sep/2026:08:14:40 +0000] "GET /?fileloc=//s3/f75bf04088964924b004465536090d8a/wordpress/wp-content/uploads/2023/07/%E5%BA%83%E5%B3%B6%E5%B8%82%E7%AB%8B%E5%8C%97%E9%83%A8%E5%8C%BB%E7%99%82%E3%82%BB%E3%83%B3%E3%82%BF%E3%83%BC%E5%AE%89%E4%BD%90%E5%B8%82%E6%B0%91%E7%97%85%E9%99%A2_%E5%B0%8F%E9%87%8E%E5%8D%83%E7%A7%8B%E7%97%85%E9%99%A2%E9%95%B7-1024x1024.jpg&path=//s3/f75bf04088964924b004465536090d8a/wordpress/wp-content/uploads/2023/07 HTTP/1.1" 200 2738 "-" "Amazon CloudFront"
64.252.67.164 - - [04/Sep/2026:08:14:43 +0000] "GET /?path=//sys/class/thermal/cooling_device3/device/physical_node/node0/memory28/node0/cpu5/firmware_node/subsystem/devices/PNP0A03:00/physical_node/pci_bus/0000:00/device/0000:00:1e.0/driver/module/drivers/pci:nvme/0000:00:04.0/driver/module/drivers/pci:nvme/0000:00:1e.0/subsystem/slots/15 HTTP/1.1" 200 3568 "-" "Amazon CloudFront"
64.252.66.102 - - [04/Sep/2026:08:14:50 +0000] "GET /products/detail/208628339?path=//sys/bus/node/devices/node0/cpu1/driver/cpu7/driver/cpu2/node0/cpu4/firmware_node/thermal_cooling/device/physical_node/firmware_node/subsystem/devices/device:20/physical_node/subsystem/drivers/nvme/0000:00:1f.0/nvme/nvme2/nvme2n1/device/nvme2n1/holders/md0/slaves/nvme1n1/holders/md0/power HTTP/1.1" 200 3477 "-" "Amazon CloudFront"
64.252.67.164 - - [04/Sep/2026:08:14:53 +0000] "GET /products/detail/192591127 HTTP/1.1" 200 4265 "-" "Amazon CloudFront"
64.252.66.61 - - [04/Sep/2026:08:14:55 +0000] "GET /?path=//sys/bus/acpi/devices/LNXCPU:06/physical_node/node0/memory21/node0/cpu0/subsystem/drivers/processor/cpu6/firmware_node/subsystem/devices/device:06/physical_node/driver/0000:00:04.0/driver/0000:00:1e.0/nvme/nvme1/nvme1n1/holders/md0/md/rd0/block/holders/md0/slaves/nvme2n1/device/device/nvme/nvme2/nvme2n1/mq/3 HTTP/1.1" 200 3489 "-" "Amazon CloudFront"
64.252.66.61 - - [04/Sep/2026:08:14:59 +0000] "GET /?path=//sys/class/thermal/cooling_device3/device/physical_node/node0/memory28/node0/cpu5/firmware_node/subsystem/devices/PNP0A03:00/device:06/subsystem/devices/device:21/physical_node/nvme/nvme2/device/driver/0000:00:1f.0/driver/module/drivers/pci:nvme/module/drivers/pci:nvme/0000:00:1f.0/nvme/nvme2/nvme2n1/holders/md0/md/dev-nvme2n1/block/holders/md0/md/rd1/block/slaves HTTP/1.1" 200 3060 "-" "Amazon CloudFront"
64.252.66.102 - - [04/Sep/2026:08:15:00 +0000] "GET /?fileloc=//s3/f75bf04088964924b004465536090d8a/wordpress/wp-content/uploads/2021/03/%E7%94%B0%E5%B3%B6%E6%95%99%E6%8E%88-150x150.jpg&path=//s3/f75bf04088964924b004465536090d8a/wordpress/wp-content/uploads/2021/03 HTTP/1.1" 200 2659 "-" "Amazon CloudFront"
64.252.66.61 - - [04/Sep/2026:08:15:02 +0000] "GET /?path=//sys/class/thermal/cooling_device3/device/physical_node/node0/memory28/node0/cpu5/firmware_node/subsystem/devices/LNXSYSTM:00/LNXSYBUS:00/PNP0A03:00/device:12/subsystem/devices/LNXSYBUS:00/PNP0A03:00/device:21/physical_node/nvme/nvme2/device/driver/module/drivers/pci:nvme/module/drivers/pci:nvme/0000:00:1e.0/nvme/nvme1/nvme1n1/holders/md0/slaves/nvme1n1/trace HTTP/1.1" 200 3541 "-" "Amazon CloudFront"
64.252.66.102 - - [04/Sep/2026:08:15:04 +0000] "GET /?fileloc=//s3/f75bf04088964924b004465536090d8a/wordpress/wp-content/uploads/2023/07/%E7%94%A3%E6%A5%AD%E5%8C%BB%E7%A7%91%E5%A4%A7%E5%AD%A6_%E4%B8%8A%E7%94%B0%E5%AD%A6%E9%95%B7-150x150.jpg&path=//s3/f75bf04088964924b004465536090d8a/wordpress/wp-content/uploads/2023/07 HTTP/1.1" 200 2685 "-" "Amazon CloudFront"
64.252.66.61 - - [04/Sep/2026:08:15:07 +0000] "GET /?path=//sys/bus/memory/devices/memory1/node0/memory30/node0/cpu6/firmware_node/subsystem/devices/device:21/physical_node/driver/module/drivers/pci:nvme/0000:00:1e.0/driver/0000:00:1f.0/nvme/nvme2/device/nvme/nvme2/nvme2n1/device/nvme2n1/holders/md0/md/dev-nvme2n1/block/subsystem/nvme1n1/holders/md0/md/dev-nvme2n1/block/mq/1/cpu1 HTTP/1.1" 200 3021 "-" "Amazon CloudFront"
64.252.66.102 - - [04/Sep/2026:08:15:12 +0000] "GET /?path=//sys/class/thermal/cooling_device3/device/physical_node/node0/memory28/node0/cpu5/firmware_node/subsystem/devices/PNP0A03:00/physical_node/pci_bus/0000:00/device/0000:00:04.0/driver/0000:00:04.0/nvme/nvme0/subsystem/nvme2/nvme2n1/holders/md0/md/rd1 HTTP/1.1" 200 3706 "-" "Amazon CloudFront"
64.252.66.61 - - [04/Sep/2026:08:15:16 +0000] "GET /?path=//sys/class/thermal/cooling_device3/device/physical_node/node0/memory28/node0/cpu5/firmware_node/subsystem/devices/LNXSYSTM:00/LNXSYBUS:00/PNP0A03:00/physical_node/0000:00:04.0/driver/0000:00:1e.0/nvme/nvme1/device/driver/module/drivers/pci:nvme/0000:00:1e.0/nvme/nvme1/nvme1n1/holders/md0/slaves/nvme2n1/holders/md0/md/dev-nvme2n1/block/subsystem/nvme1n1/mq/6/cpu6 HTTP/1.1" 200 3080 "-" "Amazon CloudFront"
64.252.67.164 - - [04/Sep/2026:08:15:20 +0000] "GET /?path=//sys/class/thermal/cooling_device3/device/physical_node/node0/memory28/node0/cpu5/firmware_node/subsystem/devices/PNP0A03:00/physical_node/pci_bus/0000:00/device/0000:00:1e.0/driver/module/drivers/pci:nvme/0000:00:1e.0/driver/0000:00:04.0/nvme/nvme0/subsystem/nvme0/nvme0n1/mq/0 HTTP/1.1" 200 3512 "-" "Amazon CloudFront"
64.252.67.164 - - [04/Sep/2026:08:15:22 +0000] "GET /?fileloc=//sys/class/net/lo/subsystem/lo/dormant&path=//sys/class/net/lo/subsystem/lo HTTP/1.1" 200 2583 "-" "Amazon CloudFront"
64.252.67.164 - - [04/Sep/2026:08:15:23 +0000] "GET /?path=//sys/class/thermal/cooling_device3/device/physical_node/node0/memory28/node0/cpu5/firmware_node/subsystem/devices/PNP0A03:00/physical_node/pci_bus/0000:00/device/0000:00:00.0/subsystem/drivers/nvme/0000:00:1f.0/driver/module/drivers/pci:nvme/0000:00:04.0/driver/0000:00:04.0/nvme/nvme0/nvme0n1 HTTP/1.1" 200 4320 "-" "Amazon CloudFront"
64.252.66.102 - - [04/Sep/2026:08:15:26 +0000] "GET /products/detail/295344016 HTTP/1.1" 200 4265 "-" "Amazon CloudFront"
64.252.67.164 - - [04/Sep/2026:08:15:27 +0000] "GET /products/detail/208628339?path=//sys/bus/node/devices/node0/cpu1/driver/cpu7/driver/cpu2/node0/cpu1/firmware_node/thermal_cooling/device/physical_node/firmware_node/subsystem/devices/PNP0A03:00/physical_node/0000:00:1e.0/nvme/nvme1/nvme1n1/holders/md0/subsystem/nvme2n1/holders/md0/md/rd1/block/device/nvme2n1/bdi HTTP/1.1" 200 3567 "-" "Amazon CloudFront"
64.252.66.102 - - [04/Sep/2026:08:15:30 +0000] "GET /products/detail/208628339?path=//sys/bus/node/devices/node0/cpu1/driver/cpu7/driver/cpu2/node0/cpu4/firmware_node/subsystem/devices/PNP0A03:00/device:21/physical_node/nvme/nvme2/device/nvme/nvme2/nvme2n1/holders/md0/md/dev-nvme2n1/block/holders/md0/slaves/nvme1n1/bdi/subsystem/259:2 HTTP/1.1" 200 3550 "-" "Amazon CloudFront"
64.252.67.164 - - [04/Sep/2026:08:15:33 +0000] "GET /?path=//sys/class/thermal/cooling_device3/device/physical_node/node0/memory28/node0/cpu5/firmware_node/subsystem/devices/PNP0A03:00/physical_node/pci_bus/0000:00/device/0000:00:04.0/driver/0000:00:04.0/nvme/nvme0/subsystem/nvme2/nvme2n1/holders/md0/md/dev-nvme2n1 HTTP/1.1" 200 3714 "-" "Amazon CloudFront"
64.252.68.74 - - [04/Sep/2026:08:15:37 +0000] "GET /?path=//sys/bus/memory/devices/memory1/node0/memory7/node0/cpu1/subsystem/drivers/processor/cpu5/firmware_node/subsystem/devices/PNP0A03:00/physical_node/firmware_node/device:20/physical_node/driver/0000:00:1f.0/nvme/nvme2/device/driver/0000:00:1e.0/nvme/nvme1/nvme1n1/holders/md0/md/rd0/block/holders/md0/slaves/nvme1n1/bdi/power HTTP/1.1" 200 3558 "-" "Amazon CloudFront"
64.252.68.74 - - [04/Sep/2026:08:15:38 +0000] "GET /?fileloc=//s3/f75bf04088964924b004465536090d8a/wordpress/wp-content/uploads/2023/07/%E5%92%8C%E6%B3%89%E5%B8%82%E7%AB%8B%E7%B7%8F%E5%90%88%E5%8C%BB%E7%99%82%E3%82%BB%E3%83%B3%E3%82%BF%E3%83%BC_%E5%A4%96%E8%A6%B3-300x186.jpg&path=//s3/f75bf04088964924b004465536090d8a/wordpress/wp-content/uploads/2023/07 HTTP/1.1" 200 2704 "-" "Amazon CloudFront"
64.252.67.164 - - [04/Sep/2026:08:15:40 +0000] "GET /products/detail/208628339?path=//sys/bus/node/devices/node0/cpu1/driver/cpu7/driver/cpu2/node0/cpu4/firmware_node/subsystem/devices/PNP0A03:00/device:21/physical_node/nvme/nvme2/device/nvme/nvme2/nvme2n1/holders/md0/md/dev-nvme2n1/block/holders/md0/md/rd1/block/subsystem/nvme0n1 HTTP/1.1" 200 4278 "-" "Amazon CloudFront"
