64.252.66.61 - - [04/Sep/2026:08:42:08 +0000] "GET /products/detail/208628339?path=//sys/bus/node/devices/node0/cpu1/driver/cpu7/driver/cpu2/node0/cpu4/firmware_node/subsystem/devices/PNP0A03:00/device:06/physical_node/firmware_node/physical_node/nvme/nvme0/nvme0n1/nvme0n1p1/subsystem/nvme2n1/device/nvme2n1/holders/md0/md/rd1/block/holders/md0/queue HTTP/1.1" 200 4682 "-" "Amazon CloudFront"
64.252.68.74 - - [04/Sep/2026:08:42:11 +0000] "GET /products/detail/208628339?path=//sys/bus/node/devices/node0/cpu1/driver/cpu7/driver/cpu2/node0/cpu1/firmware_node/thermal_cooling/device/physical_node/firmware_node/subsystem/devices/LNXSYBUS:00/PNP0A03:00/device:20/physical_node/nvme/nvme1/nvme1n1/holders/md0/md/dev-nvme2n1/block/holders/md0/bdi/subsystem/259:1 HTTP/1.1" 200 3571 "-" "Amazon CloudFront"
64.252.67.164 - - [04/Sep/2026:08:42:17 +0000] "GET /products/detail/208628339?path=//sys/bus/node/devices/node0/cpu1/driver/cpu7/driver/cpu2/node0/cpu1/firmware_node/thermal_cooling/subsystem/cooling_device1/device/subsystem/devices/LNXSYSTM:00/LNXSYBUS:00/PNP0A03:00/physical_node/0000:00:1f.0/nvme/nvme2/nvme2n1/device/nvme2n1/holders/md0/slaves/nvme1n1/holders/md0/power HTTP/1.1" 200 3495 "-" "Amazon CloudFront"
64.252.67.164 - - [04/Sep/2026:08:42:20 +0000] "GET /?path=//sys/class/thermal/cooling_device3/device/physical_node/node0/memory28/node0/cpu3/driver/cpu0/firmware_node/subsystem/devices/device:05/subsystem/devices/LNXSYBUS:00/PNP0A03:00/physical_node/0000:00:04.0/driver/module/drivers/pci:nvme/module/drivers/pci:nvme/0000:00:1f.0/nvme/nvme2/device/nvme/nvme2/nvme2n1/holders/md0/md/dev-nvme2n1/block/holders/md0/slaves/nvme1n1 HTTP/1.1" 200 4497 "-" "Amazon CloudFront"
64.252.67.164 - - [04/Sep/2026:08:42:24 +0000] "GET /products/detail/208628339?path=//sys/bus/node/devices/node0/cpu1/driver/cpu7/driver/cpu2/node0/cpu1/firmware_node/thermal_cooling/subsystem/cooling_device1/device/subsystem/devices/LNXSYSTM:00/LNXSYBUS:00/PNP0A03:00/physical_node/0000:00:1f.0/nvme/nvme2/nvme2n1/holders/md0/md/dev-nvme2n1/block/holders/md0/md/rd0/block/device HTTP/1.1" 200 3943 "-" "Amazon CloudFront"
64.252.66.61 - - [04/Sep/2026:08:42:26 +0000] "GET /?fileloc=//sys/class/input/input5/id/version&path=//sys/class/input/input5/id HTTP/1.1" 200 2575 "-" "Amazon CloudFront"
64.252.66.61 - - [04/Sep/2026:08:42:28 +0000] "GET /?path=//sys/class/thermal/cooling_device3/device/physical_node/node0/memory28/node0/cpu5/firmware_node/subsystem/devices/PNP0A03:00/physical_node/pci_bus/0000:00/device/0000:00:1f.0/driver/0000:00:04.0/driver/module/drivers/pci:nvme/0000:00:1e.0/nvme/nvme1/nvme1n1/subsystem/md0 HTTP/1.1" 200 4133 "-" "Amazon CloudFront"
64.252.68.74 - - [04/Sep/2026:08:42:32 +0000] "GET /?path=//sys/bus/memory/devices/memory1/node0/memory30/node0/cpu6/firmware_node/subsystem/devices/device:21/physical_node/driver/module/drivers/pci:nvme/0000:00:1f.0/driver/0000:00:1f.0/firmware_node/physical_node/nvme/nvme2/subsystem/nvme1/nvme1n1/holders/md0/md/rd0/block/holders/md0/md/dev-nvme2n1/block/device/device/nvme/nvme2/nvme2n1/mq/1/cpu1 HTTP/1.1" 200 3038 "-" "Amazon CloudFront"
64.252.66.102 - - [04/Sep/2026:08:42:34 +0000] "GET /?fileloc=//s3/f75bf04088964924b004465536090d8a/wordpress/wp-content/uploads/2021/07/%E5%B2%B8%E6%9C%AC%E9%99%A2%E9%95%B7-2-300x300.jpg&path=//s3/f75bf04088964924b004465536090d8a/wordpress/wp-content/uploads/2021/07 HTTP/1.1" 200 2660 "-" "Amazon CloudFront"
64.252.67.164 - - [04/Sep/2026:08:42:35 +0000] "GET /products/detail/208628339?path=//sys/bus/node/devices/node0/cpu1/driver/cpu7/driver/cpu2/node0/cpu4/firmware_node/subsystem/devices/PNP0A03:00/device:21/physical_node/nvme/nvme2/device/nvme/nvme2/nvme2n1/subsystem/nvme2n1/holders/md0/slaves/nvme1n1/holders/md0/md/dev-nvme1n1/block/mq/7 HTTP/1.1" 200 3392 "-" "Amazon CloudFront"
64.252.67.164 - - [04/Sep/2026:08:42:40 +0000] "GET /?path=//sys/class/thermal/cooling_device3/device/physical_node/node0/memory28/node0/cpu5/firmware_node/subsystem/devices/PNP0A03:00/physical_node/pci_bus/0000:00/device/0000:00:01.0/subsystem/drivers/nvme/module/drivers/pci:nvme/0000:00:1e.0/driver/0000:00:1e.0/nvme/nvme1/power HTTP/1.1" 200 3428 "-" "Amazon CloudFront"
64.252.66.61 - - [04/Sep/2026:08:42:43 +0000] "GET /products/detail/208628339?path=//sys/bus/node/devices/node0/cpu1/driver/cpu7/driver/cpu2/node0/cpu1/firmware_node/thermal_cooling/device/physical_node/firmware_node/subsystem/drivers/button/LNXPWRBN:00/subsystem/devices/LNXSYSTM:00/LNXSYBUS:00/PNP0A03:00/device:21/physical_node/nvme/nvme2/nvme2n1/device/nvme2n1/holders/md0/md/dev-nvme2n1/block HTTP/1.1" 200 4419 "-" "Amazon CloudFront"
64.252.68.74 - - [04/Sep/2026:08:42:45 +0000] "GET /?fileloc=//s3/f75bf04088964924b004465536090d8a/wordpress/wp-content/uploads/2024/05/%E7%A6%8F%E4%BA%95%E5%A4%A7%E5%AD%A6_%E6%9D%BE%E5%B3%AF%E6%98%AD%E5%BD%A6%E6%95%99%E6%8E%88-150x150.jpg&path=//s3/f75bf04088964924b004465536090d8a/wordpress/wp-content/uploads/2024/05 HTTP/1.1" 200 2688 "-" "Amazon CloudFront"
64.252.66.102 - - [04/Sep/2026:08:42:47 +0000] "GET /?path=//sys/class/thermal/cooling_device3/device/physical_node/node0/cpu1/driver/cpu0/node0/cpu2/firmware_node/subsystem/devices/LNXSYSTM:00/LNXSYBUS:00/PNP0C0F:02/subsystem/devices/LNXSYSTM:00/LNXSYBUS:00/PNP0A03:00/physical_node/0000:00:04.0/driver/0000:00:1f.0/nvme/nvme2/nvme2n1/holders/md0/slaves/nvme1n1/holders/md0/md/rd0/block/device/nvme1n1/mq/5 HTTP/1.1" 200 3532 "-" "Amazon CloudFront"
64.252.66.61 - - [04/Sep/2026:08:42:52 +0000] "GET /products/detail/208628339?path=//sys/bus/node/devices/node0/cpu1/driver/cpu7/driver/cpu2/node0/cpu1/firmware_node/thermal_cooling/device/physical_node/firmware_node/subsystem/devices/PNP0A03:00/physical_node/0000:00:1e.0/nvme/nvme1/nvme1n1/holders/md0/md/rd1/block/subsystem/nvme1n1/holders/md0/md/dev-nvme1n1/block HTTP/1.1" 200 4257 "-" "Amazon CloudFront"
64.252.67.164 - - [04/Sep/2026:08:42:56 +0000] "GET /?path=//sys/bus/memory/devices/memory1/node0/memory28/node0/cpu2/driver/cpu4/firmware_node/subsystem/devices/PNP0A03:00/physical_node/0000:00:04.0/driver/0000:00:1f.0/subsystem/drivers/nvme/0000:00:1f.0/nvme/nvme2/nvme2n1/holders/md0/md/dev-nvme2n1/block/holders/md0/md/rd0/block/device/nvme1n1/mq/2 HTTP/1.1" 200 3442 "-" "Amazon CloudFront"
64.252.66.61 - - [04/Sep/2026:08:42:59 +0000] "GET /?path=//sys/class/thermal/cooling_device3/device/physical_node/node0/memory28/node0/cpu5/firmware_node/subsystem/devices/PNP0A03:00/physical_node/pci_bus/0000:00/device/0000:00:1f.0/driver/module/drivers/pci:nvme/0000:00:04.0/driver/0000:00:1f.0/subsystem/slots/30/module/parameters HTTP/1.1" 200 3228 "-" "Amazon CloudFront"
64.252.66.102 - - [04/Sep/2026:08:43:04 +0000] "GET /?path=//sys/class/thermal/cooling_device3/device/physical_node/node0/cpu1/driver/cpu0/node0/cpu2/firmware_node/subsystem/devices/LNXSYSTM:00/LNXSYBUS:00/PNP0C0F:02/subsystem/devices/LNXSYSTM:00/LNXSYBUS:00/PNP0A03:00/physical_node/0000:00:04.0/driver/0000:00:1f.0/nvme/nvme2/nvme2n1/holders/md0/slaves/nvme1n1/holders/md0/md/rd0/block/device/nvme1n1/mq/0 HTTP/1.1" 200 3528 "-" "Amazon CloudFront"
64.252.66.102 - - [04/Sep/2026:08:43:07 +0000] "GET /?path=//sys/class/thermal/cooling_device3/device/physical_node/node0/memory28/node0/cpu5/firmware_node/subsystem/devices/LNXSYBUS:00/PNP0A03:00/device:1b/subsystem/devices/LNXSYBUS:00/PNP0A03:00/device:21/physical_node/driver/module/drivers/pci:nvme/0000:00:1f.0/driver/0000:00:1e.0/nvme/nvme1/nvme1n1/holders/md0/md/rd1/block/holders/md0/md/rd0/block/device/nvme1n1/mq/2 HTTP/1.1" 200 3564 "-" "Amazon CloudFront"
64.252.66.61 - - [04/Sep/2026:08:43:08 +0000] "GET /?fileloc=//s3/f75bf04088964924b004465536090d8a/wordpress/wp-content/uploads/2024/05/%E7%A6%8F%E4%BA%95%E5%A4%A7%E5%AD%A6_%E6%9D%BE%E5%B3%AF%E6%98%AD%E5%BD%A6%E6%95%99%E6%8E%88-300x300.jpg&path=//s3/f75bf04088964924b004465536090d8a/wordpress/wp-content/uploads/2024/05 HTTP/1.1" 200 2688 "-" "Amazon CloudFront"
64.252.68.74 - - [04/Sep/2026:08:43:10 +0000] "GET /products/detail/183222016 HTTP/1.1" 200 4265 "-" "Amazon CloudFront"
64.252.66.102 - - [04/Sep/2026:08:43:12 +0000] "GET /?path=//sys/bus/memory/devices/memory1/node0/memory7/node0/cpu1/subsystem/drivers/processor/cpu5/firmware_node/subsystem/devices/PNP0A03:00/physical_node/firmware_node/physical_node/0000:00:1e.0/driver/module/drivers/pci:nvme/0000:00:1f.0/driver/0000:00:1e.0/nvme/nvme1/nvme1n1/holders/md0/md/dev-nvme2n1/block/device/nvme2n1/holders/md0/slaves/nvme1n1/mq/7 HTTP/1.1" 200 3517 "-" "Amazon CloudFront"
64.252.67.164 - - [04/Sep/2026:08:43:15 +0000] "GET /products/detail/208628339?path=//sys/bus/node/devices/node0/cpu1/driver/cpu7/driver/cpu2/node0/cpu1/firmware_node/thermal_cooling/device/physical_node/firmware_node/subsystem/devices/PNP0A03:00/physical_node/0000:00:1e.0/nvme/nvme1/nvme1n1/holders/md0/md/rd1/block/device/subsystem/nvme0/nvme0n1/mq/1/cpu7 HTTP/1.1" 200 2971 "-" "Amazon CloudFront"
64.252.67.164 - - [04/Sep/2026:08:43:17 +0000] "GET /?path=//sys/class/net/lo/subsystem/lo/power HTTP/1.1" 200 3106 "-" "Amazon CloudFront"
64.252.66.102 - - [04/Sep/2026:08:43:19 +0000] "GET /?path=//sys/class/thermal/cooling_device3/device/physical_node/node0/cpu1/driver/cpu0/node0/cpu2/firmware_node/subsystem/devices/LNXSYSTM:00/LNXSYBUS:00/PNP0C0F:02/subsystem/devices/LNXSYSTM:00/LNXSYBUS:00/PNP0A03:00/physical_node/0000:00:04.0/driver/0000:00:1f.0/nvme/nvme2/nvme2n1/holders/md0/slaves/nvme1n1/holders/md0/md/rd0/block/device/nvme1n1/mq/1 HTTP/1.1" 200 3529 "-" "Amazon CloudFront"
64.252.66.102 - - [04/Sep/2026:08:43:23 +0000] "GET /products/detail/208628339?path=//sys/bus/node/devices/node0/cpu1/driver/cpu7/driver/cpu2/node0/cpu1/firmware_node/thermal_cooling/device/physical_node/firmware_node/subsystem/devices/LNXSYBUS:00/PNP0A03:00/device:20/physical_node/nvme/nvme1/nvme1n1/holders/md0/slaves/nvme2n1/device/nvme2n1/subsystem/nvme0n1/nvme0n1p1/holders HTTP/1.1" 200 2970 "-" "Amazon CloudFront"
64.252.67.164 - - [04/Sep/2026:08:43:25 +0000] "GET /?fileloc=//s3/f75bf04088964924b004465536090d8a/wordpress/wp-content/uploads/2024/05/%E5%B1%B1%E5%8F%A3%E5%A4%A7%E5%AD%A6_%E6%B0%B8%E9%87%8E%E6%B5%A9%E6%98%AD%E6%95%99%E6%8E%88.jpg&path=//s3/f75bf04088964924b004465536090d8a/wordpress/wp-content/uploads/2024/05 HTTP/1.1" 200 2682 "-" "Amazon CloudFront"
64.252.66.61 - - [04/Sep/2026:08:43:28 +0000] "GET /?path=//sys/bus/memory/devices/memory5/node0/memory27/node0/cpu3/driver/cpu1/subsystem/drivers/processor/cpu0/driver/cpu2/firmware_node/subsystem/devices/PNP0A03:00/physical_node/firmware_node/physical_node/0000:00:1f.0/nvme/nvme2/nvme2n1/holders/md0/md/dev-nvme2n1/block/device/device/nvme/nvme2/nvme2n1/holders/md0/md/rd1/block/trace HTTP/1.1" 200 3535 "-" "Amazon CloudFront"
64.252.67.164 - - [04/Sep/2026:08:43:32 +0000] "GET /?path=//sys/class/thermal/cooling_device3/device/physical_node/node0/cpu1/driver/cpu0/node0/cpu2/firmware_node/subsystem/devices/PNP0303:00/subsystem/devices/PNP0A03:00/physical_node/pci_bus/0000:00/device/0000:00:1f.0/driver/module/drivers/pci:nvme/module/drivers/pci:nvme/0000:00:1e.0/nvme/nvme1/nvme1n1/holders/md0/md/dev-nvme1n1/block/mq/7/cpu7 HTTP/1.1" 200 3052 "-" "Amazon CloudFront"
64.252.66.61 - - [04/Sep/2026:08:43:36 +0000] "GET /products/detail/208628339?path=//sys/bus/node/devices/node0/cpu1/driver/cpu7/driver/cpu2/node0/cpu1/firmware_node/thermal_cooling/device/physical_node/firmware_node/subsystem/devices/PNP0A03:00/physical_node/0000:00:1e.0/subsystem/drivers/nvme/0000:00:1e.0/nvme/nvme1/nvme1n1/device/nvme1n1/holders/md0/md/rd0 HTTP/1.1" 200 3722 "-" "Amazon CloudFront"
64.252.67.164 - - [04/Sep/2026:08:43:41 +0000] "GET /?path=//sys/class/thermal/cooling_device3/device/physical_node/node0/memory28/node0/cpu5/firmware_node/subsystem/devices/PNP0A03:00/physical_node/pci_bus/0000:00/device/0000:00:1e.0/driver/module/drivers/pci:nvme/0000:00:1f.0/driver/0000:00:1f.0/firmware_node/subsystem/devices/PNP0A03:00/device:1f/power HTTP/1.1" 200 3444 "-" "Amazon CloudFront"
64.252.66.61 - - [04/Sep/2026:08:43:44 +0000] "GET /?path=//sys/class/thermal/cooling_device3/device/physical_node/node0/memory28/node0/cpu5/firmware_node/subsystem/devices/LNXSYBUS:00/PNP0A03:00/device:1b/subsystem/devices/LNXSYBUS:00/PNP0A03:00/device:21/physical_node/driver/module/drivers/pci:nvme/0000:00:1f.0/driver/0000:00:1e.0/nvme/nvme1/nvme1n1/holders/md0/md/rd1/block/holders/md0/md/rd0/block/device/nvme1n1/mq/4 HTTP/1.1" 200 3566 "-" "Amazon CloudFront"
64.252.68.74 - - [04/Sep/2026:08:43:48 +0000] "GET /?path=//sys/class/thermal/cooling_device3/device/physical_node/node0/memory28/node0/cpu5/firmware_node/subsystem/devices/PNP0A03:00/physical_node/pci_bus/0000:00/device/0000:00:1e.0/driver/module/drivers/pci:nvme/0000:00:1f.0/firmware_node/subsystem/devices/LNXSYSTM:00/LNXSYBUS:00/LNXCPU:07/thermal_cooling/power HTTP/1.1" 200 3478 "-" "Amazon CloudFront"
64.252.68.74 - - [04/Sep/2026:08:43:52 +0000] "GET /products/detail/208628339?path=//sys/bus/node/devices/node0/cpu1/driver/cpu7/driver/cpu2/node0/cpu4/firmware_node/subsystem/devices/PNP0A03:00/physical_node/0000:00:04.0/nvme/nvme0/nvme0n1/subsystem/nvme1n1/holders/md0/md/rd0/block/holders/md0/md/rd0/block/device/nvme1n1/mq/4/cpu4 HTTP/1.1" 200 2961 "-" "Amazon CloudFront"
64.252.66.102 - - [04/Sep/2026:08:43:55 +0000] "GET /?fileloc=//sys/class/net/lo/subsystem/lo/dev_id&path=//sys/class/net/lo/subsystem/lo HTTP/1.1" 200 2585 "-" "Amazon CloudFront"
64.252.66.61 - - [04/Sep/2026:08:43:56 +0000] "GET /products/detail/208628339?path=//sys/bus/node/devices/node0/cpu1/driver/cpu7/driver/cpu2/node0/cpu4/firmware_node/subsystem/devices/PNP0A03:00/physical_node/0000:00:01.3/subsystem/drivers/nvme/0000:00:1e.0/nvme/nvme1/nvme1n1/holders/md0/slaves/nvme2n1/holders/md0/md/rd0/block/mq/6 HTTP/1.1" 200 3389 "-" "Amazon CloudFront"
64.252.68.74 - - [04/Sep/2026:08:44:00 +0000] "GET /?path=//sys/bus/memory/devices/memory1/node0/memory30/node0/cpu6/firmware_node/subsystem/devices/device:21/physical_node/driver/module/drivers/pci:nvme/0000:00:1f.0/driver/0000:00:1f.0/firmware_node/physical_node/nvme/nvme2/subsystem/nvme2/nvme2n1/device/nvme2n1/holders/md0/md/dev-nvme1n1/block/device/nvme1n1/holders/md0/md/rd1/block/slaves HTTP/1.1" 200 3015 "-" "Amazon CloudFront"
64.252.67.164 - - [04/Sep/2026:08:44:03 +0000] "GET /?path=//sys/bus/memory/devices/memory1/node0/memory7/node0/cpu1/subsystem/drivers/processor/cpu5/firmware_node/subsystem/devices/PNP0A03:00/physical_node/firmware_node/physical_node/0000:00:1e.0/driver/module/drivers/pci:nvme/0000:00:1f.0/driver/0000:00:1e.0/nvme/nvme1/nvme1n1/holders/md0/md/rd1/block/device/nvme2n1/holders/md0/md/rd0/block/trace HTTP/1.1" 200 3531 "-" "Amazon CloudFront"
64.252.66.61 - - [04/Sep/2026:08:44:02 +0000] "GET /products/detail/172439228?fileloc=/var/www/volumes/69b4844ae61d4e92bf26ad98af552775/logs/openlitespeed/access.log.2026_08_09.11&path=/var/www/volumes/69b4844ae61d4e92bf26ad98af552775/logs/openlitespeed HTTP/1.1" 200 229376 "-" "Amazon CloudFront"
64.252.66.102 - - [04/Sep/2026:08:44:05 +0000] "GET /?fileloc=//s3/f75bf04088964924b004465536090d8a/wordpress/wp-content/uploads/2024/05/202405_2P%E8%B3%87%E6%96%99_%E5%AE%AE%E9%87%8C-300x226.png&path=//s3/f75bf04088964924b004465536090d8a/wordpress/wp-content/uploads/2024/05 HTTP/1.1" 200 2664 "-" "Amazon CloudFront"
64.252.66.61 - - [04/Sep/2026:08:44:09 +0000] "GET /?path=//sys/bus/acpi/devices/LNXCPU:06/physical_node/node0/memory21/node0/cpu0/subsystem/drivers/processor/cpu6/firmware_node/subsystem/devices/device:06/physical_node/driver/0000:00:04.0/driver/0000:00:1f.0/nvme/nvme2/nvme2n1/device/nvme2n1/holders/md0/md/dev-nvme1n1/block/device/nvme1n1/holders/md0/slaves/nvme1n1/mq/2/cpu2 HTTP/1.1" 200 3023 "-" "Amazon CloudFront"
64.252.66.102 - - [04/Sep/2026:08:44:12 +0000] "GET /?path=//sys/class/thermal/cooling_device3/device/physical_node/node0/memory28/node0/cpu5/firmware_node/subsystem/devices/PNP0A03:00/physical_node/pci_bus/0000:00/device/0000:00:1f.0/driver/module/drivers/pci:nvme/0000:00:1e.0/nvme/nvme1/subsystem/nvme1/nvme1n1/mq/5 HTTP/1.1" 200 3380 "-" "Amazon CloudFront"
64.252.66.61 - - [04/Sep/2026:08:44:15 +0000] "GET /products/detail/208628339?path=//sys/bus/node/devices/node0/cpu1/driver/cpu7/driver/cpu2/node0/cpu4/firmware_node/subsystem/devices/PNP0A03:00/device:06/physical_node/firmware_node/physical_node/nvme/nvme0/nvme0n1/subsystem/nvme2n1/device/nvme2n1/holders/md0/md/dev-nvme2n1/block/holders/md0/md/dev-nvme1n1/block/integrity HTTP/1.1" 200 3529 "-" "Amazon CloudFront"
64.252.66.61 - - [04/Sep/2026:08:44:20 +0000] "GET /?path=//sys/bus/memory/devices/memory1/node0/memory7/node0/cpu1/subsystem/drivers/processor/cpu5/firmware_node/subsystem/devices/PNP0A03:00/physical_node/firmware_node/device:20/physical_node/driver/0000:00:1f.0/nvme/nvme2/nvme2n1/device/device/nvme/nvme2/nvme2n1/holders/md0/md/rd0/block/holders/md0/md/dev-nvme2n1/block/mq/3/cpu3 HTTP/1.1" 200 3023 "-" "Amazon CloudFront"
64.252.66.61 - - [04/Sep/2026:08:44:24 +0000] "GET /?path=//sys/class/thermal/cooling_device3/device/physical_node/node0/memory28/node0/cpu5/firmware_node/subsystem/devices/PNP0A03:00/physical_node/pci_bus/0000:00/device/0000:00:04.0/driver/0000:00:04.0/driver/module/drivers/pci:nvme/0000:00:1e.0/nvme/nvme1/nvme1n1/power HTTP/1.1" 200 3415 "-" "Amazon CloudFront"
64.252.66.102 - - [04/Sep/2026:08:44:27 +0000] "GET /?path=//sys/class/thermal/cooling_device3/device/physical_node/node0/memory28/node0/cpu5/firmware_node/subsystem/devices/PNP0A03:00/physical_node/pci_bus/0000:00/device/0000:00:01.0/subsystem/drivers/nvme/module/drivers/pci:nvme/0000:00:1e.0/driver/0000:00:1f.0/driver/0000:00:04.0/nvme HTTP/1.1" 200 3195 "-" "Amazon CloudFront"
64.252.68.74 - - [04/Sep/2026:08:44:29 +0000] "GET /?fileloc=//s3/f75bf04088964924b004465536090d8a/wordpress/wp-content/uploads/2024/05/%E5%8D%83%E8%91%89%E5%A4%A7%E5%AD%A6_%E6%B8%85%E6%B0%B4%E6%A0%84%E5%8F%B8%E6%95%99%E6%8E%88.jpg&path=//s3/f75bf04088964924b004465536090d8a/wordpress/wp-content/uploads/2024/05 HTTP/1.1" 200 2683 "-" "Amazon CloudFront"
64.252.67.164 - - [04/Sep/2026:08:44:33 +0000] "GET /?path=//sys/class/thermal/cooling_device3/device/physical_node/node0/memory28/node0/cpu5/firmware_node/subsystem/devices/PNP0A03:00/physical_node/pci_bus/0000:00/device/0000:00:01.0/subsystem/drivers/nvme/module/drivers/pci:nvme/0000:00:1e.0/driver/0000:00:1f.0/driver/0000:00:04.0/power HTTP/1.1" 200 3432 "-" "Amazon CloudFront"
64.252.67.164 - - [04/Sep/2026:08:44:36 +0000] "GET /?path=//sys/class/thermal/cooling_device3/device/physical_node/node0/memory28/node0/cpu5/firmware_node/subsystem/devices/PNP0A03:00/physical_node/pci_bus/0000:00/device/0000:00:00.0/subsystem/devices/0000:00:04.0/driver/0000:00:1e.0/driver/0000:00:04.0/nvme/nvme0/power HTTP/1.1" 200 3398 "-" "Amazon CloudFront"
64.252.66.61 - - [04/Sep/2026:08:44:39 +0000] "GET /products/detail/225861420?path=//sys/devices/pci0000:00/firmware_node/device:07/physical_node/firmware_node/subsystem/devices/device:20/physical_node/driver/0000:00:1f.0/nvme/nvme2/nvme2n1/subsystem/nvme1n1/holders/md0/md/rd0/block/holders/md0/md/rd1/block/device/device/driver/module/drivers/pci:nvme/0000:00:1e.0/nvme/nvme1/nvme1n1/mq/7 HTTP/1.1" 200 3447 "-" "Amazon CloudFront"
64.252.66.61 - - [04/Sep/2026:08:44:44 +0000] "GET /?path=//sys/bus/memory/devices/memory1/node0/memory7/node0/cpu1/subsystem/drivers/processor/cpu5/firmware_node/subsystem/devices/PNP0A03:00/physical_node/firmware_node/device:20/physical_node/driver/0000:00:04.0/driver/module/drivers/pci:nvme/0000:00:1e.0/nvme/nvme1/device/nvme/nvme1/nvme1n1/holders/md0/slaves/nvme2n1/holders/md0/md/dev-nvme1n1/block/device/nvme1n1/mq HTTP/1.1" 200 3620 "-" "Amazon CloudFront"
64.252.67.164 - - [04/Sep/2026:08:44:47 +0000] "GET /?path=//sys/class/thermal/cooling_device3/device/physical_node/node0/memory28/node0/cpu5/firmware_node/subsystem/devices/PNP0A03:00/physical_node/pci_bus/0000:00/device/0000:00:00.0/subsystem/drivers/nvme/0000:00:1f.0/nvme/nvme2/nvme2n1/holders/md0/slaves/nvme2n1/mq/7 HTTP/1.1" 200 3389 "-" "Amazon CloudFront"
64.252.66.61 - - [04/Sep/2026:08:44:52 +0000] "GET /products/detail/208628339?path=//sys/bus/node/devices/node0/cpu1/driver/cpu7/driver/cpu2/node0/cpu4/firmware_node/subsystem/devices/LNXSYSTM:00/LNXSYBUS:00/PNP0A03:00/device:20/physical_node/nvme/nvme1/device/nvme/nvme1/nvme1n1/device/nvme1n1/subsystem/md0/slaves/nvme2n1/holders/md0/bdi/power HTTP/1.1" 200 3449 "-" "Amazon CloudFront"
64.252.66.61 - - [04/Sep/2026:08:44:56 +0000] "GET /?path=//sys/class/thermal/cooling_device3/device/physical_node/node0/memory28/node0/cpu5/firmware_node/subsystem/devices/PNP0A03:00/physical_node/pci_bus/0000:00/device/0000:00:05.0/subsystem/devices/0000:00:04.0/driver/module/drivers/pci:nvme/0000:00:1e.0/driver/module/drivers/pci:nvme/0000:00:04.0 HTTP/1.1" 200 4790 "-" "Amazon CloudFront"
64.252.67.164 - - [04/Sep/2026:08:45:00 +0000] "GET /products/detail/208628339?path=//sys/bus/node/devices/node0/cpu1/driver/cpu7/driver/cpu2/node0/cpu4/firmware_node/subsystem/devices/PNP0A03:00/physical_node/0000:00:04.0/firmware_node/physical_node/nvme/nvme0/nvme0n1/nvme0n1p128/subsystem/md0/md/dev-nvme1n1/block/holders/md0/slaves/nvme2n1/mq/6/cpu6 HTTP/1.1" 200 2953 "-" "Amazon CloudFront"
64.252.67.164 - - [04/Sep/2026:08:45:04 +0000] "GET /?path=//sys/class/thermal/cooling_device3/device/physical_node/node0/memory28/node0/cpu5/firmware_node/subsystem/devices/PNP0A03:00/physical_node/pci_bus/0000:00/device/0000:00:1e.0/driver/module/drivers/pci:nvme/module/drivers/pci:nvme/0000:00:1e.0/firmware_node/subsystem/devices/device:17/power HTTP/1.1" 200 3435 "-" "Amazon CloudFront"
64.252.66.102 - - [04/Sep/2026:08:45:07 +0000] "GET /products/detail/208628339?path=//sys/bus/node/devices/node0/cpu1/driver/cpu7/driver/cpu2/node0/cpu4/firmware_node/thermal_cooling/device/physical_node/firmware_node/subsystem/devices/device:20/physical_node/nvme/nvme1/nvme1n1/holders/md0/md/dev-nvme1n1/block/holders/md0/md/dev-nvme1n1/block/subsystem/nvme0n1/trace HTTP/1.1" 200 3428 "-" "Amazon CloudFront"
64.252.67.164 - - [04/Sep/2026:08:45:11 +0000] "GET /?fileloc=//s3/f75bf04088964924b004465536090d8a/wordpress/wp-content/uploads/2024/05/202405_2P%E8%B3%87%E6%96%99_%E5%BE%8C%E8%97%A4-150x150.png&path=//s3/f75bf04088964924b004465536090d8a/wordpress/wp-content/uploads/2024/05 HTTP/1.1" 200 2665 "-" "Amazon CloudFront"
64.252.66.102 - - [04/Sep/2026:08:45:11 +0000] "GET /?path=//sys/class/thermal/cooling_device3/device/physical_node/node0/cpu1/driver/cpu0/node0/cpu2/firmware_node/subsystem/devices/LNXSYSTM:00/LNXSYBUS:00/PNP0C0F:02/subsystem/devices/LNXSYSTM:00/LNXSYBUS:00/PNP0A03:00/physical_node/0000:00:1e.0/driver/module/drivers/pci:nvme/0000:00:1e.0/nvme/nvme1/nvme1n1/device/nvme1n1/holders/md0/md/rd0/block/mq/2/cpu2 HTTP/1.1" 200 3024 "-" "Amazon CloudFront"
64.252.67.164 - - [04/Sep/2026:08:45:15 +0000] "GET /?fileloc=//sys/class/net/lo/subsystem/lo/proto_down&path=//sys/class/net/lo/subsystem/lo HTTP/1.1" 200 2586 "-" "Amazon CloudFront"
64.252.66.102 - - [04/Sep/2026:08:45:15 +0000] "GET /products/detail/225861420?path=//sys/devices/pci0000:00/firmware_node/device:07/physical_node/firmware_node/subsystem/devices/device:20/physical_node/driver/0000:00:1f.0/nvme/nvme2/nvme2n1/subsystem/nvme1n1/holders/md0/md/rd0/block/holders/md0/md/rd1/block/device/device/driver/module/drivers/pci:nvme/0000:00:1e.0/nvme/nvme1/nvme1n1/mq/6 HTTP/1.1" 200 3446 "-" "Amazon CloudFront"
64.252.67.164 - - [04/Sep/2026:08:45:19 +0000] "GET /?path=//sys/class/thermal/cooling_device3/device/physical_node/node0/memory28/node0/cpu5/firmware_node/subsystem/devices/PNP0A03:00/physical_node/pci_bus/0000:00/device/0000:00:1f.0/driver/0000:00:04.0/driver/module/drivers/pci:nvme/0000:00:1e.0/firmware_node/subsystem/devices/LNXSYSTM:00/LNXSLPBN:00 HTTP/1.1" 200 3527 "-" "Amazon CloudFront"
64.252.66.61 - - [04/Sep/2026:08:45:25 +0000] "GET /?path=//sys/class/thermal/cooling_device3/device/physical_node/node0/cpu1/driver/cpu0/node0/cpu2/firmware_node/subsystem/devices/LNXSYSTM:00/LNXSYBUS:00/PNP0C0F:04/subsystem/devices/PNP0A03:00/physical_node/0000:00:1f.0/driver/module/drivers/pci:nvme/0000:00:1f.0/nvme/nvme2/nvme2n1/device/nvme2n1/holders/md0/md/dev-nvme2n1/block/holders/md0/slaves/nvme1n1/mq/6 HTTP/1.1" 200 3552 "-" "Amazon CloudFront"
64.252.66.61 - - [04/Sep/2026:08:45:28 +0000] "GET /products/detail/208628339?path=//sys/bus/node/devices/node0/cpu1/driver/cpu7/driver/cpu2/node0/cpu4/firmware_node/subsystem/devices/PNP0A03:00/device:21/physical_node/nvme/nvme2/device/nvme/nvme2/nvme2n1/holders/md0/md/dev-nvme2n1/block/subsystem/md0/slaves/nvme1n1/mq/3/cpu3 HTTP/1.1" 200 2936 "-" "Amazon CloudFront"
64.252.66.61 - - [04/Sep/2026:08:45:32 +0000] "GET /products/detail/208628339?path=//sys/bus/node/devices/node0/cpu1/driver/cpu7/driver/cpu2/node0/cpu4/firmware_node/subsystem/devices/PNP0A03:00/device:06/physical_node/firmware_node/physical_node/nvme/nvme0/subsystem/nvme2/device/nvme/nvme2/nvme2n1/holders/md0/slaves/nvme2n1/holders/md0/md/rd0/block/integrity HTTP/1.1" 200 3529 "-" "Amazon CloudFront"
64.252.68.74 - - [04/Sep/2026:08:45:35 +0000] "GET /?path=//sys/bus/memory/devices/memory1/node0/memory30/node0/cpu6/firmware_node/subsystem/devices/device:21/physical_node/driver/module/drivers/pci:nvme/0000:00:1e.0/nvme/nvme1/nvme1n1/subsystem/nvme1n1/holders/md0/md/rd0/block/holders/md0/md/dev-nvme1n1/block/device/device/driver/module/drivers/pci:nvme/0000:00:1f.0/firmware_node/physical_node/nvme HTTP/1.1" 200 3274 "-" "Amazon CloudFront"
64.252.67.164 - - [04/Sep/2026:08:45:39 +0000] "GET /?path=//sys/class/thermal/cooling_device3/device/physical_node/node0/cpu0/node0/cpu4/firmware_node/subsystem/devices/device:02/PNP0303:00/subsystem/devices/LNXSYBUS:00/PNP0A03:00/device:20/physical_node/driver/0000:00:04.0/nvme/nvme0/device/driver/module/drivers/pci:nvme/0000:00:1e.0/nvme/nvme1/nvme1n1/holders/md0/slaves/nvme2n1/holders/md0/slaves/nvme2n1/mq/2/cpu2 HTTP/1.1" 200 3077 "-" "Amazon CloudFront"
64.252.68.74 - - [04/Sep/2026:08:45:44 +0000] "GET /products/detail/208628339?path=//sys/bus/node/devices/node0/cpu1/driver/cpu7/driver/cpu2/node0/cpu4/firmware_node/thermal_cooling/device/physical_node/firmware_node/thermal_cooling/device/subsystem/devices/LNXSYSTM:00/LNXSYBUS:00/PNP0A03:00/physical_node/0000:00:01.3/subsystem/drivers/nvme/0000:00:04.0/nvme/nvme0/nvme0n1/mq/1/cpu3 HTTP/1.1" 200 2983 "-" "Amazon CloudFront"
64.252.68.74 - - [04/Sep/2026:08:45:48 +0000] "GET /?fileloc=//s3/f75bf04088964924b004465536090d8a/wordpress/wp-content/uploads/2024/05/%E7%A7%8B%E7%94%B0%E5%A4%A7%E5%AD%A6_%E5%AE%AE%E8%85%B0%E5%B0%9A%E4%B9%85%E6%95%99%E6%8E%88-150x150.jpg&path=//s3/f75bf04088964924b004465536090d8a/wordpress/wp-content/uploads/2024/05 HTTP/1.1" 200 2686 "-" "Amazon CloudFront"
64.252.66.102 - - [04/Sep/2026:08:45:48 +0000] "GET /products/detail/208628339?path=//sys/bus/node/devices/node0/cpu1/driver/cpu7/driver/cpu2/node0/cpu4/firmware_node/subsystem/devices/PNP0A03:00/physical_node/0000:00:04.0/nvme/nvme0/nvme0n1/device/subsystem/nvme1/device/nvme/nvme1/nvme1n1/holders/md0/slaves/nvme2n1/holders/md0/md/dev-nvme1n1/block HTTP/1.1" 200 4251 "-" "Amazon CloudFront"
64.252.66.61 - - [04/Sep/2026:08:45:49 +0000] "GET /products/detail/172439228?fileloc=/var/www/volumes/69b4844ae61d4e92bf26ad98af552775/logs/openlitespeed/access.log.2026_08_13.02&path=/var/www/volumes/69b4844ae61d4e92bf26ad98af552775/logs/openlitespeed HTTP/1.1" 200 622837 "-" "Amazon CloudFront"
64.252.66.61 - - [04/Sep/2026:08:45:52 +0000] "GET /products/detail/208628339?path=//sys/bus/node/devices/node0/cpu1/driver/cpu7/driver/cpu2/node0/cpu4/firmware_node/thermal_cooling/device/physical_node/firmware_node/thermal_cooling/device/subsystem/devices/LNXSYSTM:00/LNXSYBUS:00/PNP0A03:00/device:21/physical_node/nvme/nvme2/nvme2n1/holders/md0/md/rd0/block/holders/md0/slaves/nvme1n1/subsystem/nvme0n1p1 HTTP/1.1" 200 3987 "-" "Amazon CloudFront"
64.252.68.74 - - [04/Sep/2026:08:45:56 +0000] "GET /?path=//sys/class/thermal/cooling_device3/device/physical_node/node0/memory28/node0/cpu5/firmware_node/subsystem/devices/PNP0A03:00/physical_node/pci_bus/0000:00/device/0000:00:1f.0/driver/0000:00:1f.0/nvme/nvme2/nvme2n1/subsystem/nvme0n1/nvme0n1p1 HTTP/1.1" 200 3748 "-" "Amazon CloudFront"
64.252.67.164 - - [04/Sep/2026:08:45:59 +0000] "GET /?path=//sys/class/thermal/cooling_device3/device/physical_node/node0/memory28/node0/cpu5/firmware_node/subsystem/devices/PNP0A03:00/physical_node/pci_bus/0000:00/device/0000:00:04.0/subsystem/drivers/nvme/module/drivers/pci:nvme/0000:00:1f.0/driver/0000:00:1e.0/firmware_node HTTP/1.1" 200 3523 "-" "Amazon CloudFront"
64.252.66.102 - - [04/Sep/2026:08:46:04 +0000] "GET /products/detail/272703723?path=//sys/devices/pci0000:00/firmware_node/physical_node/pci_bus/0000:00/device/firmware_node/physical_node/0000:00:00.0/subsystem/drivers/nvme/0000:00:1e.0/subsystem/devices/0000:00:1e.0/driver/0000:00:1f.0/driver/module/drivers/pci:nvme/0000:00:1f.0/nvme/nvme2/nvme2n1/holders/md0/md/dev-nvme2n1/block/device/nvme2n1/holders/md0/md/dev-nvme2n1/block/mq/5/cpu5 HTTP/1.1" 200 3010 "-" "Amazon CloudFront"
64.252.66.61 - - [04/Sep/2026:08:46:07 +0000] "GET /products/detail/208628339?path=//sys/bus/node/devices/node0/cpu1/driver/cpu7/driver/cpu2/node0/cpu4/firmware_node/subsystem/devices/PNP0A03:00/device:21/physical_node/nvme/nvme2/device/nvme/nvme2/nvme2n1/holders/md0/md/dev-nvme2n1/block/subsystem/nvme1n1/device/nvme1n1/holders/md0/integrity HTTP/1.1" 200 3445 "-" "Amazon CloudFront"
64.252.66.61 - - [04/Sep/2026:08:46:08 +0000] "GET /?fileloc=//s3/f75bf04088964924b004465536090d8a/wordpress/wp-content/uploads/2021/07/%E4%BA%95%E5%86%85%E9%99%A2%E9%95%B7-1-300x300.jpg&path=//s3/f75bf04088964924b004465536090d8a/wordpress/wp-content/uploads/2021/07 HTTP/1.1" 200 2661 "-" "Amazon CloudFront"
64.252.66.102 - - [04/Sep/2026:08:46:10 +0000] "GET /?fileloc=//sys/module/iptable_nat/sections/.orc_unwind_ip&path=//sys/module/iptable_nat/sections HTTP/1.1" 200 2594 "-" "Amazon CloudFront"
64.252.67.164 - - [04/Sep/2026:08:46:11 +0000] "GET /products/detail/253535288?fileloc=//usr/sbin/editmap.sendmail&path=//usr/sbin HTTP/1.1" 200 2557 "-" "Amazon CloudFront"
64.252.68.74 - - [04/Sep/2026:08:46:11 +0000] "GET /?fileloc=//s3/f75bf04088964924b004465536090d8a/wordpress/wp-content/uploads/2021/03/%E5%B1%B1%E8%94%AD%E6%95%99%E6%8E%88.jpg&path=//s3/f75bf04088964924b004465536090d8a/wordpress/wp-content/uploads/2021/03 HTTP/1.1" 200 2652 "-" "Amazon CloudFront"
64.252.68.74 - - [04/Sep/2026:08:46:12 +0000] "GET /?path=//sys/class/thermal/cooling_device3/device/physical_node/node0/memory28/node0/cpu5/firmware_node/subsystem/devices/LNXSYBUS:00/PNP0A03:00/device:1b/subsystem/devices/LNXSYBUS:00/PNP0A03:00/device:21/physical_node/driver/module/drivers/pci:nvme/0000:00:04.0/nvme/nvme0/device/driver/module/drivers/pci:nvme/0000:00:1f.0/nvme/nvme2/nvme2n1/holders/md0/slaves/nvme1n1/holders/md0/md/rd1 HTTP/1.1" 200 3997 "-" "Amazon CloudFront"
64.252.67.164 - - [04/Sep/2026:08:46:16 +0000] "GET /products/detail/208628339?path=//sys/bus/node/devices/node0/cpu1/driver/cpu7/driver/cpu2/node0/cpu4/firmware_node/subsystem/devices/PNP0A03:00/device:20/physical_node/firmware_node/physical_node/nvme/nvme1/subsystem/nvme2/device/nvme/nvme2/nvme2n1/holders/md0/md/dev-nvme2n1/block/mq/1/cpu1 HTTP/1.1" 200 2926 "-" "Amazon CloudFront"
64.252.67.164 - - [04/Sep/2026:08:46:20 +0000] "GET /?path=//sys/class/thermal/cooling_device3/device/physical_node/node0/cpu6/driver/cpu0/node0/cpu5/firmware_node/subsystem/devices/device:12/subsystem/devices/LNXSYSTM:00/LNXSYBUS:00/PNP0A03:00/physical_node/pci_bus/0000:00/device/0000:00:04.0/driver/0000:00:1e.0/nvme/nvme1/nvme1n1/holders/md0/md/dev-nvme1n1/block/holders/md0/slaves/nvme2n1/mq/4 HTTP/1.1" 200 3534 "-" "Amazon CloudFront"
64.252.66.61 - - [04/Sep/2026:08:46:24 +0000] "GET /products/detail/208628339?path=//sys/bus/node/devices/node0/cpu1/driver/cpu7/driver/cpu2/node0/cpu4/firmware_node/thermal_cooling/device/physical_node/firmware_node/thermal_cooling/device/subsystem/devices/PNP0A03:00/device:20/physical_node/nvme/nvme1/nvme1n1/holders/md0/md/rd1/block/subsystem/nvme1n1/mq/3/cpu3 HTTP/1.1" 200 2972 "-" "Amazon CloudFront"
64.252.68.74 - - [04/Sep/2026:08:46:27 +0000] "GET /?fileloc=//s3/f75bf04088964924b004465536090d8a/wordpress/wp-content/uploads/2021/07/%E4%BD%90%E8%97%A4%E9%A4%A8%E9%95%B7-1-150x150.jpg&path=//s3/f75bf04088964924b004465536090d8a/wordpress/wp-content/uploads/2021/07 HTTP/1.1" 200 2662 "-" "Amazon CloudFront"
64.252.66.61 - - [04/Sep/2026:08:46:28 +0000] "GET /?path=//sys/class/thermal/cooling_device3/device/physical_node/node0/memory28/node0/cpu5/firmware_node/subsystem/devices/LNXSYBUS:00/PNP0A03:00/device:1b/subsystem/devices/LNXSYBUS:00/PNP0A03:00/physical_node/pci_bus/0000:00/device/0000:00:1f.0/driver/module/drivers/pci:nvme/0000:00:04.0/driver/module/drivers/pci:nvme/0000:00:1f.0/nvme/nvme2/nvme2n1/holders/md0/md/dev-nvme2n1/block/mq/3 HTTP/1.1" 200 3568 "-" "Amazon CloudFront"
64.252.67.164 - - [04/Sep/2026:08:46:31 +0000] "GET /?path=//sys/class/thermal/cooling_device3/device/physical_node/node0/memory28/node0/cpu5/firmware_node/subsystem/devices/PNP0A03:00/physical_node/pci_bus/0000:00/device/0000:00:1f.0/driver/0000:00:1f.0/nvme/nvme2/nvme2n1/subsystem/nvme0n1/slaves HTTP/1.1" 200 2870 "-" "Amazon CloudFront"
64.252.67.164 - - [04/Sep/2026:08:46:33 +0000] "GET /?fileloc=//sys/class/net/lo/statistics/tx_aborted_errors&path=//sys/class/net/lo/statistics HTTP/1.1" 200 2588 "-" "Amazon CloudFront"
64.252.66.102 - - [04/Sep/2026:08:46:35 +0000] "GET /products/detail/208628339?path=//sys/bus/node/devices/node0/cpu1/driver/cpu7/driver/cpu2/node0/cpu4/firmware_node/subsystem/devices/PNP0A03:00/physical_node/0000:00:05.0/subsystem/drivers/nvme/0000:00:1e.0/firmware_node/physical_node/nvme/nvme1/nvme1n1/device/nvme1n1/holders/md0/md/dev-nvme1n1/block/holders/md0/md/rd1 HTTP/1.1" 200 3773 "-" "Amazon CloudFront"
64.252.66.102 - - [04/Sep/2026:08:46:40 +0000] "GET /products/detail/141127107?fileloc=//tmp/sess_cl9hdcstaj837riimrus8ssct8&path=//tmp HTTP/1.1" 200 2556 "-" "Amazon CloudFront"
64.252.66.102 - - [04/Sep/2026:08:46:44 +0000] "GET /?fileloc=//sys/class/block/nvme0n1p1/stat&path=//sys/class/block/nvme0n1p1 HTTP/1.1" 200 2642 "-" "Amazon CloudFront"
64.252.67.164 - - [04/Sep/2026:08:46:47 +0000] "GET /?fileloc=//bin/rst2odt_prepstyles&path=//bin HTTP/1.1" 200 3382 "-" "Amazon CloudFront"
64.252.66.61 - - [04/Sep/2026:08:46:49 +0000] "GET /products/detail/134577450?path=/var/www/volumes/0eb2fd9df3d14b28959ee303aee3c612 HTTP/1.1" 200 2642 "-" "Amazon CloudFront"
64.252.66.61 - - [04/Sep/2026:08:46:53 +0000] "GET /?fileloc=//lib64/security/pam_env.so&path=//lib64/security HTTP/1.1" 200 2560 "-" "Amazon CloudFront"
64.252.66.102 - - [04/Sep/2026:08:46:56 +0000] "GET /?fileloc=//lib/yum-plugins/priorities.py&path=//lib/yum-plugins HTTP/1.1" 200 4878 "-" "Amazon CloudFront"
64.252.67.164 - - [04/Sep/2026:08:46:57 +0000] "GET /products/detail/312814703 HTTP/1.1" 200 4265 "-" "Amazon CloudFront"
64.252.68.74 - - [04/Sep/2026:08:47:00 +0000] "GET /products/detail/167571450?fileloc=//bin/pyrsa-encrypt-bigfile&path=//bin HTTP/1.1" 200 2716 "-" "Amazon CloudFront"
64.252.68.74 - - [04/Sep/2026:08:47:04 +0000] "GET /products/detail/52681733?fileloc=//tmp/sess_u256cco60jl45oha8agsrifis5&path=//tmp HTTP/1.1" 200 2555 "-" "Amazon CloudFront"
64.252.66.61 - - [04/Sep/2026:08:47:07 +0000] "GET /?fileloc=//lib/tmpfiles.d/var.conf&path=//lib/tmpfiles.d HTTP/1.1" 200 2841 "-" "Amazon CloudFront"
64.252.66.102 - - [04/Sep/2026:08:47:11 +0000] "GET /products/detail/241767016?fileloc=//lib64/libnghttp2.so.14&path=//lib64 HTTP/1.1" 200 2547 "-" "Amazon CloudFront"
64.252.66.102 - - [04/Sep/2026:08:47:12 +0000] "GET /?fileloc=//sys/class/net/lo/statistics/rx_length_errors&path=//sys/class/net/lo/statistics HTTP/1.1" 200 2587 "-" "Amazon CloudFront"
64.252.66.61 - - [04/Sep/2026:08:47:15 +0000] "GET /?fileloc=//tmp/lshttpd/284ebc13aec54cfd9724e959eef03894.sock.pid&path=//tmp/lshttpd HTTP/1.1" 200 2580 "-" "Amazon CloudFront"
64.252.66.102 - - [04/Sep/2026:08:47:18 +0000] "GET /products/detail/71327258 HTTP/1.1" 200 4177 "-" "Amazon CloudFront"
64.252.66.102 - - [04/Sep/2026:08:47:20 +0000] "GET /products/detail/144565763 HTTP/1.1" 200 4177 "-" "Amazon CloudFront"
64.252.66.102 - - [04/Sep/2026:08:47:21 +0000] "GET /products/detail/182908925?fileloc=//lib64/python2.7/macurl2path.py&path=//lib64/python2.7 HTTP/1.1" 200 3538 "-" "Amazon CloudFront"
64.252.66.61 - - [04/Sep/2026:08:47:24 +0000] "GET /products/detail/80452248?path=//s3/b7f1eb7659e94b779361b6817b53acea HTTP/1.1" 200 2878 "-" "Amazon CloudFront"
64.252.68.74 - - [04/Sep/2026:08:47:28 +0000] "GET /?fileloc=//lib/grub/i386-pc/command.lst&path=//lib/grub/i386-pc HTTP/1.1" 200 3946 "-" "Amazon CloudFront"
64.252.66.61 - - [04/Sep/2026:08:47:31 +0000] "GET /?fileloc=//sys/class/net/lo/statistics/tx_dropped&path=//sys/class/net/lo/statistics HTTP/1.1" 200 2586 "-" "Amazon CloudFront"
64.252.66.102 - - [04/Sep/2026:08:47:32 +0000] "GET /products/detail/249630864?fileloc=//lib64/python3.7/ntpath.py&path=//lib64/python3.7 HTTP/1.1" 200 9189 "-" "Amazon CloudFront"
64.252.67.164 - - [04/Sep/2026:08:47:35 +0000] "GET /products/detail/208628339?path=//sys/bus/node/devices/node0/cpu1/driver/cpu7/driver/cpu2/node0/cpu4/firmware_node/subsystem/devices/PNP0A03:00/physical_node/firmware_node/physical_node/0000:00:1e.0/nvme/nvme1/device/nvme/nvme1/subsystem/nvme2/nvme2n1/holders/md0/md/dev-nvme2n1/block/device/nvme2n1/bdi/power HTTP/1.1" 200 3459 "-" "Amazon CloudFront"
64.252.68.74 - - [04/Sep/2026:08:47:39 +0000] "GET /products/detail/208628339?path=//sys/bus/node/devices/node0/cpu1/driver/cpu7/driver/cpu2/node0/cpu4/firmware_node/subsystem/devices/PNP0A03:00/physical_node/0000:00:04.0/firmware_node/physical_node/nvme/nvme0/device/nvme/nvme0/nvme0n1/subsystem/md0/md/rd1/block/holders/md0/md/rd1/block/device/nvme2n1/slaves HTTP/1.1" 200 2960 "-" "Amazon CloudFront"
64.252.66.61 - - [04/Sep/2026:08:47:43 +0000] "GET /?fileloc=//sys/module/evdev/initsize&path=//sys/module/evdev HTTP/1.1" 200 2566 "-" "Amazon CloudFront"
64.252.67.164 - - [04/Sep/2026:08:47:44 +0000] "GET /products/detail/208628339?path=//sys/bus/node/devices/node0/cpu1/driver/cpu7/driver/cpu2/node0/cpu4/firmware_node/subsystem/devices/PNP0A03:00/physical_node/0000:00:04.0/firmware_node/physical_node/nvme/nvme0/device/nvme/nvme0/subsystem/nvme1/nvme1n1/holders/md0/slaves/nvme2n1/holders/md0/md/rd0/block/mq/2 HTTP/1.1" 200 3419 "-" "Amazon CloudFront"
64.252.68.74 - - [04/Sep/2026:08:47:48 +0000] "GET /?path=//sys/class/thermal/cooling_device3/device/physical_node/node0/memory28/node0/cpu5/firmware_node/subsystem/devices/PNP0A03:00/physical_node/pci_bus/0000:00/device/0000:00:1e.0/driver/module/drivers/pci:nvme/0000:00:04.0/driver/0000:00:1f.0/subsystem/drivers/nvme/0000:00:1e.0/nvme/nvme1/nvme1n1 HTTP/1.1" 200 4239 "-" "Amazon CloudFront"
64.252.66.61 - - [04/Sep/2026:08:47:52 +0000] "GET /products/detail/208628339?path=//sys/bus/node/devices/node0/cpu1/driver/cpu7/driver/cpu2/node0/cpu4/firmware_node/subsystem/devices/PNP0A03:00/device:21/physical_node/nvme/nvme2/device/nvme/nvme2/nvme2n1/holders/md0/slaves/nvme2n1/subsystem/md0/slaves/nvme1n1/mq/7 HTTP/1.1" 200 3343 "-" "Amazon CloudFront"
64.252.66.102 - - [04/Sep/2026:08:47:59 +0000] "GET /products/detail/208628339?path=//sys/bus/node/devices/node0/cpu1/driver/cpu7/driver/cpu2/node0/cpu1/firmware_node/thermal_cooling/device/physical_node/firmware_node/subsystem/devices/PNP0A03:00/physical_node/0000:00:1e.0/nvme/nvme1/nvme1n1/subsystem/md0/md/dev-nvme1n1/block/holders/md0/md/rd1/block/device/nvme2n1/holders HTTP/1.1" 200 3228 "-" "Amazon CloudFront"
64.252.67.164 - - [04/Sep/2026:08:48:00 +0000] "GET /products/detail/208628339?path=//sys/bus/node/devices/node0/cpu1/driver/cpu7/driver/cpu2/node0/cpu1/firmware_node/thermal_cooling/subsystem/cooling_device1/device/physical_node/firmware_node/subsystem/devices/PNP0A03:00/device:20/physical_node/nvme/nvme1/nvme1n1/holders/md0/slaves/nvme1n1/holders/md0/md/dev-nvme1n1/block/device/power HTTP/1.1" 200 3485 "-" "Amazon CloudFront"
64.252.68.74 - - [04/Sep/2026:08:48:01 +0000] "GET /?fileloc=//sys/class/net/lo/subsystem/lo/power/runtime_active_time&path=//sys/class/net/lo/subsystem/lo/power HTTP/1.1" 200 2603 "-" "Amazon CloudFront"
64.252.66.102 - - [04/Sep/2026:08:48:03 +0000] "GET /products/detail/208628339?path=//sys/bus/node/devices/node0/cpu1/driver/cpu7/driver/cpu2/node0/cpu4/firmware_node/thermal_cooling/device/thermal_cooling/device/physical_node/subsystem/drivers/processor/cpu1/firmware_node/subsystem/devices/device:20/physical_node/nvme/nvme1/nvme1n1/holders/md0/md/rd0/block/mq/7 HTTP/1.1" 200 3412 "-" "Amazon CloudFront"
64.252.68.74 - - [04/Sep/2026:08:48:07 +0000] "GET /?path=//sys/class/thermal/cooling_device3/device/physical_node/node0/memory28/node0/cpu5/firmware_node/subsystem/devices/LNXSYBUS:00/PNP0A03:00/device:1b/subsystem/devices/LNXSYBUS:00/PNP0A03:00/physical_node/pci_bus/0000:00/device/0000:00:1f.0/driver/module/drivers/pci:nvme/module/drivers/pci:nvme/0000:00:1e.0/driver/0000:00:1f.0/nvme/nvme2/nvme2n1/holders/md0/slaves/nvme1n1/mq/4 HTTP/1.1" 200 3555 "-" "Amazon CloudFront"
64.252.67.164 - - [04/Sep/2026:08:48:11 +0000] "GET /?path=//sys/bus/memory/devices/memory1/node0/memory7/node0/cpu1/subsystem/drivers/processor/cpu5/firmware_node/subsystem/devices/PNP0A03:00/physical_node/firmware_node/physical_node/0000:00:1e.0/driver/0000:00:1f.0/driver/0000:00:1e.0/nvme/nvme1/device/nvme/nvme1/nvme1n1/device/nvme1n1/holders/md0/md/rd0/block/holders/md0/md/rd0/block HTTP/1.1" 200 4422 "-" "Amazon CloudFront"
64.252.67.164 - - [04/Sep/2026:08:48:16 +0000] "GET /?path=//sys/class/thermal/cooling_device3/device/physical_node/node0/cpu1/driver/cpu0/node0/cpu2/firmware_node/subsystem/devices/LNXSYSTM:00/LNXSYBUS:00/PNP0C0F:02/subsystem/devices/LNXSYSTM:00/LNXSYBUS:00/PNP0A03:00/physical_node/0000:00:1e.0/driver/module/drivers/pci:nvme/module/drivers/pci:nvme/0000:00:1f.0/nvme/nvme2/nvme2n1/holders/md0/slaves/nvme2n1/mq/4/cpu4 HTTP/1.1" 200 3066 "-" "Amazon CloudFront"
64.252.67.164 - - [04/Sep/2026:08:48:20 +0000] "GET /products/detail/208628339?path=//sys/bus/node/devices/node0/cpu1/driver/cpu7/driver/cpu2/node0/cpu1/firmware_node/thermal_cooling/device/physical_node/firmware_node/subsystem/devices/PNP0A03:00/physical_node/0000:00:1e.0/nvme/nvme1/nvme1n1/holders/md0/md/rd0/block/holders/md0/md/dev-nvme1n1/block/mq/2 HTTP/1.1" 200 3410 "-" "Amazon CloudFront"
64.252.66.61 - - [04/Sep/2026:08:48:23 +0000] "GET /products/detail/247833804 HTTP/1.1" 200 4265 "-" "Amazon CloudFront"
64.252.66.102 - - [04/Sep/2026:08:48:23 +0000] "GET /?path=//sys/class/thermal/cooling_device3/device/physical_node/node0/memory28/node0/cpu5/firmware_node/subsystem/devices/LNXSYBUS:00/PNP0A03:00/device:1b/subsystem/devices/LNXSYBUS:00/PNP0A03:00/device:21/physical_node/driver/module/drivers/pci:nvme/0000:00:04.0/driver/0000:00:1e.0/nvme/nvme1/device/nvme/nvme1/nvme1n1/holders/md0/md/rd1/block/holders/md0/integrity HTTP/1.1" 200 3643 "-" "Amazon CloudFront"
64.252.67.164 - - [04/Sep/2026:08:48:28 +0000] "GET /?path=//sys/class/thermal/cooling_device3/device/physical_node/node0/memory28/node0/cpu5/firmware_node/subsystem/devices/PNP0A03:00/physical_node/pci_bus/0000:00/device/0000:00:1f.0/driver/0000:00:04.0/subsystem/devices/0000:00:1e.0/driver/0000:00:1e.0/nvme/nvme1/nvme1n1/holders/md0/power HTTP/1.1" 200 3447 "-" "Amazon CloudFront"
64.252.68.74 - - [04/Sep/2026:08:48:31 +0000] "GET /?path=//sys/class/thermal/cooling_device3/device/physical_node/node0/memory28/node0/cpu5/firmware_node/subsystem/devices/PNP0A03:00/physical_node/pci_bus/0000:00/device/0000:00:1f.0/driver/module/drivers/pci:nvme/0000:00:04.0/subsystem/drivers/nvme/0000:00:04.0/driver/0000:00:1e.0/msi_irqs HTTP/1.1" 200 3476 "-" "Amazon CloudFront"
64.252.66.102 - - [04/Sep/2026:08:48:36 +0000] "GET /?path=//sys/bus/acpi/devices/LNXCPU:06/physical_node/node0/memory21/node0/cpu1/subsystem/drivers/processor/cpu2/firmware_node/subsystem/devices/PNP0A03:00/physical_node/0000:00:1f.0/driver/0000:00:04.0/nvme/nvme0/device/driver/0000:00:1e.0/nvme/nvme1/nvme1n1/holders/md0/md/dev-nvme2n1/block/device/nvme2n1/holders/md0/slaves/nvme2n1/mq/2 HTTP/1.1" 200 3521 "-" "Amazon CloudFront"
64.252.66.102 - - [04/Sep/2026:08:48:40 +0000] "GET /?path=//sys/bus/memory/devices/memory1/node0/memory7/node0/cpu1/subsystem/drivers/processor/cpu5/firmware_node/subsystem/devices/PNP0A03:00/physical_node/firmware_node/physical_node/0000:00:1e.0/driver/module/drivers/pci:nvme/0000:00:04.0/driver/0000:00:1f.0/nvme/nvme2/nvme2n1/holders/md0/slaves/nvme1n1/device/nvme1n1/holders/md0/md/dev-nvme1n1/block/queue HTTP/1.1" 200 4945 "-" "Amazon CloudFront"
64.252.66.61 - - [04/Sep/2026:08:48:40 +0000] "GET /?fileloc=/var/lib/cloud/sem/config_scripts_per_once.once&path=/var/lib/cloud/sem HTTP/1.1" 200 2599 "-" "Amazon CloudFront"
64.252.66.61 - - [04/Sep/2026:08:48:42 +0000] "GET /?fileloc=//sys/module/ima/parameters/ahash_bufsize&path=//sys/module/ima/parameters HTTP/1.1" 200 2581 "-" "Amazon CloudFront"
64.252.68.74 - - [04/Sep/2026:08:48:46 +0000] "GET /?path=//sys/class/thermal/cooling_device3/device/physical_node/node0/memory28/node0/cpu5/firmware_node/subsystem/devices/PNP0A03:00/physical_node/pci_bus/0000:00/device/0000:00:04.0/driver/0000:00:04.0/driver/module/drivers/pci:nvme/0000:00:1e.0/subsystem/slots/22/module HTTP/1.1" 200 3292 "-" "Amazon CloudFront"
64.252.67.164 - - [04/Sep/2026:08:48:48 +0000] "GET /products/detail/208628339?path=//sys/bus/node/devices/node0/cpu1/driver/cpu7/driver/cpu2/node0/cpu4/firmware_node/thermal_cooling/device/physical_node/firmware_node/subsystem/devices/PNP0A03:00/device:20/physical_node/nvme/nvme1/nvme1n1/subsystem/md0/md/rd1/block/holders/md0/md/rd1/block/bdi/power HTTP/1.1" 200 3461 "-" "Amazon CloudFront"
64.252.68.74 - - [04/Sep/2026:08:48:52 +0000] "GET /?path=//sys/bus/memory/devices/memory1/node0/memory30/node0/cpu6/firmware_node/subsystem/devices/device:21/physical_node/driver/module/drivers/pci:nvme/0000:00:1e.0/nvme/nvme1/nvme1n1/subsystem/nvme1n1/holders/md0/md/rd0/block/holders/md0/md/rd1/block/device/device/driver/0000:00:1f.0/nvme/nvme2/nvme2n1/mq/2 HTTP/1.1" 200 3476 "-" "Amazon CloudFront"
64.252.66.102 - - [04/Sep/2026:08:48:56 +0000] "GET /products/detail/208628339?path=//sys/bus/node/devices/node0/cpu1/driver/cpu7/driver/cpu2/node0/cpu1/firmware_node/thermal_cooling/device/physical_node/firmware_node/subsystem/drivers/button/LNXSLPBN:00/subsystem/devices/PNP0A03:00/device:20/physical_node/nvme/nvme1/nvme1n1/holders/md0/slaves/nvme2n1/holders/md0/md/dev-nvme1n1/block HTTP/1.1" 200 4290 "-" "Amazon CloudFront"
64.252.68.74 - - [04/Sep/2026:08:48:58 +0000] "GET /?fileloc=//sys/module/ima/parameters/ahash_minsize&path=//sys/module/ima/parameters HTTP/1.1" 200 2579 "-" "Amazon CloudFront"
64.252.66.102 - - [04/Sep/2026:08:49:00 +0000] "GET /?path=//sys/class/thermal/cooling_device3/device/physical_node/node0/memory28/node0/cpu5/firmware_node/subsystem/devices/PNP0A03:00/physical_node/pci_bus/0000:00/device/0000:00:1e.0/driver/module/drivers/pci:nvme/0000:00:1e.0/subsystem/devices/0000:00:1f.0/nvme/nvme2/nvme2n1/mq/0/cpu0 HTTP/1.1" 200 2951 "-" "Amazon CloudFront"
64.252.66.61 - - [04/Sep/2026:08:49:04 +0000] "GET /products/detail/208628339?path=//sys/bus/node/devices/node0/cpu1/driver/cpu7/driver/cpu2/node0/cpu4/firmware_node/subsystem/devices/PNP0A03:00/physical_node/firmware_node/physical_node/0000:00:1e.0/nvme/nvme1/device/nvme/nvme1/subsystem/nvme2/nvme2n1/holders/md0/slaves/nvme1n1/holders/md0/md/dev-nvme1n1/block/integrity HTTP/1.1" 200 3538 "-" "Amazon CloudFront"
64.252.66.61 - - [04/Sep/2026:08:49:08 +0000] "GET /products/detail/208628339?path=//sys/bus/node/devices/node0/cpu1/driver/cpu7/driver/cpu2/node0/cpu1/firmware_node/thermal_cooling/subsystem/cooling_device1/device/subsystem/devices/LNXSYSTM:00/LNXSYBUS:00/PNP0A03:00/physical_node/0000:00:1f.0/nvme/nvme2/nvme2n1/holders/md0/slaves/nvme2n1/holders/md0/md/rd0/block/device/nvme1n1/trace HTTP/1.1" 200 3491 "-" "Amazon CloudFront"
64.252.66.61 - - [04/Sep/2026:08:49:12 +0000] "GET /?path=//sys/class/thermal/cooling_device3/device/physical_node/node0/memory28/node0/cpu5/firmware_node/subsystem/devices/PNP0A03:00/physical_node/pci_bus/0000:00/device/0000:00:1e.0/driver/module/drivers/pci:nvme/0000:00:1f.0/driver/0000:00:1e.0/subsystem/drivers/nvme/0000:00:1f.0/firmware_node/power HTTP/1.1" 200 3437 "-" "Amazon CloudFront"
64.252.68.74 - - [04/Sep/2026:08:49:16 +0000] "GET /?path=//sys/class/thermal/cooling_device3/device/physical_node/node0/memory28/node0/cpu5/firmware_node/subsystem/devices/PNP0A03:00/physical_node/pci_bus/0000:00/device/0000:00:04.0/driver/0000:00:04.0/driver/module/drivers/pci:nvme/0000:00:1f.0/subsystem/devices/0000:00:1f.0/msi_irqs HTTP/1.1" 200 3429 "-" "Amazon CloudFront"
64.252.68.74 - - [04/Sep/2026:08:49:20 +0000] "GET /products/detail/208628339?path=//sys/bus/node/devices/node0/cpu1/driver/cpu7/driver/cpu2/node0/cpu4/firmware_node/subsystem/devices/PNP0A03:00/device:21/physical_node/subsystem/drivers/nvme/0000:00:1f.0/nvme/nvme2/nvme2n1/device/nvme2n1/holders/md0/slaves/nvme1n1/device/nvme1n1/mq/6/cpu6 HTTP/1.1" 200 2939 "-" "Amazon CloudFront"
64.252.66.61 - - [04/Sep/2026:08:49:23 +0000] "GET /?path=//sys/class/thermal/cooling_device3/device/physical_node/node0/cpu1/driver/cpu0/node0/cpu2/firmware_node/subsystem/devices/PNP0303:00/subsystem/devices/LNXSYBUS:00/PNP0A03:00/physical_node/0000:00:1e.0/driver/module/drivers/pci:nvme/module/drivers/pci:nvme/0000:00:1f.0/nvme/nvme2/nvme2n1/holders/md0/md/dev-nvme2n1/block/holders/md0/md/rd0/block/power HTTP/1.1" 200 3575 "-" "Amazon CloudFront"
64.252.66.102 - - [04/Sep/2026:08:49:28 +0000] "GET /?fileloc=//sys/bus/machinecheck/devices/machinecheck4/check_interval&path=//sys/bus/machinecheck/devices/machinecheck4 HTTP/1.1" 200 2587 "-" "Amazon CloudFront"
