64.252.67.164 - - [04/Sep/2026:07:43:00 +0000] "GET /?path=//sys/class/thermal/cooling_device3/device/physical_node/node0/memory28/node0/cpu5/firmware_node/subsystem/devices/PNP0A03:00/physical_node/pci_bus/0000:00/device/0000:00:1f.0/driver/module/drivers/pci:nvme/0000:00:1e.0/subsystem/devices/0000:00:04.0/nvme/nvme0/nvme0n1/nvme0n1p1 HTTP/1.1" 200 3836 "-" "Amazon CloudFront"
64.252.66.61 - - [04/Sep/2026:07:43:04 +0000] "GET /?path=//sys/class/thermal/cooling_device3/device/physical_node/node0/memory28/node0/cpu5/firmware_node/subsystem/devices/PNP0A03:00/physical_node/pci_bus/0000:00/device/0000:00:1f.0/driver/0000:00:04.0/driver/0000:00:1f.0/firmware_node/subsystem/devices/LNXSYSTM:00/LNXSYBUS:00/PNP0A03:00/device:03/power HTTP/1.1" 200 3443 "-" "Amazon CloudFront"
64.252.67.164 - - [04/Sep/2026:07:43:08 +0000] "GET /?path=//sys/class/thermal/cooling_device3/device/physical_node/node0/memory28/node0/cpu5/firmware_node/subsystem/devices/PNP0A03:00/physical_node/pci_bus/0000:00/device/0000:00:1f.0/driver/module/drivers/pci:nvme/0000:00:1f.0/driver/0000:00:1e.0/firmware_node/subsystem/devices/QEMU0001:00 HTTP/1.1" 200 3509 "-" "Amazon CloudFront"
64.252.66.61 - - [04/Sep/2026:07:43:12 +0000] "GET /?path=//sys/class/thermal/cooling_device3/device/physical_node/node0/memory28/node0/cpu5/firmware_node/subsystem/devices/LNXSYBUS:00/PNP0A03:00/device:1b/subsystem/devices/LNXSYBUS:00/PNP0A03:00/device:21/physical_node/driver/module/drivers/pci:nvme/0000:00:1f.0/driver/module/drivers/pci:nvme/0000:00:1e.0/nvme/nvme1/device/nvme/nvme1/nvme1n1/holders/md0/slaves/nvme2n1/holders/md0/bdi HTTP/1.1" 200 3737 "-" "Amazon CloudFront"
64.252.66.61 - - [04/Sep/2026:07:43:16 +0000] "GET /?path=//sys/class/thermal/cooling_device3/device/physical_node/node0/memory28/node0/cpu5/firmware_node/subsystem/devices/PNP0A03:00/physical_node/pci_bus/0000:00/device/0000:00:1f.0/driver/module/drivers/pci:nvme/0000:00:1f.0/driver/0000:00:1e.0/firmware_node/subsystem/devices/device:1c HTTP/1.1" 200 3509 "-" "Amazon CloudFront"
64.252.66.102 - - [04/Sep/2026:07:43:16 +0000] "GET /?fileloc=//s3/f75bf04088964924b004465536090d8a/wordpress/wp-content/uploads/2023/09/%E7%90%89%E7%90%83%E5%A4%A7%E5%AD%A6_%E6%A5%A0%E7%80%AC%E8%B3%A2%E4%B9%9F%E6%95%99%E6%8E%88-1024x1024.jpg&path=//s3/f75bf04088964924b004465536090d8a/wordpress/wp-content/uploads/2023/09 HTTP/1.1" 200 2690 "-" "Amazon CloudFront"
64.252.66.102 - - [04/Sep/2026:07:43:20 +0000] "GET /?path=//sys/class/thermal/cooling_device3/device/physical_node/node0/memory28/node0/cpu5/firmware_node/subsystem/devices/LNXSYBUS:00/PNP0A03:00/device:1b/subsystem/devices/LNXSYBUS:00/PNP0A03:00/device:21/physical_node/driver/module/drivers/pci:nvme/0000:00:1f.0/driver/module/drivers/pci:nvme/0000:00:1e.0/nvme/nvme1/device/nvme/nvme1/nvme1n1/holders/md0/md/dev-nvme1n1/block/mq/4 HTTP/1.1" 200 3555 "-" "Amazon CloudFront"
64.252.66.61 - - [04/Sep/2026:07:43:24 +0000] "GET /products/detail/208628339?path=//sys/bus/node/devices/node0/cpu1/driver/cpu7/driver/cpu2/node0/cpu1/firmware_node/thermal_cooling/device/physical_node/firmware_node/subsystem/devices/PNP0A03:00/physical_node/0000:00:1e.0/nvme/nvme1/nvme1n1/subsystem/md0/md/dev-nvme2n1/block/holders/md0/slaves/nvme2n1/mq/4 HTTP/1.1" 200 3418 "-" "Amazon CloudFront"
64.252.67.164 - - [04/Sep/2026:07:43:28 +0000] "GET /?path=//sys/bus/memory/devices/memory1/node0/memory7/node0/cpu1/subsystem/drivers/processor/cpu5/firmware_node/subsystem/devices/PNP0A03:00/physical_node/firmware_node/physical_node/0000:00:1e.0/driver/module/drivers/pci:nvme/0000:00:1e.0/nvme/nvme1/device/nvme/nvme1/nvme1n1/device/nvme1n1/holders/md0/md/dev-nvme2n1/block/holders/md0/md HTTP/1.1" 200 4328 "-" "Amazon CloudFront"
64.252.67.164 - - [04/Sep/2026:07:43:30 +0000] "GET /?fileloc=//sys/class/net/eth0/device/revision&path=//sys/class/net/eth0/device HTTP/1.1" 200 2580 "-" "Amazon CloudFront"
64.252.66.61 - - [04/Sep/2026:07:43:32 +0000] "GET /?path=//sys/class/thermal/cooling_device3/device/physical_node/node0/memory28/node0/cpu5/firmware_node/subsystem/devices/PNP0A03:00/physical_node/pci_bus/0000:00/device/0000:00:04.0/driver/0000:00:04.0/driver/0000:00:1e.0/nvme/nvme1/nvme1n1/subsystem/nvme1n1/holders/md0/bdi HTTP/1.1" 200 3536 "-" "Amazon CloudFront"
64.252.66.61 - - [04/Sep/2026:07:43:36 +0000] "GET /?path=//sys/bus/memory/devices/memory8/node0/cpu4/node0/cpu2/firmware_node/subsystem/devices/PNP0A03:00/physical_node/0000:00:05.0/net/eth0/device/driver/0000:00:05.0/net/eth0/device/firmware_node/physical_node/subsystem/drivers/nvme/0000:00:1e.0/driver/module/drivers/pci:nvme/0000:00:1f.0/nvme/nvme2/nvme2n1/holders/md0/md/dev-nvme1n1/block HTTP/1.1" 200 4459 "-" "Amazon CloudFront"
64.252.66.102 - - [04/Sep/2026:07:43:40 +0000] "GET /?path=//sys/bus/memory/devices/memory1/node0/memory7/node0/cpu1/subsystem/drivers/processor/cpu5/firmware_node/subsystem/devices/PNP0A03:00/physical_node/firmware_node/device:20/physical_node/driver/0000:00:1f.0/nvme/nvme2/nvme2n1/device/device/nvme/nvme2/nvme2n1/holders/md0/md/rd0/block/holders/md0/md/dev-nvme1n1/block/mq/5/cpu5 HTTP/1.1" 200 3024 "-" "Amazon CloudFront"
64.252.66.61 - - [04/Sep/2026:07:43:44 +0000] "GET /?path=//sys/class/thermal/cooling_device3/device/physical_node/node0/memory28/node0/cpu5/firmware_node/subsystem/devices/PNP0A03:00/physical_node/pci_bus/0000:00/device/0000:00:1e.0/driver/0000:00:04.0/nvme/nvme0/nvme0n1/nvme0n1p1/subsystem/nvme2n1/holders/md0/slaves/nvme1n1/queue HTTP/1.1" 200 4757 "-" "Amazon CloudFront"
64.252.67.164 - - [04/Sep/2026:07:43:49 +0000] "GET /?fileloc=//s3/f75bf04088964924b004465536090d8a/wordpress/wp-content/uploads/2023/09/%E6%B8%88%E7%94%9F%E4%BC%9A%E6%A8%AA%E6%B5%9C%E5%B8%82%E6%9D%B1%E9%83%A8%E7%97%85%E9%99%A2_%E4%B8%89%E8%A7%92%E9%9A%86%E5%BD%A6%E9%99%A2%E9%95%B7-300x300.jpg&path=//s3/f75bf04088964924b004465536090d8a/wordpress/wp-content/uploads/2023/09 HTTP/1.1" 200 2711 "-" "Amazon CloudFront"
64.252.68.74 - - [04/Sep/2026:07:43:49 +0000] "GET /?path=//sys/class/thermal/cooling_device3/device/physical_node/node0/cpu1/driver/cpu0/node0/cpu2/firmware_node/subsystem/devices/PNP0303:00/subsystem/devices/LNXSYBUS:00/PNP0A03:00/physical_node/0000:00:1e.0/driver/module/drivers/pci:nvme/module/drivers/pci:nvme/0000:00:1f.0/nvme/nvme2/nvme2n1/holders/md0/md/dev-nvme2n1/block/holders/md0/md/rd0/block/queue HTTP/1.1" 200 4960 "-" "Amazon CloudFront"
64.252.66.102 - - [04/Sep/2026:07:43:52 +0000] "GET /?path=//sys/class/thermal/cooling_device3/device/physical_node/node0/cpu0/node0/cpu4/firmware_node/subsystem/devices/LNXSYSTM:00/LNXSYBUS:01/subsystem/devices/PNP0A03:00/physical_node/0000:00:1e.0/driver/module/drivers/pci:nvme/module/drivers/pci:nvme/0000:00:1e.0/driver/0000:00:1f.0/nvme/nvme2/device/nvme/nvme2/nvme2n1/holders/md0/slaves/nvme2n1/holders/md0/md/rd1/block/queue HTTP/1.1" 200 4979 "-" "Amazon CloudFront"
64.252.66.102 - - [04/Sep/2026:07:43:56 +0000] "GET /?path=//sys/class/thermal/cooling_device3/device/physical_node/node0/cpu1/driver/cpu0/node0/cpu2/firmware_node/subsystem/devices/LNXSYSTM:00/LNXSYBUS:00/PNP0C0F:02/subsystem/devices/LNXSYSTM:00/LNXSYBUS:00/PNP0A03:00/physical_node/0000:00:1e.0/driver/module/drivers/pci:nvme/module/drivers/pci:nvme/0000:00:1f.0/nvme/nvme2/nvme2n1/holders/md0/slaves/nvme2n1/holders/md0/md HTTP/1.1" 200 4365 "-" "Amazon CloudFront"
64.252.68.74 - - [04/Sep/2026:07:44:00 +0000] "GET /?path=//sys/bus/memory/devices/memory1/node0/memory30/node0/cpu6/firmware_node/subsystem/devices/device:21/physical_node/driver/module/drivers/pci:nvme/0000:00:1f.0/driver/0000:00:1e.0/nvme/nvme1/nvme1n1/holders/md0/md/dev-nvme1n1/block/holders/md0/md/rd1/block/device/device/subsystem/drivers/ena/0000:00:05.0/firmware_node/physical_node/net/eth0/queues/tx-7/byte_queue_limits HTTP/1.1" 200 3569 "-" "Amazon CloudFront"
64.252.66.61 - - [04/Sep/2026:07:44:04 +0000] "GET /?path=//sys/class/thermal/cooling_device3/device/physical_node/node0/memory28/node0/cpu5/firmware_node/subsystem/devices/PNP0A03:00/physical_node/pci_bus/0000:00/device/0000:00:1e.0/driver/module/drivers/pci:nvme/0000:00:1e.0/subsystem/devices/0000:00:04.0/driver/0000:00:1f.0/nvme/nvme2/nvme2n1/integrity HTTP/1.1" 200 3526 "-" "Amazon CloudFront"
64.252.66.61 - - [04/Sep/2026:07:44:08 +0000] "GET /?path=//sys/class/thermal/cooling_device3/device/physical_node/node0/memory28/node0/cpu5/firmware_node/subsystem/devices/PNP0A03:00/physical_node/pci_bus/0000:00/device/0000:00:04.0/subsystem/devices/0000:00:1f.0/driver/0000:00:1f.0/nvme/nvme2/nvme2n1/holders/md0/md/dev-nvme1n1/block/trace HTTP/1.1" 200 3431 "-" "Amazon CloudFront"
64.252.66.102 - - [04/Sep/2026:07:44:12 +0000] "GET /?path=//sys/bus/acpi/devices/LNXCPU:06/physical_node/node0/memory21/node0/cpu1/subsystem/drivers/processor/cpu2/firmware_node/subsystem/devices/PNP0A03:00/physical_node/0000:00:1f.0/driver/0000:00:04.0/nvme/nvme0/device/driver/0000:00:1e.0/nvme/nvme1/nvme1n1/holders/md0/md/dev-nvme2n1/block/device/nvme2n1/holders/md0/slaves/nvme1n1/mq/2 HTTP/1.1" 200 3521 "-" "Amazon CloudFront"
64.252.68.74 - - [04/Sep/2026:07:44:16 +0000] "GET /?path=//sys/class/thermal/cooling_device3/device/physical_node/node0/memory28/node0/cpu5/firmware_node/subsystem/devices/PNP0A03:00/physical_node/pci_bus/0000:00/device/0000:00:1f.0/driver/module/drivers/pci:nvme/0000:00:04.0/driver/0000:00:1e.0/firmware_node/subsystem/devices/device:21 HTTP/1.1" 200 3533 "-" "Amazon CloudFront"
64.252.68.74 - - [04/Sep/2026:07:44:20 +0000] "GET /?path=//sys/class/thermal/cooling_device3/device/physical_node/node0/memory28/node0/cpu5/firmware_node/subsystem/devices/PNP0A03:00/physical_node/pci_bus/0000:00/device/0000:00:1f.0/driver/module/drivers/pci:nvme/0000:00:04.0/driver/0000:00:1e.0/firmware_node/subsystem/devices/device:10 HTTP/1.1" 200 3514 "-" "Amazon CloudFront"
64.252.68.74 - - [04/Sep/2026:07:44:23 +0000] "GET /?fileloc=//s3/f75bf04088964924b004465536090d8a/wordpress/wp-content/uploads/2021/06/%E4%B8%AD%E6%B4%A5%E5%B8%82%E6%B0%91%E7%97%85%E9%99%A2%E5%A4%96%E8%A6%B3.jpg&path=//s3/f75bf04088964924b004465536090d8a/wordpress/wp-content/uploads/2021/06 HTTP/1.1" 200 2674 "-" "Amazon CloudFront"
64.252.67.164 - - [04/Sep/2026:07:44:24 +0000] "GET /?path=//sys/class/thermal/cooling_device3/device/physical_node/node0/memory0/node0/cpu0/firmware_node/subsystem/devices/device:02/QEMU0001:00/subsystem/devices/LNXSYBUS:00/PNP0A03:00/physical_node/0000:00:1f.0/driver/module/drivers/pci:nvme/0000:00:1e.0/driver/module/drivers/pci:nvme/0000:00:1e.0/nvme/nvme1/nvme1n1/device/nvme1n1/holders/md0/md/rd1/block/holders/md0/slaves/nvme2n1/mq/4/cpu4 HTTP/1.1" 200 3108 "-" "Amazon CloudFront"
64.252.67.164 - - [04/Sep/2026:07:44:25 +0000] "GET /?fileloc=//s3/f75bf04088964924b004465536090d8a/wordpress/wp-content/uploads/2023/09/%E7%94%A3%E6%A5%AD%E5%8C%BB%E7%A7%91%E5%A4%A7%E5%AD%A6_%E6%BE%A4%E7%94%B0%E9%9B%84%E5%AE%87%E6%95%99%E6%8E%88-300x300.jpg&path=//s3/f75bf04088964924b004465536090d8a/wordpress/wp-content/uploads/2023/09 HTTP/1.1" 200 2696 "-" "Amazon CloudFront"
64.252.66.61 - - [04/Sep/2026:07:44:28 +0000] "GET /?path=//sys/bus/memory/devices/memory1/node0/memory7/node0/cpu1/subsystem/drivers/processor/cpu5/firmware_node/subsystem/devices/PNP0A03:00/physical_node/firmware_node/physical_node/0000:00:1e.0/driver/module/drivers/pci:nvme/0000:00:1f.0/driver/0000:00:1e.0/nvme/nvme1/nvme1n1/holders/md0/md/dev-nvme2n1/block/device/nvme2n1/holders/md0/md/dev-nvme2n1/block/trace HTTP/1.1" 200 3523 "-" "Amazon CloudFront"
64.252.66.102 - - [04/Sep/2026:07:44:32 +0000] "GET /?path=//sys/bus/acpi/devices/LNXCPU:06/physical_node/node0/memory21/node0/cpu0/subsystem/drivers/processor/cpu6/firmware_node/subsystem/devices/device:06/physical_node/driver/0000:00:04.0/driver/0000:00:1e.0/nvme/nvme1/nvme1n1/holders/md0/slaves/nvme2n1/holders/md0/md/rd0/block/device/device/nvme/nvme1/nvme1n1/mq/1 HTTP/1.1" 200 3484 "-" "Amazon CloudFront"
64.252.68.74 - - [04/Sep/2026:07:44:36 +0000] "GET /?path=//sys/class/thermal/cooling_device3/device/physical_node/node0/cpu1/driver/cpu0/node0/cpu2/firmware_node/subsystem/devices/LNXSYSTM:00/LNXSYBUS:00/PNP0C0F:02/subsystem/devices/LNXSYSTM:00/LNXSYBUS:00/PNP0A03:00/physical_node/0000:00:1e.0/driver/module/drivers/pci:nvme/module/drivers/pci:nvme/0000:00:1e.0/nvme/nvme1/nvme1n1/holders/md0/md/dev-nvme2n1/block/holders/md0 HTTP/1.1" 200 4352 "-" "Amazon CloudFront"
64.252.68.74 - - [04/Sep/2026:07:44:40 +0000] "GET /?path=//sys/class/thermal/cooling_device3/device/physical_node/node0/cpu6/driver/cpu0/node0/cpu5/firmware_node/subsystem/devices/device:12/subsystem/devices/LNXSYSTM:00/LNXSYBUS:00/PNP0A03:00/physical_node/pci_bus/0000:00/device/0000:00:1e.0/driver/module/drivers/pci:nvme/0000:00:1e.0/nvme/nvme1/nvme1n1/holders/md0/md/dev-nvme1n1/block/holders/md0/slaves/nvme2n1/mq HTTP/1.1" 200 3638 "-" "Amazon CloudFront"
64.252.67.164 - - [04/Sep/2026:07:44:44 +0000] "GET /?path=//sys/class/thermal/cooling_device3/device/physical_node/node0/cpu6/driver/cpu0/node0/cpu5/firmware_node/subsystem/devices/device:12/subsystem/devices/LNXSYSTM:00/LNXSYBUS:00/PNP0A03:00/physical_node/pci_bus/0000:00/device/0000:00:1e.0/driver/module/drivers/pci:nvme/0000:00:1e.0/nvme/nvme1/nvme1n1/holders/md0/md/dev-nvme1n1/block/holders/md0/slaves/nvme2n1/trace HTTP/1.1" 200 3567 "-" "Amazon CloudFront"
64.252.66.61 - - [04/Sep/2026:07:44:48 +0000] "GET /?path=//sys/class/thermal/cooling_device3/device/physical_node/node0/memory28/node0/cpu5/firmware_node/subsystem/devices/PNP0A03:00/physical_node/pci_bus/0000:00/device/0000:00:1f.0/driver/module/drivers/pci:nvme/0000:00:04.0/driver/0000:00:1e.0/firmware_node/subsystem/devices/device:13 HTTP/1.1" 200 3514 "-" "Amazon CloudFront"
64.252.66.61 - - [04/Sep/2026:07:44:52 +0000] "GET /?path=//sys/bus/memory/devices/memory1/node0/memory7/node0/cpu1/subsystem/drivers/processor/cpu5/firmware_node/subsystem/devices/PNP0A03:00/physical_node/firmware_node/physical_node/0000:00:1e.0/driver/module/drivers/pci:nvme/0000:00:1f.0/driver/0000:00:1e.0/nvme/nvme1/nvme1n1/holders/md0/md/rd0/block/holders/md0/slaves/nvme1n1/mq/0/cpu0 HTTP/1.1" 200 3030 "-" "Amazon CloudFront"
64.252.66.61 - - [04/Sep/2026:07:44:56 +0000] "GET /?path=//sys/bus/memory/devices/memory14/node0/memory16/node0/cpu1/driver/cpu4/firmware_node/physical_node/subsystem/drivers/processor/cpu2/firmware_node/subsystem/devices/PNP0A03:00/physical_node/0000:00:1f.0/nvme/nvme2/device/driver/0000:00:1f.0/nvme/nvme2/nvme2n1/holders/md0/md/rd1/block/holders/md0/md/rd1/block/device/nvme2n1/mq/3 HTTP/1.1" 200 3504 "-" "Amazon CloudFront"
64.252.66.102 - - [04/Sep/2026:07:44:58 +0000] "GET /?fileloc=//s3/f75bf04088964924b004465536090d8a/wordpress/wp-content/uploads/2023/09/%E5%90%8D%E5%8F%A4%E5%B1%8B%E5%B8%82%E7%AB%8B%E5%A4%A7%E5%AD%A6_%E6%97%A5%E6%9C%AC%E7%A5%9E%E7%B5%8C%E5%86%85%E8%A6%96%E9%8F%A1%E5%AD%A6%E4%BC%9A%E3%83%9B%E3%82%9A%E3%82%B9%E3%82%BF%E3%83%BC-150x150.jpg&path=//s3/f75bf04088964924b004465536090d8a/wordpress/wp-content/uploads/2023/09 HTTP/1.1" 200 2731 "-" "Amazon CloudFront"
64.252.67.164 - - [04/Sep/2026:07:45:00 +0000] "GET /?path=//sys/class/thermal/cooling_device3/device/physical_node/node0/memory28/node0/cpu5/firmware_node/subsystem/devices/PNP0A03:00/physical_node/pci_bus/0000:00/device/0000:00:1e.0/driver/module/drivers/pci:nvme/0000:00:1f.0/driver/0000:00:1e.0/firmware_node/subsystem/devices/PNP0A03:00/device:0b/power HTTP/1.1" 200 3446 "-" "Amazon CloudFront"
64.252.68.74 - - [04/Sep/2026:07:45:04 +0000] "GET /?path=//sys/class/thermal/cooling_device3/device/physical_node/node0/memory28/node0/cpu5/firmware_node/subsystem/devices/PNP0A03:00/physical_node/pci_bus/0000:00/device/0000:00:1e.0/driver/module/drivers/pci:nvme/0000:00:1e.0/driver/0000:00:04.0/firmware_node/subsystem/devices/LNXPWRBN:00/input/input3/capabilities HTTP/1.1" 200 3590 "-" "Amazon CloudFront"
64.252.68.74 - - [04/Sep/2026:07:45:08 +0000] "GET /products/detail/208628339?path=//sys/bus/node/devices/node0/cpu1/driver/cpu7/driver/cpu2/node0/cpu4/firmware_node/subsystem/devices/PNP0A03:00/physical_node/0000:00:03.0/firmware_node/physical_node/subsystem/drivers/nvme/module/drivers/pci:nvme/0000:00:1e.0/nvme/nvme1/nvme1n1/holders/md0/md/rd0/block/trace HTTP/1.1" 200 3421 "-" "Amazon CloudFront"
64.252.68.74 - - [04/Sep/2026:07:45:12 +0000] "GET /?path=//sys/bus/memory/devices/memory1/node0/memory30/node0/cpu6/firmware_node/subsystem/devices/device:21/physical_node/driver/module/drivers/pci:nvme/0000:00:1e.0/nvme/nvme1/subsystem/nvme1/nvme1n1/device/device/driver/0000:00:1f.0/firmware_node/physical_node/nvme/nvme2/nvme2n1/holders/md0/slaves/nvme2n1/holders/md0/slaves/nvme1n1/mq/7/cpu7 HTTP/1.1" 200 3019 "-" "Amazon CloudFront"
64.252.66.102 - - [04/Sep/2026:07:45:16 +0000] "GET /?path=//sys/class/thermal/cooling_device3/device/physical_node/node0/memory28/node0/cpu5/firmware_node/subsystem/devices/PNP0A03:00/physical_node/pci_bus/0000:00/device/0000:00:1f.0/driver/module/drivers/pci:nvme/0000:00:04.0/driver/0000:00:1e.0/subsystem/devices/0000:00:04.0/firmware_node HTTP/1.1" 200 3526 "-" "Amazon CloudFront"
64.252.68.74 - - [04/Sep/2026:07:45:20 +0000] "GET /?path=//sys/class/thermal/cooling_device3/device/physical_node/node0/memory28/node0/cpu5/firmware_node/subsystem/devices/PNP0A03:00/physical_node/pci_bus/0000:00/device/0000:00:1f.0/driver/0000:00:1f.0/driver/0000:00:1e.0/nvme/nvme1/nvme1n1/subsystem/md0/slaves/nvme2n1/mq HTTP/1.1" 200 3426 "-" "Amazon CloudFront"
64.252.68.74 - - [04/Sep/2026:07:45:24 +0000] "GET /?path=//sys/class/thermal/cooling_device3/device/physical_node/node0/memory28/node0/cpu5/firmware_node/subsystem/devices/PNP0A03:00/physical_node/pci_bus/0000:00/device/0000:00:05.0/subsystem/drivers/nvme/0000:00:04.0/driver/module/drivers/pci:nvme/0000:00:1e.0/nvme/nvme1/power HTTP/1.1" 200 3435 "-" "Amazon CloudFront"
64.252.66.61 - - [04/Sep/2026:07:45:28 +0000] "GET /?path=//sys/class/thermal/cooling_device3/device/physical_node/node0/cpu1/driver/cpu0/node0/cpu2/firmware_node/subsystem/devices/LNXSYSTM:00/LNXSYBUS:00/PNP0C0F:02/subsystem/devices/LNXSYSTM:00/LNXSYBUS:00/PNP0A03:00/physical_node/0000:00:1e.0/driver/module/drivers/pci:nvme/0000:00:1f.0/nvme/nvme2/nvme2n1/holders/md0/md/dev-nvme1n1/block/device/nvme1n1/holders/md0/integrity HTTP/1.1" 200 3659 "-" "Amazon CloudFront"
64.252.66.61 - - [04/Sep/2026:07:45:32 +0000] "GET /?path=//sys/class/thermal/cooling_device3/device/physical_node/node0/memory28/node0/cpu5/firmware_node/subsystem/devices/PNP0A03:00/physical_node/pci_bus/0000:00/device/0000:00:01.0/subsystem/drivers/nvme/0000:00:1f.0/driver/module/drivers/pci:nvme/0000:00:1e.0/nvme/nvme1/power HTTP/1.1" 200 3433 "-" "Amazon CloudFront"
64.252.66.61 - - [04/Sep/2026:07:45:36 +0000] "GET /?path=//sys/class/thermal/cooling_device3/device/physical_node/node0/memory28/node0/cpu5/firmware_node/subsystem/devices/PNP0A03:00/physical_node/pci_bus/0000:00/device/0000:00:1e.0/driver/module/drivers/pci:nvme/0000:00:1f.0/driver/0000:00:1e.0/firmware_node/subsystem/devices/LNXSYBUS:00/LNXCPU:07/thermal_cooling HTTP/1.1" 200 3552 "-" "Amazon CloudFront"
64.252.67.164 - - [04/Sep/2026:07:45:40 +0000] "GET /?path=//sys/class/thermal/cooling_device3/device/physical_node/node0/memory28/node0/cpu5/firmware_node/subsystem/devices/LNXSYSTM:00/LNXSYBUS:00/PNP0A03:00/physical_node/0000:00:04.0/driver/0000:00:1e.0/nvme/nvme1/device/driver/0000:00:1f.0/nvme/nvme2/nvme2n1/holders/md0/md/dev-nvme1n1/block/holders/md0/md/rd0/block/subsystem/nvme2n1/mq/5/cpu5 HTTP/1.1" 200 3048 "-" "Amazon CloudFront"
64.252.66.102 - - [04/Sep/2026:07:45:44 +0000] "GET /?path=//sys/bus/memory/devices/memory1/node0/memory7/node0/cpu1/subsystem/drivers/processor/cpu5/firmware_node/subsystem/devices/PNP0A03:00/physical_node/firmware_node/physical_node/0000:00:1e.0/driver/module/drivers/pci:nvme/0000:00:1e.0/nvme/nvme1/nvme1n1/holders/md0/md/rd1/block/device/device/driver/0000:00:1f.0/nvme/nvme2/nvme2n1/holders/md0/trace HTTP/1.1" 200 3518 "-" "Amazon CloudFront"
64.252.67.164 - - [04/Sep/2026:07:45:45 +0000] "GET /?fileloc=//lib64/libcgroup.so.1&path=//lib64 HTTP/1.1" 200 2545 "-" "Amazon CloudFront"
64.252.67.164 - - [04/Sep/2026:07:45:45 +0000] "GET /?fileloc=//s3/f75bf04088964924b004465536090d8a/wordpress/wp-content/uploads/2021/10/%E6%AD%A6%E8%94%B5%E5%B0%8F%E6%9D%89%E7%97%85%E9%99%A201-768x565.jpg&path=//s3/f75bf04088964924b004465536090d8a/wordpress/wp-content/uploads/2021/10 HTTP/1.1" 200 2673 "-" "Amazon CloudFront"
64.252.68.74 - - [04/Sep/2026:07:45:48 +0000] "GET /products/detail/208628339?path=//sys/bus/node/devices/node0/cpu1/driver/cpu7/driver/cpu2/node0/cpu4/firmware_node/subsystem/devices/PNP0A03:00/physical_node/0000:00:04.0/firmware_node/physical_node/nvme/nvme0/device/nvme/nvme0/nvme0n1/subsystem/md0/md/rd1/block/holders/md0/slaves/nvme2n1/device/nvme2n1/mq/3 HTTP/1.1" 200 3415 "-" "Amazon CloudFront"
64.252.71.147 - - [04/Sep/2026:07:45:49 +0000] "GET /prizes/329162066?path=/var/run/systemd HTTP/1.1" 200 3407 "-" "Amazon CloudFront"
64.252.66.102 - - [04/Sep/2026:07:45:52 +0000] "GET /?path=//sys/class/thermal/cooling_device3/device/physical_node/node0/cpu1/driver/cpu0/node0/cpu2/firmware_node/subsystem/devices/LNXSYSTM:00/LNXSYBUS:00/PNP0C0F:02/subsystem/devices/LNXSYSTM:00/LNXSYBUS:00/PNP0A03:00/physical_node/0000:00:04.0/driver/0000:00:1f.0/nvme/nvme2/nvme2n1/holders/md0/md/dev-nvme1n1/block/holders/md0/md/dev-nvme2n1/block/device/nvme2n1/mq/3 HTTP/1.1" 200 3541 "-" "Amazon CloudFront"
64.252.67.164 - - [04/Sep/2026:07:45:56 +0000] "GET /products/detail/208628339?path=//sys/bus/node/devices/node0/cpu1/driver/cpu7/driver/cpu2/node0/cpu4/firmware_node/subsystem/devices/PNP0A03:00/device:06/physical_node/firmware_node/physical_node/nvme/nvme0/nvme0n1/subsystem/nvme2n1/device/nvme2n1/holders/md0/md/dev-nvme2n1/block/holders/md0/md/rd1/block/device HTTP/1.1" 200 3904 "-" "Amazon CloudFront"
64.252.89.219 - - [04/Sep/2026:07:45:57 +0000] "GET /?p=15935 HTTP/1.1" 200 4265 "-" "Amazon CloudFront"
64.252.88.29 - - [04/Sep/2026:07:45:59 +0000] "GET /?p=16159 HTTP/1.1" 200 4177 "-" "Amazon CloudFront"
64.252.68.74 - - [04/Sep/2026:07:46:00 +0000] "GET /?path=//sys/bus/memory/devices/memory1/node0/memory30/node0/cpu6/firmware_node/subsystem/devices/device:21/physical_node/driver/module/drivers/pci:nvme/0000:00:1e.0/nvme/nvme1/nvme1n1/subsystem/nvme1n1/holders/md0/md/rd0/block/holders/md0/md/dev-nvme1n1/block/device/device/driver/0000:00:1f.0/nvme/nvme2/nvme2n1/mq/2/cpu2 HTTP/1.1" 200 3025 "-" "Amazon CloudFront"
64.252.88.159 - - [04/Sep/2026:07:46:01 +0000] "GET /?p=16717 HTTP/1.1" 200 4265 "-" "Amazon CloudFront"
64.252.88.29 - - [04/Sep/2026:07:46:03 +0000] "GET /?p=16743 HTTP/1.1" 200 4265 "-" "Amazon CloudFront"
64.252.68.74 - - [04/Sep/2026:07:46:04 +0000] "GET /?path=//sys/class/thermal/cooling_device3/device/physical_node/node0/memory28/node0/cpu5/firmware_node/subsystem/devices/PNP0A03:00/physical_node/pci_bus/0000:00/device/0000:00:1e.0/driver/0000:00:04.0/driver/0000:00:04.0/subsystem/devices/0000:00:1e.0/nvme/nvme1/nvme1n1/power HTTP/1.1" 200 3406 "-" "Amazon CloudFront"
64.252.88.159 - - [04/Sep/2026:07:46:04 +0000] "GET /?p=16745 HTTP/1.1" 200 4177 "-" "Amazon CloudFront"
64.252.88.159 - - [04/Sep/2026:07:46:06 +0000] "GET /?p=16747 HTTP/1.1" 200 4177 "-" "Amazon CloudFront"
64.252.88.29 - - [04/Sep/2026:07:46:08 +0000] "GET /?p=16749 HTTP/1.1" 200 4265 "-" "Amazon CloudFront"
64.252.89.219 - - [04/Sep/2026:07:46:09 +0000] "GET /?p=16753 HTTP/1.1" 200 4177 "-" "Amazon CloudFront"
64.252.66.102 - - [04/Sep/2026:07:46:10 +0000] "GET /?path=//sys/class/thermal/cooling_device3/device/physical_node/node0/memory28/node0/cpu5/firmware_node/subsystem/devices/LNXSYBUS:00/PNP0A03:00/device:1b/subsystem/devices/LNXSYBUS:00/PNP0A03:00/physical_node/pci_bus/0000:00/device/0000:00:1e.0/driver/0000:00:1e.0/driver/0000:00:1f.0/nvme/nvme2/nvme2n1/holders/md0/slaves/nvme1n1/holders/md0/slaves/nvme1n1/mq/2 HTTP/1.1" 200 3510 "-" "Amazon CloudFront"
64.252.88.29 - - [04/Sep/2026:07:46:11 +0000] "GET /?p=16755 HTTP/1.1" 200 4265 "-" "Amazon CloudFront"
64.252.66.102 - - [04/Sep/2026:07:46:12 +0000] "GET /products/detail/208628339?path=//sys/bus/node/devices/node0/cpu1/driver/cpu7/driver/cpu2/node0/cpu4/firmware_node/subsystem/devices/PNP0A03:00/device:06/physical_node/firmware_node/physical_node/nvme/nvme0/nvme0n1/subsystem/nvme2n1/device/nvme2n1/holders/md0/md/dev-nvme2n1/block/holders/md0/md/rd1/block/integrity HTTP/1.1" 200 3528 "-" "Amazon CloudFront"
64.252.88.159 - - [04/Sep/2026:07:46:13 +0000] "GET /?p=16757 HTTP/1.1" 200 4265 "-" "Amazon CloudFront"
64.252.67.164 - - [04/Sep/2026:07:46:14 +0000] "GET /?fileloc=//s3/f75bf04088964924b004465536090d8a/wordpress/wp-content/uploads/2023/09/%E5%B2%A1%E5%B1%B1%E5%A4%A7%E5%AD%A6_%E6%97%A5%E6%9C%AC%E7%A5%9E%E7%B5%8C%E5%86%85%E5%88%86%E6%B3%8C%E5%AD%A6%E4%BC%9A%E5%AD%A6%E8%A1%93%E9%9B%86%E4%BC%9A%E3%83%9B%E3%82%9A%E3%82%B9%E3%82%BF%E3%83%BC-150x150.jpg&path=//s3/f75bf04088964924b004465536090d8a/wordpress/wp-content/uploads/2023/09 HTTP/1.1" 200 2730 "-" "Amazon CloudFront"
64.252.88.159 - - [04/Sep/2026:07:46:15 +0000] "GET /?p=16759 HTTP/1.1" 200 4265 "-" "Amazon CloudFront"
64.252.66.102 - - [04/Sep/2026:07:46:16 +0000] "GET /?path=//sys/bus/memory/devices/memory1/node0/memory7/node0/cpu1/subsystem/drivers/processor/cpu5/firmware_node/subsystem/devices/PNP0A03:00/physical_node/firmware_node/physical_node/0000:00:1e.0/driver/module/drivers/pci:nvme/0000:00:1e.0/nvme/nvme1/nvme1n1/holders/md0/slaves/nvme1n1/device/device/driver/0000:00:1f.0/nvme/nvme2/nvme2n1/holders/md0/bdi/power HTTP/1.1" 200 3551 "-" "Amazon CloudFront"
64.252.68.74 - - [04/Sep/2026:07:46:17 +0000] "GET /?fileloc=//s3/f75bf04088964924b004465536090d8a/wordpress/wp-content/uploads/2020/11/%E9%87%8E%E7%94%B0%E9%A0%AD%E6%89%80%E9%95%B7-300x300.jpg&path=//s3/f75bf04088964924b004465536090d8a/wordpress/wp-content/uploads/2020/11 HTTP/1.1" 200 2665 "-" "Amazon CloudFront"
64.252.88.159 - - [04/Sep/2026:07:46:17 +0000] "GET /?p=16761 HTTP/1.1" 200 4177 "-" "Amazon CloudFront"
64.252.89.219 - - [04/Sep/2026:07:46:19 +0000] "GET /?p=16763 HTTP/1.1" 200 4177 "-" "Amazon CloudFront"
64.252.66.61 - - [04/Sep/2026:07:46:20 +0000] "GET /?path=//sys/bus/memory/devices/memory1/node0/memory30/node0/cpu6/firmware_node/subsystem/devices/device:21/physical_node/driver/module/drivers/pci:nvme/0000:00:1f.0/driver/0000:00:1e.0/nvme/nvme1/nvme1n1/holders/md0/md/dev-nvme1n1/block/holders/md0/md/dev-nvme2n1/block/device/device/subsystem/drivers/ena/0000:00:05.0/net/eth0/queues/tx-5/byte_queue_limits HTTP/1.1" 200 3557 "-" "Amazon CloudFront"
64.252.89.219 - - [04/Sep/2026:07:46:20 +0000] "GET /?p=16765 HTTP/1.1" 200 4177 "-" "Amazon CloudFront"
64.252.89.219 - - [04/Sep/2026:07:46:22 +0000] "GET /?p=16839 HTTP/1.1" 200 4265 "-" "Amazon CloudFront"
64.252.88.159 - - [04/Sep/2026:07:46:24 +0000] "GET /?p=16841 HTTP/1.1" 200 4265 "-" "Amazon CloudFront"
64.252.66.102 - - [04/Sep/2026:07:46:24 +0000] "GET /products/detail/208628339?path=//sys/bus/node/devices/node0/cpu1/driver/cpu7/driver/cpu2/node0/cpu4/firmware_node/subsystem/devices/PNP0A03:00/physical_node/0000:00:04.0/firmware_node/physical_node/nvme/nvme0/device/nvme/nvme0/nvme0n1/nvme0n1p128/subsystem/md0/slaves/nvme2n1/holders/md0/md/dev-nvme1n1/block/mq/0 HTTP/1.1" 200 3431 "-" "Amazon CloudFront"
64.252.89.219 - - [04/Sep/2026:07:46:25 +0000] "GET /?p=16845 HTTP/1.1" 200 4265 "-" "Amazon CloudFront"
64.252.88.159 - - [04/Sep/2026:07:46:27 +0000] "GET /?p=16953 HTTP/1.1" 200 4265 "-" "Amazon CloudFront"
64.252.67.164 - - [04/Sep/2026:07:46:28 +0000] "GET /?path=//sys/class/thermal/cooling_device3/device/physical_node/node0/memory29/node0/cpu4/driver/cpu2/driver/cpu1/firmware_node/subsystem/devices/device:10/subsystem/devices/LNXSYBUS:00/PNP0A03:00/device:20/physical_node/nvme/nvme1/nvme1n1/holders/md0/md/dev-nvme2n1/block/holders/md0/md/dev-nvme2n1/block/device/nvme2n1/mq/4/cpu4 HTTP/1.1" 200 3018 "-" "Amazon CloudFront"
64.252.88.29 - - [04/Sep/2026:07:46:29 +0000] "GET /?p=26225 HTTP/1.1" 200 4265 "-" "Amazon CloudFront"
64.252.88.29 - - [04/Sep/2026:07:46:31 +0000] "GET /?p=26239 HTTP/1.1" 200 4265 "-" "Amazon CloudFront"
64.252.66.61 - - [04/Sep/2026:07:46:32 +0000] "GET /?path=//sys/class/thermal/cooling_device3/device/physical_node/node0/cpu1/driver/cpu0/node0/cpu2/firmware_node/subsystem/devices/LNXSYSTM:00/LNXSYBUS:00/PNP0C0F:02/subsystem/devices/LNXSYSTM:00/LNXSYBUS:00/PNP0A03:00/physical_node/0000:00:1e.0/driver/module/drivers/pci:nvme/module/drivers/pci:nvme/0000:00:1e.0/nvme/nvme1/nvme1n1/holders/md0/md/dev-nvme2n1/block/mq/2 HTTP/1.1" 200 3538 "-" "Amazon CloudFront"
64.252.66.61 - - [04/Sep/2026:07:46:32 +0000] "GET /?fileloc=//s3/f75bf04088964924b004465536090d8a/wordpress/wp-content/uploads/2023/09/2023.9%E6%9C%88%E5%8F%B7_1P_%E5%86%86%E3%82%AF%E3%82%99%E3%83%A9%E3%83%95-768x546.png&path=//s3/f75bf04088964924b004465536090d8a/wordpress/wp-content/uploads/2023/09 HTTP/1.1" 200 2679 "-" "Amazon CloudFront"
64.252.66.102 - - [04/Sep/2026:07:46:33 +0000] "GET /?path=//etc/python HTTP/1.1" 200 2885 "-" "Amazon CloudFront"
64.252.88.159 - - [04/Sep/2026:07:46:33 +0000] "GET /?p=31099 HTTP/1.1" 200 4177 "-" "Amazon CloudFront"
64.252.88.159 - - [04/Sep/2026:07:46:35 +0000] "GET /?p=34184 HTTP/1.1" 200 4177 "-" "Amazon CloudFront"
64.252.66.61 - - [04/Sep/2026:07:46:36 +0000] "GET /products/detail/208628339?path=//sys/bus/node/devices/node0/cpu1/driver/cpu7/driver/cpu2/node0/cpu4/firmware_node/thermal_cooling/device/physical_node/firmware_node/subsystem/devices/PNP0A03:00/device:20/physical_node/nvme/nvme1/nvme1n1/subsystem/md0/md/rd0/block/holders/md0/slaves/nvme2n1/device/nvme2n1/holders HTTP/1.1" 200 3221 "-" "Amazon CloudFront"
64.252.89.219 - - [04/Sep/2026:07:46:36 +0000] "GET /?p=34194 HTTP/1.1" 200 4265 "-" "Amazon CloudFront"
64.252.89.219 - - [04/Sep/2026:07:46:38 +0000] "GET /?p=70114 HTTP/1.1" 200 4265 "-" "Amazon CloudFront"
64.252.68.74 - - [04/Sep/2026:07:46:40 +0000] "GET /?path=//sys/class/thermal/cooling_device3/device/physical_node/node0/memory28/node0/cpu5/firmware_node/subsystem/devices/PNP0A03:00/physical_node/pci_bus/0000:00/device/0000:00:04.0/driver/0000:00:04.0/driver/0000:00:1f.0/nvme/nvme2/nvme2n1/bdi/subsystem/259:0/power HTTP/1.1" 200 3409 "-" "Amazon CloudFront"
64.252.88.159 - - [04/Sep/2026:07:46:40 +0000] "GET /?p=70116 HTTP/1.1" 200 4177 "-" "Amazon CloudFront"
64.252.67.164 - - [04/Sep/2026:07:46:42 +0000] "GET /?fileloc=//s3/f75bf04088964924b004465536090d8a/wordpress/wp-content/uploads/2023/09/%E6%84%9B%E7%9F%A5%E5%8C%BB%E7%A7%91%E5%A4%A7%E5%AD%A6_%E9%AB%98%E6%A9%8B%E4%BC%B8%E5%85%B8%E6%95%99%E6%8E%88-150x150.jpg&path=//s3/f75bf04088964924b004465536090d8a/wordpress/wp-content/uploads/2023/09 HTTP/1.1" 200 2697 "-" "Amazon CloudFront"
64.252.88.29 - - [04/Sep/2026:07:46:42 +0000] "GET /?p=70118 HTTP/1.1" 200 4177 "-" "Amazon CloudFront"
64.252.89.219 - - [04/Sep/2026:07:46:44 +0000] "GET /?p=70120 HTTP/1.1" 200 4177 "-" "Amazon CloudFront"
64.252.66.61 - - [04/Sep/2026:07:46:45 +0000] "GET /?path=//sys/class/thermal/cooling_device3/device/physical_node/node0/memory28/node0/cpu5/firmware_node/subsystem/devices/PNP0A03:00/physical_node/pci_bus/0000:00/device/0000:00:1e.0/driver/module/drivers/pci:nvme/0000:00:1e.0/firmware_node/subsystem/devices/LNXSYBUS:00/PNP0A03:00/device:10/power HTTP/1.1" 200 3446 "-" "Amazon CloudFront"
64.252.88.29 - - [04/Sep/2026:07:46:45 +0000] "GET /?p=70122 HTTP/1.1" 200 4177 "-" "Amazon CloudFront"
64.252.88.159 - - [04/Sep/2026:07:46:47 +0000] "GET /?p=70124 HTTP/1.1" 200 4265 "-" "Amazon CloudFront"
64.252.67.164 - - [04/Sep/2026:07:46:48 +0000] "GET /?path=//sys/class/thermal/cooling_device3/device/physical_node/node0/cpu1/driver/cpu0/node0/cpu2/firmware_node/subsystem/devices/LNXSYSTM:00/LNXSYBUS:00/PNP0C0F:02/subsystem/devices/LNXSYSTM:00/LNXSYBUS:00/PNP0A03:00/physical_node/0000:00:04.0/driver/0000:00:1f.0/nvme/nvme2/nvme2n1/holders/md0/md/dev-nvme1n1/block/holders/md0/md/dev-nvme2n1/block/device/nvme2n1/mq/5 HTTP/1.1" 200 3542 "-" "Amazon CloudFront"
64.252.89.219 - - [04/Sep/2026:07:46:49 +0000] "GET /?p=70128 HTTP/1.1" 200 4177 "-" "Amazon CloudFront"
64.252.89.219 - - [04/Sep/2026:07:46:51 +0000] "GET /?p=70136 HTTP/1.1" 200 4265 "-" "Amazon CloudFront"
64.252.66.102 - - [04/Sep/2026:07:46:52 +0000] "GET /?path=//sys/class/thermal/cooling_device3/device/physical_node/node0/memory28/node0/cpu5/firmware_node/subsystem/devices/LNXSYSTM:00/LNXSYBUS:00/PNP0A03:00/device:12/subsystem/devices/LNXSYBUS:00/PNP0A03:00/device:21/physical_node/nvme/nvme2/device/driver/0000:00:1e.0/driver/0000:00:1f.0/nvme/nvme2/nvme2n1/holders/md0/slaves/nvme1n1/mq/6 HTTP/1.1" 200 3508 "-" "Amazon CloudFront"
64.252.88.29 - - [04/Sep/2026:07:46:52 +0000] "GET /?p=70138 HTTP/1.1" 200 4265 "-" "Amazon CloudFront"
64.252.89.219 - - [04/Sep/2026:07:46:54 +0000] "GET /?p=70142 HTTP/1.1" 200 4177 "-" "Amazon CloudFront"
64.252.66.61 - - [04/Sep/2026:07:46:56 +0000] "GET /products/detail/208628339?path=//sys/bus/node/devices/node0/cpu1/driver/cpu7/driver/cpu2/node0/cpu1/firmware_node/thermal_cooling/device/physical_node/firmware_node/subsystem/devices/PNP0A03:00/physical_node/0000:00:1e.0/nvme/nvme1/nvme1n1/holders/md0/md/rd0/block/holders/md0/md/rd1/block/subsystem/nvme1n1 HTTP/1.1" 200 4234 "-" "Amazon CloudFront"
64.252.88.159 - - [04/Sep/2026:07:46:56 +0000] "GET /?p=70174 HTTP/1.1" 200 4265 "-" "Amazon CloudFront"
64.252.88.29 - - [04/Sep/2026:07:46:58 +0000] "GET /?p=70180 HTTP/1.1" 200 4177 "-" "Amazon CloudFront"
64.252.89.219 - - [04/Sep/2026:07:46:59 +0000] "GET /?p=70184 HTTP/1.1" 200 4265 "-" "Amazon CloudFront"
64.252.68.74 - - [04/Sep/2026:07:47:00 +0000] "GET /?path=//sys/bus/memory/devices/memory1/node0/memory30/node0/cpu6/firmware_node/subsystem/devices/device:21/physical_node/driver/module/drivers/pci:nvme/0000:00:1f.0/driver/0000:00:1f.0/firmware_node/physical_node/nvme/nvme2/subsystem/nvme1/device/nvme/nvme1/nvme1n1/holders/md0/md/dev-nvme2n1/block/device/nvme2n1/holders/md0/md/dev-nvme2n1/block/mq/0 HTTP/1.1" 200 3500 "-" "Amazon CloudFront"
64.252.89.219 - - [04/Sep/2026:07:47:01 +0000] "GET /?p=70186 HTTP/1.1" 200 4265 "-" "Amazon CloudFront"
64.252.88.29 - - [04/Sep/2026:07:47:03 +0000] "GET /?p=70188 HTTP/1.1" 200 4265 "-" "Amazon CloudFront"
64.252.67.164 - - [04/Sep/2026:07:47:04 +0000] "GET /?path=//sys/class/thermal/cooling_device3/device/physical_node/node0/memory28/node0/cpu5/firmware_node/subsystem/devices/LNXSYSTM:00/LNXSYBUS:00/PNP0A03:00/device:12/subsystem/devices/LNXSYBUS:00/PNP0A03:00/device:21/physical_node/nvme/nvme2/device/driver/module/drivers/pci:nvme/0000:00:1e.0/driver/module/drivers/pci:nvme/0000:00:1e.0/nvme/nvme1/nvme1n1/integrity HTTP/1.1" 200 3599 "-" "Amazon CloudFront"
64.252.88.159 - - [04/Sep/2026:07:47:05 +0000] "GET /?p=70190 HTTP/1.1" 200 4177 "-" "Amazon CloudFront"
64.252.88.159 - - [04/Sep/2026:07:47:06 +0000] "GET /?p=70192 HTTP/1.1" 200 4265 "-" "Amazon CloudFront"
64.252.66.61 - - [04/Sep/2026:07:47:07 +0000] "GET /?fileloc=//sys/module/af_alg/taint&path=//sys/module/af_alg HTTP/1.1" 200 2564 "-" "Amazon CloudFront"
64.252.66.61 - - [04/Sep/2026:07:47:08 +0000] "GET /?path=//sys/class/thermal/cooling_device3/device/physical_node/node0/memory28/node0/cpu5/firmware_node/subsystem/devices/LNXSYSTM:00/LNXSYBUS:00/PNP0A03:00/device:12/subsystem/devices/LNXSYBUS:00/PNP0A03:00/device:21/physical_node/nvme/nvme2/device/driver/0000:00:1e.0/driver/0000:00:1f.0/nvme/nvme2/nvme2n1/holders/md0/slaves/nvme1n1/mq/2 HTTP/1.1" 200 3506 "-" "Amazon CloudFront"
64.252.88.159 - - [04/Sep/2026:07:47:08 +0000] "GET /?p=70194 HTTP/1.1" 200 4177 "-" "Amazon CloudFront"
64.252.88.159 - - [04/Sep/2026:07:47:10 +0000] "GET /?p=70196 HTTP/1.1" 200 4177 "-" "Amazon CloudFront"
64.252.88.29 - - [04/Sep/2026:07:47:12 +0000] "GET /?p=70198 HTTP/1.1" 200 4177 "-" "Amazon CloudFront"
64.252.68.74 - - [04/Sep/2026:07:47:12 +0000] "GET /?path=//sys/bus/memory/devices/memory1/node0/memory28/node0/cpu2/driver/cpu4/firmware_node/subsystem/devices/PNP0A03:00/physical_node/0000:00:04.0/driver/0000:00:1f.0/subsystem/drivers/nvme/0000:00:1f.0/nvme/nvme2/nvme2n1/holders/md0/md/dev-nvme2n1/block/holders/md0/md/rd1/block/device/nvme2n1/mq/0/cpu0 HTTP/1.1" 200 2996 "-" "Amazon CloudFront"
64.252.88.159 - - [04/Sep/2026:07:47:13 +0000] "GET /?p=71170 HTTP/1.1" 200 4265 "-" "Amazon CloudFront"
64.252.88.29 - - [04/Sep/2026:07:47:15 +0000] "GET /?p=71172 HTTP/1.1" 200 4265 "-" "Amazon CloudFront"
64.252.67.164 - - [04/Sep/2026:07:47:16 +0000] "GET /?path=//sys/class/thermal/cooling_device3/device/physical_node/node0/memory28/node0/cpu5/firmware_node/subsystem/devices/PNP0A03:00/physical_node/pci_bus/0000:00/device/0000:00:1f.0/driver/0000:00:04.0/driver/module/drivers/pci:nvme/0000:00:1f.0/subsystem/drivers/nvme/0000:00:1e.0/firmware_node HTTP/1.1" 200 3536 "-" "Amazon CloudFront"
64.252.88.29 - - [04/Sep/2026:07:47:17 +0000] "GET /?p=71174 HTTP/1.1" 200 4177 "-" "Amazon CloudFront"
64.252.88.159 - - [04/Sep/2026:07:47:19 +0000] "GET /?p=71176 HTTP/1.1" 200 4177 "-" "Amazon CloudFront"
64.252.66.102 - - [04/Sep/2026:07:47:20 +0000] "GET /?path=//sys/class/thermal/cooling_device3/device/physical_node/node0/memory28/node0/cpu5/firmware_node/subsystem/devices/LNXSYSTM:00/LNXSYBUS:00/PNP0A03:00/device:12/subsystem/devices/LNXSYBUS:00/PNP0A03:00/device:21/physical_node/nvme/nvme2/device/driver/module/drivers/pci:nvme/module/drivers/pci:nvme/0000:00:1e.0/nvme/nvme1/nvme1n1/holders/md0/md/dev-nvme2n1/block/trace HTTP/1.1" 200 3559 "-" "Amazon CloudFront"
64.252.67.164 - - [04/Sep/2026:07:47:20 +0000] "GET /?fileloc=//s3/f75bf04088964924b004465536090d8a/wordpress/wp-content/uploads/2023/09/%E8%97%A4%E7%94%B0%E5%8C%BB%E7%A7%91%E5%A4%A7%E5%AD%A6_%E5%A4%96%E8%A6%B3-150x150.jpg&path=//s3/f75bf04088964924b004465536090d8a/wordpress/wp-content/uploads/2023/09 HTTP/1.1" 200 2677 "-" "Amazon CloudFront"
64.252.88.159 - - [04/Sep/2026:07:47:20 +0000] "GET /?p=71178 HTTP/1.1" 200 4265 "-" "Amazon CloudFront"
64.252.88.159 - - [04/Sep/2026:07:47:22 +0000] "GET /?p=71180 HTTP/1.1" 200 4265 "-" "Amazon CloudFront"
64.252.88.29 - - [04/Sep/2026:07:47:24 +0000] "GET /?p=71182 HTTP/1.1" 200 4265 "-" "Amazon CloudFront"
64.252.66.102 - - [04/Sep/2026:07:47:25 +0000] "GET /?path=//sys/class/thermal/cooling_device3/device/physical_node/node0/cpu1/driver/cpu0/node0/cpu2/firmware_node/subsystem/devices/LNXSYSTM:00/LNXSYBUS:00/PNP0C0F:02/subsystem/devices/LNXSYSTM:00/LNXSYBUS:00/PNP0A03:00/device:06/physical_node/driver/0000:00:1e.0/nvme/nvme1/nvme1n1/device/nvme1n1/holders/md0/slaves/nvme2n1/holders/md0/md/dev-nvme2n1/block/mq/2 HTTP/1.1" 200 3531 "-" "Amazon CloudFront"
64.252.88.159 - - [04/Sep/2026:07:47:26 +0000] "GET /?p=71184 HTTP/1.1" 200 4265 "-" "Amazon CloudFront"
64.252.88.159 - - [04/Sep/2026:07:47:27 +0000] "GET /?p=71188 HTTP/1.1" 200 4265 "-" "Amazon CloudFront"
64.252.66.61 - - [04/Sep/2026:07:47:28 +0000] "GET /?path=//sys/class/thermal/cooling_device3/device/physical_node/node0/memory28/node0/cpu5/firmware_node/subsystem/devices/PNP0A03:00/physical_node/pci_bus/0000:00/device/0000:00:01.3/subsystem/drivers/nvme/0000:00:04.0/driver/module/drivers/pci:nvme/0000:00:04.0/firmware_node/power HTTP/1.1" 200 3411 "-" "Amazon CloudFront"
64.252.88.29 - - [04/Sep/2026:07:47:29 +0000] "GET /?p=72183 HTTP/1.1" 200 4265 "-" "Amazon CloudFront"
64.252.89.219 - - [04/Sep/2026:07:47:31 +0000] "GET /?p=72185 HTTP/1.1" 200 4265 "-" "Amazon CloudFront"
64.252.67.164 - - [04/Sep/2026:07:47:32 +0000] "GET /?path=//sys/class/thermal/cooling_device3/device/physical_node/node0/memory28/node0/cpu5/firmware_node/subsystem/devices/PNP0A03:00/physical_node/pci_bus/0000:00/device/0000:00:03.0/subsystem/devices/0000:00:1f.0/driver/module/drivers/pci:nvme/0000:00:1e.0/driver/module/drivers/pci:nvme/0000:00:1e.0 HTTP/1.1" 200 4857 "-" "Amazon CloudFront"
64.252.88.29 - - [04/Sep/2026:07:47:33 +0000] "GET /?p=72187 HTTP/1.1" 200 4265 "-" "Amazon CloudFront"
64.252.88.159 - - [04/Sep/2026:07:47:35 +0000] "GET /?p=72189 HTTP/1.1" 200 4265 "-" "Amazon CloudFront"
64.252.68.74 - - [04/Sep/2026:07:47:36 +0000] "GET /products/detail/208628339?path=//sys/bus/node/devices/node0/cpu1/driver/cpu7/driver/cpu2/node0/cpu4/firmware_node/subsystem/devices/PNP0A03:00/physical_node/0000:00:04.0/firmware_node/physical_node/nvme/nvme0/device/nvme/nvme0/nvme0n1/subsystem/md0/md/rd1/block/holders/md0/md/dev-nvme2n1/block/mq/7/cpu7 HTTP/1.1" 200 2964 "-" "Amazon CloudFront"
64.252.88.159 - - [04/Sep/2026:07:47:36 +0000] "GET /?p=72191 HTTP/1.1" 200 4265 "-" "Amazon CloudFront"
64.252.89.219 - - [04/Sep/2026:07:47:38 +0000] "GET /?p=72193 HTTP/1.1" 200 4265 "-" "Amazon CloudFront"
64.252.68.74 - - [04/Sep/2026:07:47:40 +0000] "GET /products/detail/208628339?path=//sys/bus/node/devices/node0/cpu1/driver/cpu7/driver/cpu2/node0/cpu1/firmware_node/thermal_cooling/device/physical_node/firmware_node/subsystem/devices/device:06/physical_node/nvme/nvme0/nvme0n1/device/nvme0n1/nvme0n1p1/subsystem/nvme1n1/holders/md0/md/dev-nvme2n1/block/holders/md0/bdi HTTP/1.1" 200 3566 "-" "Amazon CloudFront"
64.252.88.159 - - [04/Sep/2026:07:47:40 +0000] "GET /?p=72195 HTTP/1.1" 200 4265 "-" "Amazon CloudFront"
64.252.88.159 - - [04/Sep/2026:07:47:41 +0000] "GET /?p=72197 HTTP/1.1" 200 4265 "-" "Amazon CloudFront"
64.252.89.219 - - [04/Sep/2026:07:47:43 +0000] "GET /?p=72199 HTTP/1.1" 200 4265 "-" "Amazon CloudFront"
64.252.66.102 - - [04/Sep/2026:07:47:44 +0000] "GET /products/detail/208628339?path=//sys/bus/node/devices/node0/cpu1/driver/cpu7/driver/cpu2/node0/cpu4/firmware_node/subsystem/devices/PNP0A03:00/device:06/physical_node/firmware_node/physical_node/nvme/nvme0/nvme0n1/subsystem/nvme2n1/device/nvme2n1/holders/md0/slaves/nvme1n1/holders/md0/md/rd1/block/mq/5 HTTP/1.1" 200 3419 "-" "Amazon CloudFront"
64.252.88.159 - - [04/Sep/2026:07:47:45 +0000] "GET /?p=72201 HTTP/1.1" 200 4265 "-" "Amazon CloudFront"
64.252.66.102 - - [04/Sep/2026:07:47:45 +0000] "GET /products/detail/124366844 HTTP/1.1" 200 4265 "-" "Amazon CloudFront"
64.252.89.219 - - [04/Sep/2026:07:47:47 +0000] "GET /?p=72203 HTTP/1.1" 200 4265 "-" "Amazon CloudFront"
64.252.68.74 - - [04/Sep/2026:07:47:48 +0000] "GET /?path=//sys/bus/memory/devices/memory1/node0/memory7/node0/cpu1/subsystem/drivers/processor/cpu5/firmware_node/subsystem/devices/PNP0A03:00/physical_node/firmware_node/physical_node/0000:00:1e.0/driver/0000:00:04.0/driver/module/drivers/pci:nvme/0000:00:1f.0/nvme/nvme2/device/nvme/nvme2/nvme2n1/holders/md0/md/dev-nvme2n1/block/device/nvme2n1/mq/0/cpu0 HTTP/1.1" 200 3041 "-" "Amazon CloudFront"
64.252.89.219 - - [04/Sep/2026:07:47:49 +0000] "GET /?p=72205 HTTP/1.1" 200 4265 "-" "Amazon CloudFront"
64.252.88.159 - - [04/Sep/2026:07:47:51 +0000] "GET /?p=72207 HTTP/1.1" 200 4177 "-" "Amazon CloudFront"
64.252.68.74 - - [04/Sep/2026:07:47:52 +0000] "GET /products/detail/208628339?path=//sys/bus/node/devices/node0/cpu1/driver/cpu7/driver/cpu2/node0/cpu1/firmware_node/thermal_cooling/subsystem/cooling_device3/device/subsystem/devices/PNP0A03:00/physical_node/firmware_node/physical_node/0000:00:1e.0/nvme/nvme1/nvme1n1/holders/md0/md/dev-nvme1n1/block/device/nvme1n1/holders/md0/md/rd0/block/mq HTTP/1.1" 200 3503 "-" "Amazon CloudFront"
64.252.89.219 - - [04/Sep/2026:07:47:53 +0000] "GET /?p=72209 HTTP/1.1" 200 4265 "-" "Amazon CloudFront"
64.252.88.159 - - [04/Sep/2026:07:47:55 +0000] "GET /?p=72211 HTTP/1.1" 200 4265 "-" "Amazon CloudFront"
64.252.89.219 - - [04/Sep/2026:07:47:56 +0000] "GET /?p=72213 HTTP/1.1" 200 4265 "-" "Amazon CloudFront"
64.252.66.102 - - [04/Sep/2026:07:47:56 +0000] "GET /products/detail/208628339?path=//sys/bus/node/devices/node0/cpu1/driver/cpu7/driver/cpu2/node0/cpu4/firmware_node/subsystem/devices/PNP0A03:00/physical_node/0000:00:04.0/firmware_node/physical_node/nvme/nvme0/nvme0n1/nvme0n1p128/subsystem/nvme1n1/holders/md0/md/dev-nvme2n1/block/device/nvme2n1/device/nvme2n1/mq/1 HTTP/1.1" 200 3420 "-" "Amazon CloudFront"
64.252.88.29 - - [04/Sep/2026:07:47:58 +0000] "GET /?p=73122 HTTP/1.1" 200 4265 "-" "Amazon CloudFront"
64.252.66.102 - - [04/Sep/2026:07:47:59 +0000] "GET /?path=//sys/bus/memory/devices/memory1/node0/memory7/node0/cpu1/subsystem/drivers/processor/cpu5/firmware_node/subsystem/devices/PNP0A03:00/physical_node/firmware_node/physical_node/0000:00:1e.0/driver/0000:00:04.0/driver/0000:00:1f.0/nvme/nvme2/nvme2n1/holders/md0/md/rd0/block/holders/md0/md/dev-nvme1n1/block/device/device/nvme/nvme1/nvme1n1/mq/7 HTTP/1.1" 200 3515 "-" "Amazon CloudFront"
64.252.88.159 - - [04/Sep/2026:07:48:00 +0000] "GET /?p=73126 HTTP/1.1" 200 4265 "-" "Amazon CloudFront"
64.252.88.29 - - [04/Sep/2026:07:48:02 +0000] "GET /?p=73128 HTTP/1.1" 200 4135 "-" "Amazon CloudFront"
64.252.89.219 - - [04/Sep/2026:07:48:04 +0000] "GET /?p=73130 HTTP/1.1" 200 4265 "-" "Amazon CloudFront"
64.252.66.61 - - [04/Sep/2026:07:48:04 +0000] "GET /?path=//sys/class/thermal/cooling_device3/device/physical_node/node0/memory28/node0/cpu5/firmware_node/subsystem/devices/PNP0A03:00/physical_node/pci_bus/0000:00/device/0000:00:1f.0/driver/0000:00:04.0/driver/module/drivers/pci:nvme/0000:00:04.0/subsystem/drivers/nvme/0000:00:1f.0/firmware_node HTTP/1.1" 200 3531 "-" "Amazon CloudFront"
64.252.88.159 - - [04/Sep/2026:07:48:05 +0000] "GET /?p=73132 HTTP/1.1" 200 4265 "-" "Amazon CloudFront"
64.252.88.159 - - [04/Sep/2026:07:48:07 +0000] "GET /?p=73134 HTTP/1.1" 200 4265 "-" "Amazon CloudFront"
64.252.67.164 - - [04/Sep/2026:07:48:08 +0000] "GET /products/detail/208628339?path=//sys/bus/node/devices/node0/cpu1/driver/cpu7/driver/cpu2/node0/cpu1/firmware_node/thermal_cooling/device/physical_node/firmware_node/subsystem/devices/PNP0A03:00/physical_node/0000:00:1e.0/nvme/nvme1/nvme1n1/holders/md0/md/rd1/block/subsystem/nvme2n1/device/nvme2n1/mq/0/cpu0 HTTP/1.1" 200 2974 "-" "Amazon CloudFront"
64.252.88.29 - - [04/Sep/2026:07:48:09 +0000] "GET /?p=73136 HTTP/1.1" 200 4265 "-" "Amazon CloudFront"
64.252.88.159 - - [04/Sep/2026:07:48:10 +0000] "GET /?p=73138 HTTP/1.1" 200 4265 "-" "Amazon CloudFront"
64.252.68.74 - - [04/Sep/2026:07:48:12 +0000] "GET /?path=//sys/class/thermal/cooling_device3/device/physical_node/node0/memory28/node0/cpu5/firmware_node/subsystem/devices/PNP0A03:00/physical_node/pci_bus/0000:00/device/0000:00:1e.0/driver/module/drivers/pci:nvme/0000:00:1f.0/nvme/nvme2/nvme2n1/subsystem/nvme1n1/mq/1 HTTP/1.1" 200 3384 "-" "Amazon CloudFront"
64.252.88.159 - - [04/Sep/2026:07:48:12 +0000] "GET /?p=73140 HTTP/1.1" 200 4265 "-" "Amazon CloudFront"
64.252.89.219 - - [04/Sep/2026:07:48:14 +0000] "GET /?p=73142 HTTP/1.1" 200 4177 "-" "Amazon CloudFront"
64.252.66.61 - - [04/Sep/2026:07:48:16 +0000] "GET /products/detail/208628339?path=//sys/bus/node/devices/node0/cpu1/driver/cpu7/driver/cpu2/node0/cpu1/firmware_node/thermal_cooling/device/physical_node/firmware_node/subsystem/devices/PNP0A03:00/physical_node/0000:00:1e.0/nvme/nvme1/nvme1n1/subsystem/md0/md/dev-nvme1n1/block/holders/md0/md/dev-nvme1n1/block/device/nvme1n1/slaves HTTP/1.1" 200 2963 "-" "Amazon CloudFront"
64.252.88.29 - - [04/Sep/2026:07:48:16 +0000] "GET /?p=73145 HTTP/1.1" 200 4265 "-" "Amazon CloudFront"
64.252.88.29 - - [04/Sep/2026:07:48:17 +0000] "GET /?p=73149 HTTP/1.1" 200 4265 "-" "Amazon CloudFront"
64.252.88.159 - - [04/Sep/2026:07:48:19 +0000] "GET /?p=73151 HTTP/1.1" 200 4265 "-" "Amazon CloudFront"
64.252.68.74 - - [04/Sep/2026:07:48:20 +0000] "GET /?path=//sys/class/thermal/cooling_device3/device/physical_node/node0/memory28/node0/cpu5/firmware_node/subsystem/devices/PNP0A03:00/physical_node/pci_bus/0000:00/device/firmware_node/device:02/QEMU0001:00/subsystem/devices/LNXPWRBN:00/driver/LNXPWRBN:00/input/input3/power HTTP/1.1" 200 3412 "-" "Amazon CloudFront"
64.252.88.159 - - [04/Sep/2026:07:48:21 +0000] "GET /?p=88990 HTTP/1.1" 200 4265 "-" "Amazon CloudFront"
64.252.68.74 - - [04/Sep/2026:07:48:22 +0000] "GET /products/detail/145123086 HTTP/1.1" 200 4177 "-" "Amazon CloudFront"
64.252.88.159 - - [04/Sep/2026:07:48:23 +0000] "GET /?p=88992 HTTP/1.1" 200 4265 "-" "Amazon CloudFront"
64.252.68.74 - - [04/Sep/2026:07:48:24 +0000] "GET /?path=//sys/class/thermal/cooling_device3/device/physical_node/node0/cpu1/driver/cpu0/node0/cpu2/firmware_node/subsystem/devices/LNXSYSTM:00/LNXSYBUS:00/PNP0C0F:02/subsystem/devices/LNXSYSTM:00/LNXSYBUS:00/PNP0A03:00/device:06/physical_node/driver/0000:00:1e.0/nvme/nvme1/nvme1n1/device/nvme1n1/holders/md0/md/dev-nvme1n1/block/holders/md0/md/rd0/block/integrity HTTP/1.1" 200 3636 "-" "Amazon CloudFront"
64.252.88.159 - - [04/Sep/2026:07:48:24 +0000] "GET /?p=88994 HTTP/1.1" 200 4265 "-" "Amazon CloudFront"
64.252.89.219 - - [04/Sep/2026:07:48:26 +0000] "GET /?p=88996 HTTP/1.1" 200 4265 "-" "Amazon CloudFront"
64.252.66.61 - - [04/Sep/2026:07:48:28 +0000] "GET /?path=//sys/class/thermal/cooling_device1/subsystem/cooling_device6 HTTP/1.1" 200 3204 "-" "Amazon CloudFront"
64.252.66.61 - - [04/Sep/2026:07:48:28 +0000] "GET /?path=//sys/class/thermal/cooling_device3/device/physical_node/node0/memory28/node0/cpu5/firmware_node/subsystem/devices/PNP0A03:00/physical_node/pci_bus/0000:00/device/0000:00:1f.0/driver/0000:00:04.0/driver/module/drivers/pci:nvme/0000:00:04.0/firmware_node/subsystem/devices/device:1c/power HTTP/1.1" 200 3434 "-" "Amazon CloudFront"
64.252.88.159 - - [04/Sep/2026:07:48:28 +0000] "GET /?p=88998 HTTP/1.1" 200 4265 "-" "Amazon CloudFront"
64.252.67.164 - - [04/Sep/2026:07:48:28 +0000] "GET /products/detail/325455753 HTTP/1.1" 200 4177 "-" "Amazon CloudFront"
64.252.88.159 - - [04/Sep/2026:07:48:30 +0000] "GET /?p=89000 HTTP/1.1" 200 4265 "-" "Amazon CloudFront"
64.252.88.159 - - [04/Sep/2026:07:48:31 +0000] "GET /?p=89002 HTTP/1.1" 200 4265 "-" "Amazon CloudFront"
