64.252.67.164 - - [04/Sep/2026:05:39:48 +0000] "GET /?path=//sys/class/thermal/cooling_device3/device/physical_node/node0/memory28/node0/cpu5/firmware_node/subsystem/devices/PNP0A03:00/physical_node/pci_bus/0000:00/device/0000:00:1e.0/driver/module/drivers/pci:nvme/0000:00:1e.0/firmware_node/subsystem/devices/LNXPWRBN:00/driver/LNXSLPBN:00/input HTTP/1.1" 200 3212 "-" "Amazon CloudFront"
64.252.68.74 - - [04/Sep/2026:05:39:52 +0000] "GET /?path=//sys/class/thermal/cooling_device3/device/physical_node/node0/memory28/node0/cpu5/firmware_node/subsystem/devices/PNP0A03:00/physical_node/pci_bus/0000:00/device/0000:00:05.0/subsystem/devices/0000:00:1f.0/driver/0000:00:04.0/driver/0000:00:04.0/nvme/nvme0/nvme0n1/nvme0n1p1/trace HTTP/1.1" 200 3402 "-" "Amazon CloudFront"
64.252.66.102 - - [04/Sep/2026:05:39:56 +0000] "GET /?path=//sys/bus/acpi/devices/LNXCPU:06/physical_node/node0/memory21/node0/cpu0/subsystem/drivers/processor/cpu6/firmware_node/subsystem/devices/device:06/physical_node/driver/0000:00:04.0/driver/0000:00:1e.0/nvme/nvme1/nvme1n1/holders/md0/slaves/nvme2n1/device/device/nvme/nvme2/nvme2n1/holders/md0/slaves/nvme1n1/mq/6/cpu6 HTTP/1.1" 200 3006 "-" "Amazon CloudFront"
64.252.67.164 - - [04/Sep/2026:05:40:00 +0000] "GET /?path=//sys/class/thermal/cooling_device3/device/physical_node/node0/memory28/node0/cpu5/firmware_node/subsystem/devices/LNXSYSTM:00/LNXSYBUS:00/PNP0A03:00/physical_node/0000:00:04.0/driver/0000:00:1e.0/nvme/nvme1/device/driver/0000:00:1f.0/nvme/nvme2/nvme2n1/holders/md0/md/dev-nvme1n1/block/holders/md0/md/dev-nvme2n1/block/subsystem/nvme0n1/mq/0/cpu1 HTTP/1.1" 200 3058 "-" "Amazon CloudFront"
64.252.68.74 - - [04/Sep/2026:05:40:04 +0000] "GET /?path=//sys/class/thermal/cooling_device3/device/physical_node/node0/memory28/node0/cpu5/firmware_node/subsystem/devices/PNP0A03:00/physical_node/pci_bus/0000:00/device/0000:00:1f.0/driver/module/drivers/pci:nvme/0000:00:04.0/subsystem/drivers/ena/0000:00:05.0/driver/module/parameters HTTP/1.1" 200 3338 "-" "Amazon CloudFront"
64.252.67.164 - - [04/Sep/2026:05:40:08 +0000] "GET /?path=//sys/bus/memory/devices/memory1/node0/memory28/node0/cpu2/driver/cpu4/firmware_node/subsystem/devices/PNP0A03:00/physical_node/0000:00:04.0/driver/0000:00:1f.0/subsystem/drivers/nvme/0000:00:1f.0/nvme/nvme2/nvme2n1/holders/md0/md/dev-nvme2n1/block/holders/md0/md/dev-nvme1n1/block/device/nvme1n1/bdi/power HTTP/1.1" 200 3503 "-" "Amazon CloudFront"
64.252.66.102 - - [04/Sep/2026:05:40:12 +0000] "GET /?path=//sys/bus/memory/devices/memory1/node0/memory28/node0/cpu2/driver/cpu4/firmware_node/subsystem/devices/PNP0A03:00/physical_node/0000:00:04.0/driver/0000:00:1f.0/subsystem/drivers/nvme/0000:00:1f.0/nvme/nvme2/nvme2n1/holders/md0/slaves/nvme1n1/device/nvme1n1/holders/md0/md/dev-nvme2n1/block/device/nvme2n1/mq/6/cpu6 HTTP/1.1" 200 3015 "-" "Amazon CloudFront"
64.252.67.52 - - [04/Sep/2026:05:40:16 +0000] "GET /products/detail/208628339?path=//sys/bus/node/devices/node0/cpu1/driver/cpu7/driver/cpu2/node0/cpu1/firmware_node/thermal_cooling/device/physical_node/firmware_node/subsystem/devices/PNP0A03:00/physical_node/0000:00:1e.0/nvme/nvme1/nvme1n1/holders/md0/md/rd1/block/holders/md0/slaves/nvme2n1/subsystem/nvme1n1 HTTP/1.1" 200 4199 "-" "Amazon CloudFront"
64.252.66.102 - - [04/Sep/2026:05:40:20 +0000] "GET /?path=//sys/bus/memory/devices/memory1/node0/memory7/node0/cpu1/subsystem/drivers/processor/cpu5/firmware_node/subsystem/devices/PNP0A03:00/physical_node/firmware_node/device:20/physical_node/driver/0000:00:04.0/driver/module/drivers/pci:nvme/0000:00:1e.0/nvme/nvme1/device/nvme/nvme1/nvme1n1/holders/md0/md/dev-nvme1n1/block/device/nvme1n1/holders/md0/slaves/nvme2n1/mq/6 HTTP/1.1" 200 3545 "-" "Amazon CloudFront"
64.252.66.61 - - [04/Sep/2026:05:40:24 +0000] "GET /?path=//sys/bus/acpi/devices/LNXCPU:06/physical_node/node0/memory21/node0/cpu0/subsystem/drivers/processor/cpu6/firmware_node/subsystem/devices/device:06/physical_node/driver/0000:00:04.0/driver/0000:00:1e.0/nvme/nvme1/nvme1n1/holders/md0/md/dev-nvme2n1/block/device/device/nvme/nvme2/nvme2n1/holders/md0/md/rd1/block/mq/0 HTTP/1.1" 200 3497 "-" "Amazon CloudFront"
64.252.66.102 - - [04/Sep/2026:05:40:28 +0000] "GET /products/detail/208628339?path=//sys/bus/node/devices/node0/cpu1/driver/cpu7/driver/cpu2/node0/cpu1/firmware_node/thermal_cooling/device/physical_node/firmware_node/subsystem/devices/LNXSYSTM:00/LNXSYBUS:00/PNP0A03:00/device:05/physical_node/subsystem/drivers/nvme/0000:00:1f.0/nvme/nvme2/nvme2n1/holders/md0/md/rd1/block/slaves HTTP/1.1" 200 3004 "-" "Amazon CloudFront"
64.252.66.102 - - [04/Sep/2026:05:40:32 +0000] "GET /products/detail/191042905?fileloc=/var/www/volumes/69b4844ae61d4e92bf26ad98af552775/wordpress/wp-includes/class.wp-styles.php&path=/var/www/volumes/69b4844ae61d4e92bf26ad98af552775/wordpress/wp-includes HTTP/1.1" 200 5312 "-" "Amazon CloudFront"
64.252.67.164 - - [04/Sep/2026:05:40:32 +0000] "GET /products/detail/88770268?fileloc=/var/www/volumes/69b4844ae61d4e92bf26ad98af552775/wordpress/wp-includes/js/wp-util.js&path=/var/www/volumes/69b4844ae61d4e92bf26ad98af552775/wordpress/wp-includes/js HTTP/1.1" 200 7129 "-" "Amazon CloudFront"
64.252.66.61 - - [04/Sep/2026:05:40:33 +0000] "GET /?path=//sys/class/thermal/cooling_device0 HTTP/1.1" 200 3160 "-" "Amazon CloudFront"
64.252.67.164 - - [04/Sep/2026:05:40:33 +0000] "GET /?path=//sys/class/thermal/cooling_device3/device/physical_node/node0/memory28/node0/cpu5/firmware_node/subsystem/devices/PNP0A03:00/physical_node/pci_bus/0000:00/device/0000:00:1f.0/driver/module/drivers/pci:nvme/0000:00:04.0/driver/0000:00:04.0/subsystem/drivers/ena/0000:00:05.0/firmware_node HTTP/1.1" 200 3540 "-" "Amazon CloudFront"
64.252.66.61 - - [04/Sep/2026:05:40:36 +0000] "GET /?path=//sys/class/thermal/cooling_device3/device/physical_node/node0/memory28/node0/cpu5/firmware_node/subsystem/devices/PNP0A03:00/physical_node/pci_bus/0000:00/device/0000:00:1f.0/driver/module/drivers/pci:nvme/0000:00:04.0/subsystem/drivers/ena/0000:00:05.0/driver/module/holders HTTP/1.1" 200 2930 "-" "Amazon CloudFront"
64.252.67.164 - - [04/Sep/2026:05:40:40 +0000] "GET /?path=//sys/bus/node/devices/node0/memory2/node0/cpu4/driver/cpu1/driver/cpu2/subsystem/drivers/processor/cpu2/firmware_node/physical_node/firmware_node/subsystem/devices/PNP0A03:00/physical_node/0000:00:1f.0/nvme/nvme2/nvme2n1/device/device/nvme/nvme2/nvme2n1/holders/md0/md/rd1/block/holders/md0/md/dev-nvme2n1/block/mq/7/cpu7 HTTP/1.1" 200 3025 "-" "Amazon CloudFront"
64.252.67.164 - - [04/Sep/2026:05:40:44 +0000] "GET /products/detail/208628339?path=//sys/bus/node/devices/node0/cpu1/driver/cpu7/driver/cpu2/node0/cpu4/firmware_node/subsystem/devices/PNP0A03:00/physical_node/firmware_node/physical_node/0000:00:05.0/subsystem/drivers/nvme/0000:00:1f.0/nvme/nvme2/nvme2n1/holders/md0/md/rd0/block/holders/md0/md/dev-nvme2n1/block/slaves HTTP/1.1" 200 2970 "-" "Amazon CloudFront"
64.252.67.164 - - [04/Sep/2026:05:40:48 +0000] "GET /products/detail/208628339?path=//sys/bus/node/devices/node0/cpu1/driver/cpu7/driver/cpu2/node0/cpu1/firmware_node/thermal_cooling/device/physical_node/firmware_node/subsystem/drivers/button/LNXSLPBN:00/subsystem/devices/PNP0A03:00/physical_node/0000:00:1f.0/nvme/nvme2/nvme2n1/holders/md0/slaves/nvme1n1/holders/md0/md/dev-nvme1n1/block/mq HTTP/1.1" 200 3496 "-" "Amazon CloudFront"
64.252.66.61 - - [04/Sep/2026:05:40:52 +0000] "GET /products/detail/208628339?path=//sys/bus/node/devices/node0/cpu1/driver/cpu7/driver/cpu2/node0/cpu4/firmware_node/subsystem/devices/PNP0A03:00/device:21/physical_node/subsystem/drivers/nvme/0000:00:1f.0/nvme/nvme2/nvme2n1/holders/md0/md/dev-nvme1n1/block/device/nvme1n1/device/nvme1n1/mq/4/cpu4 HTTP/1.1" 200 2948 "-" "Amazon CloudFront"
64.252.67.164 - - [04/Sep/2026:05:40:56 +0000] "GET /?path=//sys/class/thermal/cooling_device3/device/physical_node/node0/memory28/node0/cpu5/firmware_node/subsystem/devices/PNP0A03:00/physical_node/pci_bus/0000:00/device/0000:00:1e.0/driver/module/drivers/pci:nvme/0000:00:1f.0/driver/0000:00:1e.0/subsystem/devices/0000:00:01.0/firmware_node/PNP0B00:00/power HTTP/1.1" 200 3452 "-" "Amazon CloudFront"
64.252.66.102 - - [04/Sep/2026:05:41:00 +0000] "GET /products/detail/208628339?path=//sys/bus/node/devices/node0/cpu1/driver/cpu7/driver/cpu2/node0/cpu4/firmware_node/subsystem/devices/PNP0A03:00/physical_node/0000:00:04.0/nvme/nvme0/device/nvme/nvme0/nvme0n1/device/subsystem/nvme2/nvme2n1/holders/md0/slaves/nvme1n1/bdi/power HTTP/1.1" 200 3417 "-" "Amazon CloudFront"
64.252.67.52 - - [04/Sep/2026:05:41:04 +0000] "GET /products/detail/208628339?path=//sys/bus/node/devices/node0/cpu1/driver/cpu7/driver/cpu2/node0/cpu4/firmware_node/thermal_cooling/device/physical_node/firmware_node/thermal_cooling/device/subsystem/devices/LNXSYSTM:00/LNXSYBUS:00/PNP0A03:00/device:02/physical_node/subsystem/drivers/ena/0000:00:05.0/net/eth0/queues/tx-7 HTTP/1.1" 200 3484 "-" "Amazon CloudFront"
64.252.66.102 - - [04/Sep/2026:05:41:08 +0000] "GET /products/detail/208628339?path=//sys/bus/node/devices/node0/cpu1/driver/cpu7/driver/cpu2/node0/cpu4/firmware_node/thermal_cooling/device/physical_node/firmware_node/thermal_cooling/device/subsystem/devices/LNXSYSTM:00/LNXSYBUS:00/PNP0A03:00/device:02/physical_node/subsystem/drivers/ena/0000:00:05.0/net/eth0/queues/rx-3 HTTP/1.1" 200 3300 "-" "Amazon CloudFront"
64.252.68.74 - - [04/Sep/2026:05:41:12 +0000] "GET /products/detail/272703723?path=//sys/devices/pci0000:00/firmware_node/physical_node/pci_bus/0000:00/device/firmware_node/physical_node/0000:00:00.0/subsystem/drivers/nvme/module/drivers/pci:nvme/0000:00:1e.0/nvme/nvme1/nvme1n1/holders/md0/md/dev-nvme2n1/block/device/nvme2n1/holders/md0/md/rd0/block/subsystem/nvme2n1/mq/5/cpu5 HTTP/1.1" 200 2966 "-" "Amazon CloudFront"
64.252.67.164 - - [04/Sep/2026:05:41:16 +0000] "GET /?path=//sys/bus/memory/devices/memory1/node0/memory7/node0/cpu1/subsystem/drivers/processor/cpu5/firmware_node/subsystem/devices/PNP0A03:00/physical_node/firmware_node/physical_node/0000:00:1e.0/driver/module/drivers/pci:nvme/0000:00:1f.0/driver/0000:00:1e.0/nvme/nvme1/nvme1n1/device/nvme1n1/holders/md0/md/rd1/block/device/nvme2n1/mq/6/cpu6 HTTP/1.1" 200 3037 "-" "Amazon CloudFront"
64.252.66.102 - - [04/Sep/2026:05:41:20 +0000] "GET /?path=//sys/bus/memory/devices/memory1/node0/memory30/node0/cpu6/firmware_node/subsystem/devices/device:21/physical_node/driver/module/drivers/pci:nvme/0000:00:1e.0/nvme/nvme1/nvme1n1/subsystem/nvme1n1/holders/md0/md/rd0/block/holders/md0/md/rd1/block/device/device/firmware_node/physical_node/driver/0000:00:04.0/nvme/nvme0/nvme0n1/mq/1 HTTP/1.1" 200 3630 "-" "Amazon CloudFront"
64.252.66.102 - - [04/Sep/2026:05:41:24 +0000] "GET /?path=//sys/bus/memory/devices/memory5/node0/memory27/node0/cpu3/driver/cpu1/subsystem/drivers/processor/cpu0/driver/cpu2/firmware_node/subsystem/devices/PNP0A03:00/physical_node/firmware_node/physical_node/0000:00:1f.0/nvme/nvme2/nvme2n1/holders/md0/md/dev-nvme2n1/block/device/device/nvme/nvme2/nvme2n1/holders/md0/md/dev-nvme1n1/block/mq/0/cpu0 HTTP/1.1" 200 3039 "-" "Amazon CloudFront"
64.252.66.61 - - [04/Sep/2026:05:41:28 +0000] "GET /products/detail/208628339?path=//sys/bus/node/devices/node0/cpu1/driver/cpu7/driver/cpu2/node0/cpu4/firmware_node/subsystem/devices/PNP0A03:00/device:21/physical_node/subsystem/drivers/nvme/0000:00:1f.0/nvme/nvme2/nvme2n1/holders/md0/slaves/nvme2n1/holders/md0/md/dev-nvme1n1/block/mq/1 HTTP/1.1" 200 3395 "-" "Amazon CloudFront"
64.252.66.61 - - [04/Sep/2026:05:41:32 +0000] "GET /?path=//sys/class/thermal/cooling_device3/device/physical_node/node0/memory28/node0/cpu5/firmware_node/subsystem/devices/PNP0A03:00/physical_node/pci_bus/0000:00/device/0000:00:1f.0/driver/module/drivers/pci:nvme/0000:00:1f.0/firmware_node/subsystem/devices/LNXSYBUS:00/PNP0A03:00/device:10/power HTTP/1.1" 200 3447 "-" "Amazon CloudFront"
64.252.67.164 - - [04/Sep/2026:05:41:40 +0000] "GET /?path=//sys/class/thermal/cooling_device3/device/physical_node/node0/memory28/node0/cpu5/firmware_node/subsystem/devices/PNP0A03:00/physical_node/pci_bus/0000:00/device/0000:00:1e.0/driver/0000:00:04.0/subsystem/devices/0000:00:1e.0/driver/0000:00:1f.0/nvme/nvme2/nvme2n1 HTTP/1.1" 200 4215 "-" "Amazon CloudFront"
64.252.68.74 - - [04/Sep/2026:05:41:40 +0000] "GET /?path=//sys/class/thermal/cooling_device3/device/physical_node/node0/memory28/node0/cpu5/firmware_node/subsystem/devices/PNP0A03:00/physical_node/pci_bus/0000:00/device/0000:00:1f.0/driver/module/drivers/pci:nvme/0000:00:1f.0/driver/0000:00:1e.0/subsystem/slots/4/module HTTP/1.1" 200 3294 "-" "Amazon CloudFront"
64.252.68.74 - - [04/Sep/2026:05:41:44 +0000] "GET /products/detail/208628339?path=//sys/bus/node/devices/node0/cpu1/driver/cpu7/driver/cpu2/node0/cpu4/firmware_node/thermal_cooling/device/thermal_cooling/device/subsystem/devices/device:06/physical_node/subsystem/drivers/nvme/0000:00:1f.0/nvme/nvme2/nvme2n1/holders/md0/md/rd0/block/holders/md0/slaves/nvme1n1/mq/1 HTTP/1.1" 200 3427 "-" "Amazon CloudFront"
64.252.66.61 - - [04/Sep/2026:05:41:44 +0000] "GET /?fileloc=//sys/class/net/eth0/statistics/tx_fifo_errors&path=//sys/class/net/eth0/statistics HTTP/1.1" 200 2587 "-" "Amazon CloudFront"
64.252.66.61 - - [04/Sep/2026:05:41:48 +0000] "GET /?path=//sys/class/thermal/cooling_device3/device/physical_node/node0/memory28/node0/cpu5/firmware_node/subsystem/devices/PNP0A03:00/physical_node/pci_bus/0000:00/device/0000:00:01.0/subsystem/drivers/nvme/0000:00:1e.0/driver/module/drivers/pci:nvme/0000:00:1f.0/driver/0000:00:1e.0/nvme/nvme1 HTTP/1.1" 200 3898 "-" "Amazon CloudFront"
64.252.67.164 - - [04/Sep/2026:05:41:52 +0000] "GET /products/detail/208628339?path=//sys/bus/node/devices/node0/cpu1/driver/cpu7/driver/cpu2/node0/cpu4/firmware_node/thermal_cooling/device/thermal_cooling/device/subsystem/devices/device:06/physical_node/subsystem/drivers/nvme/0000:00:1f.0/nvme/nvme2/nvme2n1/holders/md0/md/rd0/block/holders/md0/slaves/nvme1n1/mq/3 HTTP/1.1" 200 3430 "-" "Amazon CloudFront"
64.252.66.102 - - [04/Sep/2026:05:41:56 +0000] "GET /products/detail/272703723?path=//sys/devices/pci0000:00/firmware_node/physical_node/pci_bus/0000:00/device/firmware_node/physical_node/0000:00:00.0/subsystem/drivers/nvme/module/drivers/pci:nvme/0000:00:1e.0/nvme/nvme1/nvme1n1/device/nvme1n1/holders/md0/md/dev-nvme1n1/block/holders/md0/md/dev-nvme1n1/block/subsystem/nvme2n1/slaves HTTP/1.1" 200 2940 "-" "Amazon CloudFront"
64.252.68.74 - - [04/Sep/2026:05:42:00 +0000] "GET /?path=//sys/bus/memory/devices/memory1/node0/memory7/node0/cpu1/subsystem/drivers/processor/cpu5/firmware_node/subsystem/devices/PNP0A03:00/physical_node/firmware_node/device:20/physical_node/driver/0000:00:1e.0/driver/0000:00:1e.0/nvme/nvme1/device/nvme/nvme1/nvme1n1/holders/md0/md/rd0/block/device/nvme1n1/holders/md0/md/dev-nvme1n1/block/mq/2 HTTP/1.1" 200 3501 "-" "Amazon CloudFront"
64.252.66.61 - - [04/Sep/2026:05:42:02 +0000] "GET /?fileloc=//s3/f75bf04088964924b004465536090d8a/wordpress/wp-content/uploads/2024/02/%E5%AE%AE%E5%B4%8E%E5%A4%A7%E5%AD%A6_%E3%83%88%E3%82%99%E3%82%AF%E3%82%BF%E3%83%BC%E3%83%98%E3%83%AA-1.jpg&path=//s3/f75bf04088964924b004465536090d8a/wordpress/wp-content/uploads/2024/02 HTTP/1.1" 200 2684 "-" "Amazon CloudFront"
64.252.68.74 - - [04/Sep/2026:05:42:04 +0000] "GET /?path=//sys/bus/acpi/devices/LNXCPU:06/physical_node/node0/memory21/node0/cpu0/subsystem/drivers/processor/cpu6/firmware_node/subsystem/devices/device:06/physical_node/driver/0000:00:04.0/driver/0000:00:1f.0/nvme/nvme2/nvme2n1/device/device/nvme/nvme2/nvme2n1/holders/md0/md/rd1/block/holders/md0/md/dev-nvme2n1/block/mq/7 HTTP/1.1" 200 3495 "-" "Amazon CloudFront"
64.252.66.102 - - [04/Sep/2026:05:42:08 +0000] "GET /?path=//sys/class/thermal/cooling_device3/device/physical_node/node0/memory28/node0/cpu5/firmware_node/subsystem/devices/PNP0A03:00/physical_node/pci_bus/0000:00/device/0000:00:1e.0/driver/module/drivers/pci:nvme/0000:00:1e.0/firmware_node/subsystem/devices/LNXSYSTM:00/LNXSYBUS:00/PNP0A03:00/device:15 HTTP/1.1" 200 3540 "-" "Amazon CloudFront"
64.252.67.164 - - [04/Sep/2026:05:42:12 +0000] "GET /products/detail/208628339?path=//sys/bus/node/devices/node0/cpu1/driver/cpu7/driver/cpu2/node0/cpu4/firmware_node/subsystem/devices/device:07/physical_node/firmware_node/physical_node/net/eth0/device/subsystem/drivers/nvme/0000:00:1f.0/nvme/nvme2/nvme2n1/device/nvme2n1/holders/md0/slaves/nvme1n1/mq/0/cpu0 HTTP/1.1" 200 2974 "-" "Amazon CloudFront"
64.252.88.159 - - [04/Sep/2026:05:42:14 +0000] "GET /products/detail/268425672 HTTP/1.1" 200 4265 "-" "Amazon CloudFront"
64.252.67.164 - - [04/Sep/2026:05:42:16 +0000] "GET /?path=//sys/class/thermal/cooling_device3/device/physical_node/node0/memory28/node0/cpu5/firmware_node/subsystem/devices/PNP0A03:00/device:06/subsystem/devices/device:21/physical_node/nvme/nvme2/device/driver/0000:00:1f.0/driver/module/drivers/pci:nvme/module/drivers/pci:nvme/0000:00:1f.0/nvme/nvme2/nvme2n1/holders/md0/slaves/nvme2n1/holders/md0/md/dev-nvme1n1/block/mq/3 HTTP/1.1" 200 3545 "-" "Amazon CloudFront"
64.252.66.61 - - [04/Sep/2026:05:42:20 +0000] "GET /products/detail/208628339?path=//sys/bus/node/devices/node0/cpu1/driver/cpu7/driver/cpu2/node0/cpu4/firmware_node/thermal_cooling/device/physical_node/firmware_node/subsystem/devices/device:21/physical_node/nvme/nvme2/nvme2n1/device/subsystem/nvme2/nvme2n1/holders/md0/md/rd1/block/bdi/power HTTP/1.1" 200 3434 "-" "Amazon CloudFront"
64.252.66.61 - - [04/Sep/2026:05:42:25 +0000] "GET /?path=//sys/bus/memory/devices/memory1/node0/memory7/node0/cpu1/subsystem/drivers/processor/cpu5/firmware_node/subsystem/devices/PNP0A03:00/physical_node/firmware_node/device:20/physical_node/driver/0000:00:1e.0/driver/0000:00:1e.0/nvme/nvme1/device/nvme/nvme1/nvme1n1/holders/md0/md/rd0/block/device/nvme1n1/holders/md0/md/dev-nvme1n1/block/mq/4 HTTP/1.1" 200 3501 "-" "Amazon CloudFront"
64.252.67.164 - - [04/Sep/2026:05:42:28 +0000] "GET /?path=//sys/class/thermal/cooling_device3/device/physical_node/node0/memory28/node0/cpu5/firmware_node/subsystem/devices/PNP0A03:00/physical_node/pci_bus/0000:00/device/0000:00:1e.0/driver/module/drivers/pci:nvme/0000:00:1e.0/firmware_node/subsystem/devices/LNXSYSTM:00/LNXSYBUS:00/PNP0A03:00/device:03 HTTP/1.1" 200 3481 "-" "Amazon CloudFront"
64.252.66.102 - - [04/Sep/2026:05:42:31 +0000] "GET /?fileloc=//sys/class/net/lo/broadcast&path=//sys/class/net/lo HTTP/1.1" 200 2571 "-" "Amazon CloudFront"
64.252.67.164 - - [04/Sep/2026:05:42:32 +0000] "GET /?path=//sys/class/thermal/cooling_device3/device/physical_node/node0/cpu0/node0/cpu4/firmware_node/subsystem/devices/device:02/PNP0303:00/subsystem/devices/device:20/physical_node/nvme/nvme1/device/driver/0000:00:04.0/driver/module/drivers/pci:nvme/0000:00:1f.0/nvme/nvme2/nvme2n1/holders/md0/md/rd1/block/holders/md0/md/rd0/block/mq/4/cpu4 HTTP/1.1" 200 3055 "-" "Amazon CloudFront"
64.252.67.164 - - [04/Sep/2026:05:42:36 +0000] "GET /?path=//sys/class/thermal/cooling_device3/device/physical_node/node0/memory28/node0/cpu5/firmware_node/subsystem/devices/PNP0A03:00/physical_node/pci_bus/0000:00/device/0000:00:1e.0/driver/module/drivers/pci:nvme/0000:00:1e.0/firmware_node/subsystem/devices/LNXSYSTM:00/LNXSYBUS:00/PNP0A03:00/device:12 HTTP/1.1" 200 3540 "-" "Amazon CloudFront"
64.252.67.164 - - [04/Sep/2026:05:42:40 +0000] "GET /?path=//sys/class/thermal/cooling_device3/device/physical_node/node0/memory28/node0/cpu5/firmware_node/subsystem/devices/PNP0A03:00/physical_node/pci_bus/0000:00/device/0000:00:1f.0/driver/0000:00:04.0/driver/module/drivers/pci:nvme/0000:00:1e.0/nvme/nvme1/nvme1n1/bdi/subsystem HTTP/1.1" 200 3398 "-" "Amazon CloudFront"
64.252.66.102 - - [04/Sep/2026:05:42:44 +0000] "GET /products/detail/208628339?path=//sys/bus/node/devices/node0/cpu1/driver/cpu7/driver/cpu2/node0/cpu4/firmware_node/thermal_cooling/device/physical_node/firmware_node/subsystem/devices/PNP0A03:00/device:20/physical_node/nvme/nvme1/nvme1n1/subsystem/nvme2n1/device/nvme2n1/holders/md0/md/dev-nvme2n1/block/mq/5 HTTP/1.1" 200 3415 "-" "Amazon CloudFront"
64.252.67.164 - - [04/Sep/2026:05:42:48 +0000] "GET /products/detail/208628339?path=//sys/bus/node/devices/node0/cpu1/driver/cpu7/driver/cpu2/node0/cpu4/firmware_node/subsystem/devices/PNP0A03:00/physical_node/0000:00:04.0/firmware_node/physical_node/nvme/nvme0/device/nvme/nvme0/nvme0n1/nvme0n1p128/subsystem/md0/md/rd1/block/holders/md0/md/rd0/block/bdi/power HTTP/1.1" 200 3471 "-" "Amazon CloudFront"
64.252.67.164 - - [04/Sep/2026:05:42:52 +0000] "GET /?path=//sys/bus/memory/devices/memory1/node0/memory28/node0/cpu2/driver/cpu4/firmware_node/subsystem/devices/PNP0A03:00/physical_node/0000:00:04.0/driver/0000:00:1f.0/subsystem/drivers/nvme/0000:00:1f.0/nvme/nvme2/nvme2n1/holders/md0/md/dev-nvme1n1/block/device/nvme1n1/device/nvme1n1/holders/md0/md/dev-nvme1n1/block/integrity HTTP/1.1" 200 3571 "-" "Amazon CloudFront"
64.252.68.74 - - [04/Sep/2026:05:42:56 +0000] "GET /products/detail/208628339?path=//sys/bus/node/devices/node0/cpu1/driver/cpu7/driver/cpu2/node0/cpu1/firmware_node/thermal_cooling/device/physical_node/firmware_node/subsystem/devices/PNP0A03:00/physical_node/0000:00:1e.0/nvme/nvme1/nvme1n1/holders/md0/md/rd1/block/holders/md0/slaves/nvme2n1/device/power HTTP/1.1" 200 3451 "-" "Amazon CloudFront"
64.252.68.74 - - [04/Sep/2026:05:42:56 +0000] "GET /?fileloc=//s3/f75bf04088964924b004465536090d8a/wordpress/wp-content/uploads/2024/07/%E5%9F%BC%E7%8E%89%E3%83%A1%E3%83%86%E3%82%99%E3%82%A3%E3%82%AB%E3%83%AB%E3%82%BB%E3%83%B3%E3%82%BF%E3%83%BC_%E5%85%90%E7%8E%89%E9%9A%86%E5%A4%AB-150x150.jpg&path=//s3/f75bf04088964924b004465536090d8a/wordpress/wp-content/uploads/2024/07 HTTP/1.1" 200 2705 "-" "Amazon CloudFront"
64.252.66.61 - - [04/Sep/2026:05:43:00 +0000] "GET /products/detail/208628339?path=//sys/bus/node/devices/node0/cpu1/driver/cpu7/driver/cpu2/node0/cpu4/firmware_node/subsystem/devices/PNP0A03:00/physical_node/0000:00:04.0/firmware_node/physical_node/nvme/nvme0/device/nvme/nvme0/nvme0n1/nvme0n1p128/subsystem/nvme2n1/holders/md0/slaves/nvme2n1/holders/md0/md/rd0/block/power HTTP/1.1" 200 3483 "-" "Amazon CloudFront"
64.252.66.102 - - [04/Sep/2026:05:43:04 +0000] "GET /?path=//sys/class/thermal/cooling_device3/device/physical_node/node0/cpu1/driver/cpu0/node0/cpu2/firmware_node/subsystem/devices/LNXSYSTM:00/LNXSYBUS:00/PNP0C0F:02/subsystem/devices/LNXSYSTM:00/LNXSYBUS:00/PNP0A03:00/device:06/physical_node/driver/0000:00:1e.0/nvme/nvme1/nvme1n1/holders/md0/md/rd1/block/holders/md0/slaves/nvme2n1/mq/6 HTTP/1.1" 200 3525 "-" "Amazon CloudFront"
64.252.68.74 - - [04/Sep/2026:05:43:08 +0000] "GET /products/detail/208628339?path=//sys/bus/node/devices/node0/cpu1/driver/cpu7/driver/cpu2/node0/cpu4/firmware_node/subsystem/devices/PNP0A03:00/device:21/physical_node/subsystem/drivers/nvme/0000:00:1f.0/nvme/nvme2/nvme2n1/holders/md0/md/rd1/block/holders/md0/md/bitmap HTTP/1.1" 200 3500 "-" "Amazon CloudFront"
64.252.68.74 - - [04/Sep/2026:05:43:12 +0000] "GET /products/detail/208628339?path=//sys/bus/node/devices/node0/cpu1/driver/cpu7/driver/cpu2/node0/cpu1/firmware_node/thermal_cooling/device/physical_node/firmware_node/subsystem/devices/LNXSYSTM:00/LNXSYBUS:00/PNP0A03:00/device:06/physical_node/nvme/nvme0/nvme0n1/nvme0n1p128/subsystem/md0/md/dev-nvme1n1/block/device/nvme1n1/slaves HTTP/1.1" 200 2993 "-" "Amazon CloudFront"
64.252.66.61 - - [04/Sep/2026:05:43:16 +0000] "GET /products/detail/208628339?path=//sys/bus/node/devices/node0/cpu1/driver/cpu7/driver/cpu2/node0/cpu1/firmware_node/thermal_cooling/device/physical_node/firmware_node/subsystem/devices/LNXSYBUS:00/PNP0A03:00/device:20/physical_node/nvme/nvme1/device/nvme/nvme1/nvme1n1/subsystem/nvme2n1/holders/md0/md/rd1/block/mq/0 HTTP/1.1" 200 3433 "-" "Amazon CloudFront"
64.252.68.74 - - [04/Sep/2026:05:43:20 +0000] "GET /products/detail/208628339?path=//sys/bus/node/devices/node0/cpu1/driver/cpu7/driver/cpu2/node0/cpu1/firmware_node/thermal_cooling/device/physical_node/firmware_node/subsystem/devices/LNXSYSTM:00/LNXSYBUS:00/PNP0A03:00/device:06/physical_node/nvme/nvme0/nvme0n1/subsystem/md0/slaves/nvme2n1/holders/md0/slaves/nvme1n1/bdi HTTP/1.1" 200 3582 "-" "Amazon CloudFront"
64.252.68.74 - - [04/Sep/2026:05:43:24 +0000] "GET /products/detail/208628339?path=//sys/bus/node/devices/node0/cpu1/driver/cpu7/driver/cpu2/node0/cpu1/firmware_node/thermal_cooling/device/physical_node/firmware_node/subsystem/devices/LNXSYBUS:00/PNP0A03:00/device:20/physical_node/nvme/nvme1/device/nvme/nvme1/nvme1n1/subsystem/nvme2n1/holders/md0/slaves/nvme2n1/holders/md0/md HTTP/1.1" 200 4191 "-" "Amazon CloudFront"
64.252.66.61 - - [04/Sep/2026:05:43:25 +0000] "GET /?path=//s3/f1de3baa71784a58b8bd5743fc625f4f/wordpress HTTP/1.1" 200 2889 "-" "Amazon CloudFront"
64.252.67.164 - - [04/Sep/2026:05:43:28 +0000] "GET /?path=//sys/class/thermal/cooling_device3/device/physical_node/node0/memory28/node0/cpu5/firmware_node/subsystem/devices/PNP0A03:00/physical_node/pci_bus/0000:00/device/0000:00:1e.0/driver/module/drivers/pci:nvme/0000:00:04.0/driver/module/drivers/pci:nvme/0000:00:1e.0/subsystem/slots/13 HTTP/1.1" 200 3569 "-" "Amazon CloudFront"
64.252.68.74 - - [04/Sep/2026:05:43:33 +0000] "GET /?path=//sys/bus/acpi/devices/LNXCPU:06/physical_node/node0/memory21/node0/cpu0/subsystem/drivers/processor/cpu6/firmware_node/subsystem/devices/device:06/physical_node/driver/0000:00:04.0/driver/0000:00:1e.0/nvme/nvme1/nvme1n1/holders/md0/md/rd0/block/holders/md0/slaves/nvme2n1/device/device/nvme/nvme2/nvme2n1/mq/0 HTTP/1.1" 200 3486 "-" "Amazon CloudFront"
64.252.68.74 - - [04/Sep/2026:05:43:36 +0000] "GET /?path=//sys/bus/acpi/devices/LNXCPU:06/physical_node/node0/memory21/node0/cpu0/subsystem/drivers/processor/cpu6/firmware_node/subsystem/devices/device:06/physical_node/driver/0000:00:04.0/driver/0000:00:1e.0/nvme/nvme1/nvme1n1/holders/md0/md/rd0/block/holders/md0/slaves/nvme2n1/device/device/nvme/nvme2/nvme2n1/mq/2 HTTP/1.1" 200 3487 "-" "Amazon CloudFront"
64.252.66.61 - - [04/Sep/2026:05:43:40 +0000] "GET /?path=//sys/class/thermal/cooling_device3/device/physical_node/node0/memory28/node0/cpu5/firmware_node/subsystem/devices/PNP0A03:00/physical_node/pci_bus/0000:00/device/0000:00:1f.0/driver/module/drivers/pci:nvme/0000:00:04.0/driver/0000:00:1f.0/subsystem/slots/13/module/parameters HTTP/1.1" 200 3229 "-" "Amazon CloudFront"
64.252.66.61 - - [04/Sep/2026:05:43:44 +0000] "GET /?path=//sys/class/thermal/cooling_device3/device/physical_node/node0/memory28/node0/cpu5/firmware_node/subsystem/devices/PNP0A03:00/physical_node/pci_bus/0000:00/device/0000:00:01.0/subsystem/drivers/nvme/module/drivers/pci:nvme/0000:00:1e.0/driver/0000:00:04.0/driver/0000:00:1e.0/msi_irqs HTTP/1.1" 200 3470 "-" "Amazon CloudFront"
64.252.66.102 - - [04/Sep/2026:05:43:48 +0000] "GET /products/detail/208628339?path=//sys/bus/node/devices/node0/cpu1/driver/cpu7/driver/cpu2/node0/cpu4/firmware_node/subsystem/devices/PNP0A03:00/device:21/physical_node/subsystem/drivers/nvme/0000:00:1f.0/nvme/nvme2/nvme2n1/holders/md0/md/rd1/block/holders/md0/md/rd1 HTTP/1.1" 200 3681 "-" "Amazon CloudFront"
64.252.66.61 - - [04/Sep/2026:05:43:52 +0000] "GET /products/detail/208628339?path=//sys/bus/node/devices/node0/cpu1/driver/cpu7/driver/cpu2/node0/cpu4/firmware_node/subsystem/devices/PNP0A03:00/device:06/physical_node/firmware_node/physical_node/nvme/nvme0/nvme0n1/nvme0n1p1/subsystem/nvme2n1/device/nvme2n1/holders/md0/md/dev-nvme2n1/block/mq/4/cpu4 HTTP/1.1" 200 2936 "-" "Amazon CloudFront"
64.252.66.61 - - [04/Sep/2026:05:43:56 +0000] "GET /products/detail/225861420?path=//sys/devices/pci0000:00/firmware_node/device:07/physical_node/firmware_node/subsystem/devices/device:20/physical_node/driver/0000:00:1f.0/nvme/nvme2/nvme2n1/device/subsystem/nvme2/device/driver/module/drivers/pci:nvme/module/drivers/pci:nvme/0000:00:1e.0/nvme/nvme1/nvme1n1/holders/md0/slaves/nvme1n1/holders/md0/md/rd1/block/mq HTTP/1.1" 200 3532 "-" "Amazon CloudFront"
64.252.66.61 - - [04/Sep/2026:05:44:01 +0000] "GET /products/detail/208628339?path=//sys/bus/node/devices/node0/cpu1/driver/cpu7/driver/cpu2/node0/cpu4/firmware_node/subsystem/devices/PNP0A03:00/physical_node/0000:00:04.0/firmware_node/physical_node/nvme/nvme0/device/nvme/nvme0/nvme0n1/nvme0n1p128/subsystem/md0/md/rd0/block/holders/md0/slaves/nvme2n1/device/nvme2n1/integrity HTTP/1.1" 200 3544 "-" "Amazon CloudFront"
64.252.68.74 - - [04/Sep/2026:05:44:04 +0000] "GET /?path=//sys/bus/memory/devices/memory1/node0/memory7/node0/cpu1/subsystem/drivers/processor/cpu5/firmware_node/subsystem/devices/PNP0A03:00/physical_node/firmware_node/device:20/physical_node/driver/0000:00:04.0/driver/module/drivers/pci:nvme/0000:00:1e.0/nvme/nvme1/device/nvme/nvme1/nvme1n1/holders/md0/slaves/nvme2n1/holders/md0/md/dev-nvme1n1/block/mq/4/cpu4 HTTP/1.1" 200 3065 "-" "Amazon CloudFront"
64.252.68.74 - - [04/Sep/2026:05:44:08 +0000] "GET /products/detail/208628339?path=//sys/bus/node/devices/node0/cpu1/driver/cpu7/driver/cpu2/node0/cpu4/firmware_node/subsystem/devices/PNP0A03:00/physical_node/0000:00:04.0/subsystem/drivers/nvme/0000:00:1e.0/nvme/nvme1/nvme1n1/holders/md0/md/dev-nvme1n1/block/holders/md0/md/dev-nvme2n1/block/bdi/power HTTP/1.1" 200 3459 "-" "Amazon CloudFront"
64.252.68.74 - - [04/Sep/2026:05:44:10 +0000] "GET /products/detail/304128127 HTTP/1.1" 200 4265 "-" "Amazon CloudFront"
64.252.66.102 - - [04/Sep/2026:05:44:12 +0000] "GET /?path=//sys/bus/memory/devices/memory1/node0/memory7/node0/cpu1/subsystem/drivers/processor/cpu5/firmware_node/subsystem/devices/PNP0A03:00/physical_node/firmware_node/physical_node/0000:00:1e.0/driver/module/drivers/pci:nvme/0000:00:1f.0/driver/0000:00:1e.0/nvme/nvme1/nvme1n1/device/nvme1n1/holders/md0/md/dev-nvme2n1/block/holders/md0/md/rd0/block/bdi HTTP/1.1" 200 3671 "-" "Amazon CloudFront"
64.252.67.164 - - [04/Sep/2026:05:44:13 +0000] "GET /products/detail/142686450?fileloc=//bin/net-snmp-create-v3-user&path=//bin HTTP/1.1" 200 3643 "-" "Amazon CloudFront"
64.252.67.164 - - [04/Sep/2026:05:44:16 +0000] "GET /products/detail/208628339?path=//sys/bus/node/devices/node0/cpu1/driver/cpu7/driver/cpu2/node0/cpu4/firmware_node/subsystem/devices/PNP0A03:00/physical_node/0000:00:04.0/firmware_node/physical_node/nvme/nvme0/device/nvme/nvme0/subsystem/nvme2/nvme2n1/holders/md0/md/dev-nvme2n1/block/holders/md0/md HTTP/1.1" 200 4151 "-" "Amazon CloudFront"
64.252.66.102 - - [04/Sep/2026:05:44:20 +0000] "GET /products/detail/208628339?path=//sys/bus/node/devices/node0/cpu1/driver/cpu7/driver/cpu2/node0/cpu1/firmware_node/thermal_cooling/subsystem/cooling_device1/device/subsystem/devices/LNXSYSTM:00/LNXSYBUS:00/PNP0A03:00/physical_node/0000:00:1f.0/nvme/nvme2/nvme2n1/holders/md0/slaves/nvme2n1/holders/md0/md/dev-nvme1n1/block/mq/2/cpu2 HTTP/1.1" 200 3010 "-" "Amazon CloudFront"
64.252.66.102 - - [04/Sep/2026:05:44:24 +0000] "GET /products/detail/208628339?path=//sys/bus/node/devices/node0/cpu1/driver/cpu7/driver/cpu2/node0/cpu4/firmware_node/thermal_cooling/device/thermal_cooling/device/subsystem/drivers/button/LNXSLPBN:00/subsystem/devices/PNP0A03:00/physical_node/0000:00:1e.0/nvme/nvme1/nvme1n1/holders/md0/md/rd0/block/holders/md0/md/dev-nvme2n1 HTTP/1.1" 200 3801 "-" "Amazon CloudFront"
64.252.68.74 - - [04/Sep/2026:05:44:28 +0000] "GET /products/detail/208628339?path=//sys/bus/node/devices/node0/cpu1/driver/cpu7/driver/cpu2/node0/cpu4/firmware_node/subsystem/devices/PNP0A03:00/physical_node/0000:00:04.0/subsystem/drivers/nvme/0000:00:1e.0/nvme/nvme1/nvme1n1/holders/md0/md/dev-nvme2n1/block/holders/md0/slaves/nvme1n1/mq/6 HTTP/1.1" 200 3392 "-" "Amazon CloudFront"
64.252.67.164 - - [04/Sep/2026:05:44:32 +0000] "GET /products/detail/208628339?path=//sys/bus/node/devices/node0/cpu1/driver/cpu7/driver/cpu2/node0/cpu4/firmware_node/subsystem/devices/device:06/physical_node/nvme/nvme0/nvme0n1/subsystem/md0/slaves/nvme2n1/holders/md0/md/rd0/block/device/device/firmware_node/physical_node/nvme/nvme1/nvme1n1/mq HTTP/1.1" 200 3447 "-" "Amazon CloudFront"
64.252.67.164 - - [04/Sep/2026:05:44:36 +0000] "GET /products/detail/208628339?path=//sys/bus/node/devices/node0/cpu1/driver/cpu7/driver/cpu2/node0/cpu4/firmware_node/thermal_cooling/device/thermal_cooling/device/subsystem/drivers/button/LNXSLPBN:00/subsystem/devices/PNP0A03:00/physical_node/0000:00:1e.0/nvme/nvme1/nvme1n1/holders/md0/md/rd0/block/holders/md0/md/rd0 HTTP/1.1" 200 3789 "-" "Amazon CloudFront"
64.252.66.102 - - [04/Sep/2026:05:44:40 +0000] "GET /?path=//sys/class/thermal/cooling_device3/device/physical_node/node0/memory28/node0/cpu5/firmware_node/subsystem/devices/PNP0A03:00/physical_node/pci_bus/0000:00/device/0000:00:1e.0/driver/module/drivers/pci:nvme/0000:00:1e.0/firmware_node/subsystem/devices/LNXSYSTM:00/LNXSYBUS:00/LNXCPU:01/thermal_cooling HTTP/1.1" 200 3544 "-" "Amazon CloudFront"
64.252.66.102 - - [04/Sep/2026:05:44:44 +0000] "GET /products/detail/208628339?path=//sys/bus/node/devices/node0/cpu1/driver/cpu7/driver/cpu2/node0/cpu4/firmware_node/subsystem/devices/PNP0A03:00/physical_node/0000:00:04.0/firmware_node/physical_node/nvme/nvme0/device/nvme/nvme0/subsystem/nvme2/nvme2n1/holders/md0/md/dev-nvme2n1/block/holders/md0/bdi HTTP/1.1" 200 3554 "-" "Amazon CloudFront"
64.252.68.74 - - [04/Sep/2026:05:44:48 +0000] "GET /products/detail/208628339?path=//sys/bus/node/devices/node0/cpu1/driver/cpu7/driver/cpu2/node0/cpu1/firmware_node/thermal_cooling/device/physical_node/firmware_node/subsystem/devices/PNP0A03:00/device:02/physical_node/subsystem/drivers/nvme/0000:00:1f.0/nvme/nvme2/nvme2n1/device/nvme2n1/holders/md0/md/dev-nvme2n1/block/bdi HTTP/1.1" 200 3582 "-" "Amazon CloudFront"
64.252.68.74 - - [04/Sep/2026:05:44:52 +0000] "GET /?path=//sys/class/thermal/cooling_device3/device/physical_node/node0/memory28/node0/cpu5/firmware_node/subsystem/devices/PNP0A03:00/physical_node/pci_bus/0000:00/device/0000:00:1e.0/driver/module/drivers/pci:nvme/0000:00:1e.0/driver/0000:00:04.0/firmware_node/subsystem/devices/LNXCPU:00/thermal_cooling/power HTTP/1.1" 200 3459 "-" "Amazon CloudFront"
64.252.66.61 - - [04/Sep/2026:05:44:56 +0000] "GET /?path=//sys/bus/memory/devices/memory1/node0/memory7/node0/cpu1/subsystem/drivers/processor/cpu5/firmware_node/subsystem/devices/PNP0A03:00/physical_node/firmware_node/physical_node/0000:00:1e.0/driver/module/drivers/pci:nvme/0000:00:1e.0/nvme/nvme1/device/nvme/nvme1/nvme1n1/device/nvme1n1/holders/md0/md/dev-nvme1n1/block/mq/2/cpu2 HTTP/1.1" 200 3017 "-" "Amazon CloudFront"
64.252.67.164 - - [04/Sep/2026:05:45:00 +0000] "GET /products/detail/208628339?path=//sys/bus/node/devices/node0/cpu1/driver/cpu7/driver/cpu2/node0/cpu1/firmware_node/thermal_cooling/device/physical_node/firmware_node/subsystem/devices/device:06/physical_node/nvme/nvme0/nvme0n1/device/nvme0n1/nvme0n1p1/subsystem/nvme1n1/holders/md0/md/dev-nvme2n1/block/mq/5/cpu5 HTTP/1.1" 200 2976 "-" "Amazon CloudFront"
64.252.66.102 - - [04/Sep/2026:05:45:04 +0000] "GET /?path=//sys/class/thermal/cooling_device3/device/physical_node/node0/cpu6/driver/cpu0/node0/cpu5/firmware_node/subsystem/devices/device:12/subsystem/devices/LNXSYSTM:00/LNXSYBUS:00/PNP0A03:00/physical_node/pci_bus/0000:00/device/0000:00:04.0/driver/0000:00:1e.0/nvme/nvme1/nvme1n1/holders/md0/md/rd0/block/holders/md0/md/rd0/block/power HTTP/1.1" 200 3575 "-" "Amazon CloudFront"
64.252.67.164 - - [04/Sep/2026:05:45:08 +0000] "GET /?path=//sys/class/thermal/cooling_device3/device/physical_node/node0/memory28/node0/cpu5/firmware_node/subsystem/devices/PNP0A03:00/physical_node/pci_bus/0000:00/device/0000:00:01.3/subsystem/devices/0000:00:1f.0/driver/0000:00:04.0/driver/module/drivers/pci:nvme/0000:00:04.0/nvme/nvme0/nvme0n1/integrity HTTP/1.1" 200 3523 "-" "Amazon CloudFront"
64.252.66.61 - - [04/Sep/2026:05:45:11 +0000] "GET /products/detail/214369107 HTTP/1.1" 200 4265 "-" "Amazon CloudFront"
64.252.66.61 - - [04/Sep/2026:05:45:12 +0000] "GET /?path=//sys/bus/memory/devices/memory5/node0/memory27/node0/cpu3/driver/cpu1/subsystem/drivers/processor/cpu0/driver/cpu2/firmware_node/subsystem/devices/PNP0A03:00/physical_node/0000:00:1e.0/nvme/nvme1/nvme1n1/holders/md0/md/dev-nvme2n1/block/device/nvme2n1/device/nvme2n1/holders/md0/slaves/nvme1n1/mq/0/cpu0 HTTP/1.1" 200 3009 "-" "Amazon CloudFront"
64.252.66.61 - - [04/Sep/2026:05:45:16 +0000] "GET /products/detail/208628339?path=//sys/bus/node/devices/node0/cpu1/driver/cpu7/driver/cpu2/node0/cpu4/firmware_node/thermal_cooling/device/physical_node/firmware_node/thermal_cooling/device/subsystem/devices/PNP0A03:00/device:20/physical_node/nvme/nvme1/nvme1n1/holders/md0/slaves/nvme2n1/subsystem/nvme0n1/mq/1/cpu3 HTTP/1.1" 200 2971 "-" "Amazon CloudFront"
64.252.66.61 - - [04/Sep/2026:05:45:20 +0000] "GET /products/detail/208628339?path=//sys/bus/node/devices/node0/cpu1/driver/cpu7/driver/cpu2/node0/cpu4/firmware_node/subsystem/devices/PNP0A03:00/physical_node/0000:00:04.0/firmware_node/physical_node/nvme/nvme0/device/nvme/nvme0/nvme0n1/nvme0n1p128/subsystem/md0/md/dev-nvme2n1/block/device/nvme2n1/holders/md0/md/dev-nvme2n1/block HTTP/1.1" 200 4264 "-" "Amazon CloudFront"
64.252.66.102 - - [04/Sep/2026:05:45:24 +0000] "GET /?path=//sys/class/thermal/cooling_device3/device/physical_node/node0/memory28/node0/cpu5/firmware_node/subsystem/devices/PNP0A03:00/physical_node/pci_bus/0000:00/device/0000:00:1e.0/driver/module/drivers/pci:nvme/0000:00:1f.0/driver/0000:00:1e.0/firmware_node/subsystem/drivers/button/LNXPWRBN:00/power HTTP/1.1" 200 3875 "-" "Amazon CloudFront"
64.252.66.102 - - [04/Sep/2026:05:45:28 +0000] "GET /products/detail/208628339?path=//sys/bus/node/devices/node0/cpu1/driver/cpu7/driver/cpu2/node0/cpu1/firmware_node/thermal_cooling/device/physical_node/firmware_node/subsystem/devices/PNP0A03:00/device:02/physical_node/subsystem/drivers/nvme/0000:00:1f.0/nvme/nvme2/nvme2n1/device/nvme2n1/holders/md0/md/dev-nvme1n1/block/holders HTTP/1.1" 200 3233 "-" "Amazon CloudFront"
64.252.67.164 - - [04/Sep/2026:05:45:32 +0000] "GET /products/detail/208628339?path=//sys/bus/node/devices/node0/cpu1/driver/cpu7/driver/cpu2/node0/cpu4/firmware_node/subsystem/devices/PNP0A03:00/physical_node/0000:00:04.0/firmware_node/physical_node/nvme/nvme0/device/nvme/nvme0/nvme0n1/subsystem/md0/md/rd0/block/holders/md0/slaves/nvme1n1/device/nvme1n1/mq/5 HTTP/1.1" 200 3417 "-" "Amazon CloudFront"
64.252.66.102 - - [04/Sep/2026:05:45:36 +0000] "GET /products/detail/208628339?path=//sys/bus/node/devices/node0/cpu1/driver/cpu7/driver/cpu2/node0/cpu4/firmware_node/subsystem/devices/PNP0A03:00/device:06/physical_node/firmware_node/physical_node/nvme/nvme0/subsystem/nvme2/nvme2n1/device/device/nvme/nvme2/nvme2n1/holders/md0/slaves/nvme1n1/holders/md0 HTTP/1.1" 200 4121 "-" "Amazon CloudFront"
64.252.67.164 - - [04/Sep/2026:05:45:40 +0000] "GET /?path=//sys/class/thermal/cooling_device3/device/physical_node/node0/memory28/node0/cpu5/firmware_node/subsystem/devices/PNP0A03:00/physical_node/pci_bus/0000:00/device/0000:00:05.0/subsystem/drivers/nvme/module/drivers/pci:nvme/0000:00:1e.0/driver/0000:00:04.0/nvme/nvme0/nvme0n1/nvme0n1p128 HTTP/1.1" 200 3855 "-" "Amazon CloudFront"
64.252.67.164 - - [04/Sep/2026:05:45:44 +0000] "GET /products/detail/208628339?path=//sys/bus/node/devices/node0/cpu1/driver/cpu7/driver/cpu2/node0/cpu4/firmware_node/subsystem/devices/PNP0A03:00/physical_node/0000:00:1f.0/subsystem/drivers/nvme/0000:00:1f.0/nvme/nvme2/nvme2n1/holders/md0/md/rd1/block/mq/6/cpu6 HTTP/1.1" 200 2901 "-" "Amazon CloudFront"
64.252.66.102 - - [04/Sep/2026:05:45:48 +0000] "GET /products/detail/208628339?path=//sys/bus/node/devices/node0/cpu1/driver/cpu7/driver/cpu2/node0/cpu1/firmware_node/thermal_cooling/subsystem/cooling_device1/device/subsystem/devices/LNXSYSTM:00/LNXSYBUS:00/PNP0A03:00/physical_node/0000:00:1f.0/nvme/nvme2/nvme2n1/holders/md0/md/rd1/block/holders/md0/slaves/nvme1n1/mq/5 HTTP/1.1" 200 3455 "-" "Amazon CloudFront"
64.252.66.102 - - [04/Sep/2026:05:45:52 +0000] "GET /?path=//sys/class/thermal/cooling_device3/device/physical_node/node0/memory28/node0/cpu5/firmware_node/subsystem/devices/PNP0A03:00/physical_node/pci_bus/0000:00/device/0000:00:1f.0/driver/module/drivers/pci:nvme/0000:00:1f.0/subsystem/devices/0000:00:05.0/net/eth0/queues/tx-4 HTTP/1.1" 200 3471 "-" "Amazon CloudFront"
64.252.66.102 - - [04/Sep/2026:05:45:56 +0000] "GET /?path=//sys/class/thermal/cooling_device3/device/physical_node/node0/memory28/node0/cpu5/firmware_node/subsystem/devices/PNP0A03:00/physical_node/pci_bus/0000:00/device/0000:00:1f.0/driver/module/drivers/pci:nvme/0000:00:04.0/driver/0000:00:04.0/subsystem/slots/28/module/parameters HTTP/1.1" 200 3227 "-" "Amazon CloudFront"
64.252.68.74 - - [04/Sep/2026:05:46:00 +0000] "GET /?path=//sys/class/thermal/cooling_device3/device/physical_node/node0/memory28/node0/cpu5/firmware_node/subsystem/devices/PNP0A03:00/physical_node/pci_bus/0000:00/device/0000:00:1e.0/driver/module/drivers/pci:nvme/0000:00:1e.0/firmware_node/subsystem/devices/LNXSYBUS:00/PNP0A03:00/device:02/PNP0400:00 HTTP/1.1" 200 3552 "-" "Amazon CloudFront"
64.252.68.74 - - [04/Sep/2026:05:46:04 +0000] "GET /products/detail/208628339?path=//sys/bus/node/devices/node0/cpu1/driver/cpu7/driver/cpu2/node0/cpu4/firmware_node/subsystem/devices/PNP0A03:00/physical_node/0000:00:04.0/subsystem/drivers/nvme/module/drivers/pci:nvme/0000:00:1e.0/nvme/nvme1/nvme1n1/holders/md0/md/dev-nvme2n1/block/power HTTP/1.1" 200 3436 "-" "Amazon CloudFront"
64.252.66.102 - - [04/Sep/2026:05:46:08 +0000] "GET /products/detail/208628339?path=//sys/bus/node/devices/node0/cpu1/driver/cpu7/driver/cpu2/node0/cpu4/firmware_node/thermal_cooling/device/physical_node/firmware_node/subsystem/devices/PNP0A03:00/device:20/physical_node/nvme/nvme1/nvme1n1/subsystem/md0/md/rd0/block/holders/md0/md/dev-nvme2n1/block/mq/0 HTTP/1.1" 200 3415 "-" "Amazon CloudFront"
64.252.67.164 - - [04/Sep/2026:05:46:12 +0000] "GET /?fileloc=//sys/class/net/eth0/statistics/multicast&path=//sys/class/net/eth0/statistics HTTP/1.1" 200 2583 "-" "Amazon CloudFront"
64.252.68.74 - - [04/Sep/2026:05:46:12 +0000] "GET /?path=//sys/class/thermal/cooling_device3/device/physical_node/node0/memory28/node0/cpu5/firmware_node/subsystem/devices/PNP0A03:00/physical_node/pci_bus/0000:00/device/0000:00:1f.0/driver/module/drivers/pci:nvme/0000:00:1f.0/subsystem/devices/0000:00:05.0/net/eth0/queues/rx-0 HTTP/1.1" 200 3285 "-" "Amazon CloudFront"
64.252.66.61 - - [04/Sep/2026:05:46:14 +0000] "GET /?fileloc=//sys/class/net/eth0/statistics/rx_dropped&path=//sys/class/net/eth0/statistics HTTP/1.1" 200 2586 "-" "Amazon CloudFront"
64.252.67.164 - - [04/Sep/2026:05:46:16 +0000] "GET /products/detail/208628339?path=//sys/bus/node/devices/node0/cpu1/driver/cpu7/driver/cpu2/node0/cpu4/firmware_node/subsystem/devices/PNP0A03:00/physical_node/0000:00:04.0/firmware_node/physical_node/nvme/nvme0/device/nvme/nvme0/subsystem/nvme1/nvme1n1/holders/md0/md/rd1/block/holders/md0/slaves/nvme2n1/bdi/power HTTP/1.1" 200 3478 "-" "Amazon CloudFront"
64.252.66.61 - - [04/Sep/2026:05:46:20 +0000] "GET /products/detail/208628339?path=//sys/bus/node/devices/node0/cpu1/driver/cpu7/driver/cpu2/node0/cpu4/firmware_node/subsystem/devices/PNP0A03:00/physical_node/0000:00:04.0/firmware_node/physical_node/nvme/nvme0/device/nvme/nvme0/subsystem/nvme1/nvme1n1/holders/md0/slaves/nvme2n1/holders/md0/md/dev-nvme1n1/block/mq/6 HTTP/1.1" 200 3423 "-" "Amazon CloudFront"
64.252.67.164 - - [04/Sep/2026:05:46:24 +0000] "GET /products/detail/208628339?path=//sys/bus/node/devices/node0/cpu1/driver/cpu7/driver/cpu2/node0/cpu4/firmware_node/thermal_cooling/device/physical_node/firmware_node/subsystem/devices/device:20/physical_node/nvme/nvme1/nvme1n1/holders/md0/md/dev-nvme1n1/block/holders/md0/slaves/nvme2n1/bdi/subsystem/0:40/power HTTP/1.1" 200 3471 "-" "Amazon CloudFront"
64.252.66.61 - - [04/Sep/2026:05:46:28 +0000] "GET /?path=//sys/class/thermal/cooling_device3/device/physical_node/node0/memory28/node0/cpu5/firmware_node/subsystem/devices/PNP0A03:00/physical_node/pci_bus/0000:00/device/0000:00:04.0/subsystem/drivers/nvme/0000:00:04.0/driver/0000:00:1f.0/driver/0000:00:1f.0/nvme/nvme2/nvme2n1/mq/6 HTTP/1.1" 200 3381 "-" "Amazon CloudFront"
64.252.68.74 - - [04/Sep/2026:05:46:32 +0000] "GET /products/detail/208628339?path=//sys/bus/node/devices/node0/cpu1/driver/cpu7/driver/cpu2/node0/cpu4/firmware_node/subsystem/devices/PNP0A03:00/device:21/physical_node/subsystem/drivers/nvme/0000:00:1f.0/nvme/nvme2/nvme2n1/holders/md0/md/dev-nvme1n1/block/device/nvme1n1/device/nvme1n1/mq/5/cpu5 HTTP/1.1" 200 2951 "-" "Amazon CloudFront"
64.252.67.164 - - [04/Sep/2026:05:46:36 +0000] "GET /?path=//sys/class/thermal/cooling_device3/device/physical_node/node0/memory28/node0/cpu5/firmware_node/subsystem/devices/PNP0A03:00/physical_node/pci_bus/0000:00/device/0000:00:1f.0/driver/module/drivers/pci:nvme/0000:00:1e.0/firmware_node/subsystem/devices/LNXSYBUS:00/LNXCPU:03/thermal_cooling/power HTTP/1.1" 200 3464 "-" "Amazon CloudFront"
64.252.66.102 - - [04/Sep/2026:05:46:40 +0000] "GET /?path=//sys/class/thermal/cooling_device3/device/physical_node/node0/cpu0/node0/cpu4/firmware_node/subsystem/devices/LNXSYSTM:00/LNXSYBUS:01/subsystem/devices/PNP0A03:00/physical_node/0000:00:1e.0/driver/module/drivers/pci:nvme/module/drivers/pci:nvme/0000:00:1e.0/driver/0000:00:1f.0/nvme/nvme2/device/nvme/nvme2/nvme2n1/holders/md0/slaves/nvme2n1/holders/md0/md/dev-nvme1n1/block/slaves HTTP/1.1" 200 3072 "-" "Amazon CloudFront"
64.252.68.74 - - [04/Sep/2026:05:46:41 +0000] "GET /?fileloc=//sys/class/net/lo/ifalias&path=//sys/class/net/lo HTTP/1.1" 200 2564 "-" "Amazon CloudFront"
64.252.71.147 - - [04/Sep/2026:05:46:43 +0000] "GET /prizes/106064773?path=/var/www/volumes/4f10bf1047884191b0f3db9e746294b8 HTTP/1.1" 200 2642 "-" "Amazon CloudFront"
64.252.66.102 - - [04/Sep/2026:05:46:44 +0000] "GET /?path=//sys/class/thermal/cooling_device3/device/physical_node/node0/memory28/node0/cpu5/firmware_node/subsystem/devices/PNP0A03:00/physical_node/pci_bus/0000:00/device/0000:00:1f.0/driver/0000:00:1f.0/driver/0000:00:1e.0/nvme/nvme1/nvme1n1/holders/md0/md/dev-nvme1n1/block HTTP/1.1" 200 4237 "-" "Amazon CloudFront"
64.252.67.164 - - [04/Sep/2026:05:46:48 +0000] "GET /products/detail/208628339?path=//sys/bus/node/devices/node0/cpu1/driver/cpu7/driver/cpu2/node0/cpu4/firmware_node/subsystem/devices/PNP0A03:00/device:06/physical_node/firmware_node/physical_node/nvme/nvme0/nvme0n1/subsystem/nvme2n1/device/device/nvme/nvme2/nvme2n1/holders/md0/md/dev-nvme1n1/block/mq/3/cpu3 HTTP/1.1" 200 2975 "-" "Amazon CloudFront"
64.252.66.61 - - [04/Sep/2026:05:46:51 +0000] "GET /?path=//s3/f75bf04088964924b004465536090d8a/wordpress/wp-content/uploads/2023/08 HTTP/1.1" 200 11619 "-" "Amazon CloudFront"
64.252.67.164 - - [04/Sep/2026:05:46:52 +0000] "GET /?fileloc=//s3/f75bf04088964924b004465536090d8a/wordpress/wp-content/uploads/2020/09/%E4%BD%90%E8%B3%80%E5%A4%A7%E5%AD%A6%E5%A4%96%E8%A6%B3.jpg&path=//s3/f75bf04088964924b004465536090d8a/wordpress/wp-content/uploads/2020/09 HTTP/1.1" 200 2663 "-" "Amazon CloudFront"
64.252.68.74 - - [04/Sep/2026:05:46:52 +0000] "GET /products/detail/208628339?path=//sys/bus/node/devices/node0/cpu1/driver/cpu7/driver/cpu2/node0/cpu1/firmware_node/thermal_cooling/device/physical_node/firmware_node/subsystem/devices/LNXSYSTM:00/LNXSYBUS:00/PNP0A03:00/device:06/physical_node/nvme/nvme0/device/nvme/nvme0/nvme0n1/subsystem/nvme2n1/holders/md0/slaves/nvme2n1/bdi HTTP/1.1" 200 3585 "-" "Amazon CloudFront"
64.252.66.102 - - [04/Sep/2026:05:46:56 +0000] "GET /products/detail/208628339?path=//sys/bus/node/devices/node0/cpu1/driver/cpu7/driver/cpu2/node0/cpu4/firmware_node/subsystem/devices/PNP0A03:00/physical_node/0000:00:03.0/firmware_node/physical_node/subsystem/drivers/nvme/module/drivers/pci:nvme/0000:00:1e.0/nvme/nvme1/nvme1n1/holders/md0/md/rd1/block/holders HTTP/1.1" 200 3214 "-" "Amazon CloudFront"
64.252.67.164 - - [04/Sep/2026:05:47:00 +0000] "GET /?path=//sys/class/thermal/cooling_device3/device/physical_node/node0/memory28/node0/cpu5/firmware_node/subsystem/devices/PNP0A03:00/physical_node/pci_bus/0000:00/device/0000:00:04.0/driver/0000:00:04.0/driver/module/drivers/pci:nvme/0000:00:1f.0/subsystem/devices/0000:00:03.0/power HTTP/1.1" 200 3409 "-" "Amazon CloudFront"
64.252.66.102 - - [04/Sep/2026:05:47:04 +0000] "GET /?path=//sys/class/thermal/cooling_device3/device/physical_node/node0/memory28/node0/cpu5/firmware_node/subsystem/devices/PNP0A03:00/physical_node/pci_bus/0000:00/device/0000:00:1f.0/driver/0000:00:1f.0/driver/0000:00:1e.0/nvme/nvme1/nvme1n1/subsystem/nvme1n1/mq/5/cpu5 HTTP/1.1" 200 2907 "-" "Amazon CloudFront"
64.252.67.164 - - [04/Sep/2026:05:47:08 +0000] "GET /?path=//sys/class/thermal/cooling_device3/device/physical_node/node0/memory28/node0/cpu5/firmware_node/subsystem/devices/PNP0A03:00/physical_node/pci_bus/0000:00/device/0000:00:1e.0/driver/module/drivers/pci:nvme/module/drivers/pci:nvme/0000:00:1e.0/firmware_node/subsystem/devices/device:0e/power HTTP/1.1" 200 3435 "-" "Amazon CloudFront"
64.252.68.74 - - [04/Sep/2026:05:47:12 +0000] "GET /?path=//sys/class/thermal/cooling_device3/device/physical_node/node0/memory28/node0/cpu5/firmware_node/subsystem/devices/PNP0A03:00/physical_node/pci_bus/0000:00/device/0000:00:04.0/driver/0000:00:04.0/nvme/nvme0/nvme0n1/subsystem/md0/md/dev-nvme2n1/block/bdi/power HTTP/1.1" 200 3432 "-" "Amazon CloudFront"
64.252.67.164 - - [04/Sep/2026:05:47:16 +0000] "GET /products/detail/208628339?path=//sys/bus/node/devices/node0/cpu1/driver/cpu7/driver/cpu2/node0/cpu4/firmware_node/subsystem/devices/PNP0A03:00/physical_node/0000:00:1f.0/nvme/nvme2/subsystem/nvme2/nvme2n1/holders/md0/md/rd1/block/holders/md0/md/rd1/block/mq/2 HTTP/1.1" 200 3350 "-" "Amazon CloudFront"
