64.252.68.74 - - [04/Sep/2026:06:23:20 +0000] "GET /?path=//sys/bus/memory/devices/memory1/node0/memory30/node0/cpu6/firmware_node/subsystem/devices/device:21/physical_node/driver/module/drivers/pci:nvme/0000:00:1e.0/nvme/nvme1/device/firmware_node/physical_node/driver/0000:00:04.0/nvme/nvme0/subsystem/nvme1/nvme1n1/holders/md0/md/dev-nvme2n1/block/device/nvme2n1/holders/md0/slaves/nvme2n1/mq/1 HTTP/1.1" 200 3511 "-" "Amazon CloudFront"
64.252.68.74 - - [04/Sep/2026:06:23:24 +0000] "GET /products/detail/208628339?path=//sys/bus/node/devices/node0/cpu1/driver/cpu7/driver/cpu2/node0/cpu1/firmware_node/thermal_cooling/device/physical_node/firmware_node/subsystem/drivers/button/LNXSLPBN:00/subsystem/devices/PNP0A03:00/physical_node/0000:00:1f.0/nvme/nvme2/nvme2n1/holders/md0/md/dev-nvme2n1/block/holders/md0/slaves/nvme2n1/integrity HTTP/1.1" 200 3600 "-" "Amazon CloudFront"
64.252.67.164 - - [04/Sep/2026:06:23:26 +0000] "GET /?path=//sys/module/mbcache HTTP/1.1" 200 3216 "-" "Amazon CloudFront"
64.252.67.164 - - [04/Sep/2026:06:23:28 +0000] "GET /?path=//sys/bus/memory/devices/memory1/node0/memory30/node0/cpu6/firmware_node/subsystem/devices/device:21/physical_node/driver/module/drivers/pci:nvme/0000:00:1e.0/driver/0000:00:04.0/firmware_node/physical_node/subsystem/drivers/nvme/0000:00:1f.0/nvme/nvme2/nvme2n1/holders/md0/md/rd0/block/holders/md0/md/dev-nvme2n1/block/mq/6/cpu6 HTTP/1.1" 200 3022 "-" "Amazon CloudFront"
64.252.67.164 - - [04/Sep/2026:06:23:32 +0000] "GET /?path=//sys/bus/memory/devices/memory1/node0/memory28/node0/cpu2/driver/cpu4/firmware_node/subsystem/devices/PNP0A03:00/physical_node/0000:00:04.0/nvme/nvme0/nvme0n1/nvme0n1p1/subsystem/md0/md/dev-nvme2n1/block/device/device/driver/module/drivers/pci:nvme/module/drivers/pci:nvme/0000:00:1e.0/firmware_node/physical_node/nvme/nvme1/nvme1n1/holders/md0/md HTTP/1.1" 200 4284 "-" "Amazon CloudFront"
64.252.66.61 - - [04/Sep/2026:06:23:32 +0000] "GET /?path=//sys/module/pcbc HTTP/1.1" 200 3241 "-" "Amazon CloudFront"
64.252.67.164 - - [04/Sep/2026:06:23:36 +0000] "GET /?path=//sys/bus/memory/devices/memory1/node0/memory7/node0/cpu1/subsystem/drivers/processor/cpu5/firmware_node/subsystem/devices/PNP0A03:00/physical_node/firmware_node/physical_node/0000:00:1e.0/driver/0000:00:04.0/driver/0000:00:1f.0/nvme/nvme2/nvme2n1/holders/md0/md/dev-nvme2n1/block/device/device/nvme/nvme2/nvme2n1/holders/md0/md/dev-nvme2n1/block/bdi HTTP/1.1" 200 3662 "-" "Amazon CloudFront"
64.252.66.61 - - [04/Sep/2026:06:23:40 +0000] "GET /?path=//sys/class/thermal/cooling_device3/device/physical_node/node0/memory28/node0/cpu5/firmware_node/subsystem/devices/PNP0A03:00/physical_node/pci_bus/0000:00/device/0000:00:1f.0/driver/0000:00:04.0/subsystem/drivers/nvme/module/drivers/pci:nvme/0000:00:04.0/nvme/nvme0/nvme0n1/power HTTP/1.1" 200 3437 "-" "Amazon CloudFront"
64.252.66.61 - - [04/Sep/2026:06:23:44 +0000] "GET /products/detail/208628339?path=//sys/bus/node/devices/node0/cpu1/driver/cpu7/driver/cpu2/node0/cpu4/firmware_node/subsystem/devices/PNP0A03:00/device:21/physical_node/nvme/nvme2/nvme2n1/device/subsystem/nvme1/device/nvme/nvme1/nvme1n1/holders/md0/md/rd0/block/mq/1 HTTP/1.1" 200 3359 "-" "Amazon CloudFront"
64.252.66.61 - - [04/Sep/2026:06:23:48 +0000] "GET /products/detail/208628339?path=//sys/bus/node/devices/node0/cpu1/driver/cpu7/driver/cpu2/node0/cpu4/firmware_node/thermal_cooling/device/physical_node/firmware_node/thermal_cooling/device/subsystem/devices/device:20/physical_node/nvme/nvme1/nvme1n1/subsystem/nvme2n1/holders/md0/md/rd1/block/holders/md0/md/rd1/block HTTP/1.1" 200 4247 "-" "Amazon CloudFront"
64.252.66.102 - - [04/Sep/2026:06:23:52 +0000] "GET /?path=//sys/bus/memory/devices/memory1/node0/memory30/node0/cpu6/firmware_node/subsystem/devices/device:21/physical_node/driver/module/drivers/pci:nvme/0000:00:1f.0/driver/0000:00:1e.0/nvme/nvme1/nvme1n1/holders/md0/md/dev-nvme1n1/block/holders/md0/md/rd0/block/device/subsystem/nvme2/device/firmware_node/physical_node/nvme/nvme2/nvme2n1/mq HTTP/1.1" 200 3556 "-" "Amazon CloudFront"
64.252.67.164 - - [04/Sep/2026:06:23:56 +0000] "GET /products/detail/208628339?path=//sys/bus/node/devices/node0/cpu1/driver/cpu7/driver/cpu2/node0/cpu4/firmware_node/subsystem/devices/LNXSYSTM:00/LNXSYBUS:00/PNP0A03:00/device:20/physical_node/nvme/nvme1/device/firmware_node/physical_node/nvme/nvme1/subsystem/nvme2/nvme2n1/device/nvme2n1/holders/md0/md/rd1/block/trace HTTP/1.1" 200 3462 "-" "Amazon CloudFront"
64.252.66.61 - - [04/Sep/2026:06:24:00 +0000] "GET /?path=//sys/class/thermal/cooling_device3/device/physical_node/node0/memory28/node0/cpu5/firmware_node/subsystem/devices/LNXSYBUS:00/PNP0A03:00/device:1b/subsystem/devices/LNXSYBUS:00/PNP0A03:00/physical_node/pci_bus/0000:00/device/0000:00:1e.0/driver/0000:00:1e.0/driver/0000:00:1f.0/nvme/nvme2/nvme2n1/holders/md0/slaves/nvme1n1/holders/md0/slaves/nvme2n1/bdi/power HTTP/1.1" 200 3556 "-" "Amazon CloudFront"
64.252.68.74 - - [04/Sep/2026:06:24:04 +0000] "GET /products/detail/208628339?path=//sys/bus/node/devices/node0/cpu1/driver/cpu7/driver/cpu2/node0/cpu1/firmware_node/thermal_cooling/device/physical_node/firmware_node/subsystem/drivers/button/LNXSLPBN:00/subsystem/devices/PNP0A03:00/physical_node/0000:00:1f.0/nvme/nvme2/nvme2n1/holders/md0/slaves/nvme1n1/holders/md0/md/dev-nvme1n1/block/trace HTTP/1.1" 200 3498 "-" "Amazon CloudFront"
64.252.66.61 - - [04/Sep/2026:06:24:08 +0000] "GET /?path=//sys/class/thermal/cooling_device3/device/physical_node/node0/memory28/node0/cpu5/firmware_node/subsystem/devices/PNP0A03:00/physical_node/pci_bus/0000:00/device/0000:00:04.0/driver/0000:00:04.0/nvme/nvme0/nvme0n1/nvme0n1p128/subsystem/nvme1n1/mq/7/cpu7 HTTP/1.1" 200 2914 "-" "Amazon CloudFront"
64.252.68.74 - - [04/Sep/2026:06:24:12 +0000] "GET /products/detail/208628339?path=//sys/bus/node/devices/node0/cpu1/driver/cpu7/driver/cpu2/node0/cpu4/firmware_node/subsystem/devices/PNP0A03:00/device:06/physical_node/firmware_node/physical_node/nvme/nvme0/nvme0n1/nvme0n1p1/subsystem/nvme2n1/device/nvme2n1/holders/md0/md/dev-nvme2n1/block/mq/6/cpu6 HTTP/1.1" 200 2941 "-" "Amazon CloudFront"
64.252.67.164 - - [04/Sep/2026:06:24:16 +0000] "GET /products/detail/208628339?path=//sys/bus/node/devices/node0/cpu1/driver/cpu7/driver/cpu2/node0/cpu1/firmware_node/thermal_cooling/device/physical_node/firmware_node/subsystem/devices/PNP0A03:00/physical_node/0000:00:01.0/subsystem/drivers/ena/module/drivers/pci:ena/0000:00:05.0/net/eth0/queues/tx-0/byte_queue_limits HTTP/1.1" 200 3428 "-" "Amazon CloudFront"
64.252.66.102 - - [04/Sep/2026:06:24:16 +0000] "GET /?fileloc=//sys/class/pci_bus/0000:00/device/power/runtime_active_time&path=//sys/class/pci_bus/0000:00/device/power HTTP/1.1" 200 2603 "-" "Amazon CloudFront"
64.252.66.61 - - [04/Sep/2026:06:24:18 +0000] "GET /products/detail/96092662 HTTP/1.1" 200 4265 "-" "Amazon CloudFront"
64.252.67.164 - - [04/Sep/2026:06:24:20 +0000] "GET /products/detail/208628339?path=//sys/bus/node/devices/node0/cpu1/driver/cpu7/driver/cpu2/node0/cpu4/firmware_node/subsystem/devices/PNP0A03:00/physical_node/0000:00:04.0/nvme/nvme0/device/nvme/nvme0/nvme0n1/nvme0n1p128/subsystem/md0/slaves/nvme1n1/holders/md0/md/dev-nvme1n1/block/mq/2/cpu2 HTTP/1.1" 200 2950 "-" "Amazon CloudFront"
64.252.66.61 - - [04/Sep/2026:06:24:24 +0000] "GET /products/detail/208628339?path=//sys/bus/node/devices/node0/cpu1/driver/cpu7/driver/cpu2/node0/cpu4/firmware_node/subsystem/devices/PNP0A03:00/physical_node/0000:00:04.0/firmware_node/physical_node/nvme/nvme0/device/nvme/nvme0/subsystem/nvme1/nvme1n1/holders/md0/md/dev-nvme2n1/block/holders/md0/md/rd1/block/queue HTTP/1.1" 200 4767 "-" "Amazon CloudFront"
64.252.68.74 - - [04/Sep/2026:06:24:28 +0000] "GET /?path=//sys/class/thermal/cooling_device3/device/physical_node/node0/memory28/node0/cpu5/firmware_node/subsystem/devices/LNXSYBUS:00/PNP0A03:00/device:1b/subsystem/devices/LNXSYBUS:00/PNP0A03:00/device:21/physical_node/driver/0000:00:1e.0/nvme/nvme1/nvme1n1/holders/md0/md/rd0/block/device/nvme1n1/holders/md0/slaves/nvme2n1/mq/2 HTTP/1.1" 200 3504 "-" "Amazon CloudFront"
64.252.68.74 - - [04/Sep/2026:06:24:32 +0000] "GET /?path=//sys/class/thermal/cooling_device3/device/physical_node/node0/cpu1/driver/cpu0/node0/cpu2/firmware_node/subsystem/devices/LNXSYSTM:00/LNXSYBUS:00/PNP0C0F:02/subsystem/devices/LNXSYSTM:00/LNXSYBUS:00/PNP0A03:00/physical_node/0000:00:1e.0/driver/module/drivers/pci:nvme/0000:00:1f.0/nvme/nvme2/nvme2n1/holders/md0/slaves/nvme2n1/holders/md0/md/rd0 HTTP/1.1" 200 3937 "-" "Amazon CloudFront"
64.252.66.61 - - [04/Sep/2026:06:24:36 +0000] "GET /?path=//sys/class/thermal/cooling_device3/device/physical_node/node0/memory28/node0/cpu5/firmware_node/subsystem/devices/LNXSYSTM:00/LNXSYBUS:00/PNP0A03:00/device:12/subsystem/devices/LNXSYBUS:00/PNP0A03:00/device:21/physical_node/nvme/nvme2/device/driver/0000:00:1e.0/driver/0000:00:1f.0/nvme/nvme2/nvme2n1/holders/md0/md/dev-nvme2n1/block/slaves HTTP/1.1" 200 3030 "-" "Amazon CloudFront"
64.252.67.164 - - [04/Sep/2026:06:24:40 +0000] "GET /products/detail/208628339?path=//sys/bus/node/devices/node0/cpu1/driver/cpu7/driver/cpu2/node0/cpu4/firmware_node/thermal_cooling/device/physical_node/firmware_node/subsystem/devices/device:20/physical_node/nvme/nvme1/nvme1n1/holders/md0/md/dev-nvme1n1/block/holders/md0/md/dev-nvme2n1/block/device/subsystem/nvme0 HTTP/1.1" 200 3914 "-" "Amazon CloudFront"
64.252.68.74 - - [04/Sep/2026:06:24:44 +0000] "GET /products/detail/208628339?path=//sys/bus/node/devices/node0/cpu1/driver/cpu7/driver/cpu2/node0/cpu4/firmware_node/thermal_cooling/device/thermal_cooling/device/physical_node/subsystem/drivers/processor/cpu1/firmware_node/subsystem/devices/LNXSYBUS:00/PNP0A03:00/device:20/physical_node/nvme/nvme1/nvme1n1/holders/md0/slaves/nvme1n1/holders/md0 HTTP/1.1" 200 4224 "-" "Amazon CloudFront"
64.252.66.61 - - [04/Sep/2026:06:24:48 +0000] "GET /?path=//sys/class/thermal/cooling_device3/device/physical_node/node0/memory28/node0/cpu5/firmware_node/subsystem/devices/PNP0A03:00/physical_node/pci_bus/0000:00/device/0000:00:1e.0/driver/0000:00:1f.0/nvme/nvme2/nvme2n1/subsystem/md0/md/rd0/block/holders/md0/bdi/power HTTP/1.1" 200 3453 "-" "Amazon CloudFront"
64.252.66.61 - - [04/Sep/2026:06:24:52 +0000] "GET /?path=//sys/bus/node/devices/node0/memory2/node0/cpu4/driver/cpu1/driver/cpu2/subsystem/drivers/processor/cpu2/firmware_node/physical_node/firmware_node/subsystem/devices/LNXSYBUS:00/PNP0A03:00/physical_node/0000:00:1f.0/nvme/nvme2/nvme2n1/holders/md0/md/dev-nvme2n1/block/holders/md0/md/rd1/block/device/device/nvme/nvme2/power HTTP/1.1" 200 3556 "-" "Amazon CloudFront"
64.252.66.102 - - [04/Sep/2026:06:24:56 +0000] "GET /products/detail/208628339?path=//sys/bus/node/devices/node0/cpu1/driver/cpu7/driver/cpu2/node0/cpu4/firmware_node/subsystem/devices/PNP0A03:00/device:06/physical_node/firmware_node/physical_node/nvme/nvme0/subsystem/nvme2/nvme2n1/device/device/nvme/nvme2/nvme2n1/holders/md0/md/rd1/block/mq/6 HTTP/1.1" 200 3403 "-" "Amazon CloudFront"
64.252.68.74 - - [04/Sep/2026:06:24:59 +0000] "GET /?fileloc=//s3/f75bf04088964924b004465536090d8a/wordpress/wp-content/uploads/2023/09/%E4%B9%9D%E5%B7%9E%E3%81%8B%E3%82%99%E3%82%93%E3%82%BB%E3%83%B3%E3%82%BF%E3%83%BC_%E8%97%A4%E4%B9%9F%E5%AF%B8%E5%BF%97%E9%99%A2%E9%95%B7-1024x1024.jpg&path=//s3/f75bf04088964924b004465536090d8a/wordpress/wp-content/uploads/2023/09 HTTP/1.1" 200 2708 "-" "Amazon CloudFront"
64.252.67.164 - - [04/Sep/2026:06:25:00 +0000] "GET /products/detail/142686450?fileloc=//bin/aria_ftdump&path=//bin HTTP/1.1" 200 2543 "-" "Amazon CloudFront"
64.252.66.102 - - [04/Sep/2026:06:25:00 +0000] "GET /products/detail/208628339?path=//sys/bus/node/devices/node0/cpu1/driver/cpu7/driver/cpu2/node0/cpu4/firmware_node/subsystem/devices/PNP0A03:00/device:06/physical_node/firmware_node/physical_node/nvme/nvme0/subsystem/nvme2/nvme2n1/device/device/nvme/nvme2/nvme2n1/holders/md0/md/rd1/block/mq/5 HTTP/1.1" 200 3403 "-" "Amazon CloudFront"
64.252.67.164 - - [04/Sep/2026:06:25:04 +0000] "GET /products/detail/208628339?path=//sys/bus/node/devices/node0/cpu1/driver/cpu7/driver/cpu2/node0/cpu1/firmware_node/thermal_cooling/device/physical_node/firmware_node/subsystem/devices/PNP0A03:00/physical_node/0000:00:1e.0/nvme/nvme1/nvme1n1/holders/md0/subsystem/md0/md/dev-nvme2n1/block/device/nvme2n1/mq/2/cpu2 HTTP/1.1" 200 2974 "-" "Amazon CloudFront"
64.252.67.164 - - [04/Sep/2026:06:25:08 +0000] "GET /?path=//sys/class/thermal/cooling_device3/device/physical_node/node0/memory29/node0/cpu4/driver/cpu2/driver/cpu1/firmware_node/subsystem/devices/device:10/subsystem/devices/LNXSYSTM:00/LNXSYBUS:00/PNP0A03:00/physical_node/pci_bus/0000:00/device/0000:00:1e.0/nvme/nvme1/nvme1n1/holders/md0/md/dev-nvme1n1/block/holders/md0/md/dev-nvme2n1/block/mq/0 HTTP/1.1" 200 3529 "-" "Amazon CloudFront"
64.252.67.164 - - [04/Sep/2026:06:25:12 +0000] "GET /?path=//sys/class/thermal/cooling_device3/device/physical_node/node0/memory28/node0/cpu5/firmware_node/subsystem/devices/PNP0A03:00/device:06/subsystem/devices/device:21/physical_node/nvme/nvme2/device/driver/0000:00:1f.0/driver/module/drivers/pci:nvme/module/drivers/pci:nvme/0000:00:1f.0/nvme/nvme2/nvme2n1/holders/md0/slaves/nvme2n1/holders/md0/md/dev-nvme1n1/block/mq/7 HTTP/1.1" 200 3546 "-" "Amazon CloudFront"
64.252.66.61 - - [04/Sep/2026:06:25:16 +0000] "GET /?path=//sys/class/thermal/cooling_device3/device/physical_node/node0/memory28/node0/cpu5/firmware_node/subsystem/devices/PNP0A03:00/physical_node/pci_bus/0000:00/device/0000:00:1e.0/driver/module/drivers/pci:nvme/0000:00:1e.0/firmware_node/subsystem/devices/LNXSYSTM:00/LNXSYBUS:00/PNP0A03:00/device:16 HTTP/1.1" 200 3541 "-" "Amazon CloudFront"
64.252.66.102 - - [04/Sep/2026:06:25:20 +0000] "GET /products/detail/208628339?path=//sys/bus/node/devices/node0/cpu1/driver/cpu7/driver/cpu2/node0/cpu4/firmware_node/subsystem/devices/PNP0A03:00/physical_node/0000:00:04.0/firmware_node/physical_node/nvme/nvme0/nvme0n1/nvme0n1p128/subsystem/md0/md/dev-nvme1n1/block/holders/md0/slaves/nvme2n1/device/nvme2n1/device HTTP/1.1" 200 3910 "-" "Amazon CloudFront"
64.252.66.102 - - [04/Sep/2026:06:25:24 +0000] "GET /products/detail/208628339?path=//sys/bus/node/devices/node0/cpu1/driver/cpu7/driver/cpu2/node0/cpu4/firmware_node/subsystem/devices/PNP0A03:00/physical_node/0000:00:04.0/nvme/nvme0/nvme0n1/subsystem/nvme1n1/holders/md0/md/rd0/block/device/nvme1n1/holders/md0/md/rd0/block/mq/7/cpu7 HTTP/1.1" 200 2964 "-" "Amazon CloudFront"
64.252.66.61 - - [04/Sep/2026:06:25:28 +0000] "GET /?path=//sys/bus/node/devices/node0/memory2/node0/cpu4/driver/cpu1/driver/cpu2/subsystem/drivers/processor/cpu2/firmware_node/physical_node/firmware_node/subsystem/devices/LNXSYBUS:00/PNP0A03:00/physical_node/0000:00:1f.0/nvme/nvme2/nvme2n1/holders/md0/md/dev-nvme1n1/block/device/nvme1n1/holders/md0/slaves/nvme2n1/mq/4/cpu4 HTTP/1.1" 200 3026 "-" "Amazon CloudFront"
64.252.66.102 - - [04/Sep/2026:06:25:32 +0000] "GET /?path=//sys/class/thermal/cooling_device3/device/physical_node/node0/cpu1/driver/cpu0/node0/cpu2/firmware_node/subsystem/devices/LNXSYSTM:00/LNXSYBUS:00/PNP0C0F:02/subsystem/devices/LNXSYSTM:00/LNXSYBUS:00/PNP0A03:00/device:06/physical_node/driver/0000:00:1e.0/nvme/nvme1/nvme1n1/device/nvme1n1/holders/md0/slaves/nvme2n1/holders/md0/slaves/nvme2n1/mq/6/cpu6 HTTP/1.1" 200 3051 "-" "Amazon CloudFront"
64.252.67.164 - - [04/Sep/2026:06:25:36 +0000] "GET /products/detail/208628339?path=//sys/bus/node/devices/node0/cpu1/driver/cpu7/driver/cpu2/node0/cpu4/firmware_node/subsystem/devices/PNP0A03:00/physical_node/0000:00:04.0/nvme/nvme0/nvme0n1/subsystem/nvme1n1/holders/md0/md/rd0/block/device/device/nvme/nvme1/nvme1n1/holders/md0/slaves/nvme2n1/slaves HTTP/1.1" 200 2968 "-" "Amazon CloudFront"
64.252.67.164 - - [04/Sep/2026:06:25:40 +0000] "GET /?path=//sys/bus/acpi/devices/LNXCPU:06/physical_node/node0/memory21/node0/cpu0/subsystem/drivers/processor/cpu6/firmware_node/subsystem/devices/device:06/physical_node/driver/0000:00:04.0/driver/0000:00:1f.0/nvme/nvme2/nvme2n1/device/nvme2n1/holders/md0/md/dev-nvme1n1/block/device/nvme1n1/holders/md0/md/dev-nvme2n1/block/mq/5/cpu5 HTTP/1.1" 200 3028 "-" "Amazon CloudFront"
64.252.68.74 - - [04/Sep/2026:06:25:44 +0000] "GET /products/detail/208628339?path=//sys/bus/node/devices/node0/cpu1/driver/cpu7/driver/cpu2/node0/cpu4/firmware_node/subsystem/devices/PNP0A03:00/physical_node/0000:00:04.0/firmware_node/physical_node/nvme/nvme0/device/nvme/nvme0/subsystem/nvme2/nvme2n1/holders/md0/md/rd1/block/holders/md0/slaves/nvme2n1/mq/0 HTTP/1.1" 200 3416 "-" "Amazon CloudFront"
64.252.67.164 - - [04/Sep/2026:06:25:46 +0000] "GET /?path=//sys/module/xen_kbdfront HTTP/1.1" 200 2963 "-" "Amazon CloudFront"
64.252.66.61 - - [04/Sep/2026:06:25:48 +0000] "GET /products/detail/208628339?path=//sys/bus/node/devices/node0/cpu1/driver/cpu7/driver/cpu2/node0/cpu4/firmware_node/subsystem/devices/device:06/physical_node/nvme/nvme0/nvme0n1/subsystem/nvme1n1/holders/md0/md/dev-nvme1n1/block/holders/md0/md/rd0/block/device/device/firmware_node/physical_node/msi_irqs HTTP/1.1" 200 3475 "-" "Amazon CloudFront"
64.252.68.74 - - [04/Sep/2026:06:25:52 +0000] "GET /?path=//sys/class/thermal/cooling_device3/device/physical_node/node0/memory28/node0/cpu5/firmware_node/subsystem/devices/PNP0A03:00/physical_node/pci_bus/0000:00/device/0000:00:1e.0/driver/module/drivers/pci:nvme/0000:00:1f.0/driver/0000:00:1e.0/firmware_node/subsystem/devices/LNXSYBUS:00/LNXCPU:05/power HTTP/1.1" 200 3463 "-" "Amazon CloudFront"
64.252.67.164 - - [04/Sep/2026:06:25:56 +0000] "GET /products/detail/208628339?path=//sys/bus/node/devices/node0/cpu1/driver/cpu7/driver/cpu2/node0/cpu1/firmware_node/thermal_cooling/device/physical_node/firmware_node/subsystem/devices/PNP0A03:00/physical_node/0000:00:1e.0/nvme/nvme1/nvme1n1/holders/md0/md/rd1/block/holders/md0/slaves/nvme2n1/bdi/subsystem HTTP/1.1" 200 3408 "-" "Amazon CloudFront"
64.252.66.61 - - [04/Sep/2026:06:26:00 +0000] "GET /products/detail/208628339?path=//sys/bus/node/devices/node0/cpu1/driver/cpu7/driver/cpu2/node0/cpu4/firmware_node/subsystem/devices/PNP0A03:00/physical_node/0000:00:04.0/nvme/nvme0/nvme0n1/device/nvme0n1/nvme0n1p1/subsystem/md0/md/dev-nvme1n1/block/device/nvme1n1/holders/md0/slaves/nvme2n1/mq/6/cpu6 HTTP/1.1" 200 2985 "-" "Amazon CloudFront"
64.252.66.61 - - [04/Sep/2026:06:26:04 +0000] "GET /products/detail/208628339?path=//sys/bus/node/devices/node0/cpu1/driver/cpu7/driver/cpu2/node0/cpu4/firmware_node/subsystem/devices/device:06/physical_node/nvme/nvme0/nvme0n1/subsystem/nvme1n1/holders/md0/md/dev-nvme1n1/block/holders/md0/md/rd0/block/device/nvme1n1/mq/6/cpu6 HTTP/1.1" 200 2929 "-" "Amazon CloudFront"
64.252.67.164 - - [04/Sep/2026:06:26:06 +0000] "GET /products/detail/61801329 HTTP/1.1" 200 4177 "-" "Amazon CloudFront"
64.252.67.164 - - [04/Sep/2026:06:26:08 +0000] "GET /products/detail/208628339?path=//sys/bus/node/devices/node0/cpu1/driver/cpu7/driver/cpu2/node0/cpu4/firmware_node/subsystem/devices/PNP0A03:00/physical_node/0000:00:04.0/firmware_node/physical_node/nvme/nvme0/device/nvme/nvme0/nvme0n1/nvme0n1p128/subsystem/nvme2n1/holders/md0/slaves/nvme2n1/holders/md0/md/rd0/block/device HTTP/1.1" 200 3927 "-" "Amazon CloudFront"
64.252.68.74 - - [04/Sep/2026:06:26:12 +0000] "GET /?path=//sys/class/thermal/cooling_device3/device/physical_node/node0/cpu1/driver/cpu0/node0/cpu2/firmware_node/subsystem/devices/LNXSYSTM:00/LNXSYBUS:00/PNP0C0F:02/subsystem/devices/LNXSYSTM:00/LNXSYBUS:00/PNP0A03:00/device:06/physical_node/driver/0000:00:1e.0/nvme/nvme1/nvme1n1/holders/md0/md/rd1/block/holders/md0/slaves/nvme2n1/mq/1 HTTP/1.1" 200 3522 "-" "Amazon CloudFront"
64.252.66.102 - - [04/Sep/2026:06:26:16 +0000] "GET /products/detail/208628339?path=//sys/bus/node/devices/node0/cpu1/driver/cpu7/driver/cpu2/node0/cpu1/firmware_node/thermal_cooling/device/physical_node/firmware_node/subsystem/devices/PNP0A03:00/device:02/physical_node/subsystem/drivers/nvme/0000:00:1f.0/nvme/nvme2/nvme2n1/holders/md0/md/rd0/block/mq/0 HTTP/1.1" 200 3421 "-" "Amazon CloudFront"
64.252.66.61 - - [04/Sep/2026:06:26:20 +0000] "GET /products/detail/208628339?path=//sys/bus/node/devices/node0/cpu1/driver/cpu7/driver/cpu2/node0/cpu4/firmware_node/subsystem/devices/PNP0A03:00/device:06/physical_node/firmware_node/physical_node/nvme/nvme0/nvme0n1/nvme0n1p1/subsystem/nvme2n1/device/nvme2n1/holders/md0/md/rd0/block/device/nvme1n1/trace HTTP/1.1" 200 3416 "-" "Amazon CloudFront"
64.252.66.61 - - [04/Sep/2026:06:26:24 +0000] "GET /products/detail/208628339?path=//sys/bus/node/devices/node0/cpu1/driver/cpu7/driver/cpu2/node0/cpu4/firmware_node/subsystem/devices/PNP0A03:00/physical_node/0000:00:04.0/firmware_node/physical_node/nvme/nvme0/device/nvme/nvme0/subsystem/nvme2/nvme2n1/holders/md0/md/rd1/block/holders/md0/slaves/nvme2n1/mq/6 HTTP/1.1" 200 3417 "-" "Amazon CloudFront"
64.252.66.102 - - [04/Sep/2026:06:26:26 +0000] "GET /products/detail/234888753 HTTP/1.1" 200 4265 "-" "Amazon CloudFront"
64.252.68.74 - - [04/Sep/2026:06:26:27 +0000] "GET /products/detail/332722026 HTTP/1.1" 200 4265 "-" "Amazon CloudFront"
64.252.66.61 - - [04/Sep/2026:06:26:28 +0000] "GET /products/detail/208628339?path=//sys/bus/node/devices/node0/cpu1/driver/cpu7/driver/cpu2/node0/cpu4/firmware_node/subsystem/devices/PNP0A03:00/physical_node/0000:00:04.0/subsystem/drivers/nvme/0000:00:1e.0/nvme/nvme1/nvme1n1/device/nvme1n1/holders/md0/slaves/nvme2n1/holders/md0/md/dev-nvme1n1/block/mq/4 HTTP/1.1" 200 3424 "-" "Amazon CloudFront"
64.252.67.164 - - [04/Sep/2026:06:26:31 +0000] "GET /?fileloc=//sys/class/pci_bus/0000:00/device/power/runtime_suspended_time&path=//sys/class/pci_bus/0000:00/device/power HTTP/1.1" 200 2606 "-" "Amazon CloudFront"
64.252.67.164 - - [04/Sep/2026:06:26:32 +0000] "GET /products/detail/208628339?path=//sys/bus/node/devices/node0/cpu1/driver/cpu7/driver/cpu2/node0/cpu4/firmware_node/subsystem/devices/device:06/physical_node/nvme/nvme0/nvme0n1/subsystem/nvme1n1/holders/md0/md/dev-nvme1n1/block/holders/md0/md/rd0/block/device/device/firmware_node/physical_node/power HTTP/1.1" 200 3432 "-" "Amazon CloudFront"
64.252.66.61 - - [04/Sep/2026:06:26:36 +0000] "GET /?path=//sys/class/thermal/cooling_device3/device/physical_node/node0/cpu1/driver/cpu0/node0/cpu2/firmware_node/subsystem/devices/LNXSYSTM:00/LNXSYBUS:00/PNP0C0F:04/subsystem/devices/PNP0A03:00/physical_node/pci_bus/0000:00/device/0000:00:1f.0/driver/module/drivers/pci:nvme/module/drivers/pci:nvme/0000:00:1f.0/nvme/nvme2/nvme2n1/holders/md0/slaves/nvme2n1/holders/md0/md/rd1/block/mq/6/cpu6 HTTP/1.1" 200 3117 "-" "Amazon CloudFront"
64.252.66.61 - - [04/Sep/2026:06:26:40 +0000] "GET /?path=//sys/bus/memory/devices/memory1/node0/memory7/node0/cpu1/subsystem/drivers/processor/cpu5/firmware_node/subsystem/devices/PNP0A03:00/physical_node/firmware_node/device:20/physical_node/driver/0000:00:1e.0/driver/0000:00:1e.0/nvme/nvme1/device/nvme/nvme1/nvme1n1/holders/md0/md/rd0/block/holders/md0/md/rd1/block/device/nvme2n1/mq/3/cpu3 HTTP/1.1" 200 3038 "-" "Amazon CloudFront"
64.252.67.164 - - [04/Sep/2026:06:26:44 +0000] "GET /products/detail/208628339?path=//sys/bus/node/devices/node0/cpu1/driver/cpu7/driver/cpu2/node0/cpu4/firmware_node/subsystem/devices/device:06/physical_node/nvme/nvme0/nvme0n1/subsystem/md0/md/dev-nvme2n1/block/holders/md0/slaves/nvme1n1/device/nvme1n1 HTTP/1.1" 200 4134 "-" "Amazon CloudFront"
64.252.66.102 - - [04/Sep/2026:06:26:48 +0000] "GET /products/detail/208628339?path=//sys/bus/node/devices/node0/cpu1/driver/cpu7/driver/cpu2/node0/cpu4/firmware_node/thermal_cooling/device/physical_node/firmware_node/subsystem/devices/device:05/physical_node/subsystem/drivers/nvme/module/drivers/pci:nvme/0000:00:1f.0/nvme/nvme2/nvme2n1/device/nvme2n1/holders/md0/power HTTP/1.1" 200 3471 "-" "Amazon CloudFront"
64.252.66.102 - - [04/Sep/2026:06:26:52 +0000] "GET /?path=//sys/class/thermal/cooling_device3/device/physical_node/node0/memory28/node0/cpu5/firmware_node/subsystem/devices/PNP0A03:00/physical_node/pci_bus/0000:00/device/0000:00:1f.0/driver/0000:00:04.0/driver/0000:00:1f.0/firmware_node/subsystem/devices/LNXSYSTM:00/LNXSYBUS:00/PNP0A03:00/device:12/power HTTP/1.1" 200 3443 "-" "Amazon CloudFront"
64.252.66.102 - - [04/Sep/2026:06:26:56 +0000] "GET /products/detail/208628339?path=//sys/bus/node/devices/node0/cpu1/driver/cpu7/driver/cpu2/node0/cpu1/firmware_node/thermal_cooling/device/physical_node/firmware_node/subsystem/devices/PNP0A03:00/physical_node/0000:00:1e.0/nvme/nvme1/nvme1n1/holders/md0/md/rd1/block/subsystem/nvme0n1/device/nvme0n1/mq/1/cpu3 HTTP/1.1" 200 2974 "-" "Amazon CloudFront"
64.252.66.102 - - [04/Sep/2026:06:27:00 +0000] "GET /?path=//sys/class/thermal/cooling_device3/device/physical_node/node0/memory28/node0/cpu5/firmware_node/subsystem/devices/PNP0A03:00/physical_node/pci_bus/0000:00/device/0000:00:1f.0/driver/module/drivers/pci:nvme/0000:00:04.0/firmware_node/subsystem/devices/PNP0A03:00/device:02/PNP0303:00/power HTTP/1.1" 200 3441 "-" "Amazon CloudFront"
64.252.68.74 - - [04/Sep/2026:06:27:04 +0000] "GET /?path=//sys/class/thermal/cooling_device3/device/physical_node/node0/memory28/node0/cpu5/firmware_node/subsystem/devices/LNXSYBUS:00/PNP0A03:00/device:1b/subsystem/devices/LNXSYBUS:00/PNP0A03:00/physical_node/0000:00:04.0/driver/0000:00:1e.0/driver/0000:00:1f.0/nvme/nvme2/nvme2n1/device/nvme2n1/holders/md0/md/dev-nvme1n1/block/holders/md0/md/rd1/block/mq HTTP/1.1" 200 3564 "-" "Amazon CloudFront"
64.252.66.102 - - [04/Sep/2026:06:27:05 +0000] "GET /?fileloc=//s3/f75bf04088964924b004465536090d8a/wordpress/wp-content/uploads/2023/09/%E7%94%A3%E6%A5%AD%E5%8C%BB%E7%A7%91%E5%A4%A7%E5%AD%A6_%E6%BE%A4%E7%94%B0%E9%9B%84%E5%AE%87%E6%95%99%E6%8E%88.jpg&path=//s3/f75bf04088964924b004465536090d8a/wordpress/wp-content/uploads/2023/09 HTTP/1.1" 200 2690 "-" "Amazon CloudFront"
64.252.66.102 - - [04/Sep/2026:06:27:08 +0000] "GET /?path=//sys/class/thermal/cooling_device3/device/physical_node/node0/memory28/node0/cpu5/firmware_node/subsystem/devices/PNP0A03:00/physical_node/pci_bus/0000:00/device/0000:00:05.0/subsystem/devices/0000:00:1f.0/driver/0000:00:04.0/driver/0000:00:1f.0/nvme/nvme2/nvme2n1/mq/7/cpu7 HTTP/1.1" 200 2936 "-" "Amazon CloudFront"
64.252.66.102 - - [04/Sep/2026:06:27:12 +0000] "GET /?path=//sys/bus/memory/devices/memory1/node0/memory7/node0/cpu1/subsystem/drivers/processor/cpu5/firmware_node/subsystem/devices/PNP0A03:00/physical_node/firmware_node/physical_node/0000:00:1e.0/driver/module/drivers/pci:nvme/0000:00:1f.0/driver/0000:00:1e.0/nvme/nvme1/nvme1n1/device/nvme1n1/holders/md0/md/dev-nvme2n1/block/holders/md0/md/rd0/block/power HTTP/1.1" 200 3553 "-" "Amazon CloudFront"
64.252.66.102 - - [04/Sep/2026:06:27:16 +0000] "GET /?path=//sys/class/thermal/cooling_device3/device/physical_node/node0/memory28/node0/cpu5/firmware_node/subsystem/devices/PNP0A03:00/physical_node/pci_bus/0000:00/device/0000:00:1e.0/driver/module/drivers/pci:nvme/0000:00:1f.0/firmware_node/subsystem/devices/LNXSYSTM:00/LNXSYBUS:00/PNP0A03:00/device:1b/power HTTP/1.1" 200 3467 "-" "Amazon CloudFront"
64.252.66.61 - - [04/Sep/2026:06:27:17 +0000] "GET /products/detail/253535288?path=//usr/share/libdrm HTTP/1.1" 200 2942 "-" "Amazon CloudFront"
64.252.66.102 - - [04/Sep/2026:06:27:20 +0000] "GET /?path=//sys/bus/memory/devices/memory1/node0/memory30/node0/cpu6/firmware_node/subsystem/devices/device:21/physical_node/driver/module/drivers/pci:nvme/0000:00:1e.0/driver/0000:00:04.0/firmware_node/physical_node/subsystem/drivers/nvme/0000:00:1f.0/nvme/nvme2/nvme2n1/device/nvme2n1/holders/md0/md/rd1/block/holders/md0/slaves/nvme1n1/bdi HTTP/1.1" 200 3667 "-" "Amazon CloudFront"
64.252.68.74 - - [04/Sep/2026:06:27:24 +0000] "GET /products/detail/208628339?path=//sys/bus/node/devices/node0/cpu1/driver/cpu7/driver/cpu2/node0/cpu4/firmware_node/subsystem/devices/device:06/physical_node/nvme/nvme0/nvme0n1/subsystem/md0/slaves/nvme2n1/holders/md0/md/rd0/block/device/device/firmware_node/physical_node/nvme/nvme1/nvme1n1/bdi HTTP/1.1" 200 3551 "-" "Amazon CloudFront"
64.252.67.164 - - [04/Sep/2026:06:27:28 +0000] "GET /products/detail/208628339?path=//sys/bus/node/devices/node0/cpu1/driver/cpu7/driver/cpu2/node0/cpu4/firmware_node/subsystem/devices/PNP0A03:00/physical_node/0000:00:04.0/firmware_node/physical_node/nvme/nvme0/device/nvme/nvme0/subsystem/nvme2/nvme2n1/holders/md0/md/dev-nvme2n1/block/holders/md0/power HTTP/1.1" 200 3439 "-" "Amazon CloudFront"
64.252.66.61 - - [04/Sep/2026:06:27:32 +0000] "GET /products/detail/208628339?path=//sys/bus/node/devices/node0/cpu1/driver/cpu7/driver/cpu2/node0/cpu4/firmware_node/subsystem/devices/PNP0A03:00/physical_node/0000:00:04.0/firmware_node/physical_node/nvme/nvme0/device/nvme/nvme0/subsystem/nvme2/nvme2n1/holders/md0/md/dev-nvme2n1/block/holders/md0/integrity HTTP/1.1" 200 3503 "-" "Amazon CloudFront"
64.252.68.74 - - [04/Sep/2026:06:27:36 +0000] "GET /products/detail/208628339?path=//sys/bus/node/devices/node0/cpu1/driver/cpu7/driver/cpu2/node0/cpu4/firmware_node/subsystem/devices/PNP0A03:00/physical_node/firmware_node/physical_node/0000:00:05.0/subsystem/drivers/nvme/0000:00:1f.0/nvme/nvme2/nvme2n1/holders/md0/slaves/nvme1n1/device/nvme1n1/holders/md0/integrity HTTP/1.1" 200 3508 "-" "Amazon CloudFront"
64.252.66.102 - - [04/Sep/2026:06:27:40 +0000] "GET /?path=//sys/class/thermal/cooling_device3/device/physical_node/node0/memory28/node0/cpu5/firmware_node/subsystem/devices/PNP0A03:00/physical_node/pci_bus/0000:00/device/0000:00:1f.0/driver/0000:00:04.0/subsystem/devices/0000:00:1e.0/driver/module/drivers/pci:nvme/0000:00:1f.0/firmware_node/power HTTP/1.1" 200 3438 "-" "Amazon CloudFront"
64.252.67.164 - - [04/Sep/2026:06:27:44 +0000] "GET /products/detail/208628339?path=//sys/bus/node/devices/node0/cpu1/driver/cpu7/driver/cpu2/node0/cpu1/firmware_node/thermal_cooling/device/physical_node/firmware_node/subsystem/devices/LNXSYBUS:00/PNP0A03:00/device:20/physical_node/nvme/nvme1/nvme1n1/holders/md0/slaves/nvme2n1/device/nvme2n1/holders/md0/slaves/nvme1n1/trace HTTP/1.1" 200 3448 "-" "Amazon CloudFront"
64.252.66.102 - - [04/Sep/2026:06:27:48 +0000] "GET /?path=//sys/class/thermal/cooling_device3/device/physical_node/node0/memory0/node0/cpu0/firmware_node/subsystem/devices/device:02/QEMU0001:00/subsystem/devices/LNXSYBUS:00/PNP0A03:00/physical_node/0000:00:1f.0/driver/module/drivers/pci:nvme/0000:00:1e.0/nvme/nvme1/device/driver/module/drivers/pci:nvme/0000:00:1f.0/nvme/nvme2/nvme2n1/holders/md0/slaves/nvme2n1/holders/md0/md/dev-nvme1n1/block/mq/7 HTTP/1.1" 200 3596 "-" "Amazon CloudFront"
64.252.66.102 - - [04/Sep/2026:06:27:52 +0000] "GET /products/detail/208628339?path=//sys/bus/node/devices/node0/cpu1/driver/cpu7/driver/cpu2/node0/cpu1/firmware_node/thermal_cooling/device/physical_node/firmware_node/subsystem/devices/LNXSYBUS:00/PNP0A03:00/device:20/physical_node/nvme/nvme1/nvme1n1/holders/md0/md/dev-nvme2n1/block/subsystem/nvme2n1/mq/7/cpu7 HTTP/1.1" 200 2975 "-" "Amazon CloudFront"
64.252.67.164 - - [04/Sep/2026:06:27:56 +0000] "GET /products/detail/208628339?path=//sys/bus/node/devices/node0/cpu1/driver/cpu7/driver/cpu2/node0/cpu1/firmware_node/thermal_cooling/device/physical_node/firmware_node/subsystem/drivers/button/LNXSLPBN:00/subsystem/devices/device:21/physical_node/nvme/nvme2/nvme2n1/device/nvme2n1/holders/md0/md/dev-nvme1n1/block/mq/5/cpu5 HTTP/1.1" 200 2989 "-" "Amazon CloudFront"
64.252.72.118 - - [04/Sep/2026:06:27:57 +0000] "GET /products/detail/103884642?path=//proc/2818 HTTP/1.1" 200 4563 "-" "Amazon CloudFront"
64.252.68.74 - - [04/Sep/2026:06:28:00 +0000] "GET /products/detail/208628339?path=//sys/bus/node/devices/node0/cpu1/driver/cpu7/driver/cpu2/node0/cpu1/firmware_node/thermal_cooling/subsystem/cooling_device1/device/subsystem/devices/LNXSYSTM:00/LNXSYBUS:00/PNP0A03:00/physical_node/0000:00:1f.0/nvme/nvme2/nvme2n1/holders/md0/md/rd1/block/holders/md0/slaves/nvme1n1/mq/2 HTTP/1.1" 200 3453 "-" "Amazon CloudFront"
64.252.66.102 - - [04/Sep/2026:06:28:03 +0000] "GET /products/detail/159963531 HTTP/1.1" 200 4265 "-" "Amazon CloudFront"
64.252.66.61 - - [04/Sep/2026:06:28:03 +0000] "GET /?path=//sys/module/pnp HTTP/1.1" 200 2956 "-" "Amazon CloudFront"
64.252.66.61 - - [04/Sep/2026:06:28:04 +0000] "GET /?path=//sys/class/thermal/cooling_device3/device/physical_node/node0/memory29/node0/cpu4/driver/cpu2/driver/cpu1/firmware_node/subsystem/devices/device:10/subsystem/devices/LNXSYSTM:00/LNXSYBUS:00/PNP0A03:00/physical_node/pci_bus/0000:00/device/0000:00:1e.0/nvme/nvme1/nvme1n1/holders/md0/slaves/nvme1n1/holders/md0/slaves/nvme2n1/mq/2/cpu2 HTTP/1.1" 200 3039 "-" "Amazon CloudFront"
64.252.66.102 - - [04/Sep/2026:06:28:08 +0000] "GET /?path=//sys/bus/memory/devices/memory1/node0/memory7/node0/cpu1/subsystem/drivers/processor/cpu5/firmware_node/subsystem/devices/PNP0A03:00/physical_node/firmware_node/physical_node/0000:00:1e.0/driver/0000:00:1f.0/driver/0000:00:1e.0/nvme/nvme1/nvme1n1/holders/md0/md/rd1/block/device/device/nvme/nvme2/nvme2n1/holders/md0/slaves/nvme2n1/mq/6/cpu6 HTTP/1.1" 200 3043 "-" "Amazon CloudFront"
64.252.67.164 - - [04/Sep/2026:06:28:12 +0000] "GET /products/detail/208628339?path=//sys/bus/node/devices/node0/cpu1/driver/cpu7/driver/cpu2/node0/cpu4/firmware_node/subsystem/devices/LNXSYSTM:00/LNXSYBUS:00/PNP0A03:00/device:20/physical_node/nvme/nvme1/device/nvme/nvme1/nvme1n1/device/nvme1n1/holders/md0/slaves/nvme2n1/subsystem/nvme0n1/queue HTTP/1.1" 200 4737 "-" "Amazon CloudFront"
64.252.66.61 - - [04/Sep/2026:06:28:16 +0000] "GET /products/detail/208628339?path=//sys/bus/node/devices/node0/cpu1/driver/cpu7/driver/cpu2/node0/cpu4/firmware_node/thermal_cooling/device/physical_node/firmware_node/subsystem/devices/device:20/physical_node/subsystem/drivers/nvme/0000:00:1f.0/nvme/nvme2/nvme2n1/holders/md0/md/rd0/block/device/nvme1n1/mq/2/cpu2 HTTP/1.1" 200 2983 "-" "Amazon CloudFront"
64.252.67.164 - - [04/Sep/2026:06:28:21 +0000] "GET /products/detail/208628339?path=//sys/bus/node/devices/node0/cpu1/driver/cpu7/driver/cpu2/node0/cpu4/firmware_node/thermal_cooling/device/physical_node/firmware_node/subsystem/devices/PNP0A03:00/device:20/physical_node/nvme/nvme1/nvme1n1/subsystem/md0/md/rd0/block/holders/md0/md/dev-nvme2n1/block/mq/7 HTTP/1.1" 200 3416 "-" "Amazon CloudFront"
64.252.67.164 - - [04/Sep/2026:06:28:24 +0000] "GET /?path=//sys/module/nvme/notes HTTP/1.1" 200 2899 "-" "Amazon CloudFront"
64.252.67.164 - - [04/Sep/2026:06:28:25 +0000] "GET /products/detail/272703723?path=//sys/devices/pci0000:00/firmware_node/physical_node/pci_bus/0000:00/device/firmware_node/physical_node/0000:00:00.0/subsystem/drivers/nvme/module/drivers/pci:nvme/0000:00:04.0/driver/0000:00:1e.0/driver/0000:00:1e.0/subsystem/devices/0000:00:1f.0/nvme/nvme2/nvme2n1/holders/md0/md/rd1/block/holders/md0/md/rd1/block/mq/3/cpu3 HTTP/1.1" 200 2996 "-" "Amazon CloudFront"
64.252.66.102 - - [04/Sep/2026:06:28:28 +0000] "GET /?path=//sys/class/thermal/cooling_device3/device/physical_node/node0/memory28/node0/cpu5/firmware_node/subsystem/devices/LNXSYBUS:00/PNP0A03:00/device:1b/subsystem/devices/LNXSYBUS:00/PNP0A03:00/device:21/physical_node/driver/module/drivers/pci:nvme/0000:00:1f.0/driver/0000:00:1e.0/nvme/nvme1/nvme1n1/holders/md0/md/rd1/block/holders/md0/md/dev-nvme2n1/block/device/nvme2n1/bdi/power HTTP/1.1" 200 3611 "-" "Amazon CloudFront"
64.252.66.61 - - [04/Sep/2026:06:28:32 +0000] "GET /products/detail/208628339?path=//sys/bus/node/devices/node0/cpu1/driver/cpu7/driver/cpu2/node0/cpu4/firmware_node/subsystem/devices/PNP0A03:00/physical_node/0000:00:01.3/subsystem/drivers/nvme/0000:00:1e.0/nvme/nvme1/nvme1n1/holders/md0/slaves/nvme2n1/holders/md0/md/dev-nvme2n1/block/mq/0 HTTP/1.1" 200 3395 "-" "Amazon CloudFront"
64.252.67.164 - - [04/Sep/2026:06:28:38 +0000] "GET /products/detail/208628339?path=//sys/bus/node/devices/node0/cpu1/driver/cpu7/driver/cpu2/node0/cpu4/firmware_node/thermal_cooling/device/physical_node/firmware_node/thermal_cooling/device/subsystem/devices/LNXSYSTM:00/LNXSYBUS:00/PNP0A03:00/device:21/physical_node/nvme/nvme2/nvme2n1/holders/md0/md/rd0/block/holders/md0/md/rd1/block/queue HTTP/1.1" 200 4808 "-" "Amazon CloudFront"
64.252.67.164 - - [04/Sep/2026:06:28:40 +0000] "GET /products/detail/208628339?path=//sys/bus/node/devices/node0/cpu1/driver/cpu7/driver/cpu2/node0/cpu4/firmware_node/subsystem/devices/PNP0A03:00/physical_node/0000:00:04.0/nvme/nvme0/nvme0n1/subsystem/nvme1n1/holders/md0/md/rd0/block/device/nvme1n1/holders/md0/md/dev-nvme2n1/block/mq/7 HTTP/1.1" 200 3390 "-" "Amazon CloudFront"
64.252.67.164 - - [04/Sep/2026:06:28:44 +0000] "GET /products/detail/208628339?path=//sys/bus/node/devices/node0/cpu1/driver/cpu7/driver/cpu2/node0/cpu1/firmware_node/thermal_cooling/device/physical_node/firmware_node/subsystem/devices/device:06/physical_node/nvme/nvme0/nvme0n1/device/nvme0n1/nvme0n1p1/subsystem/nvme1n1/holders/md0/md/dev-nvme1n1/block/mq/6/cpu6 HTTP/1.1" 200 2975 "-" "Amazon CloudFront"
64.252.67.164 - - [04/Sep/2026:06:28:48 +0000] "GET /products/detail/208628339?path=//sys/bus/node/devices/node0/cpu1/driver/cpu7/driver/cpu2/node0/cpu4/firmware_node/thermal_cooling/device/physical_node/firmware_node/thermal_cooling/device/subsystem/devices/device:20/physical_node/nvme/nvme1/nvme1n1/subsystem/nvme2n1/holders/md0/md/rd0/block/holders/md0/md/dev-nvme1n1/block/mq/0 HTTP/1.1" 200 3427 "-" "Amazon CloudFront"
64.252.67.164 - - [04/Sep/2026:06:28:48 +0000] "GET /?fileloc=//s3/f75bf04088964924b004465536090d8a/wordpress/wp-content/uploads/2024/07/%E3%81%BE%E3%81%A4%E3%82%82%E3%81%A8%E5%8C%BB%E7%99%82%E3%82%BB%E3%83%B3%E3%82%BF%E3%83%BC_%E6%AD%A6%E4%BA%95%E6%B4%8B%E4%B8%80%E9%99%A2%E9%95%B7-150x150.jpg&path=//s3/f75bf04088964924b004465536090d8a/wordpress/wp-content/uploads/2024/07 HTTP/1.1" 200 2710 "-" "Amazon CloudFront"
64.252.66.102 - - [04/Sep/2026:06:28:53 +0000] "GET /products/detail/208628339?path=//sys/bus/node/devices/node0/cpu1/driver/cpu7/driver/cpu2/node0/cpu4/firmware_node/subsystem/devices/PNP0A03:00/physical_node/0000:00:04.0/nvme/nvme0/nvme0n1/device/subsystem/nvme1/device/nvme/nvme1/nvme1n1/holders/md0/md/dev-nvme1n1/block/bdi/power HTTP/1.1" 200 3436 "-" "Amazon CloudFront"
64.252.66.61 - - [04/Sep/2026:06:28:56 +0000] "GET /?path=//sys/class/thermal/cooling_device3/device/physical_node/node0/memory28/node0/cpu5/firmware_node/subsystem/devices/PNP0A03:00/physical_node/pci_bus/0000:00/device/0000:00:1e.0/driver/module/drivers/pci:nvme/0000:00:1f.0/driver/0000:00:1f.0/firmware_node/subsystem/devices/LNXSYBUS:00/PNP0A03:00/device:0c HTTP/1.1" 200 3545 "-" "Amazon CloudFront"
64.252.66.102 - - [04/Sep/2026:06:29:00 +0000] "GET /products/detail/208628339?path=//sys/bus/node/devices/node0/cpu1/driver/cpu7/driver/cpu2/node0/cpu1/firmware_node/thermal_cooling/device/physical_node/firmware_node/subsystem/devices/LNXSYBUS:00/PNP0A03:00/device:20/physical_node/nvme/nvme1/nvme1n1/holders/md0/slaves/nvme2n1/subsystem/md0/md/rd1/block/mq/0 HTTP/1.1" 200 3431 "-" "Amazon CloudFront"
64.252.68.74 - - [04/Sep/2026:06:29:04 +0000] "GET /products/detail/208628339?path=//sys/bus/node/devices/node0/cpu1/driver/cpu7/driver/cpu2/node0/cpu1/firmware_node/thermal_cooling/device/physical_node/firmware_node/subsystem/devices/PNP0A03:00/physical_node/0000:00:1e.0/nvme/nvme1/nvme1n1/subsystem/nvme2n1/holders/md0/slaves/nvme2n1/holders/md0/md/dev-nvme2n1/block/mq/4 HTTP/1.1" 200 3428 "-" "Amazon CloudFront"
64.252.66.61 - - [04/Sep/2026:06:29:08 +0000] "GET /?path=//sys/bus/memory/devices/memory1/node0/memory30/node0/cpu6/firmware_node/subsystem/devices/device:21/physical_node/driver/module/drivers/pci:nvme/0000:00:1f.0/driver/0000:00:1e.0/nvme/nvme1/nvme1n1/holders/md0/md/dev-nvme1n1/block/holders/md0/md/dev-nvme2n1/block/device/subsystem/nvme2/device/firmware_node/physical_node/nvme/nvme2/nvme2n1/mq/7/cpu7 HTTP/1.1" 200 3044 "-" "Amazon CloudFront"
64.252.66.61 - - [04/Sep/2026:06:29:11 +0000] "GET /?fileloc=//s3/f75bf04088964924b004465536090d8a/wordpress/wp-content/uploads/2023/08/%E5%A4%A7%E9%98%AA%E5%A4%A7%E5%AD%A6_%E5%B0%8F%E5%B7%9D%E5%92%8C%E5%BD%A6%E6%95%99%E6%8E%88-1024x1024.jpg&path=//s3/f75bf04088964924b004465536090d8a/wordpress/wp-content/uploads/2023/08 HTTP/1.1" 200 2687 "-" "Amazon CloudFront"
64.252.66.61 - - [04/Sep/2026:06:29:12 +0000] "GET /products/detail/208628339?path=//sys/bus/node/devices/node0/cpu1/driver/cpu7/driver/cpu2/node0/cpu4/firmware_node/subsystem/devices/PNP0A03:00/physical_node/firmware_node/physical_node/0000:00:04.0/nvme/nvme0/subsystem/nvme2/nvme2n1/device/nvme2n1/holders/md0/md/dev-nvme1n1/block/holders/md0/md/dev-nvme1n1/block/device/nvme1n1 HTTP/1.1" 200 4259 "-" "Amazon CloudFront"
64.252.66.102 - - [04/Sep/2026:06:29:16 +0000] "GET /products/detail/208628339?path=//sys/bus/node/devices/node0/cpu1/driver/cpu7/driver/cpu2/node0/cpu4/firmware_node/subsystem/devices/PNP0A03:00/physical_node/0000:00:1e.0/subsystem/drivers/nvme/0000:00:1e.0/nvme/nvme1/nvme1n1/holders/md0/md/dev-nvme2n1/block/holders/md0/md/dev-nvme1n1/block/device/nvme1n1/mq/7 HTTP/1.1" 200 3413 "-" "Amazon CloudFront"
64.252.66.102 - - [04/Sep/2026:06:29:16 +0000] "GET /products/detail/190174511 HTTP/1.1" 200 4177 "-" "Amazon CloudFront"
64.252.66.61 - - [04/Sep/2026:06:29:20 +0000] "GET /products/detail/208628339?path=//sys/bus/node/devices/node0/cpu1/driver/cpu7/driver/cpu2/node0/cpu1/firmware_node/thermal_cooling/device/physical_node/firmware_node/subsystem/devices/PNP0A03:00/physical_node/0000:00:1e.0/nvme/nvme1/nvme1n1/subsystem/nvme2n1/holders/md0/slaves/nvme2n1/holders/md0/md/dev-nvme2n1/block/mq/1 HTTP/1.1" 200 3427 "-" "Amazon CloudFront"
64.252.66.102 - - [04/Sep/2026:06:29:24 +0000] "GET /products/detail/208628339?path=//sys/bus/node/devices/node0/cpu1/driver/cpu7/driver/cpu2/node0/cpu4/firmware_node/subsystem/devices/PNP0A03:00/physical_node/0000:00:04.0/firmware_node/physical_node/nvme/nvme0/device/nvme/nvme0/subsystem/nvme2/nvme2n1/holders/md0/md/rd1/block/holders/md0/md/rd0/block/integrity HTTP/1.1" 200 3527 "-" "Amazon CloudFront"
64.252.66.102 - - [04/Sep/2026:06:29:28 +0000] "GET /products/detail/208628339?path=//sys/bus/node/devices/node0/cpu1/driver/cpu7/driver/cpu2/node0/cpu1/firmware_node/thermal_cooling/device/physical_node/firmware_node/subsystem/devices/PNP0A03:00/physical_node/0000:00:1e.0/nvme/nvme1/nvme1n1/subsystem/nvme2n1/holders/md0/slaves/nvme2n1/holders/md0/md/rd0/block/mq/6 HTTP/1.1" 200 3425 "-" "Amazon CloudFront"
64.252.66.61 - - [04/Sep/2026:06:29:32 +0000] "GET /?path=//sys/class/thermal/cooling_device3/device/physical_node/node0/memory28/node0/cpu5/firmware_node/subsystem/devices/PNP0A03:00/physical_node/pci_bus/0000:00/device/0000:00:1f.0/driver/0000:00:04.0/driver/0000:00:1f.0/subsystem/drivers/ena/0000:00:05.0/net/eth0 HTTP/1.1" 200 4677 "-" "Amazon CloudFront"
64.252.68.74 - - [04/Sep/2026:06:29:34 +0000] "GET /?path=//sys/module/dns_resolver HTTP/1.1" 200 3264 "-" "Amazon CloudFront"
64.252.66.102 - - [04/Sep/2026:06:29:36 +0000] "GET /?path=//sys/class/thermal/cooling_device3/device/physical_node/node0/cpu1/driver/cpu0/node0/cpu2/firmware_node/subsystem/devices/LNXSYSTM:00/LNXSYBUS:00/PNP0C0F:02/subsystem/devices/LNXSYSTM:00/LNXSYBUS:00/PNP0A03:00/physical_node/0000:00:1e.0/driver/module/drivers/pci:nvme/module/drivers/pci:nvme/0000:00:1e.0/nvme/nvme1/nvme1n1/holders/md0/md/rd0/block/mq/0 HTTP/1.1" 200 3526 "-" "Amazon CloudFront"
64.252.66.102 - - [04/Sep/2026:06:29:40 +0000] "GET /?path=//sys/class/thermal/cooling_device3/device/physical_node/node0/memory28/node0/cpu5/firmware_node/subsystem/devices/LNXSYBUS:00/PNP0A03:00/device:1b/subsystem/devices/LNXSYBUS:00/PNP0A03:00/device:21/physical_node/driver/module/drivers/pci:nvme/0000:00:1f.0/driver/0000:00:1e.0/nvme/nvme1/nvme1n1/holders/md0/md/dev-nvme1n1/block/holders/md0/slaves/nvme2n1/device/nvme2n1/mq/0/cpu0 HTTP/1.1" 200 3098 "-" "Amazon CloudFront"
64.252.67.164 - - [04/Sep/2026:06:29:44 +0000] "GET /products/detail/208628339?path=//sys/bus/node/devices/node0/cpu1/driver/cpu7/driver/cpu2/node0/cpu4/firmware_node/thermal_cooling/device/thermal_cooling/subsystem/cooling_device1/device/subsystem/devices/PNP0A03:00/physical_node/firmware_node/device:21/physical_node/nvme/nvme2/nvme2n1/holders/md0/slaves/nvme1n1/holders/md0/slaves/nvme1n1/mq/4 HTTP/1.1" 200 3446 "-" "Amazon CloudFront"
64.252.67.164 - - [04/Sep/2026:06:29:48 +0000] "GET /?path=//sys/class/thermal/cooling_device3/device/physical_node/node0/memory28/node0/cpu5/firmware_node/subsystem/devices/PNP0A03:00/physical_node/pci_bus/0000:00/device/0000:00:1f.0/driver/0000:00:1e.0/subsystem/drivers/nvme/0000:00:1f.0/driver/module/drivers/pci:nvme HTTP/1.1" 200 3569 "-" "Amazon CloudFront"
64.252.66.102 - - [04/Sep/2026:06:29:52 +0000] "GET /products/detail/208628339?path=//sys/bus/node/devices/node0/cpu1/driver/cpu7/driver/cpu2/node0/cpu4/firmware_node/thermal_cooling/device/physical_node/firmware_node/subsystem/devices/device:20/physical_node/subsystem/drivers/nvme/0000:00:1f.0/nvme/nvme2/nvme2n1/holders/md0/slaves/nvme2n1/holders/md0/slaves/nvme1n1/mq/4 HTTP/1.1" 200 3417 "-" "Amazon CloudFront"
64.252.68.74 - - [04/Sep/2026:06:29:56 +0000] "GET /products/detail/272703723?path=//sys/devices/pci0000:00/firmware_node/physical_node/pci_bus/0000:00/device/firmware_node/physical_node/0000:00:00.0/subsystem/drivers/nvme/module/drivers/pci:nvme/0000:00:04.0/driver/0000:00:1e.0/driver/0000:00:1e.0/subsystem/devices/0000:00:1f.0/nvme/nvme2/nvme2n1/holders/md0/md/rd1/block/holders/md0/slaves/nvme2n1/mq/0/cpu0 HTTP/1.1" 200 2998 "-" "Amazon CloudFront"
64.252.66.102 - - [04/Sep/2026:06:30:00 +0000] "GET /products/detail/208628339?path=//sys/bus/node/devices/node0/cpu1/driver/cpu7/driver/cpu2/node0/cpu4/firmware_node/subsystem/devices/PNP0A03:00/device:06/physical_node/firmware_node/physical_node/nvme/nvme0/nvme0n1/subsystem/nvme2n1/device/nvme2n1/holders/md0/md/rd0/block/holders/md0/md/rd0/block/queue HTTP/1.1" 200 4754 "-" "Amazon CloudFront"
64.252.67.164 - - [04/Sep/2026:06:30:04 +0000] "GET /products/detail/208628339?path=//sys/bus/node/devices/node0/cpu1/driver/cpu7/driver/cpu2/node0/cpu4/firmware_node/subsystem/devices/PNP0A03:00/device:06/physical_node/firmware_node/physical_node/nvme/nvme0/nvme0n1/subsystem/nvme2n1/device/nvme2n1/holders/md0/md/rd0/block/holders/md0/md/rd0/block/mq HTTP/1.1" 200 3460 "-" "Amazon CloudFront"
64.252.68.74 - - [04/Sep/2026:06:30:08 +0000] "GET /?path=//sys/class/thermal/cooling_device3/device/physical_node/node0/memory28/node0/cpu5/firmware_node/subsystem/devices/PNP0A03:00/physical_node/pci_bus/0000:00/device/0000:00:1f.0/driver/0000:00:04.0/driver/0000:00:04.0/nvme/nvme0/subsystem/nvme0/nvme0n1/integrity HTTP/1.1" 200 3452 "-" "Amazon CloudFront"
64.252.66.102 - - [04/Sep/2026:06:30:12 +0000] "GET /?path=//sys/class/thermal/cooling_device3/device/physical_node/node0/memory28/node0/cpu5/firmware_node/subsystem/devices/PNP0A03:00/physical_node/pci_bus/0000:00/device/0000:00:01.3/subsystem/drivers/nvme/0000:00:04.0/driver/module/drivers/pci:nvme/0000:00:1f.0/firmware_node/power HTTP/1.1" 200 3418 "-" "Amazon CloudFront"
64.252.67.164 - - [04/Sep/2026:06:30:17 +0000] "GET /?path=//sys/bus/memory/devices/memory1/node0/memory7/node0/cpu1/subsystem/drivers/processor/cpu5/firmware_node/subsystem/devices/PNP0A03:00/physical_node/firmware_node/physical_node/0000:00:1e.0/driver/module/drivers/pci:nvme/0000:00:1f.0/driver/0000:00:1e.0/nvme/nvme1/nvme1n1/holders/md0/md/dev-nvme2n1/block/device/nvme2n1/holders/md0/md/rd0/block/bdi HTTP/1.1" 200 3673 "-" "Amazon CloudFront"
64.252.66.102 - - [04/Sep/2026:06:30:20 +0000] "GET /?path=//sys/class/thermal/cooling_device3/device/physical_node/node0/memory28/node0/cpu5/firmware_node/subsystem/devices/LNXSYSTM:00/LNXSYBUS:00/PNP0A03:00/device:12/subsystem/devices/LNXSYBUS:00/PNP0A03:00/device:21/physical_node/nvme/nvme2/device/driver/module/drivers/pci:nvme/module/drivers/pci:nvme/0000:00:04.0/nvme/nvme0/nvme0n1/mq/0/cpu5 HTTP/1.1" 200 3025 "-" "Amazon CloudFront"
64.252.66.61 - - [04/Sep/2026:06:30:20 +0000] "GET /?fileloc=/var/lib/yum/yumdb/o/624197e7157d8d985dea5eb274714e4b0578ecea-openjpeg-libs-1.5.1-18.amzn2-x86_64/checksum_data&path=/var/lib/yum/yumdb/o/624197e7157d8d985dea5eb274714e4b0578ecea-openjpeg-libs-1.5.1-18.amzn2-x86_64 HTTP/1.1" 200 2688 "-" "Amazon CloudFront"
64.252.66.102 - - [04/Sep/2026:06:30:24 +0000] "GET /?path=//sys/bus/node/devices/node0/memory2/node0/cpu7/driver/cpu1/firmware_node/subsystem/devices/PNP0A03:00/physical_node/0000:00:04.0/firmware_node/physical_node/nvme/nvme0/device/driver/0000:00:1e.0/nvme/nvme1/nvme1n1/device/subsystem/nvme1/nvme1n1/holders/md0/slaves/nvme2n1/holders/md0/md/dev-nvme2n1/block/mq/5/cpu5 HTTP/1.1" 200 3012 "-" "Amazon CloudFront"
64.252.66.102 - - [04/Sep/2026:06:30:28 +0000] "GET /?path=//sys/class/thermal/cooling_device3/device/physical_node/node0/memory28/node0/cpu5/firmware_node/subsystem/devices/PNP0A03:00/physical_node/pci_bus/0000:00/device/0000:00:05.0/subsystem/drivers/nvme/0000:00:04.0/driver/module/drivers/pci:nvme/0000:00:04.0/nvme/nvme0/nvme0n1 HTTP/1.1" 200 4327 "-" "Amazon CloudFront"
64.252.66.102 - - [04/Sep/2026:06:30:32 +0000] "GET /products/detail/208628339?path=//sys/bus/node/devices/node0/cpu1/driver/cpu7/driver/cpu2/node0/cpu4/firmware_node/subsystem/devices/device:06/physical_node/nvme/nvme0/nvme0n1/subsystem/nvme1n1/holders/md0/md/dev-nvme1n1/block/holders/md0/slaves/nvme2n1/device/device/nvme/nvme2/nvme2n1/queue HTTP/1.1" 200 4738 "-" "Amazon CloudFront"
64.252.66.102 - - [04/Sep/2026:06:30:36 +0000] "GET /products/detail/208628339?path=//sys/bus/node/devices/node0/cpu1/driver/cpu7/driver/cpu2/node0/cpu4/firmware_node/subsystem/devices/PNP0A03:00/physical_node/0000:00:04.0/firmware_node/physical_node/nvme/nvme0/nvme0n1/nvme0n1p128/subsystem/md0/slaves/nvme1n1/device/nvme1n1/holders/md0/md/dev-nvme2n1/block/mq/7 HTTP/1.1" 200 3422 "-" "Amazon CloudFront"
