64.252.67.164 - - [04/Sep/2026:06:45:12 +0000] "GET /products/detail/259616147?fileloc=//tmp/sess_6hhcnnb7nprcfln7atjtf090ec&path=//tmp HTTP/1.1" 200 2556 "-" "Amazon CloudFront"
64.252.68.74 - - [04/Sep/2026:06:45:15 +0000] "GET /?path=//sys/module/sunrpc HTTP/1.1" 200 3238 "-" "Amazon CloudFront"
64.252.67.164 - - [04/Sep/2026:06:45:16 +0000] "GET /?path=//sys/class/thermal/cooling_device3/device/physical_node/node0/memory28/node0/cpu5/firmware_node/subsystem/devices/PNP0A03:00/physical_node/pci_bus/0000:00/device/0000:00:1f.0/driver/module/drivers/pci:nvme/0000:00:1e.0/subsystem/drivers/nvme/0000:00:1e.0/driver/0000:00:04.0 HTTP/1.1" 200 4775 "-" "Amazon CloudFront"
64.252.66.61 - - [04/Sep/2026:06:45:19 +0000] "GET /?path=//sys/class/pci_bus/0000:00/device/0000:00:00.0 HTTP/1.1" 200 3884 "-" "Amazon CloudFront"
64.252.68.74 - - [04/Sep/2026:06:45:20 +0000] "GET /products/detail/208628339?path=//sys/bus/node/devices/node0/cpu1/driver/cpu7/driver/cpu2/node0/cpu4/firmware_node/subsystem/devices/device:20/physical_node/firmware_node/physical_node/nvme/nvme1/subsystem/nvme1/nvme1n1/device/nvme1n1/holders/md0/slaves/nvme2n1/holders/md0/md/dev-nvme1n1/block/trace HTTP/1.1" 200 3401 "-" "Amazon CloudFront"
64.252.66.102 - - [04/Sep/2026:06:45:24 +0000] "GET /?path=//sys/bus/memory/devices/memory1/node0/memory30/node0/cpu6/firmware_node/subsystem/devices/device:21/physical_node/driver/module/drivers/pci:nvme/0000:00:1e.0/nvme/nvme1/nvme1n1/device/subsystem/nvme0/device/driver/0000:00:1f.0/firmware_node/physical_node/nvme/nvme2/nvme2n1/holders/md0/slaves/nvme2n1/holders/md0/md/dev-nvme1n1/block/mq/0/cpu0 HTTP/1.1" 200 3051 "-" "Amazon CloudFront"
64.252.66.61 - - [04/Sep/2026:06:45:30 +0000] "GET /?path=//sys/class/thermal/cooling_device3/device/physical_node/node0/memory28/node0/cpu5/firmware_node/subsystem/devices/PNP0A03:00/physical_node/pci_bus/0000:00/device/0000:00:00.0/subsystem/drivers/nvme/0000:00:1e.0/driver/0000:00:1f.0/driver/0000:00:1e.0/nvme/nvme1/nvme1n1/integrity HTTP/1.1" 200 3487 "-" "Amazon CloudFront"
64.252.68.74 - - [04/Sep/2026:06:45:32 +0000] "GET /products/detail/208628339?path=//sys/bus/node/devices/node0/cpu1/driver/cpu7/driver/cpu2/node0/cpu4/firmware_node/thermal_cooling/device/physical_node/firmware_node/thermal_cooling/device/subsystem/devices/PNP0A03:00/device:20/physical_node/nvme/nvme1/nvme1n1/holders/md0/md/rd1/block/holders/md0/slaves/nvme2n1/subsystem/nvme2n1 HTTP/1.1" 200 4268 "-" "Amazon CloudFront"
64.252.68.74 - - [04/Sep/2026:06:45:36 +0000] "GET /?path=//sys/class/thermal/cooling_device3/device/physical_node/node0/memory28/node0/cpu5/firmware_node/subsystem/devices/PNP0A03:00/physical_node/pci_bus/0000:00/device/0000:00:1e.0/driver/0000:00:1f.0/nvme/nvme2/nvme2n1/subsystem/md0/md/rd1/block/mq/5/cpu5 HTTP/1.1" 200 2932 "-" "Amazon CloudFront"
64.252.66.61 - - [04/Sep/2026:06:45:40 +0000] "GET /?path=//sys/class/thermal/cooling_device3/device/physical_node/node0/memory28/node0/cpu5/firmware_node/subsystem/devices/PNP0A03:00/physical_node/pci_bus/0000:00/device/0000:00:00.0/subsystem/drivers/nvme/0000:00:1e.0/driver/0000:00:1f.0/driver/0000:00:1e.0/nvme/nvme1/nvme1n1/queue HTTP/1.1" 200 4673 "-" "Amazon CloudFront"
64.252.67.164 - - [04/Sep/2026:06:45:41 +0000] "GET /?fileloc=//sys/module/af_alg/refcnt&path=//sys/module/af_alg HTTP/1.1" 200 2566 "-" "Amazon CloudFront"
64.252.67.164 - - [04/Sep/2026:06:45:43 +0000] "GET /?fileloc=//s3/f75bf04088964924b004465536090d8a/wordpress/wp-content/uploads/2023/09/%E4%BA%AC%E9%83%BD%E5%A4%A7%E5%AD%A6_%E8%8D%92%E5%B7%9D%E8%8A%B3%E8%BC%9D%E6%95%99%E6%8E%88-150x150.jpg&path=//s3/f75bf04088964924b004465536090d8a/wordpress/wp-content/uploads/2023/09 HTTP/1.1" 200 2691 "-" "Amazon CloudFront"
64.252.66.61 - - [04/Sep/2026:06:45:45 +0000] "GET /?path=//sys/bus/memory/devices/memory1/node0/memory7/node0/cpu1/subsystem/drivers/processor/cpu5/firmware_node/subsystem/devices/PNP0A03:00/physical_node/firmware_node/physical_node/0000:00:1e.0/driver/0000:00:1e.0/nvme/nvme1/nvme1n1/holders/md0/slaves/nvme1n1/device/device/driver/0000:00:1f.0/nvme/nvme2/nvme2n1/holders/md0/md/rd1/block/mq/1/cpu1 HTTP/1.1" 200 3033 "-" "Amazon CloudFront"
64.252.66.61 - - [04/Sep/2026:06:45:48 +0000] "GET /products/detail/47417309?fileloc=//tmp/sess_ajv957qp4aa44ot1n7ct180hh2&path=//tmp HTTP/1.1" 200 2555 "-" "Amazon CloudFront"
64.252.68.74 - - [04/Sep/2026:06:45:53 +0000] "GET /products/detail/208628339?path=//sys/bus/node/devices/node0/cpu1/driver/cpu7/driver/cpu2/node0/cpu4/firmware_node/subsystem/devices/PNP0A03:00/physical_node/0000:00:1e.0/subsystem/drivers/nvme/0000:00:1e.0/nvme/nvme1/nvme1n1/holders/md0/slaves/nvme1n1/holders/md0/md/dev-nvme2n1/block/device/nvme2n1/mq/7/cpu7 HTTP/1.1" 200 2903 "-" "Amazon CloudFront"
64.252.66.61 - - [04/Sep/2026:06:45:56 +0000] "GET /products/detail/47417309?fileloc=//tmp/sess_s5e8ivms3omvugck1r34f1m7vi&path=//tmp HTTP/1.1" 200 2557 "-" "Amazon CloudFront"
64.252.67.164 - - [04/Sep/2026:06:46:01 +0000] "GET /products/detail/259616147?fileloc=//tmp/sess_1tf7n9sjq05qqe91d7282cg3tn&path=//tmp HTTP/1.1" 200 2556 "-" "Amazon CloudFront"
64.252.66.61 - - [04/Sep/2026:06:46:04 +0000] "GET /products/detail/208628339?path=//sys/bus/node/devices/node0/cpu1/driver/cpu7/driver/cpu2/node0/cpu4/firmware_node/thermal_cooling/device/physical_node/firmware_node/thermal_cooling/device/subsystem/devices/LNXSYSTM:00/LNXSYBUS:00/PNP0A03:00/device:21/physical_node/nvme/nvme2/nvme2n1/holders/md0/slaves/nvme2n1/holders/md0/slaves/nvme1n1/trace HTTP/1.1" 200 3471 "-" "Amazon CloudFront"
64.252.67.164 - - [04/Sep/2026:06:46:08 +0000] "GET /products/detail/208628339?path=//sys/bus/node/devices/node0/cpu1/driver/cpu7/driver/cpu2/node0/cpu4/firmware_node/thermal_cooling/device/physical_node/firmware_node/subsystem/devices/device:21/physical_node/nvme/nvme2/nvme2n1/subsystem/md0/md/dev-nvme1n1/block/holders/md0/slaves/nvme1n1/device/nvme1n1/mq/0 HTTP/1.1" 200 3413 "-" "Amazon CloudFront"
64.252.67.164 - - [04/Sep/2026:06:46:13 +0000] "GET /?path=//sys/class/thermal/cooling_device3/device/physical_node/node0/memory28/node0/cpu5/firmware_node/subsystem/devices/LNXSYBUS:00/PNP0A03:00/device:1b/subsystem/devices/LNXSYBUS:00/PNP0A03:00/physical_node/0000:00:04.0/driver/0000:00:1e.0/driver/0000:00:1f.0/nvme/nvme2/nvme2n1/device/nvme2n1/holders/md0/md/rd0/block/holders/md0/slaves/nvme1n1/mq/5 HTTP/1.1" 200 3526 "-" "Amazon CloudFront"
64.252.68.74 - - [04/Sep/2026:06:46:16 +0000] "GET /products/detail/70357167?fileloc=//tmp/sess_aeeratb4ggqstbpa1q5mjdt5am&path=//tmp HTTP/1.1" 200 2557 "-" "Amazon CloudFront"
64.252.68.74 - - [04/Sep/2026:06:46:15 +0000] "GET /products/detail/172439228?fileloc=/var/www/volumes/69b4844ae61d4e92bf26ad98af552775/logs/openlitespeed/access.log.2026_08_25.22&path=/var/www/volumes/69b4844ae61d4e92bf26ad98af552775/logs/openlitespeed HTTP/1.1" 200 664731 "-" "Amazon CloudFront"
64.252.68.74 - - [04/Sep/2026:06:46:18 +0000] "GET /?path=//sys/class/msr/msr4/subsystem/msr3 HTTP/1.1" 200 3050 "-" "Amazon CloudFront"
64.252.66.102 - - [04/Sep/2026:06:46:20 +0000] "GET /products/detail/208628339?path=//sys/bus/node/devices/node0/cpu1/driver/cpu7/driver/cpu2/node0/cpu4/firmware_node/subsystem/devices/PNP0A03:00/physical_node/0000:00:04.0/firmware_node/physical_node/nvme/nvme0/nvme0n1/nvme0n1p128/subsystem/md0/md/dev-nvme1n1/block/holders/md0/md/rd1/block/trace HTTP/1.1" 200 3413 "-" "Amazon CloudFront"
64.252.66.61 - - [04/Sep/2026:06:46:21 +0000] "GET /?fileloc=//s3/f75bf04088964924b004465536090d8a/wordpress/wp-content/uploads/2021/10/%E7%94%B0%E4%B8%AD%E6%95%99%E6%8E%88-1024x1024.jpg&path=//s3/f75bf04088964924b004465536090d8a/wordpress/wp-content/uploads/2021/10 HTTP/1.1" 200 2660 "-" "Amazon CloudFront"
64.252.67.164 - - [04/Sep/2026:06:46:24 +0000] "GET /products/detail/272703723?path=//sys/devices/pci0000:00/firmware_node/physical_node/0000:00:04.0/driver/0000:00:1f.0/subsystem/devices/0000:00:1e.0/driver/0000:00:1f.0/firmware_node/physical_node/nvme/nvme2/subsystem/nvme1/nvme1n1/holders/md0/md/dev-nvme2n1/block/device/device/nvme/nvme2/nvme2n1/holders/md0/md/rd1/block/mq/4/cpu4 HTTP/1.1" 200 2960 "-" "Amazon CloudFront"
64.252.67.164 - - [04/Sep/2026:06:46:28 +0000] "GET /products/detail/208628339?path=//sys/bus/node/devices/node0/cpu1/driver/cpu7/driver/cpu2/node0/cpu1/firmware_node/thermal_cooling/subsystem/cooling_device1/device/subsystem/devices/LNXSYSTM:00/LNXSYBUS:00/PNP0A03:00/physical_node/0000:00:1f.0/nvme/nvme2/nvme2n1/device/nvme2n1/holders/md0/md/dev-nvme2n1/block/mq/4/cpu4 HTTP/1.1" 200 3006 "-" "Amazon CloudFront"
64.252.68.74 - - [04/Sep/2026:06:46:32 +0000] "GET /products/detail/208628339?path=//sys/bus/node/devices/node0/cpu1/driver/cpu7/driver/cpu2/node0/cpu4/firmware_node/subsystem/devices/PNP0A03:00/physical_node/0000:00:04.0/nvme/nvme0/device/nvme/nvme0/nvme0n1/device/subsystem/nvme2/nvme2n1/holders/md0/slaves/nvme2n1/mq HTTP/1.1" 200 3410 "-" "Amazon CloudFront"
64.252.67.164 - - [04/Sep/2026:06:46:36 +0000] "GET /?path=//sys/class/thermal/cooling_device3/device/physical_node/node0/memory28/node0/cpu3/driver/cpu0/firmware_node/subsystem/devices/LNXSYSTM:00/LNXPWRBN:00/subsystem/devices/LNXSYSTM:00/LNXSYBUS:00/PNP0A03:00/device:21/physical_node/nvme/nvme2/device/driver/module/drivers/pci:nvme/module/drivers/pci:nvme/0000:00:1e.0/nvme/nvme1/nvme1n1/holders/md0/md/dev-nvme2n1/block/mq/1/cpu1 HTTP/1.1" 200 3098 "-" "Amazon CloudFront"
64.252.67.164 - - [04/Sep/2026:06:46:38 +0000] "GET /?fileloc=//sys/module/af_alg/coresize&path=//sys/module/af_alg HTTP/1.1" 200 2569 "-" "Amazon CloudFront"
64.252.66.61 - - [04/Sep/2026:06:46:40 +0000] "GET /?path=//sys/class/thermal/cooling_device3/device/physical_node/node0/memory28/node0/cpu5/firmware_node/subsystem/devices/PNP0A03:00/physical_node/pci_bus/0000:00/device/0000:00:1f.0/driver/module/drivers/pci:nvme/0000:00:04.0/firmware_node/subsystem/devices/LNXSYBUS:00/PNP0A03:00/device:1f HTTP/1.1" 200 3524 "-" "Amazon CloudFront"
64.252.70.102 - - [04/Sep/2026:06:46:41 +0000] "GET /prizes/288103389?path=/var/www/volumes/82c83f1178fa47e8b8815a814fd80a3e HTTP/1.1" 200 2642 "-" "Amazon CloudFront"
64.252.68.74 - - [04/Sep/2026:06:46:44 +0000] "GET /products/detail/208628339?path=//sys/bus/node/devices/node0/cpu1/driver/cpu7/driver/cpu2/node0/cpu4/firmware_node/thermal_cooling/device/physical_node/firmware_node/thermal_cooling/device/subsystem/devices/device:20/physical_node/nvme/nvme1/nvme1n1/subsystem/nvme2n1/holders/md0/md/dev-nvme2n1/block/holders/md0/slaves/nvme2n1/integrity HTTP/1.1" 200 3533 "-" "Amazon CloudFront"
64.252.72.118 - - [04/Sep/2026:06:46:45 +0000] "GET /prizes/127391632?path=/proc/16770 HTTP/1.1" 200 4563 "-" "Amazon CloudFront"
64.252.66.61 - - [04/Sep/2026:06:46:48 +0000] "GET /?path=//sys/bus/memory/devices/memory8/node0/cpu4/node0/cpu2/firmware_node/subsystem/devices/PNP0A03:00/physical_node/0000:00:05.0/net/eth0/device/driver/0000:00:05.0/net/eth0/device/firmware_node/physical_node/subsystem/drivers/nvme/0000:00:1e.0/driver/module/drivers/pci:nvme/0000:00:1e.0/nvme/nvme1/nvme1n1/holders/md0/md/rd0/block/mq HTTP/1.1" 200 3557 "-" "Amazon CloudFront"
64.252.72.118 - - [04/Sep/2026:06:46:50 +0000] "GET /prizes/82647561?fileloc=/var/www/volumes/69b4844ae61d4e92bf26ad98af552775/wordpress/wp-admin/revision.php&path=/var/www/volumes/69b4844ae61d4e92bf26ad98af552775/wordpress/wp-admin HTTP/1.1" 200 4418 "-" "Amazon CloudFront"
64.252.68.74 - - [04/Sep/2026:06:46:52 +0000] "GET /products/detail/259616147?fileloc=//tmp/sess_juen4ob11vkq7bub04n8p7gamr&path=//tmp HTTP/1.1" 200 2557 "-" "Amazon CloudFront"
64.252.67.164 - - [04/Sep/2026:06:46:53 +0000] "GET /?path=//sys/bus/machinecheck/devices/machinecheck6 HTTP/1.1" 200 4107 "-" "Amazon CloudFront"
64.252.66.102 - - [04/Sep/2026:06:46:57 +0000] "GET /products/detail/208628339?path=//sys/bus/node/devices/node0/cpu1/driver/cpu7/driver/cpu2/node0/cpu4/firmware_node/thermal_cooling/device/thermal_cooling/device/subsystem/devices/PNP0A03:00/physical_node/0000:00:04.0/firmware_node/physical_node/nvme/nvme0/subsystem/nvme1/nvme1n1/holders/md0/md/rd0/block/holders/md0/slaves/nvme1n1/queue HTTP/1.1" 200 4793 "-" "Amazon CloudFront"
64.252.66.61 - - [04/Sep/2026:06:47:00 +0000] "GET /products/detail/47417309?fileloc=//tmp/sess_rh9jr4di7do5mpra1oiednmf04&path=//tmp HTTP/1.1" 200 2556 "-" "Amazon CloudFront"
64.252.67.164 - - [04/Sep/2026:06:47:04 +0000] "GET /products/detail/47417309?fileloc=//tmp/sess_r3jgptv1urjpci95nks1h8dae7&path=//tmp HTTP/1.1" 200 2556 "-" "Amazon CloudFront"
64.252.66.61 - - [04/Sep/2026:06:47:05 +0000] "GET /?path=//sys/module/nf_conntrack_ipv4/sections HTTP/1.1" 200 3627 "-" "Amazon CloudFront"
64.252.66.61 - - [04/Sep/2026:06:47:05 +0000] "GET /products/detail/201656713 HTTP/1.1" 200 4265 "-" "Amazon CloudFront"
64.252.67.164 - - [04/Sep/2026:06:47:08 +0000] "GET /?path=//sys/bus/memory/devices/memory1/node0/memory30/node0/cpu6/firmware_node/subsystem/devices/device:21/physical_node/driver/module/drivers/pci:nvme/0000:00:1f.0/driver/0000:00:1e.0/nvme/nvme1/nvme1n1/holders/md0/slaves/nvme1n1/holders/md0/md/rd1/block/subsystem/nvme0n1/device/device/firmware_node/physical_node/nvme/nvme0/nvme0n1/power HTTP/1.1" 200 3556 "-" "Amazon CloudFront"
64.252.66.61 - - [04/Sep/2026:06:47:12 +0000] "GET /?path=//sys/class/thermal/cooling_device3/device/physical_node/node0/memory28/node0/cpu5/firmware_node/subsystem/devices/PNP0A03:00/physical_node/pci_bus/0000:00/device/0000:00:1e.0/driver/0000:00:04.0/nvme/nvme0/nvme0n1/subsystem/md0/md/dev-nvme1n1/block/holders/md0/power HTTP/1.1" 200 3449 "-" "Amazon CloudFront"
64.252.67.164 - - [04/Sep/2026:06:47:16 +0000] "GET /?path=//sys/bus/memory/devices/memory1/node0/memory7/node0/cpu1/subsystem/drivers/processor/cpu5/firmware_node/subsystem/devices/PNP0A03:00/physical_node/firmware_node/physical_node/0000:00:1e.0/driver/0000:00:1f.0/driver/0000:00:1f.0/nvme/nvme2/nvme2n1/holders/md0/md/rd0/block/device/nvme1n1/device/nvme1n1/holders/md0/md/rd1/block/mq/4 HTTP/1.1" 200 3500 "-" "Amazon CloudFront"
64.252.67.164 - - [04/Sep/2026:06:47:20 +0000] "GET /products/detail/208628339?path=//sys/bus/node/devices/node0/cpu1/driver/cpu7/driver/cpu2/node0/cpu4/firmware_node/subsystem/devices/PNP0A03:00/physical_node/firmware_node/physical_node/0000:00:01.3/subsystem/drivers/nvme/module/drivers/pci:nvme/0000:00:1f.0/nvme/nvme2/nvme2n1/holders/md0/md/rd0/block/holders/md0/trace HTTP/1.1" 200 3459 "-" "Amazon CloudFront"
64.252.66.61 - - [04/Sep/2026:06:47:24 +0000] "GET /?path=//sys/class/thermal/cooling_device3/device/physical_node/node0/cpu1/driver/cpu0/node0/cpu2/firmware_node/subsystem/devices/LNXSYBUS:00/subsystem/devices/PNP0A03:00/physical_node/0000:00:1e.0/driver/module/drivers/pci:nvme/module/drivers/pci:nvme/0000:00:1e.0/nvme/nvme1/nvme1n1/device/nvme1n1/holders/md0/md/rd0/block/holders/md0/md/dev-nvme1n1 HTTP/1.1" 200 3917 "-" "Amazon CloudFront"
64.252.67.164 - - [04/Sep/2026:06:47:28 +0000] "GET /products/detail/208628339?path=//sys/bus/node/devices/node0/cpu1/driver/cpu7/driver/cpu2/node0/cpu4/firmware_node/thermal_cooling/device/physical_node/firmware_node/thermal_cooling/device/subsystem/devices/device:20/physical_node/nvme/nvme1/nvme1n1/subsystem/nvme2n1/holders/md0/md/rd1/block/holders/md0/md/dev-nvme1n1/block HTTP/1.1" 200 4256 "-" "Amazon CloudFront"
64.252.66.61 - - [04/Sep/2026:06:47:32 +0000] "GET /?path=//sys/bus/memory/devices/memory1/node0/memory7/node0/cpu1/subsystem/drivers/processor/cpu5/firmware_node/subsystem/devices/PNP0A03:00/physical_node/firmware_node/device:20/physical_node/driver/0000:00:04.0/driver/module/drivers/pci:nvme/0000:00:1e.0/nvme/nvme1/device/nvme/nvme1/nvme1n1/holders/md0/slaves/nvme2n1/holders/md0/md/rd0/block/mq/4 HTTP/1.1" 200 3526 "-" "Amazon CloudFront"
64.252.67.164 - - [04/Sep/2026:06:47:36 +0000] "GET /products/detail/208628339?path=//sys/bus/node/devices/node0/cpu1/driver/cpu7/driver/cpu2/node0/cpu4/firmware_node/subsystem/devices/PNP0A03:00/physical_node/0000:00:04.0/nvme/nvme0/nvme0n1/subsystem/nvme1n1/holders/md0/md/rd0/block/device/nvme1n1/holders/md0/md/dev-nvme1n1/block/mq/5 HTTP/1.1" 200 3389 "-" "Amazon CloudFront"
64.252.88.159 - - [04/Sep/2026:06:47:38 +0000] "GET /prizes/233745531 HTTP/1.1" 200 4177 "-" "Amazon CloudFront"
64.252.66.102 - - [04/Sep/2026:06:47:40 +0000] "GET /?path=//sys/class/thermal/cooling_device3/device/physical_node/node0/memory28/node0/cpu5/firmware_node/subsystem/devices/PNP0A03:00/physical_node/pci_bus/0000:00/device/0000:00:1f.0/driver/module/drivers/pci:nvme/0000:00:04.0/firmware_node/subsystem/devices/LNXSYBUS:00/PNP0A03:00/device:0e HTTP/1.1" 200 3523 "-" "Amazon CloudFront"
64.252.66.61 - - [04/Sep/2026:06:47:44 +0000] "GET /?path=//sys/class/thermal/cooling_device3/device/physical_node/node0/memory28/node0/cpu5/firmware_node/subsystem/devices/PNP0A03:00/physical_node/pci_bus/0000:00/device/0000:00:1f.0/driver/module/drivers/pci:nvme/0000:00:1f.0/subsystem/slots/17/module/parameters HTTP/1.1" 200 3202 "-" "Amazon CloudFront"
64.252.66.102 - - [04/Sep/2026:06:47:48 +0000] "GET /?path=//sys/class/thermal/cooling_device3/device/physical_node/node0/memory28/node0/cpu5/firmware_node/subsystem/devices/PNP0A03:00/physical_node/pci_bus/0000:00/device/0000:00:1f.0/driver/module/drivers/pci:nvme/0000:00:04.0/driver/0000:00:04.0/subsystem/slots/13/module HTTP/1.1" 200 3294 "-" "Amazon CloudFront"
64.252.66.61 - - [04/Sep/2026:06:47:50 +0000] "GET /products/detail/253535288?fileloc=//tmp/sess_hnknnai3cdr1tev8ndv1u3so5t&path=//tmp HTTP/1.1" 200 2554 "-" "Amazon CloudFront"
64.252.67.164 - - [04/Sep/2026:06:47:52 +0000] "GET /?path=//sys/bus/acpi/devices/LNXCPU:06/physical_node/node0/memory21/node0/cpu0/subsystem/drivers/processor/cpu6/firmware_node/subsystem/devices/device:06/physical_node/driver/0000:00:04.0/driver/0000:00:1e.0/nvme/nvme1/nvme1n1/holders/md0/md/dev-nvme2n1/block/device/nvme2n1/holders/md0/md/dev-nvme1n1/block/device/nvme1n1/slaves HTTP/1.1" 200 3004 "-" "Amazon CloudFront"
64.252.66.102 - - [04/Sep/2026:06:47:56 +0000] "GET /products/detail/208628339?path=//sys/bus/node/devices/node0/cpu1/driver/cpu7/driver/cpu2/node0/cpu4/firmware_node/subsystem/devices/PNP0A03:00/physical_node/0000:00:04.0/nvme/nvme0/nvme0n1/subsystem/nvme1n1/holders/md0/md/rd0/block/device/nvme1n1/holders/md0/md/dev-nvme1n1/block/mq/3 HTTP/1.1" 200 3389 "-" "Amazon CloudFront"
64.252.66.61 - - [04/Sep/2026:06:48:00 +0000] "GET /?path=//sys/bus/memory/devices/memory1/node0/memory7/node0/cpu1/subsystem/drivers/processor/cpu5/firmware_node/subsystem/devices/PNP0A03:00/physical_node/firmware_node/physical_node/0000:00:1e.0/driver/module/drivers/pci:nvme/0000:00:1f.0/driver/0000:00:1e.0/nvme/nvme1/nvme1n1/device/nvme1n1/holders/md0/md/dev-nvme2n1/block/holders/md0/md/dev-nvme2n1/block HTTP/1.1" 200 4407 "-" "Amazon CloudFront"
64.252.88.159 - - [04/Sep/2026:06:48:03 +0000] "GET /products/detail/137255965 HTTP/1.1" 200 4265 "-" "Amazon CloudFront"
64.252.66.61 - - [04/Sep/2026:06:48:04 +0000] "GET /products/detail/208628339?path=//sys/bus/node/devices/node0/cpu1/driver/cpu7/driver/cpu2/node0/cpu4/firmware_node/subsystem/devices/PNP0A03:00/physical_node/firmware_node/physical_node/0000:00:1e.0/nvme/nvme1/device/nvme/nvme1/subsystem/nvme2/nvme2n1/holders/md0/md/rd1/block/trace HTTP/1.1" 200 3387 "-" "Amazon CloudFront"
64.252.67.164 - - [04/Sep/2026:06:48:08 +0000] "GET /products/detail/47417309?fileloc=//tmp/sess_670qf088pruch4poaqgo0k2r7n&path=//tmp HTTP/1.1" 200 2555 "-" "Amazon CloudFront"
64.252.66.102 - - [04/Sep/2026:06:48:12 +0000] "GET /?path=//sys/bus/acpi/devices/LNXCPU:06/physical_node/node0/memory21/node0/cpu0/subsystem/drivers/processor/cpu6/firmware_node/subsystem/devices/device:06/physical_node/driver/0000:00:04.0/driver/0000:00:1e.0/nvme/nvme1/nvme1n1/holders/md0/md/dev-nvme2n1/block/device/device/nvme/nvme2/nvme2n1/holders/md0/slaves/nvme1n1/mq/6 HTTP/1.1" 200 3495 "-" "Amazon CloudFront"
64.252.67.164 - - [04/Sep/2026:06:48:17 +0000] "GET /products/detail/208628339?path=//sys/bus/node/devices/node0/cpu1/driver/cpu7/driver/cpu2/node0/cpu1/firmware_node/thermal_cooling/device/physical_node/firmware_node/subsystem/devices/PNP0A03:00/physical_node/0000:00:1e.0/nvme/nvme1/nvme1n1/holders/md0/slaves/nvme2n1/holders/md0/slaves/nvme2n1/subsystem/nvme0n1/device HTTP/1.1" 200 3908 "-" "Amazon CloudFront"
64.252.66.61 - - [04/Sep/2026:06:48:20 +0000] "GET /products/detail/208628339?path=//sys/bus/node/devices/node0/cpu1/driver/cpu7/driver/cpu2/node0/cpu1/firmware_node/thermal_cooling/device/physical_node/firmware_node/subsystem/devices/PNP0A03:00/physical_node/0000:00:1e.0/nvme/nvme1/nvme1n1/holders/md0/md/dev-nvme2n1/block/holders/md0/subsystem/nvme0n1/device/nvme0n1/queue HTTP/1.1" 200 4766 "-" "Amazon CloudFront"
64.252.66.61 - - [04/Sep/2026:06:48:24 +0000] "GET /products/detail/208628339?path=//sys/bus/node/devices/node0/cpu1/driver/cpu7/driver/cpu2/node0/cpu4/firmware_node/thermal_cooling/device/physical_node/firmware_node/subsystem/devices/PNP0A03:00/device:20/physical_node/nvme/nvme1/nvme1n1/subsystem/md0/md/rd0/block/holders/md0/slaves/nvme1n1/mq/2 HTTP/1.1" 200 3395 "-" "Amazon CloudFront"
64.252.67.164 - - [04/Sep/2026:06:48:29 +0000] "GET /products/detail/208628339?path=//sys/bus/node/devices/node0/cpu1/driver/cpu7/driver/cpu2/node0/cpu4/firmware_node/thermal_cooling/device/physical_node/firmware_node/subsystem/devices/PNP0A03:00/device:20/physical_node/nvme/nvme1/nvme1n1/subsystem/md0/md/rd1/block/holders/md0/md/dev-nvme1n1/block/mq/4 HTTP/1.1" 200 3412 "-" "Amazon CloudFront"
64.252.66.61 - - [04/Sep/2026:06:48:32 +0000] "GET /?path=//sys/class/thermal/cooling_device3/device/physical_node/node0/cpu1/driver/cpu0/node0/cpu2/firmware_node/subsystem/devices/LNXSYBUS:00/PNP0A03:00/device:11/subsystem/devices/device:20/physical_node/nvme/nvme1/device/driver/module/drivers/pci:nvme/0000:00:1f.0/nvme/nvme2/nvme2n1/holders/md0/md/rd1/block/holders/md0/md/rd1/block/mq/5 HTTP/1.1" 200 3549 "-" "Amazon CloudFront"
64.252.66.61 - - [04/Sep/2026:06:48:36 +0000] "GET /?path=//sys/class/thermal/cooling_device3/device/physical_node/node0/memory29/node0/cpu4/driver/cpu2/driver/cpu1/firmware_node/subsystem/devices/device:10/subsystem/devices/LNXSYSTM:00/LNXSYBUS:00/PNP0A03:00/physical_node/pci_bus/0000:00/device/0000:00:1e.0/nvme/nvme1/nvme1n1/holders/md0/slaves/nvme2n1/holders/md0/md/rd0/block/mq/4 HTTP/1.1" 200 3528 "-" "Amazon CloudFront"
64.252.66.61 - - [04/Sep/2026:06:48:39 +0000] "GET /products/detail/188233430 HTTP/1.1" 200 4265 "-" "Amazon CloudFront"
64.252.68.74 - - [04/Sep/2026:06:48:39 +0000] "GET /?fileloc=//sys/module/nf_conntrack_ipv4/srcversion&path=//sys/module/nf_conntrack_ipv4 HTTP/1.1" 200 2597 "-" "Amazon CloudFront"
64.252.67.164 - - [04/Sep/2026:06:48:40 +0000] "GET /?path=//sys/class/thermal/cooling_device3/device/physical_node/node0/memory28/node0/cpu5/firmware_node/subsystem/devices/PNP0A03:00/physical_node/pci_bus/0000:00/device/0000:00:1e.0/driver/module/drivers/pci:nvme/0000:00:04.0/driver/0000:00:1e.0/firmware_node/subsystem/devices/device:06 HTTP/1.1" 200 3527 "-" "Amazon CloudFront"
64.252.66.61 - - [04/Sep/2026:06:48:40 +0000] "GET /products/detail/311206844 HTTP/1.1" 200 4265 "-" "Amazon CloudFront"
64.252.66.61 - - [04/Sep/2026:06:48:44 +0000] "GET /?path=//sys/class/thermal/cooling_device3/device/physical_node/node0/memory28/node0/cpu5/firmware_node/subsystem/devices/PNP0A03:00/physical_node/pci_bus/0000:00/device/0000:00:1e.0/driver/module/drivers/pci:nvme/0000:00:04.0/driver/0000:00:1e.0/firmware_node/subsystem/devices/LNXSYBUS:01 HTTP/1.1" 200 3467 "-" "Amazon CloudFront"
64.252.66.61 - - [04/Sep/2026:06:48:48 +0000] "GET /products/detail/208628339?path=//sys/bus/node/devices/node0/cpu1/driver/cpu7/driver/cpu2/node0/cpu4/firmware_node/thermal_cooling/device/physical_node/firmware_node/thermal_cooling/device/subsystem/devices/PNP0A03:00/physical_node/0000:00:05.0/subsystem/drivers/nvme/0000:00:1f.0/nvme/nvme2/nvme2n1/holders/md0/slaves/nvme2n1/mq/6/cpu6 HTTP/1.1" 200 2984 "-" "Amazon CloudFront"
64.252.66.61 - - [04/Sep/2026:06:48:52 +0000] "GET /products/detail/208628339?path=//sys/bus/node/devices/node0/cpu1/driver/cpu7/driver/cpu2/node0/cpu1/firmware_node/thermal_cooling/device/physical_node/firmware_node/subsystem/devices/LNXSYSTM:00/LNXSYBUS:00/PNP0A03:00/device:06/physical_node/nvme/nvme0/device/nvme/nvme0/nvme0n1/nvme0n1p1/subsystem/nvme1n1/holders/md0/md/dev-nvme1n1 HTTP/1.1" 200 3797 "-" "Amazon CloudFront"
64.252.66.102 - - [04/Sep/2026:06:48:56 +0000] "GET /?path=//sys/class/thermal/cooling_device3/device/physical_node/node0/memory29/node0/cpu4/driver/cpu2/driver/cpu1/firmware_node/subsystem/devices/device:10/subsystem/devices/LNXSYSTM:00/LNXSYBUS:00/PNP0A03:00/physical_node/pci_bus/0000:00/device/0000:00:1e.0/nvme/nvme1/nvme1n1/holders/md0/slaves/nvme2n1/holders/md0/md/rd0/block/mq/2 HTTP/1.1" 200 3528 "-" "Amazon CloudFront"
64.252.67.164 - - [04/Sep/2026:06:49:00 +0000] "GET /?path=//sys/bus/memory/devices/memory1/node0/memory30/node0/cpu6/firmware_node/subsystem/devices/device:21/physical_node/driver/module/drivers/pci:nvme/0000:00:1e.0/nvme/nvme1/nvme1n1/device/subsystem/nvme0/device/firmware_node/physical_node/driver/module/drivers/pci:nvme/0000:00:1f.0/nvme/nvme2/nvme2n1/holders/md0/md/rd0/block/holders/md0/slaves/nvme1n1/mq/4 HTTP/1.1" 200 3529 "-" "Amazon CloudFront"
64.252.67.164 - - [04/Sep/2026:06:49:04 +0000] "GET /?path=//sys/class/thermal/cooling_device3/device/physical_node/node0/memory28/node0/cpu5/firmware_node/subsystem/devices/PNP0A03:00/physical_node/pci_bus/0000:00/device/0000:00:1e.0/driver/module/drivers/pci:nvme/0000:00:04.0/driver/0000:00:1e.0/firmware_node/subsystem/devices/device:02 HTTP/1.1" 200 3722 "-" "Amazon CloudFront"
64.252.68.74 - - [04/Sep/2026:06:49:05 +0000] "GET /products/detail/72420208 HTTP/1.1" 200 4265 "-" "Amazon CloudFront"
64.252.68.74 - - [04/Sep/2026:06:49:06 +0000] "GET /?path=//sys/module/nf_conntrack_ipv4/notes HTTP/1.1" 200 2913 "-" "Amazon CloudFront"
64.252.67.164 - - [04/Sep/2026:06:49:08 +0000] "GET /?path=//sys/class/thermal/cooling_device3/device/physical_node/node0/memory28/node0/cpu5/firmware_node/subsystem/devices/PNP0A03:00/physical_node/pci_bus/0000:00/device/0000:00:01.0/subsystem/drivers/nvme/0000:00:1f.0/driver/0000:00:1e.0/driver/0000:00:1e.0/nvme/nvme1/nvme1n1/mq/7 HTTP/1.1" 200 3385 "-" "Amazon CloudFront"
64.252.68.74 - - [04/Sep/2026:06:49:12 +0000] "GET /products/detail/259616147?fileloc=//tmp/sess_nbdli3tjjg0iptuucki6n8fine&path=//tmp HTTP/1.1" 200 2555 "-" "Amazon CloudFront"
64.252.68.74 - - [04/Sep/2026:06:49:16 +0000] "GET /products/detail/208628339?path=//sys/bus/node/devices/node0/cpu1/driver/cpu7/driver/cpu2/node0/cpu4/firmware_node/subsystem/devices/PNP0A03:00/physical_node/0000:00:01.3/subsystem/drivers/nvme/0000:00:1e.0/firmware_node/physical_node/nvme/nvme1/nvme1n1/device/nvme1n1/holders/md0/md/rd1/block/holders/md0/power HTTP/1.1" 200 3463 "-" "Amazon CloudFront"
64.252.66.102 - - [04/Sep/2026:06:49:20 +0000] "GET /products/detail/208628339?path=//sys/bus/node/devices/node0/cpu1/driver/cpu7/driver/cpu2/node0/cpu4/firmware_node/subsystem/devices/PNP0A03:00/physical_node/0000:00:04.0/firmware_node/physical_node/nvme/nvme0/nvme0n1/nvme0n1p128/subsystem/nvme2n1/holders/md0/md/dev-nvme1n1/block/holders/md0/slaves/nvme1n1/mq/6 HTTP/1.1" 200 3422 "-" "Amazon CloudFront"
64.252.66.61 - - [04/Sep/2026:06:49:24 +0000] "GET /products/detail/208628339?path=//sys/bus/node/devices/node0/cpu1/driver/cpu7/driver/cpu2/node0/cpu4/firmware_node/subsystem/devices/PNP0A03:00/physical_node/0000:00:04.0/firmware_node/physical_node/nvme/nvme0/nvme0n1/nvme0n1p128/subsystem/nvme2n1/holders/md0/md/dev-nvme1n1/block/holders/md0/slaves/nvme1n1/mq/0 HTTP/1.1" 200 3421 "-" "Amazon CloudFront"
64.252.68.74 - - [04/Sep/2026:06:49:28 +0000] "GET /products/detail/208628339?path=//sys/bus/node/devices/node0/cpu1/driver/cpu7/driver/cpu2/node0/cpu4/firmware_node/thermal_cooling/device/physical_node/firmware_node/thermal_cooling/device/subsystem/devices/LNXSYSTM:00/LNXSYBUS:00/PNP0A03:00/physical_node/0000:00:1f.0/nvme/nvme2/subsystem/nvme1/nvme1n1/holders/md0/md/rd0/block/holders/md0/slaves/nvme2n1 HTTP/1.1" 200 4428 "-" "Amazon CloudFront"
64.252.66.102 - - [04/Sep/2026:06:49:32 +0000] "GET /?path=//sys/class/thermal/cooling_device3/device/physical_node/node0/memory28/node0/cpu5/firmware_node/subsystem/devices/PNP0A03:00/physical_node/pci_bus/0000:00/device/0000:00:1f.0/driver/0000:00:04.0/driver/0000:00:1f.0/firmware_node/subsystem/devices/LNXSYSTM:00/LNXSYBUS:00/LNXCPU:05/power HTTP/1.1" 200 3438 "-" "Amazon CloudFront"
64.252.66.102 - - [04/Sep/2026:06:49:36 +0000] "GET /products/detail/253535288?fileloc=//usr/sbin/vgdisplay&path=//usr/sbin HTTP/1.1" 200 2552 "-" "Amazon CloudFront"
64.252.67.164 - - [04/Sep/2026:06:49:36 +0000] "GET /?path=//sys/class/thermal/cooling_device3/device/physical_node/node0/memory28/node0/cpu5/firmware_node/subsystem/devices/PNP0A03:00/physical_node/pci_bus/0000:00/device/0000:00:1f.0/driver/0000:00:04.0/driver/0000:00:04.0/nvme/nvme0/nvme0n1/subsystem/nvme0n1/bdi HTTP/1.1" 200 3513 "-" "Amazon CloudFront"
64.252.66.61 - - [04/Sep/2026:06:49:36 +0000] "GET /?path=//sys/module/firmware_class HTTP/1.1" 200 2962 "-" "Amazon CloudFront"
64.252.68.74 - - [04/Sep/2026:06:49:40 +0000] "GET /?path=//sys/class/thermal/cooling_device3/device/physical_node/node0/memory28/node0/cpu5/firmware_node/subsystem/devices/PNP0A03:00/physical_node/pci_bus/0000:00/device/0000:00:01.0/subsystem/drivers/nvme/0000:00:1f.0/driver/0000:00:1e.0/driver/0000:00:1e.0/nvme/nvme1/nvme1n1/mq/4 HTTP/1.1" 200 3382 "-" "Amazon CloudFront"
64.252.68.74 - - [04/Sep/2026:06:49:44 +0000] "GET /products/detail/208628339?path=//sys/bus/node/devices/node0/cpu1/driver/cpu7/driver/cpu2/node0/cpu4/firmware_node/subsystem/devices/PNP0A03:00/physical_node/0000:00:01.3/subsystem/drivers/nvme/0000:00:1e.0/firmware_node/physical_node/nvme/nvme1/nvme1n1/device/nvme1n1/holders/md0/md/rd1/block/holders/md0/integrity HTTP/1.1" 200 3530 "-" "Amazon CloudFront"
64.252.66.61 - - [04/Sep/2026:06:49:48 +0000] "GET /?path=//sys/class/thermal/cooling_device3/device/physical_node/node0/memory28/node0/cpu5/firmware_node/subsystem/devices/PNP0A03:00/physical_node/pci_bus/0000:00/device/0000:00:1f.0/driver/module/drivers/pci:nvme/0000:00:1f.0/subsystem/drivers/nvme/0000:00:04.0/nvme/nvme0 HTTP/1.1" 200 3885 "-" "Amazon CloudFront"
64.252.66.61 - - [04/Sep/2026:06:49:53 +0000] "GET /products/detail/208628339?path=//sys/bus/node/devices/node0/cpu1/driver/cpu7/driver/cpu2/node0/cpu4/firmware_node/subsystem/devices/PNP0A03:00/physical_node/firmware_node/physical_node/0000:00:05.0/subsystem/drivers/nvme/0000:00:1f.0/nvme/nvme2/nvme2n1/holders/md0/md/rd1/block/holders/md0/md/rd0/block/queue HTTP/1.1" 200 4711 "-" "Amazon CloudFront"
64.252.66.102 - - [04/Sep/2026:06:49:57 +0000] "GET /products/detail/208628339?path=//sys/bus/node/devices/node0/cpu1/driver/cpu7/driver/cpu2/node0/cpu1/firmware_node/thermal_cooling/device/physical_node/firmware_node/subsystem/devices/PNP0A03:00/physical_node/0000:00:01.0/subsystem/drivers/ena/module/drivers/pci:ena/0000:00:05.0/net/eth0/device/net/eth0 HTTP/1.1" 200 4706 "-" "Amazon CloudFront"
64.252.66.61 - - [04/Sep/2026:06:50:00 +0000] "GET /?path=//sys/class/thermal/cooling_device3/device/physical_node/node0/memory28/node0/cpu5/firmware_node/subsystem/devices/LNXSYBUS:00/PNP0A03:00/device:1b/subsystem/devices/LNXSYBUS:00/PNP0A03:00/device:21/physical_node/driver/0000:00:1e.0/nvme/nvme1/nvme1n1/holders/md0/md/rd1/block/device/nvme2n1/holders/md0/md/dev-nvme1n1/block/power HTTP/1.1" 200 3558 "-" "Amazon CloudFront"
64.252.67.164 - - [04/Sep/2026:06:50:05 +0000] "GET /products/detail/66275006?fileloc=//tmp/sess_s4ktcgiimnage65ume6jr438ue&path=//tmp HTTP/1.1" 200 2556 "-" "Amazon CloudFront"
64.252.66.102 - - [04/Sep/2026:06:50:08 +0000] "GET /products/detail/47417309?fileloc=//tmp/sess_rv2lu9r5lqgjknos4at4m73r7n&path=//tmp HTTP/1.1" 200 2557 "-" "Amazon CloudFront"
64.252.67.164 - - [04/Sep/2026:06:50:12 +0000] "GET /?path=//sys/class/thermal/cooling_device3/device/physical_node/node0/cpu1/driver/cpu0/node0/cpu2/firmware_node/subsystem/devices/LNXSYSTM:00/LNXSYBUS:00/PNP0C0F:02/subsystem/devices/LNXSYSTM:00/LNXSYBUS:00/PNP0A03:00/device:06/physical_node/driver/0000:00:1e.0/nvme/nvme1/nvme1n1/holders/md0/slaves/nvme2n1/holders/md0/slaves/nvme2n1/mq/5/cpu5 HTTP/1.1" 200 3036 "-" "Amazon CloudFront"
64.252.66.102 - - [04/Sep/2026:06:50:16 +0000] "GET /?path=//sys/bus/acpi/devices/LNXCPU:06/physical_node/node0/memory21/node0/cpu0/subsystem/drivers/processor/cpu6/firmware_node/subsystem/devices/device:06/physical_node/driver/0000:00:04.0/driver/0000:00:1e.0/nvme/nvme1/device/nvme/nvme1/nvme1n1/device/nvme1n1/holders/md0/md/rd1/block/holders/md0/md/rd0/block/queue HTTP/1.1" 200 4819 "-" "Amazon CloudFront"
64.252.66.61 - - [04/Sep/2026:06:50:20 +0000] "GET /products/detail/208628339?path=//sys/bus/node/devices/node0/cpu1/driver/cpu7/driver/cpu2/node0/cpu4/firmware_node/subsystem/devices/device:20/physical_node/firmware_node/physical_node/nvme/nvme1/subsystem/nvme1/nvme1n1/device/nvme1n1/holders/md0/slaves/nvme2n1/holders/md0/md/rd0/block/device HTTP/1.1" 200 3887 "-" "Amazon CloudFront"
64.252.66.102 - - [04/Sep/2026:06:50:24 +0000] "GET /products/detail/259616147?fileloc=//tmp/sess_kted4n6aih7rhj3bof2lghbkte&path=//tmp HTTP/1.1" 200 2555 "-" "Amazon CloudFront"
64.252.66.102 - - [04/Sep/2026:06:50:28 +0000] "GET /products/detail/208628339?path=//sys/bus/node/devices/node0/cpu1/driver/cpu7/driver/cpu2/node0/cpu4/firmware_node/subsystem/devices/PNP0A03:00/physical_node/0000:00:01.3/subsystem/drivers/nvme/0000:00:1e.0/firmware_node/physical_node/nvme/nvme1/nvme1n1/device/nvme1n1/holders/md0/md/dev-nvme1n1/block/holders/md0/bdi HTTP/1.1" 200 3562 "-" "Amazon CloudFront"
64.252.66.61 - - [04/Sep/2026:06:50:29 +0000] "GET /?fileloc=//sys/module/nf_conntrack_ipv4/uevent&path=//sys/module/nf_conntrack_ipv4 HTTP/1.1" 200 2574 "-" "Amazon CloudFront"
64.252.68.74 - - [04/Sep/2026:06:50:32 +0000] "GET /products/detail/208628339?path=//sys/bus/node/devices/node0/cpu1/driver/cpu7/driver/cpu2/node0/cpu4/firmware_node/subsystem/devices/device:07/physical_node/firmware_node/physical_node/net/eth0/device/subsystem/drivers/nvme/0000:00:1f.0/nvme/nvme2/nvme2n1/device/nvme2n1/holders/md0/slaves/nvme1n1/holders/md0/power HTTP/1.1" 200 3470 "-" "Amazon CloudFront"
64.252.67.164 - - [04/Sep/2026:06:50:36 +0000] "GET /?path=//sys/bus/memory/devices/memory1/node0/memory30/node0/cpu6/firmware_node/subsystem/devices/device:21/physical_node/driver/0000:00:1e.0/subsystem/drivers/nvme/0000:00:04.0/driver/module/drivers/pci:nvme/0000:00:1e.0/firmware_node/physical_node/nvme/nvme1/nvme1n1/holders/md0/md/dev-nvme2n1/block/device/nvme2n1/holders/md0/md/rd0/block/device/nvme1n1/mq/5/cpu5 HTTP/1.1" 200 3049 "-" "Amazon CloudFront"
64.252.68.74 - - [04/Sep/2026:06:50:40 +0000] "GET /products/detail/66275006?fileloc=//tmp/sess_qlnfnho0vtjrtn1eeh5qp1si9b&path=//tmp HTTP/1.1" 200 2558 "-" "Amazon CloudFront"
64.252.66.102 - - [04/Sep/2026:06:50:44 +0000] "GET /?path=//sys/class/thermal/cooling_device3/device/physical_node/node0/memory28/node0/cpu5/firmware_node/subsystem/devices/PNP0A03:00/physical_node/pci_bus/0000:00/device/0000:00:1e.0/subsystem/devices/0000:00:1f.0/driver/0000:00:1f.0/driver/0000:00:1e.0/nvme/nvme1/nvme1n1/bdi HTTP/1.1" 200 3527 "-" "Amazon CloudFront"
64.252.67.164 - - [04/Sep/2026:06:50:48 +0000] "GET /products/detail/66275006?fileloc=//tmp/sess_c1robbjkn6n2ff819i8nmmo2gg&path=//tmp HTTP/1.1" 200 2557 "-" "Amazon CloudFront"
64.252.68.74 - - [04/Sep/2026:06:50:52 +0000] "GET /products/detail/272703723?path=//sys/devices/pci0000:00/firmware_node/physical_node/pci_bus/0000:00/device/firmware_node/physical_node/0000:00:00.0/subsystem/drivers/nvme/module/drivers/pci:nvme/0000:00:04.0/driver/0000:00:1e.0/nvme/nvme1/nvme1n1/device/nvme1n1/holders/md0/md/rd0/block/holders/md0/md/rd0/block/subsystem/nvme0n1/power HTTP/1.1" 200 3468 "-" "Amazon CloudFront"
64.252.66.102 - - [04/Sep/2026:06:50:55 +0000] "GET /?path=//sys/module/af_alg/holders HTTP/1.1" 200 2874 "-" "Amazon CloudFront"
64.252.67.164 - - [04/Sep/2026:06:50:56 +0000] "GET /products/detail/208628339?path=//sys/bus/node/devices/node0/cpu1/driver/cpu7/driver/cpu2/node0/cpu4/firmware_node/subsystem/devices/PNP0A03:00/physical_node/0000:00:01.3/subsystem/drivers/nvme/0000:00:1e.0/firmware_node/physical_node/nvme/nvme1/nvme1n1/device/nvme1n1/holders/md0/md/dev-nvme1n1/block/holders/md0/power HTTP/1.1" 200 3470 "-" "Amazon CloudFront"
64.252.66.61 - - [04/Sep/2026:06:51:00 +0000] "GET /?path=//sys/bus/memory/devices/memory5/node0/memory27/node0/cpu3/driver/cpu1/subsystem/drivers/processor/cpu0/driver/cpu2/firmware_node/subsystem/devices/PNP0A03:00/physical_node/0000:00:1e.0/nvme/nvme1/nvme1n1/holders/md0/md/dev-nvme2n1/block/device/nvme2n1/device/nvme2n1/holders/md0/md/dev-nvme2n1/block/mq/4 HTTP/1.1" 200 3455 "-" "Amazon CloudFront"
64.252.66.61 - - [04/Sep/2026:06:51:04 +0000] "GET /?path=//sys/bus/memory/devices/memory5/node0/memory27/node0/cpu3/driver/cpu1/subsystem/drivers/processor/cpu0/driver/cpu2/firmware_node/subsystem/devices/PNP0A03:00/physical_node/0000:00:1e.0/nvme/nvme1/nvme1n1/holders/md0/md/dev-nvme2n1/block/device/nvme2n1/device/nvme2n1/holders/md0/md/dev-nvme2n1/block/mq/2 HTTP/1.1" 200 3453 "-" "Amazon CloudFront"
64.252.66.61 - - [04/Sep/2026:06:51:08 +0000] "GET /?path=//sys/class/thermal/cooling_device3/device/physical_node/node0/memory0/node0/cpu0/firmware_node/subsystem/devices/device:17/subsystem/devices/LNXSYBUS:00/PNP0A03:00/physical_node/pci_bus/0000:00/device/0000:00:1f.0/driver/module/drivers/pci:nvme/0000:00:1f.0/driver/0000:00:1e.0/nvme/nvme1/nvme1n1/holders/md0/slaves/nvme1n1/holders/md0/md/dev-nvme2n1/block HTTP/1.1" 200 4448 "-" "Amazon CloudFront"
64.252.66.102 - - [04/Sep/2026:06:51:10 +0000] "GET /?fileloc=//s3/f75bf04088964924b004465536090d8a/wordpress/wp-content/uploads/2021/10/%E6%A4%8D%E6%9C%A8%E6%95%99%E6%8E%88.jpg&path=//s3/f75bf04088964924b004465536090d8a/wordpress/wp-content/uploads/2021/10 HTTP/1.1" 200 2652 "-" "Amazon CloudFront"
64.252.67.164 - - [04/Sep/2026:06:51:12 +0000] "GET /?path=//sys/class/thermal/cooling_device3/device/physical_node/node0/cpu0/node0/cpu4/firmware_node/subsystem/devices/LNXSYSTM:00/LNXSYBUS:01/subsystem/devices/PNP0A03:00/physical_node/0000:00:1e.0/driver/module/drivers/pci:nvme/module/drivers/pci:nvme/0000:00:1e.0/driver/0000:00:1f.0/nvme/nvme2/device/nvme/nvme2/nvme2n1/holders/md0/slaves/nvme2n1/holders/md0/md/rd1/block/slaves HTTP/1.1" 200 3067 "-" "Amazon CloudFront"
64.252.68.74 - - [04/Sep/2026:06:51:16 +0000] "GET /?path=//sys/class/thermal/cooling_device3/device/physical_node/node0/memory28/node0/cpu5/firmware_node/subsystem/devices/PNP0A03:00/physical_node/pci_bus/0000:00/device/0000:00:1e.0/driver/module/drivers/pci:nvme/0000:00:1f.0/firmware_node/subsystem/devices/LNXSYBUS:00/PNP0A03:00/device:02/PNP0F13:00/power HTTP/1.1" 200 3467 "-" "Amazon CloudFront"
64.252.67.164 - - [04/Sep/2026:06:51:20 +0000] "GET /?path=//sys/bus/memory/devices/memory5/node0/memory27/node0/cpu3/driver/cpu1/subsystem/drivers/processor/cpu0/driver/cpu2/firmware_node/subsystem/devices/PNP0A03:00/physical_node/0000:00:1e.0/nvme/nvme1/nvme1n1/holders/md0/md/dev-nvme2n1/block/device/nvme2n1/device/nvme2n1/holders/md0/md/dev-nvme2n1/block/mq/5 HTTP/1.1" 200 3456 "-" "Amazon CloudFront"
64.252.68.74 - - [04/Sep/2026:06:51:24 +0000] "GET /?path=//sys/class/thermal/cooling_device3/device/physical_node/node0/memory28/node0/cpu5/firmware_node/subsystem/devices/PNP0A03:00/physical_node/pci_bus/0000:00/device/0000:00:1f.0/driver/0000:00:04.0/driver/module/drivers/pci:nvme/0000:00:04.0/firmware_node/subsystem/devices/LNXCPU:05/power HTTP/1.1" 200 3440 "-" "Amazon CloudFront"
64.252.67.164 - - [04/Sep/2026:06:51:24 +0000] "GET /?path=//sys/class/net/eth0/device HTTP/1.1" 200 4305 "-" "Amazon CloudFront"
64.252.68.74 - - [04/Sep/2026:06:51:26 +0000] "GET /products/detail/142686450?fileloc=//bin/mysqlslap&path=//bin HTTP/1.1" 200 2542 "-" "Amazon CloudFront"
64.252.66.102 - - [04/Sep/2026:06:51:28 +0000] "GET /?path=//sys/class/thermal/cooling_device3/device/physical_node/node0/cpu1/driver/cpu0/node0/cpu2/firmware_node/subsystem/devices/LNXSYSTM:00/LNXSYBUS:00/PNP0C0F:04/subsystem/devices/PNP0A03:00/device:20/physical_node/driver/module/drivers/pci:nvme/0000:00:1e.0/nvme/nvme1/device/nvme/nvme1/nvme1n1/holders/md0/md/rd0/block/holders/md0/md/dev-nvme1n1/block/mq/3/cpu3 HTTP/1.1" 200 3096 "-" "Amazon CloudFront"
64.252.67.164 - - [04/Sep/2026:06:51:32 +0000] "GET /?path=//sys/class/thermal/cooling_device3/device/physical_node/node0/cpu1/driver/cpu0/node0/cpu2/firmware_node/subsystem/devices/PNP0303:00/subsystem/devices/LNXSYBUS:00/PNP0A03:00/physical_node/0000:00:1e.0/driver/module/drivers/pci:nvme/module/drivers/pci:nvme/0000:00:1f.0/nvme/nvme2/device/nvme/nvme2/nvme2n1/holders/md0/slaves/nvme1n1/trace HTTP/1.1" 200 3550 "-" "Amazon CloudFront"
64.252.66.102 - - [04/Sep/2026:06:51:36 +0000] "GET /?path=//sys/class/thermal/cooling_device3/device/physical_node/node0/memory28/node0/cpu5/firmware_node/subsystem/devices/PNP0A03:00/physical_node/pci_bus/0000:00/device/0000:00:1f.0/driver/0000:00:1f.0/subsystem/devices/0000:00:04.0/driver/0000:00:04.0/nvme/nvme0/nvme0n1/bdi HTTP/1.1" 200 3527 "-" "Amazon CloudFront"
64.252.66.61 - - [04/Sep/2026:06:51:40 +0000] "GET /?path=//sys/bus/acpi/devices/LNXCPU:06/physical_node/node0/memory21/node0/cpu1/subsystem/drivers/processor/cpu2/firmware_node/subsystem/devices/PNP0A03:00/physical_node/0000:00:1f.0/driver/0000:00:04.0/nvme/nvme0/device/driver/0000:00:1e.0/nvme/nvme1/nvme1n1/holders/md0/md/dev-nvme2n1/block/device/nvme2n1/holders/md0/slaves/nvme1n1/mq/6 HTTP/1.1" 200 3523 "-" "Amazon CloudFront"
64.252.71.147 - - [04/Sep/2026:06:51:41 +0000] "GET /prizes/252233551?path=/var/www/volumes/69b4844ae61d4e92bf26ad98af552775/wordpress/wp-content/themes/drneopu HTTP/1.1" 200 3233 "-" "Amazon CloudFront"
64.252.70.102 - - [04/Sep/2026:06:51:41 +0000] "GET /prizes/255309975?path=/var/www/volumes/aa7ca9e8b6264569961b4250c3e47923 HTTP/1.1" 200 2642 "-" "Amazon CloudFront"
64.252.68.74 - - [04/Sep/2026:06:51:44 +0000] "GET /?path=//sys/bus/memory/devices/memory14/node0/memory16/node0/cpu1/driver/cpu4/firmware_node/physical_node/subsystem/drivers/processor/cpu2/firmware_node/subsystem/devices/PNP0A03:00/physical_node/0000:00:1f.0/nvme/nvme2/device/driver/0000:00:1f.0/nvme/nvme2/nvme2n1/holders/md0/md/rd1/block/holders/md0/md/rd1/block/device/nvme2n1/mq/1 HTTP/1.1" 200 3503 "-" "Amazon CloudFront"
64.252.67.164 - - [04/Sep/2026:06:51:48 +0000] "GET /?path=//sys/bus/memory/devices/memory1/node0/memory7/node0/cpu1/subsystem/drivers/processor/cpu5/firmware_node/subsystem/devices/PNP0A03:00/physical_node/firmware_node/physical_node/0000:00:1e.0/driver/module/drivers/pci:nvme/0000:00:1f.0/driver/0000:00:1e.0/nvme/nvme1/nvme1n1/holders/md0/md/rd1/block/device/nvme2n1/holders/md0/slaves/nvme1n1/mq/2 HTTP/1.1" 200 3516 "-" "Amazon CloudFront"
64.252.67.238 - - [04/Sep/2026:06:51:52 +0000] "GET /?path=//sys/class/thermal/cooling_device3/device/physical_node/node0/cpu1/driver/cpu0/node0/cpu2/firmware_node/subsystem/devices/LNXSYSTM:00/LNXSYBUS:00/PNP0C0F:02/subsystem/devices/LNXSYSTM:00/LNXSYBUS:00/PNP0A03:00/physical_node/0000:00:1e.0/driver/module/drivers/pci:nvme/0000:00:1e.0/nvme/nvme1/nvme1n1/device/nvme1n1/holders/md0/md/rd1/block/holders/md0/integrity HTTP/1.1" 200 3646 "-" "Amazon CloudFront"
64.252.66.61 - - [04/Sep/2026:06:51:54 +0000] "GET /?fileloc=//sys/module/af_alg/initstate&path=//sys/module/af_alg HTTP/1.1" 200 2570 "-" "Amazon CloudFront"
64.252.71.147 - - [04/Sep/2026:06:51:55 +0000] "GET /prizes/127391632?fileloc=/sbin/cacertdir_rehash&path=/sbin HTTP/1.1" 200 2880 "-" "Amazon CloudFront"
64.252.66.102 - - [04/Sep/2026:06:51:56 +0000] "GET /?path=//sys/class/thermal/cooling_device3/device/physical_node/node0/memory28/node0/cpu5/firmware_node/subsystem/devices/LNXSYBUS:00/PNP0A03:00/device:1b/subsystem/devices/LNXSYBUS:00/PNP0A03:00/device:21/physical_node/nvme/nvme2/device/driver/0000:00:1f.0/driver/module/drivers/pci:nvme/0000:00:1e.0/nvme/nvme1/nvme1n1/holders/md0/md/rd1/block/holders/md0/md/dev-nvme2n1/block HTTP/1.1" 200 4511 "-" "Amazon CloudFront"
64.252.66.102 - - [04/Sep/2026:06:52:00 +0000] "GET /?path=//sys/class/thermal/cooling_device3/device/physical_node/node0/memory28/node0/cpu5/firmware_node/subsystem/devices/PNP0A03:00/physical_node/pci_bus/0000:00/device/0000:00:1f.0/driver/module/drivers/pci:nvme/0000:00:04.0/nvme/nvme0/nvme0n1/nvme0n1p128/subsystem/md0/integrity HTTP/1.1" 200 3509 "-" "Amazon CloudFront"
64.252.66.61 - - [04/Sep/2026:06:52:04 +0000] "GET /?path=//sys/class/thermal/cooling_device3/device/physical_node/node0/memory28/node0/cpu5/firmware_node/subsystem/devices/PNP0A03:00/physical_node/pci_bus/0000:00/device/0000:00:1f.0/driver/module/drivers/pci:nvme/0000:00:1e.0/driver/0000:00:04.0/subsystem/drivers/ena HTTP/1.1" 200 3498 "-" "Amazon CloudFront"
64.252.67.238 - - [04/Sep/2026:06:52:08 +0000] "GET /?path=//sys/bus/memory/devices/memory1/node0/memory28/node0/cpu2/driver/cpu4/firmware_node/subsystem/devices/PNP0A03:00/physical_node/0000:00:04.0/driver/0000:00:1f.0/subsystem/drivers/nvme/0000:00:1f.0/nvme/nvme2/nvme2n1/holders/md0/md/dev-nvme2n1/block/holders/md0/md/rd1/block/device/nvme2n1/mq/4/cpu4 HTTP/1.1" 200 2993 "-" "Amazon CloudFront"
64.252.66.61 - - [04/Sep/2026:06:52:12 +0000] "GET /?path=//sys/bus/acpi/devices/LNXCPU:06/physical_node/node0/memory21/node0/cpu1/subsystem/drivers/processor/cpu2/firmware_node/subsystem/devices/PNP0A03:00/physical_node/0000:00:1f.0/driver/0000:00:04.0/nvme/nvme0/device/driver/0000:00:1e.0/nvme/nvme1/nvme1n1/holders/md0/md/dev-nvme2n1/block/holders/md0/md/dev-nvme1n1/block/device/nvme1n1/mq/3/cpu3 HTTP/1.1" 200 3056 "-" "Amazon CloudFront"
64.252.68.74 - - [04/Sep/2026:06:52:16 +0000] "GET /?path=//sys/class/thermal/cooling_device3/device/physical_node/node0/cpu1/driver/cpu0/node0/cpu2/firmware_node/subsystem/devices/LNXSYSTM:00/LNXSYBUS:00/PNP0C0F:02/subsystem/devices/LNXSYSTM:00/LNXSYBUS:00/PNP0A03:00/physical_node/0000:00:1e.0/driver/module/drivers/pci:nvme/0000:00:1f.0/nvme/nvme2/nvme2n1/holders/md0/md/dev-nvme1n1/block/device/nvme1n1/holders/md0/queue HTTP/1.1" 200 4935 "-" "Amazon CloudFront"
64.252.67.238 - - [04/Sep/2026:06:52:20 +0000] "GET /?path=//sys/class/thermal/cooling_device3/device/physical_node/node0/cpu1/driver/cpu0/node0/cpu2/firmware_node/subsystem/devices/PNP0303:00/subsystem/devices/LNXSYBUS:00/PNP0A03:00/physical_node/0000:00:1f.0/nvme/nvme2/device/driver/0000:00:1e.0/nvme/nvme1/nvme1n1/holders/md0/slaves/nvme2n1/holders/md0/md/rd0/block/mq/0/cpu0 HTTP/1.1" 200 3040 "-" "Amazon CloudFront"
64.252.66.61 - - [04/Sep/2026:06:52:24 +0000] "GET /?path=//sys/class/thermal/cooling_device3/device/physical_node/node0/memory28/node0/cpu5/firmware_node/subsystem/devices/PNP0A03:00/physical_node/pci_bus/0000:00/device/0000:00:1f.0/driver/module/drivers/pci:nvme/0000:00:1f.0/firmware_node/subsystem/devices/LNXSYBUS:00/LNXCPU:06/thermal_cooling/power HTTP/1.1" 200 3459 "-" "Amazon CloudFront"
64.252.66.102 - - [04/Sep/2026:06:52:28 +0000] "GET /products/detail/208628339?path=//sys/bus/node/devices/node0/cpu1/driver/cpu7/driver/cpu2/node0/cpu4/firmware_node/subsystem/devices/PNP0A03:00/physical_node/0000:00:04.0/firmware_node/physical_node/nvme/nvme0/device/nvme/nvme0/subsystem/nvme1/nvme1n1/holders/md0/slaves/nvme2n1/holders/md0/md/dev-nvme1n1/block/device/nvme1n1 HTTP/1.1" 200 4263 "-" "Amazon CloudFront"
64.252.68.74 - - [04/Sep/2026:06:52:32 +0000] "GET /?path=//sys/class/thermal/cooling_device3/device/physical_node/node0/memory28/node0/cpu5/firmware_node/subsystem/devices/PNP0A03:00/physical_node/pci_bus/0000:00/device/0000:00:1f.0/driver/0000:00:04.0/driver/0000:00:1f.0/nvme/nvme2/nvme2n1/holders/md0/subsystem/md0/power HTTP/1.1" 200 3427 "-" "Amazon CloudFront"
64.252.66.102 - - [04/Sep/2026:06:52:35 +0000] "GET /?fileloc=//sys/module/af_alg/initsize&path=//sys/module/af_alg HTTP/1.1" 200 2567 "-" "Amazon CloudFront"
64.252.68.74 - - [04/Sep/2026:06:52:36 +0000] "GET /?path=//sys/bus/memory/devices/memory1/node0/memory7/node0/cpu1/subsystem/drivers/processor/cpu5/firmware_node/subsystem/devices/PNP0A03:00/physical_node/firmware_node/physical_node/0000:00:1e.0/driver/module/drivers/pci:nvme/0000:00:1f.0/driver/0000:00:1e.0/nvme/nvme1/nvme1n1/holders/md0/md/rd1/block/device/nvme2n1/holders/md0/slaves/nvme2n1/mq/3 HTTP/1.1" 200 3516 "-" "Amazon CloudFront"
64.252.66.61 - - [04/Sep/2026:06:52:40 +0000] "GET /?path=//sys/class/thermal/cooling_device3/device/physical_node/node0/memory28/node0/cpu5/firmware_node/subsystem/devices/PNP0A03:00/physical_node/pci_bus/0000:00/device/0000:00:04.0/subsystem/drivers/nvme/0000:00:1f.0/driver/0000:00:1f.0/driver/0000:00:1e.0/nvme/nvme1/nvme1n1/bdi/power HTTP/1.1" 200 3431 "-" "Amazon CloudFront"
64.252.66.102 - - [04/Sep/2026:06:52:44 +0000] "GET /?path=//sys/class/thermal/cooling_device3/device/physical_node/node0/cpu6/driver/cpu0/node0/cpu5/firmware_node/subsystem/devices/device:12/subsystem/devices/LNXSYSTM:00/LNXSYBUS:00/PNP0A03:00/physical_node/pci_bus/0000:00/device/0000:00:1e.0/driver/module/drivers/pci:nvme/0000:00:1e.0/nvme/nvme1/nvme1n1/holders/md0/md/dev-nvme1n1/block/holders/md0/slaves/nvme2n1/integrity HTTP/1.1" 200 3664 "-" "Amazon CloudFront"
64.252.66.102 - - [04/Sep/2026:06:52:48 +0000] "GET /?path=//sys/class/thermal/cooling_device3/device/physical_node/node0/cpu6/driver/cpu0/node0/cpu5/firmware_node/subsystem/devices/device:12/subsystem/devices/LNXSYSTM:00/LNXSYBUS:00/PNP0A03:00/physical_node/pci_bus/0000:00/device/0000:00:04.0/driver/0000:00:1e.0/nvme/nvme1/nvme1n1/holders/md0/md/rd0/block/holders/md0/md/dev-nvme2n1/block/bdi HTTP/1.1" 200 3693 "-" "Amazon CloudFront"
64.252.66.61 - - [04/Sep/2026:06:52:49 +0000] "GET /?path=//sys/module/pstore/parameters HTTP/1.1" 200 2942 "-" "Amazon CloudFront"
