64.252.68.74 - - [04/Sep/2026:09:35:32 +0000] "GET /?path=//sys/class/thermal/cooling_device3/device/physical_node/node0/memory28/node0/cpu5/firmware_node/subsystem/devices/PNP0A03:00/physical_node/pci_bus/0000:00/device/0000:00:00.0/subsystem/drivers/nvme/0000:00:1f.0/driver/module/drivers/pci:nvme/0000:00:1e.0/driver/0000:00:1e.0/nvme/nvme1/power HTTP/1.1" 200 3445 "-" "Amazon CloudFront"
64.252.66.61 - - [04/Sep/2026:09:35:36 +0000] "GET /?path=//sys/class/thermal/cooling_device3/device/physical_node/node0/memory28/node0/cpu5/firmware_node/subsystem/devices/PNP0A03:00/physical_node/pci_bus/0000:00/device/0000:00:1e.0/driver/0000:00:1f.0/driver/0000:00:1f.0/subsystem/drivers/nvme/module/drivers/pci:nvme/module/holders HTTP/1.1" 200 2918 "-" "Amazon CloudFront"
64.252.66.61 - - [04/Sep/2026:09:35:36 +0000] "GET /?fileloc=//s3/f75bf04088964924b004465536090d8a/wordpress/wp-content/uploads/2021/07/%E5%90%89%E4%BD%8F%E9%99%A2%E9%95%B7-1-1024x1024.jpg&path=//s3/f75bf04088964924b004465536090d8a/wordpress/wp-content/uploads/2021/07 HTTP/1.1" 200 2662 "-" "Amazon CloudFront"
64.252.68.74 - - [04/Sep/2026:09:35:40 +0000] "GET /?path=//sys/bus/memory/devices/memory1/node0/memory7/node0/cpu1/subsystem/drivers/processor/cpu5/firmware_node/subsystem/devices/PNP0A03:00/physical_node/firmware_node/physical_node/0000:00:1e.0/driver/module/drivers/pci:nvme/0000:00:1f.0/driver/0000:00:1e.0/nvme/nvme1/nvme1n1/device/nvme1n1/holders/md0/md/dev-nvme2n1/block/device/nvme2n1/holders/md0/md/dev-nvme1n1 HTTP/1.1" 200 3899 "-" "Amazon CloudFront"
64.252.67.164 - - [04/Sep/2026:09:35:44 +0000] "GET /?path=//sys/bus/memory/devices/memory1/node0/memory7/node0/cpu1/subsystem/drivers/processor/cpu5/firmware_node/subsystem/devices/PNP0A03:00/physical_node/firmware_node/device:20/physical_node/driver/0000:00:1f.0/nvme/nvme2/device/driver/0000:00:1e.0/nvme/nvme1/nvme1n1/holders/md0/md/rd0/block/holders/md0/slaves/nvme1n1/mq/5 HTTP/1.1" 200 3495 "-" "Amazon CloudFront"
64.252.66.102 - - [04/Sep/2026:09:35:48 +0000] "GET /?path=//sys/bus/memory/devices/memory1/node0/memory30/node0/cpu6/firmware_node/subsystem/devices/device:21/physical_node/driver/module/drivers/pci:nvme/0000:00:1e.0/driver/0000:00:04.0/firmware_node/physical_node/subsystem/drivers/nvme/0000:00:1f.0/nvme/nvme2/nvme2n1/holders/md0/md/dev-nvme1n1/block/holders/md0/md/dev-nvme1n1/block/device/nvme1n1/mq/6/cpu6 HTTP/1.1" 200 3038 "-" "Amazon CloudFront"
64.252.66.61 - - [04/Sep/2026:09:35:52 +0000] "GET /?path=//sys/class/thermal/cooling_device3/device/physical_node/node0/memory28/node0/cpu5/firmware_node/subsystem/devices/PNP0A03:00/physical_node/pci_bus/0000:00/device/0000:00:05.0/subsystem/drivers/nvme/0000:00:04.0/driver/0000:00:04.0/driver/0000:00:1f.0/nvme/nvme2/nvme2n1/holders/md0 HTTP/1.1" 200 4117 "-" "Amazon CloudFront"
64.252.67.164 - - [04/Sep/2026:09:35:53 +0000] "GET /?fileloc=//s3/f75bf04088964924b004465536090d8a/wordpress/wp-content/uploads/2021/07/%E7%AB%B9%E6%94%BF%E6%95%99%E6%8E%88-1-150x150.jpg&path=//s3/f75bf04088964924b004465536090d8a/wordpress/wp-content/uploads/2021/07 HTTP/1.1" 200 2661 "-" "Amazon CloudFront"
64.252.66.102 - - [04/Sep/2026:09:35:56 +0000] "GET /?path=//sys/class/thermal/cooling_device3/device/physical_node/node0/memory28/node0/cpu5/firmware_node/subsystem/devices/PNP0A03:00/physical_node/pci_bus/0000:00/device/0000:00:01.0/subsystem/drivers/nvme/0000:00:1f.0/driver/0000:00:04.0/driver/module/drivers/pci:nvme/0000:00:04.0/nvme HTTP/1.1" 200 3191 "-" "Amazon CloudFront"
64.252.66.102 - - [04/Sep/2026:09:35:59 +0000] "GET /?path=//sys/class/thermal/cooling_device3/device/physical_node/node0/memory28/node0/cpu5/firmware_node/subsystem/devices/PNP0A03:00/physical_node/pci_bus/0000:00/device/0000:00:1e.0/subsystem/devices/0000:00:1f.0/driver/0000:00:1e.0/driver/0000:00:1f.0/nvme/nvme2/nvme2n1/power HTTP/1.1" 200 3413 "-" "Amazon CloudFront"
64.252.66.102 - - [04/Sep/2026:09:36:04 +0000] "GET /?path=//sys/bus/acpi/devices/LNXCPU:06/physical_node/node0/memory21/node0/cpu0/subsystem/drivers/processor/cpu6/firmware_node/subsystem/devices/device:06/physical_node/driver/0000:00:04.0/driver/0000:00:1f.0/nvme/nvme2/nvme2n1/device/nvme2n1/holders/md0/md/dev-nvme1n1/block/device/nvme1n1/holders/md0/md/rd0/block/mq/2/cpu2 HTTP/1.1" 200 3024 "-" "Amazon CloudFront"
64.252.66.102 - - [04/Sep/2026:09:36:08 +0000] "GET /?path=//sys/bus/memory/devices/memory14/node0/memory16/node0/cpu1/driver/cpu6/firmware_node/subsystem/devices/LNXSYSTM:00/LNXSYBUS:00/PNP0A03:00/physical_node/0000:00:04.0/driver/0000:00:1e.0/subsystem/drivers/nvme/module/drivers/pci:nvme/0000:00:1e.0/nvme/nvme1/nvme1n1/holders/md0/md/rd1/block/device/nvme2n1/device/nvme2n1/holders/md0/md/dev-nvme2n1/block/mq/1 HTTP/1.1" 200 3547 "-" "Amazon CloudFront"
64.252.66.102 - - [04/Sep/2026:09:36:10 +0000] "GET /?fileloc=//s3/f75bf04088964924b004465536090d8a/wordpress/wp-content/uploads/2021/07/%E6%B2%96%E7%B8%84%E5%8D%94%E5%90%8C%E7%97%85%E9%99%A2%E5%A4%96%E8%A6%B3-2-150x150.jpg&path=//s3/f75bf04088964924b004465536090d8a/wordpress/wp-content/uploads/2021/07 HTTP/1.1" 200 2680 "-" "Amazon CloudFront"
64.252.66.102 - - [04/Sep/2026:09:36:11 +0000] "GET /?fileloc=//s3/f75bf04088964924b004465536090d8a/wordpress/wp-content/uploads/2020/07/%E5%BE%8C%E8%97%A4%E6%95%99%E6%8E%88-300x300.jpg&path=//s3/f75bf04088964924b004465536090d8a/wordpress/wp-content/uploads/2020/07 HTTP/1.1" 200 2659 "-" "Amazon CloudFront"
64.252.67.164 - - [04/Sep/2026:09:36:11 +0000] "GET /?path=//sys/class/thermal/cooling_device3/device/physical_node/node0/memory28/node0/cpu5/firmware_node/subsystem/devices/LNXSYBUS:00/PNP0A03:00/device:1b/subsystem/devices/LNXSYBUS:00/PNP0A03:00/physical_node/pci_bus/0000:00/device/0000:00:1e.0/driver/0000:00:1e.0/driver/0000:00:1f.0/nvme/nvme2/nvme2n1/holders/md0/slaves/nvme1n1/holders/md0/slaves/nvme1n1/mq/5 HTTP/1.1" 200 3510 "-" "Amazon CloudFront"
64.252.67.164 - - [04/Sep/2026:09:36:16 +0000] "GET /?path=//sys/class/thermal/cooling_device3/device/physical_node/node0/memory28/node0/cpu5/firmware_node/subsystem/devices/PNP0A03:00/physical_node/pci_bus/0000:00/device/0000:00:1f.0/driver/0000:00:04.0/subsystem/devices/0000:00:1e.0/driver/module/drivers/pci:nvme/module/drivers/pci:nvme/0000:00:1e.0 HTTP/1.1" 200 4862 "-" "Amazon CloudFront"
64.252.67.164 - - [04/Sep/2026:09:36:20 +0000] "GET /?path=//sys/bus/memory/devices/memory8/node0/cpu4/node0/cpu2/firmware_node/subsystem/devices/PNP0A03:00/physical_node/0000:00:05.0/net/eth0/device/driver/0000:00:05.0/net/eth0/device/firmware_node/physical_node/subsystem/drivers/nvme/0000:00:1e.0/driver/module/drivers/pci:nvme/0000:00:1e.0/nvme/nvme1/nvme1n1/holders/md0/slaves/nvme2n1/mq/5 HTTP/1.1" 200 3501 "-" "Amazon CloudFront"
64.252.67.164 - - [04/Sep/2026:09:36:24 +0000] "GET /?path=//sys/bus/memory/devices/memory1/node0/memory30/node0/cpu6/firmware_node/subsystem/devices/device:21/physical_node/driver/module/drivers/pci:nvme/0000:00:1e.0/nvme/nvme1/device/firmware_node/physical_node/driver/0000:00:04.0/nvme/nvme0/subsystem/nvme1/nvme1n1/holders/md0/md/rd0/block/device/nvme1n1/holders/md0/md/dev-nvme2n1/block/bdi HTTP/1.1" 200 3671 "-" "Amazon CloudFront"
64.252.66.102 - - [04/Sep/2026:09:36:27 +0000] "GET /?fileloc=//s3/f75bf04088964924b004465536090d8a/wordpress/wp-content/uploads/2023/09/%E4%B9%9D%E5%B7%9E%E3%81%8B%E3%82%99%E3%82%93%E3%82%BB%E3%83%B3%E3%82%BF%E3%83%BC_%E6%B0%97%E7%AE%A1%E9%A3%9F%E9%81%93%E7%A7%91%E5%AD%A6%E4%BC%9A%E3%83%9B%E3%82%9A%E3%82%B9%E3%82%BF%E3%83%BC-150x150.jpg&path=//s3/f75bf04088964924b004465536090d8a/wordpress/wp-content/uploads/2023/09 HTTP/1.1" 200 2724 "-" "Amazon CloudFront"
64.252.66.61 - - [04/Sep/2026:09:36:28 +0000] "GET /?path=//sys/class/thermal/cooling_device3/device/physical_node/node0/memory28/node0/cpu5/firmware_node/subsystem/devices/PNP0A03:00/physical_node/pci_bus/0000:00/device/0000:00:04.0/subsystem/devices/0000:00:1f.0/driver/0000:00:1f.0/nvme/nvme2/nvme2n1/holders/md0/md/rd0/block/holders HTTP/1.1" 200 3213 "-" "Amazon CloudFront"
64.252.66.61 - - [04/Sep/2026:09:36:30 +0000] "GET /?fileloc=//s3/f75bf04088964924b004465536090d8a/wordpress/wp-content/uploads/2021/07/%E5%B7%AE%E6%9B%BF_%E6%B5%B7%E5%8C%97%E6%95%99%E6%8E%88-2-150x150.jpg&path=//s3/f75bf04088964924b004465536090d8a/wordpress/wp-content/uploads/2021/07 HTTP/1.1" 200 2671 "-" "Amazon CloudFront"
64.252.67.164 - - [04/Sep/2026:09:36:31 +0000] "GET /products/detail/208628339?path=//sys/bus/node/devices/node0/cpu1/driver/cpu7/driver/cpu2/node0/cpu4/firmware_node/thermal_cooling/device/physical_node/firmware_node/subsystem/devices/PNP0A03:00/device:20/physical_node/nvme/nvme1/nvme1n1/subsystem/md0/md/rd0/block/holders/md0/md/dev-nvme1n1/block/mq/1 HTTP/1.1" 200 3414 "-" "Amazon CloudFront"
64.252.68.74 - - [04/Sep/2026:09:36:36 +0000] "GET /?path=//sys/class/thermal/cooling_device3/device/physical_node/node0/memory0/node0/cpu0/firmware_node/subsystem/devices/device:02/QEMU0001:00/subsystem/devices/LNXSYBUS:00/PNP0A03:00/physical_node/0000:00:1f.0/driver/module/drivers/pci:nvme/0000:00:1e.0/nvme/nvme1/device/driver/0000:00:1f.0/nvme/nvme2/nvme2n1/holders/md0/md/rd0/block/holders/md0/md/dev-nvme2n1/block/bdi HTTP/1.1" 200 3746 "-" "Amazon CloudFront"
64.252.67.164 - - [04/Sep/2026:09:36:39 +0000] "GET /?path=//sys/class/thermal/cooling_device3/device/physical_node/node0/cpu1/driver/cpu0/node0/cpu2/firmware_node/subsystem/devices/LNXSYSTM:00/LNXSYBUS:00/PNP0C0F:04/subsystem/devices/PNP0A03:00/physical_node/pci_bus/0000:00/device/0000:00:04.0/driver/module/drivers/pci:nvme/module/drivers/pci:nvme/0000:00:1e.0/nvme/nvme1/nvme1n1/holders/md0/slaves/nvme2n1/holders/md0/md/dev-nvme2n1/block/mq/1/cpu1 HTTP/1.1" 200 3124 "-" "Amazon CloudFront"
64.252.66.61 - - [04/Sep/2026:09:36:43 +0000] "GET /products/detail/130833016 HTTP/1.1" 200 4265 "-" "Amazon CloudFront"
64.252.66.102 - - [04/Sep/2026:09:36:44 +0000] "GET /products/detail/208628339?path=//sys/bus/node/devices/node0/cpu1/driver/cpu7/driver/cpu2/node0/cpu4/firmware_node/subsystem/devices/device:07/physical_node/firmware_node/physical_node/net/eth0/device/subsystem/drivers/nvme/0000:00:1f.0/nvme/nvme2/nvme2n1/device/nvme2n1/holders/md0/md/dev-nvme1n1/block/mq/3 HTTP/1.1" 200 3418 "-" "Amazon CloudFront"
64.252.67.164 - - [04/Sep/2026:09:36:47 +0000] "GET /?path=//sys/class/thermal/cooling_device3/device/physical_node/node0/memory28/node0/cpu5/firmware_node/subsystem/devices/PNP0A03:00/physical_node/pci_bus/0000:00/device/0000:00:1f.0/driver/0000:00:1f.0/subsystem/slots/14/module/parameters HTTP/1.1" 200 3149 "-" "Amazon CloudFront"
64.252.68.74 - - [04/Sep/2026:09:36:50 +0000] "GET /?fileloc=//sys/class/net/eth0/device/device&path=//sys/class/net/eth0/device HTTP/1.1" 200 2579 "-" "Amazon CloudFront"
64.252.68.74 - - [04/Sep/2026:09:36:53 +0000] "GET /products/detail/208628339?path=//sys/bus/node/devices/node0/cpu1/driver/cpu7/driver/cpu2/node0/cpu4/firmware_node/subsystem/devices/device:06/physical_node/nvme/nvme0/nvme0n1/subsystem/md0/md/dev-nvme1n1/block/holders/md0/md/dev-nvme1n1/block/device/device/nvme/nvme1/nvme1n1/trace HTTP/1.1" 200 3391 "-" "Amazon CloudFront"
64.252.67.164 - - [04/Sep/2026:09:36:53 +0000] "GET /?fileloc=//s3/f75bf04088964924b004465536090d8a/wordpress/wp-content/uploads/2021/07/%E7%A7%80%E7%97%85%E9%99%A2%E9%95%B7-150x150.jpg&path=//s3/f75bf04088964924b004465536090d8a/wordpress/wp-content/uploads/2021/07 HTTP/1.1" 200 2659 "-" "Amazon CloudFront"
64.252.68.74 - - [04/Sep/2026:09:36:56 +0000] "GET /products/detail/208628339?path=//sys/bus/node/devices/node0/cpu1/driver/cpu7/driver/cpu2/node0/cpu4/firmware_node/thermal_cooling/device/physical_node/firmware_node/subsystem/devices/device:21/physical_node/nvme/nvme2/subsystem/nvme2/nvme2n1/holders/md0/md/rd1/block/holders/md0/md/bitmap HTTP/1.1" 200 3529 "-" "Amazon CloudFront"
64.252.66.102 - - [04/Sep/2026:09:37:00 +0000] "GET /products/detail/208628339?path=//sys/bus/node/devices/node0/cpu1/driver/cpu7/driver/cpu2/node0/cpu4/firmware_node/subsystem/devices/PNP0A03:00/physical_node/0000:00:04.0/subsystem/drivers/nvme/0000:00:1e.0/nvme/nvme1/nvme1n1/holders/md0/md/dev-nvme2n1/block/holders/md0/md/rd1/block/device HTTP/1.1" 200 3897 "-" "Amazon CloudFront"
64.252.66.61 - - [04/Sep/2026:09:37:04 +0000] "GET /products/detail/208628339?path=//sys/bus/node/devices/node0/cpu1/driver/cpu7/driver/cpu2/node0/cpu4/firmware_node/subsystem/devices/PNP0A03:00/physical_node/0000:00:04.0/nvme/nvme0/device/nvme/nvme0/nvme0n1/nvme0n1p128/subsystem/md0/slaves/nvme1n1/holders/md0/md/dev-nvme2n1/block/mq/5 HTTP/1.1" 200 3395 "-" "Amazon CloudFront"
64.252.68.74 - - [04/Sep/2026:09:37:08 +0000] "GET /products/detail/208628339?path=//sys/bus/node/devices/node0/cpu1/driver/cpu7/driver/cpu2/node0/cpu4/firmware_node/subsystem/devices/PNP0A03:00/physical_node/0000:00:01.3/subsystem/drivers/nvme/0000:00:1e.0/firmware_node/physical_node/nvme/nvme1/nvme1n1/device/nvme1n1/holders/md0/md/dev-nvme2n1/block/holders/md0/integrity HTTP/1.1" 200 3534 "-" "Amazon CloudFront"
64.252.68.74 - - [04/Sep/2026:09:37:12 +0000] "GET /?path=//sys/class/thermal/cooling_device3/device/physical_node/node0/memory28/node0/cpu5/firmware_node/subsystem/devices/PNP0A03:00/physical_node/pci_bus/0000:00/device/0000:00:1f.0/driver/0000:00:1f.0/nvme/nvme2/nvme2n1/subsystem/nvme0n1/integrity HTTP/1.1" 200 3445 "-" "Amazon CloudFront"
64.252.66.61 - - [04/Sep/2026:09:37:16 +0000] "GET /products/detail/208628339?path=//sys/bus/node/devices/node0/cpu1/driver/cpu7/driver/cpu2/node0/cpu4/firmware_node/subsystem/devices/PNP0A03:00/physical_node/0000:00:01.3/subsystem/drivers/nvme/0000:00:1e.0/firmware_node/physical_node/nvme/nvme1/nvme1n1/device/nvme1n1/holders/md0/md/dev-nvme2n1/block/holders/md0/trace HTTP/1.1" 200 3443 "-" "Amazon CloudFront"
64.252.67.164 - - [04/Sep/2026:09:37:16 +0000] "GET /products/detail/212392682 HTTP/1.1" 200 4265 "-" "Amazon CloudFront"
64.252.67.164 - - [04/Sep/2026:09:37:20 +0000] "GET /products/detail/208628339?path=//sys/bus/node/devices/node0/cpu1/driver/cpu7/driver/cpu2/node0/cpu4/firmware_node/subsystem/devices/PNP0A03:00/device:21/physical_node/nvme/nvme2/device/nvme/nvme2/nvme2n1/subsystem/nvme1n1/holders/md0/md/dev-nvme1n1/block/device/nvme1n1/mq/7/cpu7 HTTP/1.1" 200 2927 "-" "Amazon CloudFront"
64.252.66.102 - - [04/Sep/2026:09:37:24 +0000] "GET /products/detail/208628339?path=//sys/bus/node/devices/node0/cpu1/driver/cpu7/driver/cpu2/node0/cpu4/firmware_node/subsystem/devices/PNP0A03:00/device:21/physical_node/nvme/nvme2/nvme2n1/device/device/nvme/nvme2/nvme2n1/subsystem/md0/md/rd0/block/holders/md0/md/rd0/block/mq HTTP/1.1" 200 3430 "-" "Amazon CloudFront"
64.252.66.61 - - [04/Sep/2026:09:37:28 +0000] "GET /products/detail/208628339?path=//sys/bus/node/devices/node0/cpu1/driver/cpu7/driver/cpu2/node0/cpu4/firmware_node/subsystem/devices/PNP0A03:00/physical_node/0000:00:1f.0/subsystem/drivers/nvme/0000:00:1f.0/nvme/nvme2/nvme2n1/holders/md0/slaves/nvme1n1/holders/md0/md/rd1/block/mq/6/cpu6 HTTP/1.1" 200 2950 "-" "Amazon CloudFront"
64.252.68.74 - - [04/Sep/2026:09:37:32 +0000] "GET /products/detail/272703723?path=//sys/devices/pci0000:00/firmware_node/physical_node/pci_bus/0000:00/device/firmware_node/physical_node/0000:00:00.0/subsystem/drivers/nvme/0000:00:1e.0/subsystem/devices/0000:00:1e.0/driver/0000:00:1f.0/driver/module/drivers/pci:nvme/0000:00:1f.0/nvme/nvme2/nvme2n1/holders/md0/md/dev-nvme2n1/block/device/nvme2n1/holders/md0/md/rd1/block/mq/0 HTTP/1.1" 200 3478 "-" "Amazon CloudFront"
64.252.66.61 - - [04/Sep/2026:09:37:36 +0000] "GET /?path=//sys/class/thermal/cooling_device3/device/physical_node/node0/cpu6/driver/cpu0/node0/cpu5/firmware_node/subsystem/devices/device:12/subsystem/devices/LNXSYSTM:00/LNXSYBUS:00/PNP0A03:00/physical_node/pci_bus/0000:00/device/0000:00:04.0/driver/0000:00:1e.0/nvme/nvme1/nvme1n1/holders/md0/md/dev-nvme1n1/block/holders/md0/slaves/nvme2n1/mq/0 HTTP/1.1" 200 3532 "-" "Amazon CloudFront"
64.252.66.61 - - [04/Sep/2026:09:37:39 +0000] "GET /products/detail/208628339?path=//sys/bus/node/devices/node0/cpu1/driver/cpu7/driver/cpu2/node0/cpu4/firmware_node/thermal_cooling/device/physical_node/firmware_node/subsystem/devices/device:21/physical_node/nvme/nvme2/subsystem/nvme2/nvme2n1/holders/md0/md/rd1/block/holders/md0/md/dev-nvme2n1 HTTP/1.1" 200 3724 "-" "Amazon CloudFront"
64.252.67.52 - - [04/Sep/2026:09:37:43 +0000] "GET /?path=//sys/bus/memory/devices/memory1/node0/memory7/node0/cpu1/subsystem/drivers/processor/cpu5/firmware_node/subsystem/devices/PNP0A03:00/physical_node/firmware_node/device:20/physical_node/driver/0000:00:1f.0/nvme/nvme2/device/driver/0000:00:1e.0/nvme/nvme1/nvme1n1/holders/md0/md/dev-nvme1n1/block/holders/md0/md/dev-nvme2n1/block/mq/3/cpu3 HTTP/1.1" 200 3033 "-" "Amazon CloudFront"
64.252.66.61 - - [04/Sep/2026:09:37:47 +0000] "GET /products/detail/208628339?path=//sys/bus/node/devices/node0/cpu1/driver/cpu7/driver/cpu2/node0/cpu4/firmware_node/thermal_cooling/device/physical_node/firmware_node/thermal_cooling/device/subsystem/devices/LNXSYSTM:00/LNXSYBUS:00/PNP0A03:00/physical_node/0000:00:01.3/subsystem/drivers/nvme/0000:00:04.0/nvme/nvme0/nvme0n1/mq/1/cpu2 HTTP/1.1" 200 2978 "-" "Amazon CloudFront"
64.252.66.61 - - [04/Sep/2026:09:37:50 +0000] "GET /products/detail/184405511 HTTP/1.1" 200 4265 "-" "Amazon CloudFront"
64.252.66.102 - - [04/Sep/2026:09:37:51 +0000] "GET /?fileloc=//s3/f75bf04088964924b004465536090d8a/wordpress/wp-content/uploads/2021/10/%E5%80%89%E6%95%B7%E4%B8%AD%E5%A4%AE%E7%97%85%E9%99%A2%E5%A4%96%E8%A6%B3-150x150.jpg&path=//s3/f75bf04088964924b004465536090d8a/wordpress/wp-content/uploads/2021/10 HTTP/1.1" 200 2680 "-" "Amazon CloudFront"
64.252.67.164 - - [04/Sep/2026:09:37:52 +0000] "GET /products/detail/208628339?path=//sys/bus/node/devices/node0/cpu1/driver/cpu7/driver/cpu2/node0/cpu4/firmware_node/subsystem/devices/device:07/physical_node/firmware_node/physical_node/net/eth0/device/subsystem/drivers/nvme/0000:00:1f.0/nvme/nvme2/nvme2n1/device/nvme2n1/holders/md0/md/rd1/block/mq/6 HTTP/1.1" 200 3417 "-" "Amazon CloudFront"
64.252.66.61 - - [04/Sep/2026:09:37:56 +0000] "GET /?path=//sys/bus/memory/devices/memory1/node0/memory30/node0/cpu6/firmware_node/subsystem/devices/device:21/physical_node/driver/module/drivers/pci:nvme/0000:00:1e.0/nvme/nvme1/nvme1n1/subsystem/nvme1n1/holders/md0/md/rd0/block/holders/md0/md/dev-nvme1n1/block/device/device/driver/module/drivers/pci:nvme/0000:00:1f.0/firmware_node/physical_node/msi_irqs HTTP/1.1" 200 3603 "-" "Amazon CloudFront"
64.252.66.102 - - [04/Sep/2026:09:37:59 +0000] "GET /?path=//sys/class/thermal/cooling_device3/device/physical_node/node0/memory28/node0/cpu5/firmware_node/subsystem/devices/LNXSYSTM:00/LNXSYBUS:00/PNP0A03:00/device:12/subsystem/devices/LNXSYBUS:00/PNP0A03:00/device:21/physical_node/nvme/nvme2/device/driver/0000:00:1f.0/nvme/nvme2/nvme2n1/holders/md0/md/rd0/block/holders/md0/md/dev-nvme1n1/block/integrity HTTP/1.1" 200 3623 "-" "Amazon CloudFront"
64.252.66.102 - - [04/Sep/2026:09:38:04 +0000] "GET /products/detail/208628339?path=//sys/bus/node/devices/node0/cpu1/driver/cpu7/driver/cpu2/node0/cpu4/firmware_node/subsystem/devices/PNP0A03:00/device:21/physical_node/nvme/nvme2/device/nvme/nvme2/nvme2n1/subsystem/nvme1n1/holders/md0/md/dev-nvme1n1/block/device/nvme1n1/mq/2/cpu2 HTTP/1.1" 200 2927 "-" "Amazon CloudFront"
64.252.67.164 - - [04/Sep/2026:09:38:07 +0000] "GET /products/detail/208628339?path=//sys/bus/node/devices/node0/cpu1/driver/cpu7/driver/cpu2/node0/cpu4/firmware_node/subsystem/devices/PNP0A03:00/physical_node/0000:00:01.3/subsystem/drivers/nvme/0000:00:1e.0/firmware_node/physical_node/nvme/nvme1/nvme1n1/device/nvme1n1/holders/md0/md/dev-nvme2n1/block/holders/md0/queue HTTP/1.1" 200 4715 "-" "Amazon CloudFront"
64.252.67.164 - - [04/Sep/2026:09:38:08 +0000] "GET /?fileloc=//s3/f75bf04088964924b004465536090d8a/wordpress/wp-content/uploads/2021/10/%E5%AF%8C%E5%B1%B1%E7%97%85%E9%99%A2%E5%A4%96%E8%A6%B3-300x169.jpg&path=//s3/f75bf04088964924b004465536090d8a/wordpress/wp-content/uploads/2021/10 HTTP/1.1" 200 2668 "-" "Amazon CloudFront"
64.252.66.102 - - [04/Sep/2026:09:38:12 +0000] "GET /products/detail/208628339?path=//sys/bus/node/devices/node0/cpu1/driver/cpu7/driver/cpu2/node0/cpu4/firmware_node/subsystem/devices/device:07/physical_node/firmware_node/physical_node/net/eth0/device/subsystem/drivers/nvme/0000:00:1f.0/nvme/nvme2/nvme2n1/device/nvme2n1/holders/md0/md/rd1/block/mq/4 HTTP/1.1" 200 3415 "-" "Amazon CloudFront"
64.252.66.61 - - [04/Sep/2026:09:38:15 +0000] "GET /?path=//sys/class/thermal/cooling_device3/device/physical_node/node0/memory28/node0/cpu5/firmware_node/subsystem/devices/PNP0A03:00/physical_node/pci_bus/0000:00/device/0000:00:1f.0/driver/module/drivers/pci:nvme/0000:00:1f.0/subsystem/devices/0000:00:04.0/driver/0000:00:1e.0 HTTP/1.1" 200 4836 "-" "Amazon CloudFront"
64.252.66.61 - - [04/Sep/2026:09:38:19 +0000] "GET /products/detail/272703723?path=//sys/devices/pci0000:00/firmware_node/physical_node/pci_bus/0000:00/device/firmware_node/physical_node/0000:00:00.0/subsystem/drivers/nvme/0000:00:1e.0/subsystem/devices/0000:00:1e.0/driver/0000:00:1f.0/driver/module/drivers/pci:nvme/0000:00:1f.0/nvme/nvme2/nvme2n1/holders/md0/md/dev-nvme2n1/block/device/nvme2n1/holders/md0/md/rd1/block/mq/3 HTTP/1.1" 200 3479 "-" "Amazon CloudFront"
64.252.66.102 - - [04/Sep/2026:09:38:24 +0000] "GET /?fileloc=//s3/f75bf04088964924b004465536090d8a/wordpress/wp-content/uploads/2021/10/%E7%AC%AC72%E5%9B%9E%E6%97%A5%E6%9C%AC%E7%9A%AE%E8%86%9A%E7%A7%91%E5%AD%A6%E4%BC%9A%E4%B8%AD%E9%83%A8%E6%94%AF%E9%83%A8%E5%AD%A6%E8%A1%93%E5%A4%A7%E4%BC%9A%E3%83%9B%E3%82%9A%E3%82%B9%E3%82%BF%E3%83%BC-212x300.jpg&path=//s3/f75bf04088964924b004465536090d8a/wordpress/wp-content/uploads/2021/10 HTTP/1.1" 200 2728 "-" "Amazon CloudFront"
64.252.66.61 - - [04/Sep/2026:09:38:24 +0000] "GET /?path=//sys/class/thermal/cooling_device3/device/physical_node/node0/memory28/node0/cpu5/firmware_node/subsystem/devices/PNP0A03:00/physical_node/pci_bus/0000:00/device/0000:00:05.0/subsystem/drivers/nvme/0000:00:04.0/driver/0000:00:1e.0/driver/0000:00:1e.0/nvme/nvme1/nvme1n1/holders HTTP/1.1" 200 3196 "-" "Amazon CloudFront"
64.252.67.164 - - [04/Sep/2026:09:38:28 +0000] "GET /products/detail/208628339?path=//sys/bus/node/devices/node0/cpu1/driver/cpu7/driver/cpu2/node0/cpu4/firmware_node/subsystem/devices/PNP0A03:00/device:06/physical_node/nvme/nvme0/nvme0n1/device/subsystem/nvme2/nvme2n1/holders/md0/md/dev-nvme2n1/block/holders/md0/slaves/nvme1n1/mq/4 HTTP/1.1" 200 3391 "-" "Amazon CloudFront"
64.252.66.102 - - [04/Sep/2026:09:38:32 +0000] "GET /?path=//sys/class/thermal/cooling_device3/device/physical_node/node0/memory0/node0/cpu5/driver/cpu7/driver/cpu3/firmware_node/thermal_cooling/device/subsystem/devices/PNP0A03:00/device:06/subsystem/devices/LNXSYSTM:00/LNXSYBUS:00/PNP0A03:00/device:20/physical_node/nvme/nvme1/nvme1n1/holders/md0/md/dev-nvme1n1/block/mq/7/cpu7 HTTP/1.1" 200 3021 "-" "Amazon CloudFront"
64.252.66.102 - - [04/Sep/2026:09:38:35 +0000] "GET /products/detail/208628339?path=//sys/bus/node/devices/node0/cpu1/driver/cpu7/driver/cpu2/node0/cpu4/firmware_node/subsystem/devices/PNP0A03:00/physical_node/0000:00:04.0/firmware_node/physical_node/nvme/nvme0/device/nvme/nvme0/nvme0n1/subsystem/md0/md/rd0/block/holders/md0/md/dev-nvme2n1/block/mq/0/cpu0 HTTP/1.1" 200 2968 "-" "Amazon CloudFront"
64.252.67.164 - - [04/Sep/2026:09:38:40 +0000] "GET /products/detail/208628339?path=//sys/bus/node/devices/node0/cpu1/driver/cpu7/driver/cpu2/node0/cpu4/firmware_node/subsystem/devices/PNP0A03:00/physical_node/firmware_node/physical_node/0000:00:1e.0/nvme/nvme1/device/nvme/nvme1/subsystem/nvme2/nvme2n1/holders/md0/slaves/nvme1n1/holders/md0/md/dev-nvme2n1/block/queue HTTP/1.1" 200 4771 "-" "Amazon CloudFront"
64.252.66.102 - - [04/Sep/2026:09:38:41 +0000] "GET /?fileloc=//s3/f75bf04088964924b004465536090d8a/wordpress/wp-content/uploads/2021/10/%E6%B5%85%E7%94%B0%E6%95%99%E6%8E%88.jpg&path=//s3/f75bf04088964924b004465536090d8a/wordpress/wp-content/uploads/2021/10 HTTP/1.1" 200 2653 "-" "Amazon CloudFront"
64.252.68.74 - - [04/Sep/2026:09:38:42 +0000] "GET /?path=//var/cache/yum/x86_64/2/amzn2extra-python3-debuginfo/packages HTTP/1.1" 200 2662 "-" "Amazon CloudFront"
64.252.67.164 - - [04/Sep/2026:09:38:43 +0000] "GET /products/detail/208628339?path=//sys/bus/node/devices/node0/cpu1/driver/cpu7/driver/cpu2/node0/cpu4/firmware_node/subsystem/devices/LNXSYSTM:00/LNXSYBUS:00/PNP0A03:00/device:05/physical_node/subsystem/drivers/nvme/module/drivers/pci:nvme/0000:00:1f.0/firmware_node/physical_node/nvme/nvme2/nvme2n1/device/nvme2n1/holders/md0/md/dev-nvme2n1/block HTTP/1.1" 200 4421 "-" "Amazon CloudFront"
64.252.66.102 - - [04/Sep/2026:09:38:44 +0000] "GET /products/detail/247931773 HTTP/1.1" 200 4182 "-" "Amazon CloudFront"
64.252.67.164 - - [04/Sep/2026:09:38:47 +0000] "GET /products/detail/208628339?path=//sys/bus/node/devices/node0/cpu1/driver/cpu7/driver/cpu2/node0/cpu4/firmware_node/subsystem/devices/PNP0A03:00/physical_node/0000:00:05.0/subsystem/drivers/nvme/0000:00:1e.0/firmware_node/physical_node/nvme/nvme1/nvme1n1/device/nvme1n1/holders/md0/md/dev-nvme1n1/block/holders/md0/md/rd0 HTTP/1.1" 200 3773 "-" "Amazon CloudFront"
64.252.68.74 - - [04/Sep/2026:09:38:51 +0000] "GET /products/detail/208628339?path=//sys/bus/node/devices/node0/cpu1/driver/cpu7/driver/cpu2/node0/cpu4/firmware_node/subsystem/devices/PNP0A03:00/physical_node/0000:00:04.0/nvme/nvme0/device/nvme/nvme0/subsystem/nvme2/nvme2n1/device/nvme2n1/holders/md0/md/dev-nvme2n1/block/mq/5/cpu5 HTTP/1.1" 200 2931 "-" "Amazon CloudFront"
64.252.67.164 - - [04/Sep/2026:09:38:56 +0000] "GET /products/detail/208628339?path=//sys/bus/node/devices/node0/cpu1/driver/cpu7/driver/cpu2/node0/cpu4/firmware_node/subsystem/devices/PNP0A03:00/device:21/physical_node/nvme/nvme2/device/nvme/nvme2/nvme2n1/holders/md0/subsystem/nvme1n1/device/nvme1n1/holders/md0/md/dev-nvme1n1/block/mq/1 HTTP/1.1" 200 3386 "-" "Amazon CloudFront"
64.252.66.102 - - [04/Sep/2026:09:38:57 +0000] "GET /products/detail/187882430 HTTP/1.1" 200 4265 "-" "Amazon CloudFront"
64.252.66.61 - - [04/Sep/2026:09:38:58 +0000] "GET /?fileloc=//s3/f75bf04088964924b004465536090d8a/wordpress/wp-content/uploads/2021/10/%E5%B7%AE%E6%9B%BF_%E7%94%B0%E4%B8%AD%E6%95%99%E6%8E%88-150x150.jpg&path=//s3/f75bf04088964924b004465536090d8a/wordpress/wp-content/uploads/2021/10 HTTP/1.1" 200 2670 "-" "Amazon CloudFront"
64.252.66.61 - - [04/Sep/2026:09:39:00 +0000] "GET /products/detail/208628339?path=//sys/bus/node/devices/node0/cpu1/driver/cpu7/driver/cpu2/node0/cpu4/firmware_node/subsystem/devices/PNP0A03:00/device:21/physical_node/nvme/nvme2/device/nvme/nvme2/nvme2n1/holders/md0/slaves/nvme2n1/subsystem/md0/slaves/nvme1n1/mq/2 HTTP/1.1" 200 3342 "-" "Amazon CloudFront"
64.252.68.74 - - [04/Sep/2026:09:39:05 +0000] "GET /?path=//sys/class/thermal/cooling_device3/device/physical_node/node0/memory28/node0/cpu5/firmware_node/subsystem/devices/PNP0A03:00/physical_node/pci_bus/0000:00/device/0000:00:1e.0/driver/module/drivers/pci:nvme/0000:00:04.0/driver/0000:00:1f.0/subsystem/drivers/nvme/0000:00:1e.0/nvme/nvme1/power HTTP/1.1" 200 3452 "-" "Amazon CloudFront"
64.252.66.61 - - [04/Sep/2026:09:39:08 +0000] "GET /products/detail/208628339?path=//sys/bus/node/devices/node0/cpu1/driver/cpu7/driver/cpu2/node0/cpu4/firmware_node/thermal_cooling/device/physical_node/firmware_node/thermal_cooling/device/subsystem/devices/LNXSYSTM:00/LNXSYBUS:00/PNP0A03:00/device:21/physical_node/nvme/nvme2/nvme2n1/holders/md0/md/rd0/block/holders/md0/slaves/nvme2n1/subsystem/nvme0n1p1 HTTP/1.1" 200 3983 "-" "Amazon CloudFront"
64.252.67.164 - - [04/Sep/2026:09:39:12 +0000] "GET /?path=//sys/class/thermal/cooling_device3/device/physical_node/node0/memory28/node0/cpu5/firmware_node/subsystem/devices/PNP0A03:00/physical_node/pci_bus/0000:00/device/0000:00:05.0/subsystem/devices/0000:00:1f.0/driver/0000:00:04.0/driver/0000:00:04.0/nvme/nvme0/nvme0n1/nvme0n1p128/holders HTTP/1.1" 200 2927 "-" "Amazon CloudFront"
64.252.66.102 - - [04/Sep/2026:09:39:14 +0000] "GET /?fileloc=//s3/f75bf04088964924b004465536090d8a/wordpress/wp-content/uploads/2021/10/%E4%B9%9D%E5%B7%9E%E5%A4%A7%E5%AD%A6%E3%82%B5%E3%83%95%E3%82%9901-1024x723.jpg&path=//s3/f75bf04088964924b004465536090d8a/wordpress/wp-content/uploads/2021/10 HTTP/1.1" 200 2675 "-" "Amazon CloudFront"
64.252.67.164 - - [04/Sep/2026:09:39:15 +0000] "GET /products/detail/208628339?path=//sys/bus/node/devices/node0/cpu1/driver/cpu7/driver/cpu2/node0/cpu4/firmware_node/subsystem/devices/PNP0A03:00/physical_node/0000:00:1f.0/nvme/nvme2/subsystem/nvme2/nvme2n1/holders/md0/md/rd1/block/holders/md0/md/rd0/block/mq/7 HTTP/1.1" 200 3357 "-" "Amazon CloudFront"
64.252.66.102 - - [04/Sep/2026:09:39:20 +0000] "GET /products/detail/208628339?path=//sys/bus/node/devices/node0/cpu1/driver/cpu7/driver/cpu2/node0/cpu4/firmware_node/subsystem/devices/PNP0A03:00/physical_node/0000:00:04.0/firmware_node/physical_node/nvme/nvme0/device/nvme/nvme0/nvme0n1/subsystem/md0/md/rd1/block/holders/md0/md/rd1/block/mq/7/cpu7 HTTP/1.1" 200 2962 "-" "Amazon CloudFront"
64.252.66.61 - - [04/Sep/2026:09:39:24 +0000] "GET /products/detail/208628339?path=//sys/bus/node/devices/node0/cpu1/driver/cpu7/driver/cpu2/node0/cpu4/firmware_node/subsystem/devices/PNP0A03:00/physical_node/0000:00:04.0/firmware_node/physical_node/nvme/nvme0/device/nvme/nvme0/nvme0n1/subsystem/md0/md/rd1/block/holders/md0/md/rd1/block/device/nvme2n1/power HTTP/1.1" 200 3459 "-" "Amazon CloudFront"
64.252.66.102 - - [04/Sep/2026:09:39:29 +0000] "GET /products/detail/208628339?path=//sys/bus/node/devices/node0/cpu1/driver/cpu7/driver/cpu2/node0/cpu4/firmware_node/subsystem/devices/PNP0A03:00/device:06/physical_node/firmware_node/physical_node/nvme/nvme0/nvme0n1/subsystem/nvme2n1/device/nvme2n1/holders/md0/md/rd1/block/holders/md0/md/dev-nvme2n1/block/trace HTTP/1.1" 200 3429 "-" "Amazon CloudFront"
64.252.66.61 - - [04/Sep/2026:09:39:31 +0000] "GET /products/detail/208628339?path=//sys/bus/node/devices/node0/cpu1/driver/cpu7/driver/cpu2/node0/cpu4/firmware_node/subsystem/devices/PNP0A03:00/physical_node/0000:00:04.0/firmware_node/physical_node/nvme/nvme0/device/nvme/nvme0/nvme0n1/subsystem/md0/md/rd1/block/holders/md0/md/rd1/block/device/nvme2n1/bdi HTTP/1.1" 200 3573 "-" "Amazon CloudFront"
64.252.68.74 - - [04/Sep/2026:09:39:33 +0000] "GET /?fileloc=//s3/f75bf04088964924b004465536090d8a/wordpress/wp-content/uploads/2021/10/%E6%BB%9D%E6%B2%A2%E6%95%99%E6%8E%88-1536x1536.jpg&path=//s3/f75bf04088964924b004465536090d8a/wordpress/wp-content/uploads/2021/10 HTTP/1.1" 200 2659 "-" "Amazon CloudFront"
64.252.66.61 - - [04/Sep/2026:09:39:35 +0000] "GET /?path=//sys/bus/acpi/devices/LNXCPU:06/physical_node/node0/memory21/node0/cpu0/subsystem/drivers/processor/cpu6/firmware_node/subsystem/devices/device:06/physical_node/driver/0000:00:04.0/driver/0000:00:1e.0/nvme/nvme1/nvme1n1/holders/md0/md/dev-nvme2n1/block/device/nvme2n1/device/nvme2n1/holders/md0/slaves/nvme1n1/mq/0 HTTP/1.1" 200 3473 "-" "Amazon CloudFront"
64.252.68.74 - - [04/Sep/2026:09:39:39 +0000] "GET /products/detail/208628339?path=//sys/bus/node/devices/node0/cpu1/driver/cpu7/driver/cpu2/node0/cpu4/firmware_node/subsystem/devices/PNP0A03:00/physical_node/0000:00:04.0/firmware_node/physical_node/nvme/nvme0/device/nvme/nvme0/nvme0n1/nvme0n1p128/subsystem/nvme2n1/holders/md0/slaves/nvme1n1/device/nvme1n1/holders/md0/slaves/nvme2n1 HTTP/1.1" 200 4260 "-" "Amazon CloudFront"
64.252.66.61 - - [04/Sep/2026:09:39:43 +0000] "GET /?path=//sys/class/thermal/cooling_device3/device/physical_node/node0/memory28/node0/cpu5/firmware_node/subsystem/devices/PNP0A03:00/physical_node/pci_bus/0000:00/device/0000:00:1e.0/driver/0000:00:04.0/nvme/nvme0/nvme0n1/nvme0n1p128/subsystem/nvme0n1/mq/1/cpu3 HTTP/1.1" 200 2910 "-" "Amazon CloudFront"
64.252.66.102 - - [04/Sep/2026:09:39:48 +0000] "GET /?path=//sys/class/thermal/cooling_device3/device/physical_node/node0/memory28/node0/cpu5/firmware_node/subsystem/devices/PNP0A03:00/physical_node/pci_bus/0000:00/device/0000:00:1f.0/driver/module/drivers/pci:nvme/0000:00:04.0/driver/0000:00:1e.0/subsystem/devices/0000:00:05.0/power HTTP/1.1" 200 3417 "-" "Amazon CloudFront"
64.252.67.164 - - [04/Sep/2026:09:39:52 +0000] "GET /products/detail/208628339?path=//sys/bus/node/devices/node0/cpu1/driver/cpu7/driver/cpu2/node0/cpu4/firmware_node/thermal_cooling/device/physical_node/firmware_node/thermal_cooling/device/subsystem/devices/LNXSYSTM:00/LNXSYBUS:00/PNP0A03:00/device:21/physical_node/nvme/nvme2/nvme2n1/holders/md0/md/dev-nvme1n1/block/subsystem/nvme0n1p128/power HTTP/1.1" 200 3529 "-" "Amazon CloudFront"
64.252.68.74 - - [04/Sep/2026:09:39:51 +0000] "GET /?fileloc=//s3/f75bf04088964924b004465536090d8a/wordpress/wp-content/uploads/2020/07/%E5%90%89%E4%BD%8F%E9%99%A2%E9%95%B7.jpg&path=//s3/f75bf04088964924b004465536090d8a/wordpress/wp-content/uploads/2020/07 HTTP/1.1" 200 2655 "-" "Amazon CloudFront"
64.252.68.74 - - [04/Sep/2026:09:39:56 +0000] "GET /?path=//sys/class/thermal/cooling_device3/device/physical_node/node0/memory29/node0/cpu4/driver/cpu2/driver/cpu1/firmware_node/subsystem/devices/device:10/subsystem/devices/LNXSYBUS:00/PNP0A03:00/device:20/physical_node/nvme/nvme1/nvme1n1/holders/md0/md/dev-nvme2n1/block/holders/md0/md/dev-nvme2n1/block/mq/7/cpu7 HTTP/1.1" 200 3006 "-" "Amazon CloudFront"
64.252.67.164 - - [04/Sep/2026:09:39:59 +0000] "GET /?path=//sys/bus/acpi/devices/LNXCPU:06/physical_node/node0/memory21/node0/cpu0/subsystem/drivers/processor/cpu6/firmware_node/subsystem/devices/device:06/physical_node/driver/0000:00:04.0/driver/0000:00:1e.0/nvme/nvme1/nvme1n1/holders/md0/md/dev-nvme2n1/block/device/nvme2n1/device/nvme2n1/holders/md0/slaves/nvme1n1/mq/5 HTTP/1.1" 200 3475 "-" "Amazon CloudFront"
64.252.66.61 - - [04/Sep/2026:09:40:03 +0000] "GET /?path=//sys/class/thermal/cooling_device3/device/physical_node/node0/memory0/node0/cpu3/subsystem/devices/cpu6/driver/cpu0/driver/cpu7/firmware_node/subsystem/devices/LNXSYSTM:00/LNXSYBUS:00/PNP0A03:00/device:20/physical_node/nvme/nvme1/device/nvme/nvme1/nvme1n1/holders/md0/slaves/nvme1n1/holders/md0/md/dev-nvme2n1/block/bdi/power HTTP/1.1" 200 3571 "-" "Amazon CloudFront"
64.252.67.164 - - [04/Sep/2026:09:40:04 +0000] "GET /?path=//sys/bus/machinecheck/devices/machinecheck5/power HTTP/1.1" 200 3110 "-" "Amazon CloudFront"
64.252.66.102 - - [04/Sep/2026:09:40:07 +0000] "GET /?fileloc=//sys/module/dns_resolver/initsize&path=//sys/module/dns_resolver HTTP/1.1" 200 2570 "-" "Amazon CloudFront"
64.252.67.164 - - [04/Sep/2026:09:40:07 +0000] "GET /products/detail/208628339?path=//sys/bus/node/devices/node0/cpu1/driver/cpu7/driver/cpu2/node0/cpu4/firmware_node/subsystem/devices/device:06/physical_node/nvme/nvme0/nvme0n1/subsystem/md0/md/dev-nvme1n1/block/holders/md0/md/dev-nvme1n1/block/device/nvme1n1/device/nvme1n1/mq/4/cpu4 HTTP/1.1" 200 2922 "-" "Amazon CloudFront"
64.252.66.102 - - [04/Sep/2026:09:40:08 +0000] "GET /?path=//sys/module/edac_core HTTP/1.1" 200 2959 "-" "Amazon CloudFront"
64.252.66.102 - - [04/Sep/2026:09:40:11 +0000] "GET /?path=//sys/class/thermal/cooling_device3/device/physical_node/node0/memory28/node0/cpu5/firmware_node/subsystem/devices/PNP0A03:00/physical_node/pci_bus/0000:00/device/0000:00:1f.0/driver/module/drivers/pci:nvme/0000:00:04.0/firmware_node/subsystem/devices/LNXSLPBN:00/input/input4/id HTTP/1.1" 200 3362 "-" "Amazon CloudFront"
64.252.66.61 - - [04/Sep/2026:09:40:15 +0000] "GET /?healthcheck_timestamp=1788514602159 HTTP/1.1" 200 62091 "-" "Amazon CloudFront"
64.252.66.61 - - [04/Sep/2026:09:40:15 +0000] "GET /products/detail/208628339?path=//sys/bus/node/devices/node0/cpu1/driver/cpu7/driver/cpu2/node0/cpu1/firmware_node/thermal_cooling/device/physical_node/firmware_node/subsystem/devices/PNP0A03:00/physical_node/0000:00:1e.0/nvme/nvme1/nvme1n1/holders/md0/slaves/nvme2n1/holders/md0/slaves/nvme2n1/bdi/subsystem/259:2/power HTTP/1.1" 200 3475 "-" "Amazon CloudFront"
64.252.66.61 - - [04/Sep/2026:09:40:19 +0000] "GET /?path=//sys/class/thermal/cooling_device3/device/physical_node/node0/memory28/node0/cpu3/driver/cpu0/firmware_node/subsystem/devices/device:05/subsystem/devices/LNXSYBUS:00/PNP0A03:00/physical_node/0000:00:04.0/driver/module/drivers/pci:nvme/module/drivers/pci:nvme/0000:00:1f.0/nvme/nvme2/device/nvme/nvme2/nvme2n1/holders/md0/slaves/nvme1n1/holders/md0/slaves/nvme2n1/mq/6 HTTP/1.1" 200 3552 "-" "Amazon CloudFront"
64.252.66.102 - - [04/Sep/2026:09:40:24 +0000] "GET /products/detail/208628339?path=//sys/bus/node/devices/node0/cpu1/driver/cpu7/driver/cpu2/node0/cpu4/firmware_node/thermal_cooling/device/physical_node/firmware_node/thermal_cooling/device/subsystem/devices/LNXSYSTM:00/LNXSYBUS:00/PNP0A03:00/device:21/physical_node/nvme/nvme2/nvme2n1/holders/md0/slaves/nvme2n1/subsystem/md0/slaves/nvme1n1/bdi HTTP/1.1" 200 3596 "-" "Amazon CloudFront"
64.252.66.61 - - [04/Sep/2026:09:40:27 +0000] "GET /?path=//sys/class/thermal/cooling_device3/device/physical_node/node0/memory28/node0/cpu5/firmware_node/subsystem/devices/PNP0A03:00/physical_node/pci_bus/0000:00/device/0000:00:1f.0/driver/module/drivers/pci:nvme/0000:00:04.0/firmware_node/subsystem/devices/LNXSLPBN:00/input/input4/event2 HTTP/1.1" 200 3429 "-" "Amazon CloudFront"
64.252.68.74 - - [04/Sep/2026:09:40:31 +0000] "GET /products/detail/208628339?path=//sys/bus/node/devices/node0/cpu1/driver/cpu7/driver/cpu2/node0/cpu4/firmware_node/thermal_cooling/device/physical_node/firmware_node/thermal_cooling/device/subsystem/devices/LNXSYSTM:00/LNXSYBUS:00/PNP0A03:00/device:21/physical_node/nvme/nvme2/nvme2n1/holders/md0/slaves/nvme2n1/subsystem/md0/slaves/nvme1n1/power HTTP/1.1" 200 3512 "-" "Amazon CloudFront"
64.252.67.164 - - [04/Sep/2026:09:40:35 +0000] "GET /products/detail/208628339?path=//sys/bus/node/devices/node0/cpu1/driver/cpu7/driver/cpu2/node0/cpu4/firmware_node/subsystem/devices/PNP0A03:00/physical_node/0000:00:04.0/subsystem/drivers/nvme/module/drivers/pci:nvme/0000:00:1e.0/nvme/nvme1/nvme1n1/holders/md0/md/rd0/block/mq/3 HTTP/1.1" 200 3382 "-" "Amazon CloudFront"
64.252.68.74 - - [04/Sep/2026:09:40:37 +0000] "GET /products/detail/132691389 HTTP/1.1" 200 4265 "-" "Amazon CloudFront"
64.252.66.61 - - [04/Sep/2026:09:40:41 +0000] "GET /?path=//sys/class/thermal/cooling_device3/device/physical_node/node0/memory28/node0/cpu5/firmware_node/subsystem/devices/PNP0A03:00/physical_node/pci_bus/0000:00/device/0000:00:1f.0/driver/0000:00:04.0/driver/0000:00:04.0/firmware_node/subsystem/devices/PNP0A03:00/device:1b/power HTTP/1.1" 200 3394 "-" "Amazon CloudFront"
64.252.68.74 - - [04/Sep/2026:09:40:43 +0000] "GET /?path=//sys/class/thermal/cooling_device3/device/physical_node/node0/memory28/node0/cpu5/firmware_node/subsystem/devices/PNP0A03:00/physical_node/pci_bus/0000:00/device/0000:00:1e.0/driver/module/drivers/pci:nvme/0000:00:1f.0/driver/0000:00:1f.0/firmware_node/subsystem/devices/LNXSYSTM:00/LNXPWRBN:00/input HTTP/1.1" 200 3227 "-" "Amazon CloudFront"
64.252.67.164 - - [04/Sep/2026:09:40:47 +0000] "GET /products/detail/208628339?path=//sys/bus/node/devices/node0/cpu1/driver/cpu7/driver/cpu2/node0/cpu4/firmware_node/thermal_cooling/device/physical_node/firmware_node/thermal_cooling/device/subsystem/devices/device:20/physical_node/nvme/nvme1/subsystem/nvme1/nvme1n1/holders/md0/slaves/nvme1n1/holders/md0/md/dev-nvme1n1/block/queue HTTP/1.1" 200 4765 "-" "Amazon CloudFront"
64.252.66.61 - - [04/Sep/2026:09:40:51 +0000] "GET /?path=//sys/class/thermal/cooling_device3/device/physical_node/node0/memory28/node0/cpu5/firmware_node/subsystem/devices/PNP0A03:00/physical_node/pci_bus/0000:00/device/0000:00:1f.0/driver/module/drivers/pci:nvme/0000:00:04.0/nvme/nvme0/nvme0n1/nvme0n1p1/subsystem/md0/slaves HTTP/1.1" 200 3251 "-" "Amazon CloudFront"
64.252.66.102 - - [04/Sep/2026:09:40:56 +0000] "GET /products/detail/208628339?path=//sys/bus/node/devices/node0/cpu1/driver/cpu7/driver/cpu2/node0/cpu4/firmware_node/thermal_cooling/device/physical_node/firmware_node/subsystem/devices/device:20/physical_node/nvme/nvme1/nvme1n1/holders/md0/md/dev-nvme1n1/block/device/subsystem/nvme2/nvme2n1/mq/3/cpu3 HTTP/1.1" 200 2940 "-" "Amazon CloudFront"
64.252.67.164 - - [04/Sep/2026:09:40:56 +0000] "GET /?fileloc=//sys/class/vc/vcs/dev&path=//sys/class/vc/vcs HTTP/1.1" 200 2566 "-" "Amazon CloudFront"
64.252.66.102 - - [04/Sep/2026:09:40:59 +0000] "GET /?fileloc=//sys/module/iptable_filter/initstate&path=//sys/module/iptable_filter HTTP/1.1" 200 2574 "-" "Amazon CloudFront"
64.252.68.74 - - [04/Sep/2026:09:40:59 +0000] "GET /?path=//sys/class/net/eth0/device/net HTTP/1.1" 200 2877 "-" "Amazon CloudFront"
64.252.68.74 - - [04/Sep/2026:09:41:00 +0000] "GET /?path=//sys/class/thermal/cooling_device3/device/physical_node/node0/memory28/node0/cpu5/firmware_node/subsystem/devices/PNP0A03:00/physical_node/pci_bus/0000:00/device/0000:00:1f.0/driver/0000:00:04.0/driver/module/drivers/pci:nvme/0000:00:04.0/subsystem/drivers/nvme/0000:00:1f.0/nvme HTTP/1.1" 200 3185 "-" "Amazon CloudFront"
64.252.66.61 - - [04/Sep/2026:09:41:04 +0000] "GET /products/detail/208628339?path=//sys/bus/node/devices/node0/cpu1/driver/cpu7/driver/cpu2/node0/cpu4/firmware_node/subsystem/devices/PNP0A03:00/physical_node/0000:00:04.0/nvme/nvme0/device/nvme/nvme0/nvme0n1/nvme0n1p1/subsystem/nvme2n1/holders/md0/slaves/nvme2n1/holders/md0/slaves/nvme1n1/power HTTP/1.1" 200 3435 "-" "Amazon CloudFront"
64.252.66.102 - - [04/Sep/2026:09:41:07 +0000] "GET /?path=//sys/class/thermal/cooling_device3/device/physical_node/node0/cpu1/driver/cpu0/node0/cpu2/firmware_node/subsystem/devices/LNXSYSTM:00/LNXSYBUS:00/PNP0C0F:02/subsystem/devices/LNXSYSTM:00/LNXSYBUS:00/PNP0A03:00/device:06/physical_node/driver/0000:00:1e.0/nvme/nvme1/nvme1n1/device/nvme1n1/holders/md0/md/dev-nvme1n1/block/holders/md0/md/rd0/block/queue HTTP/1.1" 200 4951 "-" "Amazon CloudFront"
64.252.67.164 - - [04/Sep/2026:09:41:12 +0000] "GET /?path=//sys/bus/memory/devices/memory1/node0/memory7/node0/cpu1/subsystem/drivers/processor/cpu5/firmware_node/subsystem/devices/PNP0A03:00/physical_node/firmware_node/physical_node/0000:00:1e.0/driver/module/drivers/pci:nvme/0000:00:1f.0/driver/0000:00:1e.0/nvme/nvme1/nvme1n1/holders/md0/md/rd1/block/device/nvme2n1/holders/md0/md/rd1/block/trace HTTP/1.1" 200 3526 "-" "Amazon CloudFront"
64.252.68.74 - - [04/Sep/2026:09:41:15 +0000] "GET /?fileloc=//sys/module/iptable_filter/uevent&path=//sys/module/iptable_filter HTTP/1.1" 200 2569 "-" "Amazon CloudFront"
64.252.67.164 - - [04/Sep/2026:09:41:16 +0000] "GET /products/detail/230301238 HTTP/1.1" 200 4265 "-" "Amazon CloudFront"
64.252.66.61 - - [04/Sep/2026:09:41:16 +0000] "GET /?path=//sys/class/thermal/cooling_device3/device/physical_node/node0/memory28/node0/cpu5/firmware_node/subsystem/devices/PNP0A03:00/physical_node/pci_bus/0000:00/device/0000:00:1f.0/driver/module/drivers/pci:nvme/0000:00:04.0/nvme/nvme0/nvme0n1/nvme0n1p1/subsystem/md0/bdi HTTP/1.1" 200 3557 "-" "Amazon CloudFront"
64.252.66.61 - - [04/Sep/2026:09:41:20 +0000] "GET /?path=//sys/class/thermal/cooling_device3/device/physical_node/node0/memory28/node0/cpu5/firmware_node/subsystem/devices/PNP0A03:00/physical_node/pci_bus/0000:00/device/0000:00:1e.0/driver/module/drivers/pci:nvme/0000:00:1f.0/driver/0000:00:1f.0/firmware_node/subsystem/devices/LNXSYSTM:00/LNXPWRBN:00/power HTTP/1.1" 200 3880 "-" "Amazon CloudFront"
64.252.67.164 - - [04/Sep/2026:09:41:24 +0000] "GET /products/detail/208628339?path=//sys/bus/node/devices/node0/cpu1/driver/cpu7/driver/cpu2/node0/cpu4/firmware_node/subsystem/devices/PNP0A03:00/physical_node/0000:00:04.0/subsystem/drivers/nvme/module/drivers/pci:nvme/0000:00:1e.0/nvme/nvme1/nvme1n1/holders/md0/md/rd0/block/mq/7 HTTP/1.1" 200 3381 "-" "Amazon CloudFront"
64.252.66.61 - - [04/Sep/2026:09:41:28 +0000] "GET /products/detail/208628339?path=//sys/bus/node/devices/node0/cpu1/driver/cpu7/driver/cpu2/node0/cpu4/firmware_node/subsystem/devices/PNP0A03:00/device:06/physical_node/nvme/nvme0/nvme0n1/device/subsystem/nvme2/nvme2n1/holders/md0/md/rd1/block/holders/md0/md/rd0/block/mq HTTP/1.1" 200 3442 "-" "Amazon CloudFront"
64.252.66.102 - - [04/Sep/2026:09:41:32 +0000] "GET /?path=//sys/bus/node/devices/node0/memory2/node0/cpu4/driver/cpu1/driver/cpu2/subsystem/drivers/processor/cpu2/firmware_node/physical_node/firmware_node/subsystem/devices/LNXSYBUS:00/PNP0A03:00/physical_node/0000:00:1f.0/nvme/nvme2/nvme2n1/holders/md0/md/dev-nvme1n1/block/device/nvme1n1/holders/md0/md/dev-nvme1n1/block/device/nvme1n1/mq/6/cpu6 HTTP/1.1" 200 3039 "-" "Amazon CloudFront"
64.252.67.164 - - [04/Sep/2026:09:41:33 +0000] "GET /?fileloc=//sys/module/iptable_filter/srcversion&path=//sys/module/iptable_filter HTTP/1.1" 200 2591 "-" "Amazon CloudFront"
64.252.68.74 - - [04/Sep/2026:09:41:36 +0000] "GET /?path=//sys/class/thermal/cooling_device3/device/physical_node/node0/memory28/node0/cpu5/firmware_node/subsystem/devices/LNXSYSTM:00/LNXSYBUS:00/PNP0A03:00/physical_node/0000:00:04.0/driver/0000:00:1e.0/nvme/nvme1/device/driver/module/drivers/pci:nvme/0000:00:04.0/nvme/nvme0/nvme0n1/nvme0n1p128/subsystem/md0/md/rd1/block/holders/md0/md/rd0/block/mq/7 HTTP/1.1" 200 3548 "-" "Amazon CloudFront"
64.252.66.61 - - [04/Sep/2026:09:41:37 +0000] "GET /products/detail/202307177 HTTP/1.1" 200 4177 "-" "Amazon CloudFront"
64.252.66.102 - - [04/Sep/2026:09:41:39 +0000] "GET /?path=//sys/bus/memory/devices/memory14/node0/memory16/node0/cpu1/driver/cpu6/firmware_node/subsystem/devices/LNXSYSTM:00/LNXSYBUS:00/PNP0A03:00/physical_node/0000:00:04.0/driver/0000:00:1e.0/subsystem/drivers/nvme/module/drivers/pci:nvme/0000:00:1e.0/nvme/nvme1/nvme1n1/holders/md0/md/rd1/block/device/nvme2n1/holders/md0/md/dev-nvme2n1/block/mq/7 HTTP/1.1" 200 3542 "-" "Amazon CloudFront"
64.252.67.164 - - [04/Sep/2026:09:41:44 +0000] "GET /?path=//sys/class/thermal/cooling_device3/device/physical_node/node0/memory28/node0/cpu5/firmware_node/subsystem/devices/PNP0A03:00/physical_node/pci_bus/0000:00/device/0000:00:1f.0/driver/module/drivers/pci:nvme/0000:00:04.0/firmware_node/subsystem/devices/LNXSLPBN:00/input/input4/capabilities HTTP/1.1" 200 3568 "-" "Amazon CloudFront"
64.252.66.61 - - [04/Sep/2026:09:41:47 +0000] "GET /products/detail/208628339?path=//sys/bus/node/devices/node0/cpu1/driver/cpu7/driver/cpu2/node0/cpu4/firmware_node/subsystem/devices/PNP0A03:00/device:06/physical_node/nvme/nvme0/nvme0n1/device/subsystem/nvme2/nvme2n1/holders/md0/md/rd1/block/holders/md0/md/rd0/block/trace HTTP/1.1" 200 3403 "-" "Amazon CloudFront"
64.252.66.61 - - [04/Sep/2026:09:41:51 +0000] "GET /?fileloc=//sys/module/pnp/uevent&path=//sys/module/pnp HTTP/1.1" 200 2561 "-" "Amazon CloudFront"
64.252.66.61 - - [04/Sep/2026:09:41:52 +0000] "GET /products/detail/208628339?path=//sys/bus/node/devices/node0/cpu1/driver/cpu7/driver/cpu2/node0/cpu1/firmware_node/thermal_cooling/device/physical_node/firmware_node/subsystem/drivers/button/LNXSLPBN:00/subsystem/devices/device:21/physical_node/nvme/nvme2/nvme2n1/device/nvme2n1/holders/md0/md/dev-nvme2n1/block/holders HTTP/1.1" 200 3224 "-" "Amazon CloudFront"
64.252.68.74 - - [04/Sep/2026:09:42:00 +0000] "GET /products/detail/184259369 HTTP/1.1" 200 4177 "-" "Amazon CloudFront"
64.252.66.102 - - [04/Sep/2026:09:42:00 +0000] "GET /?path=//sys/class/thermal/cooling_device3/device/physical_node/node0/cpu1/driver/cpu0/node0/cpu2/firmware_node/subsystem/devices/PNP0303:00/subsystem/devices/LNXSYBUS:00/PNP0A03:00/physical_node/0000:00:1e.0/driver/module/drivers/pci:nvme/module/drivers/pci:nvme/0000:00:1f.0/nvme/nvme2/nvme2n1/holders/md0/md/dev-nvme2n1/block/holders/md0/md/rd0/block/slaves HTTP/1.1" 200 3060 "-" "Amazon CloudFront"
64.252.66.102 - - [04/Sep/2026:09:42:00 +0000] "GET /?path=//sys/class/thermal/cooling_device3/device/physical_node/node0/memory28/node0/cpu5/firmware_node/subsystem/devices/LNXSYSTM:00/LNXSYBUS:00/PNP0A03:00/physical_node/0000:00:04.0/driver/0000:00:1e.0/nvme/nvme1/device/driver/module/drivers/pci:nvme/0000:00:04.0/nvme/nvme0/nvme0n1/nvme0n1p128/subsystem/md0/md/rd1/block/holders/md0/md/rd0/block/mq/5 HTTP/1.1" 200 3547 "-" "Amazon CloudFront"
64.252.67.164 - - [04/Sep/2026:09:42:04 +0000] "GET /products/detail/208628339?path=//sys/bus/node/devices/node0/cpu1/driver/cpu7/driver/cpu2/node0/cpu1/firmware_node/thermal_cooling/device/physical_node/firmware_node/subsystem/devices/LNXSYBUS:00/PNP0A03:00/device:20/physical_node/nvme/nvme1/nvme1n1/holders/md0/slaves/nvme2n1/subsystem/md0/md/rd0/block/mq/4 HTTP/1.1" 200 3431 "-" "Amazon CloudFront"
64.252.67.164 - - [04/Sep/2026:09:42:07 +0000] "GET /products/detail/208628339?path=//sys/bus/node/devices/node0/cpu1/driver/cpu7/driver/cpu2/node0/cpu1/firmware_node/thermal_cooling/subsystem/cooling_device1/device/subsystem/devices/LNXSYSTM:00/LNXSYBUS:00/PNP0A03:00/physical_node/0000:00:1f.0/nvme/nvme2/nvme2n1/holders/md0/slaves/nvme2n1/holders/md0/md/rd0/block/device/nvme1n1/mq HTTP/1.1" 200 3497 "-" "Amazon CloudFront"
64.252.66.61 - - [04/Sep/2026:09:42:11 +0000] "GET /products/detail/208628339?path=//sys/bus/node/devices/node0/cpu1/driver/cpu7/driver/cpu2/node0/cpu4/firmware_node/thermal_cooling/device/physical_node/firmware_node/thermal_cooling/device/subsystem/devices/PNP0A03:00/device:20/physical_node/nvme/nvme1/nvme1n1/holders/md0/slaves/nvme2n1/subsystem/md0/slaves/nvme1n1/queue HTTP/1.1" 200 4752 "-" "Amazon CloudFront"
64.252.67.164 - - [04/Sep/2026:09:42:16 +0000] "GET /products/detail/208628339?path=//sys/bus/node/devices/node0/cpu1/driver/cpu7/driver/cpu2/node0/cpu1/firmware_node/thermal_cooling/device/physical_node/firmware_node/subsystem/devices/PNP0A03:00/physical_node/0000:00:1e.0/nvme/nvme1/nvme1n1/subsystem/md0/md/dev-nvme2n1/block/device/nvme2n1/holders/md0/slaves/nvme2n1/holders HTTP/1.1" 200 3226 "-" "Amazon CloudFront"
