64.252.67.52 - - [04/Sep/2026:05:25:07 +0000] "GET /products/detail/172439228?fileloc=/var/www/volumes/69b4844ae61d4e92bf26ad98af552775/logs/openlitespeed/access.log.2026_08_15.02&path=/var/www/volumes/69b4844ae61d4e92bf26ad98af552775/logs/openlitespeed HTTP/1.1" 200 659084 "-" "Amazon CloudFront"
64.252.66.102 - - [04/Sep/2026:05:25:10 +0000] "GET /products/detail/310258814 HTTP/1.1" 200 4265 "-" "Amazon CloudFront"
64.252.67.164 - - [04/Sep/2026:05:25:12 +0000] "GET /products/detail/272703723?path=//sys/devices/pci0000:00/firmware_node/physical_node/pci_bus/0000:00/device/firmware_node/physical_node/0000:00:00.0/subsystem/drivers/nvme/module/drivers/pci:nvme/0000:00:1e.0/nvme/nvme1/nvme1n1/holders/md0/md/dev-nvme2n1/block/device/nvme2n1/holders/md0/md/rd0/block/subsystem/nvme2n1/mq/4/cpu4 HTTP/1.1" 200 2966 "-" "Amazon CloudFront"
64.252.66.102 - - [04/Sep/2026:05:25:16 +0000] "GET /?path=//sys/class/thermal/cooling_device3/device/physical_node/node0/memory28/node0/cpu5/firmware_node/subsystem/devices/PNP0A03:00/physical_node/pci_bus/0000:00/device/0000:00:05.0/subsystem/drivers/nvme/module/drivers/pci:nvme/0000:00:1f.0/driver/0000:00:1f.0/nvme/nvme2/nvme2n1/holders HTTP/1.1" 200 3207 "-" "Amazon CloudFront"
64.252.66.61 - - [04/Sep/2026:05:25:19 +0000] "GET /?path=//sys/class/thermal/cooling_device3/device/physical_node/node0/memory28/node0/cpu5/firmware_node/subsystem/devices/PNP0A03:00/physical_node/pci_bus/0000:00/device/0000:00:1e.0/driver/module/drivers/pci:nvme/0000:00:04.0/driver/0000:00:1f.0/nvme/nvme2/nvme2n1/subsystem/nvme1n1/mq/5 HTTP/1.1" 200 3406 "-" "Amazon CloudFront"
64.252.66.102 - - [04/Sep/2026:05:25:24 +0000] "GET /?path=//sys/class/thermal/cooling_device3/device/physical_node/node0/memory28/node0/cpu5/firmware_node/subsystem/devices/PNP0A03:00/physical_node/pci_bus/0000:00/device/0000:00:1e.0/driver/0000:00:1f.0/nvme/nvme2/subsystem/nvme1/nvme1n1/holders/md0/slaves/nvme1n1/mq/7/cpu7 HTTP/1.1" 200 2946 "-" "Amazon CloudFront"
64.252.66.102 - - [04/Sep/2026:05:25:28 +0000] "GET /?fileloc=//s3/f75bf04088964924b004465536090d8a/wordpress/wp-content/uploads/2020/07/%E4%B8%AD%E6%A0%B9%E9%99%A2%E9%95%B7-300x300.jpg&path=//s3/f75bf04088964924b004465536090d8a/wordpress/wp-content/uploads/2020/07 HTTP/1.1" 200 2658 "-" "Amazon CloudFront"
64.252.67.164 - - [04/Sep/2026:05:25:29 +0000] "GET /?path=//sys/class/thermal/cooling_device3/device/physical_node/node0/memory28/node0/cpu5/firmware_node/subsystem/devices/PNP0A03:00/physical_node/pci_bus/0000:00/device/0000:00:1f.0/driver/module/drivers/pci:nvme/0000:00:1e.0/driver/0000:00:1e.0/firmware_node/subsystem/devices/device:06 HTTP/1.1" 200 3527 "-" "Amazon CloudFront"
64.252.67.52 - - [04/Sep/2026:05:25:31 +0000] "GET /products/detail/64032753 HTTP/1.1" 200 4265 "-" "Amazon CloudFront"
64.252.66.102 - - [04/Sep/2026:05:25:31 +0000] "GET /products/detail/208628339?path=//sys/bus/node/devices/node0/cpu1/driver/cpu7/driver/cpu2/node0/cpu4/firmware_node/subsystem/devices/PNP0A03:00/physical_node/0000:00:04.0/firmware_node/physical_node/nvme/nvme0/nvme0n1/nvme0n1p128/subsystem/md0/md/dev-nvme1n1/block/holders/md0/slaves/nvme2n1/mq/0/cpu0 HTTP/1.1" 200 2952 "-" "Amazon CloudFront"
64.252.67.52 - - [04/Sep/2026:05:25:36 +0000] "GET /products/detail/208628339?path=//sys/bus/node/devices/node0/cpu1/driver/cpu7/driver/cpu2/node0/cpu1/firmware_node/thermal_cooling/device/physical_node/firmware_node/subsystem/devices/LNXSYSTM:00/LNXSYBUS:00/PNP0A03:00/device:06/physical_node/nvme/nvme0/nvme0n1/nvme0n1p128/subsystem/md0/md/dev-nvme1n1/block/mq/0 HTTP/1.1" 200 3409 "-" "Amazon CloudFront"
64.252.67.52 - - [04/Sep/2026:05:25:40 +0000] "GET /products/detail/208628339?path=//sys/bus/node/devices/node0/cpu1/driver/cpu7/driver/cpu2/node0/cpu4/firmware_node/subsystem/devices/PNP0A03:00/device:21/physical_node/subsystem/drivers/nvme/0000:00:1f.0/nvme/nvme2/nvme2n1/holders/md0/md/rd0/block/device/nvme1n1/holders/md0/slaves/nvme2n1/trace HTTP/1.1" 200 3433 "-" "Amazon CloudFront"
64.252.66.61 - - [04/Sep/2026:05:25:44 +0000] "GET /products/detail/208628339?path=//sys/bus/node/devices/node0/cpu1/driver/cpu7/driver/cpu2/node0/cpu4/firmware_node/subsystem/devices/PNP0A03:00/physical_node/0000:00:04.0/nvme/nvme0/nvme0n1/device/nvme0n1/nvme0n1p1/subsystem/md0/md/rd1/block/holders/md0/md/rd0/block/device/nvme1n1/mq HTTP/1.1" 200 3454 "-" "Amazon CloudFront"
64.252.67.164 - - [04/Sep/2026:05:25:47 +0000] "GET /products/detail/208628339?path=//sys/bus/node/devices/node0/cpu1/driver/cpu7/driver/cpu2/node0/cpu1/firmware_node/thermal_cooling/subsystem/cooling_device3/device/subsystem/devices/PNP0A03:00/physical_node/0000:00:1e.0/nvme/nvme1/nvme1n1/holders/md0/md/rd1/block/device/nvme2n1/holders/md0/md/rd0/block/mq/6/cpu6 HTTP/1.1" 200 2994 "-" "Amazon CloudFront"
64.252.67.164 - - [04/Sep/2026:05:25:51 +0000] "GET /?path=//sys/class/thermal/cooling_device3/device/physical_node/node0/cpu1/driver/cpu0/node0/cpu2/firmware_node/subsystem/devices/PNP0303:00/subsystem/devices/LNXSYBUS:00/PNP0A03:00/physical_node/pci_bus/0000:00/device/0000:00:1e.0/driver/0000:00:1e.0/nvme/nvme1/nvme1n1/holders/md0/md/rd0/block/holders/md0/slaves/nvme2n1/mq/3/cpu3 HTTP/1.1" 200 3049 "-" "Amazon CloudFront"
64.252.67.52 - - [04/Sep/2026:05:25:56 +0000] "GET /products/detail/208628339?path=//sys/bus/node/devices/node0/cpu1/driver/cpu7/driver/cpu2/node0/cpu4/firmware_node/subsystem/devices/PNP0A03:00/device:06/physical_node/firmware_node/physical_node/nvme/nvme0/nvme0n1/device/nvme0n1/subsystem/md0/md/rd1/block/holders/md0/md/dev-nvme1n1/block/device/nvme1n1/bdi HTTP/1.1" 200 3564 "-" "Amazon CloudFront"
64.252.66.61 - - [04/Sep/2026:05:25:58 +0000] "GET /?fileloc=//s3/f75bf04088964924b004465536090d8a/wordpress/wp-content/uploads/2024/05/%E6%9D%B1%E6%B5%B7%E5%A4%A7%E5%AD%A6_%E5%A4%A7%E4%B8%8A%E7%A0%94%E4%BA%8C%E6%95%99%E6%8E%88-150x150.jpg&path=//s3/f75bf04088964924b004465536090d8a/wordpress/wp-content/uploads/2024/05 HTTP/1.1" 200 2688 "-" "Amazon CloudFront"
64.252.67.164 - - [04/Sep/2026:05:26:00 +0000] "GET /?path=//sys/class/thermal/cooling_device3/device/physical_node/node0/memory28/node0/cpu5/firmware_node/subsystem/devices/PNP0A03:00/physical_node/pci_bus/0000:00/device/0000:00:00.0/subsystem/drivers/nvme/0000:00:04.0/driver/0000:00:1f.0/nvme/nvme2/nvme2n1/mq/6 HTTP/1.1" 200 3370 "-" "Amazon CloudFront"
64.252.67.52 - - [04/Sep/2026:05:26:04 +0000] "GET /products/detail/208628339?path=//sys/bus/node/devices/node0/cpu1/driver/cpu7/driver/cpu2/node0/cpu1/firmware_node/thermal_cooling/subsystem/cooling_device1/device/physical_node/firmware_node/subsystem/devices/PNP0A03:00/device:20/physical_node/nvme/nvme1/nvme1n1/holders/md0/slaves/nvme2n1/device/nvme2n1/mq/0 HTTP/1.1" 200 3388 "-" "Amazon CloudFront"
64.252.67.164 - - [04/Sep/2026:05:26:08 +0000] "GET /products/detail/208628339?path=//sys/bus/node/devices/node0/cpu1/driver/cpu7/driver/cpu2/node0/cpu4/firmware_node/subsystem/devices/PNP0A03:00/physical_node/firmware_node/physical_node/0000:00:05.0/subsystem/drivers/nvme/0000:00:1f.0/nvme/nvme2/nvme2n1/holders/md0/slaves/nvme2n1/holders/md0/md/rd0/block/mq HTTP/1.1" 200 3460 "-" "Amazon CloudFront"
64.252.66.61 - - [04/Sep/2026:05:26:12 +0000] "GET /products/detail/208628339?path=//sys/bus/node/devices/node0/cpu1/driver/cpu7/driver/cpu2/node0/cpu4/firmware_node/subsystem/devices/PNP0A03:00/physical_node/0000:00:1e.0/subsystem/drivers/nvme/0000:00:1e.0/nvme/nvme1/nvme1n1/holders/md0/slaves/nvme1n1/holders/md0/md/dev-nvme2n1/block/device/device/firmware_node/physical_node/power HTTP/1.1" 200 3477 "-" "Amazon CloudFront"
64.252.67.52 - - [04/Sep/2026:05:26:16 +0000] "GET /products/detail/208628339?path=//sys/bus/node/devices/node0/cpu1/driver/cpu7/driver/cpu2/node0/cpu4/firmware_node/subsystem/devices/PNP0A03:00/physical_node/0000:00:04.0/nvme/nvme0/nvme0n1/device/nvme0n1/nvme0n1p1/subsystem/md0/md/rd1/block/holders/md0/md/rd0/block/device/nvme1n1/holders HTTP/1.1" 200 3207 "-" "Amazon CloudFront"
64.252.67.164 - - [04/Sep/2026:05:26:20 +0000] "GET /?path=//sys/class/thermal/cooling_device3/device/physical_node/node0/memory28/node0/cpu5/firmware_node/subsystem/devices/PNP0A03:00/physical_node/pci_bus/0000:00/device/0000:00:1e.0/driver/module/drivers/pci:nvme/0000:00:1e.0/driver/0000:00:04.0/firmware_node/subsystem/devices/LNXSYBUS:00/PNP0A03:00/device:0f HTTP/1.1" 200 3545 "-" "Amazon CloudFront"
64.252.67.52 - - [04/Sep/2026:05:26:23 +0000] "GET /?path=//sys/class/thermal/cooling_device3/device/physical_node/node0/memory29/node0/cpu4/driver/cpu2/driver/cpu1/firmware_node/subsystem/devices/device:07/subsystem/devices/LNXSYSTM:00/LNXSYBUS:00/PNP0A03:00/physical_node/0000:00:1f.0/nvme/nvme2/nvme2n1/holders/md0/md/dev-nvme1n1/block/device/nvme1n1/holders/md0/slaves/nvme1n1/mq/6/cpu6 HTTP/1.1" 200 3051 "-" "Amazon CloudFront"
64.252.67.164 - - [04/Sep/2026:05:26:24 +0000] "GET /?fileloc=//sys/class/input/input4/phys&path=//sys/class/input/input4 HTTP/1.1" 200 2580 "-" "Amazon CloudFront"
64.252.66.61 - - [04/Sep/2026:05:26:28 +0000] "GET /?path=//sys/class/thermal/cooling_device3/device/physical_node/node0/memory28/node0/cpu5/firmware_node/subsystem/devices/PNP0A03:00/physical_node/pci_bus/0000:00/device/0000:00:04.0/subsystem/drivers/nvme/module/drivers/pci:nvme/0000:00:04.0/driver/0000:00:1f.0/driver/0000:00:1e.0/nvme HTTP/1.1" 200 3191 "-" "Amazon CloudFront"
64.252.66.102 - - [04/Sep/2026:05:26:32 +0000] "GET /products/detail/208628339?path=//sys/bus/node/devices/node0/cpu1/driver/cpu7/driver/cpu2/node0/cpu4/firmware_node/thermal_cooling/device/physical_node/firmware_node/thermal_cooling/device/subsystem/devices/LNXSYSTM:00/LNXSYBUS:00/PNP0A03:00/device:21/physical_node/nvme/nvme2/nvme2n1/holders/md0/md/rd0/block/holders/md0/slaves/nvme2n1/mq/4 HTTP/1.1" 200 3463 "-" "Amazon CloudFront"
64.252.67.164 - - [04/Sep/2026:05:26:36 +0000] "GET /?path=//sys/class/thermal/cooling_device3/device/physical_node/node0/memory28/node0/cpu5/firmware_node/subsystem/devices/PNP0A03:00/physical_node/pci_bus/0000:00/device/0000:00:1e.0/driver/module/drivers/pci:nvme/0000:00:1f.0/driver/0000:00:1e.0/firmware_node/subsystem/devices/LNXSYBUS:00/PNP0A03:00/device:01 HTTP/1.1" 200 3486 "-" "Amazon CloudFront"
64.252.66.102 - - [04/Sep/2026:05:26:40 +0000] "GET /?path=//sys/class/thermal/cooling_device3/device/physical_node/node0/memory28/node0/cpu5/firmware_node/subsystem/devices/PNP0A03:00/physical_node/pci_bus/0000:00/device/0000:00:1e.0/driver/module/drivers/pci:nvme/0000:00:1f.0/driver/0000:00:1e.0/firmware_node/subsystem/devices/LNXSYBUS:00/PNP0A03:00/device:06 HTTP/1.1" 200 3565 "-" "Amazon CloudFront"
64.252.67.52 - - [04/Sep/2026:05:26:44 +0000] "GET /?path=//sys/class/thermal/cooling_device3/device/physical_node/node0/memory28/node0/cpu5/firmware_node/subsystem/devices/PNP0A03:00/physical_node/pci_bus/0000:00/device/0000:00:1f.0/driver/module/drivers/pci:nvme/0000:00:1e.0/subsystem/drivers/nvme/0000:00:1e.0/nvme/nvme1/power HTTP/1.1" 200 3432 "-" "Amazon CloudFront"
64.252.67.164 - - [04/Sep/2026:05:26:47 +0000] "GET /?fileloc=//s3/f75bf04088964924b004465536090d8a/wordpress/wp-content/uploads/2020/09/09%E6%9C%88%E5%8F%B701%E9%9D%A2-768x543.jpg&path=//s3/f75bf04088964924b004465536090d8a/wordpress/wp-content/uploads/2020/09 HTTP/1.1" 200 2658 "-" "Amazon CloudFront"
64.252.66.102 - - [04/Sep/2026:05:26:48 +0000] "GET /?path=//sys/class/pci_bus/0000:00/device HTTP/1.1" 200 3283 "-" "Amazon CloudFront"
64.252.66.61 - - [04/Sep/2026:05:26:49 +0000] "GET /?path=//sys/class/thermal/cooling_device3/device/physical_node/node0/memory29/node0/cpu4/driver/cpu2/driver/cpu1/firmware_node/subsystem/devices/device:10/subsystem/devices/LNXSYSTM:00/LNXSYBUS:00/PNP0A03:00/physical_node/pci_bus/0000:00/device/0000:00:1e.0/nvme/nvme1/nvme1n1/holders/md0/md/rd1/block/holders/md0/md/rd1/block/mq/1/cpu1 HTTP/1.1" 200 3048 "-" "Amazon CloudFront"
64.252.67.164 - - [04/Sep/2026:05:26:51 +0000] "GET /?fileloc=//sys/class/net/lo/statistics/tx_packets&path=//sys/class/net/lo/statistics HTTP/1.1" 200 2588 "-" "Amazon CloudFront"
64.252.66.61 - - [04/Sep/2026:05:26:48 +0000] "GET /products/detail/172439228?fileloc=/var/www/volumes/69b4844ae61d4e92bf26ad98af552775/logs/openlitespeed/access.log.2026_08_25.06&path=/var/www/volumes/69b4844ae61d4e92bf26ad98af552775/logs/openlitespeed HTTP/1.1" 200 723981 "-" "Amazon CloudFront"
64.252.67.52 - - [04/Sep/2026:05:26:52 +0000] "GET /?path=//sys/class/thermal/cooling_device3/device/physical_node/node0/memory28/node0/cpu5/firmware_node/subsystem/devices/PNP0A03:00/physical_node/pci_bus/0000:00/device/0000:00:01.0/subsystem/drivers/nvme/module/drivers/pci:nvme/0000:00:04.0/driver/0000:00:1f.0/driver/0000:00:04.0/power HTTP/1.1" 200 3429 "-" "Amazon CloudFront"
64.252.67.164 - - [04/Sep/2026:05:26:56 +0000] "GET /?path=//sys/class/thermal/cooling_device3/device/physical_node/node0/memory28/node0/cpu5/firmware_node/subsystem/devices/PNP0A03:00/physical_node/pci_bus/0000:00/device/0000:00:1e.0/driver/module/drivers/pci:nvme/0000:00:04.0/driver/0000:00:1f.0/nvme/nvme2/nvme2n1/subsystem/nvme2n1/mq/7 HTTP/1.1" 200 3404 "-" "Amazon CloudFront"
64.252.67.164 - - [04/Sep/2026:05:27:00 +0000] "GET /products/detail/208628339?path=//sys/bus/node/devices/node0/cpu1/driver/cpu7/driver/cpu2/node0/cpu4/firmware_node/subsystem/devices/LNXSYSTM:00/LNXSYBUS:00/PNP0A03:00/device:20/physical_node/nvme/nvme1/device/nvme/nvme1/nvme1n1/device/nvme1n1/holders/md0/slaves/nvme2n1/subsystem/nvme2n1/slaves HTTP/1.1" 200 2923 "-" "Amazon CloudFront"
64.252.67.164 - - [04/Sep/2026:05:27:04 +0000] "GET /products/detail/208628339?path=//sys/bus/node/devices/node0/cpu1/driver/cpu7/driver/cpu2/node0/cpu4/firmware_node/subsystem/devices/PNP0A03:00/physical_node/firmware_node/physical_node/0000:00:01.3/subsystem/drivers/nvme/0000:00:1e.0/nvme/nvme1/nvme1n1/holders/md0/md/dev-nvme1n1/block/device/nvme1n1/mq/0/cpu0 HTTP/1.1" 200 2970 "-" "Amazon CloudFront"
64.252.66.102 - - [04/Sep/2026:05:27:08 +0000] "GET /products/detail/208628339?path=//sys/bus/node/devices/node0/cpu1/driver/cpu7/driver/cpu2/node0/cpu1/firmware_node/thermal_cooling/subsystem/cooling_device1/device/physical_node/firmware_node/subsystem/devices/PNP0A03:00/device:20/physical_node/nvme/nvme1/nvme1n1/holders/md0/slaves/nvme2n1/device/nvme2n1/mq/2 HTTP/1.1" 200 3389 "-" "Amazon CloudFront"
64.252.67.164 - - [04/Sep/2026:05:27:12 +0000] "GET /products/detail/208628339?path=//sys/bus/node/devices/node0/cpu1/driver/cpu7/driver/cpu2/node0/cpu4/firmware_node/subsystem/devices/PNP0A03:00/physical_node/0000:00:04.0/nvme/nvme0/device/nvme/nvme0/nvme0n1/nvme0n1p1/subsystem/nvme2n1/holders/md0/slaves/nvme1n1/device/nvme1n1/mq/3/cpu3 HTTP/1.1" 200 2938 "-" "Amazon CloudFront"
64.252.67.164 - - [04/Sep/2026:05:27:16 +0000] "GET /products/detail/208628339?path=//sys/bus/node/devices/node0/cpu1/driver/cpu7/driver/cpu2/node0/cpu4/firmware_node/subsystem/devices/PNP0A03:00/device:06/physical_node/firmware_node/physical_node/nvme/nvme0/nvme0n1/subsystem/nvme2n1/device/nvme2n1/holders/md0/md/rd1/block/holders/md0/slaves/nvme1n1/device/power HTTP/1.1" 200 3467 "-" "Amazon CloudFront"
64.252.67.164 - - [04/Sep/2026:05:27:20 +0000] "GET /?path=//sys/bus/memory/devices/memory1/node0/memory30/node0/cpu6/firmware_node/subsystem/devices/device:21/physical_node/driver/module/drivers/pci:nvme/0000:00:1e.0/driver/0000:00:1f.0/nvme/nvme2/subsystem/nvme1/nvme1n1/holders/md0/md/rd1/block/device/device/firmware_node/physical_node/nvme/nvme2/nvme2n1/holders/md0/queue HTTP/1.1" 200 4901 "-" "Amazon CloudFront"
64.252.66.61 - - [04/Sep/2026:05:27:24 +0000] "GET /?path=//sys/bus/memory/devices/memory5/node0/memory27/node0/cpu3/driver/cpu1/subsystem/drivers/processor/cpu0/driver/cpu2/firmware_node/subsystem/devices/PNP0A03:00/physical_node/0000:00:1e.0/nvme/nvme1/device/firmware_node/physical_node/nvme/nvme1/nvme1n1/holders/md0/md/rd1/block/device/nvme2n1/holders/md0/md/dev-nvme2n1/block/mq/3 HTTP/1.1" 200 3514 "-" "Amazon CloudFront"
64.252.67.164 - - [04/Sep/2026:05:27:28 +0000] "GET /products/detail/208628339?path=//sys/bus/node/devices/node0/cpu1/driver/cpu7/driver/cpu2/node0/cpu4/firmware_node/subsystem/devices/PNP0A03:00/physical_node/0000:00:1e.0/subsystem/drivers/nvme/module/drivers/pci:nvme/0000:00:1f.0/firmware_node/physical_node/nvme/nvme2/nvme2n1/holders/md0/slaves/nvme1n1/holders/md0/queue HTTP/1.1" 200 4727 "-" "Amazon CloudFront"
64.252.66.61 - - [04/Sep/2026:05:27:32 +0000] "GET /products/detail/208628339?path=//sys/bus/node/devices/node0/cpu1/driver/cpu7/driver/cpu2/node0/cpu1/firmware_node/thermal_cooling/subsystem/cooling_device3/device/subsystem/devices/PNP0A03:00/physical_node/0000:00:1e.0/nvme/nvme1/nvme1n1/holders/md0/md/rd1/block/device/nvme2n1/holders/md0/md/dev-nvme1n1/block/mq/0/cpu0 HTTP/1.1" 200 2994 "-" "Amazon CloudFront"
64.252.67.164 - - [04/Sep/2026:05:27:36 +0000] "GET /?path=//sys/class/thermal/cooling_device3/device/physical_node/node0/cpu1/driver/cpu0/node0/cpu2/firmware_node/subsystem/devices/LNXSYSTM:00/LNXSYBUS:00/PNP0C0F:04/subsystem/devices/PNP0A03:00/device:20/physical_node/driver/module/drivers/pci:nvme/0000:00:1e.0/nvme/nvme1/device/nvme/nvme1/nvme1n1/holders/md0/md/rd0/block/holders/md0/md/dev-nvme2n1/block/mq/3 HTTP/1.1" 200 3561 "-" "Amazon CloudFront"
64.252.66.61 - - [04/Sep/2026:05:27:39 +0000] "GET /?path=//sys/class/vc/vcs1 HTTP/1.1" 200 3031 "-" "Amazon CloudFront"
64.252.66.102 - - [04/Sep/2026:05:27:40 +0000] "GET /?path=//sys/bus/memory/devices/memory1/node0/memory7/node0/cpu1/subsystem/drivers/processor/cpu5/firmware_node/subsystem/devices/PNP0A03:00/physical_node/firmware_node/physical_node/0000:00:1e.0/driver/module/drivers/pci:nvme/0000:00:1f.0/driver/0000:00:1e.0/nvme/nvme1/nvme1n1/holders/md0/md/rd0/block/holders/md0/md/dev-nvme1n1/block/trace HTTP/1.1" 200 3531 "-" "Amazon CloudFront"
64.252.66.102 - - [04/Sep/2026:05:27:44 +0000] "GET /?path=//sys/bus/memory/devices/memory5/node0/memory27/node0/cpu3/driver/cpu1/subsystem/drivers/processor/cpu0/driver/cpu2/firmware_node/subsystem/devices/PNP0A03:00/physical_node/0000:00:1e.0/nvme/nvme1/device/firmware_node/physical_node/nvme/nvme1/nvme1n1/holders/md0/md/rd1/block/device/nvme2n1/holders/md0/md/dev-nvme2n1/block/mq/4 HTTP/1.1" 200 3515 "-" "Amazon CloudFront"
64.252.67.164 - - [04/Sep/2026:05:27:47 +0000] "GET /?path=//sys/class/thermal/cooling_device3/device/physical_node/node0/cpu1/driver/cpu0/node0/cpu2/firmware_node/subsystem/devices/LNXSYSTM:00/LNXSYBUS:00/PNP0C0F:02/subsystem/devices/LNXSYSTM:00/LNXSYBUS:00/PNP0A03:00/device:06/physical_node/driver/0000:00:1e.0/nvme/nvme1/nvme1n1/holders/md0/md/rd0/block/holders/md0/slaves/nvme1n1/mq/6 HTTP/1.1" 200 3518 "-" "Amazon CloudFront"
64.252.67.164 - - [04/Sep/2026:05:27:52 +0000] "GET /?path=//sys/class/thermal/cooling_device3/device/physical_node/node0/memory28/node0/cpu5/firmware_node/subsystem/devices/LNXSYSTM:00/LNXSYBUS:00/PNP0A03:00/physical_node/0000:00:04.0/driver/0000:00:1e.0/nvme/nvme1/device/driver/0000:00:1f.0/nvme/nvme2/nvme2n1/holders/md0/md/dev-nvme1n1/block/holders/md0/slaves/nvme1n1/subsystem/nvme2n1/mq/7/cpu7 HTTP/1.1" 200 3054 "-" "Amazon CloudFront"
64.252.67.164 - - [04/Sep/2026:05:27:56 +0000] "GET /?path=//sys/class/thermal/cooling_device3/device/physical_node/node0/memory28/node0/cpu5/firmware_node/subsystem/devices/PNP0A03:00/physical_node/pci_bus/0000:00/device/0000:00:1e.0/driver/module/drivers/pci:nvme/0000:00:1f.0/driver/0000:00:1f.0/firmware_node/subsystem/devices/LNXSLPBN:00/input/input4 HTTP/1.1" 200 3748 "-" "Amazon CloudFront"
64.252.67.52 - - [04/Sep/2026:05:28:00 +0000] "GET /products/detail/208628339?path=//sys/bus/node/devices/node0/cpu1/driver/cpu7/driver/cpu2/node0/cpu1/firmware_node/thermal_cooling/device/physical_node/firmware_node/subsystem/devices/PNP0A03:00/physical_node/0000:00:1e.0/nvme/nvme1/nvme1n1/subsystem/md0/md/dev-nvme1n1/block/holders/md0/slaves/nvme1n1/mq/2/cpu2 HTTP/1.1" 200 2975 "-" "Amazon CloudFront"
64.252.66.61 - - [04/Sep/2026:05:28:04 +0000] "GET /products/detail/208628339?path=//sys/bus/node/devices/node0/cpu1/driver/cpu7/driver/cpu2/node0/cpu4/firmware_node/subsystem/devices/PNP0A03:00/physical_node/0000:00:04.0/nvme/nvme0/device/nvme/nvme0/nvme0n1/nvme0n1p1/subsystem/nvme2n1/holders/md0/md/dev-nvme1n1/block/mq/6 HTTP/1.1" 200 3361 "-" "Amazon CloudFront"
64.252.66.61 - - [04/Sep/2026:05:28:08 +0000] "GET /products/detail/208628339?path=//sys/bus/node/devices/node0/cpu1/driver/cpu7/driver/cpu2/node0/cpu4/firmware_node/thermal_cooling/device/physical_node/firmware_node/thermal_cooling/device/subsystem/devices/LNXSYSTM:00/LNXSYBUS:00/PNP0A03:00/device:21/physical_node/nvme/nvme2/nvme2n1/holders/md0/md/rd1/block/holders/md0/subsystem/nvme0n1p1/power HTTP/1.1" 200 3529 "-" "Amazon CloudFront"
64.252.66.102 - - [04/Sep/2026:05:28:11 +0000] "GET /products/detail/208628339?path=//sys/bus/node/devices/node0/cpu1/driver/cpu7/driver/cpu2/node0/cpu1/firmware_node/thermal_cooling/device/physical_node/firmware_node/subsystem/devices/PNP0A03:00/physical_node/0000:00:1e.0/nvme/nvme1/nvme1n1/holders/md0/md/rd0/block/holders/md0/slaves/nvme1n1/mq/3 HTTP/1.1" 200 3366 "-" "Amazon CloudFront"
64.252.67.164 - - [04/Sep/2026:05:28:15 +0000] "GET /?path=//sys/bus/memory/devices/memory1/node0/memory7/node0/cpu1/subsystem/drivers/processor/cpu5/firmware_node/subsystem/devices/PNP0A03:00/physical_node/firmware_node/physical_node/0000:00:1e.0/driver/module/drivers/pci:nvme/0000:00:1f.0/driver/0000:00:1e.0/nvme/nvme1/nvme1n1/holders/md0/md/rd0/block/holders/md0/md/dev-nvme1n1/block/queue HTTP/1.1" 200 4972 "-" "Amazon CloudFront"
64.252.67.52 - - [04/Sep/2026:05:28:20 +0000] "GET /?path=//sys/bus/memory/devices/memory1/node0/memory28/node0/cpu2/driver/cpu4/firmware_node/subsystem/devices/PNP0A03:00/physical_node/0000:00:04.0/driver/0000:00:1f.0/subsystem/drivers/nvme/0000:00:1f.0/nvme/nvme2/nvme2n1/holders/md0/md/dev-nvme1n1/block/device/nvme1n1/holders/md0/md/dev-nvme1n1/block/device/nvme1n1/trace HTTP/1.1" 200 3501 "-" "Amazon CloudFront"
64.252.67.52 - - [04/Sep/2026:05:28:24 +0000] "GET /products/detail/208628339?path=//sys/bus/node/devices/node0/cpu1/driver/cpu7/driver/cpu2/node0/cpu1/firmware_node/thermal_cooling/device/physical_node/firmware_node/subsystem/devices/PNP0A03:00/physical_node/0000:00:1e.0/nvme/nvme1/nvme1n1/holders/md0/md/rd0/block/holders/md0/slaves/nvme1n1/mq/6 HTTP/1.1" 200 3395 "-" "Amazon CloudFront"
64.252.67.52 - - [04/Sep/2026:05:28:28 +0000] "GET /products/detail/208628339?path=//sys/bus/node/devices/node0/cpu1/driver/cpu7/driver/cpu2/node0/cpu4/firmware_node/subsystem/devices/PNP0A03:00/physical_node/firmware_node/physical_node/0000:00:04.0/nvme/nvme0/subsystem/nvme2/nvme2n1/device/nvme2n1/holders/md0/md/rd0/block/device/nvme1n1/holders/md0/slaves/nvme1n1/power HTTP/1.1" 200 3474 "-" "Amazon CloudFront"
64.252.66.102 - - [04/Sep/2026:05:28:29 +0000] "GET /products/detail/253535288?fileloc=//tmp/sess_0k64m2atjt0fmsq9uhmv3n1ko6&path=//tmp HTTP/1.1" 200 2556 "-" "Amazon CloudFront"
64.252.67.164 - - [04/Sep/2026:05:28:31 +0000] "GET /products/detail/208628339?path=//sys/bus/node/devices/node0/cpu1/driver/cpu7/driver/cpu2/node0/cpu4/firmware_node/thermal_cooling/device/physical_node/firmware_node/thermal_cooling/device/subsystem/devices/PNP0A03:00/device:20/physical_node/nvme/nvme1/nvme1n1/holders/md0/md/rd1/block/subsystem/nvme2n1/holders/md0/integrity HTTP/1.1" 200 3534 "-" "Amazon CloudFront"
64.252.67.164 - - [04/Sep/2026:05:28:36 +0000] "GET /products/detail/208628339?path=//sys/bus/node/devices/node0/cpu1/driver/cpu7/driver/cpu2/node0/cpu4/firmware_node/subsystem/devices/PNP0A03:00/physical_node/0000:00:04.0/firmware_node/physical_node/nvme/nvme0/nvme0n1/nvme0n1p128/subsystem/nvme1n1/holders/md0/md/dev-nvme2n1/block/device/device/nvme/nvme2/nvme2n1/mq HTTP/1.1" 200 3472 "-" "Amazon CloudFront"
64.252.66.61 - - [04/Sep/2026:05:28:39 +0000] "GET /?path=//sys/bus/memory/devices/memory1/node0/memory30/node0/cpu6/firmware_node/subsystem/devices/device:21/physical_node/driver/module/drivers/pci:nvme/0000:00:1e.0/driver/0000:00:04.0/firmware_node/physical_node/subsystem/drivers/nvme/0000:00:1f.0/nvme/nvme2/nvme2n1/device/nvme2n1/holders/md0/slaves/nvme1n1/device/nvme1n1/holders/md0/md/rd1 HTTP/1.1" 200 3899 "-" "Amazon CloudFront"
64.252.67.52 - - [04/Sep/2026:05:28:44 +0000] "GET /products/detail/208628339?path=//sys/bus/node/devices/node0/cpu1/driver/cpu7/driver/cpu2/node0/cpu4/firmware_node/subsystem/devices/PNP0A03:00/physical_node/0000:00:04.0/nvme/nvme0/device/nvme/nvme0/nvme0n1/nvme0n1p1/subsystem/md0/md/dev-nvme2n1/block/holders/md0/slaves/nvme2n1/mq/2/cpu2 HTTP/1.1" 200 2945 "-" "Amazon CloudFront"
64.252.66.102 - - [04/Sep/2026:05:28:48 +0000] "GET /?path=//sys/class/thermal/cooling_device3/device/physical_node/node0/memory28/node0/cpu5/firmware_node/subsystem/devices/LNXSYSTM:00/LNXSYBUS:00/PNP0A03:00/physical_node/0000:00:04.0/driver/0000:00:1e.0/nvme/nvme1/device/driver/module/drivers/pci:nvme/0000:00:1e.0/nvme/nvme1/nvme1n1/holders/md0/md/dev-nvme1n1/block/subsystem/nvme1n1/holders/md0/md/dev-nvme1n1/block/mq/6/cpu6 HTTP/1.1" 200 3073 "-" "Amazon CloudFront"
64.252.66.61 - - [04/Sep/2026:05:28:52 +0000] "GET /products/detail/208628339?path=//sys/bus/node/devices/node0/cpu1/driver/cpu7/driver/cpu2/node0/cpu4/firmware_node/subsystem/devices/PNP0A03:00/device:06/physical_node/firmware_node/physical_node/nvme/nvme0/nvme0n1/device/nvme0n1/subsystem/md0/md/rd1/block/holders/md0/md/rd1/block/device/nvme2n1/queue HTTP/1.1" 200 4756 "-" "Amazon CloudFront"
64.252.67.164 - - [04/Sep/2026:05:28:54 +0000] "GET /products/detail/335783470 HTTP/1.1" 200 4265 "-" "Amazon CloudFront"
64.252.66.61 - - [04/Sep/2026:05:28:56 +0000] "GET /products/detail/208628339?path=//sys/bus/node/devices/node0/cpu1/driver/cpu7/driver/cpu2/node0/cpu4/firmware_node/subsystem/devices/PNP0A03:00/physical_node/0000:00:04.0/nvme/nvme0/nvme0n1/device/subsystem/nvme1/device/nvme/nvme1/nvme1n1/holders/md0/md/dev-nvme1n1/block/mq/0 HTTP/1.1" 200 3373 "-" "Amazon CloudFront"
64.252.66.61 - - [04/Sep/2026:05:29:00 +0000] "GET /products/detail/208628339?path=//sys/bus/node/devices/node0/cpu1/driver/cpu7/driver/cpu2/node0/cpu4/firmware_node/subsystem/devices/PNP0A03:00/device:20/physical_node/firmware_node/physical_node/nvme/nvme1/subsystem/nvme2/nvme2n1/device/device/nvme/nvme2/nvme2n1/holders/md0/md/dev-nvme1n1/block/mq/3 HTTP/1.1" 200 3404 "-" "Amazon CloudFront"
64.252.66.61 - - [04/Sep/2026:05:29:05 +0000] "GET /?path=//sys/bus/acpi/devices/LNXCPU:06/physical_node/node0/memory21/node0/cpu0/subsystem/drivers/processor/cpu6/firmware_node/subsystem/devices/device:06/physical_node/driver/0000:00:04.0/driver/0000:00:1f.0/nvme/nvme2/nvme2n1/device/nvme2n1/holders/md0/md/dev-nvme1n1/block/device/nvme1n1/holders/md0/md/dev-nvme2n1/block/mq/2/cpu2 HTTP/1.1" 200 3027 "-" "Amazon CloudFront"
64.252.67.52 - - [04/Sep/2026:05:29:05 +0000] "GET /products/detail/176175127 HTTP/1.1" 200 4265 "-" "Amazon CloudFront"
64.252.66.102 - - [04/Sep/2026:05:29:08 +0000] "GET /?path=//sys/bus/acpi/devices/LNXCPU:06/physical_node/node0/memory21/node0/cpu1/subsystem/drivers/processor/cpu2/firmware_node/subsystem/devices/PNP0A03:00/physical_node/0000:00:1f.0/driver/0000:00:04.0/nvme/nvme0/device/driver/0000:00:1e.0/nvme/nvme1/nvme1n1/holders/md0/md/dev-nvme2n1/block/device/nvme2n1/holders/md0/slaves/nvme1n1/bdi/power HTTP/1.1" 200 3587 "-" "Amazon CloudFront"
64.252.67.52 - - [04/Sep/2026:05:29:12 +0000] "GET /products/detail/208628339?path=//sys/bus/node/devices/node0/cpu1/driver/cpu7/driver/cpu2/node0/cpu1/firmware_node/thermal_cooling/subsystem/cooling_device1/device/subsystem/devices/LNXSYSTM:00/LNXSYBUS:00/PNP0A03:00/physical_node/firmware_node/device:21/physical_node/nvme/nvme2/device/nvme/nvme2/nvme2n1/mq/5/cpu5 HTTP/1.1" 200 2944 "-" "Amazon CloudFront"
64.252.67.52 - - [04/Sep/2026:05:29:16 +0000] "GET /?path=//sys/bus/memory/devices/memory1/node0/memory30/node0/cpu6/firmware_node/subsystem/devices/device:21/physical_node/driver/module/drivers/pci:nvme/0000:00:1e.0/driver/0000:00:04.0/firmware_node/physical_node/subsystem/drivers/nvme/0000:00:1f.0/nvme/nvme2/nvme2n1/device/nvme2n1/holders/md0/slaves/nvme1n1/device/nvme1n1/holders/md0/md/dev-nvme1n1 HTTP/1.1" 200 3903 "-" "Amazon CloudFront"
64.252.66.102 - - [04/Sep/2026:05:29:20 +0000] "GET /products/detail/208628339?path=//sys/bus/node/devices/node0/cpu1/driver/cpu7/driver/cpu2/node0/cpu4/firmware_node/subsystem/devices/PNP0A03:00/physical_node/0000:00:04.0/nvme/nvme0/device/nvme/nvme0/nvme0n1/nvme0n1p1/subsystem/nvme2n1/holders/md0/md/rd0/block/device/nvme1n1/mq/1 HTTP/1.1" 200 3384 "-" "Amazon CloudFront"
64.252.67.164 - - [04/Sep/2026:05:29:20 +0000] "GET /?fileloc=//s3/f75bf04088964924b004465536090d8a/wordpress/wp-content/uploads/2020/08/%E5%A4%A7%E4%B8%B2%E9%99%A2%E9%95%B7-768x767.jpg&path=//s3/f75bf04088964924b004465536090d8a/wordpress/wp-content/uploads/2020/08 HTTP/1.1" 200 2659 "-" "Amazon CloudFront"
64.252.67.164 - - [04/Sep/2026:05:29:20 +0000] "GET /products/detail/242770167 HTTP/1.1" 200 4265 "-" "Amazon CloudFront"
64.252.66.61 - - [04/Sep/2026:05:29:24 +0000] "GET /products/detail/208628339?path=//sys/bus/node/devices/node0/cpu1/driver/cpu7/driver/cpu2/node0/cpu4/firmware_node/subsystem/devices/LNXSYSTM:00/LNXSYBUS:00/PNP0A03:00/device:20/physical_node/nvme/nvme1/device/nvme/nvme1/nvme1n1/device/nvme1n1/holders/md0/md/rd0/block/subsystem/nvme0n1/nvme0n1p128 HTTP/1.1" 200 3859 "-" "Amazon CloudFront"
64.252.66.102 - - [04/Sep/2026:05:29:27 +0000] "GET /products/detail/208628339?path=//sys/bus/node/devices/node0/cpu1/driver/cpu7/driver/cpu2/node0/cpu1/firmware_node/thermal_cooling/device/physical_node/firmware_node/subsystem/devices/PNP0A03:00/physical_node/0000:00:1e.0/nvme/nvme1/nvme1n1/holders/md0/md/rd1/block/subsystem/md0/md/rd0/block/trace HTTP/1.1" 200 3415 "-" "Amazon CloudFront"
64.252.66.61 - - [04/Sep/2026:05:29:32 +0000] "GET /products/detail/208628339?path=//sys/bus/node/devices/node0/cpu1/driver/cpu7/driver/cpu2/node0/cpu1/firmware_node/thermal_cooling/device/physical_node/firmware_node/subsystem/devices/LNXSYSTM:00/LNXSYBUS:00/PNP0A03:00/device:06/physical_node/nvme/nvme0/nvme0n1/nvme0n1p1/subsystem/md0/md/rd0/block/holders/md0/md/dev-nvme1n1 HTTP/1.1" 200 3798 "-" "Amazon CloudFront"
64.252.66.61 - - [04/Sep/2026:05:29:36 +0000] "GET /?path=//sys/bus/memory/devices/memory1/node0/memory30/node0/cpu6/firmware_node/subsystem/devices/device:21/physical_node/driver/module/drivers/pci:nvme/0000:00:1f.0/driver/0000:00:1f.0/firmware_node/physical_node/nvme/nvme2/subsystem/nvme1/device/nvme/nvme1/nvme1n1/holders/md0/md/rd0/block/device/nvme1n1/holders/md0/md/rd0/block/mq/0 HTTP/1.1" 200 3493 "-" "Amazon CloudFront"
64.252.67.164 - - [04/Sep/2026:05:29:41 +0000] "GET /products/detail/208628339?path=//sys/bus/node/devices/node0/cpu1/driver/cpu7/driver/cpu2/node0/cpu4/firmware_node/subsystem/devices/PNP0A03:00/physical_node/0000:00:04.0/firmware_node/physical_node/nvme/nvme0/nvme0n1/nvme0n1p128/subsystem/md0/md/dev-nvme2n1/block/device/nvme2n1/holders/md0/md/rd1/block/mq/7 HTTP/1.1" 200 3422 "-" "Amazon CloudFront"
64.252.66.102 - - [04/Sep/2026:05:29:43 +0000] "GET /?path=//sys/bus/memory/devices/memory1/node0/memory7/node0/cpu1/subsystem/drivers/processor/cpu5/firmware_node/subsystem/devices/PNP0A03:00/physical_node/firmware_node/physical_node/0000:00:1e.0/driver/module/drivers/pci:nvme/0000:00:1e.0/nvme/nvme1/nvme1n1/holders/md0/slaves/nvme1n1/holders/md0/md/dev-nvme2n1/block/device/device/nvme/nvme2/nvme2n1/power HTTP/1.1" 200 3554 "-" "Amazon CloudFront"
64.252.67.52 - - [04/Sep/2026:05:29:47 +0000] "GET /products/detail/208628339?path=//sys/bus/node/devices/node0/cpu1/driver/cpu7/driver/cpu2/node0/cpu4/firmware_node/thermal_cooling/device/physical_node/firmware_node/subsystem/devices/PNP0A03:00/device:20/physical_node/nvme/nvme1/nvme1n1/subsystem/md0/md/rd1/block/holders/md0/md/rd1/block/mq/1 HTTP/1.1" 200 3360 "-" "Amazon CloudFront"
64.252.67.164 - - [04/Sep/2026:05:29:52 +0000] "GET /?path=//sys/bus/memory/devices/memory1/node0/memory30/node0/cpu6/firmware_node/subsystem/devices/device:21/physical_node/driver/module/drivers/pci:nvme/0000:00:1f.0/driver/0000:00:1f.0/firmware_node/physical_node/nvme/nvme2/subsystem/nvme1/nvme1n1/holders/md0/md/dev-nvme1n1/block/holders/md0/md/rd0/block/device/device/nvme/nvme1/nvme1n1/mq/0 HTTP/1.1" 200 3503 "-" "Amazon CloudFront"
64.252.66.102 - - [04/Sep/2026:05:29:56 +0000] "GET /products/detail/208628339?path=//sys/bus/node/devices/node0/cpu1/driver/cpu7/driver/cpu2/node0/cpu4/firmware_node/thermal_cooling/device/physical_node/firmware_node/subsystem/devices/PNP0A03:00/device:20/physical_node/nvme/nvme1/nvme1n1/subsystem/md0/md/rd1/block/holders/md0/md/rd1/block/mq/7 HTTP/1.1" 200 3404 "-" "Amazon CloudFront"
64.252.67.52 - - [04/Sep/2026:05:30:00 +0000] "GET /?path=//sys/bus/memory/devices/memory1/node0/memory7/node0/cpu1/subsystem/drivers/processor/cpu5/firmware_node/subsystem/devices/PNP0A03:00/physical_node/firmware_node/physical_node/0000:00:1e.0/driver/module/drivers/pci:nvme/0000:00:1e.0/nvme/nvme1/nvme1n1/holders/md0/slaves/nvme1n1/holders/md0/md/dev-nvme2n1/block/device/device/nvme/nvme2/nvme2n1/bdi HTTP/1.1" 200 3670 "-" "Amazon CloudFront"
64.252.66.102 - - [04/Sep/2026:05:30:03 +0000] "GET /products/detail/208628339?path=//sys/bus/node/devices/node0/cpu1/driver/cpu7/driver/cpu2/node0/cpu4/firmware_node/subsystem/devices/PNP0A03:00/device:06/physical_node/firmware_node/physical_node/nvme/nvme0/nvme0n1/device/nvme0n1/subsystem/nvme1n1/holders/md0/md/rd0/block/holders/md0/slaves/nvme1n1/power HTTP/1.1" 200 3458 "-" "Amazon CloudFront"
64.252.66.61 - - [04/Sep/2026:05:30:08 +0000] "GET /?path=//sys/bus/memory/devices/memory1/node0/memory30/node0/cpu6/firmware_node/subsystem/devices/device:21/physical_node/driver/module/drivers/pci:nvme/0000:00:1e.0/driver/0000:00:04.0/firmware_node/physical_node/subsystem/drivers/nvme/0000:00:1f.0/nvme/nvme2/nvme2n1/device/nvme2n1/holders/md0/slaves/nvme1n1/holders/md0/slaves/nvme1n1/mq/4 HTTP/1.1" 200 3490 "-" "Amazon CloudFront"
64.252.66.61 - - [04/Sep/2026:05:30:10 +0000] "GET /?fileloc=//sys/class/net/eth0/statistics/tx_compressed&path=//sys/class/net/eth0/statistics HTTP/1.1" 200 2587 "-" "Amazon CloudFront"
64.252.66.102 - - [04/Sep/2026:05:30:12 +0000] "GET /?path=//sys/bus/memory/devices/memory1/node0/memory30/node0/cpu6/firmware_node/subsystem/devices/device:21/physical_node/driver/module/drivers/pci:nvme/0000:00:1e.0/driver/0000:00:04.0/firmware_node/physical_node/subsystem/drivers/nvme/0000:00:1f.0/nvme/nvme2/nvme2n1/device/nvme2n1/holders/md0/slaves/nvme1n1/holders/md0/slaves/nvme1n1/mq/1 HTTP/1.1" 200 3489 "-" "Amazon CloudFront"
64.252.67.164 - - [04/Sep/2026:05:30:16 +0000] "GET /?path=//sys/bus/memory/devices/memory1/node0/memory30/node0/cpu6/firmware_node/subsystem/devices/device:21/physical_node/driver/module/drivers/pci:nvme/0000:00:1e.0/driver/0000:00:04.0/firmware_node/physical_node/subsystem/drivers/nvme/0000:00:1f.0/nvme/nvme2/nvme2n1/device/nvme2n1/holders/md0/slaves/nvme1n1/holders/md0/md/rd1/block/trace HTTP/1.1" 200 3535 "-" "Amazon CloudFront"
64.252.67.164 - - [04/Sep/2026:05:30:20 +0000] "GET /?path=//sys/bus/acpi/devices/LNXCPU:06/physical_node/node0/memory21/node0/cpu0/subsystem/drivers/processor/cpu6/firmware_node/subsystem/devices/device:06/physical_node/driver/0000:00:04.0/driver/0000:00:1e.0/nvme/nvme1/nvme1n1/holders/md0/md/dev-nvme1n1/block/holders/md0/md/rd0/block/device/device/nvme/nvme1/nvme1n1/mq/5 HTTP/1.1" 200 3489 "-" "Amazon CloudFront"
64.252.66.61 - - [04/Sep/2026:05:30:24 +0000] "GET /products/detail/208628339?path=//sys/bus/node/devices/node0/cpu1/driver/cpu7/driver/cpu2/node0/cpu1/firmware_node/thermal_cooling/device/physical_node/firmware_node/subsystem/devices/device:06/physical_node/nvme/nvme0/nvme0n1/nvme0n1p128/subsystem/nvme2n1/holders/md0/md/rd0/block/holders/md0/md/rd1 HTTP/1.1" 200 3741 "-" "Amazon CloudFront"
64.252.66.102 - - [04/Sep/2026:05:30:28 +0000] "GET /?fileloc=//sys/class/input/input4/uevent&path=//sys/class/input/input4 HTTP/1.1" 200 2686 "-" "Amazon CloudFront"
64.252.66.102 - - [04/Sep/2026:05:30:29 +0000] "GET /products/detail/208628339?path=//sys/bus/node/devices/node0/cpu1/driver/cpu7/driver/cpu2/node0/cpu4/firmware_node/thermal_cooling/device/thermal_cooling/device/subsystem/devices/PNP0A03:00/physical_node/0000:00:04.0/nvme/nvme0/nvme0n1/nvme0n1p1/subsystem/nvme2n1/holders/md0/slaves/nvme1n1/holders/md0/slaves/nvme1n1/mq/0 HTTP/1.1" 200 3422 "-" "Amazon CloudFront"
64.252.67.164 - - [04/Sep/2026:05:30:30 +0000] "GET /?fileloc=//sys/class/net/lo/flags&path=//sys/class/net/lo HTTP/1.1" 200 2568 "-" "Amazon CloudFront"
64.252.67.52 - - [04/Sep/2026:05:30:32 +0000] "GET /?path=//sys/class/thermal/cooling_device3/device/physical_node/node0/memory0/node0/cpu0/firmware_node/subsystem/devices/device:02/QEMU0001:00/subsystem/devices/LNXSYBUS:00/PNP0A03:00/physical_node/0000:00:1f.0/driver/module/drivers/pci:nvme/0000:00:1e.0/driver/module/drivers/pci:nvme/0000:00:1e.0/nvme/nvme1/nvme1n1/device/nvme1n1/holders/md0/md/dev-nvme1n1/block/holders/md0/slaves/nvme2n1/mq/0 HTTP/1.1" 200 3582 "-" "Amazon CloudFront"
64.252.67.164 - - [04/Sep/2026:05:30:35 +0000] "GET /products/detail/208628339?path=//sys/bus/node/devices/node0/cpu1/driver/cpu7/driver/cpu2/node0/cpu4/firmware_node/subsystem/devices/PNP0A03:00/physical_node/0000:00:04.0/firmware_node/physical_node/nvme/nvme0/device/nvme/nvme0/subsystem/nvme2/nvme2n1/holders/md0/md/rd0/block/holders/md0/slaves/nvme1n1/power HTTP/1.1" 200 3474 "-" "Amazon CloudFront"
64.252.67.164 - - [04/Sep/2026:05:30:40 +0000] "GET /?path=//sys/class/thermal/cooling_device3/device/physical_node/node0/memory28/node0/cpu5/firmware_node/subsystem/devices/PNP0A03:00/physical_node/pci_bus/0000:00/device/0000:00:01.0/subsystem/drivers/nvme/module/drivers/pci:nvme/0000:00:04.0/driver/0000:00:1f.0/driver/0000:00:1e.0/firmware_node HTTP/1.1" 200 3542 "-" "Amazon CloudFront"
64.252.66.102 - - [04/Sep/2026:05:30:44 +0000] "GET /products/detail/208628339?path=//sys/bus/node/devices/node0/cpu1/driver/cpu7/driver/cpu2/node0/cpu4/firmware_node/subsystem/devices/PNP0A03:00/device:21/physical_node/nvme/nvme2/device/nvme/nvme2/nvme2n1/holders/md0/md/dev-nvme2n1/block/subsystem/md0/slaves/nvme1n1/mq/5/cpu5 HTTP/1.1" 200 2935 "-" "Amazon CloudFront"
64.252.66.61 - - [04/Sep/2026:05:30:48 +0000] "GET /?path=//sys/bus/node/devices/node0/memory2/node0/cpu4/driver/cpu1/driver/cpu2/subsystem/drivers/processor/cpu2/firmware_node/physical_node/firmware_node/subsystem/devices/LNXSYBUS:00/PNP0A03:00/physical_node/0000:00:1f.0/nvme/nvme2/nvme2n1/holders/md0/md/dev-nvme1n1/block/holders/md0/md/dev-nvme1n1/block/device/nvme1n1/mq/6/cpu6 HTTP/1.1" 200 3028 "-" "Amazon CloudFront"
64.252.67.52 - - [04/Sep/2026:05:30:52 +0000] "GET /products/detail/208628339?path=//sys/bus/node/devices/node0/cpu1/driver/cpu7/driver/cpu2/node0/cpu4/firmware_node/thermal_cooling/device/physical_node/firmware_node/thermal_cooling/device/subsystem/devices/PNP0A03:00/device:05/physical_node/subsystem/drivers/nvme/0000:00:1e.0/nvme/nvme1/nvme1n1/holders/md0/md/rd1/block/slaves HTTP/1.1" 200 2985 "-" "Amazon CloudFront"
64.252.67.52 - - [04/Sep/2026:05:30:56 +0000] "GET /products/detail/208628339?path=//sys/bus/node/devices/node0/cpu1/driver/cpu7/driver/cpu2/node0/cpu1/firmware_node/thermal_cooling/device/physical_node/firmware_node/subsystem/devices/device:06/physical_node/nvme/nvme0/nvme0n1/nvme0n1p1/subsystem/md0/md/rd1/block/holders/md0/md/rd1/block/slaves HTTP/1.1" 200 2924 "-" "Amazon CloudFront"
64.252.67.164 - - [04/Sep/2026:05:30:58 +0000] "GET /?path=//s3/f75bf04088964924b004465536090d8a/wordpress/wp-content/uploads/2021 HTTP/1.1" 200 3249 "-" "Amazon CloudFront"
64.252.66.102 - - [04/Sep/2026:05:30:59 +0000] "GET /products/detail/208628339?path=//sys/bus/node/devices/node0/cpu1/driver/cpu7/driver/cpu2/node0/cpu4/firmware_node/subsystem/devices/PNP0A03:00/physical_node/firmware_node/physical_node/0000:00:05.0/subsystem/drivers/nvme/0000:00:1f.0/nvme/nvme2/nvme2n1/holders/md0/md/rd0/block/holders/md0/slaves/nvme1n1/device/power HTTP/1.1" 200 3486 "-" "Amazon CloudFront"
64.252.66.61 - - [04/Sep/2026:05:31:04 +0000] "GET /products/detail/208628339?path=//sys/bus/node/devices/node0/cpu1/driver/cpu7/driver/cpu2/node0/cpu1/firmware_node/thermal_cooling/device/physical_node/firmware_node/subsystem/devices/PNP0A03:00/physical_node/0000:00:1e.0/nvme/nvme1/nvme1n1/holders/md0/slaves/nvme2n1/holders/md0/md/dev-nvme2n1/block/device/nvme2n1 HTTP/1.1" 200 4261 "-" "Amazon CloudFront"
64.252.66.102 - - [04/Sep/2026:05:31:07 +0000] "GET /products/detail/208628339?path=//sys/bus/node/devices/node0/cpu1/driver/cpu7/driver/cpu2/node0/cpu4/firmware_node/thermal_cooling/device/physical_node/firmware_node/subsystem/devices/PNP0A03:00/device:20/physical_node/nvme/nvme1/nvme1n1/subsystem/md0/md/rd1/block/holders/md0/md/rd1/block/mq/2 HTTP/1.1" 200 3361 "-" "Amazon CloudFront"
64.252.66.61 - - [04/Sep/2026:05:31:11 +0000] "GET /?path=//sys/bus/memory/devices/memory1/node0/memory30/node0/cpu6/firmware_node/subsystem/devices/device:21/physical_node/driver/module/drivers/pci:nvme/0000:00:1e.0/driver/0000:00:04.0/firmware_node/physical_node/subsystem/drivers/nvme/0000:00:1f.0/nvme/nvme2/nvme2n1/device/nvme2n1/holders/md0/slaves/nvme1n1/holders/md0/slaves/nvme1n1/mq/3 HTTP/1.1" 200 3490 "-" "Amazon CloudFront"
64.252.66.61 - - [04/Sep/2026:05:31:15 +0000] "GET /products/detail/208628339?path=//sys/bus/node/devices/node0/cpu1/driver/cpu7/driver/cpu2/node0/cpu1/firmware_node/thermal_cooling/subsystem/cooling_device1/device/subsystem/devices/LNXSYSTM:00/LNXSYBUS:00/PNP0A03:00/physical_node/0000:00:1f.0/nvme/nvme2/nvme2n1/holders/md0/slaves/nvme1n1/device/nvme1n1/holders/md0/slaves/nvme2n1/mq/3 HTTP/1.1" 200 3451 "-" "Amazon CloudFront"
64.252.66.102 - - [04/Sep/2026:05:31:20 +0000] "GET /products/detail/208628339?path=//sys/bus/node/devices/node0/cpu1/driver/cpu7/driver/cpu2/node0/cpu1/firmware_node/thermal_cooling/subsystem/cooling_device1/device/subsystem/devices/LNXSYSTM:00/LNXSYBUS:00/PNP0A03:00/physical_node/0000:00:1f.0/nvme/nvme2/nvme2n1/holders/md0/md/rd1/block/device/nvme2n1/holders/md0/md/rd1 HTTP/1.1" 200 3790 "-" "Amazon CloudFront"
64.252.67.164 - - [04/Sep/2026:05:31:24 +0000] "GET /products/detail/208628339?path=//sys/bus/node/devices/node0/cpu1/driver/cpu7/driver/cpu2/node0/cpu1/firmware_node/thermal_cooling/subsystem/cooling_device1/device/physical_node/firmware_node/subsystem/devices/PNP0A03:00/device:20/physical_node/nvme/nvme1/nvme1n1/holders/md0/md/rd1/block/holders/md0/md/dev-nvme1n1/block/device HTTP/1.1" 200 3920 "-" "Amazon CloudFront"
64.252.66.102 - - [04/Sep/2026:05:31:28 +0000] "GET /products/detail/208628339?path=//sys/bus/node/devices/node0/cpu1/driver/cpu7/driver/cpu2/node0/cpu4/firmware_node/subsystem/devices/device:06/physical_node/nvme/nvme0/nvme0n1/subsystem/md0/slaves/nvme1n1/device/device/nvme/nvme1/nvme1n1/holders/md0/md/rd0/block/mq/0 HTTP/1.1" 200 3359 "-" "Amazon CloudFront"
64.252.66.61 - - [04/Sep/2026:05:31:32 +0000] "GET /products/detail/208628339?path=//sys/bus/node/devices/node0/cpu1/driver/cpu7/driver/cpu2/node0/cpu4/firmware_node/subsystem/devices/device:06/physical_node/nvme/nvme0/nvme0n1/subsystem/md0/slaves/nvme1n1/device/device/nvme/nvme1/nvme1n1/holders/md0/md/rd0/block/mq/5 HTTP/1.1" 200 3360 "-" "Amazon CloudFront"
64.252.66.61 - - [04/Sep/2026:05:31:35 +0000] "GET /?path=//sys/class/thermal/cooling_device3/device/physical_node/node0/memory28/node0/cpu5/firmware_node/subsystem/devices/PNP0A03:00/physical_node/pci_bus/0000:00/device/0000:00:1f.0/driver/module/drivers/pci:nvme/0000:00:1f.0/driver/0000:00:1e.0/firmware_node/subsystem/devices/PNP0501:00 HTTP/1.1" 200 3564 "-" "Amazon CloudFront"
64.252.67.164 - - [04/Sep/2026:05:31:40 +0000] "GET /products/detail/208628339?path=//sys/bus/node/devices/node0/cpu1/driver/cpu7/driver/cpu2/node0/cpu4/firmware_node/subsystem/devices/PNP0A03:00/device:06/physical_node/firmware_node/physical_node/nvme/nvme0/nvme0n1/device/nvme0n1/subsystem/md0/md/rd1/block/device/nvme2n1/holders/md0/md/dev-nvme2n1/block/bdi HTTP/1.1" 200 3566 "-" "Amazon CloudFront"
64.252.66.102 - - [04/Sep/2026:05:31:43 +0000] "GET /?path=//sys/class/thermal/cooling_device3/device/physical_node/node0/memory0/node0/cpu0/firmware_node/subsystem/devices/device:17/subsystem/devices/device:06/physical_node/nvme/nvme0/device/driver/module/drivers/pci:nvme/0000:00:1e.0/driver/module/drivers/pci:nvme/0000:00:1e.0/nvme/nvme1/nvme1n1/holders/md0/md/dev-nvme2n1/block/holders/md0/slaves/nvme1n1 HTTP/1.1" 200 4417 "-" "Amazon CloudFront"
64.252.67.164 - - [04/Sep/2026:05:31:47 +0000] "GET /?fileloc=//s3/f75bf04088964924b004465536090d8a/wordpress/wp-content/uploads/2024/02/%E4%B8%89%E7%94%B0%E5%B0%BB%E7%97%85%E9%99%A2_%E8%83%BD%E7%99%BB%E5%9C%B0%E9%9C%872-815x1024.jpg&path=//s3/f75bf04088964924b004465536090d8a/wordpress/wp-content/uploads/2024/02 HTTP/1.1" 200 2684 "-" "Amazon CloudFront"
64.252.66.61 - - [04/Sep/2026:05:31:48 +0000] "GET /products/detail/208628339?path=//sys/bus/node/devices/node0/cpu1/driver/cpu7/driver/cpu2/node0/cpu4/firmware_node/subsystem/devices/PNP0A03:00/physical_node/0000:00:04.0/firmware_node/physical_node/nvme/nvme0/nvme0n1/nvme0n1p128/subsystem/nvme2n1/holders/md0/md/rd0/block/holders/md0/md/rd1/block/bdi HTTP/1.1" 200 3578 "-" "Amazon CloudFront"
64.252.67.52 - - [04/Sep/2026:05:31:51 +0000] "GET /products/detail/56410652 HTTP/1.1" 200 4265 "-" "Amazon CloudFront"
64.252.67.164 - - [04/Sep/2026:05:31:52 +0000] "GET /?path=//sys/class/thermal/cooling_device3/device/physical_node/node0/memory28/node0/cpu5/firmware_node/subsystem/devices/PNP0A03:00/physical_node/pci_bus/0000:00/device/0000:00:1e.0/driver/0000:00:1f.0/nvme/nvme2/nvme2n1/subsystem/nvme1n1/holders/md0/md/dev-nvme2n1/block/mq/5 HTTP/1.1" 200 3409 "-" "Amazon CloudFront"
64.252.66.102 - - [04/Sep/2026:05:31:56 +0000] "GET /?path=//sys/class/thermal/cooling_device3/device/physical_node/node0/memory28/node0/cpu5/firmware_node/subsystem/devices/PNP0A03:00/physical_node/pci_bus/0000:00/device/0000:00:1f.0/driver/module/drivers/pci:nvme/0000:00:1f.0/driver/0000:00:1e.0/firmware_node/subsystem/devices/PNP0B00:00 HTTP/1.1" 200 3497 "-" "Amazon CloudFront"
64.252.67.164 - - [04/Sep/2026:05:32:00 +0000] "GET /?path=//sys/class/thermal/cooling_device3/device/physical_node/node0/memory28/node0/cpu5/firmware_node/subsystem/devices/PNP0A03:00/physical_node/pci_bus/0000:00/device/0000:00:1f.0/driver/module/drivers/pci:nvme/0000:00:1f.0/driver/0000:00:1e.0/firmware_node/subsystem/devices/device:1a HTTP/1.1" 200 3509 "-" "Amazon CloudFront"
64.252.67.52 - - [04/Sep/2026:05:32:04 +0000] "GET /products/detail/208628339?path=//sys/bus/node/devices/node0/cpu1/driver/cpu7/driver/cpu2/node0/cpu4/firmware_node/subsystem/devices/PNP0A03:00/device:06/physical_node/nvme/nvme0/nvme0n1/nvme0n1p1/subsystem/md0/slaves/nvme2n1/device/nvme2n1/holders/md0/md/rd1/block/mq/7/cpu7 HTTP/1.1" 200 2931 "-" "Amazon CloudFront"
64.252.67.164 - - [04/Sep/2026:05:32:08 +0000] "GET /products/detail/208628339?path=//sys/bus/node/devices/node0/cpu1/driver/cpu7/driver/cpu2/node0/cpu4/firmware_node/thermal_cooling/device/physical_node/firmware_node/thermal_cooling/device/subsystem/devices/device:20/physical_node/nvme/nvme1/subsystem/nvme1/nvme1n1/holders/md0/slaves/nvme1n1/holders/md0/slaves/nvme2n1/mq/2 HTTP/1.1" 200 3403 "-" "Amazon CloudFront"
64.252.67.164 - - [04/Sep/2026:05:32:12 +0000] "GET /products/detail/208628339?path=//sys/bus/node/devices/node0/cpu1/driver/cpu7/driver/cpu2/node0/cpu4/firmware_node/subsystem/devices/PNP0A03:00/device:21/physical_node/nvme/nvme2/device/nvme/nvme2/nvme2n1/subsystem/nvme2n1/holders/md0/slaves/nvme1n1/device/nvme1n1/holders/md0/md/dev-nvme1n1/block HTTP/1.1" 200 4241 "-" "Amazon CloudFront"
64.252.66.102 - - [04/Sep/2026:05:32:15 +0000] "GET /?path=//sys/class/thermal/cooling_device3/device/physical_node/node0/memory28/node0/cpu5/firmware_node/subsystem/devices/PNP0A03:00/physical_node/pci_bus/0000:00/device/0000:00:1f.0/driver/module/drivers/pci:nvme/0000:00:1f.0/driver/0000:00:1e.0/firmware_node/subsystem/devices/device:15 HTTP/1.1" 200 3509 "-" "Amazon CloudFront"
64.252.67.52 - - [04/Sep/2026:05:32:20 +0000] "GET /?path=//sys/class/thermal/cooling_device3/device/physical_node/node0/memory28/node0/cpu5/firmware_node/subsystem/devices/LNXSYSTM:00/LNXSYBUS:00/PNP0A03:00/physical_node/0000:00:04.0/driver/0000:00:1e.0/nvme/nvme1/device/driver/module/drivers/pci:nvme/0000:00:04.0/nvme/nvme0/nvme0n1/subsystem/nvme2n1/holders/md0/md/rd1/block/holders/md0/md/dev-nvme1n1/block/queue HTTP/1.1" 200 4973 "-" "Amazon CloudFront"
64.252.70.102 - - [04/Sep/2026:05:32:23 +0000] "GET /products/detail/188911703?path=/var/www/volumes/bc91eb4aa3e44757b028cbf9c6434181 HTTP/1.1" 200 2643 "-" "Amazon CloudFront"
64.252.66.61 - - [04/Sep/2026:05:32:24 +0000] "GET /?path=//sys/bus/memory/devices/memory1/node0/memory30/node0/cpu6/firmware_node/subsystem/devices/device:21/physical_node/driver/module/drivers/pci:nvme/0000:00:1e.0/nvme/nvme1/device/firmware_node/physical_node/driver/0000:00:04.0/nvme/nvme0/subsystem/nvme1/nvme1n1/holders/md0/md/rd0/block/device/nvme1n1/holders/md0/slaves/nvme2n1/mq/6 HTTP/1.1" 200 3509 "-" "Amazon CloudFront"
64.252.67.52 - - [04/Sep/2026:05:32:28 +0000] "GET /?path=//sys/class/thermal/cooling_device3/device/physical_node/node0/cpu1/driver/cpu0/node0/cpu2/firmware_node/subsystem/devices/PNP0303:00/subsystem/devices/LNXSYBUS:00/PNP0A03:00/physical_node/0000:00:1f.0/nvme/nvme2/device/driver/0000:00:1e.0/nvme/nvme1/nvme1n1/holders/md0/slaves/nvme2n1/holders/md0/md/rd1/block/mq/4/cpu4 HTTP/1.1" 200 3048 "-" "Amazon CloudFront"
