64.252.66.102 - - [04/Sep/2026:09:21:32 +0000] "GET /?path=//sys/class/thermal/cooling_device3/device/physical_node/node0/memory28/node0/cpu5/firmware_node/subsystem/devices/PNP0A03:00/physical_node/pci_bus/0000:00/device/0000:00:1e.0/driver/module/drivers/pci:nvme/0000:00:04.0/driver/0000:00:1e.0/firmware_node/subsystem/devices/PNP0501:00 HTTP/1.1" 200 3563 "-" "Amazon CloudFront"
64.252.68.74 - - [04/Sep/2026:09:21:32 +0000] "GET /products/detail/133971319 HTTP/1.1" 200 4265 "-" "Amazon CloudFront"
64.252.66.61 - - [04/Sep/2026:09:21:36 +0000] "GET /?path=//sys/class/thermal/cooling_device3/device/physical_node/node0/cpu0/node0/cpu4/firmware_node/subsystem/devices/LNXSYSTM:00/LNXSYBUS:01/subsystem/devices/PNP0A03:00/physical_node/0000:00:1e.0/driver/module/drivers/pci:nvme/module/drivers/pci:nvme/0000:00:1e.0/driver/0000:00:1f.0/nvme/nvme2/device/nvme/nvme2/nvme2n1/holders/md0/md/rd0/block/holders/md0/md HTTP/1.1" 200 4332 "-" "Amazon CloudFront"
64.252.66.102 - - [04/Sep/2026:09:21:40 +0000] "GET /products/detail/208628339?path=//sys/bus/node/devices/node0/cpu1/driver/cpu7/driver/cpu2/node0/cpu4/firmware_node/subsystem/devices/PNP0A03:00/device:20/physical_node/firmware_node/physical_node/nvme/nvme1/subsystem/nvme2/device/nvme/nvme2/nvme2n1/device/nvme2n1/holders/md0/md/dev-nvme1n1/block/mq HTTP/1.1" 200 3439 "-" "Amazon CloudFront"
64.252.68.74 - - [04/Sep/2026:09:21:43 +0000] "GET /products/detail/181796743 HTTP/1.1" 200 4135 "-" "Amazon CloudFront"
64.252.66.61 - - [04/Sep/2026:09:21:44 +0000] "GET /?path=//sys/class/thermal/cooling_device3/device/physical_node/node0/memory28/node0/cpu5/firmware_node/subsystem/devices/PNP0A03:00/physical_node/pci_bus/0000:00/device/0000:00:1e.0/driver/module/drivers/pci:nvme/0000:00:1f.0/driver/0000:00:1e.0/firmware_node/subsystem/devices/LNXCPU:06/thermal_cooling/power HTTP/1.1" 200 3464 "-" "Amazon CloudFront"
64.252.66.102 - - [04/Sep/2026:09:21:48 +0000] "GET /?path=//sys/class/thermal/cooling_device3/device/physical_node/node0/memory28/node0/cpu5/firmware_node/subsystem/devices/PNP0A03:00/physical_node/pci_bus/0000:00/device/0000:00:1e.0/driver/module/drivers/pci:nvme/0000:00:04.0/driver/0000:00:1e.0/firmware_node/subsystem/devices/device:00 HTTP/1.1" 200 3406 "-" "Amazon CloudFront"
64.252.66.102 - - [04/Sep/2026:09:21:51 +0000] "GET /?path=//sys/module/libcrc32c HTTP/1.1" 200 3218 "-" "Amazon CloudFront"
64.252.66.61 - - [04/Sep/2026:09:21:52 +0000] "GET /products/detail/208628339?path=//sys/bus/node/devices/node0/cpu1/driver/cpu7/driver/cpu2/node0/cpu4/firmware_node/thermal_cooling/device/physical_node/firmware_node/thermal_cooling/device/subsystem/devices/LNXSYSTM:00/LNXSYBUS:00/PNP0A03:00/device:21/physical_node/nvme/nvme2/nvme2n1/holders/md0/md/rd0/block/holders/md0/md/rd0/block/integrity HTTP/1.1" 200 3582 "-" "Amazon CloudFront"
64.252.68.74 - - [04/Sep/2026:09:21:56 +0000] "GET /?path=//sys/class/thermal/cooling_device3/device/physical_node/node0/memory28/node0/cpu5/firmware_node/subsystem/devices/PNP0A03:00/physical_node/pci_bus/0000:00/device/0000:00:04.0/driver/0000:00:04.0/driver/module/drivers/pci:nvme/0000:00:1e.0/firmware_node/subsystem/devices HTTP/1.1" 200 5223 "-" "Amazon CloudFront"
64.252.67.164 - - [04/Sep/2026:09:22:00 +0000] "GET /?path=//sys/class/thermal/cooling_device3/device/physical_node/node0/memory0/node0/cpu0/firmware_node/subsystem/devices/device:02/QEMU0001:00/subsystem/devices/LNXSYBUS:00/PNP0A03:00/physical_node/0000:00:1f.0/driver/module/drivers/pci:nvme/0000:00:1e.0/nvme/nvme1/device/driver/module/drivers/pci:nvme/0000:00:1f.0/nvme/nvme2/nvme2n1/holders/md0/slaves/nvme2n1/holders/md0/slaves/nvme1n1/mq/5/cpu5 HTTP/1.1" 200 3103 "-" "Amazon CloudFront"
64.252.66.102 - - [04/Sep/2026:09:22:04 +0000] "GET /products/detail/208628339?path=//sys/bus/node/devices/node0/cpu1/driver/cpu7/driver/cpu2/node0/cpu1/firmware_node/thermal_cooling/device/physical_node/firmware_node/subsystem/devices/LNXSYBUS:00/PNP0A03:00/device:07/physical_node/net/eth0/device/subsystem/drivers/nvme/0000:00:04.0/nvme/nvme0/nvme0n1/bdi/power HTTP/1.1" 200 3453 "-" "Amazon CloudFront"
64.252.66.102 - - [04/Sep/2026:09:22:08 +0000] "GET /?fileloc=//sys/class/net/lo/subsystem/lo/tx_queue_len&path=//sys/class/net/lo/subsystem/lo HTTP/1.1" 200 2589 "-" "Amazon CloudFront"
64.252.66.61 - - [04/Sep/2026:09:22:10 +0000] "GET /?path=//sys/class/thermal/cooling_device3/device/physical_node/node0/memory28/node0/cpu5/firmware_node/subsystem/devices/PNP0A03:00/physical_node/pci_bus/0000:00/device/firmware_node/device:1d/subsystem/devices/LNXSYSTM:00/LNXSLPBN:00/driver/LNXPWRBN:00/driver/LNXSLPBN:00/input HTTP/1.1" 200 3179 "-" "Amazon CloudFront"
64.252.66.102 - - [04/Sep/2026:09:22:12 +0000] "GET /products/detail/208628339?path=//sys/bus/node/devices/node0/cpu1/driver/cpu7/driver/cpu2/node0/cpu4/firmware_node/subsystem/devices/PNP0A03:00/physical_node/0000:00:04.0/firmware_node/physical_node/nvme/nvme0/device/nvme/nvme0/nvme0n1/nvme0n1p128/subsystem/md0/md/rd1/block/holders/md0/slaves/nvme1n1/mq/6/cpu6 HTTP/1.1" 200 2981 "-" "Amazon CloudFront"
64.252.68.74 - - [04/Sep/2026:09:22:13 +0000] "GET /?fileloc=//etc/sysconfig/network-scripts/ifup-sit&path=//etc/sysconfig/network-scripts HTTP/1.1" 200 3827 "-" "Amazon CloudFront"
64.252.66.102 - - [04/Sep/2026:09:22:17 +0000] "GET /products/detail/208628339?path=//sys/bus/node/devices/node0/cpu1/driver/cpu7/driver/cpu2/node0/cpu4/firmware_node/thermal_cooling/device/physical_node/firmware_node/thermal_cooling/device/subsystem/devices/LNXSYSTM:00/LNXSYBUS:00/PNP0A03:00/physical_node/0000:00:1f.0/nvme/nvme2/subsystem/nvme1/nvme1n1/holders/md0/md/rd0/block/holders/md0/slaves/nvme1n1 HTTP/1.1" 200 4424 "-" "Amazon CloudFront"
64.252.68.74 - - [04/Sep/2026:09:22:20 +0000] "GET /products/detail/208628339?path=//sys/bus/node/devices/node0/cpu1/driver/cpu7/driver/cpu2/node0/cpu4/firmware_node/subsystem/devices/PNP0A03:00/physical_node/0000:00:04.0/nvme/nvme0/nvme0n1/subsystem/nvme1n1/holders/md0/md/rd0/block/device/device/firmware_node/physical_node/nvme/nvme1/nvme1n1/mq/7/cpu7 HTTP/1.1" 200 2969 "-" "Amazon CloudFront"
64.252.66.61 - - [04/Sep/2026:09:22:24 +0000] "GET /?path=//sys/bus/memory/devices/memory5/node0/memory27/node0/cpu3/driver/cpu1/subsystem/drivers/processor/cpu0/driver/cpu2/firmware_node/subsystem/devices/PNP0A03:00/physical_node/firmware_node/physical_node/0000:00:1f.0/nvme/nvme2/nvme2n1/holders/md0/md/rd0/block/holders/md0/md/rd0/block/device/device/nvme/nvme1/nvme1n1/mq/4/cpu4 HTTP/1.1" 200 3043 "-" "Amazon CloudFront"
64.252.66.102 - - [04/Sep/2026:09:22:28 +0000] "GET /products/detail/47417309?fileloc=//tmp/sess_3sd0psomsuedo14br3q165ouq6&path=//tmp HTTP/1.1" 200 2557 "-" "Amazon CloudFront"
64.252.66.61 - - [04/Sep/2026:09:22:30 +0000] "GET /?path=//run HTTP/1.1" 200 4423 "-" "Amazon CloudFront"
64.252.68.74 - - [04/Sep/2026:09:22:31 +0000] "GET /products/detail/182678743 HTTP/1.1" 200 4265 "-" "Amazon CloudFront"
64.252.66.61 - - [04/Sep/2026:09:22:32 +0000] "GET /products/detail/259616147?fileloc=//tmp/sess_vtmjullsv26b0e3r0luee04pa3&path=//tmp HTTP/1.1" 200 2557 "-" "Amazon CloudFront"
64.252.68.74 - - [04/Sep/2026:09:22:36 +0000] "GET /?path=//sys/class/thermal/cooling_device3/device/physical_node/node0/cpu0/node0/cpu4/firmware_node/subsystem/devices/LNXSYSTM:00/LNXSYBUS:01/subsystem/devices/PNP0A03:00/physical_node/0000:00:1e.0/driver/module/drivers/pci:nvme/module/drivers/pci:nvme/0000:00:1e.0/driver/0000:00:1f.0/nvme/nvme2/device/nvme/nvme2/nvme2n1/holders/md0/md/rd0/block/mq/5/cpu5 HTTP/1.1" 200 3056 "-" "Amazon CloudFront"
64.252.68.74 - - [04/Sep/2026:09:22:40 +0000] "GET /products/detail/208628339?path=//sys/bus/node/devices/node0/cpu1/driver/cpu7/driver/cpu2/node0/cpu1/firmware_node/thermal_cooling/device/physical_node/firmware_node/subsystem/devices/device:06/physical_node/nvme/nvme0/nvme0n1/nvme0n1p1/subsystem/md0/md/rd1/block/device/nvme2n1/holders/md0/queue HTTP/1.1" 200 4673 "-" "Amazon CloudFront"
64.252.68.74 - - [04/Sep/2026:09:22:44 +0000] "GET /?path=//sys/class/thermal/cooling_device3/device/physical_node/node0/memory28/node0/cpu5/firmware_node/subsystem/devices/PNP0A03:00/physical_node/pci_bus/0000:00/device/0000:00:1e.0/driver/module/drivers/pci:nvme/0000:00:04.0/driver/0000:00:1e.0/firmware_node/subsystem/devices/device:09 HTTP/1.1" 200 3508 "-" "Amazon CloudFront"
64.252.66.61 - - [04/Sep/2026:09:22:46 +0000] "GET /?fileloc=//sys/module/evdev/refcnt&path=//sys/module/evdev HTTP/1.1" 200 2565 "-" "Amazon CloudFront"
64.252.67.164 - - [04/Sep/2026:09:22:48 +0000] "GET /products/detail/208628339?path=//sys/bus/node/devices/node0/cpu1/driver/cpu7/driver/cpu2/node0/cpu1/firmware_node/thermal_cooling/device/physical_node/firmware_node/subsystem/devices/PNP0A03:00/device:02/physical_node/subsystem/drivers/nvme/0000:00:1f.0/nvme/nvme2/nvme2n1/holders/md0/slaves/nvme2n1/holders/md0/trace HTTP/1.1" 200 3442 "-" "Amazon CloudFront"
64.252.66.102 - - [04/Sep/2026:09:22:52 +0000] "GET /?path=//sys/bus/memory/devices/memory8/node0/cpu4/node0/cpu2/firmware_node/subsystem/devices/PNP0A03:00/physical_node/0000:00:05.0/net/eth0/device/driver/0000:00:05.0/net/eth0/device/firmware_node/physical_node/subsystem/drivers/nvme/0000:00:1e.0/driver/module/drivers/pci:nvme/0000:00:1e.0/nvme/nvme1/nvme1n1/holders/md0/slaves/nvme2n1/holders/md0 HTTP/1.1" 200 4312 "-" "Amazon CloudFront"
64.252.67.164 - - [04/Sep/2026:09:22:56 +0000] "GET /products/detail/208628339?path=//sys/bus/node/devices/node0/cpu1/driver/cpu7/driver/cpu2/node0/cpu4/firmware_node/subsystem/devices/PNP0A03:00/physical_node/0000:00:04.0/firmware_node/physical_node/nvme/nvme0/nvme0n1/nvme0n1p128/subsystem/md0/md/rd0/block/holders/md0/md/dev-nvme1n1/block/mq/6/cpu6 HTTP/1.1" 200 2970 "-" "Amazon CloudFront"
64.252.67.164 - - [04/Sep/2026:09:23:00 +0000] "GET /products/detail/47417309?fileloc=//tmp/sess_0kocunqnmbn6su5ro3uv6q253p&path=//tmp HTTP/1.1" 200 2556 "-" "Amazon CloudFront"
64.252.67.164 - - [04/Sep/2026:09:23:04 +0000] "GET /products/detail/208628339?path=//sys/bus/node/devices/node0/cpu1/driver/cpu7/driver/cpu2/node0/cpu4/firmware_node/subsystem/devices/PNP0A03:00/physical_node/0000:00:04.0/nvme/nvme0/nvme0n1/subsystem/nvme1n1/holders/md0/md/dev-nvme1n1/block/holders/md0/slaves/nvme2n1/device/nvme2n1/mq/7/cpu7 HTTP/1.1" 200 2949 "-" "Amazon CloudFront"
64.252.66.61 - - [04/Sep/2026:09:23:08 +0000] "GET /products/detail/208628339?path=//sys/bus/node/devices/node0/cpu1/driver/cpu7/driver/cpu2/node0/cpu4/firmware_node/subsystem/devices/PNP0A03:00/physical_node/0000:00:04.0/firmware_node/physical_node/nvme/nvme0/nvme0n1/nvme0n1p128/subsystem/md0/md/dev-nvme2n1/block/device/nvme2n1/holders/md0/slaves/nvme2n1/mq/5 HTTP/1.1" 200 3420 "-" "Amazon CloudFront"
64.252.66.61 - - [04/Sep/2026:09:23:08 +0000] "GET /?fileloc=//sys/class/thermal/cooling_device1/subsystem/cooling_device7/type&path=//sys/class/thermal/cooling_device1/subsystem/cooling_device7 HTTP/1.1" 200 2605 "-" "Amazon CloudFront"
64.252.66.61 - - [04/Sep/2026:09:23:12 +0000] "GET /?path=//sys/class/thermal/cooling_device3/device/physical_node/node0/memory28/node0/cpu5/firmware_node/subsystem/devices/PNP0A03:00/physical_node/pci_bus/0000:00/device/0000:00:1f.0/driver/module/drivers/pci:nvme/0000:00:04.0/firmware_node/subsystem/devices/LNXPWRBN:00/input/input3 HTTP/1.1" 200 3721 "-" "Amazon CloudFront"
64.252.68.74 - - [04/Sep/2026:09:23:16 +0000] "GET /?path=//sys/class/thermal/cooling_device3/device/physical_node/node0/cpu0/node0/cpu4/firmware_node/subsystem/devices/LNXSYSTM:00/LNXSYBUS:01/subsystem/devices/PNP0A03:00/physical_node/0000:00:1e.0/driver/module/drivers/pci:nvme/module/drivers/pci:nvme/0000:00:1e.0/driver/0000:00:1f.0/nvme/nvme2/device/nvme/nvme2/nvme2n1/holders/md0/md/rd0/block/holders/md0/slaves HTTP/1.1" 200 3365 "-" "Amazon CloudFront"
64.252.67.164 - - [04/Sep/2026:09:23:20 +0000] "GET /products/detail/66275006?fileloc=//tmp/sess_2j5rvfhue9eikoc3dqaqq3n9l9&path=//tmp HTTP/1.1" 200 2558 "-" "Amazon CloudFront"
64.252.66.102 - - [04/Sep/2026:09:23:24 +0000] "GET /?path=//sys/class/thermal/cooling_device3/device/physical_node/node0/memory28/node0/cpu5/firmware_node/subsystem/devices/PNP0A03:00/physical_node/pci_bus/0000:00/device/0000:00:1f.0/driver/module/drivers/pci:nvme/0000:00:04.0/firmware_node/subsystem/devices/LNXPWRBN:00/driver/LNXPWRBN:00 HTTP/1.1" 200 3499 "-" "Amazon CloudFront"
64.252.71.147 - - [04/Sep/2026:09:23:25 +0000] "GET /prizes/93624864?path=/var/www/volumes/e4b0c915fca84f9f870081f43af16929 HTTP/1.1" 200 2643 "-" "Amazon CloudFront"
64.252.67.164 - - [04/Sep/2026:09:23:27 +0000] "GET /?fileloc=//sys/class/thermal/cooling_device1/subsystem/cooling_device7/max_state&path=//sys/class/thermal/cooling_device1/subsystem/cooling_device7 HTTP/1.1" 200 2605 "-" "Amazon CloudFront"
64.252.67.164 - - [04/Sep/2026:09:23:29 +0000] "GET /products/detail/66275006?fileloc=//tmp/sess_9kdnrh8i3b87pmblkdit7vsfkk&path=//tmp HTTP/1.1" 200 2557 "-" "Amazon CloudFront"
64.252.66.61 - - [04/Sep/2026:09:23:30 +0000] "GET /?fileloc=//sys/class/net/eth0/device/max_link_width&path=//sys/class/net/eth0/device HTTP/1.1" 200 2581 "-" "Amazon CloudFront"
64.252.67.164 - - [04/Sep/2026:09:23:32 +0000] "GET /products/detail/208628339?path=//sys/bus/node/devices/node0/cpu1/driver/cpu7/driver/cpu2/node0/cpu4/firmware_node/subsystem/devices/device:20/physical_node/firmware_node/physical_node/nvme/nvme1/subsystem/nvme1/nvme1n1/device/nvme1n1/holders/md0/slaves/nvme2n1/holders/md0/md/rd0/block/queue HTTP/1.1" 200 4720 "-" "Amazon CloudFront"
64.252.66.61 - - [04/Sep/2026:09:23:36 +0000] "GET /?path=//sys/class/thermal/cooling_device3/device/physical_node/node0/memory28/node0/cpu5/firmware_node/subsystem/devices/PNP0A03:00/physical_node/pci_bus/0000:00/device/0000:00:1f.0/driver/0000:00:04.0/driver/0000:00:1f.0/firmware_node/subsystem/devices/LNXSYBUS:00/LNXCPU:00/thermal_cooling/power HTTP/1.1" 200 3438 "-" "Amazon CloudFront"
64.252.66.61 - - [04/Sep/2026:09:23:40 +0000] "GET /?path=//sys/class/thermal/cooling_device3/device/physical_node/node0/memory28/node0/cpu5/firmware_node/subsystem/devices/LNXSYBUS:00/PNP0A03:00/device:1b/subsystem/devices/LNXSYBUS:00/PNP0A03:00/physical_node/0000:00:04.0/driver/0000:00:1e.0/driver/0000:00:1f.0/nvme/nvme2/nvme2n1/device/nvme2n1/holders/md0/md/rd0/block/holders/md0/md/dev-nvme2n1/block/mq HTTP/1.1" 200 3563 "-" "Amazon CloudFront"
64.252.66.102 - - [04/Sep/2026:09:23:43 +0000] "GET /?fileloc=//sys/class/thermal/cooling_device1/subsystem/cooling_device7/uevent&path=//sys/class/thermal/cooling_device1/subsystem/cooling_device7 HTTP/1.1" 200 2601 "-" "Amazon CloudFront"
64.252.68.74 - - [04/Sep/2026:09:23:44 +0000] "GET /?path=//sys/class/thermal/cooling_device3/device/physical_node/node0/memory28/node0/cpu5/firmware_node/subsystem/devices/PNP0A03:00/physical_node/pci_bus/0000:00/device/0000:00:1f.0/driver/0000:00:04.0/driver/0000:00:1f.0/nvme/nvme2/subsystem/nvme2/nvme2n1/holders/md0/trace HTTP/1.1" 200 3405 "-" "Amazon CloudFront"
64.252.66.61 - - [04/Sep/2026:09:23:47 +0000] "GET /products/detail/243340763 HTTP/1.1" 200 4265 "-" "Amazon CloudFront"
64.252.66.61 - - [04/Sep/2026:09:23:48 +0000] "GET /products/detail/208628339?path=//sys/bus/node/devices/node0/cpu1/driver/cpu7/driver/cpu2/node0/cpu1/firmware_node/thermal_cooling/subsystem/cooling_device1/device/physical_node/firmware_node/thermal_cooling/device/subsystem/devices/LNXSYBUS:00/PNP0A03:00/device:07/physical_node/net/eth0/queues/tx-5/byte_queue_limits HTTP/1.1" 200 3415 "-" "Amazon CloudFront"
64.252.68.74 - - [04/Sep/2026:09:23:52 +0000] "GET /products/detail/208628339?path=//sys/bus/node/devices/node0/cpu1/driver/cpu7/driver/cpu2/node0/cpu4/firmware_node/subsystem/devices/PNP0A03:00/physical_node/0000:00:01.3/subsystem/drivers/nvme/0000:00:1e.0/firmware_node/physical_node/nvme/nvme1/nvme1n1/device/nvme1n1/holders/md0/md/rd1/block/holders/md0/slaves HTTP/1.1" 200 3256 "-" "Amazon CloudFront"
64.252.68.74 - - [04/Sep/2026:09:23:56 +0000] "GET /products/detail/208628339?path=//sys/bus/node/devices/node0/cpu1/driver/cpu7/driver/cpu2/node0/cpu4/firmware_node/subsystem/devices/PNP0A03:00/physical_node/0000:00:04.0/firmware_node/physical_node/nvme/nvme0/nvme0n1/nvme0n1p128/subsystem/md0/md/dev-nvme2n1/block/device/nvme2n1/holders/md0/slaves/nvme2n1/mq/7 HTTP/1.1" 200 3419 "-" "Amazon CloudFront"
64.252.66.61 - - [04/Sep/2026:09:23:57 +0000] "GET /?fileloc=//s3/f75bf04088964924b004465536090d8a/wordpress/wp-content/uploads/2021/07/%E7%89%87%E5%B1%B1%E9%99%A2%E9%95%B7.jpg&path=//s3/f75bf04088964924b004465536090d8a/wordpress/wp-content/uploads/2021/07 HTTP/1.1" 200 2654 "-" "Amazon CloudFront"
64.252.66.102 - - [04/Sep/2026:09:24:00 +0000] "GET /products/detail/259616147?fileloc=//tmp/sess_vsp09l0k9r2n7jm2127ps3kbgn&path=//tmp HTTP/1.1" 200 2557 "-" "Amazon CloudFront"
64.252.66.102 - - [04/Sep/2026:09:24:04 +0000] "GET /?path=//sys/bus/memory/devices/memory1/node0/memory28/node0/cpu2/driver/cpu4/firmware_node/subsystem/devices/PNP0A03:00/physical_node/0000:00:04.0/driver/0000:00:1f.0/subsystem/drivers/nvme/0000:00:1f.0/nvme/nvme2/nvme2n1/device/nvme2n1/holders/md0/md/dev-nvme1n1/block/holders/md0/md/rd0/block/mq/4/cpu4 HTTP/1.1" 200 2998 "-" "Amazon CloudFront"
64.252.66.61 - - [04/Sep/2026:09:24:07 +0000] "GET /?fileloc=//sys/module/dynamic_debug/parameters/verbose&path=//sys/module/dynamic_debug/parameters HTTP/1.1" 200 2586 "-" "Amazon CloudFront"
64.252.68.74 - - [04/Sep/2026:09:24:08 +0000] "GET /products/detail/208628339?path=//sys/bus/node/devices/node0/cpu1/driver/cpu7/driver/cpu2/node0/cpu4/firmware_node/thermal_cooling/device/physical_node/firmware_node/thermal_cooling/device/subsystem/devices/PNP0A03:00/device:20/physical_node/nvme/nvme1/nvme1n1/holders/md0/md/dev-nvme2n1/block/subsystem/nvme1n1/holders/md0 HTTP/1.1" 200 4150 "-" "Amazon CloudFront"
64.252.66.61 - - [04/Sep/2026:09:24:10 +0000] "GET /products/detail/68599026 HTTP/1.1" 200 4265 "-" "Amazon CloudFront"
64.252.66.102 - - [04/Sep/2026:09:24:12 +0000] "GET /?path=//sys/bus/memory/devices/memory1/node0/memory7/node0/cpu1/subsystem/drivers/processor/cpu5/firmware_node/subsystem/devices/PNP0A03:00/physical_node/firmware_node/physical_node/0000:00:1e.0/driver/0000:00:1e.0/driver/module/drivers/pci:nvme/0000:00:1f.0/nvme/nvme2/nvme2n1/holders/md0/slaves/nvme1n1/device/nvme1n1/holders/md0/md/rd0/block/mq/3/cpu3 HTTP/1.1" 200 3048 "-" "Amazon CloudFront"
64.252.68.74 - - [04/Sep/2026:09:24:16 +0000] "GET /?path=//sys/bus/node/devices/node0/memory2/node0/cpu4/driver/cpu1/driver/cpu2/subsystem/drivers/processor/cpu2/firmware_node/physical_node/firmware_node/subsystem/devices/LNXSYBUS:00/PNP0A03:00/physical_node/0000:00:1f.0/nvme/nvme2/nvme2n1/holders/md0/md/dev-nvme1n1/block/device/nvme1n1/holders/md0/md/rd0/block/device/nvme1n1/mq/6 HTTP/1.1" 200 3510 "-" "Amazon CloudFront"
64.252.66.102 - - [04/Sep/2026:09:24:20 +0000] "GET /?path=//sys/class/thermal/cooling_device3/device/physical_node/node0/cpu1/driver/cpu0/node0/cpu2/firmware_node/subsystem/devices/LNXSYSTM:00/LNXSYBUS:00/PNP0C0F:04/subsystem/devices/PNP0A03:00/physical_node/pci_bus/0000:00/device/0000:00:1f.0/driver/module/drivers/pci:nvme/module/drivers/pci:nvme/0000:00:1f.0/nvme/nvme2/nvme2n1/holders/md0/slaves/nvme2n1/holders/md0/md/dev-nvme2n1/block/mq/6 HTTP/1.1" 200 3596 "-" "Amazon CloudFront"
64.252.68.74 - - [04/Sep/2026:09:24:24 +0000] "GET /?path=//sys/class/thermal/cooling_device3/device/physical_node/node0/memory28/node0/cpu5/firmware_node/subsystem/devices/LNXSYBUS:00/PNP0A03:00/device:1b/subsystem/devices/LNXSYBUS:00/PNP0A03:00/device:21/physical_node/driver/0000:00:1e.0/nvme/nvme1/nvme1n1/holders/md0/md/rd1/block/device/nvme2n1/holders/md0/md/dev-nvme1n1/block/trace HTTP/1.1" 200 3532 "-" "Amazon CloudFront"
64.252.66.102 - - [04/Sep/2026:09:24:28 +0000] "GET /products/detail/208628339?path=//sys/bus/node/devices/node0/cpu1/driver/cpu7/driver/cpu2/node0/cpu1/firmware_node/thermal_cooling/device/physical_node/firmware_node/subsystem/devices/LNXSYSTM:00/LNXSYBUS:00/PNP0A03:00/device:06/physical_node/nvme/nvme0/device/nvme/nvme0/nvme0n1/subsystem/nvme2n1/holders/md0/slaves/nvme1n1/queue HTTP/1.1" 200 4796 "-" "Amazon CloudFront"
64.252.66.61 - - [04/Sep/2026:09:24:32 +0000] "GET /products/detail/47417309?fileloc=//tmp/sess_0u91a47rt63getkinolvea5eir&path=//tmp HTTP/1.1" 200 2556 "-" "Amazon CloudFront"
64.252.66.61 - - [04/Sep/2026:09:24:36 +0000] "GET /?path=//sys/class/thermal/cooling_device3/device/physical_node/node0/cpu1/driver/cpu0/node0/cpu2/firmware_node/subsystem/devices/LNXSYSTM:00/LNXSYBUS:00/PNP0C0F:04/subsystem/devices/PNP0A03:00/device:20/physical_node/driver/module/drivers/pci:nvme/0000:00:1e.0/nvme/nvme1/device/nvme/nvme1/nvme1n1/holders/md0/md/rd0/block/holders/md0/slaves/nvme1n1/mq/7/cpu7 HTTP/1.1" 200 3088 "-" "Amazon CloudFront"
64.252.66.61 - - [04/Sep/2026:09:24:40 +0000] "GET /products/detail/208628339?path=//sys/bus/node/devices/node0/cpu1/driver/cpu7/driver/cpu2/node0/cpu4/firmware_node/subsystem/devices/PNP0A03:00/physical_node/0000:00:04.0/firmware_node/physical_node/nvme/nvme0/nvme0n1/nvme0n1p128/subsystem/md0/slaves/nvme1n1/device/nvme1n1/holders/md0/md/rd1/block/bdi/power HTTP/1.1" 200 3475 "-" "Amazon CloudFront"
64.252.66.61 - - [04/Sep/2026:09:24:41 +0000] "GET /?fileloc=//s3/f75bf04088964924b004465536090d8a/wordpress/wp-content/uploads/2021/07/%E6%A9%8B%E6%9C%AC%E6%95%99%E6%8E%88-1-300x300.jpg&path=//s3/f75bf04088964924b004465536090d8a/wordpress/wp-content/uploads/2021/07 HTTP/1.1" 200 2660 "-" "Amazon CloudFront"
64.252.68.74 - - [04/Sep/2026:09:24:42 +0000] "GET /?fileloc=//etc/sysconfig/network-scripts/ifdown&path=//etc/sysconfig/network-scripts HTTP/1.1" 200 3246 "-" "Amazon CloudFront"
64.252.68.74 - - [04/Sep/2026:09:24:44 +0000] "GET /products/detail/259616147?fileloc=//tmp/sess_86kmtukq2n26m8vrkk1vmtpnpl&path=//tmp HTTP/1.1" 200 2556 "-" "Amazon CloudFront"
64.252.68.74 - - [04/Sep/2026:09:24:45 +0000] "GET /?path=//sys/class/thermal/cooling_device1/subsystem/cooling_device6/subsystem HTTP/1.1" 200 3138 "-" "Amazon CloudFront"
64.252.66.61 - - [04/Sep/2026:09:24:48 +0000] "GET /products/detail/47417309?fileloc=//tmp/sess_cm6hhtmknm7224qs0e5iu30nb6&path=//tmp HTTP/1.1" 200 2555 "-" "Amazon CloudFront"
64.252.66.61 - - [04/Sep/2026:09:24:52 +0000] "GET /?path=//sys/class/thermal/cooling_device3/device/physical_node/node0/cpu1/driver/cpu0/node0/cpu2/firmware_node/subsystem/devices/LNXSYBUS:00/subsystem/devices/PNP0A03:00/physical_node/0000:00:1e.0/driver/module/drivers/pci:nvme/module/drivers/pci:nvme/0000:00:1e.0/nvme/nvme1/nvme1n1/device/nvme1n1/holders/md0/md/dev-nvme2n1/block/holders/md0/md/dev-nvme2n1/block/mq/4/cpu4 HTTP/1.1" 200 3067 "-" "Amazon CloudFront"
64.252.67.164 - - [04/Sep/2026:09:24:56 +0000] "GET /products/detail/208628339?path=//sys/bus/node/devices/node0/cpu1/driver/cpu7/driver/cpu2/node0/cpu1/firmware_node/thermal_cooling/device/physical_node/firmware_node/subsystem/devices/LNXSYSTM:00/LNXSYBUS:00/PNP0A03:00/device:06/physical_node/nvme/nvme0/device/nvme/nvme0/nvme0n1/subsystem/nvme2n1/holders/md0/slaves/nvme1n1/trace HTTP/1.1" 200 3473 "-" "Amazon CloudFront"
64.252.66.61 - - [04/Sep/2026:09:25:00 +0000] "GET /products/detail/208628339?path=//sys/bus/node/devices/node0/cpu1/driver/cpu7/driver/cpu2/node0/cpu1/firmware_node/thermal_cooling/device/physical_node/firmware_node/subsystem/drivers/button/LNXSLPBN:00/subsystem/devices/PNP0A03:00/physical_node/0000:00:1f.0/nvme/nvme2/nvme2n1/holders/md0/slaves/nvme1n1/device/nvme1n1/holders/md0/bdi HTTP/1.1" 200 3594 "-" "Amazon CloudFront"
64.252.66.61 - - [04/Sep/2026:09:25:03 +0000] "GET /?fileloc=//s3/f75bf04088964924b004465536090d8a/wordpress/wp-content/uploads/2021/07/%E9%83%BD%E5%9F%8E%E5%8C%BB%E7%99%82%E3%82%BB%E3%83%B3%E3%82%BF%E3%83%BC%E5%A4%96%E8%A6%B3-1-150x150.jpg&path=//s3/f75bf04088964924b004465536090d8a/wordpress/wp-content/uploads/2021/07 HTTP/1.1" 200 2687 "-" "Amazon CloudFront"
64.252.68.74 - - [04/Sep/2026:09:25:04 +0000] "GET /products/detail/208628339?path=//sys/bus/node/devices/node0/cpu1/driver/cpu7/driver/cpu2/node0/cpu4/firmware_node/subsystem/devices/device:20/physical_node/firmware_node/physical_node/nvme/nvme1/subsystem/nvme1/nvme1n1/device/nvme1n1/holders/md0/slaves/nvme2n1/holders/md0/slaves/nvme2n1/mq/2/cpu2 HTTP/1.1" 200 2933 "-" "Amazon CloudFront"
64.252.66.61 - - [04/Sep/2026:09:25:08 +0000] "GET /?path=//sys/class/thermal/cooling_device3/device/physical_node/node0/cpu0/node0/cpu4/firmware_node/subsystem/devices/device:02/PNP0303:00/subsystem/devices/LNXSYBUS:00/PNP0A03:00/device:20/physical_node/driver/0000:00:04.0/nvme/nvme0/device/driver/module/drivers/pci:nvme/0000:00:1e.0/nvme/nvme1/nvme1n1/holders/md0/slaves/nvme1n1/holders/md0/md/rd0/block/mq/5 HTTP/1.1" 200 3549 "-" "Amazon CloudFront"
64.252.66.102 - - [04/Sep/2026:09:25:12 +0000] "GET /products/detail/208628339?path=//sys/bus/node/devices/node0/cpu1/driver/cpu7/driver/cpu2/node0/cpu1/firmware_node/thermal_cooling/device/physical_node/firmware_node/subsystem/devices/PNP0A03:00/physical_node/0000:00:1e.0/nvme/nvme1/nvme1n1/holders/md0/subsystem/md0/md/dev-nvme1n1/block/device/nvme1n1/mq/2 HTTP/1.1" 200 3407 "-" "Amazon CloudFront"
64.252.66.61 - - [04/Sep/2026:09:25:15 +0000] "GET /?fileloc=//sbin/debugfs&path=//sbin HTTP/1.1" 200 2540 "-" "Amazon CloudFront"
64.252.67.164 - - [04/Sep/2026:09:25:16 +0000] "GET /products/detail/226677834 HTTP/1.1" 200 4177 "-" "Amazon CloudFront"
64.252.66.102 - - [04/Sep/2026:09:25:17 +0000] "GET /?path=//sys/class/thermal/cooling_device3/device/physical_node/node0/memory28/node0/cpu5/firmware_node/subsystem/devices/PNP0A03:00/physical_node/pci_bus/0000:00/device/0000:00:1f.0/driver/0000:00:04.0/subsystem/drivers/nvme/0000:00:04.0/driver/0000:00:1f.0/nvme/nvme2/nvme2n1/slaves HTTP/1.1" 200 2923 "-" "Amazon CloudFront"
64.252.66.102 - - [04/Sep/2026:09:25:20 +0000] "GET /products/detail/47417309?fileloc=//tmp/sess_dj93ob3me6jn9q198s61acrg7n&path=//tmp HTTP/1.1" 200 2557 "-" "Amazon CloudFront"
64.252.68.74 - - [04/Sep/2026:09:25:20 +0000] "GET /?fileloc=//etc/sysconfig/network-scripts/ifup-wireless&path=//etc/sysconfig/network-scripts HTTP/1.1" 200 3501 "-" "Amazon CloudFront"
64.252.67.164 - - [04/Sep/2026:09:25:22 +0000] "GET /?fileloc=//s3/f75bf04088964924b004465536090d8a/wordpress/wp-content/uploads/2021/07/%E9%AB%99%E6%A9%8B%E7%97%85%E9%99%A2%E9%95%B7-1536x1536.jpg&path=//s3/f75bf04088964924b004465536090d8a/wordpress/wp-content/uploads/2021/07 HTTP/1.1" 200 2664 "-" "Amazon CloudFront"
64.252.66.102 - - [04/Sep/2026:09:25:24 +0000] "GET /?path=//sys/bus/memory/devices/memory1/node0/memory30/node0/cpu6/firmware_node/subsystem/devices/device:21/physical_node/driver/module/drivers/pci:nvme/0000:00:1e.0/nvme/nvme1/nvme1n1/device/subsystem/nvme0/device/firmware_node/physical_node/driver/module/drivers/pci:nvme/0000:00:1f.0/nvme/nvme2/nvme2n1/holders/md0/md/rd0/block/holders/md0/slaves/nvme1n1/mq/7 HTTP/1.1" 200 3531 "-" "Amazon CloudFront"
64.252.67.164 - - [04/Sep/2026:09:25:28 +0000] "GET /products/detail/272703723?path=//sys/devices/pci0000:00/firmware_node/physical_node/pci_bus/0000:00/device/firmware_node/physical_node/0000:00:00.0/subsystem/drivers/nvme/module/drivers/pci:nvme/0000:00:04.0/driver/0000:00:1e.0/nvme/nvme1/nvme1n1/subsystem/nvme2n1/holders/md0/slaves/nvme1n1/holders/md0/md/dev-nvme2n1/block/device/nvme2n1/mq/5/cpu5 HTTP/1.1" 200 2990 "-" "Amazon CloudFront"
64.252.68.74 - - [04/Sep/2026:09:25:32 +0000] "GET /products/detail/259616147?fileloc=//tmp/sess_g69tmrkhreoctn1ksrlo57kddf&path=//tmp HTTP/1.1" 200 2555 "-" "Amazon CloudFront"
64.252.66.102 - - [04/Sep/2026:09:25:36 +0000] "GET /products/detail/208628339?path=//sys/bus/node/devices/node0/cpu1/driver/cpu7/driver/cpu2/node0/cpu4/firmware_node/thermal_cooling/device/physical_node/firmware_node/thermal_cooling/device/subsystem/devices/device:21/physical_node/subsystem/drivers/nvme/0000:00:1e.0/nvme/nvme1/nvme1n1/holders/md0/slaves/nvme2n1/mq/7 HTTP/1.1" 200 3412 "-" "Amazon CloudFront"
64.252.67.164 - - [04/Sep/2026:09:25:39 +0000] "GET /?fileloc=//s3/f75bf04088964924b004465536090d8a/wordpress/wp-content/uploads/2021/07/%E6%9C%8D%E9%83%A8%E9%99%A2%E9%95%B7-300x300.jpg&path=//s3/f75bf04088964924b004465536090d8a/wordpress/wp-content/uploads/2021/07 HTTP/1.1" 200 2660 "-" "Amazon CloudFront"
64.252.66.61 - - [04/Sep/2026:09:25:40 +0000] "GET /?path=//sys/class/thermal/cooling_device3/device/physical_node/node0/memory28/node0/cpu5/firmware_node/subsystem/devices/LNXSYBUS:00/PNP0A03:00/device:1b/subsystem/devices/LNXSYBUS:00/PNP0A03:00/device:21/physical_node/driver/0000:00:1e.0/nvme/nvme1/nvme1n1/holders/md0/md/rd1/block/holders/md0/md/rd1/block/mq/5 HTTP/1.1" 200 3460 "-" "Amazon CloudFront"
64.252.66.102 - - [04/Sep/2026:09:25:44 +0000] "GET /products/detail/208628339?path=//sys/bus/node/devices/node0/cpu1/driver/cpu7/driver/cpu2/node0/cpu4/firmware_node/subsystem/devices/PNP0A03:00/physical_node/0000:00:01.3/subsystem/drivers/nvme/0000:00:1e.0/firmware_node/physical_node/nvme/nvme1/nvme1n1/device/nvme1n1/holders/md0/md/dev-nvme1n1/block/holders/md0/queue HTTP/1.1" 200 4713 "-" "Amazon CloudFront"
64.252.72.118 - - [04/Sep/2026:09:25:47 +0000] "GET /prizes/64789329?path=/var/www/volumes/67a25b9b5b3540c3a75a25644e0a83da HTTP/1.1" 200 2642 "-" "Amazon CloudFront"
64.252.72.118 - - [04/Sep/2026:09:25:47 +0000] "GET /prizes/207216783?path=/var/www/volumes/5b2ec66b862946cf878fb0216562a6c6 HTTP/1.1" 200 2642 "-" "Amazon CloudFront"
64.252.68.74 - - [04/Sep/2026:09:25:48 +0000] "GET /products/detail/208628339?path=//sys/bus/node/devices/node0/cpu1/driver/cpu7/driver/cpu2/node0/cpu1/firmware_node/thermal_cooling/subsystem/cooling_device3/device/subsystem/devices/PNP0A03:00/physical_node/0000:00:1e.0/nvme/nvme1/nvme1n1/holders/md0/md/rd1/block/device/nvme2n1/holders/md0/md/dev-nvme1n1/block/mq/7/cpu7 HTTP/1.1" 200 2990 "-" "Amazon CloudFront"
64.252.67.164 - - [04/Sep/2026:09:25:52 +0000] "GET /products/detail/208628339?path=//sys/bus/node/devices/node0/cpu1/driver/cpu7/driver/cpu2/node0/cpu4/firmware_node/subsystem/devices/PNP0A03:00/physical_node/0000:00:04.0/firmware_node/physical_node/nvme/nvme0/nvme0n1/nvme0n1p128/subsystem/md0/md/rd0/block/holders/md0/md/dev-nvme1n1/block/device/nvme1n1/integrity HTTP/1.1" 200 3532 "-" "Amazon CloudFront"
64.252.67.164 - - [04/Sep/2026:09:25:56 +0000] "GET /products/detail/47417309?fileloc=//tmp/sess_3qv5o0r0ufhvtr85s77m543edn&path=//tmp HTTP/1.1" 200 2556 "-" "Amazon CloudFront"
64.252.67.164 - - [04/Sep/2026:09:25:57 +0000] "GET /products/detail/220116834 HTTP/1.1" 200 4265 "-" "Amazon CloudFront"
64.252.67.164 - - [04/Sep/2026:09:26:00 +0000] "GET /?path=//sys/class/thermal/cooling_device3/device/physical_node/node0/memory28/node0/cpu3/driver/cpu0/firmware_node/subsystem/devices/LNXSYSTM:00/LNXPWRBN:00/subsystem/devices/LNXSYSTM:00/LNXSYBUS:00/PNP0A03:00/device:21/physical_node/nvme/nvme2/device/driver/module/drivers/pci:nvme/module/drivers/pci:nvme/0000:00:1e.0/nvme/nvme1/nvme1n1/holders/md0/md/rd1/block/mq/5 HTTP/1.1" 200 3564 "-" "Amazon CloudFront"
64.252.66.61 - - [04/Sep/2026:09:26:04 +0000] "GET /products/detail/259616147?fileloc=//tmp/sess_s63u7mvs2581n8r7vhb9v7rp0l&path=//tmp HTTP/1.1" 200 2557 "-" "Amazon CloudFront"
64.252.66.61 - - [04/Sep/2026:09:26:05 +0000] "GET /?fileloc=//s3/f75bf04088964924b004465536090d8a/wordpress/wp-content/uploads/2021/07/%E4%BD%8F%E5%8F%8B%E5%88%A5%E5%AD%90%E7%97%85%E9%99%A2%E5%A4%96%E8%A6%B3-2-300x176.jpg&path=//s3/f75bf04088964924b004465536090d8a/wordpress/wp-content/uploads/2021/07 HTTP/1.1" 200 2681 "-" "Amazon CloudFront"
64.252.66.61 - - [04/Sep/2026:09:26:08 +0000] "GET /?path=//sys/class/thermal/cooling_device3/device/physical_node/node0/memory28/node0/cpu5/firmware_node/subsystem/devices/PNP0A03:00/physical_node/pci_bus/0000:00/device/0000:00:1e.0/driver/module/drivers/pci:nvme/0000:00:1f.0/driver/0000:00:1e.0/subsystem/drivers/nvme/module/notes HTTP/1.1" 200 3233 "-" "Amazon CloudFront"
64.252.66.61 - - [04/Sep/2026:09:26:12 +0000] "GET /products/detail/208628339?path=//sys/bus/node/devices/node0/cpu1/driver/cpu7/driver/cpu2/node0/cpu1/firmware_node/thermal_cooling/subsystem/cooling_device3/device/subsystem/devices/PNP0A03:00/physical_node/0000:00:1e.0/nvme/nvme1/nvme1n1/holders/md0/slaves/nvme2n1/device/nvme2n1/holders/md0/md/dev-nvme1n1/block/mq/5/cpu5 HTTP/1.1" 200 2995 "-" "Amazon CloudFront"
64.252.66.61 - - [04/Sep/2026:09:26:16 +0000] "GET /?path=//sys/class/thermal/cooling_device3/device/physical_node/node0/memory28/node0/cpu5/firmware_node/subsystem/devices/PNP0A03:00/physical_node/pci_bus/0000:00/device/0000:00:03.0/subsystem/devices/0000:00:1f.0/driver/0000:00:1e.0/nvme/nvme1/nvme1n1/mq/4/cpu4 HTTP/1.1" 200 2912 "-" "Amazon CloudFront"
64.252.67.164 - - [04/Sep/2026:09:26:20 +0000] "GET /products/detail/208628339?path=//sys/bus/node/devices/node0/cpu1/driver/cpu7/driver/cpu2/node0/cpu4/firmware_node/subsystem/devices/PNP0A03:00/device:21/physical_node/nvme/nvme2/device/nvme/nvme2/nvme2n1/holders/md0/md/dev-nvme2n1/block/holders/md0/md/dev-nvme2n1/block/mq HTTP/1.1" 200 3420 "-" "Amazon CloudFront"
64.252.68.74 - - [04/Sep/2026:09:26:22 +0000] "GET /?fileloc=//sys/class/net/eth0/device/local_cpulist&path=//sys/class/net/eth0/device HTTP/1.1" 200 2584 "-" "Amazon CloudFront"
64.252.66.102 - - [04/Sep/2026:09:26:23 +0000] "GET /?fileloc=//s3/f75bf04088964924b004465536090d8a/wordpress/wp-content/uploads/2021/07/%E6%A9%8B%E6%9C%AC%E6%95%99%E6%8E%88-768x768.jpg&path=//s3/f75bf04088964924b004465536090d8a/wordpress/wp-content/uploads/2021/07 HTTP/1.1" 200 2657 "-" "Amazon CloudFront"
64.252.67.164 - - [04/Sep/2026:09:26:24 +0000] "GET /products/detail/208628339?path=//sys/bus/node/devices/node0/cpu1/driver/cpu7/driver/cpu2/node0/cpu4/firmware_node/subsystem/devices/LNXSYSTM:00/LNXSYBUS:00/PNP0A03:00/device:20/physical_node/nvme/nvme1/device/nvme/nvme1/nvme1n1/device/nvme1n1/holders/md0/md/rd1/block/subsystem/nvme2n1/integrity HTTP/1.1" 200 3506 "-" "Amazon CloudFront"
64.252.67.164 - - [04/Sep/2026:09:26:28 +0000] "GET /?path=//sys/class/thermal/cooling_device3/device/physical_node/node0/memory28/node0/cpu5/firmware_node/subsystem/devices/PNP0A03:00/physical_node/pci_bus/0000:00/device/0000:00:05.0/subsystem/drivers/nvme/0000:00:04.0/driver/0000:00:04.0/driver/module/drivers/pci:nvme/module/sections HTTP/1.1" 200 4132 "-" "Amazon CloudFront"
64.252.66.61 - - [04/Sep/2026:09:26:32 +0000] "GET /products/detail/208628339?path=//sys/bus/node/devices/node0/cpu1/driver/cpu7/driver/cpu2/node0/cpu4/firmware_node/thermal_cooling/device/physical_node/firmware_node/subsystem/devices/PNP0A03:00/device:20/physical_node/nvme/nvme1/nvme1n1/subsystem/md0/md/rd1/block/holders/md0/slaves/nvme1n1/mq/2/cpu2 HTTP/1.1" 200 2969 "-" "Amazon CloudFront"
64.252.68.74 - - [04/Sep/2026:09:26:36 +0000] "GET /products/detail/66275006?fileloc=//tmp/sess_nbdli3tjjg0iptuucki6n8fine&path=//tmp HTTP/1.1" 200 2555 "-" "Amazon CloudFront"
64.252.67.164 - - [04/Sep/2026:09:26:37 +0000] "GET /?fileloc=//s3/f75bf04088964924b004465536090d8a/wordpress/wp-content/uploads/2021/07/%E8%A5%BF%E5%B7%9D%E9%99%A2%E9%95%B7-2-300x300.jpg&path=//s3/f75bf04088964924b004465536090d8a/wordpress/wp-content/uploads/2021/07 HTTP/1.1" 200 2661 "-" "Amazon CloudFront"
64.252.66.61 - - [04/Sep/2026:09:26:40 +0000] "GET /products/detail/208628339?path=//sys/bus/node/devices/node0/cpu1/driver/cpu7/driver/cpu2/node0/cpu4/firmware_node/thermal_cooling/device/physical_node/firmware_node/thermal_cooling/device/subsystem/devices/LNXSYSTM:00/LNXSYBUS:00/PNP0A03:00/device:21/physical_node/nvme/nvme2/nvme2n1/holders/md0/md/dev-nvme1n1/block/subsystem/md0/integrity HTTP/1.1" 200 3562 "-" "Amazon CloudFront"
64.252.67.164 - - [04/Sep/2026:09:26:44 +0000] "GET /?path=//sys/bus/memory/devices/memory1/node0/memory7/node0/cpu1/subsystem/drivers/processor/cpu5/firmware_node/subsystem/devices/PNP0A03:00/physical_node/firmware_node/physical_node/0000:00:1e.0/driver/module/drivers/pci:nvme/0000:00:04.0/driver/0000:00:1f.0/nvme/nvme2/nvme2n1/holders/md0/slaves/nvme1n1/device/nvme1n1/holders/md0/slaves/nvme2n1/power HTTP/1.1" 200 3557 "-" "Amazon CloudFront"
64.252.68.74 - - [04/Sep/2026:09:26:48 +0000] "GET /products/detail/208628339?path=//sys/bus/node/devices/node0/cpu1/driver/cpu7/driver/cpu2/node0/cpu1/firmware_node/thermal_cooling/subsystem/cooling_device1/device/subsystem/devices/LNXSYSTM:00/LNXSYBUS:00/PNP0A03:00/physical_node/0000:00:1f.0/nvme/nvme2/nvme2n1/holders/md0/slaves/nvme1n1/device/nvme1n1/holders/md0/slaves/nvme2n1/bdi/power HTTP/1.1" 200 3511 "-" "Amazon CloudFront"
64.252.70.102 - - [04/Sep/2026:09:26:49 +0000] "GET /?path=/var/run/mount HTTP/1.1" 200 2925 "-" "Amazon CloudFront"
64.252.71.147 - - [04/Sep/2026:09:26:49 +0000] "GET /prizes/136978874?path=/run/mariadb HTTP/1.1" 200 2872 "-" "Amazon CloudFront"
64.252.68.74 - - [04/Sep/2026:09:26:53 +0000] "GET /products/detail/208628339?path=//sys/bus/node/devices/node0/cpu1/driver/cpu7/driver/cpu2/node0/cpu4/firmware_node/subsystem/devices/PNP0A03:00/device:06/physical_node/firmware_node/physical_node/nvme/nvme0/nvme0n1/device/nvme0n1/subsystem/md0/md/rd1/block/device/nvme2n1/holders/md0/md/rd1/block/slaves HTTP/1.1" 200 2963 "-" "Amazon CloudFront"
64.252.67.164 - - [04/Sep/2026:09:26:56 +0000] "GET /products/detail/208628339?path=//sys/bus/node/devices/node0/cpu1/driver/cpu7/driver/cpu2/node0/cpu4/firmware_node/subsystem/devices/PNP0A03:00/device:21/physical_node/nvme/nvme2/device/nvme/nvme2/nvme2n1/subsystem/nvme1n1/holders/md0/md/dev-nvme1n1/block/holders/md0/slaves/nvme2n1 HTTP/1.1" 200 4218 "-" "Amazon CloudFront"
64.252.67.164 - - [04/Sep/2026:09:26:59 +0000] "GET /?fileloc=//s3/f75bf04088964924b004465536090d8a/wordpress/wp-content/uploads/2021/07/%E6%A9%8B%E6%9C%AC%E6%95%99%E6%8E%88-2-1024x1024.jpg&path=//s3/f75bf04088964924b004465536090d8a/wordpress/wp-content/uploads/2021/07 HTTP/1.1" 200 2660 "-" "Amazon CloudFront"
64.252.66.102 - - [04/Sep/2026:09:27:00 +0000] "GET /products/detail/272703723?path=//sys/devices/pci0000:00/firmware_node/physical_node/pci_bus/0000:00/device/firmware_node/physical_node/0000:00:00.0/subsystem/drivers/nvme/module/drivers/pci:nvme/0000:00:1e.0/nvme/nvme1/nvme1n1/holders/md0/md/dev-nvme2n1/block/holders/md0/md/rd0/block/device/nvme1n1/subsystem/nvme2n1/mq/2/cpu2 HTTP/1.1" 200 2964 "-" "Amazon CloudFront"
64.252.67.164 - - [04/Sep/2026:09:27:05 +0000] "GET /products/detail/208628339?path=//sys/bus/node/devices/node0/cpu1/driver/cpu7/driver/cpu2/node0/cpu4/firmware_node/thermal_cooling/device/thermal_cooling/device/subsystem/devices/PNP0A03:00/physical_node/0000:00:04.0/nvme/nvme0/nvme0n1/nvme0n1p1/subsystem/nvme2n1/holders/md0/slaves/nvme1n1/holders/md0/slaves/nvme2n1/mq/5 HTTP/1.1" 200 3425 "-" "Amazon CloudFront"
64.252.67.164 - - [04/Sep/2026:09:27:08 +0000] "GET /products/detail/259616147?fileloc=//tmp/sess_p01d44r3q4att8grlup2co0jqt&path=//tmp HTTP/1.1" 200 2556 "-" "Amazon CloudFront"
64.252.66.102 - - [04/Sep/2026:09:27:09 +0000] "GET /products/detail/108427511 HTTP/1.1" 200 4177 "-" "Amazon CloudFront"
64.252.66.61 - - [04/Sep/2026:09:27:12 +0000] "GET /products/detail/208628339?path=//sys/bus/node/devices/node0/cpu1/driver/cpu7/driver/cpu2/node0/cpu4/firmware_node/thermal_cooling/device/physical_node/firmware_node/subsystem/devices/device:20/physical_node/nvme/nvme1/nvme1n1/holders/md0/md/dev-nvme1n1/block/holders/md0/slaves/nvme2n1/subsystem/nvme2n1/mq HTTP/1.1" 200 3442 "-" "Amazon CloudFront"
64.252.66.61 - - [04/Sep/2026:09:27:16 +0000] "GET /products/detail/47417309?fileloc=//tmp/sess_sqneghj8pvn3g1pdvbq5dq953o&path=//tmp HTTP/1.1" 200 2558 "-" "Amazon CloudFront"
64.252.66.102 - - [04/Sep/2026:09:27:20 +0000] "GET /products/detail/208628339?path=//sys/bus/node/devices/node0/cpu1/driver/cpu7/driver/cpu2/node0/cpu4/firmware_node/subsystem/devices/PNP0A03:00/physical_node/0000:00:04.0/firmware_node/physical_node/nvme/nvme0/nvme0n1/nvme0n1p128/subsystem/md0/md/rd0/block/holders/md0/md/dev-nvme2n1/block/device/nvme2n1/slaves HTTP/1.1" 200 2972 "-" "Amazon CloudFront"
64.252.68.74 - - [04/Sep/2026:09:27:24 +0000] "GET /products/detail/47417309?fileloc=//tmp/sess_dfs467navk1f53sboc9pd7smme&path=//tmp HTTP/1.1" 200 2556 "-" "Amazon CloudFront"
64.252.66.61 - - [04/Sep/2026:09:27:28 +0000] "GET /products/detail/208628339?path=//sys/bus/node/devices/node0/cpu1/driver/cpu7/driver/cpu2/node0/cpu4/firmware_node/subsystem/devices/PNP0A03:00/device:20/physical_node/firmware_node/physical_node/nvme/nvme1/subsystem/nvme2/device/nvme/nvme2/nvme2n1/holders/md0/md/dev-nvme2n1/block/bdi/power HTTP/1.1" 200 3428 "-" "Amazon CloudFront"
64.252.68.74 - - [04/Sep/2026:09:27:32 +0000] "GET /?fileloc=//s3/f75bf04088964924b004465536090d8a/wordpress/wp-content/uploads/2021/07/%E4%BA%95%E5%86%85%E9%99%A2%E9%95%B7-1.jpg&path=//s3/f75bf04088964924b004465536090d8a/wordpress/wp-content/uploads/2021/07 HTTP/1.1" 200 2655 "-" "Amazon CloudFront"
64.252.66.61 - - [04/Sep/2026:09:27:32 +0000] "GET /products/detail/208628339?path=//sys/bus/node/devices/node0/cpu1/driver/cpu7/driver/cpu2/node0/cpu4/firmware_node/subsystem/devices/PNP0A03:00/physical_node/0000:00:1e.0/subsystem/drivers/nvme/module/drivers/pci:nvme/0000:00:1f.0/firmware_node/physical_node/nvme/nvme2/nvme2n1/holders/md0/slaves/nvme1n1/mq/4 HTTP/1.1" 200 3405 "-" "Amazon CloudFront"
64.252.67.164 - - [04/Sep/2026:09:27:34 +0000] "GET /products/detail/200396602 HTTP/1.1" 200 4265 "-" "Amazon CloudFront"
64.252.66.102 - - [04/Sep/2026:09:27:37 +0000] "GET /?path=//sys/bus/acpi/devices/LNXCPU:06/physical_node/node0/memory21/node0/cpu0/subsystem/drivers/processor/cpu6/firmware_node/subsystem/devices/device:06/physical_node/driver/0000:00:04.0/driver/0000:00:1e.0/nvme/nvme1/nvme1n1/holders/md0/md/rd1/block/holders/md0/md/rd1/block/device/device/nvme/nvme2/nvme2n1/integrity HTTP/1.1" 200 3582 "-" "Amazon CloudFront"
64.252.66.61 - - [04/Sep/2026:09:27:40 +0000] "GET /?path=//sys/class/thermal/cooling_device3/device/physical_node/node0/memory28/node0/cpu5/firmware_node/subsystem/devices/LNXSYSTM:00/LNXSYBUS:00/PNP0A03:00/device:12/subsystem/devices/LNXSYBUS:00/PNP0A03:00/device:21/physical_node/nvme/nvme2/device/driver/0000:00:1f.0/nvme/nvme2/nvme2n1/holders/md0/md/rd0/block/holders/md0/slaves/nvme1n1/integrity HTTP/1.1" 200 3623 "-" "Amazon CloudFront"
64.252.67.164 - - [04/Sep/2026:09:27:44 +0000] "GET /products/detail/47417309?fileloc=//tmp/sess_dmuno8oeea3u57rsp8voebjab1&path=//tmp HTTP/1.1" 200 2556 "-" "Amazon CloudFront"
64.252.67.164 - - [04/Sep/2026:09:27:48 +0000] "GET /products/detail/208628339?path=//sys/bus/node/devices/node0/cpu1/driver/cpu7/driver/cpu2/node0/cpu4/firmware_node/thermal_cooling/device/physical_node/firmware_node/thermal_cooling/device/subsystem/devices/LNXSYSTM:00/LNXSYBUS:00/PNP0A03:00/device:21/physical_node/nvme/nvme2/nvme2n1/holders/md0/slaves/nvme2n1/holders/md0/subsystem/nvme1n1/mq/1/cpu1 HTTP/1.1" 200 2998 "-" "Amazon CloudFront"
64.252.67.164 - - [04/Sep/2026:09:27:49 +0000] "GET /?fileloc=//s3/f75bf04088964924b004465536090d8a/wordpress/wp-content/uploads/2021/07/%E4%B8%89%E9%87%8D%E5%A4%A7%E5%AD%A6%E5%A4%96%E8%A6%B3-1.jpg&path=//s3/f75bf04088964924b004465536090d8a/wordpress/wp-content/uploads/2021/07 HTTP/1.1" 200 2665 "-" "Amazon CloudFront"
64.252.68.74 - - [04/Sep/2026:09:27:52 +0000] "GET /products/detail/208628339?path=//sys/bus/node/devices/node0/cpu1/driver/cpu7/driver/cpu2/node0/cpu4/firmware_node/subsystem/devices/PNP0A03:00/physical_node/0000:00:04.0/firmware_node/physical_node/nvme/nvme0/nvme0n1/nvme0n1p128/subsystem/nvme1n1/device/nvme1n1/holders/md0/md/rd1/block/holders/md0/md/rd0 HTTP/1.1" 200 3765 "-" "Amazon CloudFront"
64.252.67.164 - - [04/Sep/2026:09:27:56 +0000] "GET /products/detail/47417309?fileloc=//tmp/sess_bm29r1m2b54faetnsp447t3bau&path=//tmp HTTP/1.1" 200 2555 "-" "Amazon CloudFront"
64.252.66.102 - - [04/Sep/2026:09:27:58 +0000] "GET /?fileloc=//sys/class/net/eth0/device/resource2&path=//sys/class/net/eth0/device HTTP/1.1" 200 2577 "-" "Amazon CloudFront"
64.252.66.61 - - [04/Sep/2026:09:28:00 +0000] "GET /products/detail/47417309?fileloc=//tmp/sess_4bonnbv01qvmhlgkkt4j1ne3kc&path=//tmp HTTP/1.1" 200 2558 "-" "Amazon CloudFront"
64.252.66.61 - - [04/Sep/2026:09:28:04 +0000] "GET /?path=//sys/class/thermal/cooling_device3/device/physical_node/node0/memory28/node0/cpu5/firmware_node/subsystem/devices/PNP0A03:00/physical_node/pci_bus/0000:00/device/0000:00:1f.0/driver/0000:00:04.0/firmware_node/subsystem/devices/LNXPWRBN:00/driver/LNXSLPBN:00/input/input4/id HTTP/1.1" 200 3346 "-" "Amazon CloudFront"
64.252.66.61 - - [04/Sep/2026:09:28:09 +0000] "GET /products/detail/208628339?path=//sys/bus/node/devices/node0/cpu1/driver/cpu7/driver/cpu2/node0/cpu4/firmware_node/subsystem/devices/PNP0A03:00/device:06/physical_node/nvme/nvme0/nvme0n1/device/subsystem/nvme2/nvme2n1/holders/md0/md/dev-nvme2n1/block/holders/md0/md/dev-nvme1n1/block/mq HTTP/1.1" 200 3446 "-" "Amazon CloudFront"
64.252.66.102 - - [04/Sep/2026:09:28:12 +0000] "GET /products/detail/66275006?fileloc=//tmp/sess_mb9u3itan0q4qk2rkdd922i4b3&path=//tmp HTTP/1.1" 200 2555 "-" "Amazon CloudFront"
64.252.67.164 - - [04/Sep/2026:09:28:12 +0000] "GET /products/detail/280340228 HTTP/1.1" 200 4265 "-" "Amazon CloudFront"
64.252.68.74 - - [04/Sep/2026:09:28:13 +0000] "GET /?fileloc=//s3/f75bf04088964924b004465536090d8a/wordpress/wp-content/uploads/2021/07/%E8%8A%B1%E5%B3%B6%E6%95%99%E6%8E%88-150x150.jpg&path=//s3/f75bf04088964924b004465536090d8a/wordpress/wp-content/uploads/2021/07 HTTP/1.1" 200 2660 "-" "Amazon CloudFront"
64.252.66.102 - - [04/Sep/2026:09:28:13 +0000] "GET /products/detail/253535288?fileloc=//sbin/thin_ls&path=//sbin HTTP/1.1" 200 2540 "-" "Amazon CloudFront"
64.252.66.61 - - [04/Sep/2026:09:28:16 +0000] "GET /?path=//sys/class/thermal/cooling_device3/device/physical_node/node0/memory28/node0/cpu5/firmware_node/subsystem/devices/PNP0A03:00/physical_node/pci_bus/0000:00/device/0000:00:1e.0/driver/module/drivers/pci:nvme/0000:00:1e.0/driver/0000:00:1f.0/nvme/nvme2/subsystem/nvme2/nvme2n1/holders HTTP/1.1" 200 3211 "-" "Amazon CloudFront"
64.252.66.102 - - [04/Sep/2026:09:28:20 +0000] "GET /products/detail/208628339?path=//sys/bus/node/devices/node0/cpu1/driver/cpu7/driver/cpu2/node0/cpu4/firmware_node/thermal_cooling/device/physical_node/firmware_node/thermal_cooling/device/subsystem/devices/LNXSYSTM:00/LNXSYBUS:00/PNP0A03:00/device:21/physical_node/nvme/nvme2/nvme2n1/holders/md0/slaves/nvme2n1/holders/md0/slaves/nvme1n1/power HTTP/1.1" 200 3497 "-" "Amazon CloudFront"
64.252.66.61 - - [04/Sep/2026:09:28:24 +0000] "GET /?path=//sys/class/thermal/cooling_device3/device/physical_node/node0/memory28/node0/cpu5/firmware_node/subsystem/devices/PNP0A03:00/physical_node/pci_bus/0000:00/device/0000:00:05.0/subsystem/drivers/nvme/module/drivers/pci:nvme/0000:00:1e.0/driver/0000:00:1f.0/driver/0000:00:04.0/msi_irqs HTTP/1.1" 200 3270 "-" "Amazon CloudFront"
64.252.66.102 - - [04/Sep/2026:09:28:28 +0000] "GET /?path=//sys/bus/node/devices/node0/memory2/node0/cpu4/driver/cpu1/driver/cpu2/subsystem/drivers/processor/cpu2/firmware_node/physical_node/firmware_node/subsystem/devices/LNXSYBUS:00/PNP0A03:00/physical_node/0000:00:1f.0/nvme/nvme2/nvme2n1/holders/md0/md/dev-nvme1n1/block/device/device/nvme/nvme1/nvme1n1/holders/md0/slaves/nvme2n1/mq/1 HTTP/1.1" 200 3517 "-" "Amazon CloudFront"
64.252.66.61 - - [04/Sep/2026:09:28:32 +0000] "GET /products/detail/208628339?path=//sys/bus/node/devices/node0/cpu1/driver/cpu7/driver/cpu2/node0/cpu4/firmware_node/subsystem/devices/LNXSYSTM:00/LNXSYBUS:00/PNP0A03:00/device:20/physical_node/nvme/nvme1/device/nvme/nvme1/nvme1n1/device/nvme1n1/holders/md0/md/rd1/block/subsystem/nvme0n1/nvme0n1p128 HTTP/1.1" 200 3858 "-" "Amazon CloudFront"
64.252.66.61 - - [04/Sep/2026:09:28:36 +0000] "GET /?path=//sys/class/thermal/cooling_device3/device/physical_node/node0/memory28/node0/cpu5/firmware_node/subsystem/devices/LNXSYBUS:00/PNP0A03:00/device:1b/subsystem/devices/LNXSYBUS:00/PNP0A03:00/device:21/physical_node/driver/module/drivers/pci:nvme/module/drivers/pci:nvme/0000:00:1f.0/nvme/nvme2/nvme2n1/holders/md0/md/rd1/block/device/nvme2n1/holders/md0/integrity HTTP/1.1" 200 3642 "-" "Amazon CloudFront"
64.252.66.61 - - [04/Sep/2026:09:28:36 +0000] "GET /?fileloc=//s3/f75bf04088964924b004465536090d8a/wordpress/wp-content/uploads/2021/07/%E5%9C%9F%E5%B1%8B%E6%95%99%E6%8E%88-768x768.jpg&path=//s3/f75bf04088964924b004465536090d8a/wordpress/wp-content/uploads/2021/07 HTTP/1.1" 200 2659 "-" "Amazon CloudFront"
64.252.67.164 - - [04/Sep/2026:09:28:40 +0000] "GET /products/detail/70357167?fileloc=//tmp/sess_e1ru3n94lqfo0lh6842m1h404s&path=//tmp HTTP/1.1" 200 2555 "-" "Amazon CloudFront"
64.252.66.102 - - [04/Sep/2026:09:28:44 +0000] "GET /?path=//sys/class/thermal/cooling_device3/device/physical_node/node0/memory28/node0/cpu5/firmware_node/subsystem/devices/PNP0A03:00/physical_node/pci_bus/0000:00/device/0000:00:1f.0/driver/0000:00:04.0/subsystem/drivers/nvme/0000:00:04.0/driver/module/drivers/pci:nvme/0000:00:1f.0/power HTTP/1.1" 200 3429 "-" "Amazon CloudFront"
64.252.67.164 - - [04/Sep/2026:09:28:45 +0000] "GET /products/detail/172439228?fileloc=/var/www/volumes/69b4844ae61d4e92bf26ad98af552775/logs/openlitespeed/access.log.2026_08_23.16&path=/var/www/volumes/69b4844ae61d4e92bf26ad98af552775/logs/openlitespeed HTTP/1.1" 200 385024 "-" "Amazon CloudFront"
64.252.66.102 - - [04/Sep/2026:09:28:49 +0000] "GET /?path=//sys/class/thermal/cooling_device3/device/physical_node/node0/memory0/node0/cpu5/driver/cpu7/driver/cpu3/firmware_node/thermal_cooling/device/subsystem/devices/PNP0A03:00/device:21/physical_node/subsystem/drivers/nvme/module/drivers/pci:nvme/0000:00:1e.0/nvme/nvme1/nvme1n1/holders/md0/md/rd0/block/holders/md0/power HTTP/1.1" 200 3556 "-" "Amazon CloudFront"
