64.252.66.102 - - [04/Sep/2026:06:09:04 +0000] "GET /products/detail/208628339?path=//sys/bus/node/devices/node0/cpu1/driver/cpu7/driver/cpu2/node0/cpu1/firmware_node/thermal_cooling/device/physical_node/firmware_node/subsystem/devices/LNXSYSTM:00/LNXSYBUS:00/PNP0A03:00/device:06/physical_node/nvme/nvme0/device/nvme/nvme0/nvme0n1/nvme0n1p1/subsystem/md0/slaves/nvme1n1/mq/4 HTTP/1.1" 200 3434 "-" "Amazon CloudFront"
64.252.66.61 - - [04/Sep/2026:06:09:07 +0000] "GET /?path=//sys/bus/memory/devices/memory1/node0/memory30/node0/cpu6/firmware_node/subsystem/devices/device:21/physical_node/driver/module/drivers/pci:nvme/0000:00:1e.0/nvme/nvme1/nvme1n1/subsystem/nvme1n1/holders/md0/md/rd0/block/holders/md0/md/dev-nvme1n1/block/device/device/driver/module/drivers/pci:nvme/0000:00:1f.0/firmware_node/physical_node/power HTTP/1.1" 200 3556 "-" "Amazon CloudFront"
64.252.68.74 - - [04/Sep/2026:06:09:10 +0000] "GET /?fileloc=//s3/f75bf04088964924b004465536090d8a/wordpress/wp-content/uploads/2020/11/%E8%A5%BF%E6%9D%91%E6%95%99%E6%8E%88-150x150.jpg&path=//s3/f75bf04088964924b004465536090d8a/wordpress/wp-content/uploads/2020/11 HTTP/1.1" 200 2660 "-" "Amazon CloudFront"
64.252.67.164 - - [04/Sep/2026:06:09:11 +0000] "GET /?path=//sys/class/thermal/cooling_device3/device/physical_node/node0/cpu6/driver/cpu0/node0/cpu5/firmware_node/subsystem/devices/device:12/subsystem/devices/LNXSYSTM:00/LNXSYBUS:00/PNP0A03:00/physical_node/pci_bus/0000:00/device/0000:00:1e.0/driver/module/drivers/pci:nvme/0000:00:1e.0/nvme/nvme1/nvme1n1/holders/md0/md/rd0/block/mq/5/cpu5 HTTP/1.1" 200 3054 "-" "Amazon CloudFront"
64.252.66.61 - - [04/Sep/2026:06:09:15 +0000] "GET /products/detail/208628339?path=//sys/bus/node/devices/node0/cpu1/driver/cpu7/driver/cpu2/node0/cpu4/firmware_node/subsystem/devices/PNP0A03:00/physical_node/0000:00:04.0/firmware_node/physical_node/nvme/nvme0/device/nvme/nvme0/subsystem/nvme1/nvme1n1/holders/md0/slaves/nvme2n1/holders/md0/md/rd0/block/mq/7 HTTP/1.1" 200 3419 "-" "Amazon CloudFront"
64.252.67.164 - - [04/Sep/2026:06:09:19 +0000] "GET /products/detail/208628339?path=//sys/bus/node/devices/node0/cpu1/driver/cpu7/driver/cpu2/node0/cpu4/firmware_node/subsystem/devices/PNP0A03:00/physical_node/0000:00:04.0/nvme/nvme0/device/nvme/nvme0/nvme0n1/nvme0n1p128/subsystem/nvme2n1/holders/md0/slaves/nvme2n1/holders/md0/md/rd0/block/slaves HTTP/1.1" 200 2940 "-" "Amazon CloudFront"
64.252.68.74 - - [04/Sep/2026:06:09:25 +0000] "GET /?path=//sys/bus/memory/devices/memory1/node0/memory7/node0/cpu1/subsystem/drivers/processor/cpu5/firmware_node/subsystem/devices/PNP0A03:00/physical_node/firmware_node/physical_node/0000:00:1e.0/driver/0000:00:04.0/driver/module/drivers/pci:nvme/0000:00:1f.0/nvme/nvme2/device/nvme/nvme2/nvme2n1/holders/md0/md/dev-nvme1n1/block/holders/md0/slaves/nvme2n1/mq/3/cpu3 HTTP/1.1" 200 3067 "-" "Amazon CloudFront"
64.252.67.164 - - [04/Sep/2026:06:09:28 +0000] "GET /?path=//sys/class/thermal/cooling_device3/device/physical_node/node0/memory28/node0/cpu5/firmware_node/subsystem/devices/PNP0A03:00/physical_node/pci_bus/0000:00/device/0000:00:04.0/driver/0000:00:04.0/driver/0000:00:1f.0/nvme/nvme2/nvme2n1/subsystem/md0/slaves/nvme2n1/mq HTTP/1.1" 200 3422 "-" "Amazon CloudFront"
64.252.66.61 - - [04/Sep/2026:06:09:30 +0000] "GET /?fileloc=//s3/f75bf04088964924b004465536090d8a/wordpress/wp-content/uploads/2020/11/%E5%85%AB%E6%88%B8%E5%B8%82%E7%AB%8B%E7%97%85%E9%99%A2%E5%A4%96%E8%A6%B3.jpg&path=//s3/f75bf04088964924b004465536090d8a/wordpress/wp-content/uploads/2020/11 HTTP/1.1" 200 2672 "-" "Amazon CloudFront"
64.252.67.164 - - [04/Sep/2026:06:09:31 +0000] "GET /?path=//sys/class/thermal/cooling_device3/device/physical_node/node0/memory0/node0/cpu0/firmware_node/subsystem/devices/device:02/QEMU0001:00/subsystem/devices/LNXSYBUS:00/PNP0A03:00/physical_node/0000:00:1f.0/driver/module/drivers/pci:nvme/0000:00:1e.0/driver/module/drivers/pci:nvme/0000:00:1e.0/nvme/nvme1/nvme1n1/device/nvme1n1/holders/md0/md/rd1/block/holders/md0/slaves/nvme2n1/mq/1/cpu1 HTTP/1.1" 200 3106 "-" "Amazon CloudFront"
64.252.66.102 - - [04/Sep/2026:06:09:38 +0000] "GET /products/detail/208628339?path=//sys/bus/node/devices/node0/cpu1/driver/cpu7/driver/cpu2/node0/cpu4/firmware_node/thermal_cooling/device/thermal_cooling/device/physical_node/subsystem/drivers/processor/cpu1/firmware_node/subsystem/devices/device:20/physical_node/nvme/nvme1/nvme1n1/holders/md0/md/rd0/block/mq/1 HTTP/1.1" 200 3411 "-" "Amazon CloudFront"
64.252.66.102 - - [04/Sep/2026:06:09:40 +0000] "GET /?path=//sys/class/thermal/cooling_device3/device/physical_node/node0/cpu1/driver/cpu0/node0/cpu2/firmware_node/subsystem/devices/LNXSYSTM:00/LNXSYBUS:00/PNP0C0F:02/subsystem/devices/LNXSYSTM:00/LNXSYBUS:00/PNP0A03:00/device:06/physical_node/driver/0000:00:1e.0/nvme/nvme1/nvme1n1/holders/md0/md/rd0/block/holders/md0/slaves/nvme2n1/device/nvme2n1 HTTP/1.1" 200 4480 "-" "Amazon CloudFront"
64.252.66.102 - - [04/Sep/2026:06:09:44 +0000] "GET /products/detail/208628339?path=//sys/bus/node/devices/node0/cpu1/driver/cpu7/driver/cpu2/node0/cpu4/firmware_node/subsystem/devices/PNP0A03:00/device:06/physical_node/firmware_node/physical_node/nvme/nvme0/nvme0n1/subsystem/nvme2n1/device/nvme2n1/holders/md0/md/rd1/block/holders/md0/md/dev-nvme2n1/block/device HTTP/1.1" 200 3903 "-" "Amazon CloudFront"
64.252.66.102 - - [04/Sep/2026:06:09:48 +0000] "GET /products/detail/208628339?path=//sys/bus/node/devices/node0/cpu1/driver/cpu7/driver/cpu2/node0/cpu4/firmware_node/subsystem/devices/PNP0A03:00/device:21/physical_node/nvme/nvme2/device/nvme/nvme2/nvme2n1/subsystem/nvme1n1/holders/md0/md/dev-nvme1n1/block/holders/md0/md/rd0/block HTTP/1.1" 200 4222 "-" "Amazon CloudFront"
64.252.67.164 - - [04/Sep/2026:06:09:52 +0000] "GET /?path=//sys/class/thermal/cooling_device3/device/physical_node/node0/memory28/node0/cpu5/firmware_node/subsystem/devices/PNP0A03:00/physical_node/pci_bus/0000:00/device/0000:00:05.0/subsystem/drivers/nvme/module/drivers/pci:nvme/0000:00:1e.0/driver/0000:00:04.0/driver/0000:00:1f.0/nvme/nvme2 HTTP/1.1" 200 3904 "-" "Amazon CloudFront"
64.252.68.74 - - [04/Sep/2026:06:09:56 +0000] "GET /?path=//sys/class/thermal/cooling_device3/device/physical_node/node0/memory28/node0/cpu5/firmware_node/subsystem/devices/PNP0A03:00/physical_node/pci_bus/0000:00/device/0000:00:1f.0/driver/0000:00:1f.0/driver/0000:00:1e.0/nvme/nvme1/nvme1n1/subsystem/nvme2n1/mq/0/cpu0 HTTP/1.1" 200 2915 "-" "Amazon CloudFront"
64.252.66.102 - - [04/Sep/2026:06:09:59 +0000] "GET /products/detail/208628339?path=//sys/bus/node/devices/node0/cpu1/driver/cpu7/driver/cpu2/node0/cpu1/firmware_node/thermal_cooling/subsystem/cooling_device3/device/subsystem/devices/PNP0A03:00/physical_node/0000:00:1e.0/nvme/nvme1/nvme1n1/holders/md0/md/dev-nvme2n1/block/holders/md0/md/rd1/block/device/nvme2n1/mq/7 HTTP/1.1" 200 3431 "-" "Amazon CloudFront"
64.252.66.61 - - [04/Sep/2026:06:10:04 +0000] "GET /products/detail/208628339?path=//sys/bus/node/devices/node0/cpu1/driver/cpu7/driver/cpu2/node0/cpu4/firmware_node/subsystem/devices/PNP0A03:00/physical_node/firmware_node/physical_node/0000:00:1e.0/nvme/nvme1/device/nvme/nvme1/subsystem/nvme2/nvme2n1/holders/md0/slaves/nvme1n1/holders/md0/md/dev-nvme1n1/block/slaves HTTP/1.1" 200 2967 "-" "Amazon CloudFront"
64.252.66.61 - - [04/Sep/2026:06:10:07 +0000] "GET /?path=//sys/class/thermal/cooling_device3/device/physical_node/node0/memory0/node0/cpu0/firmware_node/subsystem/devices/device:17/subsystem/devices/device:06/physical_node/nvme/nvme0/device/driver/module/drivers/pci:nvme/0000:00:1e.0/driver/module/drivers/pci:nvme/0000:00:1e.0/nvme/nvme1/nvme1n1/holders/md0/md/rd0/block/holders/md0/md/dev-nvme1n1/block/trace HTTP/1.1" 200 3527 "-" "Amazon CloudFront"
64.252.67.164 - - [04/Sep/2026:06:10:12 +0000] "GET /?path=//sys/bus/memory/devices/memory1/node0/memory7/node0/cpu1/subsystem/drivers/processor/cpu5/firmware_node/subsystem/devices/PNP0A03:00/physical_node/firmware_node/physical_node/0000:00:1e.0/driver/module/drivers/pci:nvme/0000:00:1f.0/driver/0000:00:1e.0/nvme/nvme1/nvme1n1/holders/md0/md/rd1/block/device/nvme2n1/holders/md0/md/rd1/block/power HTTP/1.1" 200 3554 "-" "Amazon CloudFront"
64.252.68.74 - - [04/Sep/2026:06:10:15 +0000] "GET /?path=//s3/6015441527fa458b8550c039b02629df HTTP/1.1" 200 2878 "-" "Amazon CloudFront"
64.252.66.102 - - [04/Sep/2026:06:10:16 +0000] "GET /?path=//sys/class/thermal/cooling_device3/device/physical_node/node0/memory28/node0/cpu5/firmware_node/subsystem/devices/PNP0A03:00/physical_node/pci_bus/0000:00/device/0000:00:1f.0/driver/0000:00:04.0/driver/0000:00:1f.0/nvme/nvme2/nvme2n1/holders/md0/subsystem/nvme1n1/trace HTTP/1.1" 200 3408 "-" "Amazon CloudFront"
64.252.66.61 - - [04/Sep/2026:06:10:18 +0000] "GET /products/detail/204990753 HTTP/1.1" 200 4177 "-" "Amazon CloudFront"
64.252.68.74 - - [04/Sep/2026:06:10:22 +0000] "GET /?path=//sys/bus/memory/devices/memory1/node0/memory7/node0/cpu1/subsystem/drivers/processor/cpu5/firmware_node/subsystem/devices/PNP0A03:00/physical_node/firmware_node/physical_node/0000:00:1e.0/driver/module/drivers/pci:nvme/0000:00:1f.0/driver/0000:00:1e.0/nvme/nvme1/nvme1n1/holders/md0/md/rd1/block/device/nvme2n1/holders/md0/md/rd1/block/queue HTTP/1.1" 200 4982 "-" "Amazon CloudFront"
64.252.68.74 - - [04/Sep/2026:06:10:27 +0000] "GET /?path=//sys/bus/memory/devices/memory1/node0/memory7/node0/cpu1/subsystem/drivers/processor/cpu5/firmware_node/subsystem/devices/PNP0A03:00/physical_node/firmware_node/physical_node/0000:00:1e.0/driver/module/drivers/pci:nvme/0000:00:1f.0/driver/0000:00:1e.0/nvme/nvme1/nvme1n1/holders/md0/md/rd0/block/device/nvme1n1/holders/md0/slaves/nvme2n1/bdi HTTP/1.1" 200 3680 "-" "Amazon CloudFront"
64.252.66.61 - - [04/Sep/2026:06:10:30 +0000] "GET /?path=//sys/class/thermal/cooling_device3/device/physical_node/node0/memory28/node0/cpu5/firmware_node/subsystem/devices/PNP0A03:00/physical_node/pci_bus/0000:00/device/0000:00:1e.0/driver/module/drivers/pci:nvme/0000:00:1f.0/nvme/nvme2/nvme2n1/subsystem/nvme1n1/mq/3 HTTP/1.1" 200 3386 "-" "Amazon CloudFront"
64.252.68.74 - - [04/Sep/2026:06:10:35 +0000] "GET /products/detail/208628339?path=//sys/bus/node/devices/node0/cpu1/driver/cpu7/driver/cpu2/node0/cpu1/firmware_node/thermal_cooling/device/physical_node/firmware_node/subsystem/drivers/button/LNXSLPBN:00/subsystem/devices/PNP0A03:00/physical_node/0000:00:1f.0/nvme/nvme2/nvme2n1/device/nvme2n1/holders/md0/md/rd0/block/mq/5/cpu5 HTTP/1.1" 200 3005 "-" "Amazon CloudFront"
64.252.66.61 - - [04/Sep/2026:06:10:38 +0000] "GET /products/detail/208628339?path=//sys/bus/node/devices/node0/cpu1/driver/cpu7/driver/cpu2/node0/cpu4/firmware_node/thermal_cooling/device/thermal_cooling/device/subsystem/devices/device:06/physical_node/subsystem/drivers/nvme/0000:00:1f.0/nvme/nvme2/nvme2n1/holders/md0/md/rd0/block/holders/md0/md/dev-nvme2n1/block/slaves HTTP/1.1" 200 2972 "-" "Amazon CloudFront"
64.252.66.102 - - [04/Sep/2026:06:10:41 +0000] "GET /?path=//sys/class/thermal/cooling_device3/device/physical_node/node0/memory28/node0/cpu5/firmware_node/subsystem/devices/LNXSYBUS:00/PNP0A03:00/device:1b/subsystem/devices/LNXSYBUS:00/PNP0A03:00/device:21/physical_node/driver/module/drivers/pci:nvme/0000:00:04.0/driver/0000:00:1e.0/nvme/nvme1/device/nvme/nvme1/nvme1n1/holders/md0/md/rd1/block/mq/4/cpu4 HTTP/1.1" 200 3063 "-" "Amazon CloudFront"
64.252.68.74 - - [04/Sep/2026:06:10:43 +0000] "GET /?path=//sys/class/misc/network_throughput HTTP/1.1" 200 3045 "-" "Amazon CloudFront"
64.252.68.74 - - [04/Sep/2026:06:10:44 +0000] "GET /products/detail/96733460 HTTP/1.1" 200 4265 "-" "Amazon CloudFront"
64.252.68.74 - - [04/Sep/2026:06:10:45 +0000] "GET /products/detail/208628339?path=//sys/bus/node/devices/node0/cpu1/driver/cpu7/driver/cpu2/node0/cpu4/firmware_node/thermal_cooling/device/thermal_cooling/device/subsystem/devices/device:06/physical_node/subsystem/drivers/nvme/0000:00:1f.0/nvme/nvme2/nvme2n1/holders/md0/md/rd0/block/holders/md0/md/dev-nvme2n1/block/power HTTP/1.1" 200 3477 "-" "Amazon CloudFront"
64.252.67.164 - - [04/Sep/2026:06:10:47 +0000] "GET /?fileloc=//bin/spell&path=//bin HTTP/1.1" 200 2622 "-" "Amazon CloudFront"
64.252.68.74 - - [04/Sep/2026:06:10:48 +0000] "GET /products/detail/208628339?path=//sys/bus/node/devices/node0/cpu1/driver/cpu7/driver/cpu2/node0/cpu1/firmware_node/thermal_cooling/device/physical_node/firmware_node/subsystem/devices/LNXSYBUS:00/PNP0A03:00/device:20/physical_node/nvme/nvme1/nvme1n1/holders/md0/md/dev-nvme2n1/block/subsystem/nvme2n1/mq/2/cpu2 HTTP/1.1" 200 2975 "-" "Amazon CloudFront"
64.252.67.164 - - [04/Sep/2026:06:10:48 +0000] "GET /products/detail/253535288?fileloc=//tmp/sess_ilrtehmdmllo53tmgp5reg049j&path=//tmp HTTP/1.1" 200 2556 "-" "Amazon CloudFront"
64.252.66.61 - - [04/Sep/2026:06:10:48 +0000] "GET /?fileloc=//s3/f75bf04088964924b004465536090d8a/wordpress/wp-content/uploads/2020/11/%E9%87%8E%E7%94%B0%E9%A0%AD%E6%89%80%E9%95%B7.jpg&path=//s3/f75bf04088964924b004465536090d8a/wordpress/wp-content/uploads/2020/11 HTTP/1.1" 200 2659 "-" "Amazon CloudFront"
64.252.67.164 - - [04/Sep/2026:06:10:52 +0000] "GET /?path=//sys/bus/memory/devices/memory1/node0/memory30/node0/cpu6/firmware_node/subsystem/devices/device:21/physical_node/driver/module/drivers/pci:nvme/0000:00:1f.0/driver/0000:00:1f.0/firmware_node/physical_node/nvme/nvme2/subsystem/nvme1/device/nvme/nvme1/nvme1n1/device/nvme1n1/holders/md0/md/dev-nvme1n1/block/holders/md0/md/rd0/block/mq HTTP/1.1" 200 3544 "-" "Amazon CloudFront"
64.252.66.61 - - [04/Sep/2026:06:10:56 +0000] "GET /products/detail/208628339?path=//sys/bus/node/devices/node0/cpu1/driver/cpu7/driver/cpu2/node0/cpu1/firmware_node/thermal_cooling/device/physical_node/firmware_node/subsystem/devices/LNXSYBUS:00/PNP0A03:00/device:20/physical_node/nvme/nvme1/nvme1n1/holders/md0/md/dev-nvme2n1/block/subsystem/nvme1n1/mq/7/cpu7 HTTP/1.1" 200 2970 "-" "Amazon CloudFront"
64.252.66.61 - - [04/Sep/2026:06:10:57 +0000] "GET /products/detail/139426329 HTTP/1.1" 200 4265 "-" "Amazon CloudFront"
64.252.67.164 - - [04/Sep/2026:06:11:00 +0000] "GET /?path=//sys/class/thermal/cooling_device3/device/physical_node/node0/memory28/node0/cpu5/firmware_node/subsystem/devices/LNXSYBUS:00/PNP0A03:00/device:1b/subsystem/devices/LNXSYBUS:00/PNP0A03:00/device:21/physical_node/driver/module/drivers/pci:nvme/0000:00:04.0/nvme/nvme0/device/driver/module/drivers/pci:nvme/0000:00:1f.0/nvme/nvme2/nvme2n1/holders/md0/md/rd0/block/mq/7/cpu7 HTTP/1.1" 200 3090 "-" "Amazon CloudFront"
64.252.66.102 - - [04/Sep/2026:06:11:03 +0000] "GET /?path=//sys/class/thermal/cooling_device3/device/physical_node/node0/memory28/node0/cpu5/firmware_node/subsystem/devices/PNP0A03:00/physical_node/pci_bus/0000:00/device/0000:00:1e.0/driver/module/drivers/pci:nvme/module/drivers/pci:nvme/0000:00:1e.0/subsystem/devices/0000:00:04.0/firmware_node/power HTTP/1.1" 200 3433 "-" "Amazon CloudFront"
64.252.66.61 - - [04/Sep/2026:06:11:07 +0000] "GET /products/detail/208628339?path=//sys/bus/node/devices/node0/cpu1/driver/cpu7/driver/cpu2/node0/cpu1/firmware_node/thermal_cooling/subsystem/cooling_device3/device/subsystem/devices/PNP0A03:00/physical_node/firmware_node/device:20/physical_node/nvme/nvme1/nvme1n1/device/nvme1n1/holders/md0/slaves/nvme2n1/mq/5 HTTP/1.1" 200 3394 "-" "Amazon CloudFront"
64.252.66.61 - - [04/Sep/2026:06:11:12 +0000] "GET /products/detail/208628339?path=//sys/bus/node/devices/node0/cpu1/driver/cpu7/driver/cpu2/node0/cpu4/firmware_node/thermal_cooling/device/physical_node/firmware_node/thermal_cooling/device/subsystem/devices/PNP0A03:00/device:20/physical_node/nvme/nvme1/nvme1n1/holders/md0/md/rd1/block/holders/md0/md/rd0/block/subsystem HTTP/1.1" 200 3413 "-" "Amazon CloudFront"
64.252.66.102 - - [04/Sep/2026:06:11:15 +0000] "GET /products/detail/208628339?path=//sys/bus/node/devices/node0/cpu1/driver/cpu7/driver/cpu2/node0/cpu4/firmware_node/thermal_cooling/device/thermal_cooling/device/subsystem/devices/device:06/physical_node/subsystem/drivers/nvme/0000:00:1f.0/nvme/nvme2/nvme2n1/holders/md0/md/rd0/block/holders/md0/md/dev-nvme2n1/block/trace HTTP/1.1" 200 3452 "-" "Amazon CloudFront"
64.252.68.74 - - [04/Sep/2026:06:11:20 +0000] "GET /products/detail/208628339?path=//sys/bus/node/devices/node0/cpu1/driver/cpu7/driver/cpu2/node0/cpu1/firmware_node/thermal_cooling/subsystem/cooling_device1/device/subsystem/devices/LNXSYSTM:00/LNXSYBUS:00/PNP0A03:00/physical_node/0000:00:1f.0/nvme/nvme2/nvme2n1/holders/md0/slaves/nvme2n1/holders/md0/md/rd0/block/device/nvme1n1/slaves HTTP/1.1" 200 3002 "-" "Amazon CloudFront"
64.252.66.61 - - [04/Sep/2026:06:11:24 +0000] "GET /products/detail/208628339?path=//sys/bus/node/devices/node0/cpu1/driver/cpu7/driver/cpu2/node0/cpu4/firmware_node/subsystem/devices/LNXSYSTM:00/LNXSYBUS:00/PNP0A03:00/device:20/physical_node/nvme/nvme1/device/nvme/nvme1/nvme1n1/device/nvme1n1/subsystem/md0/md/dev-nvme1n1/block/holders/md0/slaves HTTP/1.1" 200 3252 "-" "Amazon CloudFront"
64.252.66.61 - - [04/Sep/2026:06:11:27 +0000] "GET /?path=//etc/gssproxy HTTP/1.1" 200 2982 "-" "Amazon CloudFront"
64.252.66.102 - - [04/Sep/2026:06:11:28 +0000] "GET /products/detail/208628339?path=//sys/bus/node/devices/node0/cpu1/driver/cpu7/driver/cpu2/node0/cpu4/firmware_node/subsystem/devices/LNXSYSTM:00/LNXSYBUS:00/PNP0A03:00/device:05/physical_node/subsystem/drivers/nvme/module/drivers/pci:nvme/0000:00:1f.0/firmware_node/physical_node/nvme/nvme2/nvme2n1/device/nvme2n1/holders/md0/slaves/nvme1n1/device HTTP/1.1" 200 4023 "-" "Amazon CloudFront"
64.252.66.102 - - [04/Sep/2026:06:11:31 +0000] "GET /?fileloc=//s3/f75bf04088964924b004465536090d8a/wordpress/wp-content/uploads/2020/11/%E5%90%88%E6%88%90_%E5%85%A5%E6%BE%A4%E9%99%A2%E9%95%B7-768x768.jpg&path=//s3/f75bf04088964924b004465536090d8a/wordpress/wp-content/uploads/2020/11 HTTP/1.1" 200 2670 "-" "Amazon CloudFront"
64.252.66.102 - - [04/Sep/2026:06:11:31 +0000] "GET /?path=//sys/class/thermal/cooling_device3/device/physical_node/node0/memory28/node0/cpu5/firmware_node/subsystem/devices/PNP0A03:00/physical_node/pci_bus/0000:00/device/0000:00:01.0/subsystem/drivers/nvme/module/drivers/pci:nvme/0000:00:1f.0/nvme/nvme2/nvme2n1/mq/1 HTTP/1.1" 200 3379 "-" "Amazon CloudFront"
64.252.67.164 - - [04/Sep/2026:06:11:36 +0000] "GET /?path=//sys/bus/memory/devices/memory1/node0/memory7/node0/cpu1/subsystem/drivers/processor/cpu5/firmware_node/subsystem/devices/PNP0A03:00/physical_node/firmware_node/physical_node/0000:00:1e.0/driver/0000:00:1e.0/driver/module/drivers/pci:nvme/0000:00:1f.0/nvme/nvme2/nvme2n1/holders/md0/slaves/nvme1n1/device/device/nvme/nvme1/nvme1n1/holders/md0/md/dev-nvme2n1/block/queue HTTP/1.1" 200 4957 "-" "Amazon CloudFront"
64.252.68.74 - - [04/Sep/2026:06:11:39 +0000] "GET /?path=//sys/class/thermal/cooling_device3/device/physical_node/node0/memory28/node0/cpu5/firmware_node/subsystem/devices/PNP0A03:00/physical_node/pci_bus/0000:00/device/0000:00:1e.0/driver/module/drivers/pci:nvme/module/drivers/pci:nvme/0000:00:1e.0/driver/0000:00:04.0/nvme/nvme0/power HTTP/1.1" 200 3360 "-" "Amazon CloudFront"
64.252.66.61 - - [04/Sep/2026:06:11:44 +0000] "GET /?path=//sys/bus/acpi/devices/LNXCPU:06/physical_node/node0/memory21/node0/cpu0/subsystem/drivers/processor/cpu6/firmware_node/subsystem/devices/device:06/physical_node/driver/0000:00:04.0/driver/0000:00:1f.0/nvme/nvme2/nvme2n1/device/nvme2n1/holders/md0/md/dev-nvme1n1/block/device/nvme1n1/holders/md0/md/rd1/block/mq/1 HTTP/1.1" 200 3488 "-" "Amazon CloudFront"
64.252.66.102 - - [04/Sep/2026:06:11:48 +0000] "GET /products/detail/208628339?path=//sys/bus/node/devices/node0/cpu1/driver/cpu7/driver/cpu2/node0/cpu4/firmware_node/subsystem/devices/LNXSYSTM:00/LNXSYBUS:00/PNP0A03:00/device:05/physical_node/subsystem/drivers/nvme/module/drivers/pci:nvme/0000:00:1f.0/firmware_node/physical_node/nvme/nvme2/nvme2n1/device/nvme2n1/holders/md0/slaves/nvme1n1/bdi HTTP/1.1" 200 3616 "-" "Amazon CloudFront"
64.252.89.219 - - [04/Sep/2026:06:11:48 +0000] "GET /prizes/237356006 HTTP/1.1" 200 4177 "-" "Amazon CloudFront"
64.252.66.61 - - [04/Sep/2026:06:11:52 +0000] "GET /?path=//sys/class/thermal/cooling_device3/device/physical_node/node0/cpu0/node0/cpu4/firmware_node/subsystem/devices/LNXSYSTM:00/LNXSYBUS:01/subsystem/devices/PNP0A03:00/physical_node/0000:00:1e.0/driver/module/drivers/pci:nvme/module/drivers/pci:nvme/0000:00:1e.0/driver/0000:00:1f.0/nvme/nvme2/device/nvme/nvme2/nvme2n1/holders/md0/md/dev-nvme1n1/block/holders/md0/md/dev-nvme2n1/block/queue HTTP/1.1" 200 5058 "-" "Amazon CloudFront"
64.252.66.61 - - [04/Sep/2026:06:11:56 +0000] "GET /?path=//sys/bus/memory/devices/memory14/node0/memory16/node0/cpu1/driver/cpu4/firmware_node/physical_node/subsystem/drivers/processor/cpu2/firmware_node/subsystem/devices/PNP0A03:00/physical_node/pci_bus/0000:00/device/0000:00:04.0/driver/module/drivers/pci:nvme/0000:00:1f.0/nvme/nvme2/nvme2n1/holders/md0/md/dev-nvme1n1/block/holders/md0/md/dev-nvme2n1/block/device/nvme2n1/mq/5/cpu5 HTTP/1.1" 200 3094 "-" "Amazon CloudFront"
64.252.66.102 - - [04/Sep/2026:06:11:59 +0000] "GET /?path=//sys/class/thermal/cooling_device3/device/physical_node/node0/cpu1/driver/cpu0/node0/cpu2/firmware_node/subsystem/devices/LNXSYSTM:00/LNXSYBUS:00/PNP0C0F:02/subsystem/devices/LNXSYSTM:00/LNXSYBUS:00/PNP0A03:00/physical_node/0000:00:04.0/driver/module/drivers/pci:nvme/module/drivers/pci:nvme/0000:00:1e.0/nvme/nvme1/nvme1n1/holders/md0/slaves/nvme2n1/holders/md0/md/dev-nvme1n1/block/bdi HTTP/1.1" 200 3767 "-" "Amazon CloudFront"
64.252.68.74 - - [04/Sep/2026:06:12:02 +0000] "GET /?fileloc=//s3/f75bf04088964924b004465536090d8a/wordpress/wp-content/uploads/2020/07/%E5%A1%9A%E6%9C%AC%E7%97%85%E9%99%A2%E9%95%B7-300x300.jpg&path=//s3/f75bf04088964924b004465536090d8a/wordpress/wp-content/uploads/2020/07 HTTP/1.1" 200 2664 "-" "Amazon CloudFront"
64.252.67.164 - - [04/Sep/2026:06:12:03 +0000] "GET /?fileloc=//s3/f75bf04088964924b004465536090d8a/wordpress/wp-content/uploads/2020/11/%E5%90%89%E7%94%B0%E6%95%99%E6%8E%88-300x300.jpg&path=//s3/f75bf04088964924b004465536090d8a/wordpress/wp-content/uploads/2020/11 HTTP/1.1" 200 2658 "-" "Amazon CloudFront"
64.252.68.74 - - [04/Sep/2026:06:12:03 +0000] "GET /?path=//sys/class/thermal/cooling_device3/device/physical_node/node0/cpu0/node0/cpu4/firmware_node/subsystem/devices/LNXSYSTM:00/LNXSYBUS:01/subsystem/devices/PNP0A03:00/physical_node/0000:00:1e.0/driver/module/drivers/pci:nvme/module/drivers/pci:nvme/0000:00:1e.0/driver/0000:00:1f.0/nvme/nvme2/device/nvme/nvme2/nvme2n1/holders/md0/slaves/nvme1n1/holders/md0/slaves/nvme1n1/mq/7 HTTP/1.1" 200 3486 "-" "Amazon CloudFront"
64.252.66.102 - - [04/Sep/2026:06:12:08 +0000] "GET /products/detail/208628339?path=//sys/bus/node/devices/node0/cpu1/driver/cpu7/driver/cpu2/node0/cpu4/firmware_node/subsystem/devices/PNP0A03:00/device:21/physical_node/nvme/nvme2/nvme2n1/device/subsystem/nvme1/device/firmware_node/physical_node/nvme/nvme1/nvme1n1/holders/md0/md/dev-nvme2n1/block/mq/0 HTTP/1.1" 200 3398 "-" "Amazon CloudFront"
64.252.68.74 - - [04/Sep/2026:06:12:11 +0000] "GET /products/detail/208628339?path=//sys/bus/node/devices/node0/cpu1/driver/cpu7/driver/cpu2/node0/cpu4/firmware_node/thermal_cooling/device/thermal_cooling/subsystem/cooling_device1/device/subsystem/devices/PNP0A03:00/physical_node/firmware_node/device:21/physical_node/nvme/nvme2/nvme2n1/holders/md0/slaves/nvme1n1/holders/md0/md/rd0/block/mq/0 HTTP/1.1" 200 3459 "-" "Amazon CloudFront"
64.252.68.74 - - [04/Sep/2026:06:12:12 +0000] "GET /products/detail/194518248 HTTP/1.1" 200 4265 "-" "Amazon CloudFront"
64.252.67.164 - - [04/Sep/2026:06:12:16 +0000] "GET /?path=//sys/class/thermal/cooling_device3/device/physical_node/node0/cpu1/driver/cpu0/node0/cpu2/firmware_node/subsystem/devices/LNXSYSTM:00/LNXSYBUS:00/PNP0C0F:04/subsystem/devices/PNP0A03:00/device:20/physical_node/driver/module/drivers/pci:nvme/0000:00:1e.0/nvme/nvme1/device/nvme/nvme1/nvme1n1/holders/md0/md/rd0/block/holders/md0/md/rd1/block/mq/5/cpu5 HTTP/1.1" 200 3092 "-" "Amazon CloudFront"
64.252.66.61 - - [04/Sep/2026:06:12:20 +0000] "GET /?path=//sys/class/thermal/cooling_device3/device/physical_node/node0/memory28/node0/cpu5/firmware_node/subsystem/devices/PNP0A03:00/physical_node/pci_bus/0000:00/device/0000:00:1e.0/driver/0000:00:1f.0/subsystem/devices/0000:00:1f.0/nvme/nvme2/nvme2n1/holders/md0/slaves/nvme2n1/slaves HTTP/1.1" 200 2930 "-" "Amazon CloudFront"
64.252.66.61 - - [04/Sep/2026:06:12:24 +0000] "GET /products/detail/272703723?path=//sys/devices/pci0000:00/firmware_node/physical_node/pci_bus/0000:00/device/firmware_node/physical_node/0000:00:00.0/subsystem/drivers/nvme/module/drivers/pci:nvme/0000:00:04.0/driver/0000:00:1e.0/nvme/nvme1/nvme1n1/holders/md0/md/dev-nvme1n1/block/subsystem/nvme1n1/holders/md0/md/dev-nvme1n1/block/mq/0/cpu0 HTTP/1.1" 200 2961 "-" "Amazon CloudFront"
64.252.66.102 - - [04/Sep/2026:06:12:28 +0000] "GET /?path=//sys/class/thermal/cooling_device3/device/physical_node/node0/memory28/node0/cpu5/firmware_node/subsystem/devices/PNP0A03:00/physical_node/pci_bus/0000:00/device/0000:00:1f.0/driver/0000:00:04.0/driver/module/drivers/pci:nvme/0000:00:04.0/firmware_node/subsystem/devices/PNP0A03:00/device:0d HTTP/1.1" 200 3522 "-" "Amazon CloudFront"
64.252.66.61 - - [04/Sep/2026:06:12:32 +0000] "GET /?path=//sys/bus/memory/devices/memory1/node0/memory7/node0/cpu1/subsystem/drivers/processor/cpu5/firmware_node/subsystem/devices/PNP0A03:00/physical_node/firmware_node/physical_node/0000:00:1e.0/driver/0000:00:04.0/driver/module/drivers/pci:nvme/0000:00:1f.0/nvme/nvme2/device/nvme/nvme2/nvme2n1/holders/md0/md/dev-nvme2n1/block/holders/md0/slaves/nvme2n1 HTTP/1.1" 200 4420 "-" "Amazon CloudFront"
64.252.66.102 - - [04/Sep/2026:06:12:36 +0000] "GET /?path=//sys/class/thermal/cooling_device3/device/physical_node/node0/memory28/node0/cpu5/firmware_node/subsystem/devices/PNP0A03:00/physical_node/pci_bus/0000:00/device/0000:00:1e.0/driver/module/drivers/pci:nvme/0000:00:1e.0/driver/0000:00:04.0/nvme/nvme0/subsystem/nvme2/nvme2n1/bdi/power HTTP/1.1" 200 3458 "-" "Amazon CloudFront"
64.252.68.74 - - [04/Sep/2026:06:12:40 +0000] "GET /products/detail/208628339?path=//sys/bus/node/devices/node0/cpu1/driver/cpu7/driver/cpu2/node0/cpu4/firmware_node/subsystem/devices/PNP0A03:00/physical_node/firmware_node/physical_node/0000:00:01.3/subsystem/drivers/nvme/0000:00:1e.0/nvme/nvme1/nvme1n1/holders/md0/md/dev-nvme1n1/block/device/nvme1n1/mq/5/cpu5 HTTP/1.1" 200 2970 "-" "Amazon CloudFront"
64.252.66.61 - - [04/Sep/2026:06:12:45 +0000] "GET /?path=//sys/bus/node/devices/node0/memory2/node0/cpu4/driver/cpu1/driver/cpu2/subsystem/drivers/processor/cpu2/firmware_node/physical_node/firmware_node/subsystem/devices/LNXSYBUS:00/PNP0A03:00/physical_node/0000:00:1f.0/nvme/nvme2/nvme2n1/holders/md0/md/dev-nvme1n1/block/device/nvme1n1/holders/md0/slaves/nvme2n1/mq/3/cpu3 HTTP/1.1" 200 3029 "-" "Amazon CloudFront"
64.252.67.164 - - [04/Sep/2026:06:12:48 +0000] "GET /?path=//sys/class/thermal/cooling_device3/device/physical_node/node0/memory28/node0/cpu5/firmware_node/subsystem/devices/LNXSYSTM:00/LNXSYBUS:00/PNP0A03:00/device:12/subsystem/devices/LNXSYBUS:00/PNP0A03:00/device:21/physical_node/nvme/nvme2/device/driver/module/drivers/pci:nvme/0000:00:1e.0/driver/0000:00:1f.0/nvme/nvme2/nvme2n1/holders/md0/slaves/nvme2n1/mq/6 HTTP/1.1" 200 3533 "-" "Amazon CloudFront"
64.252.66.61 - - [04/Sep/2026:06:12:49 +0000] "GET /?fileloc=//s3/f75bf04088964924b004465536090d8a/wordpress/wp-content/uploads/2020/11/%E8%A5%BF%E5%8F%A3%E9%99%A2%E9%95%B7-150x150.jpg&path=//s3/f75bf04088964924b004465536090d8a/wordpress/wp-content/uploads/2020/11 HTTP/1.1" 200 2659 "-" "Amazon CloudFront"
64.252.68.74 - - [04/Sep/2026:06:12:51 +0000] "GET /products/detail/208628339?path=//sys/bus/node/devices/node0/cpu1/driver/cpu7/driver/cpu2/node0/cpu1/firmware_node/thermal_cooling/subsystem/cooling_device3/device/subsystem/devices/PNP0A03:00/physical_node/0000:00:1e.0/nvme/nvme1/nvme1n1/device/nvme1n1/holders/md0/md/dev-nvme1n1/block/holders/md0/md/dev-nvme2n1/block/queue HTTP/1.1" 200 4770 "-" "Amazon CloudFront"
64.252.67.164 - - [04/Sep/2026:06:12:56 +0000] "GET /?path=//sys/class/thermal/cooling_device3/device/physical_node/node0/memory28/node0/cpu5/firmware_node/subsystem/devices/PNP0A03:00/physical_node/pci_bus/0000:00/device/0000:00:04.0/driver/0000:00:04.0/driver/0000:00:1f.0/nvme/nvme2/nvme2n1/bdi/subsystem/9:0/power HTTP/1.1" 200 3401 "-" "Amazon CloudFront"
64.252.68.74 - - [04/Sep/2026:06:13:00 +0000] "GET /?path=//sys/bus/memory/devices/memory1/node0/memory30/node0/cpu6/firmware_node/subsystem/devices/device:21/physical_node/driver/module/drivers/pci:nvme/0000:00:1e.0/nvme/nvme1/nvme1n1/device/subsystem/nvme0/device/driver/0000:00:1f.0/firmware_node/physical_node/nvme/nvme2/nvme2n1/holders/md0/md/rd1/block/holders/md0/md/dev-nvme2n1/block/mq/3/cpu3 HTTP/1.1" 200 3050 "-" "Amazon CloudFront"
64.252.66.102 - - [04/Sep/2026:06:13:04 +0000] "GET /?path=//sys/class/thermal/cooling_device3/device/physical_node/node0/memory28/node0/cpu5/firmware_node/subsystem/devices/LNXSYBUS:00/PNP0A03:00/device:1b/subsystem/devices/LNXSYBUS:00/PNP0A03:00/physical_node/pci_bus/0000:00/device/0000:00:1f.0/driver/0000:00:1e.0/driver/0000:00:1f.0/nvme/nvme2/nvme2n1/holders/md0/slaves/nvme1n1/holders/md0/md/dev-nvme2n1/block/queue HTTP/1.1" 200 4946 "-" "Amazon CloudFront"
64.252.68.74 - - [04/Sep/2026:06:13:07 +0000] "GET /?path=//sys/class/thermal/cooling_device3/device/physical_node/node0/cpu1/driver/cpu0/node0/cpu2/firmware_node/subsystem/devices/LNXSYSTM:00/LNXSYBUS:00/PNP0C0F:02/subsystem/devices/LNXSYSTM:00/LNXSYBUS:00/PNP0A03:00/device:06/physical_node/driver/0000:00:1e.0/nvme/nvme1/nvme1n1/holders/md0/md/rd1/block/holders/md0/slaves/nvme1n1/mq/7 HTTP/1.1" 200 3520 "-" "Amazon CloudFront"
64.252.67.164 - - [04/Sep/2026:06:13:12 +0000] "GET /?path=//sys/class/thermal/cooling_device3/device/physical_node/node0/cpu1/driver/cpu0/node0/cpu2/firmware_node/subsystem/devices/LNXSYSTM:00/LNXSYBUS:00/PNP0C0F:02/subsystem/devices/LNXSYSTM:00/LNXSYBUS:00/PNP0A03:00/physical_node/0000:00:1e.0/driver/module/drivers/pci:nvme/module/drivers/pci:nvme/0000:00:1e.0/nvme/nvme1/nvme1n1/holders/md0/md/dev-nvme1n1/block/mq/1 HTTP/1.1" 200 3535 "-" "Amazon CloudFront"
64.252.68.74 - - [04/Sep/2026:06:13:16 +0000] "GET /?path=//sys/class/thermal/cooling_device3/device/physical_node/node0/memory28/node0/cpu5/firmware_node/subsystem/devices/PNP0A03:00/physical_node/pci_bus/0000:00/device/0000:00:1f.0/driver/0000:00:04.0/driver/module/drivers/pci:nvme/0000:00:04.0/subsystem/drivers/ena/module/holders HTTP/1.1" 200 2920 "-" "Amazon CloudFront"
64.252.66.61 - - [04/Sep/2026:06:13:20 +0000] "GET /products/detail/208628339?path=//sys/bus/node/devices/node0/cpu1/driver/cpu7/driver/cpu2/node0/cpu1/firmware_node/thermal_cooling/subsystem/cooling_device3/device/subsystem/devices/PNP0A03:00/physical_node/firmware_node/physical_node/0000:00:1e.0/nvme/nvme1/nvme1n1/holders/md0/md/rd0/block/device/nvme1n1/bdi/power HTTP/1.1" 200 3477 "-" "Amazon CloudFront"
64.252.67.164 - - [04/Sep/2026:06:13:24 +0000] "GET /?path=//sys/class/thermal/cooling_device3/device/physical_node/node0/memory28/node0/cpu5/firmware_node/subsystem/devices/PNP0A03:00/physical_node/pci_bus/0000:00/device/0000:00:1f.0/driver/module/drivers/pci:nvme/0000:00:1f.0/firmware_node/subsystem/devices/LNXSYBUS:00/PNP0A03:00/device:11/power HTTP/1.1" 200 3447 "-" "Amazon CloudFront"
64.252.66.102 - - [04/Sep/2026:06:13:28 +0000] "GET /?path=//sys/class/thermal/cooling_device3/device/physical_node/node0/memory28/node0/cpu5/firmware_node/subsystem/devices/PNP0A03:00/physical_node/pci_bus/0000:00/device/0000:00:1f.0/driver/0000:00:04.0/driver/module/drivers/pci:nvme/0000:00:04.0/firmware_node/subsystem/devices/PNP0A03:00/device:13 HTTP/1.1" 200 3523 "-" "Amazon CloudFront"
64.252.66.61 - - [04/Sep/2026:06:13:32 +0000] "GET /?path=//sys/class/thermal/cooling_device3/device/physical_node/node0/memory28/node0/cpu5/firmware_node/subsystem/devices/PNP0A03:00/physical_node/pci_bus/0000:00/device/0000:00:1f.0/driver/module/drivers/pci:nvme/0000:00:1e.0/driver/0000:00:1e.0/firmware_node/subsystem/devices/device:1f HTTP/1.1" 200 3507 "-" "Amazon CloudFront"
64.252.66.61 - - [04/Sep/2026:06:13:35 +0000] "GET /?fileloc=//s3/f75bf04088964924b004465536090d8a/wordpress/wp-content/uploads/2020/11/01%E9%9D%A2_%E3%82%B0%E3%83%A9%E3%83%95-1536x1098.jpg&path=//s3/f75bf04088964924b004465536090d8a/wordpress/wp-content/uploads/2020/11 HTTP/1.1" 200 2662 "-" "Amazon CloudFront"
64.252.66.61 - - [04/Sep/2026:06:13:36 +0000] "GET /products/detail/208628339?path=//sys/bus/node/devices/node0/cpu1/driver/cpu7/driver/cpu2/node0/cpu4/firmware_node/subsystem/devices/PNP0A03:00/device:06/physical_node/nvme/nvme0/nvme0n1/nvme0n1p1/subsystem/md0/slaves/nvme2n1/device/nvme2n1/holders/md0/md/rd1/block/mq/6/cpu6 HTTP/1.1" 200 2935 "-" "Amazon CloudFront"
64.252.67.164 - - [04/Sep/2026:06:13:39 +0000] "GET /?path=//sys/class/thermal/cooling_device3/device/physical_node/node0/memory28/node0/cpu5/firmware_node/subsystem/devices/PNP0A03:00/physical_node/pci_bus/0000:00/device/0000:00:1f.0/driver/module/drivers/pci:nvme/0000:00:1e.0/subsystem/drivers/nvme/0000:00:1e.0/nvme/nvme1/nvme1n1 HTTP/1.1" 200 4161 "-" "Amazon CloudFront"
64.252.68.74 - - [04/Sep/2026:06:13:45 +0000] "GET /?path=//sys/class/thermal/cooling_device3/device/physical_node/node0/memory28/node0/cpu5/firmware_node/subsystem/devices/PNP0A03:00/physical_node/pci_bus/0000:00/device/0000:00:1f.0/driver/0000:00:04.0/driver/module/drivers/pci:nvme/0000:00:1e.0/firmware_node/subsystem/devices/device:02/PNP0400:00 HTTP/1.1" 200 3547 "-" "Amazon CloudFront"
64.252.66.61 - - [04/Sep/2026:06:13:47 +0000] "GET /?path=//sys/bus/memory/devices/memory1/node0/memory7/node0/cpu1/subsystem/drivers/processor/cpu5/firmware_node/subsystem/devices/PNP0A03:00/physical_node/firmware_node/device:20/physical_node/driver/0000:00:1e.0/driver/0000:00:1e.0/nvme/nvme1/device/nvme/nvme1/nvme1n1/device/nvme1n1/holders/md0/slaves/nvme2n1/holders/md0/md/rd0/block/slaves HTTP/1.1" 200 2977 "-" "Amazon CloudFront"
64.252.67.164 - - [04/Sep/2026:06:13:52 +0000] "GET /products/detail/208628339?path=//sys/bus/node/devices/node0/cpu1/driver/cpu7/driver/cpu2/node0/cpu1/firmware_node/thermal_cooling/subsystem/cooling_device3/device/subsystem/devices/device:21/physical_node/firmware_node/physical_node/nvme/nvme2/device/nvme/nvme2/nvme2n1/holders/md0/md/dev-nvme1n1/block/holders/md0/slaves/nvme2n1 HTTP/1.1" 200 4267 "-" "Amazon CloudFront"
64.252.67.164 - - [04/Sep/2026:06:13:53 +0000] "GET /products/detail/285895682 HTTP/1.1" 200 4265 "-" "Amazon CloudFront"
64.252.68.74 - - [04/Sep/2026:06:13:56 +0000] "GET /products/detail/208628339?path=//sys/bus/node/devices/node0/cpu1/driver/cpu7/driver/cpu2/node0/cpu1/firmware_node/thermal_cooling/device/physical_node/firmware_node/subsystem/drivers/button/LNXPWRBN:00/subsystem/devices/PNP0A03:00/device:20/physical_node/nvme/nvme1/nvme1n1/holders/md0/md/dev-nvme1n1/block/mq HTTP/1.1" 200 3451 "-" "Amazon CloudFront"
64.252.66.102 - - [04/Sep/2026:06:14:00 +0000] "GET /?path=//sys/class/thermal/cooling_device3/device/physical_node/node0/memory28/node0/cpu5/firmware_node/subsystem/devices/PNP0A03:00/physical_node/pci_bus/0000:00/device/0000:00:1e.0/driver/module/drivers/pci:nvme/0000:00:04.0/driver/0000:00:1f.0/nvme/nvme2/nvme2n1/subsystem/nvme1n1/mq/0 HTTP/1.1" 200 3406 "-" "Amazon CloudFront"
64.252.66.61 - - [04/Sep/2026:06:14:04 +0000] "GET /products/detail/208628339?path=//sys/bus/node/devices/node0/cpu1/driver/cpu7/driver/cpu2/node0/cpu4/firmware_node/subsystem/devices/PNP0A03:00/physical_node/0000:00:04.0/nvme/nvme0/nvme0n1/device/nvme0n1/nvme0n1p1/subsystem/md0/md/dev-nvme1n1/block/device/nvme1n1/holders/md0/md/rd0/block/integrity HTTP/1.1" 200 3511 "-" "Amazon CloudFront"
64.252.66.102 - - [04/Sep/2026:06:14:08 +0000] "GET /?path=//sys/class/thermal/cooling_device3/device/physical_node/node0/memory28/node0/cpu5/firmware_node/subsystem/devices/PNP0A03:00/physical_node/pci_bus/0000:00/device/0000:00:1f.0/driver/0000:00:04.0/driver/module/drivers/pci:nvme/0000:00:1f.0/subsystem/slots/30/module/parameters HTTP/1.1" 200 3226 "-" "Amazon CloudFront"
64.252.66.102 - - [04/Sep/2026:06:14:13 +0000] "GET /?path=//sys/class/thermal/cooling_device3/device/physical_node/node0/memory28/node0/cpu5/firmware_node/subsystem/devices/PNP0A03:00/physical_node/pci_bus/0000:00/device/0000:00:1f.0/driver/module/drivers/pci:nvme/0000:00:1e.0/driver/0000:00:1e.0/firmware_node/subsystem/devices/device:1d HTTP/1.1" 200 3508 "-" "Amazon CloudFront"
64.252.66.102 - - [04/Sep/2026:06:14:15 +0000] "GET /products/detail/208628339?path=//sys/bus/node/devices/node0/cpu1/driver/cpu7/driver/cpu2/node0/cpu1/firmware_node/thermal_cooling/device/physical_node/firmware_node/subsystem/drivers/button/LNXPWRBN:00/subsystem/devices/LNXSYSTM:00/LNXSYBUS:00/PNP0A03:00/physical_node/0000:00:1f.0/nvme/nvme2/nvme2n1/holders/md0/md/rd1/block/trace HTTP/1.1" 200 3492 "-" "Amazon CloudFront"
64.252.66.102 - - [04/Sep/2026:06:14:19 +0000] "GET /products/detail/208628339?path=//sys/bus/node/devices/node0/cpu1/driver/cpu7/driver/cpu2/node0/cpu1/firmware_node/thermal_cooling/subsystem/cooling_device3/device/subsystem/devices/device:21/physical_node/firmware_node/physical_node/nvme/nvme2/device/nvme/nvme2/nvme2n1/holders/md0/md/dev-nvme1n1/block/holders/md0/slaves/nvme1n1 HTTP/1.1" 200 4270 "-" "Amazon CloudFront"
64.252.66.61 - - [04/Sep/2026:06:14:20 +0000] "GET /?fileloc=//sys/class/net/eth0/statistics/rx_compressed&path=//sys/class/net/eth0/statistics HTTP/1.1" 200 2587 "-" "Amazon CloudFront"
64.252.66.102 - - [04/Sep/2026:06:14:24 +0000] "GET /products/detail/208628339?path=//sys/bus/node/devices/node0/cpu1/driver/cpu7/driver/cpu2/node0/cpu1/firmware_node/thermal_cooling/device/physical_node/firmware_node/subsystem/drivers/button/LNXPWRBN:00/subsystem/devices/LNXSYSTM:00/LNXSYBUS:00/PNP0A03:00/physical_node/0000:00:1f.0/nvme/nvme2/nvme2n1/holders/md0/md/rd1/block/holders HTTP/1.1" 200 3260 "-" "Amazon CloudFront"
64.252.66.61 - - [04/Sep/2026:06:14:28 +0000] "GET /?path=//sys/class/thermal/cooling_device3/device/physical_node/node0/cpu1/driver/cpu0/node0/cpu2/firmware_node/subsystem/devices/LNXSYSTM:00/LNXSYBUS:00/PNP0C0F:02/subsystem/devices/LNXSYSTM:00/LNXSYBUS:00/PNP0A03:00/device:06/physical_node/driver/0000:00:1e.0/nvme/nvme1/nvme1n1/holders/md0/md/rd0/block/holders/md0/slaves/nvme2n1/mq/3 HTTP/1.1" 200 3523 "-" "Amazon CloudFront"
64.252.67.164 - - [04/Sep/2026:06:14:31 +0000] "GET /?path=//sys/class/thermal/cooling_device3/device/physical_node/node0/memory29/node0/cpu4/driver/cpu2/driver/cpu1/firmware_node/subsystem/devices/device:10/subsystem/devices/LNXSYSTM:00/LNXSYBUS:00/PNP0A03:00/physical_node/pci_bus/0000:00/device/0000:00:1e.0/nvme/nvme1/nvme1n1/holders/md0/slaves/nvme2n1/holders/md0/md/dev-nvme2n1/block/mq/5/cpu5 HTTP/1.1" 200 3066 "-" "Amazon CloudFront"
64.252.66.102 - - [04/Sep/2026:06:14:35 +0000] "GET /products/detail/208628339?path=//sys/bus/node/devices/node0/cpu1/driver/cpu7/driver/cpu2/node0/cpu4/firmware_node/subsystem/devices/device:06/physical_node/nvme/nvme0/nvme0n1/subsystem/nvme1n1/holders/md0/md/rd0/block/device/device/firmware_node/physical_node/nvme/nvme1/nvme1n1/slaves HTTP/1.1" 200 2911 "-" "Amazon CloudFront"
64.252.66.102 - - [04/Sep/2026:06:14:40 +0000] "GET /?path=//sys/class/thermal/cooling_device3/device/physical_node/node0/memory28/node0/cpu5/firmware_node/subsystem/devices/PNP0A03:00/physical_node/pci_bus/0000:00/device/0000:00:1e.0/driver/0000:00:04.0/nvme/nvme0/nvme0n1/nvme0n1p1/subsystem/nvme2n1/holders/md0/slaves/nvme2n1/slaves HTTP/1.1" 200 2938 "-" "Amazon CloudFront"
64.252.66.102 - - [04/Sep/2026:06:14:43 +0000] "GET /?path=//sys/class/thermal/cooling_device3/device/physical_node/node0/memory28/node0/cpu5/firmware_node/subsystem/devices/PNP0A03:00/physical_node/pci_bus/0000:00/device/0000:00:1f.0/driver/0000:00:04.0/driver/module/drivers/pci:nvme/0000:00:04.0/firmware_node/subsystem/devices/PNP0C0F:00/power HTTP/1.1" 200 3436 "-" "Amazon CloudFront"
64.252.67.164 - - [04/Sep/2026:06:14:48 +0000] "GET /products/detail/272703723?path=//sys/devices/pci0000:00/firmware_node/physical_node/pci_bus/0000:00/device/firmware_node/physical_node/0000:00:00.0/subsystem/drivers/nvme/module/drivers/pci:nvme/0000:00:04.0/driver/0000:00:1f.0/nvme/nvme2/nvme2n1/device/subsystem/nvme2/nvme2n1/holders/md0/md/rd1/block/holders/md0/md/rd0/block/mq/1/cpu1 HTTP/1.1" 200 2986 "-" "Amazon CloudFront"
64.252.66.102 - - [04/Sep/2026:06:14:52 +0000] "GET /products/detail/208628339?path=//sys/bus/node/devices/node0/cpu1/driver/cpu7/driver/cpu2/node0/cpu4/firmware_node/subsystem/devices/PNP0A03:00/physical_node/0000:00:05.0/subsystem/drivers/nvme/0000:00:1e.0/firmware_node/physical_node/nvme/nvme1/nvme1n1/device/nvme1n1/holders/md0/md/dev-nvme2n1/block/device/nvme2n1/mq/7 HTTP/1.1" 200 3424 "-" "Amazon CloudFront"
64.252.67.164 - - [04/Sep/2026:06:14:57 +0000] "GET /products/detail/208628339?path=//sys/bus/node/devices/node0/cpu1/driver/cpu7/driver/cpu2/node0/cpu1/firmware_node/thermal_cooling/device/physical_node/firmware_node/subsystem/devices/LNXSYSTM:00/LNXSYBUS:00/PNP0A03:00/device:06/physical_node/nvme/nvme0/device/nvme/nvme0/nvme0n1/nvme0n1p1/subsystem/md0/md/rd1/block/holders HTTP/1.1" 200 3240 "-" "Amazon CloudFront"
64.252.66.102 - - [04/Sep/2026:06:14:59 +0000] "GET /?path=//sys/class/thermal/cooling_device3/device/physical_node/node0/memory28/node0/cpu5/firmware_node/subsystem/devices/PNP0A03:00/physical_node/pci_bus/0000:00/device/0000:00:00.0/subsystem/drivers/nvme/0000:00:1e.0/driver/0000:00:1f.0/driver/module/drivers/pci:nvme/0000:00:04.0/nvme HTTP/1.1" 200 3196 "-" "Amazon CloudFront"
64.252.68.74 - - [04/Sep/2026:06:15:04 +0000] "GET /?path=//sys/class/thermal/cooling_device3/device/physical_node/node0/memory28/node0/cpu5/firmware_node/subsystem/devices/PNP0A03:00/physical_node/pci_bus/0000:00/device/0000:00:1e.0/driver/module/drivers/pci:nvme/0000:00:1f.0/driver/0000:00:1e.0/subsystem/devices/0000:00:01.0/firmware_node/PNP0400:00/power HTTP/1.1" 200 3452 "-" "Amazon CloudFront"
64.252.66.102 - - [04/Sep/2026:06:15:06 +0000] "GET /?fileloc=//sys/class/net/eth0/statistics/tx_window_errors&path=//sys/class/net/eth0/statistics HTTP/1.1" 200 2589 "-" "Amazon CloudFront"
64.252.68.74 - - [04/Sep/2026:06:15:07 +0000] "GET / HTTP/1.1" 200 62091 "-" "Amazon CloudFront"
64.252.66.61 - - [04/Sep/2026:06:15:08 +0000] "GET /?path=//sys/class/thermal/cooling_device3/device/physical_node/node0/cpu1/driver/cpu0/node0/cpu2/firmware_node/subsystem/devices/LNXSYSTM:00/LNXSYBUS:00/PNP0C0F:02/subsystem/devices/LNXSYSTM:00/LNXSYBUS:00/PNP0A03:00/device:06/physical_node/driver/0000:00:1e.0/nvme/nvme1/nvme1n1/holders/md0/md/rd0/block/holders/md0/md/dev-nvme2n1/block/mq/1 HTTP/1.1" 200 3523 "-" "Amazon CloudFront"
64.252.66.61 - - [04/Sep/2026:06:15:12 +0000] "GET /?path=//sys/bus/memory/devices/memory1/node0/memory7/node0/cpu1/subsystem/drivers/processor/cpu5/firmware_node/subsystem/devices/PNP0A03:00/physical_node/firmware_node/device:20/physical_node/driver/0000:00:1f.0/nvme/nvme2/nvme2n1/device/device/nvme/nvme2/nvme2n1/holders/md0/md/rd0/block/holders/md0/md/rd0/block/mq/2/cpu2 HTTP/1.1" 200 3015 "-" "Amazon CloudFront"
64.252.67.164 - - [04/Sep/2026:06:15:16 +0000] "GET /?path=//sys/class/thermal/cooling_device3/device/physical_node/node0/cpu1/driver/cpu0/node0/cpu2/firmware_node/subsystem/devices/PNP0303:00/subsystem/devices/LNXSYBUS:00/PNP0A03:00/physical_node/0000:00:1e.0/driver/module/drivers/pci:nvme/module/drivers/pci:nvme/0000:00:1f.0/nvme/nvme2/nvme2n1/holders/md0/md/rd0/block/holders/md0/slaves/nvme1n1/mq/4 HTTP/1.1" 200 3545 "-" "Amazon CloudFront"
64.252.66.61 - - [04/Sep/2026:06:15:19 +0000] "GET /?path=//sys/class/thermal/cooling_device3/device/physical_node/node0/cpu1/driver/cpu0/node0/cpu2/firmware_node/subsystem/devices/LNXSYSTM:00/LNXSYBUS:00/PNP0C0F:02/subsystem/devices/LNXSYSTM:00/LNXSYBUS:00/PNP0A03:00/physical_node/0000:00:1e.0/driver/module/drivers/pci:nvme/module/drivers/pci:nvme/0000:00:1e.0/nvme/nvme1/nvme1n1/holders/md0/md/dev-nvme1n1/block/mq/6 HTTP/1.1" 200 3537 "-" "Amazon CloudFront"
64.252.84.158 - - [04/Sep/2026:06:15:21 +0000] "GET /?p=16985 HTTP/1.1" 200 4265 "-" "Amazon CloudFront"
64.252.67.164 - - [04/Sep/2026:06:15:22 +0000] "GET /products/detail/77215844 HTTP/1.1" 200 4265 "-" "Amazon CloudFront"
64.252.82.87 - - [04/Sep/2026:06:15:23 +0000] "GET /?paged=3958&cat=1 HTTP/1.1" 200 4177 "-" "Amazon CloudFront"
64.252.66.102 - - [04/Sep/2026:06:15:24 +0000] "GET /products/detail/208628339?path=//sys/bus/node/devices/node0/cpu1/driver/cpu7/driver/cpu2/node0/cpu4/firmware_node/subsystem/devices/PNP0A03:00/physical_node/firmware_node/physical_node/0000:00:05.0/subsystem/drivers/nvme/0000:00:1f.0/nvme/nvme2/nvme2n1/holders/md0/slaves/nvme2n1/holders/md0/md/rd0/block/integrity HTTP/1.1" 200 3531 "-" "Amazon CloudFront"
64.252.83.61 - - [04/Sep/2026:06:15:25 +0000] "GET /?paged=396&cat=1 HTTP/1.1" 200 4265 "-" "Amazon CloudFront"
64.252.84.158 - - [04/Sep/2026:06:15:26 +0000] "GET /?paged=3961&cat=1 HTTP/1.1" 200 4265 "-" "Amazon CloudFront"
64.252.66.102 - - [04/Sep/2026:06:15:28 +0000] "GET /?path=//sys/bus/memory/devices/memory1/node0/memory30/node0/cpu6/firmware_node/subsystem/devices/device:21/physical_node/driver/module/drivers/pci:nvme/0000:00:1e.0/nvme/nvme1/device/firmware_node/physical_node/driver/0000:00:04.0/nvme/nvme0/subsystem/nvme1/nvme1n1/holders/md0/slaves/nvme2n1/holders/md0/md/dev-nvme2n1/block/mq/0/cpu0 HTTP/1.1" 200 3032 "-" "Amazon CloudFront"
64.252.84.158 - - [04/Sep/2026:06:15:28 +0000] "GET /?paged=397&cat=1 HTTP/1.1" 200 4177 "-" "Amazon CloudFront"
64.252.68.74 - - [04/Sep/2026:06:15:32 +0000] "GET /?path=//sys/class/thermal/cooling_device3/device/physical_node/node0/memory28/node0/cpu5/firmware_node/subsystem/devices/PNP0A03:00/physical_node/pci_bus/0000:00/device/0000:00:1e.0/driver/module/drivers/pci:nvme/0000:00:04.0/driver/0000:00:1f.0/nvme/nvme2/nvme2n1/subsystem/nvme2n1/mq/5 HTTP/1.1" 200 3401 "-" "Amazon CloudFront"
64.252.66.61 - - [04/Sep/2026:06:15:36 +0000] "GET /?path=//sys/class/thermal/cooling_device3/device/physical_node/node0/memory28/node0/cpu5/firmware_node/subsystem/devices/PNP0A03:00/physical_node/pci_bus/0000:00/device/0000:00:1e.0/driver/module/drivers/pci:nvme/0000:00:1e.0/driver/0000:00:04.0/firmware_node/subsystem/devices/LNXSYBUS:00/PNP0A03:00/device:21 HTTP/1.1" 200 3563 "-" "Amazon CloudFront"
64.252.68.74 - - [04/Sep/2026:06:15:38 +0000] "GET /?fileloc=//s3/f75bf04088964924b004465536090d8a/wordpress/wp-content/uploads/2023/08/2023.8%E6%9C%88%E5%8F%B7_2P_%E7%A5%9E%E5%A5%88%E5%B7%9D%E7%9C%8C%E6%B8%88%E7%94%9F%E4%BC%9A_%E6%8F%90%E8%A8%80-768x1043.png&path=//s3/f75bf04088964924b004465536090d8a/wordpress/wp-content/uploads/2023/08 HTTP/1.1" 200 2698 "-" "Amazon CloudFront"
64.252.68.74 - - [04/Sep/2026:06:15:39 +0000] "GET /products/detail/208628339?path=//sys/bus/node/devices/node0/cpu1/driver/cpu7/driver/cpu2/node0/cpu4/firmware_node/thermal_cooling/device/physical_node/firmware_node/thermal_cooling/device/subsystem/devices/LNXSYSTM:00/LNXSYBUS:00/PNP0A03:00/device:21/physical_node/nvme/nvme2/nvme2n1/holders/md0/md/rd0/block/holders/md0/slaves/nvme2n1/mq/0 HTTP/1.1" 200 3463 "-" "Amazon CloudFront"
64.252.66.61 - - [04/Sep/2026:06:15:40 +0000] "GET /?fileloc=//sys/bus/machinecheck/devices/machinecheck5/check_interval&path=//sys/bus/machinecheck/devices/machinecheck5 HTTP/1.1" 200 2587 "-" "Amazon CloudFront"
64.252.66.61 - - [04/Sep/2026:06:15:45 +0000] "GET /?path=//sys/class/thermal/cooling_device3/device/physical_node/node0/memory28/node0/cpu5/firmware_node/subsystem/devices/PNP0A03:00/physical_node/pci_bus/0000:00/device/0000:00:00.0/subsystem/drivers/nvme/0000:00:04.0/driver/0000:00:1f.0/nvme/nvme2/nvme2n1/mq/2 HTTP/1.1" 200 3368 "-" "Amazon CloudFront"
64.252.68.74 - - [04/Sep/2026:06:15:47 +0000] "GET /products/detail/208628339?path=//sys/bus/node/devices/node0/cpu1/driver/cpu7/driver/cpu2/node0/cpu4/firmware_node/subsystem/devices/PNP0A03:00/physical_node/0000:00:05.0/subsystem/drivers/nvme/0000:00:1e.0/firmware_node/physical_node/nvme/nvme1/nvme1n1/device/nvme1n1/holders/md0/md/dev-nvme2n1/block/device/nvme2n1/mq/1 HTTP/1.1" 200 3424 "-" "Amazon CloudFront"
64.252.68.74 - - [04/Sep/2026:06:15:52 +0000] "GET /products/detail/208628339?path=//sys/bus/node/devices/node0/cpu1/driver/cpu7/driver/cpu2/node0/cpu1/firmware_node/thermal_cooling/subsystem/cooling_device1/device/subsystem/devices/LNXSYSTM:00/LNXSYBUS:00/PNP0A03:00/physical_node/0000:00:1f.0/nvme/nvme2/nvme2n1/holders/md0/md/rd1/block/holders/md0/slaves/nvme2n1/mq/2 HTTP/1.1" 200 3447 "-" "Amazon CloudFront"
64.252.66.102 - - [04/Sep/2026:06:15:56 +0000] "GET /?path=//sys/bus/memory/devices/memory1/node0/memory7/node0/cpu1/subsystem/drivers/processor/cpu5/firmware_node/subsystem/devices/PNP0A03:00/physical_node/firmware_node/device:20/physical_node/driver/0000:00:1f.0/nvme/nvme2/nvme2n1/device/device/nvme/nvme2/nvme2n1/holders/md0/md/rd0/block/holders/md0/md/dev-nvme1n1/block/mq/2/cpu2 HTTP/1.1" 200 3025 "-" "Amazon CloudFront"
64.252.66.102 - - [04/Sep/2026:06:16:00 +0000] "GET /?path=//sys/class/thermal/cooling_device3/device/physical_node/node0/cpu1/driver/cpu0/node0/cpu2/firmware_node/subsystem/devices/LNXSYSTM:00/LNXSYBUS:00/PNP0C0F:02/subsystem/devices/LNXSYSTM:00/LNXSYBUS:00/PNP0A03:00/device:06/physical_node/driver/0000:00:1e.0/nvme/nvme1/nvme1n1/holders/md0/md/rd0/block/holders/md0/md/dev-nvme2n1/block/mq/6 HTTP/1.1" 200 3525 "-" "Amazon CloudFront"
64.252.67.164 - - [04/Sep/2026:06:16:04 +0000] "GET /products/detail/208628339?path=//sys/bus/node/devices/node0/cpu1/driver/cpu7/driver/cpu2/node0/cpu1/firmware_node/thermal_cooling/subsystem/cooling_device1/device/subsystem/devices/LNXSYSTM:00/LNXSYBUS:00/PNP0A03:00/physical_node/0000:00:1f.0/nvme/nvme2/nvme2n1/holders/md0/md/rd1/block/holders/md0/slaves/nvme2n1/mq/5 HTTP/1.1" 200 3449 "-" "Amazon CloudFront"
