64.252.67.164 - - [04/Sep/2026:07:36:00 +0000] "GET /?path=//sys/class/thermal/cooling_device3/device/physical_node/node0/memory28/node0/cpu5/firmware_node/subsystem/devices/PNP0A03:00/physical_node/pci_bus/0000:00/device/0000:00:01.0/subsystem/drivers/nvme/module/drivers/pci:nvme/0000:00:1e.0/nvme/nvme1/nvme1n1/mq/0 HTTP/1.1" 200 3376 "-" "Amazon CloudFront"
64.252.68.74 - - [04/Sep/2026:07:36:04 +0000] "GET /?path=//sys/bus/memory/devices/memory1/node0/memory30/node0/cpu6/firmware_node/subsystem/devices/device:21/physical_node/driver/module/drivers/pci:nvme/0000:00:1e.0/driver/0000:00:1f.0/nvme/nvme2/nvme2n1/subsystem/md0/md/dev-nvme1n1/block/device/device/firmware_node/physical_node/nvme/nvme1/nvme1n1/holders/md0/md/rd0/block/mq/4/cpu4 HTTP/1.1" 200 3033 "-" "Amazon CloudFront"
64.252.66.61 - - [04/Sep/2026:07:36:08 +0000] "GET /?path=//sys/class/thermal/cooling_device3/device/physical_node/node0/memory28/node0/cpu5/firmware_node/subsystem/devices/PNP0A03:00/physical_node/pci_bus/0000:00/device/0000:00:1f.0/driver/0000:00:04.0/driver/module/drivers/pci:nvme/0000:00:04.0/subsystem/devices/0000:00:01.0/firmware_node/PNP0B00:00 HTTP/1.1" 200 3511 "-" "Amazon CloudFront"
64.252.66.61 - - [04/Sep/2026:07:36:12 +0000] "GET /products/detail/208628339?path=//sys/bus/node/devices/node0/cpu1/driver/cpu7/driver/cpu2/node0/cpu1/firmware_node/thermal_cooling/device/physical_node/firmware_node/subsystem/devices/LNXSYSTM:00/LNXSYBUS:00/PNP0A03:00/device:06/physical_node/nvme/nvme0/nvme0n1/nvme0n1p128/subsystem/nvme2n1/device/nvme2n1/mq/3/cpu3 HTTP/1.1" 200 2951 "-" "Amazon CloudFront"
64.252.67.164 - - [04/Sep/2026:07:36:16 +0000] "GET /products/detail/208628339?path=//sys/bus/node/devices/node0/cpu1/driver/cpu7/driver/cpu2/node0/cpu4/firmware_node/thermal_cooling/device/physical_node/firmware_node/thermal_cooling/device/subsystem/devices/LNXSYSTM:00/LNXSYBUS:00/PNP0A03:00/physical_node/0000:00:01.3/subsystem/drivers/nvme/0000:00:1f.0/nvme/nvme2/nvme2n1/holders/md0/md/dev-nvme1n1/block/mq/5 HTTP/1.1" 200 3492 "-" "Amazon CloudFront"
64.252.67.164 - - [04/Sep/2026:07:36:22 +0000] "GET /?path=//sys/bus/memory/devices/memory1/node0/memory7/node0/cpu1/subsystem/drivers/processor/cpu5/firmware_node/subsystem/devices/PNP0A03:00/physical_node/firmware_node/physical_node/0000:00:1e.0/driver/module/drivers/pci:nvme/0000:00:1e.0/nvme/nvme1/nvme1n1/holders/md0/slaves/nvme1n1/holders/md0/md/dev-nvme2n1/block/device/nvme2n1/mq/7 HTTP/1.1" 200 3504 "-" "Amazon CloudFront"
64.252.67.164 - - [04/Sep/2026:07:36:24 +0000] "GET /?path=//sys/class/thermal/cooling_device3/device/physical_node/node0/memory28/node0/cpu5/firmware_node/subsystem/devices/LNXSYBUS:00/PNP0A03:00/device:1b/subsystem/devices/LNXSYBUS:00/PNP0A03:00/device:21/physical_node/driver/module/drivers/pci:nvme/0000:00:1f.0/driver/module/drivers/pci:nvme/0000:00:1e.0/nvme/nvme1/device/nvme/nvme1/nvme1n1/holders/md0/slaves/nvme2n1/mq/4 HTTP/1.1" 200 3541 "-" "Amazon CloudFront"
64.252.66.102 - - [04/Sep/2026:07:36:25 +0000] "GET /?fileloc=//s3/f75bf04088964924b004465536090d8a/wordpress/wp-content/uploads/2023/09/%E6%A8%AA%E6%B5%9C%E5%B8%82%E7%AB%8B%E5%A4%A7%E5%AD%A6%E9%99%84%E5%B1%9E%E5%B8%82%E6%B0%91%E7%B7%8F%E5%90%88%E5%8C%BB%E7%99%82%E3%82%BB%E3%83%B3%E3%82%BF%E3%83%BC_%E5%A4%96%E8%A6%B3-150x150.jpg&path=//s3/f75bf04088964924b004465536090d8a/wordpress/wp-content/uploads/2023/09 HTTP/1.1" 200 2727 "-" "Amazon CloudFront"
64.252.66.61 - - [04/Sep/2026:07:36:28 +0000] "GET /products/detail/208628339?path=//sys/bus/node/devices/node0/cpu1/driver/cpu7/driver/cpu2/node0/cpu4/firmware_node/subsystem/devices/device:06/physical_node/nvme/nvme0/nvme0n1/subsystem/md0/md/dev-nvme2n1/block/holders/md0/slaves/nvme1n1/mq/3 HTTP/1.1" 200 3339 "-" "Amazon CloudFront"
64.252.67.164 - - [04/Sep/2026:07:36:32 +0000] "GET /products/detail/208628339?path=//sys/bus/node/devices/node0/cpu1/driver/cpu7/driver/cpu2/node0/cpu4/firmware_node/subsystem/devices/device:06/physical_node/nvme/nvme0/nvme0n1/subsystem/md0/md/dev-nvme2n1/block/holders/md0/slaves/nvme1n1/mq/0 HTTP/1.1" 200 3337 "-" "Amazon CloudFront"
64.252.68.74 - - [04/Sep/2026:07:36:36 +0000] "GET /products/detail/208628339?path=//sys/bus/node/devices/node0/cpu1/driver/cpu7/driver/cpu2/node0/cpu4/firmware_node/subsystem/devices/PNP0A03:00/physical_node/0000:00:05.0/subsystem/drivers/nvme/0000:00:1e.0/firmware_node/physical_node/nvme/nvme1/nvme1n1/device/nvme1n1/holders/md0/md/dev-nvme2n1/block/holders/md0/md/bitmap HTTP/1.1" 200 3589 "-" "Amazon CloudFront"
64.252.67.164 - - [04/Sep/2026:07:36:40 +0000] "GET /products/detail/208628339?path=//sys/bus/node/devices/node0/cpu1/driver/cpu7/driver/cpu2/node0/cpu1/firmware_node/thermal_cooling/device/physical_node/firmware_node/subsystem/drivers/button/LNXPWRBN:00/subsystem/devices/PNP0A03:00/device:21/physical_node/nvme/nvme2/nvme2n1/holders/md0/holders HTTP/1.1" 200 2909 "-" "Amazon CloudFront"
64.252.66.61 - - [04/Sep/2026:07:36:44 +0000] "GET /?path=//sys/class/thermal/cooling_device3/device/physical_node/node0/memory28/node0/cpu5/firmware_node/subsystem/devices/PNP0A03:00/physical_node/pci_bus/0000:00/device/0000:00:1e.0/driver/module/drivers/pci:nvme/0000:00:04.0/driver/0000:00:1f.0/nvme/nvme2/nvme2n1/subsystem/nvme0n1/bdi/power HTTP/1.1" 200 3465 "-" "Amazon CloudFront"
64.252.67.164 - - [04/Sep/2026:07:36:48 +0000] "GET /?path=//sys/class/thermal/cooling_device3/device/physical_node/node0/memory28/node0/cpu5/firmware_node/subsystem/devices/PNP0A03:00/physical_node/pci_bus/0000:00/device/0000:00:1f.0/driver/module/drivers/pci:nvme/0000:00:04.0/firmware_node/subsystem/devices/PNP0A03:00/device:02/PNP0400:00/power HTTP/1.1" 200 3442 "-" "Amazon CloudFront"
64.252.66.61 - - [04/Sep/2026:07:36:52 +0000] "GET /products/detail/208628339?path=//sys/bus/node/devices/node0/cpu1/driver/cpu7/driver/cpu2/node0/cpu4/firmware_node/thermal_cooling/device/physical_node/firmware_node/thermal_cooling/device/subsystem/devices/LNXSYSTM:00/LNXSYBUS:00/PNP0A03:00/device:21/physical_node/nvme/nvme2/nvme2n1/holders/md0/md/rd1/block/subsystem/nvme1n1/holders/md0/slaves/nvme2n1 HTTP/1.1" 200 4422 "-" "Amazon CloudFront"
64.252.68.74 - - [04/Sep/2026:07:36:53 +0000] "GET /?fileloc=//s3/f75bf04088964924b004465536090d8a/wordpress/wp-content/uploads/2023/09/%E8%97%A4%E7%94%B0%E5%8C%BB%E7%A7%91%E5%A4%A7%E5%AD%A6_%E3%81%82%E3%82%86%E3%81%BF-150x150.png&path=//s3/f75bf04088964924b004465536090d8a/wordpress/wp-content/uploads/2023/09 HTTP/1.1" 200 2684 "-" "Amazon CloudFront"
64.252.68.74 - - [04/Sep/2026:07:36:57 +0000] "GET /?path=//sys/bus/acpi/devices/LNXCPU:06/physical_node/node0/memory21/node0/cpu0/subsystem/drivers/processor/cpu6/firmware_node/subsystem/devices/device:06/physical_node/driver/0000:00:04.0/driver/0000:00:1f.0/nvme/nvme2/nvme2n1/device/nvme2n1/holders/md0/md/dev-nvme1n1/block/device/nvme1n1/holders/md0/md/dev-nvme2n1/block/mq/0/cpu0 HTTP/1.1" 200 3021 "-" "Amazon CloudFront"
64.252.68.74 - - [04/Sep/2026:07:37:00 +0000] "GET /?path=//sys/class/thermal/cooling_device3/device/physical_node/node0/memory0/node0/cpu0/firmware_node/subsystem/devices/device:02/QEMU0001:00/subsystem/devices/LNXSYBUS:00/PNP0A03:00/physical_node/0000:00:1f.0/driver/module/drivers/pci:nvme/0000:00:1e.0/driver/module/drivers/pci:nvme/0000:00:1e.0/nvme/nvme1/nvme1n1/device/nvme1n1/holders/md0/md/dev-nvme1n1/block/holders/md0/md/dev-nvme1n1/block/mq HTTP/1.1" 200 3643 "-" "Amazon CloudFront"
64.252.67.164 - - [04/Sep/2026:07:37:04 +0000] "GET /?path=//sys/class/thermal/cooling_device3/device/physical_node/node0/memory0/node0/cpu0/firmware_node/subsystem/devices/device:02/QEMU0001:00/subsystem/devices/LNXSYBUS:00/PNP0A03:00/physical_node/0000:00:1f.0/driver/module/drivers/pci:nvme/0000:00:1e.0/driver/module/drivers/pci:nvme/0000:00:1e.0/nvme/nvme1/nvme1n1/device/nvme1n1/holders/md0/md/dev-nvme1n1/block/holders/md0/md/dev-nvme1n1/block/bdi HTTP/1.1" 200 3754 "-" "Amazon CloudFront"
64.252.66.102 - - [04/Sep/2026:07:37:08 +0000] "GET /products/detail/208628339?path=//sys/bus/node/devices/node0/cpu1/driver/cpu7/driver/cpu2/node0/cpu4/firmware_node/subsystem/devices/PNP0A03:00/physical_node/0000:00:04.0/nvme/nvme0/device/nvme/nvme0/nvme0n1/nvme0n1p128/subsystem/md0/md/dev-nvme2n1/block/device/nvme2n1/holders/md0/bdi HTTP/1.1" 200 3543 "-" "Amazon CloudFront"
64.252.66.61 - - [04/Sep/2026:07:37:12 +0000] "GET /products/detail/47417309?fileloc=//tmp/sess_s4n0uvm2hmptu8ajp9daeenljt&path=//tmp HTTP/1.1" 200 2556 "-" "Amazon CloudFront"
64.252.66.61 - - [04/Sep/2026:07:37:13 +0000] "GET /products/detail/255358248 HTTP/1.1" 200 4265 "-" "Amazon CloudFront"
64.252.67.164 - - [04/Sep/2026:07:37:16 +0000] "GET /products/detail/208628339?path=//sys/bus/node/devices/node0/cpu1/driver/cpu7/driver/cpu2/node0/cpu4/firmware_node/subsystem/devices/PNP0A03:00/physical_node/0000:00:1e.0/subsystem/drivers/nvme/0000:00:1e.0/nvme/nvme1/nvme1n1/holders/md0/md/rd1/block/device/nvme2n1/holders/md0/md/dev-nvme1n1/block/mq HTTP/1.1" 200 3459 "-" "Amazon CloudFront"
64.252.68.74 - - [04/Sep/2026:07:37:18 +0000] "GET /products/detail/151126086 HTTP/1.1" 200 4265 "-" "Amazon CloudFront"
64.252.67.164 - - [04/Sep/2026:07:37:20 +0000] "GET /products/detail/208628339?path=//sys/bus/node/devices/node0/cpu1/driver/cpu7/driver/cpu2/node0/cpu4/firmware_node/subsystem/devices/PNP0A03:00/physical_node/0000:00:1e.0/subsystem/drivers/nvme/0000:00:1e.0/nvme/nvme1/nvme1n1/holders/md0/md/rd1/block/device/nvme2n1/holders/md0/md/dev-nvme1n1/block/queue HTTP/1.1" 200 4769 "-" "Amazon CloudFront"
64.252.66.102 - - [04/Sep/2026:07:37:24 +0000] "GET /products/detail/208628339?path=//sys/bus/node/devices/node0/cpu1/driver/cpu7/driver/cpu2/node0/cpu1/firmware_node/thermal_cooling/device/physical_node/firmware_node/subsystem/devices/device:06/physical_node/nvme/nvme0/nvme0n1/device/nvme0n1/nvme0n1p1/subsystem/nvme2n1/holders/md0/md/dev-nvme1n1/block/mq HTTP/1.1" 200 3444 "-" "Amazon CloudFront"
64.252.67.164 - - [04/Sep/2026:07:37:28 +0000] "GET /?fileloc=//s3/f75bf04088964924b004465536090d8a/wordpress/wp-content/uploads/2023/09/%E8%97%A4%E7%94%B0%E5%8C%BB%E7%A7%91%E5%A4%A7%E5%AD%A6_THE%E3%82%A2%E3%82%B7%E3%82%99%E3%82%A2%E5%A4%A7%E5%AD%A6%E3%82%B5%E3%83%9F%E3%83%83%E3%83%88-300x200.jpg&path=//s3/f75bf04088964924b004465536090d8a/wordpress/wp-content/uploads/2023/09 HTTP/1.1" 200 2707 "-" "Amazon CloudFront"
64.252.67.164 - - [04/Sep/2026:07:37:28 +0000] "GET /products/detail/208628339?path=//sys/bus/node/devices/node0/cpu1/driver/cpu7/driver/cpu2/node0/cpu4/firmware_node/subsystem/devices/PNP0A03:00/physical_node/0000:00:1e.0/subsystem/drivers/nvme/0000:00:1e.0/nvme/nvme1/nvme1n1/holders/md0/md/rd1/block/device/nvme2n1/holders/md0/slaves/nvme2n1/mq/0/cpu0 HTTP/1.1" 200 2980 "-" "Amazon CloudFront"
64.252.66.102 - - [04/Sep/2026:07:37:32 +0000] "GET /products/detail/208628339?path=//sys/bus/node/devices/node0/cpu1/driver/cpu7/driver/cpu2/node0/cpu4/firmware_node/subsystem/devices/PNP0A03:00/physical_node/firmware_node/physical_node/0000:00:04.0/nvme/nvme0/subsystem/nvme1/nvme1n1/device/nvme1n1/holders/md0/md/dev-nvme1n1/block/holders/md0/md/rd1/block HTTP/1.1" 200 4259 "-" "Amazon CloudFront"
64.252.67.164 - - [04/Sep/2026:07:37:36 +0000] "GET /?path=//sys/bus/memory/devices/memory1/node0/memory7/node0/cpu1/subsystem/drivers/processor/cpu5/firmware_node/subsystem/devices/PNP0A03:00/physical_node/firmware_node/physical_node/0000:00:1e.0/driver/0000:00:1f.0/driver/0000:00:1f.0/nvme/nvme2/nvme2n1/holders/md0/md/rd0/block/device/nvme1n1/holders/md0/md/rd1/block/device/nvme2n1/mq/1/cpu1 HTTP/1.1" 200 3026 "-" "Amazon CloudFront"
64.252.66.61 - - [04/Sep/2026:07:37:40 +0000] "GET /?path=//sys/class/thermal/cooling_device3/device/physical_node/node0/memory28/node0/cpu5/firmware_node/subsystem/devices/PNP0A03:00/physical_node/pci_bus/0000:00/device/0000:00:1f.0/driver/module/drivers/pci:nvme/0000:00:1f.0/firmware_node/subsystem/devices/LNXSYSTM:00/LNXSYBUS:00/LNXCPU:07 HTTP/1.1" 200 3671 "-" "Amazon CloudFront"
64.252.67.164 - - [04/Sep/2026:07:37:44 +0000] "GET /products/detail/272703723?path=//sys/devices/pci0000:00/firmware_node/physical_node/pci_bus/0000:00/device/firmware_node/physical_node/0000:00:00.0/subsystem/drivers/nvme/module/drivers/pci:nvme/0000:00:04.0/driver/0000:00:1e.0/nvme/nvme1/nvme1n1/holders/md0/md/dev-nvme1n1/block/holders/md0/md/dev-nvme2n1/block/subsystem/nvme0n1/device/nvme0n1/mq/1/cpu6 HTTP/1.1" 200 2987 "-" "Amazon CloudFront"
64.252.66.102 - - [04/Sep/2026:07:37:48 +0000] "GET /products/detail/208628339?path=//sys/bus/node/devices/node0/cpu1/driver/cpu7/driver/cpu2/node0/cpu4/firmware_node/subsystem/devices/PNP0A03:00/physical_node/0000:00:04.0/nvme/nvme0/device/nvme/nvme0/subsystem/nvme1/nvme1n1/holders/md0/md/dev-nvme2n1/block/mq HTTP/1.1" 200 3388 "-" "Amazon CloudFront"
64.252.67.164 - - [04/Sep/2026:07:37:52 +0000] "GET /?path=//sys/class/thermal/cooling_device3/device/physical_node/node0/memory28/node0/cpu5/firmware_node/subsystem/devices/PNP0A03:00/physical_node/pci_bus/0000:00/device/0000:00:03.0/subsystem/devices/0000:00:1f.0/driver/module/drivers/pci:nvme/0000:00:04.0/nvme/nvme0/nvme0n1/queue HTTP/1.1" 200 4742 "-" "Amazon CloudFront"
64.252.66.61 - - [04/Sep/2026:07:37:57 +0000] "GET /?path=//sys/class/thermal/cooling_device3/device/physical_node/node0/memory28/node0/cpu5/firmware_node/subsystem/devices/PNP0A03:00/physical_node/pci_bus/0000:00/device/0000:00:1e.0/driver/module/drivers/pci:nvme/0000:00:04.0/driver/0000:00:1f.0/nvme/nvme2/subsystem/nvme1/nvme1n1/holders HTTP/1.1" 200 3218 "-" "Amazon CloudFront"
64.252.68.74 - - [04/Sep/2026:07:38:00 +0000] "GET /products/detail/208628339?path=//sys/bus/node/devices/node0/cpu1/driver/cpu7/driver/cpu2/node0/cpu1/firmware_node/thermal_cooling/subsystem/cooling_device3/device/subsystem/devices/PNP0A03:00/physical_node/0000:00:1e.0/nvme/nvme1/nvme1n1/holders/md0/md/rd1/block/holders/md0/md/dev-nvme2n1/block/device/nvme2n1/mq/2 HTTP/1.1" 200 3429 "-" "Amazon CloudFront"
64.252.67.164 - - [04/Sep/2026:07:38:02 +0000] "GET /?fileloc=//sys/module/sunrpc/initsize&path=//sys/module/sunrpc HTTP/1.1" 200 2566 "-" "Amazon CloudFront"
64.252.66.61 - - [04/Sep/2026:07:38:03 +0000] "GET /?fileloc=//s3/f75bf04088964924b004465536090d8a/wordpress/wp-content/uploads/2023/09/%E7%A5%9E%E6%88%B8%E5%8C%BB%E7%99%82%E3%82%BB%E3%83%B3%E3%82%BF%E3%83%BC_%E5%91%B3%E6%9C%A8%E9%99%A2%E9%95%B7-150x150.jpg&path=//s3/f75bf04088964924b004465536090d8a/wordpress/wp-content/uploads/2023/09 HTTP/1.1" 200 2699 "-" "Amazon CloudFront"
64.252.68.74 - - [04/Sep/2026:07:38:04 +0000] "GET /?path=//sys/class/thermal/cooling_device3/device/physical_node/node0/cpu1/driver/cpu0/node0/cpu2/firmware_node/subsystem/devices/LNXSYSTM:00/LNXSYBUS:00/PNP0C0F:02/subsystem/devices/LNXSYSTM:00/LNXSYBUS:00/PNP0A03:00/device:06/physical_node/driver/0000:00:1e.0/nvme/nvme1/nvme1n1/device/nvme1n1/holders/md0/md/dev-nvme1n1/block/holders/md0/md/rd1/block/queue HTTP/1.1" 200 4953 "-" "Amazon CloudFront"
64.252.66.61 - - [04/Sep/2026:07:38:08 +0000] "GET /?path=//sys/class/thermal/cooling_device3/device/physical_node/node0/memory28/node0/cpu5/firmware_node/subsystem/devices/PNP0A03:00/physical_node/pci_bus/0000:00/device/0000:00:04.0/driver/0000:00:04.0/nvme/nvme0/nvme0n1/subsystem/nvme1n1/holders/md0/power HTTP/1.1" 200 3409 "-" "Amazon CloudFront"
64.252.67.164 - - [04/Sep/2026:07:38:13 +0000] "GET /products/detail/208628339?path=//sys/bus/node/devices/node0/cpu1/driver/cpu7/driver/cpu2/node0/cpu4/firmware_node/subsystem/devices/PNP0A03:00/physical_node/0000:00:04.0/firmware_node/physical_node/nvme/nvme0/device/nvme/nvme0/nvme0n1/nvme0n1p128/subsystem/md0/md/dev-nvme2n1/block/device/nvme2n1/holders/md0/slaves/nvme1n1/holders HTTP/1.1" 200 3236 "-" "Amazon CloudFront"
64.252.66.61 - - [04/Sep/2026:07:38:16 +0000] "GET /products/detail/208628339?path=//sys/bus/node/devices/node0/cpu1/driver/cpu7/driver/cpu2/node0/cpu4/firmware_node/subsystem/devices/PNP0A03:00/physical_node/0000:00:04.0/firmware_node/physical_node/nvme/nvme0/device/nvme/nvme0/nvme0n1/nvme0n1p128/subsystem/md0/md/dev-nvme2n1/block/device/nvme2n1/holders/md0/slaves/nvme1n1/trace HTTP/1.1" 200 3463 "-" "Amazon CloudFront"
64.252.66.61 - - [04/Sep/2026:07:38:20 +0000] "GET /products/detail/208628339?path=//sys/bus/node/devices/node0/cpu1/driver/cpu7/driver/cpu2/node0/cpu4/firmware_node/subsystem/devices/PNP0A03:00/physical_node/0000:00:04.0/firmware_node/physical_node/nvme/nvme0/device/nvme/nvme0/nvme0n1/nvme0n1p128/subsystem/md0/md/dev-nvme2n1/block/device/nvme2n1/holders/md0/slaves/nvme1n1/integrity HTTP/1.1" 200 3552 "-" "Amazon CloudFront"
64.252.68.74 - - [04/Sep/2026:07:38:22 +0000] "GET /products/detail/276664511 HTTP/1.1" 200 4265 "-" "Amazon CloudFront"
64.252.66.61 - - [04/Sep/2026:07:38:24 +0000] "GET /?fileloc=//s3/f75bf04088964924b004465536090d8a/wordpress/wp-content/uploads/2023/07/%E7%A6%8F%E4%BA%95%E8%B5%A4%E5%8D%81%E5%AD%97%E7%97%85%E9%99%A2_%E5%B0%8F%E6%9D%BE%E5%92%8C%E4%BA%BA%E7%97%85%E9%99%A2%E9%95%B7.jpg&path=//s3/f75bf04088964924b004465536090d8a/wordpress/wp-content/uploads/2023/07 HTTP/1.1" 200 2696 "-" "Amazon CloudFront"
64.252.68.74 - - [04/Sep/2026:07:38:24 +0000] "GET /products/detail/208628339?path=//sys/bus/node/devices/node0/cpu1/driver/cpu7/driver/cpu2/node0/cpu1/firmware_node/thermal_cooling/device/physical_node/firmware_node/subsystem/devices/LNXSYSTM:00/LNXSYBUS:00/PNP0A03:00/device:06/physical_node/nvme/nvme0/nvme0n1/device/nvme0n1/nvme0n1p128/subsystem/md0/slaves/nvme1n1/mq/0 HTTP/1.1" 200 3431 "-" "Amazon CloudFront"
64.252.67.164 - - [04/Sep/2026:07:38:29 +0000] "GET /?path=//sys/bus/memory/devices/memory1/node0/memory7/node0/cpu1/subsystem/drivers/processor/cpu5/firmware_node/subsystem/devices/PNP0A03:00/physical_node/firmware_node/device:20/physical_node/driver/0000:00:04.0/driver/module/drivers/pci:nvme/0000:00:1e.0/nvme/nvme1/device/nvme/nvme1/nvme1n1/holders/md0/md/rd1/block/holders/md0/md/dev-nvme2n1/block/mq/7 HTTP/1.1" 200 3527 "-" "Amazon CloudFront"
64.252.66.61 - - [04/Sep/2026:07:38:32 +0000] "GET /?path=//sys/class/thermal/cooling_device3/device/physical_node/node0/cpu1/driver/cpu0/node0/cpu2/firmware_node/subsystem/devices/PNP0303:00/subsystem/devices/LNXSYBUS:00/PNP0A03:00/physical_node/0000:00:1f.0/nvme/nvme2/device/driver/0000:00:1e.0/nvme/nvme1/nvme1n1/holders/md0/slaves/nvme2n1/holders/md0/slaves/nvme1n1/mq/6/cpu6 HTTP/1.1" 200 3029 "-" "Amazon CloudFront"
64.252.66.61 - - [04/Sep/2026:07:38:36 +0000] "GET /?path=//sys/bus/node/devices/node0/memory25/node0/cpu1/driver/cpu4/firmware_node/subsystem/devices/device:06/physical_node/driver/0000:00:1e.0/nvme/nvme1/device/firmware_node/physical_node/nvme/nvme1/subsystem/nvme2/nvme2n1/holders/md0/md/dev-nvme1n1/block/device/nvme1n1/holders/md0/md/rd0/block/slaves HTTP/1.1" 200 2974 "-" "Amazon CloudFront"
64.252.66.102 - - [04/Sep/2026:07:38:37 +0000] "GET /?fileloc=//s3/f75bf04088964924b004465536090d8a/wordpress/wp-content/uploads/2023/09/2023.9%E6%9C%88%E5%8F%B7_1P_%E3%82%A4%E3%83%A9%E3%82%B9%E3%83%88-150x150.jpg&path=//s3/f75bf04088964924b004465536090d8a/wordpress/wp-content/uploads/2023/09 HTTP/1.1" 200 2674 "-" "Amazon CloudFront"
64.252.68.74 - - [04/Sep/2026:07:38:38 +0000] "GET /products/detail/157671349 HTTP/1.1" 200 4265 "-" "Amazon CloudFront"
64.252.66.61 - - [04/Sep/2026:07:38:40 +0000] "GET /products/detail/208628339?path=//sys/bus/node/devices/node0/cpu1/driver/cpu7/driver/cpu2/node0/cpu1/firmware_node/thermal_cooling/device/physical_node/firmware_node/subsystem/devices/PNP0A03:00/physical_node/0000:00:1e.0/nvme/nvme1/nvme1n1/holders/md0/slaves/nvme1n1/subsystem/md0/md/dev-nvme2n1/block/holders HTTP/1.1" 200 3208 "-" "Amazon CloudFront"
64.252.67.164 - - [04/Sep/2026:07:38:44 +0000] "GET /products/detail/208628339?path=//sys/bus/node/devices/node0/cpu1/driver/cpu7/driver/cpu2/node0/cpu1/firmware_node/thermal_cooling/device/physical_node/firmware_node/subsystem/devices/device:06/physical_node/nvme/nvme0/nvme0n1/device/nvme0n1/nvme0n1p1/subsystem/nvme2n1/holders/md0/md/dev-nvme2n1/block HTTP/1.1" 200 4233 "-" "Amazon CloudFront"
64.252.66.61 - - [04/Sep/2026:07:38:48 +0000] "GET /products/detail/47417309?fileloc=//tmp/sess_upft54460gi1h4o42n8814f7qt&path=//tmp HTTP/1.1" 200 2556 "-" "Amazon CloudFront"
64.252.67.164 - - [04/Sep/2026:07:38:52 +0000] "GET /?path=//sys/class/thermal/cooling_device3/device/physical_node/node0/cpu1/driver/cpu0/node0/cpu2/firmware_node/subsystem/devices/PNP0303:00/subsystem/devices/LNXSYBUS:00/PNP0A03:00/physical_node/0000:00:1f.0/nvme/nvme2/nvme2n1/holders/md0/md/rd1/block/holders/md0/md/dev-nvme2n1/block/device/nvme2n1/bdi/power HTTP/1.1" 200 3512 "-" "Amazon CloudFront"
64.252.66.102 - - [04/Sep/2026:07:38:56 +0000] "GET /products/detail/208628339?path=//sys/bus/node/devices/node0/cpu1/driver/cpu7/driver/cpu2/node0/cpu4/firmware_node/subsystem/devices/PNP0A03:00/device:20/physical_node/firmware_node/physical_node/nvme/nvme1/subsystem/nvme1/nvme1n1/holders/md0/md/dev-nvme1n1/block/device/nvme1n1/holders/md0/queue HTTP/1.1" 200 4660 "-" "Amazon CloudFront"
64.252.67.164 - - [04/Sep/2026:07:39:00 +0000] "GET /products/detail/208628339?path=//sys/bus/node/devices/node0/cpu1/driver/cpu7/driver/cpu2/node0/cpu1/firmware_node/thermal_cooling/device/physical_node/firmware_node/subsystem/devices/LNXSYSTM:00/LNXSYBUS:00/PNP0A03:00/device:06/physical_node/nvme/nvme0/nvme0n1/nvme0n1p1/subsystem/md0/slaves/nvme2n1/device/nvme2n1/holders/md0 HTTP/1.1" 200 4169 "-" "Amazon CloudFront"
64.252.67.164 - - [04/Sep/2026:07:39:04 +0000] "GET /?path=//sys/class/thermal/cooling_device3/device/physical_node/node0/memory28/node0/cpu5/firmware_node/subsystem/devices/LNXSYSTM:00/LNXSYBUS:00/PNP0A03:00/device:12/subsystem/devices/LNXSYBUS:00/PNP0A03:00/device:21/physical_node/nvme/nvme2/device/driver/0000:00:1f.0/nvme/nvme2/nvme2n1/holders/md0/md/rd0/block/holders/md0/slaves/nvme2n1/bdi/power HTTP/1.1" 200 3585 "-" "Amazon CloudFront"
64.252.68.74 - - [04/Sep/2026:07:39:08 +0000] "GET /products/detail/208628339?path=//sys/bus/node/devices/node0/cpu1/driver/cpu7/driver/cpu2/node0/cpu1/firmware_node/thermal_cooling/device/physical_node/firmware_node/subsystem/devices/PNP0A03:00/physical_node/0000:00:1e.0/nvme/nvme1/nvme1n1/subsystem/md0/md/rd0/block/holders/md0/md/dev-nvme2n1/block/mq/7/cpu7 HTTP/1.1" 200 2979 "-" "Amazon CloudFront"
64.252.66.61 - - [04/Sep/2026:07:39:12 +0000] "GET /?path=//sys/class/thermal/cooling_device3/device/physical_node/node0/memory28/node0/cpu5/firmware_node/subsystem/devices/LNXSYSTM:00/LNXSYBUS:00/PNP0A03:00/physical_node/0000:00:04.0/driver/0000:00:1e.0/nvme/nvme1/device/driver/module/drivers/pci:nvme/0000:00:04.0/nvme/nvme0/nvme0n1/nvme0n1p128/subsystem/nvme1n1/holders/md0/md/dev-nvme1n1/block/holders/md0/md/rd1/block/mq/0/cpu0 HTTP/1.1" 200 3100 "-" "Amazon CloudFront"
64.252.66.102 - - [04/Sep/2026:07:39:12 +0000] "GET /?fileloc=//s3/f75bf04088964924b004465536090d8a/wordpress/wp-content/uploads/2023/09/%E9%9D%92%E6%A3%AE%E7%9C%8C%E7%AB%8B%E4%B8%AD%E5%A4%AE%E7%97%85%E9%99%A2%E5%A4%96%E8%A6%B3-300x185.jpg&path=//s3/f75bf04088964924b004465536090d8a/wordpress/wp-content/uploads/2023/09 HTTP/1.1" 200 2688 "-" "Amazon CloudFront"
64.252.66.61 - - [04/Sep/2026:07:39:16 +0000] "GET /products/detail/208628339?path=//sys/bus/node/devices/node0/cpu1/driver/cpu7/driver/cpu2/node0/cpu1/firmware_node/thermal_cooling/device/physical_node/firmware_node/subsystem/devices/device:06/physical_node/nvme/nvme0/nvme0n1/device/nvme0n1/subsystem/md0/slaves/nvme1n1/holders/md0/md/rd0/block/bdi/power HTTP/1.1" 200 3468 "-" "Amazon CloudFront"
64.252.66.61 - - [04/Sep/2026:07:39:20 +0000] "GET /?path=//sys/class/thermal/cooling_device3/device/physical_node/node0/memory28/node0/cpu5/firmware_node/subsystem/devices/PNP0A03:00/physical_node/pci_bus/0000:00/device/0000:00:1f.0/driver/module/drivers/pci:nvme/0000:00:1f.0/firmware_node/subsystem/devices/LNXSYBUS:00/LNXCPU:07/thermal_cooling HTTP/1.1" 200 3524 "-" "Amazon CloudFront"
64.252.66.102 - - [04/Sep/2026:07:39:24 +0000] "GET /products/detail/208628339?path=//sys/bus/node/devices/node0/cpu1/driver/cpu7/driver/cpu2/node0/cpu1/firmware_node/thermal_cooling/device/physical_node/firmware_node/subsystem/devices/device:06/physical_node/nvme/nvme0/nvme0n1/nvme0n1p1/subsystem/md0/md/rd1/block/holders/md0/slaves/nvme2n1/device HTTP/1.1" 200 3901 "-" "Amazon CloudFront"
64.252.68.74 - - [04/Sep/2026:07:39:28 +0000] "GET /products/detail/208628339?path=//sys/bus/node/devices/node0/cpu1/driver/cpu7/driver/cpu2/node0/cpu4/firmware_node/subsystem/devices/PNP0A03:00/device:21/physical_node/nvme/nvme2/nvme2n1/device/device/nvme/nvme2/nvme2n1/holders/md0/slaves/nvme1n1/bdi/subsystem/259:0 HTTP/1.1" 200 3506 "-" "Amazon CloudFront"
64.252.67.164 - - [04/Sep/2026:07:39:32 +0000] "GET /products/detail/208628339?path=//sys/bus/node/devices/node0/cpu1/driver/cpu7/driver/cpu2/node0/cpu4/firmware_node/subsystem/devices/LNXSYSTM:00/LNXSYBUS:00/PNP0A03:00/device:20/physical_node/nvme/nvme1/device/nvme/nvme1/nvme1n1/device/nvme1n1/holders/md0/md/rd1/block/subsystem/nvme2n1/queue HTTP/1.1" 200 4741 "-" "Amazon CloudFront"
64.252.66.102 - - [04/Sep/2026:07:39:33 +0000] "GET /?fileloc=//s3/f75bf04088964924b004465536090d8a/wordpress/wp-content/uploads/2021/06/%E5%B7%AE%E6%9B%BF_%E9%96%93%E7%80%AC%E7%97%85%E9%99%A2%E9%95%B7.jpg&path=//s3/f75bf04088964924b004465536090d8a/wordpress/wp-content/uploads/2021/06 HTTP/1.1" 200 2670 "-" "Amazon CloudFront"
64.252.66.102 - - [04/Sep/2026:07:39:37 +0000] "GET /?healthcheck_timestamp=1788507406269 HTTP/1.1" 200 62091 "-" "Amazon CloudFront"
64.252.68.74 - - [04/Sep/2026:07:39:38 +0000] "GET /products/detail/208628339?path=//sys/bus/node/devices/node0/cpu1/driver/cpu7/driver/cpu2/node0/cpu1/firmware_node/thermal_cooling/device/physical_node/firmware_node/subsystem/devices/PNP0A03:00/physical_node/0000:00:1e.0/nvme/nvme1/nvme1n1/holders/md0/md/rd1/block/holders/md0/slaves/nvme2n1/mq/1 HTTP/1.1" 200 3396 "-" "Amazon CloudFront"
64.252.68.74 - - [04/Sep/2026:07:39:40 +0000] "GET /products/detail/208628339?path=//sys/bus/node/devices/node0/cpu1/driver/cpu7/driver/cpu2/node0/cpu4/firmware_node/thermal_cooling/device/physical_node/firmware_node/thermal_cooling/device/subsystem/devices/device:20/physical_node/nvme/nvme1/subsystem/nvme1/nvme1n1/holders/md0/md/rd0/block/holders/md0/md/dev-nvme2n1/block/power HTTP/1.1" 200 3469 "-" "Amazon CloudFront"
64.252.67.164 - - [04/Sep/2026:07:39:44 +0000] "GET /products/detail/208628339?path=//sys/bus/node/devices/node0/cpu1/driver/cpu7/driver/cpu2/node0/cpu1/firmware_node/thermal_cooling/device/physical_node/firmware_node/subsystem/drivers/button/LNXSLPBN:00/subsystem/devices/device:21/physical_node/nvme/nvme2/nvme2n1/device/nvme2n1/holders/md0/md/rd0/block/mq/7/cpu7 HTTP/1.1" 200 2989 "-" "Amazon CloudFront"
64.252.66.61 - - [04/Sep/2026:07:39:46 +0000] "GET /?fileloc=//s3/f75bf04088964924b004465536090d8a/wordpress/wp-content/uploads/2023/09/%E5%B2%A1%E5%B1%B1%E5%A4%A7%E5%AD%A6_%E5%A4%A7%E5%A1%9A%E6%96%87%E7%94%B7%E6%95%99%E6%8E%88-150x150.jpg&path=//s3/f75bf04088964924b004465536090d8a/wordpress/wp-content/uploads/2023/09 HTTP/1.1" 200 2683 "-" "Amazon CloudFront"
64.252.67.164 - - [04/Sep/2026:07:39:48 +0000] "GET /?path=//sys/class/thermal/cooling_device3/device/physical_node/node0/memory28/node0/cpu5/firmware_node/subsystem/devices/PNP0A03:00/physical_node/pci_bus/0000:00/device/0000:00:1e.0/driver/0000:00:1f.0/nvme/nvme2/nvme2n1/subsystem/nvme1n1/holders/md0/md/dev-nvme2n1/block/bdi/power HTTP/1.1" 200 3467 "-" "Amazon CloudFront"
64.252.66.61 - - [04/Sep/2026:07:39:52 +0000] "GET /products/detail/208628339?path=//sys/bus/node/devices/node0/cpu1/driver/cpu7/driver/cpu2/node0/cpu4/firmware_node/subsystem/devices/PNP0A03:00/device:06/physical_node/nvme/nvme0/nvme0n1/device/subsystem/nvme2/nvme2n1/holders/md0/md/dev-nvme2n1/block/holders/md0/md/dev-nvme1n1/block/trace HTTP/1.1" 200 3413 "-" "Amazon CloudFront"
64.252.66.102 - - [04/Sep/2026:07:39:56 +0000] "GET /products/detail/208628339?path=//sys/bus/node/devices/node0/cpu1/driver/cpu7/driver/cpu2/node0/cpu4/firmware_node/subsystem/devices/PNP0A03:00/physical_node/0000:00:01.3/subsystem/drivers/nvme/0000:00:1e.0/nvme/nvme1/nvme1n1/holders/md0/md/dev-nvme1n1/block/holders/md0/slaves/nvme1n1/mq/2/cpu2 HTTP/1.1" 200 2944 "-" "Amazon CloudFront"
64.252.66.102 - - [04/Sep/2026:07:40:00 +0000] "GET /products/detail/208628339?path=//sys/bus/node/devices/node0/cpu1/driver/cpu7/driver/cpu2/node0/cpu1/firmware_node/thermal_cooling/device/physical_node/firmware_node/subsystem/devices/LNXSYBUS:00/PNP0A03:00/device:20/physical_node/nvme/nvme1/nvme1n1/holders/md0/md/dev-nvme2n1/block/holders/md0/subsystem/nvme0n1p1/power HTTP/1.1" 200 3479 "-" "Amazon CloudFront"
64.252.66.61 - - [04/Sep/2026:07:40:04 +0000] "GET /?path=//sys/class/thermal/cooling_device3/device/physical_node/node0/memory28/node0/cpu5/firmware_node/subsystem/devices/PNP0A03:00/physical_node/pci_bus/0000:00/device/0000:00:1e.0/driver/module/drivers/pci:nvme/0000:00:04.0/firmware_node/subsystem/devices/LNXSLPBN:00/driver/LNXPWRBN:00/input/input3/id HTTP/1.1" 200 3390 "-" "Amazon CloudFront"
64.252.67.164 - - [04/Sep/2026:07:40:08 +0000] "GET /products/detail/208628339?path=//sys/bus/node/devices/node0/cpu1/driver/cpu7/driver/cpu2/node0/cpu4/firmware_node/subsystem/devices/PNP0A03:00/physical_node/firmware_node/physical_node/0000:00:1e.0/nvme/nvme1/device/nvme/nvme1/subsystem/nvme2/nvme2n1/holders/md0/md/dev-nvme2n1/block/holders/md0/md/dev-nvme2n1 HTTP/1.1" 200 3741 "-" "Amazon CloudFront"
64.252.68.74 - - [04/Sep/2026:07:40:12 +0000] "GET /products/detail/208628339?path=//sys/bus/node/devices/node0/cpu1/driver/cpu7/driver/cpu2/node0/cpu4/firmware_node/subsystem/devices/PNP0A03:00/physical_node/firmware_node/physical_node/0000:00:1e.0/nvme/nvme1/device/nvme/nvme1/subsystem/nvme2/nvme2n1/holders/md0/md/dev-nvme2n1/block/holders/md0/md/rd1 HTTP/1.1" 200 3762 "-" "Amazon CloudFront"
64.252.67.164 - - [04/Sep/2026:07:40:16 +0000] "GET /?path=//sys/class/thermal/cooling_device3/device/physical_node/node0/memory28/node0/cpu5/firmware_node/subsystem/devices/PNP0A03:00/physical_node/pci_bus/0000:00/device/0000:00:05.0/subsystem/devices/0000:00:04.0/driver/module/drivers/pci:nvme/0000:00:04.0/driver/0000:00:1e.0/nvme/nvme1/power HTTP/1.1" 200 3445 "-" "Amazon CloudFront"
64.252.66.61 - - [04/Sep/2026:07:40:20 +0000] "GET /?path=//sys/class/thermal/cooling_device3/device/physical_node/node0/memory0/node0/cpu5/driver/cpu7/driver/cpu3/firmware_node/thermal_cooling/device/subsystem/devices/PNP0A03:00/device:06/subsystem/devices/LNXSYSTM:00/LNXSYBUS:00/PNP0A03:00/device:20/physical_node/nvme/nvme1/nvme1n1/holders/md0/md/rd1/block/holders/md0/slaves/nvme2n1/mq HTTP/1.1" 200 3577 "-" "Amazon CloudFront"
64.252.67.164 - - [04/Sep/2026:07:40:21 +0000] "GET /?fileloc=//s3/f75bf04088964924b004465536090d8a/wordpress/wp-content/uploads/2023/09/%E8%97%A4%E7%94%B0%E5%8C%BB%E7%A7%91%E5%A4%A7%E5%AD%A6_%E5%A4%96%E8%A6%B3-768x575.jpg&path=//s3/f75bf04088964924b004465536090d8a/wordpress/wp-content/uploads/2023/09 HTTP/1.1" 200 2677 "-" "Amazon CloudFront"
64.252.66.102 - - [04/Sep/2026:07:40:24 +0000] "GET /products/detail/208628339?path=//sys/bus/node/devices/node0/cpu1/driver/cpu7/driver/cpu2/node0/cpu4/firmware_node/thermal_cooling/device/physical_node/firmware_node/thermal_cooling/device/subsystem/devices/PNP0A03:00/device:05/physical_node/subsystem/drivers/nvme/0000:00:1f.0/nvme/nvme2/nvme2n1/holders/md0/md/dev-nvme2n1/block/holders/md0/queue HTTP/1.1" 200 4887 "-" "Amazon CloudFront"
64.252.66.61 - - [04/Sep/2026:07:40:28 +0000] "GET /?path=//sys/bus/memory/devices/memory14/node0/memory16/node0/cpu1/driver/cpu6/firmware_node/subsystem/devices/LNXSYSTM:00/LNXSYBUS:00/PNP0A03:00/physical_node/0000:00:04.0/driver/0000:00:1e.0/subsystem/drivers/nvme/module/drivers/pci:nvme/0000:00:1e.0/nvme/nvme1/nvme1n1/holders/md0/md/rd1/block/device/nvme2n1/device/nvme2n1/holders/md0/md/rd0/block/integrity HTTP/1.1" 200 3648 "-" "Amazon CloudFront"
64.252.66.61 - - [04/Sep/2026:07:40:32 +0000] "GET /products/detail/208628339?path=//sys/bus/node/devices/node0/cpu1/driver/cpu7/driver/cpu2/node0/cpu1/firmware_node/thermal_cooling/device/physical_node/firmware_node/subsystem/devices/device:06/physical_node/nvme/nvme0/nvme0n1/nvme0n1p1/subsystem/md0/md/rd1/block/holders/md0/md/rd1/block/device HTTP/1.1" 200 3895 "-" "Amazon CloudFront"
64.252.67.164 - - [04/Sep/2026:07:40:36 +0000] "GET /?path=//sys/class/thermal/cooling_device3/device/physical_node/node0/memory28/node0/cpu5/firmware_node/subsystem/devices/PNP0A03:00/physical_node/pci_bus/0000:00/device/0000:00:1e.0/driver/module/drivers/pci:nvme/0000:00:1f.0/firmware_node/subsystem/devices/LNXSYSTM:00/LNXSYBUS:00/PNP0A03:00/device:05/power HTTP/1.1" 200 3467 "-" "Amazon CloudFront"
64.252.67.164 - - [04/Sep/2026:07:40:40 +0000] "GET /?path=//sys/class/thermal/cooling_device3/device/physical_node/node0/cpu1/driver/cpu0/node0/cpu2/firmware_node/subsystem/devices/LNXSYSTM:00/LNXSYBUS:00/PNP0C0F:02/subsystem/devices/LNXSYSTM:00/LNXSYBUS:00/PNP0A03:00/physical_node/0000:00:04.0/driver/0000:00:1f.0/nvme/nvme2/nvme2n1/holders/md0/md/dev-nvme1n1/block/holders/md0/md/rd0/block/device/nvme1n1/mq/6 HTTP/1.1" 200 3538 "-" "Amazon CloudFront"
64.252.68.74 - - [04/Sep/2026:07:40:44 +0000] "GET /?path=//sys/bus/memory/devices/memory1/node0/memory30/node0/cpu6/firmware_node/subsystem/devices/device:21/physical_node/driver/module/drivers/pci:nvme/0000:00:1e.0/driver/0000:00:04.0/firmware_node/physical_node/subsystem/drivers/nvme/0000:00:1f.0/nvme/nvme2/nvme2n1/device/nvme2n1/holders/md0/slaves/nvme1n1/holders/md0/md/rd1/block/device HTTP/1.1" 200 4057 "-" "Amazon CloudFront"
64.252.66.102 - - [04/Sep/2026:07:40:48 +0000] "GET /?path=//sys/bus/memory/devices/memory1/node0/memory7/node0/cpu1/subsystem/drivers/processor/cpu5/firmware_node/subsystem/devices/PNP0A03:00/physical_node/firmware_node/physical_node/0000:00:1e.0/driver/module/drivers/pci:nvme/0000:00:1e.0/nvme/nvme1/nvme1n1/holders/md0/slaves/nvme1n1/device/device/driver/0000:00:1f.0/nvme/nvme2/nvme2n1/holders/md0/md/rd1 HTTP/1.1" 200 3907 "-" "Amazon CloudFront"
64.252.67.164 - - [04/Sep/2026:07:40:52 +0000] "GET /?path=//sys/class/thermal/cooling_device3/device/physical_node/node0/memory28/node0/cpu5/firmware_node/subsystem/devices/PNP0A03:00/device:06/subsystem/devices/device:21/physical_node/nvme/nvme2/device/driver/0000:00:1f.0/driver/module/drivers/pci:nvme/module/drivers/pci:nvme/0000:00:1f.0/nvme/nvme2/nvme2n1/holders/md0/md/dev-nvme2n1/block/holders/md0/md/rd0/block/integrity HTTP/1.1" 200 3637 "-" "Amazon CloudFront"
64.252.66.102 - - [04/Sep/2026:07:40:56 +0000] "GET /?path=//sys/bus/memory/devices/memory1/node0/memory28/node0/cpu2/driver/cpu4/firmware_node/subsystem/devices/PNP0A03:00/physical_node/0000:00:04.0/driver/0000:00:1f.0/subsystem/drivers/nvme/0000:00:1f.0/nvme/nvme2/nvme2n1/holders/md0/md/dev-nvme2n1/block/holders/md0/md/dev-nvme1n1/block/device/nvme1n1/mq/5 HTTP/1.1" 200 3443 "-" "Amazon CloudFront"
64.252.67.164 - - [04/Sep/2026:07:40:56 +0000] "GET /?fileloc=/var/lib/yum/yumdb/u/5767bb9227dc17d0758fc59e06813f81af52e0e8-udns-0.4-3.el7-x86_64/from_repo&path=/var/lib/yum/yumdb/u/5767bb9227dc17d0758fc59e06813f81af52e0e8-udns-0.4-3.el7-x86_64 HTTP/1.1" 200 2636 "-" "Amazon CloudFront"
64.252.66.61 - - [04/Sep/2026:07:40:57 +0000] "GET /?fileloc=//s3/f75bf04088964924b004465536090d8a/wordpress/wp-content/uploads/2024/07/%E6%9D%BE%E6%9C%AC%E5%B8%82%E7%AB%8B%E7%97%85%E9%99%A2_%E4%BD%90%E8%97%A4%E5%90%89%E5%BD%A6%E7%97%85%E9%99%A2%E9%95%B7.jpg&path=//s3/f75bf04088964924b004465536090d8a/wordpress/wp-content/uploads/2024/07 HTTP/1.1" 200 2691 "-" "Amazon CloudFront"
64.252.68.74 - - [04/Sep/2026:07:41:00 +0000] "GET /products/detail/208628339?path=//sys/bus/node/devices/node0/cpu1/driver/cpu7/driver/cpu2/node0/cpu1/firmware_node/thermal_cooling/subsystem/cooling_device1/device/physical_node/firmware_node/subsystem/devices/PNP0A03:00/device:20/physical_node/nvme/nvme1/nvme1n1/holders/md0/md/rd1/block/holders/md0/md/dev-nvme1n1/block/integrity HTTP/1.1" 200 3541 "-" "Amazon CloudFront"
64.252.68.74 - - [04/Sep/2026:07:41:04 +0000] "GET /?path=//sys/class/thermal/cooling_device3/device/physical_node/node0/memory0/node0/cpu0/firmware_node/subsystem/devices/device:02/QEMU0001:00/subsystem/devices/LNXSYBUS:00/PNP0A03:00/physical_node/0000:00:1f.0/driver/module/drivers/pci:nvme/0000:00:1e.0/driver/module/drivers/pci:nvme/0000:00:1e.0/nvme/nvme1/nvme1n1/device/nvme1n1/holders/md0/md/dev-nvme1n1/block/holders/md0/slaves/nvme2n1/mq/4 HTTP/1.1" 200 3585 "-" "Amazon CloudFront"
64.252.67.164 - - [04/Sep/2026:07:41:09 +0000] "GET /products/detail/208628339?path=//sys/bus/node/devices/node0/cpu1/driver/cpu7/driver/cpu2/node0/cpu1/firmware_node/thermal_cooling/device/physical_node/firmware_node/subsystem/devices/LNXSYBUS:00/PNP0A03:00/device:20/physical_node/nvme/nvme1/nvme1n1/holders/md0/md/dev-nvme2n1/block/holders/md0/subsystem/nvme0n1/trace HTTP/1.1" 200 3446 "-" "Amazon CloudFront"
64.252.68.74 - - [04/Sep/2026:07:41:12 +0000] "GET /?path=//sys/bus/memory/devices/memory1/node0/memory30/node0/cpu6/firmware_node/subsystem/devices/device:21/physical_node/driver/module/drivers/pci:nvme/0000:00:1e.0/driver/0000:00:1f.0/nvme/nvme2/nvme2n1/device/subsystem/nvme1/nvme1n1/holders/md0/slaves/nvme1n1/holders/md0/md/dev-nvme2n1/block/device/nvme2n1/mq/3/cpu3 HTTP/1.1" 200 3026 "-" "Amazon CloudFront"
64.252.67.164 - - [04/Sep/2026:07:41:16 +0000] "GET /products/detail/208628339?path=//sys/bus/node/devices/node0/cpu1/driver/cpu7/driver/cpu2/node0/cpu1/firmware_node/thermal_cooling/device/physical_node/firmware_node/subsystem/devices/LNXSYBUS:00/PNP0A03:00/device:20/physical_node/nvme/nvme1/nvme1n1/holders/md0/md/dev-nvme2n1/block/holders/md0/subsystem/nvme0n1/nvme0n1p1 HTTP/1.1" 200 3876 "-" "Amazon CloudFront"
64.252.68.74 - - [04/Sep/2026:07:41:20 +0000] "GET /products/detail/208628339?path=//sys/bus/node/devices/node0/cpu1/driver/cpu7/driver/cpu2/node0/cpu4/firmware_node/thermal_cooling/device/physical_node/firmware_node/thermal_cooling/device/subsystem/devices/PNP0A03:00/device:20/physical_node/nvme/nvme1/nvme1n1/holders/md0/slaves/nvme2n1/subsystem/nvme1n1/mq/1 HTTP/1.1" 200 3382 "-" "Amazon CloudFront"
64.252.68.74 - - [04/Sep/2026:07:41:24 +0000] "GET /?path=//sys/class/thermal/cooling_device3/device/physical_node/node0/cpu1/driver/cpu0/node0/cpu2/firmware_node/subsystem/devices/LNXSYSTM:00/LNXSYBUS:00/PNP0C0F:02/subsystem/devices/LNXSYSTM:00/LNXSYBUS:00/PNP0A03:00/physical_node/0000:00:1e.0/driver/module/drivers/pci:nvme/0000:00:1f.0/nvme/nvme2/nvme2n1/holders/md0/slaves/nvme1n1/holders/md0/slaves/nvme2n1/mq/5 HTTP/1.1" 200 3536 "-" "Amazon CloudFront"
64.252.67.164 - - [04/Sep/2026:07:41:28 +0000] "GET /?path=//sys/bus/memory/devices/memory1/node0/memory28/node0/cpu2/driver/cpu4/firmware_node/subsystem/devices/PNP0A03:00/physical_node/0000:00:04.0/driver/0000:00:1f.0/subsystem/drivers/nvme/0000:00:1e.0/nvme/nvme1/nvme1n1/device/nvme1n1/holders/md0/slaves/nvme2n1/device/nvme2n1/holders/md0/md/rd0/block/mq/2 HTTP/1.1" 200 3448 "-" "Amazon CloudFront"
64.252.66.61 - - [04/Sep/2026:07:41:32 +0000] "GET /?path=//sys/class/thermal/cooling_device3/device/physical_node/node0/memory28/node0/cpu5/firmware_node/subsystem/devices/PNP0A03:00/physical_node/pci_bus/0000:00/device/firmware_node/device:1d/subsystem/devices/LNXSYSTM:00/LNXSLPBN:00/driver/LNXSLPBN:00/driver/LNXPWRBN:00/input/input3 HTTP/1.1" 200 3712 "-" "Amazon CloudFront"
64.252.68.74 - - [04/Sep/2026:07:41:32 +0000] "GET /products/detail/247067339 HTTP/1.1" 200 4177 "-" "Amazon CloudFront"
64.252.68.74 - - [04/Sep/2026:07:41:33 +0000] "GET /?fileloc=//s3/f75bf04088964924b004465536090d8a/wordpress/wp-content/uploads/2023/09/%E7%A5%9E%E6%88%B8%E5%8C%BB%E7%99%82%E3%82%BB%E3%83%B3%E3%82%BF%E3%83%BC_%E5%91%B3%E6%9C%A8%E9%99%A2%E9%95%B7-1024x1024.jpg&path=//s3/f75bf04088964924b004465536090d8a/wordpress/wp-content/uploads/2023/09 HTTP/1.1" 200 2699 "-" "Amazon CloudFront"
64.252.67.164 - - [04/Sep/2026:07:41:36 +0000] "GET /products/detail/208628339?path=//sys/bus/node/devices/node0/cpu1/driver/cpu7/driver/cpu2/node0/cpu1/firmware_node/thermal_cooling/device/physical_node/firmware_node/subsystem/devices/LNXSYSTM:00/LNXSYBUS:00/PNP0A03:00/device:06/physical_node/nvme/nvme0/nvme0n1/device/nvme0n1/subsystem/nvme1n1/holders/md0/bdi/power HTTP/1.1" 200 3460 "-" "Amazon CloudFront"
64.252.66.61 - - [04/Sep/2026:07:41:40 +0000] "GET /?path=//sys/bus/acpi/devices/LNXCPU:06/physical_node/node0/memory21/node0/cpu0/subsystem/drivers/processor/cpu6/firmware_node/subsystem/devices/device:06/physical_node/driver/0000:00:04.0/driver/0000:00:1e.0/nvme/nvme1/nvme1n1/holders/md0/md/dev-nvme1n1/block/holders/md0/md/rd0/block/device/device/nvme/nvme1/nvme1n1/mq/2 HTTP/1.1" 200 3488 "-" "Amazon CloudFront"
64.252.68.74 - - [04/Sep/2026:07:41:44 +0000] "GET /products/detail/208628339?path=//sys/bus/node/devices/node0/cpu1/driver/cpu7/driver/cpu2/node0/cpu4/firmware_node/thermal_cooling/device/physical_node/firmware_node/thermal_cooling/device/subsystem/devices/PNP0A03:00/device:20/physical_node/nvme/nvme1/nvme1n1/subsystem/nvme2n1/holders/md0/md/rd1/block/mq/3/cpu3 HTTP/1.1" 200 2979 "-" "Amazon CloudFront"
64.252.67.164 - - [04/Sep/2026:07:41:48 +0000] "GET /products/detail/208628339?path=//sys/bus/node/devices/node0/cpu1/driver/cpu7/driver/cpu2/node0/cpu4/firmware_node/thermal_cooling/device/physical_node/firmware_node/thermal_cooling/device/subsystem/devices/device:20/physical_node/nvme/nvme1/subsystem/nvme1/nvme1n1/holders/md0/slaves/nvme1n1/holders/md0/slaves/nvme2n1/mq/5 HTTP/1.1" 200 3404 "-" "Amazon CloudFront"
64.252.68.74 - - [04/Sep/2026:07:41:52 +0000] "GET /products/detail/208628339?path=//sys/bus/node/devices/node0/cpu1/driver/cpu7/driver/cpu2/node0/cpu1/firmware_node/thermal_cooling/device/physical_node/firmware_node/subsystem/devices/PNP0A03:00/physical_node/0000:00:1e.0/nvme/nvme1/nvme1n1/holders/md0/slaves/nvme2n1/device/subsystem/nvme1/nvme1n1/holders/md0/md/bitmap HTTP/1.1" 200 3584 "-" "Amazon CloudFront"
64.252.68.74 - - [04/Sep/2026:07:41:56 +0000] "GET /?path=//sys/class/thermal/cooling_device3/device/physical_node/node0/memory28/node0/cpu5/firmware_node/subsystem/devices/PNP0A03:00/physical_node/pci_bus/0000:00/device/0000:00:00.0/subsystem/devices/0000:00:04.0/driver/0000:00:1e.0/driver/module/drivers/pci:nvme/0000:00:1e.0/msi_irqs HTTP/1.1" 200 3442 "-" "Amazon CloudFront"
64.252.66.102 - - [04/Sep/2026:07:42:00 +0000] "GET /?path=//sys/class/thermal/cooling_device3/device/physical_node/node0/memory28/node0/cpu5/firmware_node/subsystem/devices/LNXSYBUS:00/PNP0A03:00/device:1b/subsystem/devices/LNXSYBUS:00/PNP0A03:00/device:21/physical_node/driver/module/drivers/pci:nvme/0000:00:1f.0/driver/module/drivers/pci:nvme/0000:00:1e.0/nvme/nvme1/device/nvme/nvme1/nvme1n1/holders/md0/slaves/nvme2n1/holders/md0/integrity HTTP/1.1" 200 3666 "-" "Amazon CloudFront"
64.252.66.61 - - [04/Sep/2026:07:42:04 +0000] "GET /products/detail/208628339?path=//sys/bus/node/devices/node0/cpu1/driver/cpu7/driver/cpu2/node0/cpu4/firmware_node/thermal_cooling/device/physical_node/firmware_node/subsystem/devices/device:20/physical_node/subsystem/drivers/nvme/0000:00:1f.0/nvme/nvme2/nvme2n1/holders/md0/md/rd1/block/mq/1/cpu1 HTTP/1.1" 200 2943 "-" "Amazon CloudFront"
64.252.66.102 - - [04/Sep/2026:07:42:06 +0000] "GET /?fileloc=//s3/f75bf04088964924b004465536090d8a/wordpress/wp-content/uploads/2023/09/JCHO%E4%BD%90%E8%B3%80%E4%B8%AD%E9%83%A8%E7%97%85%E9%99%A2_%E5%9C%92%E7%95%91%E7%B4%A0%E6%A8%B9%E9%99%A2%E9%95%B7-768x768.jpg&path=//s3/f75bf04088964924b004465536090d8a/wordpress/wp-content/uploads/2023/09 HTTP/1.1" 200 2701 "-" "Amazon CloudFront"
64.252.67.164 - - [04/Sep/2026:07:42:08 +0000] "GET /?path=//sys/class/thermal/cooling_device3/device/physical_node/node0/memory28/node0/cpu5/firmware_node/subsystem/devices/PNP0A03:00/physical_node/pci_bus/0000:00/device/0000:00:1f.0/driver/module/drivers/pci:nvme/0000:00:1f.0/driver/0000:00:1e.0/firmware_node/subsystem/devices/PNP0F13:00 HTTP/1.1" 200 3524 "-" "Amazon CloudFront"
64.252.66.102 - - [04/Sep/2026:07:42:12 +0000] "GET /products/detail/208628339?path=//sys/bus/node/devices/node0/cpu1/driver/cpu7/driver/cpu2/node0/cpu4/firmware_node/subsystem/devices/PNP0A03:00/device:06/physical_node/nvme/nvme0/nvme0n1/device/subsystem/nvme2/nvme2n1/holders/md0/md/dev-nvme2n1/block/holders/md0/md/rd0/block/power HTTP/1.1" 200 3439 "-" "Amazon CloudFront"
64.252.66.61 - - [04/Sep/2026:07:42:16 +0000] "GET /products/detail/208628339?path=//sys/bus/node/devices/node0/cpu1/driver/cpu7/driver/cpu2/node0/cpu4/firmware_node/subsystem/devices/PNP0A03:00/physical_node/0000:00:04.0/firmware_node/physical_node/nvme/nvme0/nvme0n1/nvme0n1p128/subsystem/nvme2n1/holders/md0/md/rd0/block/holders/md0/md/rd1/block/slaves HTTP/1.1" 200 2967 "-" "Amazon CloudFront"
64.252.66.102 - - [04/Sep/2026:07:42:17 +0000] "GET /products/detail/299698329 HTTP/1.1" 200 4265 "-" "Amazon CloudFront"
64.252.66.61 - - [04/Sep/2026:07:42:20 +0000] "GET /products/detail/208628339?path=//sys/bus/node/devices/node0/cpu1/driver/cpu7/driver/cpu2/node0/cpu4/firmware_node/thermal_cooling/device/physical_node/firmware_node/thermal_cooling/device/subsystem/devices/PNP0A03:00/device:20/physical_node/nvme/nvme1/nvme1n1/holders/md0/md/dev-nvme2n1/block/subsystem/nvme1n1/mq/6 HTTP/1.1" 200 3412 "-" "Amazon CloudFront"
64.252.68.74 - - [04/Sep/2026:07:42:24 +0000] "GET /?path=//sys/bus/machinecheck/devices/machinecheck4 HTTP/1.1" 200 4133 "-" "Amazon CloudFront"
64.252.68.74 - - [04/Sep/2026:07:42:24 +0000] "GET /?path=//sys/class/thermal/cooling_device3/device/physical_node/node0/memory28/node0/cpu5/firmware_node/subsystem/devices/PNP0A03:00/physical_node/pci_bus/0000:00/device/0000:00:1f.0/driver/0000:00:04.0/driver/0000:00:04.0/firmware_node/subsystem/devices/LNXCPU:02/thermal_cooling/power HTTP/1.1" 200 3401 "-" "Amazon CloudFront"
64.252.66.102 - - [04/Sep/2026:07:42:29 +0000] "GET /?path=//sys/class/thermal/cooling_device3/device/physical_node/node0/memory28/node0/cpu5/firmware_node/subsystem/devices/PNP0A03:00/physical_node/pci_bus/0000:00/device/0000:00:1f.0/driver/module/drivers/pci:nvme/0000:00:04.0/nvme/nvme0/nvme0n1/subsystem/nvme0n1/mq/1 HTTP/1.1" 200 3504 "-" "Amazon CloudFront"
64.252.67.164 - - [04/Sep/2026:07:42:32 +0000] "GET /?path=//sys/class/thermal/cooling_device3/device/physical_node/node0/memory28/node0/cpu5/firmware_node/subsystem/devices/PNP0A03:00/physical_node/pci_bus/0000:00/device/0000:00:04.0/driver/0000:00:04.0/driver/0000:00:1e.0/nvme/nvme1/nvme1n1/subsystem/nvme1n1/holders/md0/trace HTTP/1.1" 200 3396 "-" "Amazon CloudFront"
64.252.66.102 - - [04/Sep/2026:07:42:36 +0000] "GET /products/detail/208628339?path=//sys/bus/node/devices/node0/cpu1/driver/cpu7/driver/cpu2/node0/cpu4/firmware_node/subsystem/devices/PNP0A03:00/physical_node/0000:00:04.0/firmware_node/physical_node/nvme/nvme0/nvme0n1/nvme0n1p128/subsystem/nvme2n1/holders/md0/md/rd0/block/holders/md0/md/rd1/block/queue HTTP/1.1" 200 4765 "-" "Amazon CloudFront"
64.252.66.61 - - [04/Sep/2026:07:42:39 +0000] "GET /?fileloc=//s3/f75bf04088964924b004465536090d8a/wordpress/wp-content/uploads/2023/09/2023.9%E6%9C%88%E5%8F%B7_1P_%E8%A1%A8-300x295.png&path=//s3/f75bf04088964924b004465536090d8a/wordpress/wp-content/uploads/2023/09 HTTP/1.1" 200 2661 "-" "Amazon CloudFront"
64.252.68.74 - - [04/Sep/2026:07:42:40 +0000] "GET /products/detail/208628339?path=//sys/bus/node/devices/node0/cpu1/driver/cpu7/driver/cpu2/node0/cpu4/firmware_node/thermal_cooling/device/physical_node/firmware_node/thermal_cooling/device/subsystem/devices/PNP0A03:00/device:20/physical_node/nvme/nvme1/nvme1n1/holders/md0/md/dev-nvme2n1/block/subsystem/nvme1n1/mq/7 HTTP/1.1" 200 3410 "-" "Amazon CloudFront"
64.252.67.164 - - [04/Sep/2026:07:42:44 +0000] "GET /?path=//sys/bus/memory/devices/memory8/node0/cpu4/node0/cpu2/firmware_node/subsystem/devices/PNP0A03:00/physical_node/0000:00:05.0/net/eth0/device/driver/0000:00:05.0/net/eth0/device/firmware_node/physical_node/subsystem/drivers/nvme/0000:00:04.0/driver/0000:00:1e.0/nvme/nvme1/nvme1n1/holders/md0/md/dev-nvme1n1/block/mq/0 HTTP/1.1" 200 3472 "-" "Amazon CloudFront"
64.252.66.102 - - [04/Sep/2026:07:42:48 +0000] "GET /?path=//sys/class/thermal/cooling_device3/device/physical_node/node0/memory28/node0/cpu5/firmware_node/subsystem/devices/LNXSYBUS:00/PNP0A03:00/device:1b/subsystem/devices/LNXSYBUS:00/PNP0A03:00/device:21/physical_node/driver/module/drivers/pci:nvme/0000:00:1f.0/driver/module/drivers/pci:nvme/0000:00:1e.0/nvme/nvme1/device/nvme/nvme1/nvme1n1/holders/md0/slaves/nvme2n1/holders/md0/queue HTTP/1.1" 200 5008 "-" "Amazon CloudFront"
64.252.66.61 - - [04/Sep/2026:07:42:52 +0000] "GET /products/detail/208628339?path=//sys/bus/node/devices/node0/cpu1/driver/cpu7/driver/cpu2/node0/cpu4/firmware_node/thermal_cooling/device/physical_node/firmware_node/thermal_cooling/device/subsystem/devices/PNP0A03:00/physical_node/0000:00:1f.0/nvme/nvme2/nvme2n1/holders/md0/bdi/subsystem/259:0 HTTP/1.1" 200 3529 "-" "Amazon CloudFront"
64.252.66.102 - - [04/Sep/2026:07:42:53 +0000] "GET /products/detail/172138400 HTTP/1.1" 200 4265 "-" "Amazon CloudFront"
64.252.66.102 - - [04/Sep/2026:07:42:56 +0000] "GET /products/detail/208628339?path=//sys/bus/node/devices/node0/cpu1/driver/cpu7/driver/cpu2/node0/cpu4/firmware_node/subsystem/devices/PNP0A03:00/device:06/physical_node/nvme/nvme0/nvme0n1/nvme0n1p1/subsystem/md0/slaves/nvme2n1/device/nvme2n1/holders/md0/slaves/nvme1n1/device/nvme1n1/queue HTTP/1.1" 200 4746 "-" "Amazon CloudFront"
64.252.66.102 - - [04/Sep/2026:07:43:00 +0000] "GET /?fileloc=//sys/module/sunrpc/srcversion&path=//sys/module/sunrpc HTTP/1.1" 200 2586 "-" "Amazon CloudFront"
