64.252.68.74 - - [04/Sep/2026:08:56:32 +0000] "GET /products/detail/208628339?path=//sys/bus/node/devices/node0/cpu1/driver/cpu7/driver/cpu2/node0/cpu4/firmware_node/subsystem/devices/PNP0A03:00/device:21/physical_node/nvme/nvme2/nvme2n1/device/device/nvme/nvme2/nvme2n1/holders/md0/slaves/nvme1n1/subsystem/nvme0n1/power HTTP/1.1" 200 3392 "-" "Amazon CloudFront"
64.252.68.74 - - [04/Sep/2026:08:56:34 +0000] "GET /?fileloc=//etc/sysconfig/raid-check&path=//etc/sysconfig HTTP/1.1" 200 3887 "-" "Amazon CloudFront"
64.252.68.74 - - [04/Sep/2026:08:56:36 +0000] "GET /products/detail/208628339?path=//sys/bus/node/devices/node0/cpu1/driver/cpu7/driver/cpu2/node0/cpu4/firmware_node/subsystem/devices/PNP0A03:00/device:21/physical_node/nvme/nvme2/nvme2n1/device/device/nvme/nvme2/nvme2n1/holders/md0/slaves/nvme1n1/subsystem/nvme0n1/holders HTTP/1.1" 200 2892 "-" "Amazon CloudFront"
64.252.66.102 - - [04/Sep/2026:08:56:40 +0000] "GET /products/detail/181214006 HTTP/1.1" 200 4265 "-" "Amazon CloudFront"
64.252.66.102 - - [04/Sep/2026:08:56:41 +0000] "GET /?path=//sys/class/thermal/cooling_device3/device/physical_node/node0/cpu1/driver/cpu0/node0/cpu2/firmware_node/subsystem/devices/LNXSYSTM:00/LNXSYBUS:00/PNP0C0F:04/subsystem/devices/PNP0A03:00/physical_node/pci_bus/0000:00/device/0000:00:1f.0/driver/module/drivers/pci:nvme/module/drivers/pci:nvme/0000:00:1f.0/nvme/nvme2/nvme2n1/holders/md0/slaves/nvme2n1/holders/md0/md/rd1/block/mq/3/cpu3 HTTP/1.1" 200 3121 "-" "Amazon CloudFront"
64.252.66.61 - - [04/Sep/2026:08:56:44 +0000] "GET /?path=//sys/class/thermal/cooling_device3/device/physical_node/node0/memory28/node0/cpu5/firmware_node/subsystem/devices/LNXSYSTM:00/LNXSYBUS:00/PNP0A03:00/device:12/subsystem/devices/LNXSYBUS:00/PNP0A03:00/device:21/physical_node/nvme/nvme2/device/driver/0000:00:1f.0/nvme/nvme2/nvme2n1/holders/md0/md/rd0/block/holders/md0/md/dev-nvme2n1/block/trace HTTP/1.1" 200 3555 "-" "Amazon CloudFront"
64.252.67.164 - - [04/Sep/2026:08:56:48 +0000] "GET /products/detail/208628339?path=//sys/bus/node/devices/node0/cpu1/driver/cpu7/driver/cpu2/node0/cpu4/firmware_node/subsystem/devices/PNP0A03:00/physical_node/0000:00:04.0/nvme/nvme0/nvme0n1/device/nvme0n1/nvme0n1p1/subsystem/md0/md/rd1/block/holders/md0/md/dev-nvme2n1/block/mq/7 HTTP/1.1" 200 3381 "-" "Amazon CloudFront"
64.252.66.61 - - [04/Sep/2026:08:56:49 +0000] "GET /?fileloc=//sys/class/net/lo/subsystem/lo/address&path=//sys/class/net/lo/subsystem/lo HTTP/1.1" 200 2587 "-" "Amazon CloudFront"
64.252.66.61 - - [04/Sep/2026:08:56:51 +0000] "GET /?fileloc=//sys/bus/machinecheck/devices/machinecheck4/bank4&path=//sys/bus/machinecheck/devices/machinecheck4 HTTP/1.1" 200 2585 "-" "Amazon CloudFront"
64.252.68.74 - - [04/Sep/2026:08:56:52 +0000] "GET /products/detail/208628339?path=//sys/bus/node/devices/node0/cpu1/driver/cpu7/driver/cpu2/node0/cpu1/firmware_node/thermal_cooling/device/physical_node/firmware_node/subsystem/devices/device:06/physical_node/nvme/nvme0/nvme0n1/nvme0n1p1/subsystem/md0/md/rd0/block/device/nvme1n1/holders/md0/md/dev-nvme1n1/block/mq HTTP/1.1" 200 3470 "-" "Amazon CloudFront"
64.252.68.74 - - [04/Sep/2026:08:56:53 +0000] "GET /?fileloc=//etc/sysconfig/saslauthd&path=//etc/sysconfig HTTP/1.1" 200 2812 "-" "Amazon CloudFront"
64.252.67.164 - - [04/Sep/2026:08:56:54 +0000] "GET /products/detail/201440147 HTTP/1.1" 200 4177 "-" "Amazon CloudFront"
64.252.67.164 - - [04/Sep/2026:08:56:56 +0000] "GET /products/detail/208628339?path=//sys/bus/node/devices/node0/cpu1/driver/cpu7/driver/cpu2/node0/cpu1/firmware_node/thermal_cooling/device/physical_node/firmware_node/subsystem/devices/device:06/physical_node/nvme/nvme0/nvme0n1/nvme0n1p1/subsystem/md0/md/rd0/block/device/nvme1n1/holders/md0/md/dev-nvme1n1/block/slaves HTTP/1.1" 200 2975 "-" "Amazon CloudFront"
64.252.66.61 - - [04/Sep/2026:08:56:59 +0000] "GET /?path=//sys/bus/memory/devices/memory1/node0/memory7/node0/cpu1/subsystem/drivers/processor/cpu5/firmware_node/subsystem/devices/PNP0A03:00/physical_node/firmware_node/device:20/physical_node/driver/0000:00:1e.0/driver/0000:00:1e.0/nvme/nvme1/device/nvme/nvme1/nvme1n1/holders/md0/md/dev-nvme1n1/block/holders/md0/md/rd0/block/device/nvme1n1/mq/1/cpu1 HTTP/1.1" 200 3027 "-" "Amazon CloudFront"
64.252.67.164 - - [04/Sep/2026:08:57:04 +0000] "GET /products/detail/208628339?path=//sys/bus/node/devices/node0/cpu1/driver/cpu7/driver/cpu2/node0/cpu4/firmware_node/subsystem/devices/PNP0A03:00/device:21/physical_node/nvme/nvme2/device/nvme/nvme2/nvme2n1/subsystem/nvme2n1/holders/md0/slaves/nvme1n1/holders/md0/md/rd1/block/mq/3 HTTP/1.1" 200 3385 "-" "Amazon CloudFront"
64.252.67.164 - - [04/Sep/2026:08:57:09 +0000] "GET /products/detail/208628339?path=//sys/bus/node/devices/node0/cpu1/driver/cpu7/driver/cpu2/node0/cpu1/firmware_node/thermal_cooling/device/physical_node/firmware_node/subsystem/devices/PNP0A03:00/physical_node/0000:00:1e.0/nvme/nvme1/nvme1n1/subsystem/md0/md/dev-nvme1n1/block/holders/md0/md/dev-nvme2n1/block/device/nvme2n1/bdi HTTP/1.1" 200 3571 "-" "Amazon CloudFront"
64.252.68.74 - - [04/Sep/2026:08:57:10 +0000] "GET /?fileloc=//sys/bus/machinecheck/devices/machinecheck4/bank0&path=//sys/bus/machinecheck/devices/machinecheck4 HTTP/1.1" 200 2584 "-" "Amazon CloudFront"
64.252.66.102 - - [04/Sep/2026:08:57:12 +0000] "GET /products/detail/208628339?path=//sys/bus/node/devices/node0/cpu1/driver/cpu7/driver/cpu2/node0/cpu4/firmware_node/thermal_cooling/device/physical_node/firmware_node/thermal_cooling/device/subsystem/devices/LNXSYSTM:00/LNXSYBUS:00/PNP0A03:00/device:21/physical_node/nvme/nvme2/nvme2n1/holders/md0/slaves/nvme1n1/holders/md0/md/dev-nvme1n1/block/queue HTTP/1.1" 200 4953 "-" "Amazon CloudFront"
64.252.67.164 - - [04/Sep/2026:08:57:16 +0000] "GET /products/detail/208628339?path=//sys/bus/node/devices/node0/cpu1/driver/cpu7/driver/cpu2/node0/cpu4/firmware_node/subsystem/devices/PNP0A03:00/physical_node/0000:00:04.0/firmware_node/physical_node/nvme/nvme0/device/nvme/nvme0/nvme0n1/nvme0n1p128/subsystem/md0/md/rd0/block/holders/md0/slaves/nvme2n1/mq/2/cpu2 HTTP/1.1" 200 2978 "-" "Amazon CloudFront"
64.252.66.102 - - [04/Sep/2026:08:57:20 +0000] "GET /products/detail/208628339?path=//sys/bus/node/devices/node0/cpu1/driver/cpu7/driver/cpu2/node0/cpu1/firmware_node/thermal_cooling/device/physical_node/firmware_node/subsystem/devices/LNXSYBUS:00/PNP0A03:00/device:20/physical_node/nvme/nvme1/device/nvme/nvme1/nvme1n1/subsystem/nvme2n1/holders/md0/slaves/nvme1n1/holders/md0/integrity HTTP/1.1" 200 3546 "-" "Amazon CloudFront"
64.252.66.61 - - [04/Sep/2026:08:57:23 +0000] "GET /products/detail/208628339?path=//sys/bus/node/devices/node0/cpu1/driver/cpu7/driver/cpu2/node0/cpu4/firmware_node/subsystem/devices/PNP0A03:00/physical_node/0000:00:04.0/firmware_node/physical_node/nvme/nvme0/device/nvme/nvme0/nvme0n1/nvme0n1p128/subsystem/nvme2n1/holders/md0/md/rd1/block/holders/md0/slaves/nvme2n1/slaves HTTP/1.1" 200 2971 "-" "Amazon CloudFront"
64.252.68.74 - - [04/Sep/2026:08:57:24 +0000] "GET /products/detail/102742541 HTTP/1.1" 200 4265 "-" "Amazon CloudFront"
64.252.66.61 - - [04/Sep/2026:08:57:25 +0000] "GET /products/detail/172439228?fileloc=/var/www/volumes/69b4844ae61d4e92bf26ad98af552775/logs/openlitespeed/access.log.2026_08_15.03&path=/var/www/volumes/69b4844ae61d4e92bf26ad98af552775/logs/openlitespeed HTTP/1.1" 200 641055 "-" "Amazon CloudFront"
64.252.68.74 - - [04/Sep/2026:08:57:28 +0000] "GET /?path=//sys/class/thermal/cooling_device3/device/physical_node/node0/memory28/node0/cpu5/firmware_node/subsystem/devices/LNXSYBUS:00/PNP0A03:00/device:1b/subsystem/devices/LNXSYBUS:00/PNP0A03:00/device:21/physical_node/driver/module/drivers/pci:nvme/0000:00:1f.0/driver/0000:00:1e.0/nvme/nvme1/nvme1n1/holders/md0/md/rd1/block/holders/md0/md/dev-nvme1n1/block/mq/3/cpu3 HTTP/1.1" 200 3081 "-" "Amazon CloudFront"
64.252.66.61 - - [04/Sep/2026:08:57:28 +0000] "GET /?fileloc=//etc/sysconfig/man-db&path=//etc/sysconfig HTTP/1.1" 200 2678 "-" "Amazon CloudFront"
64.252.66.61 - - [04/Sep/2026:08:57:32 +0000] "GET /?path=//sys/class/thermal/cooling_device3/device/physical_node/node0/cpu1/driver/cpu0/node0/cpu2/firmware_node/subsystem/devices/LNXSYSTM:00/LNXSYBUS:00/PNP0C0F:02/subsystem/devices/LNXSYSTM:00/LNXSYBUS:00/PNP0A03:00/device:06/physical_node/driver/0000:00:1e.0/nvme/nvme1/nvme1n1/holders/md0/slaves/nvme2n1/holders/md0/md/dev-nvme1n1/block/device/nvme1n1/mq HTTP/1.1" 200 3573 "-" "Amazon CloudFront"
64.252.66.61 - - [04/Sep/2026:08:57:36 +0000] "GET /products/detail/208628339?path=//sys/bus/node/devices/node0/cpu1/driver/cpu7/driver/cpu2/node0/cpu4/firmware_node/subsystem/devices/LNXSYSTM:00/LNXSYBUS:00/PNP0A03:00/device:20/physical_node/nvme/nvme1/device/firmware_node/physical_node/nvme/nvme1/subsystem/nvme2/nvme2n1/device/nvme2n1/holders/md0/md/dev-nvme2n1/block/slaves HTTP/1.1" 200 2987 "-" "Amazon CloudFront"
64.252.67.164 - - [04/Sep/2026:08:57:40 +0000] "GET /?path=//sys/class/thermal/cooling_device3/device/physical_node/node0/memory28/node0/cpu5/firmware_node/subsystem/devices/PNP0A03:00/physical_node/pci_bus/0000:00/device/0000:00:1e.0/driver/0000:00:1f.0/nvme/nvme2/subsystem/nvme1/nvme1n1/holders/md0/slaves/nvme2n1/mq/6/cpu6 HTTP/1.1" 200 2951 "-" "Amazon CloudFront"
64.252.66.61 - - [04/Sep/2026:08:57:44 +0000] "GET /products/detail/208628339?path=//sys/bus/node/devices/node0/cpu1/driver/cpu7/driver/cpu2/node0/cpu4/firmware_node/subsystem/devices/LNXSYSTM:00/LNXSYBUS:00/PNP0A03:00/device:20/physical_node/nvme/nvme1/device/nvme/nvme1/nvme1n1/device/nvme1n1/holders/md0/md/rd0/block/subsystem/nvme0n1/slaves HTTP/1.1" 200 2939 "-" "Amazon CloudFront"
64.252.68.74 - - [04/Sep/2026:08:57:44 +0000] "GET /?fileloc=//etc/sysconfig/acpid&path=//etc/sysconfig HTTP/1.1" 200 2564 "-" "Amazon CloudFront"
64.252.68.74 - - [04/Sep/2026:08:57:44 +0000] "GET /?fileloc=//s3/f75bf04088964924b004465536090d8a/wordpress/wp-content/uploads/2023/09/%E6%B8%88%E7%94%9F%E4%BC%9A%E6%A8%AA%E6%B5%9C%E5%B8%82%E6%9D%B1%E9%83%A8%E7%97%85%E9%99%A2_%E4%B8%89%E8%A7%92%E9%9A%86%E5%BD%A6%E9%99%A2%E9%95%B7-1024x1024.jpg&path=//s3/f75bf04088964924b004465536090d8a/wordpress/wp-content/uploads/2023/09 HTTP/1.1" 200 2712 "-" "Amazon CloudFront"
64.252.66.102 - - [04/Sep/2026:08:57:48 +0000] "GET /products/detail/208628339?path=//sys/bus/node/devices/node0/cpu1/driver/cpu7/driver/cpu2/node0/cpu4/firmware_node/subsystem/devices/PNP0A03:00/device:21/physical_node/nvme/nvme2/device/nvme/nvme2/nvme2n1/subsystem/nvme2n1/holders/md0/slaves/nvme1n1/holders/md0/md/rd1/block/mq/1 HTTP/1.1" 200 3384 "-" "Amazon CloudFront"
64.252.67.164 - - [04/Sep/2026:08:57:52 +0000] "GET /products/detail/208628339?path=//sys/bus/node/devices/node0/cpu1/driver/cpu7/driver/cpu2/node0/cpu1/firmware_node/thermal_cooling/device/physical_node/firmware_node/subsystem/devices/LNXSYSTM:00/LNXSYBUS:00/PNP0A03:00/device:06/physical_node/nvme/nvme0/nvme0n1/nvme0n1p1/subsystem/md0/slaves/nvme1n1/device/nvme1n1/mq/1 HTTP/1.1" 200 3427 "-" "Amazon CloudFront"
64.252.66.61 - - [04/Sep/2026:08:57:54 +0000] "GET /products/detail/221641763 HTTP/1.1" 200 4265 "-" "Amazon CloudFront"
64.252.67.164 - - [04/Sep/2026:08:57:56 +0000] "GET /?path=//sys/class/thermal/cooling_device3/device/physical_node/node0/cpu1/driver/cpu0/node0/cpu2/firmware_node/subsystem/devices/LNXSYSTM:00/LNXSYBUS:00/PNP0C0F:02/subsystem/devices/LNXSYSTM:00/LNXSYBUS:00/PNP0A03:00/device:06/physical_node/driver/0000:00:1e.0/nvme/nvme1/nvme1n1/holders/md0/slaves/nvme2n1/holders/md0/md/dev-nvme1n1/block/device/nvme1n1/trace HTTP/1.1" 200 3560 "-" "Amazon CloudFront"
64.252.66.61 - - [04/Sep/2026:08:58:00 +0000] "GET /products/detail/208628339?path=//sys/bus/node/devices/node0/cpu1/driver/cpu7/driver/cpu2/node0/cpu4/firmware_node/thermal_cooling/device/physical_node/firmware_node/thermal_cooling/device/subsystem/devices/LNXSYSTM:00/LNXSYBUS:00/PNP0A03:00/device:21/physical_node/nvme/nvme2/nvme2n1/holders/md0/md/rd1/block/holders/md0/subsystem/nvme0n1/mq HTTP/1.1" 200 3295 "-" "Amazon CloudFront"
64.252.66.102 - - [04/Sep/2026:08:58:01 +0000] "GET /?fileloc=//etc/sysconfig/network&path=//etc/sysconfig HTTP/1.1" 200 2587 "-" "Amazon CloudFront"
64.252.66.61 - - [04/Sep/2026:08:58:04 +0000] "GET /products/detail/208628339?path=//sys/bus/node/devices/node0/cpu1/driver/cpu7/driver/cpu2/node0/cpu4/firmware_node/subsystem/devices/device:06/physical_node/nvme/nvme0/nvme0n1/subsystem/md0/md/dev-nvme2n1/block/holders/md0/slaves/nvme2n1/bdi/power HTTP/1.1" 200 3375 "-" "Amazon CloudFront"
64.252.66.61 - - [04/Sep/2026:08:58:08 +0000] "GET /?path=//sys/class/thermal/cooling_device3/device/physical_node/node0/memory28/node0/cpu5/firmware_node/subsystem/devices/LNXSYBUS:00/PNP0A03:00/device:1b/subsystem/devices/LNXSYBUS:00/PNP0A03:00/physical_node/pci_bus/0000:00/device/0000:00:1e.0/driver/0000:00:04.0/driver/module/drivers/pci:nvme/0000:00:1e.0/nvme/nvme1/nvme1n1/holders/md0/md/rd0/block/holders/md0/bdi/power HTTP/1.1" 200 3587 "-" "Amazon CloudFront"
64.252.67.164 - - [04/Sep/2026:08:58:11 +0000] "GET /products/detail/208628339?path=//sys/bus/node/devices/node0/cpu1/driver/cpu7/driver/cpu2/node0/cpu4/firmware_node/subsystem/devices/PNP0A03:00/physical_node/firmware_node/physical_node/0000:00:04.0/nvme/nvme0/subsystem/nvme2/nvme2n1/device/nvme2n1/holders/md0/md/dev-nvme1n1/block/holders/md0/md/rd1/block/mq/6 HTTP/1.1" 200 3413 "-" "Amazon CloudFront"
64.252.67.164 - - [04/Sep/2026:08:58:13 +0000] "GET /products/detail/199188238 HTTP/1.1" 200 4177 "-" "Amazon CloudFront"
64.252.68.74 - - [04/Sep/2026:08:58:16 +0000] "GET /products/detail/208628339?path=//sys/bus/node/devices/node0/cpu1/driver/cpu7/driver/cpu2/node0/cpu1/firmware_node/thermal_cooling/device/physical_node/firmware_node/subsystem/devices/PNP0A03:00/physical_node/0000:00:1e.0/nvme/nvme1/nvme1n1/holders/md0/md/rd1/block/subsystem/md0/md/rd0/block/slaves HTTP/1.1" 200 2935 "-" "Amazon CloudFront"
64.252.66.102 - - [04/Sep/2026:08:58:17 +0000] "GET /?path=//s3/6a619828da354835b3a74b0a9a50dad5/wordpress/wp-content/uploads/2024/03 HTTP/1.1" 200 2675 "-" "Amazon CloudFront"
64.252.67.164 - - [04/Sep/2026:08:58:18 +0000] "GET /?fileloc=//sys/class/net/lo/subsystem/lo/speed&path=//sys/class/net/lo/subsystem/lo HTTP/1.1" 200 2581 "-" "Amazon CloudFront"
64.252.67.164 - - [04/Sep/2026:08:58:18 +0000] "GET /?fileloc=//sys/class/net/lo/statistics/tx_fifo_errors&path=//sys/class/net/lo/statistics HTTP/1.1" 200 2587 "-" "Amazon CloudFront"
64.252.68.74 - - [04/Sep/2026:08:58:20 +0000] "GET /?path=//sys/class/thermal/cooling_device3/device/physical_node/node0/cpu0/node0/cpu4/firmware_node/subsystem/devices/LNXSYSTM:00/LNXSYBUS:01/subsystem/devices/PNP0A03:00/physical_node/0000:00:1e.0/driver/module/drivers/pci:nvme/module/drivers/pci:nvme/0000:00:1e.0/driver/0000:00:1f.0/nvme/nvme2/device/nvme/nvme2/nvme2n1/holders/md0/md/dev-nvme1n1/block/holders/md0/slaves/nvme1n1/mq/4 HTTP/1.1" 200 3572 "-" "Amazon CloudFront"
64.252.67.164 - - [04/Sep/2026:08:58:24 +0000] "GET /?path=//sys/class/thermal/cooling_device3/device/physical_node/node0/memory28/node0/cpu5/firmware_node/subsystem/devices/PNP0A03:00/physical_node/pci_bus/0000:00/device/0000:00:1f.0/driver/module/drivers/pci:nvme/0000:00:04.0/nvme/nvme0/nvme0n1/subsystem/nvme2n1/mq/1 HTTP/1.1" 200 3385 "-" "Amazon CloudFront"
64.252.67.164 - - [04/Sep/2026:08:58:28 +0000] "GET /?path=//sys/bus/memory/devices/memory1/node0/memory30/node0/cpu6/firmware_node/subsystem/devices/device:21/physical_node/driver/module/drivers/pci:nvme/0000:00:1e.0/driver/0000:00:1f.0/nvme/nvme2/nvme2n1/subsystem/md0/md/dev-nvme1n1/block/device/device/firmware_node/physical_node/nvme/nvme1/nvme1n1/holders/md0/md/dev-nvme2n1/block/mq/5/cpu5 HTTP/1.1" 200 3037 "-" "Amazon CloudFront"
64.252.67.164 - - [04/Sep/2026:08:58:32 +0000] "GET /?path=//sys/class/thermal/cooling_device3/device/physical_node/node0/memory28/node0/cpu5/firmware_node/subsystem/devices/PNP0A03:00/physical_node/pci_bus/0000:00/device/0000:00:1f.0/driver/0000:00:04.0/driver/0000:00:04.0/nvme/nvme0/nvme0n1/subsystem/md0/md/dev-nvme1n1 HTTP/1.1" 200 3721 "-" "Amazon CloudFront"
64.252.66.102 - - [04/Sep/2026:08:58:36 +0000] "GET /?path=//sys/class/thermal/cooling_device3/device/physical_node/node0/cpu1/driver/cpu0/node0/cpu2/firmware_node/subsystem/devices/LNXSYSTM:00/LNXSYBUS:00/PNP0C0F:02/subsystem/devices/LNXSYSTM:00/LNXSYBUS:00/PNP0A03:00/physical_node/0000:00:04.0/driver/module/drivers/pci:nvme/module/drivers/pci:nvme/0000:00:1e.0/nvme/nvme1/nvme1n1/device/nvme1n1/holders/md0/md/dev-nvme2n1/block/holders/md0 HTTP/1.1" 200 4390 "-" "Amazon CloudFront"
64.252.66.61 - - [04/Sep/2026:08:58:40 +0000] "GET /?path=//sys/class/thermal/cooling_device3/device/physical_node/node0/memory28/node0/cpu5/firmware_node/subsystem/devices/LNXSYSTM:00/LNXSYBUS:00/PNP0A03:00/device:12/subsystem/devices/LNXSYBUS:00/PNP0A03:00/device:21/physical_node/nvme/nvme2/device/driver/module/drivers/pci:nvme/0000:00:1e.0/driver/0000:00:1f.0/nvme/nvme2/nvme2n1/holders/md0/md/dev-nvme1n1/block/trace HTTP/1.1" 200 3557 "-" "Amazon CloudFront"
64.252.68.74 - - [04/Sep/2026:08:58:44 +0000] "GET /products/detail/208628339?path=//sys/bus/node/devices/node0/cpu1/driver/cpu7/driver/cpu2/node0/cpu1/firmware_node/thermal_cooling/device/physical_node/firmware_node/subsystem/devices/device:06/physical_node/nvme/nvme0/nvme0n1/nvme0n1p1/subsystem/md0/md/rd1/block/holders/md0/md/rd1/block/trace HTTP/1.1" 200 3403 "-" "Amazon CloudFront"
64.252.67.164 - - [04/Sep/2026:08:58:45 +0000] "GET /products/detail/103388288 HTTP/1.1" 200 4265 "-" "Amazon CloudFront"
64.252.66.61 - - [04/Sep/2026:08:58:48 +0000] "GET /products/detail/208628339?path=//sys/bus/node/devices/node0/cpu1/driver/cpu7/driver/cpu2/node0/cpu4/firmware_node/subsystem/devices/LNXSYSTM:00/LNXSYBUS:00/PNP0A03:00/device:20/physical_node/nvme/nvme1/device/nvme/nvme1/nvme1n1/device/nvme1n1/holders/md0/md/dev-nvme2n1/block/mq/5 HTTP/1.1" 200 3382 "-" "Amazon CloudFront"
64.252.67.164 - - [04/Sep/2026:08:58:52 +0000] "GET /products/detail/208628339?path=//sys/bus/node/devices/node0/cpu1/driver/cpu7/driver/cpu2/node0/cpu1/firmware_node/thermal_cooling/device/physical_node/firmware_node/subsystem/devices/LNXSYSTM:00/LNXSYBUS:00/PNP0A03:00/device:06/physical_node/nvme/nvme0/nvme0n1/nvme0n1p128/subsystem/nvme1n1/holders/md0/md/rd1/block HTTP/1.1" 200 4253 "-" "Amazon CloudFront"
64.252.66.102 - - [04/Sep/2026:08:58:56 +0000] "GET /products/detail/208628339?path=//sys/bus/node/devices/node0/cpu1/driver/cpu7/driver/cpu2/node0/cpu4/firmware_node/thermal_cooling/device/thermal_cooling/device/subsystem/devices/PNP0A03:00/physical_node/0000:00:04.0/nvme/nvme0/nvme0n1/nvme0n1p1/subsystem/nvme2n1/holders/md0/slaves/nvme1n1/holders/md0/slaves/nvme1n1/mq/7 HTTP/1.1" 200 3423 "-" "Amazon CloudFront"
64.252.66.61 - - [04/Sep/2026:08:58:55 +0000] "GET /products/detail/172439228?fileloc=/var/www/volumes/69b4844ae61d4e92bf26ad98af552775/logs/openlitespeed/access.log.2026_08_17.03&path=/var/www/volumes/69b4844ae61d4e92bf26ad98af552775/logs/openlitespeed HTTP/1.1" 200 642510 "-" "Amazon CloudFront"
64.252.66.61 - - [04/Sep/2026:08:58:57 +0000] "GET /?fileloc=//sys/class/net/lo/statistics/rx_fifo_errors&path=//sys/class/net/lo/statistics HTTP/1.1" 200 2587 "-" "Amazon CloudFront"
64.252.66.102 - - [04/Sep/2026:08:59:00 +0000] "GET /?path=//sys/bus/memory/devices/memory1/node0/memory28/node0/cpu2/driver/cpu4/firmware_node/subsystem/devices/PNP0A03:00/physical_node/0000:00:04.0/driver/0000:00:1f.0/subsystem/drivers/nvme/0000:00:1f.0/nvme/nvme2/nvme2n1/holders/md0/md/dev-nvme2n1/block/holders/md0/md/dev-nvme1n1/block/device/nvme1n1/mq/0 HTTP/1.1" 200 3441 "-" "Amazon CloudFront"
64.252.67.164 - - [04/Sep/2026:08:59:04 +0000] "GET /products/detail/208628339?path=//sys/bus/node/devices/node0/cpu1/driver/cpu7/driver/cpu2/node0/cpu1/firmware_node/thermal_cooling/device/physical_node/firmware_node/subsystem/devices/device:06/physical_node/nvme/nvme0/nvme0n1/nvme0n1p1/subsystem/md0/md/rd1/block/holders/md0/md/rd1/block/mq HTTP/1.1" 200 3436 "-" "Amazon CloudFront"
64.252.66.102 - - [04/Sep/2026:08:59:08 +0000] "GET /?path=//sys/class/thermal/cooling_device3/device/physical_node/node0/memory28/node0/cpu5/firmware_node/subsystem/devices/PNP0A03:00/device:06/subsystem/devices/device:21/physical_node/nvme/nvme2/device/driver/0000:00:1f.0/driver/module/drivers/pci:nvme/module/drivers/pci:nvme/0000:00:1f.0/nvme/nvme2/nvme2n1/holders/md0/md/dev-nvme2n1/block/holders/md0/md/rd0/block/slaves HTTP/1.1" 200 3054 "-" "Amazon CloudFront"
64.252.66.61 - - [04/Sep/2026:08:59:12 +0000] "GET /?path=//sys/class/thermal/cooling_device3/device/physical_node/node0/memory28/node0/cpu5/firmware_node/subsystem/devices/LNXSYSTM:00/LNXSYBUS:00/PNP0A03:00/device:12/subsystem/devices/LNXSYBUS:00/PNP0A03:00/device:21/physical_node/nvme/nvme2/device/driver/module/drivers/pci:nvme/0000:00:1e.0/driver/0000:00:1f.0/nvme/nvme2/nvme2n1/holders/md0/md/dev-nvme1n1/block/integrity HTTP/1.1" 200 3656 "-" "Amazon CloudFront"
64.252.66.61 - - [04/Sep/2026:08:59:13 +0000] "GET /?fileloc=//sys/class/net/lo/statistics/rx_bytes&path=//sys/class/net/lo/statistics HTTP/1.1" 200 2589 "-" "Amazon CloudFront"
64.252.66.102 - - [04/Sep/2026:08:59:16 +0000] "GET /?path=//sys/class/thermal/cooling_device3/device/physical_node/node0/cpu1/driver/cpu0/node0/cpu2/firmware_node/subsystem/devices/LNXSYSTM:00/LNXSYBUS:00/PNP0C0F:02/subsystem/devices/LNXSYSTM:00/LNXSYBUS:00/PNP0A03:00/physical_node/0000:00:04.0/driver/0000:00:1f.0/nvme/nvme2/nvme2n1/holders/md0/md/dev-nvme1n1/block/holders/md0/md/rd0/block/device/nvme1n1/mq/1 HTTP/1.1" 200 3535 "-" "Amazon CloudFront"
64.252.67.164 - - [04/Sep/2026:08:59:19 +0000] "GET /?path=//sys/class/thermal/cooling_device3/device/physical_node/node0/memory28/node0/cpu5/firmware_node/subsystem/devices/LNXSYSTM:00/LNXSYBUS:00/PNP0A03:00/physical_node/0000:00:04.0/driver/0000:00:1e.0/nvme/nvme1/device/driver/0000:00:1f.0/nvme/nvme2/nvme2n1/holders/md0/md/dev-nvme1n1/block/holders/md0/md/dev-nvme2n1/block/subsystem/nvme2n1/mq/5/cpu5 HTTP/1.1" 200 3051 "-" "Amazon CloudFront"
64.252.67.164 - - [04/Sep/2026:08:59:24 +0000] "GET /products/detail/208628339?path=//sys/bus/node/devices/node0/cpu1/driver/cpu7/driver/cpu2/node0/cpu4/firmware_node/thermal_cooling/device/physical_node/firmware_node/thermal_cooling/device/subsystem/devices/PNP0A03:00/physical_node/0000:00:1f.0/subsystem/drivers/nvme/0000:00:1e.0/nvme/nvme1/nvme1n1/holders/md0/md/rd0/block/holders/md0 HTTP/1.1" 200 4154 "-" "Amazon CloudFront"
64.252.67.164 - - [04/Sep/2026:08:59:28 +0000] "GET /products/detail/208628339?path=//sys/bus/node/devices/node0/cpu1/driver/cpu7/driver/cpu2/node0/cpu4/firmware_node/thermal_cooling/device/physical_node/firmware_node/thermal_cooling/device/subsystem/devices/PNP0A03:00/device:21/physical_node/nvme/nvme2/nvme2n1/holders/md0/md/dev-nvme1n1/block/subsystem/md0/bdi HTTP/1.1" 200 3554 "-" "Amazon CloudFront"
64.252.67.164 - - [04/Sep/2026:08:59:29 +0000] "GET /?fileloc=//sys/class/net/lo/statistics/rx_missed_errors&path=//sys/class/net/lo/statistics HTTP/1.1" 200 2587 "-" "Amazon CloudFront"
64.252.66.61 - - [04/Sep/2026:08:59:30 +0000] "GET /products/detail/253535288?fileloc=//tmp/sess_c5o839em5e4jd6nihbdt8tihsh&path=//tmp HTTP/1.1" 200 2556 "-" "Amazon CloudFront"
64.252.66.102 - - [04/Sep/2026:08:59:30 +0000] "GET /?fileloc=//s3/f75bf04088964924b004465536090d8a/wordpress/wp-content/uploads/2021/03/%E4%B8%AD%E5%B3%B6%E6%95%99%E6%8E%88.jpg&path=//s3/f75bf04088964924b004465536090d8a/wordpress/wp-content/uploads/2021/03 HTTP/1.1" 200 2654 "-" "Amazon CloudFront"
64.252.67.164 - - [04/Sep/2026:08:59:32 +0000] "GET /?path=//sys/class/thermal/cooling_device3/device/physical_node/node0/cpu1/driver/cpu0/node0/cpu2/firmware_node/subsystem/devices/LNXSYSTM:00/LNXSYBUS:00/PNP0C0F:02/subsystem/devices/LNXSYSTM:00/LNXSYBUS:00/PNP0A03:00/device:06/physical_node/driver/0000:00:1e.0/nvme/nvme1/nvme1n1/device/nvme1n1/holders/md0/md/dev-nvme1n1/block/holders/md0/slaves/nvme2n1/mq/7 HTTP/1.1" 200 3534 "-" "Amazon CloudFront"
64.252.67.164 - - [04/Sep/2026:08:59:36 +0000] "GET /products/detail/208628339?path=//sys/bus/node/devices/node0/cpu1/driver/cpu7/driver/cpu2/node0/cpu4/firmware_node/thermal_cooling/device/physical_node/firmware_node/thermal_cooling/device/subsystem/devices/PNP0A03:00/device:21/physical_node/nvme/nvme2/nvme2n1/holders/md0/md/dev-nvme1n1/block/subsystem/md0/trace HTTP/1.1" 200 3416 "-" "Amazon CloudFront"
64.252.66.61 - - [04/Sep/2026:08:59:40 +0000] "GET /?path=//sys/class/thermal/cooling_device3/device/physical_node/node0/memory0/node0/cpu0/firmware_node/subsystem/devices/device:02/QEMU0001:00/subsystem/devices/LNXSYBUS:00/PNP0A03:00/physical_node/0000:00:1f.0/driver/module/drivers/pci:nvme/0000:00:1e.0/driver/module/drivers/pci:nvme/0000:00:1e.0/nvme/nvme1/nvme1n1/device/nvme1n1/holders/md0/md/dev-nvme1n1/block/holders/md0/md/rd0/block/slaves HTTP/1.1" 200 3090 "-" "Amazon CloudFront"
64.252.66.102 - - [04/Sep/2026:08:59:43 +0000] "GET /products/detail/138214026 HTTP/1.1" 200 4265 "-" "Amazon CloudFront"
64.252.68.74 - - [04/Sep/2026:08:59:44 +0000] "GET /?path=//sys/class/thermal/cooling_device3/device/physical_node/node0/memory28/node0/cpu5/firmware_node/subsystem/devices/PNP0A03:00/physical_node/pci_bus/0000:00/device/0000:00:1f.0/driver/module/drivers/pci:nvme/0000:00:1f.0/driver/0000:00:1e.0/firmware_node/subsystem/devices/LNXCPU:02 HTTP/1.1" 200 3652 "-" "Amazon CloudFront"
64.252.68.74 - - [04/Sep/2026:08:59:48 +0000] "GET /?path=//sys/class/thermal/cooling_device3/device/physical_node/node0/memory28/node0/cpu5/firmware_node/subsystem/devices/PNP0A03:00/physical_node/pci_bus/0000:00/device/0000:00:1f.0/driver/module/drivers/pci:nvme/0000:00:1f.0/driver/0000:00:1e.0/firmware_node/subsystem/devices/device:03 HTTP/1.1" 200 3451 "-" "Amazon CloudFront"
64.252.68.74 - - [04/Sep/2026:08:59:52 +0000] "GET /products/detail/208628339?path=//sys/bus/node/devices/node0/cpu1/driver/cpu7/driver/cpu2/node0/cpu1/firmware_node/thermal_cooling/device/physical_node/firmware_node/subsystem/drivers/button/LNXPWRBN:00/subsystem/devices/LNXSYSTM:00/LNXSYBUS:00/PNP0A03:00/device:21/physical_node/nvme/nvme2/nvme2n1/holders/md0/slaves/nvme1n1/device/nvme1n1/power HTTP/1.1" 200 3529 "-" "Amazon CloudFront"
64.252.67.164 - - [04/Sep/2026:08:59:54 +0000] "GET /?fileloc=//sys/class/net/lo/subsystem/lo/link_mode&path=//sys/class/net/lo/subsystem/lo HTTP/1.1" 200 2585 "-" "Amazon CloudFront"
64.252.67.164 - - [04/Sep/2026:08:59:56 +0000] "GET /products/detail/208628339?path=//sys/bus/node/devices/node0/cpu1/driver/cpu7/driver/cpu2/node0/cpu4/firmware_node/subsystem/devices/PNP0A03:00/physical_node/0000:00:04.0/nvme/nvme0/nvme0n1/device/nvme0n1/nvme0n1p1/subsystem/md0/md/dev-nvme1n1/block/device/nvme1n1/holders/md0/md/dev-nvme2n1/block/mq/0 HTTP/1.1" 200 3419 "-" "Amazon CloudFront"
64.252.67.164 - - [04/Sep/2026:09:00:00 +0000] "GET /?path=//sys/class/thermal/cooling_device3/device/physical_node/node0/memory28/node0/cpu5/firmware_node/subsystem/devices/PNP0A03:00/physical_node/pci_bus/0000:00/device/0000:00:1f.0/driver/module/drivers/pci:nvme/0000:00:1f.0/driver/0000:00:1e.0/firmware_node/subsystem/devices/device:12 HTTP/1.1" 200 3509 "-" "Amazon CloudFront"
64.252.66.61 - - [04/Sep/2026:09:00:04 +0000] "GET /products/detail/208628339?path=//sys/bus/node/devices/node0/cpu1/driver/cpu7/driver/cpu2/node0/cpu1/firmware_node/thermal_cooling/device/physical_node/firmware_node/subsystem/devices/LNXSYBUS:00/PNP0A03:00/device:20/physical_node/nvme/nvme1/nvme1n1/holders/md0/md/dev-nvme2n1/block/holders/md0/subsystem/nvme1n1/integrity HTTP/1.1" 200 3529 "-" "Amazon CloudFront"
64.252.66.61 - - [04/Sep/2026:09:00:05 +0000] "GET /?fileloc=//s3/f75bf04088964924b004465536090d8a/wordpress/wp-content/uploads/2023/07/%E6%89%80%E6%B2%A2%E6%98%8E%E7%94%9F%E7%97%85%E9%99%A2_%E5%A4%96%E8%A6%B3-150x150.jpg&path=//s3/f75bf04088964924b004465536090d8a/wordpress/wp-content/uploads/2023/07 HTTP/1.1" 200 2680 "-" "Amazon CloudFront"
64.252.66.61 - - [04/Sep/2026:09:00:08 +0000] "GET /?path=//sys/class/thermal/cooling_device3/device/physical_node/node0/memory28/node0/cpu5/firmware_node/subsystem/devices/PNP0A03:00/physical_node/pci_bus/0000:00/device/0000:00:1f.0/driver/module/drivers/pci:nvme/0000:00:1f.0/driver/0000:00:1e.0/firmware_node/subsystem/devices/device:0b HTTP/1.1" 200 3509 "-" "Amazon CloudFront"
64.252.66.102 - - [04/Sep/2026:09:00:12 +0000] "GET /?path=//sys/class/thermal/cooling_device3/device/physical_node/node0/memory28/node0/cpu5/firmware_node/subsystem/devices/PNP0A03:00/physical_node/pci_bus/0000:00/device/0000:00:1f.0/driver/0000:00:04.0/driver/module/drivers/pci:nvme/0000:00:04.0/subsystem/slots/14/module/parameters HTTP/1.1" 200 3226 "-" "Amazon CloudFront"
64.252.66.61 - - [04/Sep/2026:09:00:20 +0000] "GET /products/detail/208628339?path=//sys/bus/node/devices/node0/cpu1/driver/cpu7/driver/cpu2/node0/cpu4/firmware_node/subsystem/devices/device:06/physical_node/nvme/nvme0/nvme0n1/subsystem/md0/slaves/nvme1n1/device/device/nvme/nvme1/nvme1n1/holders/md0/md/rd0/block/mq/4 HTTP/1.1" 200 3359 "-" "Amazon CloudFront"
64.252.68.74 - - [04/Sep/2026:09:00:23 +0000] "GET /?path=//sys/bus/memory/devices/memory1/node0/memory28/node0/cpu2/driver/cpu4/firmware_node/subsystem/devices/PNP0A03:00/physical_node/0000:00:04.0/driver/0000:00:1f.0/subsystem/drivers/nvme/0000:00:1f.0/nvme/nvme2/nvme2n1/holders/md0/md/dev-nvme1n1/block/device/nvme1n1/holders/md0/md/dev-nvme1n1/block/mq/1/cpu1 HTTP/1.1" 200 2996 "-" "Amazon CloudFront"
64.252.68.74 - - [04/Sep/2026:09:00:26 +0000] "GET /products/detail/208628339?path=//sys/bus/node/devices/node0/cpu1/driver/cpu7/driver/cpu2/node0/cpu4/firmware_node/subsystem/devices/PNP0A03:00/device:06/physical_node/nvme/nvme0/nvme0n1/nvme0n1p1/subsystem/md0/slaves/nvme2n1/device/nvme2n1/holders/md0/slaves/nvme1n1/device/nvme1n1/power HTTP/1.1" 200 3431 "-" "Amazon CloudFront"
64.252.66.61 - - [04/Sep/2026:09:00:25 +0000] "GET /?fileloc=//s3/f75bf04088964924b004465536090d8a/wordpress/wp-content/uploads/2021/07/%E9%87%8E%E6%B4%A5%E6%95%99%E6%8E%88-1-150x150.jpg&path=//s3/f75bf04088964924b004465536090d8a/wordpress/wp-content/uploads/2021/07 HTTP/1.1" 200 2661 "-" "Amazon CloudFront"
64.252.68.74 - - [04/Sep/2026:09:00:29 +0000] "GET /products/detail/208628339?path=//sys/bus/node/devices/node0/cpu1/driver/cpu7/driver/cpu2/node0/cpu4/firmware_node/subsystem/devices/PNP0A03:00/device:06/physical_node/nvme/nvme0/nvme0n1/device/subsystem/nvme2/nvme2n1/holders/md0/md/dev-nvme2n1/block/holders/md0/md/rd0/block/queue HTTP/1.1" 200 4733 "-" "Amazon CloudFront"
64.252.66.61 - - [04/Sep/2026:09:00:32 +0000] "GET /?path=//sys/class/thermal/cooling_device3/device/physical_node/node0/memory28/node0/cpu5/firmware_node/subsystem/devices/LNXSYBUS:00/PNP0A03:00/device:1b/subsystem/devices/LNXSYBUS:00/PNP0A03:00/device:21/physical_node/driver/module/drivers/pci:nvme/0000:00:04.0/driver/0000:00:1e.0/nvme/nvme1/device/nvme/nvme1/nvme1n1/holders/md0/slaves/nvme2n1/mq/5/cpu5 HTTP/1.1" 200 3054 "-" "Amazon CloudFront"
64.252.66.102 - - [04/Sep/2026:09:00:36 +0000] "GET /?path=//sys/class/thermal/cooling_device3/device/physical_node/node0/memory28/node0/cpu5/firmware_node/subsystem/devices/PNP0A03:00/physical_node/pci_bus/0000:00/device/0000:00:1e.0/driver/module/drivers/pci:nvme/0000:00:1f.0/driver/0000:00:1f.0/firmware_node/subsystem/devices/device:02/PNP0400:00/power HTTP/1.1" 200 3450 "-" "Amazon CloudFront"
64.252.68.74 - - [04/Sep/2026:09:00:39 +0000] "GET /?fileloc=//s3/f75bf04088964924b004465536090d8a/wordpress/wp-content/uploads/2023/07/%E6%97%A5%E6%9C%AC%E8%B5%A4%E5%8D%81%E5%AD%97%E5%8C%BB%E7%99%82%E3%82%BB%E3%83%B3%E3%82%BF%E3%83%BC_%E4%B8%AD%E5%B3%B6-%E6%B7%B3%E9%99%A2%E9%95%B7-150x150.jpg&path=//s3/f75bf04088964924b004465536090d8a/wordpress/wp-content/uploads/2023/07 HTTP/1.1" 200 2712 "-" "Amazon CloudFront"
64.252.67.164 - - [04/Sep/2026:09:00:40 +0000] "GET /products/detail/208628339?path=//sys/bus/node/devices/node0/cpu1/driver/cpu7/driver/cpu2/node0/cpu4/firmware_node/thermal_cooling/device/physical_node/firmware_node/thermal_cooling/device/subsystem/devices/PNP0A03:00/physical_node/0000:00:1f.0/nvme/nvme2/nvme2n1/holders/md0/bdi/subsystem/0:40 HTTP/1.1" 200 3527 "-" "Amazon CloudFront"
64.252.68.74 - - [04/Sep/2026:09:00:43 +0000] "GET /products/detail/154073602 HTTP/1.1" 200 4177 "-" "Amazon CloudFront"
64.252.67.164 - - [04/Sep/2026:09:00:44 +0000] "GET /?path=//sys/class/thermal/cooling_device3/device/physical_node/node0/memory28/node0/cpu5/firmware_node/subsystem/devices/PNP0A03:00/physical_node/pci_bus/0000:00/device/0000:00:1f.0/driver/module/drivers/pci:nvme/0000:00:1f.0/driver/0000:00:1e.0/firmware_node/subsystem/devices/device:0d HTTP/1.1" 200 3509 "-" "Amazon CloudFront"
64.252.66.102 - - [04/Sep/2026:09:00:48 +0000] "GET /?path=//sys/class/thermal/cooling_device3/device/physical_node/node0/memory28/node0/cpu5/firmware_node/subsystem/devices/PNP0A03:00/physical_node/pci_bus/0000:00/device/0000:00:1f.0/driver/module/drivers/pci:nvme/0000:00:1f.0/driver/0000:00:1e.0/firmware_node/subsystem/devices/PNP0C0F:00 HTTP/1.1" 200 3524 "-" "Amazon CloudFront"
64.252.66.61 - - [04/Sep/2026:09:00:48 +0000] "GET /?fileloc=//sys/module/cpuidle/parameters/off&path=//sys/module/cpuidle/parameters HTTP/1.1" 200 2576 "-" "Amazon CloudFront"
64.252.66.61 - - [04/Sep/2026:09:00:52 +0000] "GET /?path=//sys/class/thermal/cooling_device3/device/physical_node/node0/memory28/node0/cpu5/firmware_node/subsystem/devices/PNP0A03:00/physical_node/pci_bus/0000:00/device/0000:00:1f.0/driver/module/drivers/pci:nvme/0000:00:1f.0/driver/0000:00:1e.0/firmware_node/subsystem/devices/device:13 HTTP/1.1" 200 3509 "-" "Amazon CloudFront"
64.252.68.74 - - [04/Sep/2026:09:00:56 +0000] "GET /?path=//sys/class/thermal/cooling_device3/device/physical_node/node0/memory28/node0/cpu5/firmware_node/subsystem/devices/PNP0A03:00/physical_node/pci_bus/0000:00/device/0000:00:1f.0/driver/module/drivers/pci:nvme/0000:00:1e.0/subsystem/devices/0000:00:04.0/nvme/nvme0/nvme0n1/trace HTTP/1.1" 200 3420 "-" "Amazon CloudFront"
64.252.66.61 - - [04/Sep/2026:09:01:00 +0000] "GET /products/detail/208628339?path=//sys/bus/node/devices/node0/cpu1/driver/cpu7/driver/cpu2/node0/cpu4/firmware_node/thermal_cooling/device/physical_node/firmware_node/thermal_cooling/device/subsystem/devices/LNXSYSTM:00/LNXSYBUS:00/PNP0A03:00/device:21/physical_node/nvme/nvme2/nvme2n1/holders/md0/md/dev-nvme1n1/block/subsystem/nvme1n1/queue HTTP/1.1" 200 4807 "-" "Amazon CloudFront"
64.252.66.102 - - [04/Sep/2026:09:01:04 +0000] "GET /?path=//sys/class/thermal/cooling_device3/device/physical_node/node0/memory28/node0/cpu5/firmware_node/subsystem/devices/PNP0A03:00/physical_node/pci_bus/0000:00/device/0000:00:04.0/driver/0000:00:04.0/driver/module/drivers/pci:nvme/0000:00:1e.0/subsystem/devices/0000:00:03.0/power HTTP/1.1" 200 3409 "-" "Amazon CloudFront"
64.252.66.102 - - [04/Sep/2026:09:01:08 +0000] "GET /?path=//sys/bus/memory/devices/memory1/node0/memory7/node0/cpu1/subsystem/drivers/processor/cpu5/firmware_node/subsystem/devices/PNP0A03:00/physical_node/firmware_node/physical_node/0000:00:1e.0/driver/0000:00:04.0/driver/module/drivers/pci:nvme/0000:00:1f.0/nvme/nvme2/device/nvme/nvme2/nvme2n1/holders/md0/md/dev-nvme1n1/block/holders/md0/md/rd0/block/mq/6 HTTP/1.1" 200 3525 "-" "Amazon CloudFront"
64.252.67.164 - - [04/Sep/2026:09:01:12 +0000] "GET /?path=//sys/class/thermal/cooling_device3/device/physical_node/node0/memory28/node0/cpu5/firmware_node/subsystem/devices/PNP0A03:00/physical_node/pci_bus/0000:00/device/0000:00:1f.0/driver/module/drivers/pci:nvme/0000:00:1f.0/driver/0000:00:1e.0/firmware_node/subsystem/devices/device:06 HTTP/1.1" 200 3528 "-" "Amazon CloudFront"
64.252.66.102 - - [04/Sep/2026:09:01:16 +0000] "GET /?path=//sys/class/thermal/cooling_device3/device/physical_node/node0/cpu1/driver/cpu0/node0/cpu2/firmware_node/subsystem/devices/LNXSYSTM:00/LNXSYBUS:00/PNP0C0F:02/subsystem/devices/LNXSYSTM:00/LNXSYBUS:00/PNP0A03:00/physical_node/0000:00:1e.0/driver/module/drivers/pci:nvme/module/drivers/pci:nvme/0000:00:1e.0/nvme/nvme1/nvme1n1/device/nvme1n1/holders/md0/slaves/nvme2n1/queue HTTP/1.1" 200 4975 "-" "Amazon CloudFront"
64.252.67.164 - - [04/Sep/2026:09:01:20 +0000] "GET /products/detail/208628339?path=//sys/bus/node/devices/node0/cpu1/driver/cpu7/driver/cpu2/node0/cpu4/firmware_node/subsystem/devices/PNP0A03:00/device:07/physical_node/net/eth0/device/net/eth0/device/subsystem/drivers/nvme/0000:00:1f.0/firmware_node/physical_node/nvme/nvme2/nvme2n1/mq HTTP/1.1" 200 3416 "-" "Amazon CloudFront"
64.252.67.164 - - [04/Sep/2026:09:01:22 +0000] "GET /?fileloc=//sys/class/net/eth0/device/current_link_width&path=//sys/class/net/eth0/device HTTP/1.1" 200 2582 "-" "Amazon CloudFront"
64.252.67.164 - - [04/Sep/2026:09:01:24 +0000] "GET /?path=//sys/bus/memory/devices/memory1/node0/memory28/node0/cpu2/driver/cpu4/firmware_node/subsystem/devices/PNP0A03:00/physical_node/0000:00:04.0/driver/0000:00:1f.0/subsystem/drivers/nvme/0000:00:1f.0/nvme/nvme2/nvme2n1/holders/md0/md/dev-nvme2n1/block/holders/md0/md/rd0/block/device/nvme1n1/device/nvme1n1 HTTP/1.1" 200 4279 "-" "Amazon CloudFront"
64.252.66.61 - - [04/Sep/2026:09:01:28 +0000] "GET /?path=//sys/bus/memory/devices/memory1/node0/memory30/node0/cpu6/firmware_node/subsystem/devices/device:21/physical_node/driver/module/drivers/pci:nvme/0000:00:1e.0/nvme/nvme1/nvme1n1/subsystem/nvme1n1/holders/md0/md/dev-nvme1n1/block/device/device/firmware_node/physical_node/driver/0000:00:1f.0/nvme/nvme2/nvme2n1/holders/md0/md/dev-nvme2n1/block/mq/1 HTTP/1.1" 200 3504 "-" "Amazon CloudFront"
64.252.66.61 - - [04/Sep/2026:09:01:32 +0000] "GET /?path=//sys/class/thermal/cooling_device3/device/physical_node/node0/memory28/node0/cpu5/firmware_node/subsystem/devices/LNXSYBUS:00/PNP0A03:00/device:1b/subsystem/devices/LNXSYBUS:00/PNP0A03:00/physical_node/pci_bus/0000:00/device/0000:00:1f.0/driver/module/drivers/pci:nvme/module/drivers/pci:nvme/0000:00:1e.0/driver/0000:00:1f.0/nvme/nvme2/nvme2n1/holders/md0/slaves/nvme2n1/mq/1 HTTP/1.1" 200 3550 "-" "Amazon CloudFront"
64.252.67.164 - - [04/Sep/2026:09:01:36 +0000] "GET /products/detail/208628339?path=//sys/bus/node/devices/node0/cpu1/driver/cpu7/driver/cpu2/node0/cpu4/firmware_node/subsystem/devices/PNP0A03:00/physical_node/0000:00:1e.0/subsystem/drivers/nvme/0000:00:1e.0/nvme/nvme1/nvme1n1/holders/md0/md/rd1/block/device/nvme2n1/holders/md0/md/rd0/block/trace HTTP/1.1" 200 3433 "-" "Amazon CloudFront"
64.252.68.74 - - [04/Sep/2026:09:01:40 +0000] "GET /?path=//sys/class/thermal/cooling_device3/device/physical_node/node0/cpu1/driver/cpu0/node0/cpu2/firmware_node/subsystem/devices/LNXSYSTM:00/LNXSYBUS:00/PNP0C0F:02/subsystem/devices/LNXSYSTM:00/LNXSYBUS:00/PNP0A03:00/physical_node/0000:00:1e.0/driver/module/drivers/pci:nvme/module/drivers/pci:nvme/0000:00:1e.0/nvme/nvme1/nvme1n1/device/nvme1n1/holders/md0/slaves/nvme2n1/mq HTTP/1.1" 200 3619 "-" "Amazon CloudFront"
64.252.68.74 - - [04/Sep/2026:09:01:44 +0000] "GET /?path=//sys/bus/memory/devices/memory1/node0/memory30/node0/cpu6/firmware_node/subsystem/devices/device:21/physical_node/driver/module/drivers/pci:nvme/0000:00:1f.0/driver/0000:00:1f.0/firmware_node/physical_node/nvme/nvme2/subsystem/nvme1/device/nvme/nvme1/nvme1n1/device/nvme1n1/holders/md0/md/dev-nvme1n1/block/holders/md0/slaves/nvme2n1/mq/1/cpu1 HTTP/1.1" 200 3034 "-" "Amazon CloudFront"
64.252.66.102 - - [04/Sep/2026:09:01:48 +0000] "GET /?path=//lib/systemd/system-generators HTTP/1.1" 200 3481 "-" "Amazon CloudFront"
64.252.66.61 - - [04/Sep/2026:09:01:52 +0000] "GET /?fileloc=//lib64/python2.7/distutils/msvc9compiler.py&path=//lib64/python2.7/distutils HTTP/1.1" 200 11435 "-" "Amazon CloudFront"
64.252.68.74 - - [04/Sep/2026:09:01:56 +0000] "GET /?fileloc=//bin/ncursesw6-config&path=//bin HTTP/1.1" 200 4822 "-" "Amazon CloudFront"
64.252.66.102 - - [04/Sep/2026:09:01:58 +0000] "GET /?path=//s3/6a619828da354835b3a74b0a9a50dad5/wordpress/wp-content/uploads/2025/12 HTTP/1.1" 200 2674 "-" "Amazon CloudFront"
64.252.66.61 - - [04/Sep/2026:09:01:58 +0000] "GET /?fileloc=//s3/f75bf04088964924b004465536090d8a/wordpress/wp-content/uploads/2023/07/%E4%BD%90%E8%B3%80%E5%A4%A7%E5%AD%A6_%E4%B8%8A%E6%9D%91%E5%93%B2%E5%8F%B8%E8%A8%BA%E7%99%82%E6%95%99%E6%8E%88-300x300.jpg&path=//s3/f75bf04088964924b004465536090d8a/wordpress/wp-content/uploads/2023/07 HTTP/1.1" 200 2699 "-" "Amazon CloudFront"
64.252.67.164 - - [04/Sep/2026:09:02:00 +0000] "GET /?fileloc=//sys/module/cryptd/sections/.symtab&path=//sys/module/cryptd/sections HTTP/1.1" 200 2586 "-" "Amazon CloudFront"
64.252.72.118 - - [04/Sep/2026:09:02:02 +0000] "GET /prizes/217109147?path=/run/console HTTP/1.1" 200 2602 "-" "Amazon CloudFront"
64.252.68.74 - - [04/Sep/2026:09:02:04 +0000] "GET /products/detail/230810632?fileloc=//sys/block/nvme0n1/stat&path=//sys/block/nvme0n1 HTTP/1.1" 200 2633 "-" "Amazon CloudFront"
64.252.66.61 - - [04/Sep/2026:09:02:08 +0000] "GET /?path=//etc/dbus-1/system.d HTTP/1.1" 200 3210 "-" "Amazon CloudFront"
64.252.68.74 - - [04/Sep/2026:09:02:12 +0000] "GET /?fileloc=//lib/tmpfiles.d/pam.conf&path=//lib/tmpfiles.d HTTP/1.1" 200 2597 "-" "Amazon CloudFront"
64.252.70.102 - - [04/Sep/2026:09:02:12 +0000] "GET /prizes/191020511?path=/var/www/volumes/5b9a73a8113c4d0ba87044b523ae6def HTTP/1.1" 200 2643 "-" "Amazon CloudFront"
64.252.66.61 - - [04/Sep/2026:09:02:14 +0000] "GET /?path=//s3/e4b0c915fca84f9f870081f43af16929/wordpress/wp-content/uploads/2021/05 HTTP/1.1" 200 2674 "-" "Amazon CloudFront"
64.252.66.102 - - [04/Sep/2026:09:02:15 +0000] "GET /?fileloc=//s3/f75bf04088964924b004465536090d8a/wordpress/wp-content/uploads/2023/07/%E5%B2%A1%E5%B1%B1%E3%82%8D%E3%81%86%E3%81%95%E3%81%84%E7%97%85%E9%99%A2_%E4%BC%8A%E9%81%94%E5%8B%B2%E9%99%A2%E9%95%B7-1024x1024.jpg&path=//s3/f75bf04088964924b004465536090d8a/wordpress/wp-content/uploads/2023/07 HTTP/1.1" 200 2696 "-" "Amazon CloudFront"
64.252.66.102 - - [04/Sep/2026:09:02:16 +0000] "GET /?fileloc=//lib64/python2.7/new.py&path=//lib64/python2.7 HTTP/1.1" 200 2853 "-" "Amazon CloudFront"
64.252.88.29 - - [04/Sep/2026:09:02:18 +0000] "GET /prizes/171708319 HTTP/1.1" 200 4177 "-" "Amazon CloudFront"
64.252.68.74 - - [04/Sep/2026:09:02:20 +0000] "GET /?fileloc=//lib64/pkgconfig/xcb-dri2.pc&path=//lib64/pkgconfig HTTP/1.1" 200 2688 "-" "Amazon CloudFront"
64.252.67.164 - - [04/Sep/2026:09:02:24 +0000] "GET /?fileloc=//var/run/acpid.pid&path=//var/run HTTP/1.1" 200 2554 "-" "Amazon CloudFront"
64.252.67.164 - - [04/Sep/2026:09:02:28 +0000] "GET /?fileloc=//etc/php-zts.d/20-mysqlnd.ini&path=//etc/php-zts.d HTTP/1.1" 200 2590 "-" "Amazon CloudFront"
64.252.68.74 - - [04/Sep/2026:09:02:31 +0000] "GET /?fileloc=//s3/f75bf04088964924b004465536090d8a/wordpress/wp-content/uploads/2023/07/%E9%B9%BF%E5%85%90%E5%B3%B6%E5%A4%A7%E5%AD%A6%E5%91%BC%E5%90%B8%E5%99%A8%E5%A4%96%E7%A7%91_%E4%B8%8A%E7%94%B0%E5%92%8C%E5%BC%98%E6%95%99%E6%8E%88-300x300.jpg&path=//s3/f75bf04088964924b004465536090d8a/wordpress/wp-content/uploads/2023/07 HTTP/1.1" 200 2711 "-" "Amazon CloudFront"
64.252.66.61 - - [04/Sep/2026:09:02:32 +0000] "GET /?fileloc=//sys/module/autofs4/sections/__mcount_loc&path=//sys/module/autofs4/sections HTTP/1.1" 200 2589 "-" "Amazon CloudFront"
64.252.66.102 - - [04/Sep/2026:09:02:35 +0000] "GET /?path=//sys/bus/machinecheck/devices/machinecheck3 HTTP/1.1" 200 4136 "-" "Amazon CloudFront"
64.252.68.74 - - [04/Sep/2026:09:02:36 +0000] "GET /?fileloc=//lib64/python3.7/asyncio/tasks.py&path=//lib64/python3.7/asyncio HTTP/1.1" 200 10584 "-" "Amazon CloudFront"
64.252.67.164 - - [04/Sep/2026:09:02:40 +0000] "GET /products/detail/227371622?fileloc=//tmp/lshttpd/.rtreport.4&path=//tmp/lshttpd HTTP/1.1" 200 7115 "-" "Amazon CloudFront"
64.252.66.102 - - [04/Sep/2026:09:02:44 +0000] "GET /?fileloc=//etc/init.d/vsftpd&path=//etc/init.d HTTP/1.1" 200 3267 "-" "Amazon CloudFront"
64.252.66.61 - - [04/Sep/2026:09:02:48 +0000] "GET /?path=//lib/dracut/dracut.conf.d HTTP/1.1" 200 3097 "-" "Amazon CloudFront"
64.252.66.102 - - [04/Sep/2026:09:02:49 +0000] "GET /?fileloc=//s3/f75bf04088964924b004465536090d8a/wordpress/wp-content/uploads/2023/07/%E6%84%9B%E5%AA%9B%E7%9C%8C%E7%AB%8B%E4%B8%AD%E5%A4%AE%E7%97%85%E9%99%A2_%E4%B8%AD%E8%A5%BF%E5%BE%B3%E5%BD%A6%E9%99%A2%E9%95%B7-768x768.jpg&path=//s3/f75bf04088964924b004465536090d8a/wordpress/wp-content/uploads/2023/07 HTTP/1.1" 200 2700 "-" "Amazon CloudFront"
64.252.68.74 - - [04/Sep/2026:09:02:52 +0000] "GET /?path=//etc/rc.d/rc6.d HTTP/1.1" 200 2989 "-" "Amazon CloudFront"
64.252.66.61 - - [04/Sep/2026:09:02:56 +0000] "GET /products/detail/293871501?fileloc=//lib64/python3.7/inspect.py&path=//lib64/python3.7 HTTP/1.1" 200 30898 "-" "Amazon CloudFront"
64.252.67.164 - - [04/Sep/2026:09:02:58 +0000] "GET /?fileloc=//sys/class/net/lo/subsystem/lo/type&path=//sys/class/net/lo/subsystem/lo HTTP/1.1" 200 2582 "-" "Amazon CloudFront"
64.252.66.102 - - [04/Sep/2026:09:03:00 +0000] "GET /products/detail/86393147?fileloc=//lib/python2.7/site-packages/urlgrabber-3.10-py2.7.egg-info&path=//lib/python2.7/site-packages HTTP/1.1" 200 3565 "-" "Amazon CloudFront"
64.252.66.102 - - [04/Sep/2026:09:03:04 +0000] "GET /?path=//sys/class/thermal/cooling_device3/device/physical_node/node0/cpu6/driver/cpu0/node0/cpu5/firmware_node/subsystem/devices/device:12/subsystem/devices/LNXSYSTM:00/LNXSYBUS:00/PNP0A03:00/physical_node/pci_bus/0000:00/device/0000:00:04.0/driver/0000:00:1e.0/nvme/nvme1/nvme1n1/holders/md0/md/rd0/block/holders/md0/md/dev-nvme1n1/block/power HTTP/1.1" 200 3583 "-" "Amazon CloudFront"
64.252.67.164 - - [04/Sep/2026:09:03:05 +0000] "GET /?fileloc=//s3/f75bf04088964924b004465536090d8a/wordpress/wp-content/uploads/2023/07/2023.7%E6%9C%88%E5%8F%B7_1P_%E8%A1%A8-1024x728.png&path=//s3/f75bf04088964924b004465536090d8a/wordpress/wp-content/uploads/2023/07 HTTP/1.1" 200 2661 "-" "Amazon CloudFront"
64.252.68.74 - - [04/Sep/2026:09:03:08 +0000] "GET /?path=//sys/bus/memory/devices/memory1/node0/memory30/node0/cpu6/firmware_node/subsystem/devices/device:21/physical_node/driver/module/drivers/pci:nvme/0000:00:1f.0/driver/0000:00:1f.0/firmware_node/physical_node/nvme/nvme2/subsystem/nvme1/device/nvme/nvme1/nvme1n1/holders/md0/md/rd0/block/device/nvme1n1/holders/md0/md/dev-nvme2n1/block/mq/5 HTTP/1.1" 200 3504 "-" "Amazon CloudFront"
64.252.66.102 - - [04/Sep/2026:09:03:12 +0000] "GET /products/detail/208628339?path=//sys/bus/node/devices/node0/cpu1/driver/cpu7/driver/cpu2/node0/cpu1/firmware_node/thermal_cooling/device/physical_node/firmware_node/subsystem/devices/PNP0A03:00/physical_node/0000:00:1e.0/nvme/nvme1/nvme1n1/subsystem/md0/md/dev-nvme2n1/block/device/nvme2n1/holders/md0/slaves/nvme1n1/bdi HTTP/1.1" 200 3577 "-" "Amazon CloudFront"
64.252.66.61 - - [04/Sep/2026:09:03:16 +0000] "GET /products/detail/208628339?path=//sys/bus/node/devices/node0/cpu1/driver/cpu7/driver/cpu2/node0/cpu4/firmware_node/thermal_cooling/device/physical_node/firmware_node/thermal_cooling/device/subsystem/devices/LNXSYSTM:00/LNXSYBUS:00/PNP0A03:00/device:21/physical_node/nvme/nvme2/nvme2n1/holders/md0/md/rd0/block/holders/md0/subsystem/nvme2n1/mq/7 HTTP/1.1" 200 3460 "-" "Amazon CloudFront"
64.252.67.164 - - [04/Sep/2026:09:03:20 +0000] "GET /?path=//sys/bus/memory/devices/memory1/node0/memory30/node0/cpu6/firmware_node/subsystem/devices/device:21/physical_node/driver/module/drivers/pci:nvme/0000:00:1e.0/nvme/nvme1/nvme1n1/subsystem/nvme1n1/holders/md0/md/rd0/block/holders/md0/md/dev-nvme1n1/block/device/device/driver/module/drivers/pci:nvme/0000:00:1e.0/firmware_node/physical_node/nvme HTTP/1.1" 200 3266 "-" "Amazon CloudFront"
64.252.66.61 - - [04/Sep/2026:09:03:22 +0000] "GET /?fileloc=//s3/f75bf04088964924b004465536090d8a/wordpress/wp-content/uploads/2023/07/%E6%9C%9D%E6%97%A5%E5%A4%A7%E5%AD%A6%E7%97%85%E9%99%A2_%E6%97%A5%E4%B8%8B%E7%BE%A9%E7%AB%A0%E7%97%85%E9%99%A2%E9%95%B7-1024x1024.jpg&path=//s3/f75bf04088964924b004465536090d8a/wordpress/wp-content/uploads/2023/07 HTTP/1.1" 200 2692 "-" "Amazon CloudFront"
64.252.67.164 - - [04/Sep/2026:09:03:24 +0000] "GET /products/detail/208628339?path=//sys/bus/node/devices/node0/cpu1/driver/cpu7/driver/cpu2/node0/cpu1/firmware_node/thermal_cooling/device/physical_node/firmware_node/subsystem/devices/device:06/physical_node/nvme/nvme0/nvme0n1/device/nvme0n1/subsystem/nvme2n1/holders/md0/md/dev-nvme1n1/block/holders/md0/slaves/nvme1n1/slaves HTTP/1.1" 200 2971 "-" "Amazon CloudFront"
64.252.66.61 - - [04/Sep/2026:09:03:28 +0000] "GET /?path=//sys/bus/memory/devices/memory1/node0/memory30/node0/cpu6/firmware_node/subsystem/devices/device:21/physical_node/driver/module/drivers/pci:nvme/0000:00:1f.0/driver/0000:00:1f.0/firmware_node/physical_node/nvme/nvme2/subsystem/nvme1/device/nvme/nvme1/nvme1n1/device/nvme1n1/holders/md0/md/dev-nvme1n1/block/holders/md0/slaves/nvme2n1/mq/0/cpu0 HTTP/1.1" 200 3034 "-" "Amazon CloudFront"
64.252.68.74 - - [04/Sep/2026:09:03:32 +0000] "GET /?path=//sys/class/thermal/cooling_device3/device/physical_node/node0/memory28/node0/cpu5/firmware_node/subsystem/devices/LNXSYSTM:00/LNXSYBUS:00/PNP0A03:00/physical_node/0000:00:04.0/driver/0000:00:1e.0/nvme/nvme1/device/driver/module/drivers/pci:nvme/0000:00:1f.0/nvme/nvme2/nvme2n1/subsystem/nvme1n1/holders/md0/md/rd1/block/holders/md0/md/dev-nvme1n1/block/mq/6/cpu6 HTTP/1.1" 200 3095 "-" "Amazon CloudFront"
64.252.66.102 - - [04/Sep/2026:09:03:36 +0000] "GET /products/detail/208628339?path=//sys/bus/node/devices/node0/cpu1/driver/cpu7/driver/cpu2/node0/cpu4/firmware_node/thermal_cooling/device/physical_node/firmware_node/thermal_cooling/device/subsystem/devices/LNXSYSTM:00/LNXSYBUS:00/PNP0A03:00/device:21/physical_node/nvme/nvme2/nvme2n1/holders/md0/md/rd0/block/holders/md0/subsystem/nvme2n1/mq/4 HTTP/1.1" 200 3459 "-" "Amazon CloudFront"
