64.252.66.61 - - [04/Sep/2026:07:00:07 +0000] "GET /?path=//sys/bus/memory/devices/memory1/node0/memory30/node0/cpu6/firmware_node/subsystem/devices/device:21/physical_node/driver/module/drivers/pci:nvme/0000:00:1e.0/driver/0000:00:1f.0/nvme/nvme2/subsystem/nvme1/device/nvme/nvme1/nvme1n1/holders/md0/md/dev-nvme2n1/block/device/nvme2n1/holders/md0/md/rd1/block/mq/0/cpu0 HTTP/1.1" 200 3028 "-" "Amazon CloudFront"
64.252.68.74 - - [04/Sep/2026:07:00:12 +0000] "GET /?fileloc=//lib64/pkgconfig/libexif.pc&path=//lib64/pkgconfig HTTP/1.1" 200 2699 "-" "Amazon CloudFront"
64.252.68.74 - - [04/Sep/2026:07:00:12 +0000] "GET /products/detail/208628339?path=//sys/bus/node/devices/node0/cpu1/driver/cpu7/driver/cpu2/node0/cpu4/firmware_node/subsystem/devices/device:06/physical_node/nvme/nvme0/nvme0n1/subsystem/nvme1n1/holders/md0/md/rd0/block/device/device/nvme/nvme1/nvme1n1/mq/4 HTTP/1.1" 200 3335 "-" "Amazon CloudFront"
64.252.67.238 - - [04/Sep/2026:07:00:12 +0000] "GET /?path=//sys/class/net/lo/subsystem HTTP/1.1" 200 2914 "-" "Amazon CloudFront"
64.252.66.102 - - [04/Sep/2026:07:00:15 +0000] "GET /products/detail/208628339?path=//sys/bus/node/devices/node0/cpu1/driver/cpu7/driver/cpu2/node0/cpu4/firmware_node/thermal_cooling/device/physical_node/firmware_node/thermal_cooling/device/subsystem/devices/PNP0A03:00/device:05/physical_node/subsystem/drivers/nvme/0000:00:1f.0/nvme/nvme2/nvme2n1/holders/md0/md/rd0/block/mq/7/cpu7 HTTP/1.1" 200 2993 "-" "Amazon CloudFront"
64.252.66.102 - - [04/Sep/2026:07:00:19 +0000] "GET /products/detail/208628339?path=//sys/bus/node/devices/node0/cpu1/driver/cpu7/driver/cpu2/node0/cpu4/firmware_node/thermal_cooling/device/physical_node/firmware_node/thermal_cooling/device/subsystem/devices/LNXSYSTM:00/LNXSYBUS:00/PNP0A03:00/device:21/physical_node/nvme/nvme2/nvme2n1/holders/md0/md/rd0/block/holders/md0/slaves/nvme1n1/bdi/power HTTP/1.1" 200 3542 "-" "Amazon CloudFront"
64.252.68.74 - - [04/Sep/2026:07:00:24 +0000] "GET /?path=//sys/class/thermal/cooling_device3/device/physical_node/node0/memory29/node0/cpu4/driver/cpu2/driver/cpu1/firmware_node/subsystem/devices/device:10/subsystem/devices/LNXSYSTM:00/LNXSYBUS:00/PNP0A03:00/physical_node/pci_bus/0000:00/device/0000:00:1e.0/nvme/nvme1/nvme1n1/holders/md0/md/dev-nvme1n1/block/holders/md0/slaves/nvme2n1/mq/7 HTTP/1.1" 200 3535 "-" "Amazon CloudFront"
64.252.66.61 - - [04/Sep/2026:07:00:24 +0000] "GET /products/detail/265452864 HTTP/1.1" 200 4265 "-" "Amazon CloudFront"
64.252.66.61 - - [04/Sep/2026:07:00:28 +0000] "GET /?path=//sys/class/thermal/cooling_device3/device/physical_node/node0/memory28/node0/cpu5/firmware_node/subsystem/devices/LNXSYSTM:00/LNXSYBUS:00/PNP0A03:00/device:12/subsystem/devices/LNXSYBUS:00/PNP0A03:00/device:21/physical_node/nvme/nvme2/device/driver/0000:00:1e.0/driver/0000:00:1f.0/nvme/nvme2/nvme2n1/holders/md0/slaves/nvme2n1/mq/1 HTTP/1.1" 200 3500 "-" "Amazon CloudFront"
64.252.66.102 - - [04/Sep/2026:07:00:32 +0000] "GET /?path=//sys/class/thermal/cooling_device3/device/physical_node/node0/memory28/node0/cpu5/firmware_node/subsystem/devices/LNXSYBUS:00/PNP0A03:00/device:1b/subsystem/devices/LNXSYBUS:00/PNP0A03:00/device:21/physical_node/driver/module/drivers/pci:nvme/0000:00:04.0/driver/0000:00:1e.0/nvme/nvme1/device/nvme/nvme1/nvme1n1/holders/md0/md/dev-nvme2n1/block/mq/2/cpu2 HTTP/1.1" 200 3067 "-" "Amazon CloudFront"
64.252.66.61 - - [04/Sep/2026:07:00:36 +0000] "GET /?path=//sys/bus/memory/devices/memory1/node0/memory30/node0/cpu6/firmware_node/subsystem/devices/device:21/physical_node/driver/module/drivers/pci:nvme/0000:00:1f.0/driver/0000:00:1e.0/nvme/nvme1/nvme1n1/holders/md0/md/dev-nvme1n1/block/device/device/nvme/nvme1/nvme1n1/subsystem/md0/md/rd0/block/mq/0/cpu0 HTTP/1.1" 200 3004 "-" "Amazon CloudFront"
64.252.68.74 - - [04/Sep/2026:07:00:39 +0000] "GET /?fileloc=//s3/f75bf04088964924b004465536090d8a/wordpress/wp-content/uploads/2021/10/%E5%85%A5%E6%B1%9F%E7%AE%A1%E7%90%86%E8%80%85%E3%83%BB%E7%97%85%E9%99%A2%E9%95%B7--150x150.jpg&path=//s3/f75bf04088964924b004465536090d8a/wordpress/wp-content/uploads/2021/10 HTTP/1.1" 200 2686 "-" "Amazon CloudFront"
64.252.68.74 - - [04/Sep/2026:07:00:39 +0000] "GET /?fileloc=//s3/f75bf04088964924b004465536090d8a/wordpress/wp-content/uploads/2021/10/%E5%80%89%E6%99%BA%E7%B7%8F%E9%95%B7-300x300.jpg&path=//s3/f75bf04088964924b004465536090d8a/wordpress/wp-content/uploads/2021/10 HTTP/1.1" 200 2659 "-" "Amazon CloudFront"
64.252.66.102 - - [04/Sep/2026:07:00:39 +0000] "GET /products/detail/208628339?path=//sys/bus/node/devices/node0/cpu1/driver/cpu7/driver/cpu2/node0/cpu4/firmware_node/subsystem/devices/PNP0A03:00/device:21/physical_node/nvme/nvme2/device/nvme/nvme2/nvme2n1/holders/md0/slaves/nvme2n1/subsystem/md0/slaves/nvme1n1/mq/5 HTTP/1.1" 200 3345 "-" "Amazon CloudFront"
64.252.67.238 - - [04/Sep/2026:07:00:40 +0000] "GET /?path=//sys/module/iptable_filter HTTP/1.1" 200 3218 "-" "Amazon CloudFront"
64.252.70.102 - - [04/Sep/2026:07:00:41 +0000] "GET /prizes/329162066?path=/var/www/volumes/5b2ec66b862946cf878fb0216562a6c6 HTTP/1.1" 200 2642 "-" "Amazon CloudFront"
64.252.66.61 - - [04/Sep/2026:07:00:44 +0000] "GET /products/detail/208628339?path=//sys/bus/node/devices/node0/cpu1/driver/cpu7/driver/cpu2/node0/cpu4/firmware_node/subsystem/devices/PNP0A03:00/device:21/physical_node/nvme/nvme2/nvme2n1/device/device/nvme/nvme2/nvme2n1/holders/md0/slaves/nvme1n1/holders/md0/slaves/nvme1n1 HTTP/1.1" 200 4172 "-" "Amazon CloudFront"
64.252.66.61 - - [04/Sep/2026:07:00:48 +0000] "GET /?path=//sys/class/thermal/cooling_device3/device/physical_node/node0/memory28/node0/cpu5/firmware_node/subsystem/devices/LNXSYSTM:00/LNXSYBUS:00/PNP0A03:00/device:12/subsystem/devices/LNXSYBUS:00/PNP0A03:00/device:21/physical_node/nvme/nvme2/device/driver/module/drivers/pci:nvme/0000:00:1e.0/driver/0000:00:1f.0/nvme/nvme2/nvme2n1/holders/md0/slaves/nvme1n1/mq/2 HTTP/1.1" 200 3536 "-" "Amazon CloudFront"
64.252.66.61 - - [04/Sep/2026:07:00:52 +0000] "GET /products/detail/208628339?path=//sys/bus/node/devices/node0/cpu1/driver/cpu7/driver/cpu2/node0/cpu4/firmware_node/subsystem/devices/PNP0A03:00/physical_node/firmware_node/physical_node/0000:00:1e.0/nvme/nvme1/device/nvme/nvme1/subsystem/nvme2/nvme2n1/holders/md0/slaves/nvme1n1/holders/md0/md/dev-nvme2n1/block/mq HTTP/1.1" 200 3469 "-" "Amazon CloudFront"
64.252.66.61 - - [04/Sep/2026:07:00:54 +0000] "GET /?fileloc=//s3/f75bf04088964924b004465536090d8a/wordpress/wp-content/uploads/2021/10/%E5%A4%A7%E9%98%AA%E6%AF%8D%E5%AD%90%E5%8C%BB%E7%99%82%E3%82%BB%E3%83%B3%E3%82%BF%E3%83%BC%E5%A4%96%E8%A6%B3-300x200.jpg&path=//s3/f75bf04088964924b004465536090d8a/wordpress/wp-content/uploads/2021/10 HTTP/1.1" 200 2696 "-" "Amazon CloudFront"
64.252.68.74 - - [04/Sep/2026:07:00:56 +0000] "GET /?path=//sys/class/thermal/cooling_device3/device/physical_node/node0/cpu1/driver/cpu0/node0/cpu2/firmware_node/subsystem/devices/LNXSYSTM:00/LNXSYBUS:00/PNP0C0F:04/subsystem/devices/PNP0A03:00/physical_node/pci_bus/0000:00/device/0000:00:04.0/driver/module/drivers/pci:nvme/module/drivers/pci:nvme/0000:00:1e.0/nvme/nvme1/nvme1n1/holders/md0/slaves/nvme2n1/holders/md0/slaves/nvme1n1/mq/5 HTTP/1.1" 200 3583 "-" "Amazon CloudFront"
64.252.68.74 - - [04/Sep/2026:07:01:00 +0000] "GET /?path=//sys/class/thermal/cooling_device3/device/physical_node/node0/cpu1/driver/cpu0/node0/cpu2/firmware_node/subsystem/devices/LNXSYSTM:00/LNXSYBUS:00/PNP0C0F:04/subsystem/devices/PNP0A03:00/physical_node/pci_bus/0000:00/device/0000:00:04.0/driver/module/drivers/pci:nvme/module/drivers/pci:nvme/0000:00:1e.0/nvme/nvme1/nvme1n1/holders/md0/slaves/nvme2n1/holders/md0/slaves/nvme1n1/mq/3 HTTP/1.1" 200 3582 "-" "Amazon CloudFront"
64.252.68.74 - - [04/Sep/2026:07:01:04 +0000] "GET /products/detail/208628339?path=//sys/bus/node/devices/node0/cpu1/driver/cpu7/driver/cpu2/node0/cpu4/firmware_node/subsystem/devices/PNP0A03:00/physical_node/0000:00:04.0/firmware_node/physical_node/nvme/nvme0/device/nvme/nvme0/subsystem/nvme1/nvme1n1/holders/md0/slaves/nvme2n1/holders/md0/md/rd0/block/mq/1 HTTP/1.1" 200 3419 "-" "Amazon CloudFront"
64.252.67.238 - - [04/Sep/2026:07:01:07 +0000] "GET /?path=//sys/bus/memory/devices/memory1/node0/memory30/node0/cpu6/firmware_node/subsystem/devices/device:21/physical_node/driver/module/drivers/pci:nvme/0000:00:1e.0/driver/0000:00:1f.0/nvme/nvme2/device/nvme/nvme2/nvme2n1/device/nvme2n1/holders/md0/md/rd0/block/holders/md0/md/rd1/block/subsystem/nvme1n1/mq/1/cpu1 HTTP/1.1" 200 3023 "-" "Amazon CloudFront"
64.252.67.238 - - [04/Sep/2026:07:01:12 +0000] "GET /products/detail/208628339?path=//sys/bus/node/devices/node0/cpu1/driver/cpu7/driver/cpu2/node0/cpu4/firmware_node/subsystem/devices/PNP0A03:00/physical_node/0000:00:04.0/firmware_node/physical_node/nvme/nvme0/device/nvme/nvme0/nvme0n1/subsystem/md0/md/rd1/block/holders/md0/md/dev-nvme2n1/block/mq/4/cpu4 HTTP/1.1" 200 2964 "-" "Amazon CloudFront"
64.252.67.238 - - [04/Sep/2026:07:01:15 +0000] "GET /?fileloc=//s3/f75bf04088964924b004465536090d8a/wordpress/wp-content/uploads/2021/03/%E3%81%84%E3%81%BE%E3%81%8D%E3%81%84%E3%82%8C%E7%B7%8F%E5%90%88%E7%97%85%E9%99%A201-768x510.jpg&path=//s3/f75bf04088964924b004465536090d8a/wordpress/wp-content/uploads/2021/03 HTTP/1.1" 200 2679 "-" "Amazon CloudFront"
64.252.67.238 - - [04/Sep/2026:07:01:16 +0000] "GET /products/detail/208628339?path=//sys/bus/node/devices/node0/cpu1/driver/cpu7/driver/cpu2/node0/cpu4/firmware_node/subsystem/devices/PNP0A03:00/physical_node/firmware_node/physical_node/0000:00:01.3/subsystem/drivers/nvme/0000:00:1e.0/nvme/nvme1/nvme1n1/holders/md0/md/rd1/block/holders/md0/md/dev-nvme1n1/block/trace HTTP/1.1" 200 3443 "-" "Amazon CloudFront"
64.252.67.238 - - [04/Sep/2026:07:01:15 +0000] "GET /?path=//sys/class/rtc/rtc0/device/firmware_node HTTP/1.1" 200 3185 "-" "Amazon CloudFront"
64.252.99.237 - - [04/Sep/2026:07:01:17 +0000] "GET /products/detail/167373238?path=/var/opt HTTP/1.1" 200 2848 "-" "Amazon CloudFront"
64.252.66.102 - - [04/Sep/2026:07:01:19 +0000] "GET /products/detail/208628339?path=//sys/bus/node/devices/node0/cpu1/driver/cpu7/driver/cpu2/node0/cpu4/firmware_node/subsystem/devices/PNP0A03:00/physical_node/0000:00:04.0/nvme/nvme0/device/nvme/nvme0/subsystem/nvme2/nvme2n1/device/nvme2n1/holders/md0/md/rd1/block/holders/md0/md HTTP/1.1" 200 4136 "-" "Amazon CloudFront"
64.252.67.238 - - [04/Sep/2026:07:01:24 +0000] "GET /products/detail/208628339?path=//sys/bus/node/devices/node0/cpu1/driver/cpu7/driver/cpu2/node0/cpu4/firmware_node/thermal_cooling/device/thermal_cooling/device/physical_node/subsystem/drivers/processor/cpu1/firmware_node/subsystem/devices/device:20/physical_node/nvme/nvme1/nvme1n1/holders/md0/md/rd0/block/mq/6 HTTP/1.1" 200 3413 "-" "Amazon CloudFront"
64.252.66.61 - - [04/Sep/2026:07:01:28 +0000] "GET /products/detail/208628339?path=//sys/bus/node/devices/node0/cpu1/driver/cpu7/driver/cpu2/node0/cpu1/firmware_node/thermal_cooling/subsystem/cooling_device3/device/subsystem/devices/PNP0A03:00/physical_node/firmware_node/device:20/physical_node/nvme/nvme1/nvme1n1/holders/md0/md/dev-nvme1n1/block/device/nvme1n1/mq/6/cpu6 HTTP/1.1" 200 2980 "-" "Amazon CloudFront"
64.252.66.102 - - [04/Sep/2026:07:01:31 +0000] "GET /?path=//sys/class/thermal/cooling_device3/device/physical_node/node0/cpu6/driver/cpu0/node0/cpu5/firmware_node/subsystem/devices/device:12/subsystem/devices/LNXSYSTM:00/LNXSYBUS:00/PNP0A03:00/physical_node/pci_bus/0000:00/device/0000:00:04.0/driver/0000:00:1e.0/nvme/nvme1/nvme1n1/holders/md0/md/dev-nvme1n1/block/holders/md0/slaves/nvme2n1/mq/5 HTTP/1.1" 200 3534 "-" "Amazon CloudFront"
64.252.68.74 - - [04/Sep/2026:07:01:35 +0000] "GET /?path=//sys/bus/acpi/devices/LNXCPU:06/physical_node/node0/memory21/node0/cpu0/subsystem/drivers/processor/cpu6/firmware_node/subsystem/devices/device:06/physical_node/driver/0000:00:04.0/driver/0000:00:1e.0/nvme/nvme1/nvme1n1/holders/md0/md/dev-nvme2n1/block/device/nvme2n1/device/nvme2n1/holders/md0/slaves/nvme1n1/mq/4 HTTP/1.1" 200 3474 "-" "Amazon CloudFront"
64.252.68.74 - - [04/Sep/2026:07:01:39 +0000] "GET /products/detail/208628339?path=//sys/bus/node/devices/node0/cpu1/driver/cpu7/driver/cpu2/node0/cpu4/firmware_node/subsystem/devices/PNP0A03:00/physical_node/0000:00:1e.0/subsystem/drivers/nvme/0000:00:1e.0/nvme/nvme1/nvme1n1/holders/md0/md/rd1/block/device/nvme2n1/holders/md0/slaves/nvme2n1/mq/1/cpu1 HTTP/1.1" 200 2976 "-" "Amazon CloudFront"
64.252.67.238 - - [04/Sep/2026:07:01:42 +0000] "GET /?fileloc=//s3/f75bf04088964924b004465536090d8a/wordpress/wp-content/uploads/2021/10/%E5%B7%AE%E6%9B%BF_%E7%94%B0%E4%B8%AD%E6%95%99%E6%8E%88.jpg&path=//s3/f75bf04088964924b004465536090d8a/wordpress/wp-content/uploads/2021/10 HTTP/1.1" 200 2665 "-" "Amazon CloudFront"
64.252.67.238 - - [04/Sep/2026:07:01:44 +0000] "GET /?path=//sys/class/thermal/cooling_device3/device/physical_node/node0/memory28/node0/cpu5/firmware_node/subsystem/devices/PNP0A03:00/physical_node/pci_bus/0000:00/device/0000:00:1f.0/driver/0000:00:04.0/driver/module/drivers/pci:nvme/0000:00:04.0/firmware_node/subsystem/devices/LNXSYBUS:00/LNXCPU:00 HTTP/1.1" 200 3680 "-" "Amazon CloudFront"
64.252.66.61 - - [04/Sep/2026:07:01:47 +0000] "GET /?path=//sys/class/thermal/cooling_device3/device/physical_node/node0/memory28/node0/cpu5/firmware_node/subsystem/devices/PNP0A03:00/physical_node/pci_bus/0000:00/device/0000:00:1f.0/driver/0000:00:04.0/driver/module/drivers/pci:nvme/0000:00:1f.0/subsystem/devices/0000:00:01.3/firmware_node/power HTTP/1.1" 200 3436 "-" "Amazon CloudFront"
64.252.68.74 - - [04/Sep/2026:07:01:52 +0000] "GET /?path=//sys/bus/memory/devices/memory1/node0/memory7/node0/cpu1/subsystem/drivers/processor/cpu5/firmware_node/subsystem/devices/PNP0A03:00/physical_node/firmware_node/physical_node/0000:00:1e.0/driver/0000:00:1f.0/driver/0000:00:1f.0/nvme/nvme2/nvme2n1/holders/md0/md/rd0/block/device/nvme1n1/holders/md0/md/rd1/block/device/nvme2n1/mq/5/cpu5 HTTP/1.1" 200 3030 "-" "Amazon CloudFront"
64.252.66.102 - - [04/Sep/2026:07:01:56 +0000] "GET /?path=//sys/class/thermal/cooling_device3/device/physical_node/node0/cpu0/node0/cpu4/firmware_node/subsystem/devices/LNXSYSTM:00/LNXSYBUS:01/subsystem/devices/PNP0A03:00/physical_node/0000:00:1e.0/driver/module/drivers/pci:nvme/module/drivers/pci:nvme/0000:00:1e.0/driver/0000:00:1f.0/nvme/nvme2/device/nvme/nvme2/nvme2n1/holders/md0/slaves/nvme1n1/holders/md0/slaves/nvme1n1/mq/2 HTTP/1.1" 200 3545 "-" "Amazon CloudFront"
64.252.66.102 - - [04/Sep/2026:07:02:01 +0000] "GET /?path=//sys/bus/memory/devices/memory1/node0/memory30/node0/cpu6/firmware_node/subsystem/devices/device:21/physical_node/driver/module/drivers/pci:nvme/0000:00:1e.0/driver/0000:00:04.0/firmware_node/physical_node/subsystem/drivers/nvme/0000:00:1f.0/nvme/nvme2/nvme2n1/device/nvme2n1/holders/md0/slaves/nvme1n1/holders/md0/slaves/nvme1n1/device/power HTTP/1.1" 200 3545 "-" "Amazon CloudFront"
64.252.68.74 - - [04/Sep/2026:07:02:04 +0000] "GET /?path=//sys/class/thermal/cooling_device3/device/physical_node/node0/memory28/node0/cpu5/firmware_node/subsystem/devices/LNXSYSTM:00/LNXSYBUS:00/PNP0A03:00/device:12/subsystem/devices/LNXSYBUS:00/PNP0A03:00/device:21/physical_node/nvme/nvme2/device/driver/module/drivers/pci:nvme/0000:00:1e.0/driver/0000:00:1f.0/nvme/nvme2/nvme2n1/holders/md0/slaves/nvme2n1/bdi/power HTTP/1.1" 200 3577 "-" "Amazon CloudFront"
64.252.67.238 - - [04/Sep/2026:07:02:07 +0000] "GET /products/detail/272703723?path=//sys/devices/pci0000:00/firmware_node/physical_node/pci_bus/0000:00/device/firmware_node/physical_node/0000:00:00.0/subsystem/drivers/nvme/module/drivers/pci:nvme/0000:00:04.0/driver/0000:00:1e.0/nvme/nvme1/nvme1n1/device/nvme1n1/holders/md0/md/rd0/block/holders/md0/md/dev-nvme1n1/block/subsystem/nvme2n1/mq/4/cpu4 HTTP/1.1" 200 2989 "-" "Amazon CloudFront"
64.252.66.102 - - [04/Sep/2026:07:02:11 +0000] "GET /products/detail/208628339?path=//sys/bus/node/devices/node0/cpu1/driver/cpu7/driver/cpu2/node0/cpu4/firmware_node/subsystem/devices/PNP0A03:00/device:21/physical_node/nvme/nvme2/nvme2n1/device/subsystem/nvme1/device/firmware_node/physical_node/nvme/nvme1/nvme1n1/holders/md0/slaves/nvme2n1/holders/md0/md HTTP/1.1" 200 4178 "-" "Amazon CloudFront"
64.252.67.238 - - [04/Sep/2026:07:02:16 +0000] "GET /?path=//sys/bus/memory/devices/memory1/node0/memory7/node0/cpu1/subsystem/drivers/processor/cpu5/firmware_node/subsystem/devices/PNP0A03:00/physical_node/firmware_node/physical_node/0000:00:1e.0/driver/module/drivers/pci:nvme/0000:00:1f.0/nvme/nvme2/device/nvme/nvme2/nvme2n1/holders/md0/slaves/nvme1n1/holders/md0/slaves/nvme1n1/mq/1 HTTP/1.1" 200 3491 "-" "Amazon CloudFront"
64.252.66.61 - - [04/Sep/2026:07:02:20 +0000] "GET /?path=//sys/class/thermal/cooling_device3/device/physical_node/node0/memory0/node0/cpu5/driver/cpu7/driver/cpu3/firmware_node/thermal_cooling/device/subsystem/devices/PNP0A03:00/device:06/subsystem/devices/LNXSYSTM:00/LNXSYBUS:00/PNP0A03:00/device:20/physical_node/nvme/nvme1/nvme1n1/holders/md0/slaves/nvme2n1/holders/md0/trace HTTP/1.1" 200 3512 "-" "Amazon CloudFront"
64.252.66.102 - - [04/Sep/2026:07:02:24 +0000] "GET /?path=//sys/bus/memory/devices/memory1/node0/memory30/node0/cpu6/firmware_node/subsystem/devices/device:21/physical_node/driver/module/drivers/pci:nvme/0000:00:1f.0/driver/0000:00:1e.0/nvme/nvme1/nvme1n1/holders/md0/md/dev-nvme1n1/block/holders/md0/md/dev-nvme2n1/block/device/device/subsystem/drivers/ena/0000:00:05.0/firmware_node/physical_node/net/eth0/queues/tx-1 HTTP/1.1" 200 3615 "-" "Amazon CloudFront"
64.252.68.74 - - [04/Sep/2026:07:02:27 +0000] "GET /products/detail/208628339?path=//sys/bus/node/devices/node0/cpu1/driver/cpu7/driver/cpu2/node0/cpu4/firmware_node/thermal_cooling/device/physical_node/firmware_node/thermal_cooling/device/subsystem/devices/LNXSYSTM:00/LNXSYBUS:00/PNP0A03:00/device:21/physical_node/nvme/nvme2/nvme2n1/holders/md0/subsystem/nvme2n1/bdi/power HTTP/1.1" 200 3457 "-" "Amazon CloudFront"
64.252.66.102 - - [04/Sep/2026:07:02:32 +0000] "GET /products/detail/208628339?path=//sys/bus/node/devices/node0/cpu1/driver/cpu7/driver/cpu2/node0/cpu1/firmware_node/thermal_cooling/device/physical_node/firmware_node/subsystem/devices/PNP0A03:00/physical_node/0000:00:1e.0/nvme/nvme1/nvme1n1/holders/md0/md/rd1/block/device/nvme2n1/subsystem/nvme0n1/nvme0n1p1/trace HTTP/1.1" 200 3427 "-" "Amazon CloudFront"
64.252.67.238 - - [04/Sep/2026:07:02:35 +0000] "GET /?path=//sys/class/rtc/rtc0/device/power HTTP/1.1" 200 3406 "-" "Amazon CloudFront"
64.252.66.61 - - [04/Sep/2026:07:02:36 +0000] "GET /products/detail/208628339?path=//sys/bus/node/devices/node0/cpu1/driver/cpu7/driver/cpu2/node0/cpu4/firmware_node/thermal_cooling/device/physical_node/firmware_node/subsystem/devices/device:21/physical_node/nvme/nvme2/subsystem/nvme2/nvme2n1/holders/md0/md/rd1/block/mq/5/cpu5 HTTP/1.1" 200 2913 "-" "Amazon CloudFront"
64.252.68.74 - - [04/Sep/2026:07:02:39 +0000] "GET /products/detail/208628339?path=//sys/bus/node/devices/node0/cpu1/driver/cpu7/driver/cpu2/node0/cpu1/firmware_node/thermal_cooling/device/physical_node/firmware_node/subsystem/drivers/button/LNXSLPBN:00/subsystem/devices/PNP0A03:00/device:20/physical_node/nvme/nvme1/nvme1n1/device/nvme1n1/holders/md0/bdi/power HTTP/1.1" 200 3451 "-" "Amazon CloudFront"
64.252.66.61 - - [04/Sep/2026:07:02:44 +0000] "GET /?path=//sys/class/thermal/cooling_device3/device/physical_node/node0/cpu0/node0/cpu4/firmware_node/subsystem/devices/LNXSYSTM:00/LNXSYBUS:01/subsystem/devices/PNP0A03:00/physical_node/0000:00:1e.0/driver/module/drivers/pci:nvme/module/drivers/pci:nvme/0000:00:1e.0/driver/0000:00:1f.0/nvme/nvme2/device/nvme/nvme2/nvme2n1/holders/md0/md/dev-nvme1n1/block/holders/md0/slaves/nvme1n1/mq/1 HTTP/1.1" 200 3571 "-" "Amazon CloudFront"
64.252.67.238 - - [04/Sep/2026:07:02:47 +0000] "GET /?path=//sys/bus/memory/devices/memory8/node0/cpu4/node0/cpu2/firmware_node/subsystem/devices/PNP0A03:00/physical_node/0000:00:05.0/net/eth0/device/driver/0000:00:05.0/net/eth0/device/firmware_node/physical_node/subsystem/drivers/nvme/0000:00:04.0/driver/0000:00:1e.0/nvme/nvme1/nvme1n1/holders/md0/slaves/nvme1n1/holders/md0/power HTTP/1.1" 200 3532 "-" "Amazon CloudFront"
64.252.66.102 - - [04/Sep/2026:07:02:52 +0000] "GET /products/detail/208628339?path=//sys/bus/node/devices/node0/cpu1/driver/cpu7/driver/cpu2/node0/cpu1/firmware_node/thermal_cooling/device/physical_node/firmware_node/subsystem/devices/device:06/physical_node/nvme/nvme0/nvme0n1/nvme0n1p1/subsystem/md0/md/rd0/block/device/nvme1n1/holders/md0/md/dev-nvme1n1/block/queue HTTP/1.1" 200 4770 "-" "Amazon CloudFront"
64.252.68.74 - - [04/Sep/2026:07:02:56 +0000] "GET /products/detail/208628339?path=//sys/bus/node/devices/node0/cpu1/driver/cpu7/driver/cpu2/node0/cpu4/firmware_node/subsystem/devices/PNP0A03:00/device:21/physical_node/nvme/nvme2/device/nvme/nvme2/nvme2n1/holders/md0/md/rd0/block/subsystem/md0/md/rd0/block/device/nvme1n1/holders HTTP/1.1" 200 3194 "-" "Amazon CloudFront"
64.252.66.102 - - [04/Sep/2026:07:02:59 +0000] "GET /products/detail/208628339?path=//sys/bus/node/devices/node0/cpu1/driver/cpu7/driver/cpu2/node0/cpu4/firmware_node/subsystem/devices/PNP0A03:00/physical_node/0000:00:04.0/subsystem/drivers/nvme/0000:00:1e.0/nvme/nvme1/nvme1n1/holders/md0/md/dev-nvme2n1/block/holders/md0/md/dev-nvme2n1/block/queue HTTP/1.1" 200 4734 "-" "Amazon CloudFront"
64.252.67.238 - - [04/Sep/2026:07:03:02 +0000] "GET /?fileloc=//s3/f75bf04088964924b004465536090d8a/wordpress/wp-content/uploads/2021/10/%E6%BB%9D%E6%B2%A2%E6%95%99%E6%8E%88.jpg&path=//s3/f75bf04088964924b004465536090d8a/wordpress/wp-content/uploads/2021/10 HTTP/1.1" 200 2654 "-" "Amazon CloudFront"
64.252.66.61 - - [04/Sep/2026:07:03:04 +0000] "GET /?path=//sys/bus/memory/devices/memory1/node0/memory7/node0/cpu1/subsystem/drivers/processor/cpu5/firmware_node/subsystem/devices/PNP0A03:00/physical_node/firmware_node/physical_node/0000:00:1e.0/driver/module/drivers/pci:nvme/0000:00:1e.0/nvme/nvme1/nvme1n1/holders/md0/slaves/nvme1n1/holders/md0/md/dev-nvme2n1/block/device/device/nvme/nvme2/nvme2n1/slaves HTTP/1.1" 200 3031 "-" "Amazon CloudFront"
64.252.66.61 - - [04/Sep/2026:07:03:07 +0000] "GET /?path=//sys/class/thermal/cooling_device3/device/physical_node/node0/memory28/node0/cpu5/firmware_node/subsystem/devices/PNP0A03:00/physical_node/pci_bus/0000:00/device/0000:00:1e.0/driver/module/drivers/pci:nvme/0000:00:04.0/driver/0000:00:1f.0/nvme/nvme2/nvme2n1/subsystem/md0/md/rd1 HTTP/1.1" 200 3750 "-" "Amazon CloudFront"
64.252.68.74 - - [04/Sep/2026:07:03:12 +0000] "GET /?path=//sys/class/thermal/cooling_device3/device/physical_node/node0/cpu1/driver/cpu0/node0/cpu2/firmware_node/subsystem/devices/LNXSYSTM:00/LNXSYBUS:00/PNP0C0F:02/subsystem/devices/LNXSYSTM:00/LNXSYBUS:00/PNP0A03:00/physical_node/0000:00:04.0/driver/0000:00:1e.0/nvme/nvme1/device/nvme/nvme1/nvme1n1/holders/md0/slaves/nvme2n1/holders/md0/md/dev-nvme1n1/block/mq/0/cpu0 HTTP/1.1" 200 3071 "-" "Amazon CloudFront"
64.252.66.61 - - [04/Sep/2026:07:03:15 +0000] "GET /products/detail/208628339?path=//sys/bus/node/devices/node0/cpu1/driver/cpu7/driver/cpu2/node0/cpu1/firmware_node/thermal_cooling/device/physical_node/firmware_node/subsystem/devices/PNP0A03:00/physical_node/0000:00:1e.0/nvme/nvme1/nvme1n1/holders/md0/md/rd0/block/holders/md0/subsystem/nvme0n1/mq/1/cpu7 HTTP/1.1" 200 2966 "-" "Amazon CloudFront"
64.252.68.74 - - [04/Sep/2026:07:03:19 +0000] "GET /products/detail/208628339?path=//sys/bus/node/devices/node0/cpu1/driver/cpu7/driver/cpu2/node0/cpu1/firmware_node/thermal_cooling/device/physical_node/firmware_node/subsystem/devices/LNXSYSTM:00/LNXSYBUS:00/PNP0A03:00/device:06/physical_node/nvme/nvme0/nvme0n1/nvme0n1p1/subsystem/md0/md/rd0/block/holders/md0/md/dev-nvme2n1 HTTP/1.1" 200 3798 "-" "Amazon CloudFront"
64.252.66.102 - - [04/Sep/2026:07:03:24 +0000] "GET /products/detail/208628339?path=//sys/bus/node/devices/node0/cpu1/driver/cpu7/driver/cpu2/node0/cpu4/firmware_node/subsystem/devices/PNP0A03:00/physical_node/0000:00:04.0/firmware_node/physical_node/nvme/nvme0/nvme0n1/nvme0n1p128/subsystem/md0/md/dev-nvme2n1/block/device/nvme2n1/holders/md0/md/rd1/block/mq/3 HTTP/1.1" 200 3423 "-" "Amazon CloudFront"
64.252.68.74 - - [04/Sep/2026:07:03:28 +0000] "GET /?path=//sys/bus/node/devices/node0/memory2/node0/cpu4/driver/cpu1/driver/cpu2/subsystem/drivers/processor/cpu2/firmware_node/physical_node/firmware_node/subsystem/devices/LNXSYBUS:00/PNP0A03:00/physical_node/0000:00:1f.0/nvme/nvme2/nvme2n1/holders/md0/md/dev-nvme1n1/block/device/device/nvme/nvme1/nvme1n1/holders/md0/md/rd0/block/integrity HTTP/1.1" 200 3615 "-" "Amazon CloudFront"
64.252.67.238 - - [04/Sep/2026:07:03:29 +0000] "GET /?fileloc=//lib64/python2.7/bsddb/__init__.pyo&path=//lib64/python2.7/bsddb HTTP/1.1" 200 2571 "-" "Amazon CloudFront"
64.252.67.238 - - [04/Sep/2026:07:03:29 +0000] "GET /?path=//sys/class/rtc/rtc0/device/driver HTTP/1.1" 200 3048 "-" "Amazon CloudFront"
64.252.67.238 - - [04/Sep/2026:07:03:31 +0000] "GET /products/detail/208628339?path=//sys/bus/node/devices/node0/cpu1/driver/cpu7/driver/cpu2/node0/cpu4/firmware_node/subsystem/devices/LNXSYSTM:00/LNXSYBUS:00/PNP0A03:00/device:20/physical_node/nvme/nvme1/device/nvme/nvme1/nvme1n1/device/nvme1n1/holders/md0/md/dev-nvme2n1/block/mq/4 HTTP/1.1" 200 3380 "-" "Amazon CloudFront"
64.252.67.238 - - [04/Sep/2026:07:03:36 +0000] "GET /products/detail/208628339?path=//sys/bus/node/devices/node0/cpu1/driver/cpu7/driver/cpu2/node0/cpu4/firmware_node/subsystem/devices/PNP0A03:00/physical_node/0000:00:04.0/firmware_node/physical_node/nvme/nvme0/device/nvme/nvme0/nvme0n1/nvme0n1p128/subsystem/nvme2n1/holders/md0/md/rd1/block/holders/md0/slaves/nvme2n1/integrity HTTP/1.1" 200 3548 "-" "Amazon CloudFront"
64.252.66.61 - - [04/Sep/2026:07:03:40 +0000] "GET /?path=//sys/class/thermal/cooling_device3/device/physical_node/node0/memory28/node0/cpu5/firmware_node/subsystem/devices/PNP0A03:00/physical_node/pci_bus/0000:00/device/firmware_node/device:21/subsystem/devices/LNXSYSTM:00/LNXPWRBN:00/driver/LNXPWRBN:00/driver/LNXSLPBN:00/input/input4/id HTTP/1.1" 200 3356 "-" "Amazon CloudFront"
64.252.67.238 - - [04/Sep/2026:07:03:43 +0000] "GET /products/detail/208628339?path=//sys/bus/node/devices/node0/cpu1/driver/cpu7/driver/cpu2/node0/cpu1/firmware_node/thermal_cooling/device/physical_node/firmware_node/subsystem/devices/PNP0A03:00/physical_node/0000:00:1e.0/nvme/nvme1/nvme1n1/holders/md0/md/dev-nvme2n1/block/holders/md0/subsystem/nvme1n1/mq/7/cpu7 HTTP/1.1" 200 2928 "-" "Amazon CloudFront"
64.252.68.74 - - [04/Sep/2026:07:03:48 +0000] "GET /products/detail/208628339?path=//sys/bus/node/devices/node0/cpu1/driver/cpu7/driver/cpu2/node0/cpu1/firmware_node/thermal_cooling/device/physical_node/firmware_node/subsystem/devices/LNXSYSTM:00/LNXSYBUS:00/PNP0A03:00/device:06/physical_node/nvme/nvme0/nvme0n1/nvme0n1p1/subsystem/md0/slaves/nvme1n1/device/nvme1n1/mq/0 HTTP/1.1" 200 3428 "-" "Amazon CloudFront"
64.252.67.238 - - [04/Sep/2026:07:03:52 +0000] "GET /products/detail/208628339?path=//sys/bus/node/devices/node0/cpu1/driver/cpu7/driver/cpu2/node0/cpu4/firmware_node/thermal_cooling/device/physical_node/firmware_node/subsystem/devices/device:20/physical_node/nvme/nvme1/nvme1n1/holders/md0/md/dev-nvme1n1/block/subsystem/nvme2n1/device/nvme2n1/holders/md0/queue HTTP/1.1" 200 4629 "-" "Amazon CloudFront"
64.252.68.74 - - [04/Sep/2026:07:03:56 +0000] "GET /products/detail/208628339?path=//sys/bus/node/devices/node0/cpu1/driver/cpu7/driver/cpu2/node0/cpu4/firmware_node/subsystem/devices/PNP0A03:00/physical_node/0000:00:04.0/firmware_node/physical_node/nvme/nvme0/nvme0n1/nvme0n1p128/subsystem/md0/slaves/nvme1n1/device/nvme1n1/holders/md0/slaves/nvme2n1/mq/0/cpu0 HTTP/1.1" 200 2971 "-" "Amazon CloudFront"
64.252.66.102 - - [04/Sep/2026:07:04:00 +0000] "GET /?path=//sys/class/thermal/cooling_device3/device/physical_node/node0/memory28/node0/cpu5/firmware_node/subsystem/devices/PNP0A03:00/physical_node/pci_bus/0000:00/device/0000:00:1e.0/driver/module/drivers/pci:nvme/0000:00:1f.0/firmware_node/subsystem/devices/LNXSYSTM:00/LNXSYBUS:00/PNP0A03:00/device:16/power HTTP/1.1" 200 3468 "-" "Amazon CloudFront"
64.252.70.102 - - [04/Sep/2026:07:04:02 +0000] "GET /prizes/46455076?path=/var/www/volumes/1e7ea465a4574c32a98fd2f2955c03e3 HTTP/1.1" 200 2642 "-" "Amazon CloudFront"
64.252.68.74 - - [04/Sep/2026:07:04:04 +0000] "GET /products/detail/208628339?path=//sys/bus/node/devices/node0/cpu1/driver/cpu7/driver/cpu2/node0/cpu1/firmware_node/thermal_cooling/device/physical_node/firmware_node/subsystem/devices/PNP0A03:00/physical_node/0000:00:1e.0/nvme/nvme1/nvme1n1/holders/md0/md/rd1/block/subsystem/md0/md/rd0/block/bdi HTTP/1.1" 200 3556 "-" "Amazon CloudFront"
64.252.66.61 - - [04/Sep/2026:07:04:08 +0000] "GET /products/detail/208628339?path=//sys/bus/node/devices/node0/cpu1/driver/cpu7/driver/cpu2/node0/cpu4/firmware_node/subsystem/devices/PNP0A03:00/device:06/physical_node/firmware_node/physical_node/nvme/nvme0/nvme0n1/device/nvme0n1/subsystem/nvme1n1/holders/md0/md/rd0/block/holders/md0/slaves/nvme2n1/device HTTP/1.1" 200 3927 "-" "Amazon CloudFront"
64.252.68.74 - - [04/Sep/2026:07:04:09 +0000] "GET /?path=//sys/class/thermal/cooling_device1 HTTP/1.1" 200 3160 "-" "Amazon CloudFront"
64.252.67.238 - - [04/Sep/2026:07:04:12 +0000] "GET /?path=//sys/class/thermal/cooling_device3/device/physical_node/node0/memory28/node0/cpu5/firmware_node/subsystem/devices/LNXSYBUS:00/PNP0A03:00/device:1b/subsystem/devices/LNXSYBUS:00/PNP0A03:00/device:21/physical_node/driver/module/drivers/pci:nvme/0000:00:04.0/nvme/nvme0/device/driver/module/drivers/pci:nvme/0000:00:1f.0/nvme/nvme2/nvme2n1/holders/md0/slaves/nvme2n1/holders/md0/md/dev-nvme2n1 HTTP/1.1" 200 3993 "-" "Amazon CloudFront"
64.252.66.61 - - [04/Sep/2026:07:04:14 +0000] "GET /?fileloc=//s3/f75bf04088964924b004465536090d8a/wordpress/wp-content/uploads/2021/10/%E8%8A%B3%E8%B3%80%E8%B5%A4%E5%8D%81%E5%AD%97%E7%97%85%E9%99%A2%E5%A4%96%E8%A6%B3-300x168.jpg&path=//s3/f75bf04088964924b004465536090d8a/wordpress/wp-content/uploads/2021/10 HTTP/1.1" 200 2682 "-" "Amazon CloudFront"
64.252.66.61 - - [04/Sep/2026:07:04:16 +0000] "GET /?path=//sys/class/thermal/cooling_device3/device/physical_node/node0/memory28/node0/cpu5/firmware_node/subsystem/devices/LNXSYSTM:00/LNXSYBUS:00/PNP0A03:00/physical_node/0000:00:04.0/driver/0000:00:1e.0/nvme/nvme1/device/driver/0000:00:1f.0/nvme/nvme2/nvme2n1/holders/md0/md/dev-nvme1n1/block/holders/md0/md/dev-nvme2n1/block/subsystem/nvme2n1/mq/7/cpu7 HTTP/1.1" 200 3054 "-" "Amazon CloudFront"
64.252.67.238 - - [04/Sep/2026:07:04:19 +0000] "GET /?path=//sys/class/thermal/cooling_device3/device/physical_node/node0/memory28/node0/cpu5/firmware_node/subsystem/devices/PNP0A03:00/physical_node/pci_bus/0000:00/device/0000:00:1f.0/driver/module/drivers/pci:nvme/0000:00:1f.0/firmware_node/subsystem/devices/LNXSYBUS:00/PNP0A03:00/device:02/PNP0501:01 HTTP/1.1" 200 3496 "-" "Amazon CloudFront"
64.252.66.102 - - [04/Sep/2026:07:04:24 +0000] "GET /?path=//sys/class/thermal/cooling_device3/device/physical_node/node0/memory28/node0/cpu5/firmware_node/subsystem/devices/LNXSYSTM:00/LNXSYBUS:00/PNP0A03:00/physical_node/0000:00:04.0/driver/0000:00:1e.0/nvme/nvme1/device/driver/module/drivers/pci:nvme/0000:00:1f.0/nvme/nvme2/nvme2n1/holders/md0/slaves/nvme1n1/subsystem/nvme1n1/holders/md0/md/rd1/block/mq/7/cpu7 HTTP/1.1" 200 3087 "-" "Amazon CloudFront"
64.252.72.118 - - [04/Sep/2026:07:04:25 +0000] "GET /prizes/173940864?path=/var/www/volumes/2e54353abdae4c6db2194eccb0b67bcc HTTP/1.1" 200 2642 "-" "Amazon CloudFront"
64.252.67.238 - - [04/Sep/2026:07:04:29 +0000] "GET /?path=//sys/class/thermal/cooling_device3/device/physical_node/node0/memory28/node0/cpu5/firmware_node/subsystem/devices/PNP0A03:00/physical_node/pci_bus/0000:00/device/0000:00:1f.0/driver/module/drivers/pci:nvme/0000:00:1e.0/firmware_node/subsystem/devices/LNXSYSTM:00/LNXSYBUS:00/PNP0A03:00/device:16 HTTP/1.1" 200 3547 "-" "Amazon CloudFront"
64.252.66.102 - - [04/Sep/2026:07:04:32 +0000] "GET /?path=//sys/bus/memory/devices/memory1/node0/memory30/node0/cpu6/firmware_node/subsystem/devices/device:21/physical_node/driver/module/drivers/pci:nvme/0000:00:1f.0/driver/0000:00:1f.0/firmware_node/physical_node/nvme/nvme2/subsystem/nvme1/device/nvme/nvme1/nvme1n1/holders/md0/md/dev-nvme2n1/block/device/nvme2n1/holders/md0/md/dev-nvme2n1/block/mq/4 HTTP/1.1" 200 3501 "-" "Amazon CloudFront"
64.252.66.102 - - [04/Sep/2026:07:04:34 +0000] "GET /?path=//s3/771ca8d861774ca5824b205ee7611e7c/wordpress/wp-content/uploads/2023/10 HTTP/1.1" 200 2673 "-" "Amazon CloudFront"
64.252.66.61 - - [04/Sep/2026:07:04:36 +0000] "GET /?path=//sys/class/thermal/cooling_device3/device/physical_node/node0/memory28/node0/cpu5/firmware_node/subsystem/devices/PNP0A03:00/physical_node/pci_bus/0000:00/device/0000:00:1f.0/driver/module/drivers/pci:nvme/0000:00:1e.0/firmware_node/subsystem/devices/LNXSYSTM:00/LNXSYBUS:00/PNP0A03:00/device:0a HTTP/1.1" 200 3546 "-" "Amazon CloudFront"
64.252.66.61 - - [04/Sep/2026:07:04:39 +0000] "GET /?path=//sys/bus/memory/devices/memory1/node0/memory7/node0/cpu1/subsystem/drivers/processor/cpu5/firmware_node/subsystem/devices/PNP0A03:00/physical_node/firmware_node/device:20/physical_node/driver/0000:00:1e.0/driver/0000:00:1e.0/nvme/nvme1/device/nvme/nvme1/nvme1n1/device/nvme1n1/holders/md0/md/rd0/block/holders/md0/md/bitmap HTTP/1.1" 200 3673 "-" "Amazon CloudFront"
64.252.68.74 - - [04/Sep/2026:07:04:44 +0000] "GET /?path=//sys/class/thermal/cooling_device3/device/physical_node/node0/memory28/node0/cpu5/firmware_node/subsystem/devices/PNP0A03:00/physical_node/pci_bus/0000:00/device/0000:00:05.0/subsystem/devices/0000:00:04.0/driver/0000:00:1e.0/nvme/nvme1/nvme1n1/bdi/power HTTP/1.1" 200 3407 "-" "Amazon CloudFront"
64.252.68.74 - - [04/Sep/2026:07:04:48 +0000] "GET /?path=//sys/class/thermal/cooling_device3/device/physical_node/node0/memory28/node0/cpu5/firmware_node/subsystem/devices/PNP0A03:00/physical_node/pci_bus/0000:00/device/0000:00:1f.0/driver/module/drivers/pci:nvme/0000:00:1f.0/firmware_node/subsystem/devices/LNXSYBUS:00/PNP0A03:00/device:02/PNP0B00:00 HTTP/1.1" 200 3525 "-" "Amazon CloudFront"
64.252.66.61 - - [04/Sep/2026:07:04:52 +0000] "GET /?path=//sys/class/thermal/cooling_device3/device/physical_node/node0/memory28/node0/cpu5/firmware_node/subsystem/devices/PNP0A03:00/physical_node/pci_bus/0000:00/device/0000:00:04.0/subsystem/devices/0000:00:1f.0/driver/0000:00:1f.0/nvme/nvme2/nvme2n1/holders/md0/md/rd0/block/slaves HTTP/1.1" 200 2947 "-" "Amazon CloudFront"
64.252.66.102 - - [04/Sep/2026:07:04:56 +0000] "GET /products/detail/208628339?path=//sys/bus/node/devices/node0/cpu1/driver/cpu7/driver/cpu2/node0/cpu4/firmware_node/subsystem/devices/PNP0A03:00/device:06/physical_node/firmware_node/physical_node/nvme/nvme0/nvme0n1/subsystem/nvme2n1/device/nvme2n1/holders/md0/md/rd0/block/holders/md0/slaves/nvme1n1/mq/6 HTTP/1.1" 200 3419 "-" "Amazon CloudFront"
64.252.66.61 - - [04/Sep/2026:07:04:59 +0000] "GET /?path=//sys/class/thermal/cooling_device3/device/physical_node/node0/memory28/node0/cpu5/firmware_node/subsystem/devices/PNP0A03:00/physical_node/pci_bus/0000:00/device/0000:00:1e.0/driver/module/drivers/pci:nvme/0000:00:1f.0/nvme/nvme2/subsystem/nvme1/nvme1n1/mq/6 HTTP/1.1" 200 3387 "-" "Amazon CloudFront"
64.252.66.61 - - [04/Sep/2026:07:05:05 +0000] "GET /?path=//sys/class/thermal/cooling_device3/device/physical_node/node0/memory28/node0/cpu5/firmware_node/subsystem/devices/PNP0A03:00/physical_node/pci_bus/0000:00/device/0000:00:1e.0/driver/module/drivers/pci:nvme/0000:00:1f.0/nvme/nvme2/subsystem/nvme1/nvme1n1/mq/1 HTTP/1.1" 200 3385 "-" "Amazon CloudFront"
64.252.66.61 - - [04/Sep/2026:07:05:08 +0000] "GET /?path=//sys/class/thermal/cooling_device3/device/physical_node/node0/cpu1/driver/cpu0/node0/cpu2/firmware_node/subsystem/devices/PNP0303:00/subsystem/devices/LNXSYBUS:00/PNP0A03:00/physical_node/0000:00:1e.0/driver/module/drivers/pci:nvme/module/drivers/pci:nvme/0000:00:1f.0/nvme/nvme2/nvme2n1/holders/md0/slaves/nvme2n1/mq/4/cpu4 HTTP/1.1" 200 3032 "-" "Amazon CloudFront"
64.252.66.102 - - [04/Sep/2026:07:05:11 +0000] "GET /?fileloc=//s3/f75bf04088964924b004465536090d8a/wordpress/wp-content/uploads/2021/10/%E4%B8%8B%E7%94%B0%E9%99%A2%E9%95%B7-1024x1024.jpg&path=//s3/f75bf04088964924b004465536090d8a/wordpress/wp-content/uploads/2021/10 HTTP/1.1" 200 2660 "-" "Amazon CloudFront"
64.252.68.74 - - [04/Sep/2026:07:05:12 +0000] "GET /?path=//sys/class/thermal/cooling_device3/device/physical_node/node0/memory0/node0/cpu0/firmware_node/subsystem/devices/device:02/QEMU0001:00/subsystem/devices/LNXSYBUS:00/PNP0A03:00/physical_node/0000:00:1f.0/driver/module/drivers/pci:nvme/0000:00:1e.0/nvme/nvme1/device/driver/module/drivers/pci:nvme/0000:00:1f.0/nvme/nvme2/nvme2n1/holders/md0/slaves/nvme2n1/holders/md0/slaves/nvme1n1/mq/0/cpu0 HTTP/1.1" 200 3093 "-" "Amazon CloudFront"
64.252.68.74 - - [04/Sep/2026:07:05:15 +0000] "GET /?path=//sys/class/thermal/cooling_device3/device/physical_node/node0/cpu1/driver/cpu0/node0/cpu2/firmware_node/subsystem/devices/PNP0303:00/subsystem/devices/LNXSYBUS:00/PNP0A03:00/physical_node/0000:00:1e.0/driver/module/drivers/pci:nvme/module/drivers/pci:nvme/0000:00:1f.0/nvme/nvme2/nvme2n1/holders/md0/md/rd1/block/holders/md0/md/rd1/block HTTP/1.1" 200 4466 "-" "Amazon CloudFront"
64.252.66.102 - - [04/Sep/2026:07:05:19 +0000] "GET /?path=//sys/class/thermal/cooling_device3/device/physical_node/node0/memory28/node0/cpu5/firmware_node/subsystem/devices/PNP0A03:00/physical_node/pci_bus/0000:00/device/0000:00:01.3/subsystem/devices/0000:00:1f.0/nvme/nvme2/nvme2n1/holders/md0/md/rd1/block/holders/md0 HTTP/1.1" 200 4120 "-" "Amazon CloudFront"
64.252.66.102 - - [04/Sep/2026:07:05:26 +0000] "GET /?path=//sys/bus/node/devices/node0/memory25/node0/cpu1/driver/cpu4/firmware_node/subsystem/devices/device:06/physical_node/driver/0000:00:1e.0/nvme/nvme1/device/firmware_node/physical_node/nvme/nvme1/subsystem/nvme2/nvme2n1/holders/md0/slaves/nvme1n1/holders/md0/md/dev-nvme1n1/block/device/nvme1n1/mq/3 HTTP/1.1" 200 3432 "-" "Amazon CloudFront"
64.252.67.238 - - [04/Sep/2026:07:05:29 +0000] "GET /?path=//sys/class/thermal/cooling_device3/device/physical_node/node0/memory28/node0/cpu5/firmware_node/subsystem/devices/PNP0A03:00/physical_node/pci_bus/0000:00/device/0000:00:1e.0/driver/module/drivers/pci:nvme/0000:00:04.0/driver/0000:00:1f.0/subsystem/devices/0000:00:04.0/nvme/nvme0/nvme0n1/nvme0n1p1 HTTP/1.1" 200 3867 "-" "Amazon CloudFront"
64.252.67.238 - - [04/Sep/2026:07:05:32 +0000] "GET /?path=//sys/bus/acpi/devices/LNXCPU:06/physical_node/driver/cpu6/driver/cpu5/node0/cpu7/node0/cpu2/firmware_node/subsystem/devices/LNXSYSTM:00/LNXSYBUS:00/PNP0A03:00/physical_node/0000:00:05.0/subsystem/drivers/nvme/0000:00:1f.0/nvme/nvme2/nvme2n1/device/nvme2n1/holders/md0/md/dev-nvme1n1/block/holders/md0/md/rd1/block/mq/7/cpu7 HTTP/1.1" 200 3041 "-" "Amazon CloudFront"
64.252.66.102 - - [04/Sep/2026:07:05:36 +0000] "GET /?path=//sys/class/thermal/cooling_device3/device/physical_node/node0/memory28/node0/cpu5/firmware_node/subsystem/devices/PNP0A03:00/physical_node/pci_bus/0000:00/device/0000:00:1f.0/driver/module/drivers/pci:nvme/0000:00:1f.0/firmware_node/subsystem/devices/LNXSYBUS:00/PNP0A03:00/device:02/power HTTP/1.1" 200 3447 "-" "Amazon CloudFront"
64.252.66.102 - - [04/Sep/2026:07:05:40 +0000] "GET /?path=//sys/bus/memory/devices/memory1/node0/memory30/node0/cpu6/firmware_node/subsystem/devices/device:21/physical_node/driver/module/drivers/pci:nvme/0000:00:1f.0/driver/0000:00:1f.0/firmware_node/physical_node/nvme/nvme2/subsystem/nvme2/nvme2n1/device/nvme2n1/holders/md0/md/dev-nvme2n1/block/holders/md0/slaves/nvme1n1/device/nvme1n1/bdi/power HTTP/1.1" 200 3562 "-" "Amazon CloudFront"
64.252.68.74 - - [04/Sep/2026:07:05:43 +0000] "GET /?path=//sys/class/thermal/cooling_device3/device/physical_node/node0/memory28/node0/cpu5/firmware_node/subsystem/devices/PNP0A03:00/physical_node/pci_bus/0000:00/device/0000:00:00.0/subsystem/drivers/nvme/0000:00:1f.0/driver/module/drivers/pci:nvme/0000:00:1e.0/nvme/nvme1/nvme1n1/mq/5 HTTP/1.1" 200 3395 "-" "Amazon CloudFront"
64.252.67.238 - - [04/Sep/2026:07:05:44 +0000] "GET /?fileloc=//s3/f75bf04088964924b004465536090d8a/wordpress/wp-content/uploads/2021/03/SmartHR-%E6%90%BA%E5%B8%AF%E9%9B%BB%E8%A9%B11.jpg&path=//s3/f75bf04088964924b004465536090d8a/wordpress/wp-content/uploads/2021/03 HTTP/1.1" 200 2661 "-" "Amazon CloudFront"
64.252.68.74 - - [04/Sep/2026:07:05:47 +0000] "GET /?path=//sys/class/thermal/cooling_device3/device/physical_node/node0/memory28/node0/cpu5/firmware_node/subsystem/devices/PNP0A03:00/physical_node/pci_bus/0000:00/device/0000:00:04.0/subsystem/drivers/nvme/module/drivers/pci:nvme/0000:00:04.0/driver/0000:00:1f.0/driver/0000:00:1f.0/power HTTP/1.1" 200 3423 "-" "Amazon CloudFront"
64.252.68.74 - - [04/Sep/2026:07:05:51 +0000] "GET /?path=//sys/class/thermal/cooling_device3/device/physical_node/node0/memory28/node0/cpu5/firmware_node/subsystem/devices/PNP0A03:00/physical_node/pci_bus/0000:00/device/0000:00:1e.0/driver/module/drivers/pci:nvme/module/drivers/pci:nvme/0000:00:1e.0/firmware_node/subsystem/devices/device:05/power HTTP/1.1" 200 3435 "-" "Amazon CloudFront"
64.252.66.61 - - [04/Sep/2026:07:05:56 +0000] "GET /?path=//sys/class/thermal/cooling_device3/device/physical_node/node0/cpu1/driver/cpu0/node0/cpu2/firmware_node/subsystem/devices/LNXSYSTM:00/LNXSYBUS:00/PNP0C0F:02/subsystem/devices/LNXSYSTM:00/LNXSYBUS:00/PNP0A03:00/device:06/physical_node/driver/0000:00:1e.0/nvme/nvme1/nvme1n1/holders/md0/slaves/nvme2n1/holders/md0/md/dev-nvme1n1/block/mq/5/cpu5 HTTP/1.1" 200 3059 "-" "Amazon CloudFront"
64.252.68.74 - - [04/Sep/2026:07:06:00 +0000] "GET /?path=//sys/class/thermal/cooling_device3/device/physical_node/node0/memory28/node0/cpu5/firmware_node/subsystem/devices/PNP0A03:00/physical_node/pci_bus/0000:00/device/0000:00:1f.0/driver/0000:00:04.0/driver/module/drivers/pci:nvme/0000:00:1e.0/firmware_node/subsystem/devices/PNP0A03:00/device:21 HTTP/1.1" 200 3546 "-" "Amazon CloudFront"
64.252.66.61 - - [04/Sep/2026:07:06:00 +0000] "GET /?fileloc=//sys/module/pcbc/refcnt&path=//sys/module/pcbc HTTP/1.1" 200 2564 "-" "Amazon CloudFront"
64.252.66.61 - - [04/Sep/2026:07:06:04 +0000] "GET /?path=//sys/class/thermal/cooling_device3/device/physical_node/node0/memory28/node0/cpu5/firmware_node/subsystem/devices/PNP0A03:00/physical_node/pci_bus/0000:00/device/0000:00:1f.0/driver/0000:00:04.0/driver/module/drivers/pci:nvme/0000:00:1e.0/firmware_node/subsystem/devices/PNP0A03:00/device:13 HTTP/1.1" 200 3529 "-" "Amazon CloudFront"
64.252.66.102 - - [04/Sep/2026:07:06:07 +0000] "GET /?fileloc=//sys/class/net/lo/phys_port_name&path=//sys/class/net/lo HTTP/1.1" 200 2569 "-" "Amazon CloudFront"
64.252.66.102 - - [04/Sep/2026:07:06:08 +0000] "GET /?path=//sys/bus/memory/devices/memory1/node0/memory30/node0/cpu6/firmware_node/subsystem/devices/device:21/physical_node/driver/module/drivers/pci:nvme/0000:00:1e.0/driver/0000:00:1f.0/nvme/nvme2/subsystem/nvme1/nvme1n1/holders/md0/md/rd1/block/device/device/firmware_node/physical_node/nvme/nvme2/nvme2n1/mq/2/cpu2 HTTP/1.1" 200 3003 "-" "Amazon CloudFront"
64.252.67.238 - - [04/Sep/2026:07:06:11 +0000] "GET /products/detail/208628339?path=//sys/bus/node/devices/node0/cpu1/driver/cpu7/driver/cpu2/node0/cpu4/firmware_node/subsystem/devices/PNP0A03:00/physical_node/0000:00:04.0/firmware_node/physical_node/nvme/nvme0/device/nvme/nvme0/subsystem/nvme1/nvme1n1/holders/md0/slaves/nvme2n1/holders/md0/md/rd1/block/mq/2 HTTP/1.1" 200 3419 "-" "Amazon CloudFront"
64.252.66.61 - - [04/Sep/2026:07:06:15 +0000] "GET /?path=//sys/bus/memory/devices/memory1/node0/memory28/node0/cpu2/driver/cpu4/firmware_node/subsystem/devices/PNP0A03:00/physical_node/0000:00:04.0/driver/0000:00:1f.0/subsystem/drivers/nvme/0000:00:1f.0/nvme/nvme2/nvme2n1/holders/md0/md/dev-nvme2n1/block/holders/md0/md/dev-nvme2n1/block/device/nvme2n1/bdi/power HTTP/1.1" 200 3494 "-" "Amazon CloudFront"
64.252.66.102 - - [04/Sep/2026:07:06:20 +0000] "GET /?path=//sys/bus/memory/devices/memory1/node0/memory7/node0/cpu1/subsystem/drivers/processor/cpu5/firmware_node/subsystem/devices/PNP0A03:00/physical_node/firmware_node/device:20/physical_node/driver/0000:00:1e.0/driver/0000:00:1e.0/nvme/nvme1/device/nvme/nvme1/nvme1n1/device/nvme1n1/holders/md0/md/rd0/block/holders/md0/md/dev-nvme2n1 HTTP/1.1" 200 3876 "-" "Amazon CloudFront"
64.252.66.61 - - [04/Sep/2026:07:06:24 +0000] "GET /?path=//sys/bus/node/devices/node0/memory2/node0/cpu4/driver/cpu1/driver/cpu2/subsystem/drivers/processor/cpu2/firmware_node/physical_node/firmware_node/subsystem/devices/LNXSYBUS:00/PNP0A03:00/physical_node/0000:00:1f.0/nvme/nvme2/nvme2n1/holders/md0/md/dev-nvme1n1/block/holders/md0/md/dev-nvme1n1/block/device/nvme1n1/mq/1/cpu1 HTTP/1.1" 200 3020 "-" "Amazon CloudFront"
64.252.66.102 - - [04/Sep/2026:07:06:28 +0000] "GET /?path=//sys/class/thermal/cooling_device3/device/physical_node/node0/memory28/node0/cpu5/firmware_node/subsystem/devices/PNP0A03:00/physical_node/pci_bus/0000:00/device/0000:00:00.0/subsystem/drivers/nvme/0000:00:1f.0/driver/module/drivers/pci:nvme/0000:00:1e.0/nvme/nvme1/nvme1n1/mq/1 HTTP/1.1" 200 3395 "-" "Amazon CloudFront"
64.252.67.238 - - [04/Sep/2026:07:06:32 +0000] "GET /?path=//sys/bus/memory/devices/memory1/node0/memory7/node0/cpu1/subsystem/drivers/processor/cpu5/firmware_node/subsystem/devices/PNP0A03:00/physical_node/firmware_node/physical_node/0000:00:1e.0/driver/module/drivers/pci:nvme/0000:00:1e.0/nvme/nvme1/nvme1n1/holders/md0/md/dev-nvme2n1/block/device/nvme2n1/holders/md0/slaves/nvme1n1/mq/0 HTTP/1.1" 200 3504 "-" "Amazon CloudFront"
64.252.66.61 - - [04/Sep/2026:07:06:32 +0000] "GET /?fileloc=//s3/f75bf04088964924b004465536090d8a/wordpress/wp-content/uploads/2021/10/%E5%B7%AE%E6%9B%BF_%E7%A3%AF%E9%83%A8%E6%95%99%E6%8E%88-1024x1024.jpg&path=//s3/f75bf04088964924b004465536090d8a/wordpress/wp-content/uploads/2021/10 HTTP/1.1" 200 2672 "-" "Amazon CloudFront"
64.252.66.61 - - [04/Sep/2026:07:06:36 +0000] "GET /products/detail/208628339?path=//sys/bus/node/devices/node0/cpu1/driver/cpu7/driver/cpu2/node0/cpu4/firmware_node/thermal_cooling/device/physical_node/firmware_node/thermal_cooling/device/subsystem/devices/LNXSYSTM:00/LNXSYBUS:00/PNP0A03:00/physical_node/0000:00:01.3/subsystem/drivers/nvme/0000:00:1e.0/nvme/nvme1/nvme1n1/holders/md0/slaves/nvme2n1/queue HTTP/1.1" 200 4955 "-" "Amazon CloudFront"
64.252.68.74 - - [04/Sep/2026:07:06:36 +0000] "GET /products/detail/179579036 HTTP/1.1" 200 4265 "-" "Amazon CloudFront"
64.252.68.74 - - [04/Sep/2026:07:06:40 +0000] "GET /?path=//sys/class/thermal/cooling_device3/device/physical_node/node0/cpu1/driver/cpu0/node0/cpu2/firmware_node/subsystem/devices/PNP0303:00/subsystem/devices/LNXSYBUS:00/PNP0A03:00/physical_node/0000:00:1f.0/nvme/nvme2/device/driver/0000:00:1e.0/nvme/nvme1/nvme1n1/holders/md0/slaves/nvme2n1/holders/md0/md/dev-nvme1n1/block/mq/3/cpu3 HTTP/1.1" 200 3052 "-" "Amazon CloudFront"
64.252.66.61 - - [04/Sep/2026:07:06:44 +0000] "GET /products/detail/208628339?path=//sys/bus/node/devices/node0/cpu1/driver/cpu7/driver/cpu2/node0/cpu1/firmware_node/thermal_cooling/device/physical_node/firmware_node/subsystem/devices/LNXSYBUS:00/PNP0A03:00/device:20/physical_node/nvme/nvme1/device/nvme/nvme1/nvme1n1/subsystem/nvme2n1/holders/md0/md/dev-nvme1n1/block/mq/2 HTTP/1.1" 200 3435 "-" "Amazon CloudFront"
64.252.68.74 - - [04/Sep/2026:07:06:49 +0000] "GET /?path=//sys/class/thermal/cooling_device3/device/physical_node/node0/memory28/node0/cpu5/firmware_node/subsystem/devices/PNP0A03:00/physical_node/pci_bus/0000:00/device/0000:00:01.0/subsystem/drivers/nvme/module/drivers/pci:nvme/0000:00:04.0/driver/0000:00:1f.0/driver/0000:00:1f.0/msi_irqs HTTP/1.1" 200 3469 "-" "Amazon CloudFront"
64.252.66.61 - - [04/Sep/2026:07:06:52 +0000] "GET /?path=//sys/class/thermal/cooling_device3/device/physical_node/node0/cpu0/node0/cpu4/firmware_node/subsystem/devices/LNXSYSTM:00/LNXSYBUS:01/subsystem/devices/PNP0A03:00/physical_node/0000:00:1e.0/driver/module/drivers/pci:nvme/module/drivers/pci:nvme/0000:00:1e.0/driver/0000:00:1f.0/nvme/nvme2/device/nvme/nvme2/nvme2n1/holders/md0/md/dev-nvme1n1/block/holders/md0/md/rd1/block/slaves HTTP/1.1" 200 3082 "-" "Amazon CloudFront"
64.252.67.238 - - [04/Sep/2026:07:06:56 +0000] "GET /?path=//sys/bus/memory/devices/memory1/node0/memory30/node0/cpu6/firmware_node/subsystem/devices/device:21/physical_node/driver/module/drivers/pci:nvme/0000:00:1e.0/nvme/nvme1/nvme1n1/device/subsystem/nvme0/device/firmware_node/physical_node/driver/module/drivers/pci:nvme/0000:00:1f.0/nvme/nvme2/nvme2n1/holders/md0/md/rd0/block/holders/md0/md/dev-nvme1n1/block/mq/7 HTTP/1.1" 200 3536 "-" "Amazon CloudFront"
64.252.67.238 - - [04/Sep/2026:07:06:59 +0000] "GET /?fileloc=//s3/f75bf04088964924b004465536090d8a/wordpress/wp-content/uploads/2020/11/%E7%99%BD%E7%9F%B3%E6%95%99%E6%8E%88.jpg&path=//s3/f75bf04088964924b004465536090d8a/wordpress/wp-content/uploads/2020/11 HTTP/1.1" 200 2653 "-" "Amazon CloudFront"
64.252.66.61 - - [04/Sep/2026:07:06:59 +0000] "GET /?fileloc=//s3/f75bf04088964924b004465536090d8a/wordpress/wp-content/uploads/2021/10/%E6%BB%9D%E6%B2%A2%E6%95%99%E6%8E%88-150x150.jpg&path=//s3/f75bf04088964924b004465536090d8a/wordpress/wp-content/uploads/2021/10 HTTP/1.1" 200 2659 "-" "Amazon CloudFront"
64.252.66.61 - - [04/Sep/2026:07:06:59 +0000] "GET /?path=//sys/class/thermal/cooling_device3/device/physical_node/node0/memory28/node0/cpu5/firmware_node/subsystem/devices/PNP0A03:00/physical_node/pci_bus/0000:00/device/firmware_node/device:1d/subsystem/drivers/button/LNXSLPBN:00/driver/LNXSLPBN:00/driver/LNXPWRBN:00/input/input3/event1/power HTTP/1.1" 200 3453 "-" "Amazon CloudFront"
