64.252.68.74 - - [04/Sep/2026:08:28:44 +0000] "GET /products/detail/208628339?path=//sys/bus/node/devices/node0/cpu1/driver/cpu7/driver/cpu2/node0/cpu4/firmware_node/thermal_cooling/device/physical_node/firmware_node/subsystem/devices/device:20/physical_node/nvme/nvme1/nvme1n1/holders/md0/md/dev-nvme1n1/block/holders/md0/slaves/nvme2n1/subsystem/nvme2n1/queue HTTP/1.1" 200 4685 "-" "Amazon CloudFront"
64.252.67.164 - - [04/Sep/2026:08:28:48 +0000] "GET /?path=//sys/class/thermal/cooling_device3/device/physical_node/node0/memory28/node0/cpu3/driver/cpu0/firmware_node/subsystem/devices/LNXSYSTM:00/LNXPWRBN:00/subsystem/devices/LNXSYSTM:00/LNXSYBUS:00/PNP0A03:00/device:21/physical_node/nvme/nvme2/device/driver/module/drivers/pci:nvme/module/drivers/pci:nvme/0000:00:1e.0/nvme/nvme1/nvme1n1/holders/md0/md/rd1/block/mq/4 HTTP/1.1" 200 3564 "-" "Amazon CloudFront"
64.252.72.118 - - [04/Sep/2026:08:28:51 +0000] "GET /prizes/217109147?fileloc=/run/dhclient-eth0.pid&path=/run HTTP/1.1" 200 2552 "-" "Amazon CloudFront"
64.252.71.147 - - [04/Sep/2026:08:28:51 +0000] "GET /products/detail/219385814?path=/var/www/volumes/50fb6178dda14d939acb9401e4b377b0 HTTP/1.1" 200 2643 "-" "Amazon CloudFront"
64.252.66.61 - - [04/Sep/2026:08:28:52 +0000] "GET /?path=//sys/class/thermal/cooling_device3/device/physical_node/node0/memory28/node0/cpu5/firmware_node/subsystem/devices/PNP0A03:00/physical_node/pci_bus/0000:00/device/0000:00:1e.0/driver/module/drivers/pci:nvme/0000:00:1e.0/driver/0000:00:1f.0/nvme/nvme2/subsystem/nvme2/nvme2n1/mq HTTP/1.1" 200 3429 "-" "Amazon CloudFront"
64.252.67.164 - - [04/Sep/2026:08:28:56 +0000] "GET /products/detail/208628339?path=//sys/bus/node/devices/node0/cpu1/driver/cpu7/driver/cpu2/node0/cpu1/firmware_node/thermal_cooling/device/physical_node/firmware_node/subsystem/devices/LNXSYSTM:00/LNXSYBUS:00/PNP0A03:00/device:06/physical_node/nvme/nvme0/nvme0n1/subsystem/nvme1n1/holders/md0/md/rd0/block/mq/1 HTTP/1.1" 200 3430 "-" "Amazon CloudFront"
64.252.68.74 - - [04/Sep/2026:08:29:00 +0000] "GET /?path=//sys/class/thermal/cooling_device3/device/physical_node/node0/memory28/node0/cpu5/firmware_node/subsystem/devices/PNP0A03:00/physical_node/pci_bus/0000:00/device/0000:00:04.0/driver/0000:00:04.0/driver/module/drivers/pci:nvme/0000:00:1f.0/subsystem/slots/14 HTTP/1.1" 200 3532 "-" "Amazon CloudFront"
64.252.66.61 - - [04/Sep/2026:08:29:04 +0000] "GET /products/detail/47417309?fileloc=//tmp/sess_3bete1jr9mba6evi9n7uu06dnp&path=//tmp HTTP/1.1" 200 2555 "-" "Amazon CloudFront"
64.252.68.74 - - [04/Sep/2026:08:29:05 +0000] "GET /?fileloc=//s3/f75bf04088964924b004465536090d8a/wordpress/wp-content/uploads/2023/07/%E5%BE%B3%E5%B3%B6%E5%B8%82%E6%B0%91%E7%97%85%E9%99%A2_%E4%B8%AD%E9%87%8E%E4%BF%8A%E6%AC%A1%E9%99%A2%E9%95%B7-150x150.jpg&path=//s3/f75bf04088964924b004465536090d8a/wordpress/wp-content/uploads/2023/07 HTTP/1.1" 200 2696 "-" "Amazon CloudFront"
64.252.66.102 - - [04/Sep/2026:08:29:06 +0000] "GET /products/detail/253535288?path=//usr/share/augeas HTTP/1.1" 200 2963 "-" "Amazon CloudFront"
64.252.66.61 - - [04/Sep/2026:08:29:08 +0000] "GET /?path=//sys/class/thermal/cooling_device3/device/physical_node/node0/memory28/node0/cpu5/firmware_node/subsystem/devices/PNP0A03:00/physical_node/pci_bus/0000:00/device/0000:00:05.0/subsystem/drivers/nvme/module/drivers/pci:nvme/0000:00:1e.0/driver/0000:00:1f.0/driver/0000:00:04.0/firmware_node HTTP/1.1" 200 3541 "-" "Amazon CloudFront"
64.252.70.102 - - [04/Sep/2026:08:29:10 +0000] "GET /prizes/187112258?path=/var/www/volumes/0b2ffff5e8d24a8385c7dc4b463027f4 HTTP/1.1" 200 2642 "-" "Amazon CloudFront"
64.252.66.102 - - [04/Sep/2026:08:29:12 +0000] "GET /products/detail/208628339?path=//sys/bus/node/devices/node0/cpu1/driver/cpu7/driver/cpu2/node0/cpu4/firmware_node/thermal_cooling/device/physical_node/firmware_node/thermal_cooling/device/subsystem/devices/PNP0A03:00/device:20/physical_node/nvme/nvme1/nvme1n1/holders/md0/md/dev-nvme2n1/block/subsystem/md0/slaves/nvme1n1/slaves HTTP/1.1" 200 2970 "-" "Amazon CloudFront"
64.252.68.74 - - [04/Sep/2026:08:29:16 +0000] "GET /products/detail/208628339?path=//sys/bus/node/devices/node0/cpu1/driver/cpu7/driver/cpu2/node0/cpu4/firmware_node/subsystem/devices/PNP0A03:00/physical_node/0000:00:04.0/firmware_node/physical_node/nvme/nvme0/device/nvme/nvme0/nvme0n1/nvme0n1p128/subsystem/nvme2n1/holders/md0/md/dev-nvme1n1/block/holders/md0/integrity HTTP/1.1" 200 3534 "-" "Amazon CloudFront"
64.252.68.74 - - [04/Sep/2026:08:29:17 +0000] "GET /?fileloc=//s3/f75bf04088964924b004465536090d8a/wordpress/wp-content/uploads/2023/07/%E9%B3%A5%E5%8F%96%E5%A4%A7%E5%AD%A6%E5%8C%BB%E5%AD%A6%E9%83%A8%E9%99%84%E5%B1%9E%E7%97%85%E9%99%A2_%E6%AD%A6%E4%B8%AD%E7%AF%A4%E9%99%A2%E9%95%B7-300x300.jpg&path=//s3/f75bf04088964924b004465536090d8a/wordpress/wp-content/uploads/2023/07 HTTP/1.1" 200 2707 "-" "Amazon CloudFront"
64.252.67.164 - - [04/Sep/2026:08:29:19 +0000] "GET /?fileloc=//s3/f75bf04088964924b004465536090d8a/wordpress/wp-content/uploads/2021/07/%E9%AB%99%E6%A9%8B%E7%97%85%E9%99%A2%E9%95%B7-768x768.jpg&path=//s3/f75bf04088964924b004465536090d8a/wordpress/wp-content/uploads/2021/07 HTTP/1.1" 200 2663 "-" "Amazon CloudFront"
64.252.67.164 - - [04/Sep/2026:08:29:20 +0000] "GET /?path=//sys/class/thermal/cooling_device3/device/physical_node/node0/memory28/node0/cpu5/firmware_node/subsystem/devices/PNP0A03:00/physical_node/pci_bus/0000:00/device/0000:00:04.0/driver/0000:00:04.0/driver/module/drivers/pci:nvme/0000:00:1f.0/subsystem/slots/31 HTTP/1.1" 200 3533 "-" "Amazon CloudFront"
64.252.66.102 - - [04/Sep/2026:08:29:24 +0000] "GET /?path=//sys/class/thermal/cooling_device3/device/physical_node/node0/memory28/node0/cpu5/firmware_node/subsystem/devices/LNXSYBUS:00/PNP0A03:00/device:1b/subsystem/devices/LNXSYBUS:00/PNP0A03:00/device:21/physical_node/driver/module/drivers/pci:nvme/module/drivers/pci:nvme/0000:00:1e.0/nvme/nvme1/nvme1n1/holders/md0/slaves/nvme2n1/holders/md0/md/rd1/block/device HTTP/1.1" 200 4078 "-" "Amazon CloudFront"
64.252.66.61 - - [04/Sep/2026:08:29:25 +0000] "GET /products/detail/146312551 HTTP/1.1" 200 4265 "-" "Amazon CloudFront"
64.252.66.61 - - [04/Sep/2026:08:29:28 +0000] "GET /products/detail/208628339?path=//sys/bus/node/devices/node0/cpu1/driver/cpu7/driver/cpu2/node0/cpu4/firmware_node/subsystem/devices/PNP0A03:00/physical_node/0000:00:04.0/firmware_node/physical_node/nvme/nvme0/nvme0n1/nvme0n1p128/subsystem/nvme1n1/device/nvme1n1/holders/md0/md/rd1/block/holders/md0/md/dev-nvme1n1 HTTP/1.1" 200 3771 "-" "Amazon CloudFront"
64.252.66.61 - - [04/Sep/2026:08:29:32 +0000] "GET /products/detail/208628339?path=//sys/bus/node/devices/node0/cpu1/driver/cpu7/driver/cpu2/node0/cpu4/firmware_node/subsystem/devices/device:06/physical_node/nvme/nvme0/nvme0n1/subsystem/md0/slaves/nvme1n1/device/device/nvme/nvme1/nvme1n1/holders/md0/md/rd1/block/slaves HTTP/1.1" 200 2905 "-" "Amazon CloudFront"
64.252.67.164 - - [04/Sep/2026:08:29:36 +0000] "GET /?path=//sys/class/thermal/cooling_device3/device/physical_node/node0/memory28/node0/cpu5/firmware_node/subsystem/devices/PNP0A03:00/physical_node/pci_bus/0000:00/device/0000:00:04.0/driver/0000:00:04.0/driver/module/drivers/pci:nvme/0000:00:1f.0/subsystem/slots/4 HTTP/1.1" 200 3531 "-" "Amazon CloudFront"
64.252.66.102 - - [04/Sep/2026:08:29:40 +0000] "GET /products/detail/272703723?path=//sys/devices/pci0000:00/firmware_node/physical_node/pci_bus/0000:00/device/firmware_node/physical_node/0000:00:00.0/subsystem/drivers/nvme/module/drivers/pci:nvme/0000:00:04.0/driver/0000:00:1e.0/nvme/nvme1/nvme1n1/device/nvme1n1/holders/md0/md/rd0/block/holders/md0/md/rd0/block/subsystem/nvme0n1/integrity HTTP/1.1" 200 3529 "-" "Amazon CloudFront"
64.252.66.61 - - [04/Sep/2026:08:29:44 +0000] "GET /?path=//sys/bus/memory/devices/memory14/node0/memory20/node0/cpu7/driver/cpu2/driver/cpu4/firmware_node/subsystem/devices/PNP0A03:00/physical_node/0000:00:1f.0/firmware_node/physical_node/nvme/nvme2/device/nvme/nvme2/nvme2n1/subsystem/nvme2n1/holders/md0/md/dev-nvme1n1/block/device/nvme1n1/holders/md0/md/dev-nvme2n1/block/mq/7/cpu7 HTTP/1.1" 200 3017 "-" "Amazon CloudFront"
64.252.68.74 - - [04/Sep/2026:08:29:44 +0000] "GET /?fileloc=//s3/f75bf04088964924b004465536090d8a/wordpress/wp-content/uploads/2023/07/%E5%B1%B1%E5%8F%A3%E5%A4%A7%E5%AD%A6_%E6%9D%BE%E6%B0%B8%E5%92%8C%E4%BA%BA%E9%99%A2%E9%95%B7-150x150.jpg&path=//s3/f75bf04088964924b004465536090d8a/wordpress/wp-content/uploads/2023/07 HTTP/1.1" 200 2689 "-" "Amazon CloudFront"
64.252.66.61 - - [04/Sep/2026:08:29:48 +0000] "GET /products/detail/208628339?path=//sys/bus/node/devices/node0/cpu1/driver/cpu7/driver/cpu2/node0/cpu1/firmware_node/thermal_cooling/device/physical_node/firmware_node/subsystem/drivers/button/LNXSLPBN:00/subsystem/devices/PNP0A03:00/physical_node/0000:00:1f.0/nvme/nvme2/nvme2n1/holders/md0/slaves/nvme1n1/device/nvme1n1/holders/md0/integrity HTTP/1.1" 200 3563 "-" "Amazon CloudFront"
64.252.66.102 - - [04/Sep/2026:08:29:53 +0000] "GET /?path=//sys/class/thermal/cooling_device3/device/physical_node/node0/memory28/node0/cpu5/firmware_node/subsystem/devices/PNP0A03:00/physical_node/pci_bus/0000:00/device/0000:00:05.0/subsystem/drivers/nvme/0000:00:04.0/driver/0000:00:04.0/driver/module/drivers/pci:nvme/module/holders HTTP/1.1" 200 2918 "-" "Amazon CloudFront"
64.252.66.61 - - [04/Sep/2026:08:29:56 +0000] "GET /?path=//sys/bus/memory/devices/memory1/node0/memory28/node0/cpu2/driver/cpu4/firmware_node/subsystem/devices/PNP0A03:00/physical_node/0000:00:04.0/driver/0000:00:1f.0/subsystem/drivers/nvme/0000:00:1e.0/firmware_node/physical_node/nvme/nvme1/nvme1n1/device/nvme1n1/holders/md0/slaves/nvme2n1/device/nvme2n1/holders/md0/md/rd0/block/mq/1/cpu1 HTTP/1.1" 200 3033 "-" "Amazon CloudFront"
64.252.66.61 - - [04/Sep/2026:08:30:00 +0000] "GET /products/detail/208628339?path=//sys/bus/node/devices/node0/cpu1/driver/cpu7/driver/cpu2/node0/cpu4/firmware_node/subsystem/devices/device:20/physical_node/firmware_node/physical_node/nvme/nvme1/subsystem/nvme1/nvme1n1/holders/md0/slaves/nvme2n1/device/device/nvme/nvme2/nvme2n1/bdi/power HTTP/1.1" 200 3412 "-" "Amazon CloudFront"
64.252.68.74 - - [04/Sep/2026:08:30:00 +0000] "GET /products/detail/145268228 HTTP/1.1" 200 4177 "-" "Amazon CloudFront"
64.252.67.164 - - [04/Sep/2026:08:30:04 +0000] "GET /?path=//sys/bus/memory/devices/memory1/node0/memory28/node0/cpu2/driver/cpu4/firmware_node/subsystem/devices/PNP0A03:00/physical_node/0000:00:04.0/driver/0000:00:1f.0/subsystem/drivers/nvme/0000:00:1e.0/firmware_node/physical_node/nvme/nvme1/nvme1n1/holders/md0/md/rd0/block/holders/md0/md/rd1/block/mq/6/cpu6 HTTP/1.1" 200 3004 "-" "Amazon CloudFront"
64.252.66.61 - - [04/Sep/2026:08:30:05 +0000] "GET /?fileloc=//s3/f75bf04088964924b004465536090d8a/wordpress/wp-content/uploads/2023/07/%E9%AB%98%E6%9C%A8%E7%97%85%E9%99%A2_%E7%AD%92%E4%BA%95%E8%A3%95%E4%B9%8B%E7%97%85%E9%99%A2%E9%95%B7-1024x1024.jpg&path=//s3/f75bf04088964924b004465536090d8a/wordpress/wp-content/uploads/2023/07 HTTP/1.1" 200 2686 "-" "Amazon CloudFront"
64.252.68.74 - - [04/Sep/2026:08:30:08 +0000] "GET /?path=//sys/class/thermal/cooling_device3/device/physical_node/node0/memory28/node0/cpu5/firmware_node/subsystem/devices/PNP0A03:00/physical_node/pci_bus/0000:00/device/0000:00:04.0/driver/0000:00:04.0/driver/module/drivers/pci:nvme/0000:00:1f.0/subsystem/slots/27 HTTP/1.1" 200 3533 "-" "Amazon CloudFront"
64.252.68.74 - - [04/Sep/2026:08:30:12 +0000] "GET /products/detail/208628339?path=//sys/bus/node/devices/node0/cpu1/driver/cpu7/driver/cpu2/node0/cpu4/firmware_node/subsystem/devices/PNP0A03:00/physical_node/firmware_node/physical_node/0000:00:05.0/subsystem/drivers/nvme/0000:00:1f.0/nvme/nvme2/nvme2n1/holders/md0/md/rd1/block/holders/md0/slaves/nvme1n1/power HTTP/1.1" 200 3470 "-" "Amazon CloudFront"
64.252.67.164 - - [04/Sep/2026:08:30:16 +0000] "GET /?path=//sys/bus/memory/devices/memory1/node0/memory28/node0/cpu2/driver/cpu4/firmware_node/subsystem/devices/PNP0A03:00/physical_node/0000:00:04.0/nvme/nvme0/nvme0n1/nvme0n1p1/subsystem/md0/md/dev-nvme2n1/block/holders/md0/md/dev-nvme1n1/block/device/device/firmware_node/physical_node/driver/module/drivers/pci:nvme/0000:00:1f.0/nvme/nvme2/nvme2n1/mq/4/cpu4 HTTP/1.1" 200 3063 "-" "Amazon CloudFront"
64.252.66.102 - - [04/Sep/2026:08:30:20 +0000] "GET /products/detail/66275006?fileloc=//tmp/sess_gpm7e276292nserhrdtqs31u5u&path=//tmp HTTP/1.1" 200 2555 "-" "Amazon CloudFront"
64.252.66.61 - - [04/Sep/2026:08:30:23 +0000] "GET /?fileloc=//s3/f75bf04088964924b004465536090d8a/wordpress/wp-content/uploads/2023/09/%E7%94%A3%E6%A5%AD%E5%8C%BB%E7%A7%91%E5%A4%A7%E5%AD%A6_%E6%BE%A4%E7%94%B0%E9%9B%84%E5%AE%87%E6%95%99%E6%8E%88-768x768.jpg&path=//s3/f75bf04088964924b004465536090d8a/wordpress/wp-content/uploads/2023/09 HTTP/1.1" 200 2696 "-" "Amazon CloudFront"
64.252.66.102 - - [04/Sep/2026:08:30:24 +0000] "GET /?fileloc=//s3/f75bf04088964924b004465536090d8a/wordpress/wp-content/uploads/2023/07/%E5%B1%B1%E5%8F%A3%E5%A4%A7%E5%AD%A6_%E6%9D%BE%E6%B0%B8%E5%92%8C%E4%BA%BA%E9%99%A2%E9%95%B7.jpg&path=//s3/f75bf04088964924b004465536090d8a/wordpress/wp-content/uploads/2023/07 HTTP/1.1" 200 2684 "-" "Amazon CloudFront"
64.252.68.74 - - [04/Sep/2026:08:30:24 +0000] "GET /?path=//sys/class/thermal/cooling_device3/device/physical_node/node0/memory28/node0/cpu5/firmware_node/subsystem/devices/LNXSYBUS:00/PNP0A03:00/device:1b/subsystem/devices/LNXSYBUS:00/PNP0A03:00/physical_node/0000:00:04.0/driver/0000:00:1e.0/driver/0000:00:1f.0/nvme/nvme2/nvme2n1/device/nvme2n1/holders/md0/md/dev-nvme2n1/block/holders/md0/slaves/nvme1n1/slaves HTTP/1.1" 200 3036 "-" "Amazon CloudFront"
64.252.66.102 - - [04/Sep/2026:08:30:28 +0000] "GET /?path=//sys/class/thermal/cooling_device3/device/physical_node/node0/memory28/node0/cpu5/firmware_node/subsystem/devices/LNXSYBUS:00/PNP0A03:00/device:1b/subsystem/devices/LNXSYBUS:00/PNP0A03:00/physical_node/pci_bus/0000:00/device/0000:00:1f.0/driver/module/drivers/pci:nvme/module/drivers/pci:nvme/0000:00:1e.0/nvme/nvme1/nvme1n1/holders/md0/slaves/nvme2n1/queue HTTP/1.1" 200 4956 "-" "Amazon CloudFront"
64.252.66.102 - - [04/Sep/2026:08:30:32 +0000] "GET /products/detail/66275006?fileloc=//tmp/sess_b11kopkeoj121s7shconfdml1n&path=//tmp HTTP/1.1" 200 2556 "-" "Amazon CloudFront"
64.252.66.102 - - [04/Sep/2026:08:30:37 +0000] "GET /products/detail/337782046 HTTP/1.1" 200 4265 "-" "Amazon CloudFront"
64.252.67.164 - - [04/Sep/2026:08:30:38 +0000] "GET /products/detail/208628339?path=//sys/bus/node/devices/node0/cpu1/driver/cpu7/driver/cpu2/node0/cpu1/firmware_node/thermal_cooling/device/physical_node/firmware_node/subsystem/drivers/button/LNXSLPBN:00/subsystem/devices/PNP0A03:00/physical_node/0000:00:1f.0/nvme/nvme2/nvme2n1/device/nvme2n1/holders/md0/md/rd0/block/holders/md0/slaves HTTP/1.1" 200 3298 "-" "Amazon CloudFront"
64.252.66.61 - - [04/Sep/2026:08:30:40 +0000] "GET /products/detail/208628339?path=//sys/bus/node/devices/node0/cpu1/driver/cpu7/driver/cpu2/node0/cpu4/firmware_node/thermal_cooling/device/physical_node/firmware_node/thermal_cooling/device/subsystem/devices/LNXSYSTM:00/LNXSYBUS:00/PNP0A03:00/device:21/physical_node/nvme/nvme2/nvme2n1/holders/md0/md/rd0/block/subsystem/nvme1n1/holders/md0/power HTTP/1.1" 200 3524 "-" "Amazon CloudFront"
64.252.67.164 - - [04/Sep/2026:08:30:44 +0000] "GET /products/detail/208628339?path=//sys/bus/node/devices/node0/cpu1/driver/cpu7/driver/cpu2/node0/cpu4/firmware_node/subsystem/devices/PNP0A03:00/device:21/physical_node/nvme/nvme2/device/nvme/nvme2/nvme2n1/holders/md0/md/dev-nvme2n1/block/subsystem/md0/md/dev-nvme1n1/block/slaves HTTP/1.1" 200 2921 "-" "Amazon CloudFront"
64.252.66.102 - - [04/Sep/2026:08:30:49 +0000] "GET /?path=//sys/bus/memory/devices/memory1/node0/memory30/node0/cpu6/firmware_node/subsystem/devices/device:21/physical_node/driver/module/drivers/pci:nvme/0000:00:1e.0/driver/0000:00:1f.0/nvme/nvme2/device/nvme/nvme2/nvme2n1/device/nvme2n1/holders/md0/md/rd0/block/subsystem/nvme1n1/holders/md0/md/dev-nvme1n1/block/mq/2/cpu2 HTTP/1.1" 200 3027 "-" "Amazon CloudFront"
64.252.66.102 - - [04/Sep/2026:08:30:52 +0000] "GET /products/detail/272703723?path=//sys/devices/pci0000:00/firmware_node/physical_node/pci_bus/0000:00/device/firmware_node/physical_node/0000:00:00.0/subsystem/drivers/nvme/module/drivers/pci:nvme/0000:00:1e.0/nvme/nvme1/nvme1n1/device/nvme1n1/holders/md0/md/dev-nvme1n1/block/holders/md0/md/dev-nvme1n1/block/mq/2/cpu2 HTTP/1.1" 200 2939 "-" "Amazon CloudFront"
64.252.66.102 - - [04/Sep/2026:08:30:56 +0000] "GET /?path=//sys/class/thermal/cooling_device3/device/physical_node/node0/memory28/node0/cpu5/firmware_node/subsystem/devices/PNP0A03:00/physical_node/pci_bus/0000:00/device/0000:00:1f.0/driver/0000:00:04.0/driver/0000:00:04.0/firmware_node/subsystem/devices/LNXSYBUS:00/LNXCPU:05 HTTP/1.1" 200 3632 "-" "Amazon CloudFront"
64.252.68.74 - - [04/Sep/2026:08:31:00 +0000] "GET /products/detail/208628339?path=//sys/bus/node/devices/node0/cpu1/driver/cpu7/driver/cpu2/node0/cpu4/firmware_node/subsystem/devices/PNP0A03:00/physical_node/firmware_node/physical_node/0000:00:01.3/subsystem/drivers/nvme/0000:00:1e.0/nvme/nvme1/nvme1n1/holders/md0/md/dev-nvme1n1/block/device/nvme1n1/holders/md0/integrity HTTP/1.1" 200 3526 "-" "Amazon CloudFront"
64.252.68.74 - - [04/Sep/2026:08:31:01 +0000] "GET /?fileloc=//s3/f75bf04088964924b004465536090d8a/wordpress/wp-content/uploads/2023/07/%E7%89%B9%E5%AE%9A%E5%8C%BB%E7%99%82%E6%B3%95%E4%BA%BA%E8%90%AC%E7%94%9F%E4%BC%9A_%E6%9D%BE%E9%87%8E%E6%96%87%E5%BD%A6%E7%90%86%E4%BA%8B%E9%95%B7-768x768.jpg&path=//s3/f75bf04088964924b004465536090d8a/wordpress/wp-content/uploads/2023/07 HTTP/1.1" 200 2714 "-" "Amazon CloudFront"
64.252.67.164 - - [04/Sep/2026:08:31:04 +0000] "GET /?path=//sys/class/thermal/cooling_device3/device/physical_node/node0/memory28/node0/cpu5/firmware_node/subsystem/devices/PNP0A03:00/physical_node/pci_bus/0000:00/device/0000:00:01.0/subsystem/drivers/nvme/0000:00:1e.0/driver/module/drivers/pci:nvme/0000:00:04.0/nvme/nvme0/nvme0n1/nvme0n1p1 HTTP/1.1" 200 3854 "-" "Amazon CloudFront"
64.252.66.61 - - [04/Sep/2026:08:31:08 +0000] "GET /?path=//sys/class/thermal/cooling_device3/device/physical_node/node0/memory28/node0/cpu5/firmware_node/subsystem/devices/LNXSYBUS:00/PNP0A03:00/device:1b/subsystem/devices/LNXSYBUS:00/PNP0A03:00/device:21/physical_node/driver/module/drivers/pci:nvme/module/drivers/pci:nvme/0000:00:1e.0/nvme/nvme1/nvme1n1/holders/md0/slaves/nvme2n1/holders/md0/md/rd1/block/integrity HTTP/1.1" 200 3646 "-" "Amazon CloudFront"
64.252.67.164 - - [04/Sep/2026:08:31:12 +0000] "GET /?path=//sys/class/thermal/cooling_device3/device/physical_node/node0/memory28/node0/cpu5/firmware_node/subsystem/devices/PNP0A03:00/physical_node/pci_bus/0000:00/device/0000:00:04.0/driver/0000:00:04.0/driver/module/drivers/pci:nvme/0000:00:1f.0/subsystem/slots/23 HTTP/1.1" 200 3532 "-" "Amazon CloudFront"
64.252.66.102 - - [04/Sep/2026:08:31:16 +0000] "GET /?path=//sys/class/thermal/cooling_device3/device/physical_node/node0/memory28/node0/cpu5/firmware_node/subsystem/devices/PNP0A03:00/physical_node/pci_bus/0000:00/device/0000:00:1f.0/driver/module/drivers/pci:nvme/0000:00:1f.0/subsystem/slots/10/module/parameters HTTP/1.1" 200 3204 "-" "Amazon CloudFront"
64.252.67.164 - - [04/Sep/2026:08:31:19 +0000] "GET /?fileloc=//sys/bus/machinecheck/devices/machinecheck5/bank1&path=//sys/bus/machinecheck/devices/machinecheck5 HTTP/1.1" 200 2586 "-" "Amazon CloudFront"
64.252.66.102 - - [04/Sep/2026:08:31:20 +0000] "GET /products/detail/208628339?path=//sys/bus/node/devices/node0/cpu1/driver/cpu7/driver/cpu2/node0/cpu4/firmware_node/subsystem/devices/PNP0A03:00/device:06/physical_node/firmware_node/physical_node/nvme/nvme0/nvme0n1/device/nvme0n1/subsystem/md0/md/rd1/block/device/nvme2n1/holders/md0/md/rd1/block/trace HTTP/1.1" 200 3437 "-" "Amazon CloudFront"
64.252.66.102 - - [04/Sep/2026:08:31:20 +0000] "GET /?fileloc=//s3/f75bf04088964924b004465536090d8a/wordpress/wp-content/uploads/2023/07/%E6%89%80%E6%B2%A2%E6%98%8E%E7%94%9F%E7%97%85%E9%99%A2_%E5%A4%96%E8%A6%B3.jpg&path=//s3/f75bf04088964924b004465536090d8a/wordpress/wp-content/uploads/2023/07 HTTP/1.1" 200 2674 "-" "Amazon CloudFront"
64.252.67.164 - - [04/Sep/2026:08:31:24 +0000] "GET /?path=//sys/bus/memory/devices/memory1/node0/memory7/node0/cpu1/subsystem/drivers/processor/cpu5/firmware_node/subsystem/devices/PNP0A03:00/physical_node/firmware_node/physical_node/0000:00:1e.0/driver/module/drivers/pci:nvme/0000:00:1e.0/nvme/nvme1/nvme1n1/holders/md0/md/dev-nvme2n1/block/device/nvme2n1/holders/md0/slaves/nvme2n1/bdi HTTP/1.1" 200 3662 "-" "Amazon CloudFront"
64.252.67.164 - - [04/Sep/2026:08:31:28 +0000] "GET /?path=//sys/class/thermal/cooling_device3/device/physical_node/node0/memory28/node0/cpu5/firmware_node/subsystem/devices/PNP0A03:00/physical_node/pci_bus/0000:00/device/0000:00:1e.0/driver/module/drivers/pci:nvme/0000:00:1e.0/driver/0000:00:1f.0/subsystem/devices/0000:00:05.0/net/eth0/queues/tx-6 HTTP/1.1" 200 3491 "-" "Amazon CloudFront"
64.252.66.61 - - [04/Sep/2026:08:31:32 +0000] "GET /products/detail/208628339?path=//sys/bus/node/devices/node0/cpu1/driver/cpu7/driver/cpu2/node0/cpu4/firmware_node/subsystem/devices/PNP0A03:00/device:21/physical_node/nvme/nvme2/device/nvme/nvme2/nvme2n1/subsystem/nvme1n1/holders/md0/md/rd1/block/device/nvme2n1/holders/md0 HTTP/1.1" 200 4042 "-" "Amazon CloudFront"
64.252.66.61 - - [04/Sep/2026:08:31:36 +0000] "GET /products/detail/47417309?fileloc=//tmp/sess_bu6m52m9bgri82gunhie0f66hp&path=//tmp HTTP/1.1" 200 2554 "-" "Amazon CloudFront"
64.252.66.61 - - [04/Sep/2026:08:31:40 +0000] "GET /?path=//sys/class/thermal/cooling_device3/device/physical_node/node0/memory28/node0/cpu5/firmware_node/subsystem/devices/PNP0A03:00/physical_node/pci_bus/0000:00/device/0000:00:1e.0/driver/module/drivers/pci:nvme/0000:00:1e.0/driver/0000:00:04.0/firmware_node/subsystem/devices/PNP0A03:00/device:12/power HTTP/1.1" 200 3445 "-" "Amazon CloudFront"
64.252.66.61 - - [04/Sep/2026:08:31:41 +0000] "GET /?fileloc=//s3/f75bf04088964924b004465536090d8a/wordpress/wp-content/uploads/2023/07/%E7%A6%8F%E4%BA%95%E8%B5%A4%E5%8D%81%E5%AD%97%E7%97%85%E9%99%A2_%E5%B0%8F%E6%9D%BE%E5%92%8C%E4%BA%BA%E7%97%85%E9%99%A2%E9%95%B7-1024x1024.jpg&path=//s3/f75bf04088964924b004465536090d8a/wordpress/wp-content/uploads/2023/07 HTTP/1.1" 200 2702 "-" "Amazon CloudFront"
64.252.67.164 - - [04/Sep/2026:08:31:44 +0000] "GET /?path=//sys/class/thermal/cooling_device3/device/physical_node/node0/memory28/node0/cpu5/firmware_node/subsystem/devices/PNP0A03:00/physical_node/pci_bus/0000:00/device/0000:00:1f.0/driver/0000:00:04.0/driver/0000:00:04.0/firmware_node/subsystem/devices/LNXSYBUS:00/LNXCPU:02 HTTP/1.1" 200 3631 "-" "Amazon CloudFront"
64.252.66.61 - - [04/Sep/2026:08:31:48 +0000] "GET /?path=//sys/class/thermal/cooling_device3/device/physical_node/node0/memory28/node0/cpu5/firmware_node/subsystem/devices/PNP0A03:00/physical_node/pci_bus/0000:00/device/0000:00:1f.0/driver/0000:00:04.0/driver/0000:00:1f.0/firmware_node/subsystem/devices/LNXSYBUS:00/PNP0A03:00/device:1b/power HTTP/1.1" 200 3426 "-" "Amazon CloudFront"
64.252.66.61 - - [04/Sep/2026:08:31:52 +0000] "GET /?path=//sys/class/thermal/cooling_device3/device/physical_node/node0/memory28/node0/cpu5/firmware_node/subsystem/devices/LNXSYSTM:00/LNXSYBUS:00/PNP0A03:00/physical_node/0000:00:04.0/driver/0000:00:1e.0/nvme/nvme1/device/driver/module/drivers/pci:nvme/0000:00:1f.0/nvme/nvme2/nvme2n1/subsystem/nvme1n1/holders/md0/md/rd1/block/holders/md0/md/dev-nvme1n1/block/mq/2/cpu2 HTTP/1.1" 200 3093 "-" "Amazon CloudFront"
64.252.66.61 - - [04/Sep/2026:08:31:56 +0000] "GET /products/detail/208628339?path=//sys/bus/node/devices/node0/cpu1/driver/cpu7/driver/cpu2/node0/cpu4/firmware_node/thermal_cooling/device/physical_node/firmware_node/thermal_cooling/device/subsystem/devices/PNP0A03:00/device:20/physical_node/nvme/nvme1/nvme1n1/subsystem/nvme2n1/holders/md0/md/dev-nvme1n1/block/mq/5/cpu5 HTTP/1.1" 200 2982 "-" "Amazon CloudFront"
64.252.66.102 - - [04/Sep/2026:08:32:00 +0000] "GET /products/detail/208628339?path=//sys/bus/node/devices/node0/cpu1/driver/cpu7/driver/cpu2/node0/cpu4/firmware_node/subsystem/devices/PNP0A03:00/physical_node/0000:00:04.0/nvme/nvme0/device/nvme/nvme0/nvme0n1/nvme0n1p128/subsystem/md0/slaves/nvme1n1/holders/md0/md/dev-nvme1n1/block/mq/3/cpu3 HTTP/1.1" 200 2953 "-" "Amazon CloudFront"
64.252.67.164 - - [04/Sep/2026:08:32:01 +0000] "GET /?fileloc=//s3/f75bf04088964924b004465536090d8a/wordpress/wp-content/uploads/2023/07/%E7%89%B9%E5%AE%9A%E5%8C%BB%E7%99%82%E6%B3%95%E4%BA%BA%E8%90%AC%E7%94%9F%E4%BC%9A_%E6%9D%BE%E9%87%8E%E6%96%87%E5%BD%A6%E7%90%86%E4%BA%8B%E9%95%B7-150x150.jpg&path=//s3/f75bf04088964924b004465536090d8a/wordpress/wp-content/uploads/2023/07 HTTP/1.1" 200 2714 "-" "Amazon CloudFront"
64.252.68.74 - - [04/Sep/2026:08:32:02 +0000] "GET /?path=//sys/module/dynamic_debug/parameters HTTP/1.1" 200 2904 "-" "Amazon CloudFront"
64.252.68.74 - - [04/Sep/2026:08:32:04 +0000] "GET /products/detail/208628339?path=//sys/bus/node/devices/node0/cpu1/driver/cpu7/driver/cpu2/node0/cpu4/firmware_node/subsystem/devices/PNP0A03:00/physical_node/0000:00:04.0/nvme/nvme0/nvme0n1/subsystem/md0/md/rd0/block/holders/md0/slaves/nvme1n1/device/device/nvme/nvme1/nvme1n1/mq/6 HTTP/1.1" 200 3392 "-" "Amazon CloudFront"
64.252.68.74 - - [04/Sep/2026:08:32:08 +0000] "GET /?path=//sys/class/thermal/cooling_device3/device/physical_node/node0/memory28/node0/cpu5/firmware_node/subsystem/devices/PNP0A03:00/physical_node/pci_bus/0000:00/device/0000:00:1f.0/driver/module/drivers/pci:nvme/0000:00:1e.0/firmware_node/subsystem/devices/LNXSYBUS:00/PNP0A03:00/device:08/power HTTP/1.1" 200 3452 "-" "Amazon CloudFront"
64.252.68.74 - - [04/Sep/2026:08:32:12 +0000] "GET /products/detail/208628339?path=//sys/bus/node/devices/node0/cpu1/driver/cpu7/driver/cpu2/node0/cpu4/firmware_node/thermal_cooling/device/physical_node/firmware_node/thermal_cooling/device/subsystem/devices/LNXSYSTM:00/LNXSYBUS:00/PNP0A03:00/device:21/physical_node/nvme/nvme2/nvme2n1/holders/md0/md/rd0/block/subsystem/nvme1n1/holders/md0/md HTTP/1.1" 200 4276 "-" "Amazon CloudFront"
64.252.67.164 - - [04/Sep/2026:08:32:16 +0000] "GET /products/detail/208628339?path=//sys/bus/node/devices/node0/cpu1/driver/cpu7/driver/cpu2/node0/cpu1/firmware_node/thermal_cooling/device/physical_node/firmware_node/subsystem/devices/device:06/physical_node/nvme/nvme0/nvme0n1/device/nvme0n1/nvme0n1p1/subsystem/nvme1n1/holders/md0/md/dev-nvme2n1/block/mq/7/cpu7 HTTP/1.1" 200 2974 "-" "Amazon CloudFront"
64.252.66.61 - - [04/Sep/2026:08:32:20 +0000] "GET /products/detail/186511056 HTTP/1.1" 200 4265 "-" "Amazon CloudFront"
64.252.68.74 - - [04/Sep/2026:08:32:21 +0000] "GET /products/detail/272703723?path=//sys/devices/pci0000:00/firmware_node/physical_node/pci_bus/0000:00/device/firmware_node/physical_node/0000:00:00.0/subsystem/drivers/nvme/module/drivers/pci:nvme/0000:00:04.0/driver/0000:00:1e.0/nvme/nvme1/nvme1n1/subsystem/nvme1n1/holders/md0/md/dev-nvme2n1/block/device/nvme2n1/holders/md0/md/dev-nvme2n1/block/mq/0/cpu0 HTTP/1.1" 200 2987 "-" "Amazon CloudFront"
64.252.66.102 - - [04/Sep/2026:08:32:24 +0000] "GET /products/detail/47417309?fileloc=//tmp/sess_941krsqm3aci2902p15cpfs6t3&path=//tmp HTTP/1.1" 200 2554 "-" "Amazon CloudFront"
64.252.66.102 - - [04/Sep/2026:08:32:29 +0000] "GET /products/detail/259616147?fileloc=//tmp/sess_8o9lj5nd8i93rrichnpsoblps5&path=//tmp HTTP/1.1" 200 2556 "-" "Amazon CloudFront"
64.252.68.74 - - [04/Sep/2026:08:32:32 +0000] "GET /products/detail/208628339?path=//sys/bus/node/devices/node0/cpu1/driver/cpu7/driver/cpu2/node0/cpu4/firmware_node/subsystem/devices/PNP0A03:00/device:21/physical_node/subsystem/drivers/nvme/0000:00:1f.0/nvme/nvme2/nvme2n1/device/nvme2n1/holders/md0/md/dev-nvme2n1/block/holders/md0/md HTTP/1.1" 200 4114 "-" "Amazon CloudFront"
64.252.66.102 - - [04/Sep/2026:08:32:36 +0000] "GET /products/detail/208628339?path=//sys/bus/node/devices/node0/cpu1/driver/cpu7/driver/cpu2/node0/cpu4/firmware_node/thermal_cooling/device/physical_node/firmware_node/thermal_cooling/device/subsystem/devices/device:20/physical_node/nvme/nvme1/nvme1n1/subsystem/nvme2n1/holders/md0/md/dev-nvme2n1/block/holders/md0/slaves/nvme2n1/slaves HTTP/1.1" 200 2955 "-" "Amazon CloudFront"
64.252.66.61 - - [04/Sep/2026:08:32:38 +0000] "GET /?fileloc=//lib64/perl5/vendor_perl/List/Util/XS.pm&path=//lib64/perl5/vendor_perl/List/Util HTTP/1.1" 200 3156 "-" "Amazon CloudFront"
64.252.67.164 - - [04/Sep/2026:08:32:40 +0000] "GET /?path=//sys/bus/memory/devices/memory1/node0/memory7/node0/cpu1/subsystem/drivers/processor/cpu5/firmware_node/subsystem/devices/PNP0A03:00/physical_node/firmware_node/physical_node/0000:00:1e.0/driver/0000:00:04.0/driver/module/drivers/pci:nvme/0000:00:1f.0/nvme/nvme2/device/nvme/nvme2/nvme2n1/holders/md0/md/rd0/block/device/nvme1n1/integrity HTTP/1.1" 200 3608 "-" "Amazon CloudFront"
64.252.66.102 - - [04/Sep/2026:08:32:41 +0000] "GET /?fileloc=//s3/f75bf04088964924b004465536090d8a/wordpress/wp-content/uploads/2021/07/%E7%A7%80%E7%97%85%E9%99%A2%E9%95%B7-1024x1024.jpg&path=//s3/f75bf04088964924b004465536090d8a/wordpress/wp-content/uploads/2021/07 HTTP/1.1" 200 2660 "-" "Amazon CloudFront"
64.252.67.164 - - [04/Sep/2026:08:32:44 +0000] "GET /?path=//sys/class/thermal/cooling_device3/device/physical_node/node0/memory28/node0/cpu5/firmware_node/subsystem/devices/PNP0A03:00/physical_node/pci_bus/0000:00/device/0000:00:1f.0/driver/0000:00:04.0/driver/0000:00:04.0/firmware_node/subsystem/devices/LNXSYBUS:00/LNXCPU:06 HTTP/1.1" 200 3631 "-" "Amazon CloudFront"
64.252.66.61 - - [04/Sep/2026:08:32:48 +0000] "GET /?path=//sys/class/thermal/cooling_device3/device/physical_node/node0/memory28/node0/cpu5/firmware_node/subsystem/devices/PNP0A03:00/physical_node/pci_bus/0000:00/device/0000:00:01.0/subsystem/drivers/nvme/0000:00:1f.0/driver/0000:00:1e.0/driver/0000:00:1f.0/nvme/nvme2/nvme2n1/mq/3 HTTP/1.1" 200 3385 "-" "Amazon CloudFront"
64.252.67.164 - - [04/Sep/2026:08:32:52 +0000] "GET /?path=//sys/class/thermal/cooling_device3/device/physical_node/node0/memory28/node0/cpu5/firmware_node/subsystem/devices/PNP0A03:00/physical_node/pci_bus/0000:00/device/0000:00:1e.0/driver/module/drivers/pci:nvme/0000:00:1f.0/driver/0000:00:1f.0/firmware_node/subsystem/devices/device:04/power HTTP/1.1" 200 3436 "-" "Amazon CloudFront"
64.252.68.74 - - [04/Sep/2026:08:32:56 +0000] "GET /?path=//sys/bus/memory/devices/memory1/node0/memory30/node0/cpu6/firmware_node/subsystem/devices/device:21/physical_node/driver/module/drivers/pci:nvme/0000:00:1f.0/driver/0000:00:1f.0/firmware_node/physical_node/nvme/nvme2/subsystem/nvme1/nvme1n1/holders/md0/md/dev-nvme1n1/block/device/nvme1n1/holders/md0/md/dev-nvme2n1/block/device/nvme2n1/mq/6/cpu6 HTTP/1.1" 200 3031 "-" "Amazon CloudFront"
64.252.66.102 - - [04/Sep/2026:08:33:00 +0000] "GET /?path=//sys/class/thermal/cooling_device3/device/physical_node/node0/memory0/node0/cpu5/driver/cpu7/driver/cpu3/firmware_node/thermal_cooling/device/subsystem/devices/PNP0A03:00/device:06/subsystem/devices/LNXSYSTM:00/LNXSYBUS:00/PNP0A03:00/device:20/physical_node/nvme/nvme1/nvme1n1/holders/md0/md/rd1/block/holders/md0/slaves/nvme2n1/integrity HTTP/1.1" 200 3622 "-" "Amazon CloudFront"
64.252.72.118 - - [04/Sep/2026:08:33:00 +0000] "GET /prizes/127391632?fileloc=/sbin/postmulti&path=/sbin HTTP/1.1" 200 2539 "-" "Amazon CloudFront"
64.252.66.61 - - [04/Sep/2026:08:33:04 +0000] "GET /?path=//sys/class/thermal/cooling_device3/device/physical_node/node0/cpu1/driver/cpu0/node0/cpu2/firmware_node/subsystem/devices/LNXSYSTM:00/LNXSYBUS:00/PNP0C0F:04/subsystem/devices/PNP0A03:00/device:20/physical_node/driver/module/drivers/pci:nvme/0000:00:1e.0/nvme/nvme1/device/nvme/nvme1/nvme1n1/holders/md0/md/rd0/block/holders/md0/md/rd0/block/bdi/power HTTP/1.1" 200 3591 "-" "Amazon CloudFront"
64.252.66.61 - - [04/Sep/2026:08:33:08 +0000] "GET /products/detail/208628339?path=//sys/bus/node/devices/node0/cpu1/driver/cpu7/driver/cpu2/node0/cpu1/firmware_node/thermal_cooling/subsystem/cooling_device3/device/subsystem/devices/PNP0A03:00/physical_node/firmware_node/physical_node/0000:00:1e.0/nvme/nvme1/nvme1n1/holders/md0/slaves/nvme2n1/holders/md0/md/dev-nvme1n1/block/mq/1 HTTP/1.1" 200 3435 "-" "Amazon CloudFront"
64.252.66.102 - - [04/Sep/2026:08:33:12 +0000] "GET /?path=//sys/class/thermal/cooling_device3/device/physical_node/node0/memory0/node0/cpu5/driver/cpu7/driver/cpu3/firmware_node/thermal_cooling/device/subsystem/devices/PNP0A03:00/device:06/subsystem/devices/LNXSYSTM:00/LNXSYBUS:00/PNP0A03:00/device:20/physical_node/nvme/nvme1/nvme1n1/holders/md0/md/rd1/block/holders/md0/slaves/nvme2n1/bdi HTTP/1.1" 200 3684 "-" "Amazon CloudFront"
64.252.66.61 - - [04/Sep/2026:08:33:16 +0000] "GET /?path=//sys/bus/memory/devices/memory1/node0/memory7/node0/cpu1/subsystem/drivers/processor/cpu5/firmware_node/subsystem/devices/PNP0A03:00/physical_node/firmware_node/device:20/physical_node/driver/0000:00:1e.0/driver/0000:00:1e.0/nvme/nvme1/device/nvme/nvme1/nvme1n1/holders/md0/md/rd0/block/device/nvme1n1/holders/md0/md/rd1/block/mq/3 HTTP/1.1" 200 3500 "-" "Amazon CloudFront"
64.252.67.164 - - [04/Sep/2026:08:33:20 +0000] "GET /?path=//sys/class/thermal/cooling_device3/device/physical_node/node0/memory28/node0/cpu5/firmware_node/subsystem/devices/LNXSYBUS:00/PNP0A03:00/device:1b/subsystem/devices/LNXSYBUS:00/PNP0A03:00/physical_node/pci_bus/0000:00/device/0000:00:1e.0/driver/0000:00:1e.0/driver/0000:00:1f.0/nvme/nvme2/nvme2n1/holders/md0/md/dev-nvme2n1/block/holders/md0/md/rd1/block/mq/2 HTTP/1.1" 200 3529 "-" "Amazon CloudFront"
64.252.67.164 - - [04/Sep/2026:08:33:24 +0000] "GET /?path=//sys/class/thermal/cooling_device3/device/physical_node/node0/cpu1/driver/cpu0/node0/cpu2/firmware_node/subsystem/devices/LNXSYSTM:00/LNXSYBUS:00/PNP0C0F:02/subsystem/devices/LNXSYSTM:00/LNXSYBUS:00/PNP0A03:00/physical_node/0000:00:1e.0/driver/module/drivers/pci:nvme/module/drivers/pci:nvme/0000:00:1e.0/nvme/nvme1/nvme1n1/device/nvme1n1/holders/md0/md/bitmap HTTP/1.1" 200 3710 "-" "Amazon CloudFront"
64.252.66.61 - - [04/Sep/2026:08:33:28 +0000] "GET /?path=//sys/class/thermal/cooling_device3/device/physical_node/node0/memory28/node0/cpu5/firmware_node/subsystem/devices/PNP0A03:00/physical_node/pci_bus/0000:00/device/0000:00:01.0/subsystem/drivers/nvme/0000:00:1f.0/driver/0000:00:1e.0/driver/0000:00:1f.0/nvme/nvme2/nvme2n1/mq/7 HTTP/1.1" 200 3387 "-" "Amazon CloudFront"
64.252.66.102 - - [04/Sep/2026:08:33:33 +0000] "GET /products/detail/208628339?path=//sys/bus/node/devices/node0/cpu1/driver/cpu7/driver/cpu2/node0/cpu1/firmware_node/thermal_cooling/subsystem/cooling_device3/device/subsystem/devices/PNP0A03:00/physical_node/firmware_node/physical_node/0000:00:1e.0/nvme/nvme1/nvme1n1/holders/md0/slaves/nvme2n1/holders/md0/md/rd0/block/mq/7 HTTP/1.1" 200 3434 "-" "Amazon CloudFront"
64.252.68.74 - - [04/Sep/2026:08:33:35 +0000] "GET /?fileloc=//s3/f75bf04088964924b004465536090d8a/wordpress/wp-content/uploads/2023/07/%E3%83%88%E3%83%A8%E3%82%BF%E8%A8%98%E5%BF%B5%E7%97%85%E9%99%A2_%E5%B2%A9%E7%80%AC%E4%B8%89%E7%B4%80%E7%97%85%E9%99%A2%E9%95%B7-768x767.jpg&path=//s3/f75bf04088964924b004465536090d8a/wordpress/wp-content/uploads/2023/07 HTTP/1.1" 200 2699 "-" "Amazon CloudFront"
64.252.67.164 - - [04/Sep/2026:08:33:36 +0000] "GET /products/detail/259616147?fileloc=//tmp/sess_muafitpsku0sglfgd3j0k7gk47&path=//tmp HTTP/1.1" 200 2557 "-" "Amazon CloudFront"
64.252.67.164 - - [04/Sep/2026:08:33:40 +0000] "GET /products/detail/208628339?path=//sys/bus/node/devices/node0/cpu1/driver/cpu7/driver/cpu2/node0/cpu4/firmware_node/thermal_cooling/device/physical_node/firmware_node/thermal_cooling/device/subsystem/devices/LNXSYSTM:00/LNXSYBUS:00/PNP0A03:00/device:21/physical_node/nvme/nvme2/nvme2n1/holders/md0/slaves/nvme1n1/holders/md0/subsystem/nvme0n1/mq/0/cpu1 HTTP/1.1" 200 3004 "-" "Amazon CloudFront"
64.252.68.74 - - [04/Sep/2026:08:33:44 +0000] "GET /products/detail/47417309?fileloc=//tmp/sess_dl90le3h8tnhcu2e4s2gu8a8u1&path=//tmp HTTP/1.1" 200 2555 "-" "Amazon CloudFront"
64.252.66.61 - - [04/Sep/2026:08:33:48 +0000] "GET /products/detail/208628339?path=//sys/bus/node/devices/node0/cpu1/driver/cpu7/driver/cpu2/node0/cpu4/firmware_node/subsystem/devices/PNP0A03:00/physical_node/0000:00:04.0/nvme/nvme0/device/nvme/nvme0/nvme0n1/nvme0n1p128/subsystem/md0/md/dev-nvme2n1/block/holders/md0/slaves/nvme2n1/mq HTTP/1.1" 200 3448 "-" "Amazon CloudFront"
64.252.67.164 - - [04/Sep/2026:08:33:52 +0000] "GET /products/detail/66275006?fileloc=//tmp/sess_t2e4tpnn7pn9vhlftm4547pi4i&path=//tmp HTTP/1.1" 200 2554 "-" "Amazon CloudFront"
64.252.66.102 - - [04/Sep/2026:08:33:56 +0000] "GET /?path=//sys/class/thermal/cooling_device3/device/physical_node/node0/cpu1/driver/cpu0/node0/cpu2/firmware_node/subsystem/devices/PNP0303:00/subsystem/devices/LNXSYBUS:00/PNP0A03:00/physical_node/pci_bus/0000:00/device/0000:00:1e.0/driver/0000:00:1e.0/nvme/nvme1/nvme1n1/holders/md0/md/dev-nvme2n1/block/holders/md0/md/rd1/block/mq/5/cpu5 HTTP/1.1" 200 3049 "-" "Amazon CloudFront"
64.252.68.74 - - [04/Sep/2026:08:33:55 +0000] "GET /?fileloc=//s3/f75bf04088964924b004465536090d8a/wordpress/wp-content/uploads/2023/07/%E9%B9%BF%E5%85%90%E5%B3%B6%E5%A4%A7%E5%AD%A6%E5%91%BC%E5%90%B8%E5%99%A8%E5%A4%96%E7%A7%91_%E4%B8%8A%E7%94%B0%E5%92%8C%E5%BC%98%E6%95%99%E6%8E%88-1024x1024.jpg&path=//s3/f75bf04088964924b004465536090d8a/wordpress/wp-content/uploads/2023/07 HTTP/1.1" 200 2712 "-" "Amazon CloudFront"
64.252.70.102 - - [04/Sep/2026:08:33:58 +0000] "GET /prizes/337532066?path=/var/www/volumes/8d63e7ddaf86492598a39f7e7f5e521a HTTP/1.1" 200 2642 "-" "Amazon CloudFront"
64.252.70.102 - - [04/Sep/2026:08:33:58 +0000] "GET /prizes/324010703?path=/var/www/volumes/5b2ec66b862946cf878fb0216562a6c6 HTTP/1.1" 200 2642 "-" "Amazon CloudFront"
64.252.67.164 - - [04/Sep/2026:08:34:00 +0000] "GET /?path=//sys/class/thermal/cooling_device3/device/physical_node/node0/memory28/node0/cpu5/firmware_node/subsystem/devices/PNP0A03:00/physical_node/pci_bus/0000:00/device/0000:00:05.0/subsystem/drivers/nvme/module/drivers/pci:nvme/0000:00:1e.0/driver/0000:00:1e.0/nvme/nvme1/power HTTP/1.1" 200 3429 "-" "Amazon CloudFront"
64.252.66.102 - - [04/Sep/2026:08:34:04 +0000] "GET /?path=//sys/class/thermal/cooling_device3/device/physical_node/node0/memory28/node0/cpu5/firmware_node/subsystem/devices/PNP0A03:00/physical_node/pci_bus/0000:00/device/0000:00:1e.0/driver/module/drivers/pci:nvme/0000:00:1f.0/driver/0000:00:1f.0/firmware_node/subsystem/devices/device:17/power HTTP/1.1" 200 3436 "-" "Amazon CloudFront"
64.252.67.164 - - [04/Sep/2026:08:34:08 +0000] "GET /?path=//sys/class/thermal/cooling_device3/device/physical_node/node0/memory28/node0/cpu5/firmware_node/subsystem/devices/PNP0A03:00/physical_node/pci_bus/0000:00/device/0000:00:00.0/subsystem/drivers/nvme/0000:00:1e.0/driver/0000:00:1f.0/driver/0000:00:1e.0/nvme/nvme1/nvme1n1/power HTTP/1.1" 200 3422 "-" "Amazon CloudFront"
64.252.66.102 - - [04/Sep/2026:08:34:12 +0000] "GET /products/detail/208628339?path=//sys/bus/node/devices/node0/cpu1/driver/cpu7/driver/cpu2/node0/cpu4/firmware_node/thermal_cooling/device/thermal_cooling/device/subsystem/devices/PNP0A03:00/physical_node/0000:00:04.0/firmware_node/physical_node/nvme/nvme0/subsystem/nvme1/nvme1n1/holders/md0/md/dev-nvme2n1/block/holders/md0/slaves/nvme1n1 HTTP/1.1" 200 4278 "-" "Amazon CloudFront"
64.252.67.164 - - [04/Sep/2026:08:34:16 +0000] "GET /products/detail/208628339?path=//sys/bus/node/devices/node0/cpu1/driver/cpu7/driver/cpu2/node0/cpu1/firmware_node/thermal_cooling/device/physical_node/firmware_node/subsystem/devices/device:06/physical_node/nvme/nvme0/nvme0n1/device/nvme0n1/subsystem/md0/slaves/nvme1n1/holders/md0/md/rd0/block/mq/3 HTTP/1.1" 200 3412 "-" "Amazon CloudFront"
64.252.67.164 - - [04/Sep/2026:08:34:16 +0000] "GET /?fileloc=//s3/f75bf04088964924b004465536090d8a/wordpress/wp-content/uploads/2023/07/%E5%BE%B3%E5%B3%B6%E5%B8%82%E6%B0%91%E7%97%85%E9%99%A2_%E4%B8%AD%E9%87%8E%E4%BF%8A%E6%AC%A1%E9%99%A2%E9%95%B7.jpg&path=//s3/f75bf04088964924b004465536090d8a/wordpress/wp-content/uploads/2023/07 HTTP/1.1" 200 2690 "-" "Amazon CloudFront"
64.252.67.164 - - [04/Sep/2026:08:34:20 +0000] "GET /products/detail/66275006?fileloc=//tmp/sess_crvd8essps0js5mqs0jjrsfbfe&path=//tmp HTTP/1.1" 200 2556 "-" "Amazon CloudFront"
64.252.66.102 - - [04/Sep/2026:08:34:24 +0000] "GET /products/detail/208628339?path=//sys/bus/node/devices/node0/cpu1/driver/cpu7/driver/cpu2/node0/cpu4/firmware_node/thermal_cooling/device/physical_node/firmware_node/thermal_cooling/device/subsystem/devices/LNXSYSTM:00/LNXSYBUS:00/PNP0A03:00/device:02/physical_node/subsystem/drivers/nvme/0000:00:1f.0/nvme/nvme2/nvme2n1/trace HTTP/1.1" 200 3427 "-" "Amazon CloudFront"
64.252.67.164 - - [04/Sep/2026:08:34:28 +0000] "GET /products/detail/208628339?path=//sys/bus/node/devices/node0/cpu1/driver/cpu7/driver/cpu2/node0/cpu4/firmware_node/subsystem/devices/PNP0A03:00/device:06/physical_node/firmware_node/physical_node/nvme/nvme0/subsystem/nvme2/device/nvme/nvme2/nvme2n1/holders/md0/md/rd1/block/holders/md0/md/rd0 HTTP/1.1" 200 3755 "-" "Amazon CloudFront"
64.252.66.102 - - [04/Sep/2026:08:34:32 +0000] "GET /?path=//sys/bus/memory/devices/memory1/node0/memory30/node0/cpu6/firmware_node/subsystem/devices/device:21/physical_node/driver/module/drivers/pci:nvme/0000:00:1e.0/driver/0000:00:04.0/firmware_node/physical_node/subsystem/drivers/nvme/0000:00:1f.0/nvme/nvme2/nvme2n1/holders/md0/md/rd1/block/holders/md0/md/rd0/block/device/nvme1n1/device/nvme1n1/mq HTTP/1.1" 200 3575 "-" "Amazon CloudFront"
64.252.68.74 - - [04/Sep/2026:08:34:35 +0000] "GET /?fileloc=//s3/f75bf04088964924b004465536090d8a/wordpress/wp-content/uploads/2023/07/%E5%B2%A1%E5%B1%B1%E3%82%8D%E3%81%86%E3%81%95%E3%81%84%E7%97%85%E9%99%A2_%E4%BC%8A%E9%81%94%E5%8B%B2%E9%99%A2%E9%95%B7-768x768.jpg&path=//s3/f75bf04088964924b004465536090d8a/wordpress/wp-content/uploads/2023/07 HTTP/1.1" 200 2695 "-" "Amazon CloudFront"
64.252.66.102 - - [04/Sep/2026:08:34:35 +0000] "GET /?fileloc=//sys/class/vc/vcs1/dev&path=//sys/class/vc/vcs1 HTTP/1.1" 200 2568 "-" "Amazon CloudFront"
64.252.68.74 - - [04/Sep/2026:08:34:36 +0000] "GET /products/detail/208628339?path=//sys/bus/node/devices/node0/cpu1/driver/cpu7/driver/cpu2/node0/cpu4/firmware_node/subsystem/devices/PNP0A03:00/device:06/physical_node/firmware_node/physical_node/nvme/nvme0/nvme0n1/device/nvme0n1/subsystem/md0/md/rd1/block/holders/md0/md/dev-nvme1n1/block/mq/3 HTTP/1.1" 200 3400 "-" "Amazon CloudFront"
64.252.66.102 - - [04/Sep/2026:08:34:36 +0000] "GET /?fileloc=//sys/class/net/lo/subsystem/lo/ifalias&path=//sys/class/net/lo/subsystem/lo HTTP/1.1" 200 2582 "-" "Amazon CloudFront"
64.252.66.61 - - [04/Sep/2026:08:34:37 +0000] "GET /?fileloc=//s3/f75bf04088964924b004465536090d8a/wordpress/wp-content/uploads/2021/07/1%E9%9D%A2%E3%82%A4%E3%83%A1%E3%83%BC%E3%82%B7%E3%82%99eps-3-768x576.jpg&path=//s3/f75bf04088964924b004465536090d8a/wordpress/wp-content/uploads/2021/07 HTTP/1.1" 200 2671 "-" "Amazon CloudFront"
64.252.66.102 - - [04/Sep/2026:08:34:39 +0000] "GET /?fileloc=//sys/class/net/eth0/device/numa_node&path=//sys/class/net/eth0/device HTTP/1.1" 200 2580 "-" "Amazon CloudFront"
64.252.66.61 - - [04/Sep/2026:08:34:40 +0000] "GET /products/detail/208628339?path=//sys/bus/node/devices/node0/cpu1/driver/cpu7/driver/cpu2/node0/cpu1/firmware_node/thermal_cooling/device/physical_node/firmware_node/subsystem/devices/LNXSYSTM:00/LNXSYBUS:00/PNP0A03:00/device:06/physical_node/nvme/nvme0/nvme0n1/device/nvme0n1/nvme0n1p128/subsystem/md0/md/rd1/block/trace HTTP/1.1" 200 3460 "-" "Amazon CloudFront"
64.252.66.102 - - [04/Sep/2026:08:34:44 +0000] "GET /?path=//sys/bus/memory/devices/memory1/node0/memory30/node0/cpu6/firmware_node/subsystem/devices/device:21/physical_node/driver/module/drivers/pci:nvme/0000:00:1e.0/driver/0000:00:1f.0/nvme/nvme2/nvme2n1/subsystem/nvme2n1/holders/md0/md/dev-nvme1n1/block/holders/md0/slaves/nvme1n1/device/device/nvme/nvme1/nvme1n1/mq/3/cpu3 HTTP/1.1" 200 3029 "-" "Amazon CloudFront"
64.252.66.61 - - [04/Sep/2026:08:34:48 +0000] "GET /products/detail/66275006?fileloc=//tmp/sess_pds3b03gq8v172r1sk5n060o8d&path=//tmp HTTP/1.1" 200 2556 "-" "Amazon CloudFront"
64.252.66.61 - - [04/Sep/2026:08:34:52 +0000] "GET /products/detail/208628339?path=//sys/bus/node/devices/node0/cpu1/driver/cpu7/driver/cpu2/node0/cpu4/firmware_node/subsystem/devices/PNP0A03:00/device:06/physical_node/firmware_node/physical_node/nvme/nvme0/subsystem/nvme2/device/nvme/nvme2/nvme2n1/holders/md0/md/rd1/block/device/nvme2n1/mq/3 HTTP/1.1" 200 3401 "-" "Amazon CloudFront"
64.252.66.102 - - [04/Sep/2026:08:34:56 +0000] "GET /?path=//sys/class/thermal/cooling_device3/device/physical_node/node0/memory28/node0/cpu5/firmware_node/subsystem/devices/PNP0A03:00/physical_node/pci_bus/0000:00/device/0000:00:1e.0/driver/0000:00:1f.0/nvme/nvme2/nvme2n1/subsystem/nvme1n1/holders/md0/md/dev-nvme1n1/block/mq HTTP/1.1" 200 3455 "-" "Amazon CloudFront"
64.252.66.61 - - [04/Sep/2026:08:34:57 +0000] "GET /?fileloc=//s3/f75bf04088964924b004465536090d8a/wordpress/wp-content/uploads/2023/07/%E8%B1%8A%E5%B2%A1%E7%97%85%E9%99%A2_%E5%A4%96%E8%A6%B3-768x358.jpg&path=//s3/f75bf04088964924b004465536090d8a/wordpress/wp-content/uploads/2023/07 HTTP/1.1" 200 2669 "-" "Amazon CloudFront"
64.252.67.164 - - [04/Sep/2026:08:35:00 +0000] "GET /products/detail/208628339?path=//sys/bus/node/devices/node0/cpu1/driver/cpu7/driver/cpu2/node0/cpu4/firmware_node/subsystem/devices/PNP0A03:00/physical_node/0000:00:04.0/nvme/nvme0/nvme0n1/device/subsystem/nvme1/device/nvme/nvme1/nvme1n1/holders/md0/md/rd0/block/holders/md0/queue HTTP/1.1" 200 4675 "-" "Amazon CloudFront"
64.252.67.164 - - [04/Sep/2026:08:35:04 +0000] "GET /products/detail/66275006?fileloc=//tmp/sess_kvfspusbr477nhailh8bvf6nd7&path=//tmp HTTP/1.1" 200 2555 "-" "Amazon CloudFront"
64.252.66.102 - - [04/Sep/2026:08:35:04 +0000] "GET /products/detail/62805480 HTTP/1.1" 200 4265 "-" "Amazon CloudFront"
64.252.68.74 - - [04/Sep/2026:08:35:04 +0000] "GET /?fileloc=//sys/class/input/input5/id/bustype&path=//sys/class/input/input5/id HTTP/1.1" 200 2577 "-" "Amazon CloudFront"
64.252.66.102 - - [04/Sep/2026:08:35:08 +0000] "GET /products/detail/66275006?fileloc=//tmp/sess_lg0v4peqf21vsmp8086n65e8o7&path=//tmp HTTP/1.1" 200 2557 "-" "Amazon CloudFront"
64.252.68.74 - - [04/Sep/2026:08:35:12 +0000] "GET /?path=//sys/class/thermal/cooling_device3/device/physical_node/node0/memory28/node0/cpu5/firmware_node/subsystem/devices/PNP0A03:00/physical_node/pci_bus/0000:00/device/0000:00:1e.0/driver/module/drivers/pci:nvme/0000:00:04.0/driver/0000:00:1e.0/firmware_node/subsystem/devices/device:0a HTTP/1.1" 200 3508 "-" "Amazon CloudFront"
64.252.66.102 - - [04/Sep/2026:08:35:13 +0000] "GET /products/detail/61271339 HTTP/1.1" 200 4265 "-" "Amazon CloudFront"
64.252.67.164 - - [04/Sep/2026:08:35:16 +0000] "GET /products/detail/259616147?fileloc=//tmp/sess_gn1c3k4rv7g0o0ccuf88p3n30r&path=//tmp HTTP/1.1" 200 2557 "-" "Amazon CloudFront"
64.252.66.61 - - [04/Sep/2026:08:35:16 +0000] "GET /products/detail/107158844 HTTP/1.1" 200 4265 "-" "Amazon CloudFront"
64.252.67.164 - - [04/Sep/2026:08:35:20 +0000] "GET /products/detail/66275006?fileloc=//tmp/sess_fueq3n7gj50ljbcbet7vv633pl&path=//tmp HTTP/1.1" 200 2559 "-" "Amazon CloudFront"
64.252.66.102 - - [04/Sep/2026:08:35:22 +0000] "GET /products/detail/69286622 HTTP/1.1" 200 4265 "-" "Amazon CloudFront"
64.252.66.61 - - [04/Sep/2026:08:35:24 +0000] "GET /?fileloc=//s3/f75bf04088964924b004465536090d8a/wordpress/wp-content/uploads/2023/07/%E6%97%A5%E6%9C%AC%E8%B5%A4%E5%8D%81%E5%AD%97%E5%8C%BB%E7%99%82%E3%82%BB%E3%83%B3%E3%82%BF%E3%83%BC_%E4%B8%AD%E5%B3%B6-%E6%B7%B3%E9%99%A2%E9%95%B7-300x300.jpg&path=//s3/f75bf04088964924b004465536090d8a/wordpress/wp-content/uploads/2023/07 HTTP/1.1" 200 2712 "-" "Amazon CloudFront"
64.252.68.74 - - [04/Sep/2026:08:35:27 +0000] "GET /?path=//sys/bus/node/devices/node0/memory25/node0/cpu1/driver/cpu4/firmware_node/subsystem/devices/device:06/physical_node/driver/0000:00:1e.0/nvme/nvme1/device/firmware_node/physical_node/nvme/nvme1/subsystem/nvme2/nvme2n1/holders/md0/slaves/nvme1n1/holders/md0/md/dev-nvme1n1/block/device/nvme1n1/mq/0 HTTP/1.1" 200 3431 "-" "Amazon CloudFront"
64.252.66.102 - - [04/Sep/2026:08:35:29 +0000] "GET /?healthcheck_timestamp=1788510647422 HTTP/1.1" 200 62091 "-" "Amazon CloudFront"
64.252.67.164 - - [04/Sep/2026:08:35:30 +0000] "GET /?path=//sys/bus/memory/devices/memory1/node0/memory28/node0/cpu2/driver/cpu4/firmware_node/subsystem/devices/PNP0A03:00/device:20/physical_node/driver/0000:00:1f.0/nvme/nvme2/device/nvme/nvme2/subsystem/nvme1/nvme1n1/holders/md0/md/rd1/block/holders/md0/md/rd1/block/device/nvme2n1/mq/2/cpu2 HTTP/1.1" 200 2994 "-" "Amazon CloudFront"
64.252.68.74 - - [04/Sep/2026:08:35:33 +0000] "GET /products/detail/208628339?path=//sys/bus/node/devices/node0/cpu1/driver/cpu7/driver/cpu2/node0/cpu1/firmware_node/thermal_cooling/subsystem/cooling_device3/device/subsystem/devices/PNP0A03:00/physical_node/firmware_node/physical_node/0000:00:1e.0/nvme/nvme1/nvme1n1/holders/md0/md/dev-nvme1n1/block/device/nvme1n1/holders/md0/md/dev-nvme2n1/block/integrity HTTP/1.1" 200 3584 "-" "Amazon CloudFront"
64.252.68.74 - - [04/Sep/2026:08:35:36 +0000] "GET /products/detail/208628339?path=//sys/bus/node/devices/node0/cpu1/driver/cpu7/driver/cpu2/node0/cpu1/firmware_node/thermal_cooling/subsystem/cooling_device1/device/subsystem/devices/LNXSYSTM:00/LNXSYBUS:00/PNP0A03:00/physical_node/0000:00:1f.0/nvme/nvme2/nvme2n1/holders/md0/slaves/nvme1n1/device/nvme1n1/holders/md0/md/rd1/block/queue HTTP/1.1" 200 4821 "-" "Amazon CloudFront"
