64.252.66.61 - - [04/Sep/2026:09:42:20 +0000] "GET /?path=//sys/class/thermal/cooling_device3/device/physical_node/node0/cpu0/node0/cpu4/firmware_node/subsystem/devices/LNXSYSTM:00/LNXSYBUS:01/subsystem/devices/PNP0A03:00/physical_node/0000:00:1e.0/driver/module/drivers/pci:nvme/module/drivers/pci:nvme/0000:00:1e.0/driver/0000:00:1f.0/nvme/nvme2/device/nvme/nvme2/nvme2n1/holders/md0/slaves/nvme1n1/holders/md0/md/dev-nvme2n1/block/integrity HTTP/1.1" 200 3681 "-" "Amazon CloudFront"
64.252.67.164 - - [04/Sep/2026:09:42:23 +0000] "GET /?fileloc=//sys/module/xen_kbdfront/uevent&path=//sys/module/xen_kbdfront HTTP/1.1" 200 2570 "-" "Amazon CloudFront"
64.252.66.61 - - [04/Sep/2026:09:42:23 +0000] "GET /?path=//sys/module/lockd HTTP/1.1" 200 3249 "-" "Amazon CloudFront"
64.252.67.164 - - [04/Sep/2026:09:42:24 +0000] "GET /products/detail/208628339?path=//sys/bus/node/devices/node0/cpu1/driver/cpu7/driver/cpu2/node0/cpu1/firmware_node/thermal_cooling/device/physical_node/firmware_node/subsystem/devices/device:06/physical_node/nvme/nvme0/nvme0n1/device/nvme0n1/nvme0n1p1/subsystem/nvme1n1/holders/md0/md/dev-nvme2n1/block/holders/md0/queue HTTP/1.1" 200 4713 "-" "Amazon CloudFront"
64.252.66.102 - - [04/Sep/2026:09:42:28 +0000] "GET /?path=//sys/class/thermal/cooling_device3/device/physical_node/node0/memory28/node0/cpu5/firmware_node/subsystem/devices/PNP0A03:00/physical_node/pci_bus/0000:00/device/0000:00:1e.0/driver/module/drivers/pci:nvme/module/drivers/pci:nvme/0000:00:1e.0/firmware_node/subsystem/devices/device:00/power HTTP/1.1" 200 3433 "-" "Amazon CloudFront"
64.252.66.61 - - [04/Sep/2026:09:42:31 +0000] "GET /?path=//sys/bus/memory/devices/memory14/node0/memory16/node0/cpu1/driver/cpu4/firmware_node/physical_node/subsystem/drivers/processor/cpu2/firmware_node/subsystem/devices/PNP0A03:00/physical_node/pci_bus/0000:00/device/0000:00:04.0/driver/module/drivers/pci:nvme/0000:00:1f.0/nvme/nvme2/nvme2n1/holders/md0/md/dev-nvme1n1/block/holders/md0/md/dev-nvme2n1/block/device/nvme2n1/mq/6/cpu6 HTTP/1.1" 200 3098 "-" "Amazon CloudFront"
64.252.67.164 - - [04/Sep/2026:09:42:36 +0000] "GET /products/detail/208628339?path=//sys/bus/node/devices/node0/cpu1/driver/cpu7/driver/cpu2/node0/cpu4/firmware_node/subsystem/devices/PNP0A03:00/physical_node/0000:00:04.0/nvme/nvme0/nvme0n1/device/subsystem/nvme1/nvme1n1/device/nvme1n1/holders/md0/slaves/nvme2n1/holders/md0/slaves/nvme2n1/queue HTTP/1.1" 200 4735 "-" "Amazon CloudFront"
64.252.67.164 - - [04/Sep/2026:09:42:39 +0000] "GET /?fileloc=//sys/module/mbcache/initstate&path=//sys/module/mbcache HTTP/1.1" 200 2569 "-" "Amazon CloudFront"
64.252.66.61 - - [04/Sep/2026:09:42:40 +0000] "GET /?fileloc=//sys/class/net/lo/subsystem/lo/duplex&path=//sys/class/net/lo/subsystem/lo HTTP/1.1" 200 2581 "-" "Amazon CloudFront"
64.252.66.102 - - [04/Sep/2026:09:42:39 +0000] "GET /?path=//sys/bus/memory/devices/memory1/node0/memory7/node0/cpu1/subsystem/drivers/processor/cpu5/firmware_node/subsystem/devices/PNP0A03:00/physical_node/firmware_node/physical_node/0000:00:1e.0/driver/0000:00:04.0/driver/0000:00:1f.0/nvme/nvme2/nvme2n1/holders/md0/md/rd0/block/holders/md0/md/dev-nvme1n1/block/device/device/nvme/nvme1/nvme1n1/mq/3 HTTP/1.1" 200 3514 "-" "Amazon CloudFront"
64.252.67.164 - - [04/Sep/2026:09:42:40 +0000] "GET /?fileloc=//s3/f75bf04088964924b004465536090d8a/wordpress/wp-content/uploads/2021/10/%E4%B8%8B%E7%94%B0%E9%99%A2%E9%95%B7-300x300.jpg&path=//s3/f75bf04088964924b004465536090d8a/wordpress/wp-content/uploads/2021/10 HTTP/1.1" 200 2660 "-" "Amazon CloudFront"
64.252.68.74 - - [04/Sep/2026:09:42:46 +0000] "GET /?path=//sys/bus/memory/devices/memory1/node0/memory7/node0/cpu1/subsystem/drivers/processor/cpu5/firmware_node/subsystem/devices/PNP0A03:00/physical_node/firmware_node/physical_node/0000:00:1e.0/driver/0000:00:1e.0/driver/module/drivers/pci:nvme/0000:00:1f.0/nvme/nvme2/nvme2n1/holders/md0/slaves/nvme1n1/device/device/nvme/nvme1/nvme1n1/holders/md0/md/dev-nvme2n1/block/slaves HTTP/1.1" 200 3048 "-" "Amazon CloudFront"
64.252.66.61 - - [04/Sep/2026:09:42:50 +0000] "GET /?path=//sys/class/thermal/cooling_device3/device/physical_node/node0/cpu6/driver/cpu0/node0/cpu5/firmware_node/subsystem/devices/device:12/subsystem/devices/LNXSYSTM:00/LNXSYBUS:00/PNP0A03:00/physical_node/pci_bus/0000:00/device/0000:00:1e.0/driver/module/drivers/pci:nvme/0000:00:1e.0/nvme/nvme1/nvme1n1/holders/md0/md/dev-nvme1n1/block/holders/md0/slaves/nvme1n1/power HTTP/1.1" 200 3587 "-" "Amazon CloudFront"
64.252.67.164 - - [04/Sep/2026:09:42:50 +0000] "GET /products/detail/100883602 HTTP/1.1" 200 4177 "-" "Amazon CloudFront"
64.252.68.74 - - [04/Sep/2026:09:42:52 +0000] "GET /products/detail/208628339?path=//sys/bus/node/devices/node0/cpu1/driver/cpu7/driver/cpu2/node0/cpu4/firmware_node/subsystem/devices/LNXSYSTM:00/LNXSYBUS:00/PNP0A03:00/device:05/physical_node/subsystem/drivers/nvme/module/drivers/pci:nvme/0000:00:1f.0/firmware_node/physical_node/nvme/nvme2/nvme2n1/device/nvme2n1/holders/md0/slaves/nvme1n1/slaves HTTP/1.1" 200 2997 "-" "Amazon CloudFront"
64.252.66.61 - - [04/Sep/2026:09:42:57 +0000] "GET /products/detail/208628339?path=//sys/bus/node/devices/node0/cpu1/driver/cpu7/driver/cpu2/node0/cpu1/firmware_node/thermal_cooling/device/physical_node/firmware_node/thermal_cooling/subsystem/cooling_device5/device/subsystem/devices/device:20/physical_node/nvme/nvme1/nvme1n1/holders/md0/slaves/nvme1n1/holders/md0/md/rd0/block/queue HTTP/1.1" 200 4777 "-" "Amazon CloudFront"
64.252.68.74 - - [04/Sep/2026:09:43:00 +0000] "GET /?path=//sys/class/thermal/cooling_device3/device/physical_node/node0/memory28/node0/cpu5/firmware_node/subsystem/devices/PNP0A03:00/physical_node/pci_bus/0000:00/device/0000:00:04.0/driver/0000:00:04.0/nvme/nvme0/nvme0n1/subsystem/md0/slaves/nvme1n1/mq/4 HTTP/1.1" 200 3356 "-" "Amazon CloudFront"
64.252.68.74 - - [04/Sep/2026:09:43:04 +0000] "GET /products/detail/208628339?path=//sys/bus/node/devices/node0/cpu1/driver/cpu7/driver/cpu2/node0/cpu4/firmware_node/thermal_cooling/device/thermal_cooling/device/subsystem/devices/PNP0A03:00/physical_node/0000:00:04.0/nvme/nvme0/nvme0n1/nvme0n1p1/subsystem/md0/md/dev-nvme2n1/block/holders/md0/slaves/nvme1n1/mq/1/cpu1 HTTP/1.1" 200 2989 "-" "Amazon CloudFront"
64.252.67.164 - - [04/Sep/2026:09:43:08 +0000] "GET /?path=//sys/class/thermal/cooling_device3/device/physical_node/node0/cpu6/driver/cpu0/node0/cpu5/firmware_node/subsystem/devices/device:12/subsystem/devices/LNXSYSTM:00/LNXSYBUS:00/PNP0A03:00/physical_node/pci_bus/0000:00/device/0000:00:04.0/driver/0000:00:1e.0/nvme/nvme1/nvme1n1/holders/md0/md/dev-nvme1n1/block/holders/md0/md/rd1/block/mq/3/cpu3 HTTP/1.1" 200 3064 "-" "Amazon CloudFront"
64.252.68.74 - - [04/Sep/2026:09:43:12 +0000] "GET /?path=//sys/bus/memory/devices/memory1/node0/memory7/node0/cpu1/subsystem/drivers/processor/cpu5/firmware_node/subsystem/devices/PNP0A03:00/physical_node/firmware_node/physical_node/0000:00:1e.0/driver/0000:00:1f.0/driver/0000:00:1e.0/nvme/nvme1/nvme1n1/holders/md0/md/rd1/block/device/device/nvme/nvme2/nvme2n1/holders/md0/slaves/nvme1n1/mq/7/cpu7 HTTP/1.1" 200 3046 "-" "Amazon CloudFront"
64.252.67.164 - - [04/Sep/2026:09:43:13 +0000] "GET /products/detail/253535288?fileloc=//tmp/sess_9jv57dk2b0p7v5fio1h47j0ngj&path=//tmp HTTP/1.1" 200 2558 "-" "Amazon CloudFront"
64.252.66.61 - - [04/Sep/2026:09:43:14 +0000] "GET /?fileloc=//sys/module/pcbc/initsize&path=//sys/module/pcbc HTTP/1.1" 200 2564 "-" "Amazon CloudFront"
64.252.66.61 - - [04/Sep/2026:09:43:15 +0000] "GET /?path=//sys/bus/memory/devices/memory1/node0/memory7/node0/cpu1/subsystem/drivers/processor/cpu5/firmware_node/subsystem/devices/PNP0A03:00/physical_node/firmware_node/physical_node/0000:00:1e.0/driver/module/drivers/pci:nvme/0000:00:04.0/nvme/nvme0/nvme0n1/device/device/driver/0000:00:1e.0/nvme/nvme1/nvme1n1/holders/md0/slaves/nvme1n1/holders/md0/trace HTTP/1.1" 200 3533 "-" "Amazon CloudFront"
64.252.66.102 - - [04/Sep/2026:09:43:19 +0000] "GET /products/detail/208628339?path=//sys/bus/node/devices/node0/cpu1/driver/cpu7/driver/cpu2/node0/cpu4/firmware_node/subsystem/devices/PNP0A03:00/physical_node/0000:00:04.0/nvme/nvme0/device/nvme/nvme0/nvme0n1/nvme0n1p1/subsystem/md0/md/dev-nvme2n1/block/device/nvme2n1/holders/md0/trace HTTP/1.1" 200 3400 "-" "Amazon CloudFront"
64.252.66.61 - - [04/Sep/2026:09:43:24 +0000] "GET /?path=//sys/class/thermal/cooling_device3/device/physical_node/node0/memory28/node0/cpu5/firmware_node/subsystem/devices/PNP0A03:00/physical_node/pci_bus/0000:00/device/0000:00:01.0/subsystem/drivers/nvme/module/drivers/pci:nvme/0000:00:1f.0/nvme/nvme2/nvme2n1/mq/7 HTTP/1.1" 200 3381 "-" "Amazon CloudFront"
64.252.66.102 - - [04/Sep/2026:09:43:23 +0000] "GET /?fileloc=//sys/module/xen_netfront/uevent&path=//sys/module/xen_netfront HTTP/1.1" 200 2570 "-" "Amazon CloudFront"
64.252.66.102 - - [04/Sep/2026:09:43:27 +0000] "GET /?path=//sys/class/thermal/cooling_device3/device/physical_node/node0/memory28/node0/cpu5/firmware_node/subsystem/devices/PNP0A03:00/physical_node/pci_bus/0000:00/device/0000:00:1f.0/driver/module/drivers/pci:nvme/0000:00:04.0/firmware_node/subsystem/devices/LNXSYSTM:00/LNXSLPBN:00/driver/LNXPWRBN:00 HTTP/1.1" 200 3529 "-" "Amazon CloudFront"
64.252.67.164 - - [04/Sep/2026:09:43:31 +0000] "GET /products/detail/225861420?path=//sys/devices/pci0000:00/firmware_node/device:07/physical_node/firmware_node/subsystem/devices/device:20/physical_node/driver/0000:00:1f.0/nvme/nvme2/nvme2n1/subsystem/nvme1n1/holders/md0/md/dev-nvme2n1/block/device/device/driver/module/drivers/pci:nvme/module/drivers/pci:nvme/0000:00:1e.0/nvme/nvme1/nvme1n1/holders/md0/slaves/nvme2n1/mq/3/cpu3 HTTP/1.1" 200 3021 "-" "Amazon CloudFront"
64.252.67.164 - - [04/Sep/2026:09:43:36 +0000] "GET /products/detail/208628339?path=//sys/bus/node/devices/node0/cpu1/driver/cpu7/driver/cpu2/node0/cpu1/firmware_node/thermal_cooling/device/physical_node/firmware_node/subsystem/devices/LNXSYBUS:00/PNP0A03:00/device:20/physical_node/nvme/nvme1/subsystem/nvme2/nvme2n1/holders/md0/md/rd1/block/device/nvme2n1/mq/7/cpu7 HTTP/1.1" 200 2984 "-" "Amazon CloudFront"
64.252.68.74 - - [04/Sep/2026:09:43:36 +0000] "GET /?fileloc=//s3/f75bf04088964924b004465536090d8a/wordpress/wp-content/uploads/2021/06/%E9%A6%AC%E5%A0%B4%E7%97%85%E9%99%A2%E9%95%B7-150x150.jpg&path=//s3/f75bf04088964924b004465536090d8a/wordpress/wp-content/uploads/2021/06 HTTP/1.1" 200 2665 "-" "Amazon CloudFront"
64.252.66.61 - - [04/Sep/2026:09:43:40 +0000] "GET /products/detail/208628339?path=//sys/bus/node/devices/node0/cpu1/driver/cpu7/driver/cpu2/node0/cpu4/firmware_node/subsystem/devices/PNP0A03:00/device:21/physical_node/nvme/nvme2/device/nvme/nvme2/nvme2n1/holders/md0/slaves/nvme2n1/subsystem/nvme1n1/holders/md0/md/dev-nvme2n1/block/bdi/power HTTP/1.1" 200 3451 "-" "Amazon CloudFront"
64.252.67.164 - - [04/Sep/2026:09:43:43 +0000] "GET /?path=//sys/class/thermal/cooling_device3/device/physical_node/node0/memory28/node0/cpu5/firmware_node/subsystem/devices/PNP0A03:00/physical_node/pci_bus/0000:00/device/0000:00:1f.0/driver/0000:00:1e.0/subsystem/drivers/nvme/0000:00:1f.0/nvme/nvme2/nvme2n1/trace HTTP/1.1" 200 3374 "-" "Amazon CloudFront"
64.252.67.164 - - [04/Sep/2026:09:43:48 +0000] "GET /products/detail/208628339?path=//sys/bus/node/devices/node0/cpu1/driver/cpu7/driver/cpu2/node0/cpu4/firmware_node/subsystem/devices/PNP0A03:00/physical_node/0000:00:04.0/firmware_node/physical_node/nvme/nvme0/device/nvme/nvme0/nvme0n1/nvme0n1p128/subsystem/nvme1n1/holders/md0/slaves/nvme1n1/holders/md0/md/dev-nvme2n1 HTTP/1.1" 200 3769 "-" "Amazon CloudFront"
64.252.67.164 - - [04/Sep/2026:09:43:53 +0000] "GET /?path=//sys/class/thermal/cooling_device3/device/physical_node/node0/memory28/node0/cpu3/driver/cpu0/firmware_node/subsystem/devices/LNXSYSTM:00/LNXPWRBN:00/subsystem/devices/LNXSYSTM:00/LNXSYBUS:00/PNP0A03:00/device:21/physical_node/nvme/nvme2/device/driver/module/drivers/pci:nvme/module/drivers/pci:nvme/0000:00:1e.0/nvme/nvme1/nvme1n1/holders/md0/slaves/nvme1n1/holders/md0/md/dev-nvme1n1 HTTP/1.1" 200 3997 "-" "Amazon CloudFront"
64.252.67.164 - - [04/Sep/2026:09:43:56 +0000] "GET /?path=//sys/class/thermal/cooling_device3/device/physical_node/node0/memory28/node0/cpu5/firmware_node/subsystem/devices/PNP0A03:00/physical_node/pci_bus/0000:00/device/0000:00:1f.0/driver/module/drivers/pci:nvme/0000:00:1e.0/subsystem/devices/0000:00:05.0/driver/0000:00:05.0/firmware_node HTTP/1.1" 200 3527 "-" "Amazon CloudFront"
64.252.66.61 - - [04/Sep/2026:09:43:56 +0000] "GET /?fileloc=//sys/class/net/eth0/device/resource2_wc&path=//sys/class/net/eth0/device HTTP/1.1" 200 2580 "-" "Amazon CloudFront"
64.252.66.61 - - [04/Sep/2026:09:44:00 +0000] "GET /products/detail/208628339?path=//sys/bus/node/devices/node0/cpu1/driver/cpu7/driver/cpu2/node0/cpu1/firmware_node/thermal_cooling/device/physical_node/firmware_node/subsystem/devices/PNP0A03:00/physical_node/0000:00:1e.0/nvme/nvme1/nvme1n1/holders/md0/subsystem/nvme1n1/holders/md0/slaves/nvme2n1/device/nvme2n1/mq/7 HTTP/1.1" 200 3413 "-" "Amazon CloudFront"
64.252.67.164 - - [04/Sep/2026:09:44:02 +0000] "GET /?fileloc=//s3/f75bf04088964924b004465536090d8a/wordpress/wp-content/uploads/2021/06/%E6%9D%BE%E6%9D%91%E9%99%A2%E9%95%B7-1024x1024.jpg&path=//s3/f75bf04088964924b004465536090d8a/wordpress/wp-content/uploads/2021/06 HTTP/1.1" 200 2660 "-" "Amazon CloudFront"
64.252.68.74 - - [04/Sep/2026:09:44:03 +0000] "GET /?fileloc=//sys/module/iptable_nat/sections/__mcount_loc&path=//sys/module/iptable_nat/sections HTTP/1.1" 200 2592 "-" "Amazon CloudFront"
64.252.66.61 - - [04/Sep/2026:09:44:03 +0000] "GET /?fileloc=//etc/sysconfig/run-parts&path=//etc/sysconfig HTTP/1.1" 200 2557 "-" "Amazon CloudFront"
64.252.67.164 - - [04/Sep/2026:09:44:04 +0000] "GET /products/detail/208628339?path=//sys/bus/node/devices/node0/cpu1/driver/cpu7/driver/cpu2/node0/cpu1/firmware_node/thermal_cooling/device/physical_node/firmware_node/subsystem/devices/LNXSYBUS:00/PNP0A03:00/device:07/physical_node/net/eth0/device/subsystem/drivers/nvme/0000:00:04.0/nvme/nvme0/nvme0n1/mq/1/cpu3 HTTP/1.1" 200 2982 "-" "Amazon CloudFront"
64.252.66.102 - - [04/Sep/2026:09:44:09 +0000] "GET /?path=//sys/class/thermal/cooling_device3/device/physical_node/node0/memory28/node0/cpu5/firmware_node/subsystem/devices/PNP0A03:00/physical_node/pci_bus/0000:00/device/0000:00:1f.0/driver/0000:00:1e.0/subsystem/drivers/nvme/0000:00:1f.0/nvme/nvme2/nvme2n1/slaves HTTP/1.1" 200 2899 "-" "Amazon CloudFront"
64.252.66.102 - - [04/Sep/2026:09:44:11 +0000] "GET /products/detail/208628339?path=//sys/bus/node/devices/node0/cpu1/driver/cpu7/driver/cpu2/node0/cpu4/firmware_node/subsystem/devices/PNP0A03:00/physical_node/0000:00:04.0/firmware_node/physical_node/nvme/nvme0/nvme0n1/nvme0n1p128/subsystem/md0/md/dev-nvme1n1/block/holders/md0/md/dev-nvme1n1/block/queue HTTP/1.1" 200 4603 "-" "Amazon CloudFront"
64.252.67.164 - - [04/Sep/2026:09:44:13 +0000] "GET /?fileloc=//s3/f75bf04088964924b004465536090d8a/wordpress/wp-content/uploads/2021/06/%E4%BD%90%E8%B3%80%E5%A4%A7%E5%AD%A6%E5%A4%96%E8%A6%B3-300x200.jpg&path=//s3/f75bf04088964924b004465536090d8a/wordpress/wp-content/uploads/2021/06 HTTP/1.1" 200 2669 "-" "Amazon CloudFront"
64.252.67.164 - - [04/Sep/2026:09:44:16 +0000] "GET /products/detail/208628339?path=//sys/bus/node/devices/node0/cpu1/driver/cpu7/driver/cpu2/node0/cpu4/firmware_node/subsystem/devices/PNP0A03:00/physical_node/0000:00:04.0/nvme/nvme0/device/nvme/nvme0/nvme0n1/nvme0n1p128/subsystem/md0/slaves/nvme1n1/holders/md0/slaves/nvme2n1/device/nvme2n1/bdi HTTP/1.1" 200 3555 "-" "Amazon CloudFront"
64.252.67.164 - - [04/Sep/2026:09:44:20 +0000] "GET /?path=//sys/class/thermal/cooling_device3/device/physical_node/node0/memory28/node0/cpu5/firmware_node/subsystem/devices/PNP0A03:00/physical_node/pci_bus/0000:00/device/0000:00:1f.0/driver/0000:00:04.0/driver/module/drivers/pci:nvme/0000:00:04.0/firmware_node/subsystem/devices/PNP0A03:00/device:05 HTTP/1.1" 200 3539 "-" "Amazon CloudFront"
64.252.66.61 - - [04/Sep/2026:09:44:23 +0000] "GET /?fileloc=//s3/f75bf04088964924b004465536090d8a/wordpress/wp-content/uploads/2021/06/%E6%9D%BE%E6%9D%91%E9%99%A2%E9%95%B7-768x768.jpg&path=//s3/f75bf04088964924b004465536090d8a/wordpress/wp-content/uploads/2021/06 HTTP/1.1" 200 2659 "-" "Amazon CloudFront"
64.252.66.61 - - [04/Sep/2026:09:44:25 +0000] "GET /?path=//sys/class/thermal/cooling_device3/device/physical_node/node0/memory28/node0/cpu5/firmware_node/subsystem/devices/PNP0A03:00/physical_node/pci_bus/0000:00/device/0000:00:1f.0/driver/0000:00:04.0/driver/module/drivers/pci:nvme/0000:00:04.0/firmware_node/subsystem/devices/PNP0A03:00/power HTTP/1.1" 200 3427 "-" "Amazon CloudFront"
64.252.66.61 - - [04/Sep/2026:09:44:28 +0000] "GET /products/detail/208628339?path=//sys/bus/node/devices/node0/cpu1/driver/cpu7/driver/cpu2/node0/cpu1/firmware_node/thermal_cooling/device/physical_node/firmware_node/subsystem/drivers/button/LNXSLPBN:00/subsystem/devices/PNP0A03:00/physical_node/0000:00:1f.0/nvme/nvme2/nvme2n1/holders/md0/md/dev-nvme1n1/block/device/nvme1n1/mq/3 HTTP/1.1" 200 3454 "-" "Amazon CloudFront"
64.252.66.61 - - [04/Sep/2026:09:44:31 +0000] "GET /?path=//sys/class/thermal/cooling_device3/device/physical_node/node0/memory28/node0/cpu5/firmware_node/subsystem/devices/PNP0A03:00/physical_node/pci_bus/0000:00/device/0000:00:1f.0/driver/0000:00:04.0/driver/0000:00:1f.0/nvme/nvme2/nvme2n1/holders/md0/subsystem/nvme0n1p1/power HTTP/1.1" 200 3436 "-" "Amazon CloudFront"
64.252.67.164 - - [04/Sep/2026:09:44:40 +0000] "GET /products/detail/208628339?path=//sys/bus/node/devices/node0/cpu1/driver/cpu7/driver/cpu2/node0/cpu4/firmware_node/subsystem/devices/PNP0A03:00/device:21/physical_node/nvme/nvme2/device/nvme/nvme2/nvme2n1/holders/md0/md/dev-nvme2n1/block/holders/md0/md/rd1/block/mq/7 HTTP/1.1" 200 3363 "-" "Amazon CloudFront"
64.252.67.164 - - [04/Sep/2026:09:44:43 +0000] "GET /?path=//sys/class/thermal/cooling_device3/device/physical_node/node0/cpu0/node0/cpu4/firmware_node/subsystem/devices/LNXSYSTM:00/LNXSYBUS:01/subsystem/devices/PNP0A03:00/physical_node/0000:00:1e.0/driver/module/drivers/pci:nvme/module/drivers/pci:nvme/0000:00:1e.0/driver/0000:00:1f.0/nvme/nvme2/device/nvme/nvme2/nvme2n1/holders/md0/slaves/nvme1n1/holders/md0/slaves/nvme2n1/mq/7 HTTP/1.1" 200 3547 "-" "Amazon CloudFront"
64.252.67.164 - - [04/Sep/2026:09:44:46 +0000] "GET /?path=//sys/class/thermal/cooling_device3/device/physical_node/node0/memory28/node0/cpu5/firmware_node/subsystem/devices/PNP0A03:00/physical_node/pci_bus/0000:00/device/0000:00:1f.0/driver/0000:00:04.0/driver/module/drivers/pci:nvme/0000:00:1e.0/firmware_node/subsystem/devices/PNP0A03:00/device:1d HTTP/1.1" 200 3529 "-" "Amazon CloudFront"
64.252.66.61 - - [04/Sep/2026:09:44:49 +0000] "GET /?path=//sys/class/thermal/cooling_device3/device/physical_node/node0/cpu1/driver/cpu0/node0/cpu2/firmware_node/subsystem/devices/LNXSYSTM:00/LNXSYBUS:00/PNP0C0F:02/subsystem/devices/LNXSYSTM:00/LNXSYBUS:00/PNP0A03:00/device:06/physical_node/driver/0000:00:1e.0/nvme/nvme1/nvme1n1/holders/md0/slaves/nvme2n1/device/nvme2n1/holders/md0/md/rd0/block/trace HTTP/1.1" 200 3562 "-" "Amazon CloudFront"
64.252.67.164 - - [04/Sep/2026:09:44:52 +0000] "GET /?path=//sys/class/thermal/cooling_device3/device/physical_node/node0/memory28/node0/cpu5/firmware_node/subsystem/devices/PNP0A03:00/physical_node/pci_bus/0000:00/device/0000:00:1f.0/driver/module/drivers/pci:nvme/0000:00:1e.0/firmware_node/subsystem/devices/LNXSYSTM:00/LNXSYBUS:00/PNP0A03:00/device:19 HTTP/1.1" 200 3546 "-" "Amazon CloudFront"
64.252.67.164 - - [04/Sep/2026:09:44:53 +0000] "GET /?fileloc=//s3/f75bf04088964924b004465536090d8a/wordpress/wp-content/uploads/2021/06/1%E9%9D%A2_%E3%82%A4%E3%83%A9%E3%82%B9%E3%83%88-150x150.jpg&path=//s3/f75bf04088964924b004465536090d8a/wordpress/wp-content/uploads/2021/06 HTTP/1.1" 200 2664 "-" "Amazon CloudFront"
64.252.66.61 - - [04/Sep/2026:09:44:57 +0000] "GET /?path=//sys/class/thermal/cooling_device3/device/physical_node/node0/memory28/node0/cpu5/firmware_node/subsystem/devices/PNP0A03:00/physical_node/pci_bus/0000:00/device/0000:00:01.0/subsystem/drivers/nvme/0000:00:04.0/driver/0000:00:1f.0/nvme/nvme2/nvme2n1/slaves HTTP/1.1" 200 2904 "-" "Amazon CloudFront"
64.252.68.74 - - [04/Sep/2026:09:45:00 +0000] "GET /?path=//sys/class/thermal/cooling_device3/device/physical_node/node0/memory28/node0/cpu5/firmware_node/subsystem/devices/PNP0A03:00/physical_node/pci_bus/0000:00/device/0000:00:1e.0/driver/module/drivers/pci:nvme/0000:00:04.0/subsystem/devices/0000:00:1f.0/driver/0000:00:1f.0/nvme/nvme2/power HTTP/1.1" 200 3446 "-" "Amazon CloudFront"
64.252.67.164 - - [04/Sep/2026:09:45:03 +0000] "GET /?path=//sys/class/thermal/cooling_device3/device/physical_node/node0/memory28/node0/cpu5/firmware_node/subsystem/devices/PNP0A03:00/physical_node/pci_bus/0000:00/device/0000:00:1f.0/driver/module/drivers/pci:nvme/0000:00:1e.0/subsystem/devices/0000:00:1e.0/nvme/nvme1/nvme1n1/queue HTTP/1.1" 200 4736 "-" "Amazon CloudFront"
64.252.66.61 - - [04/Sep/2026:09:45:08 +0000] "GET /products/detail/208628339?path=//sys/bus/node/devices/node0/cpu1/driver/cpu7/driver/cpu2/node0/cpu4/firmware_node/subsystem/devices/PNP0A03:00/physical_node/firmware_node/physical_node/0000:00:1e.0/nvme/nvme1/device/nvme/nvme1/subsystem/nvme2/nvme2n1/device/nvme2n1/holders/md0/slaves/nvme1n1/holders/md0/bdi/power HTTP/1.1" 200 3472 "-" "Amazon CloudFront"
64.252.67.164 - - [04/Sep/2026:09:45:10 +0000] "GET /?fileloc=//s3/f75bf04088964924b004465536090d8a/wordpress/wp-content/uploads/2021/06/%E7%A6%8F%E6%BE%A4%E9%99%A2%E9%95%B7-150x150.jpg&path=//s3/f75bf04088964924b004465536090d8a/wordpress/wp-content/uploads/2021/06 HTTP/1.1" 200 2660 "-" "Amazon CloudFront"
64.252.66.61 - - [04/Sep/2026:09:45:12 +0000] "GET /?path=//sys/class/thermal/cooling_device3/device/physical_node/node0/memory28/node0/cpu5/firmware_node/subsystem/devices/PNP0A03:00/physical_node/pci_bus/0000:00/device/0000:00:1e.0/driver/module/drivers/pci:nvme/0000:00:1f.0/nvme/nvme2/subsystem/nvme1/nvme1n1/mq/4 HTTP/1.1" 200 3385 "-" "Amazon CloudFront"
64.252.66.102 - - [04/Sep/2026:09:45:16 +0000] "GET /products/detail/208628339?path=//sys/bus/node/devices/node0/cpu1/driver/cpu7/driver/cpu2/node0/cpu4/firmware_node/subsystem/devices/PNP0A03:00/physical_node/0000:00:04.0/subsystem/drivers/nvme/0000:00:1e.0/nvme/nvme1/nvme1n1/holders/md0/md/dev-nvme1n1/block/holders/md0/md/dev-nvme2n1/block/device/power HTTP/1.1" 200 3459 "-" "Amazon CloudFront"
64.252.67.164 - - [04/Sep/2026:09:45:20 +0000] "GET /products/detail/208628339?path=//sys/bus/node/devices/node0/cpu1/driver/cpu7/driver/cpu2/node0/cpu4/firmware_node/subsystem/devices/PNP0A03:00/physical_node/0000:00:04.0/nvme/nvme0/device/nvme/nvme0/nvme0n1/device/nvme0n1/nvme0n1p128/subsystem/nvme2n1/holders/md0/md/dev-nvme1n1/block/mq/4 HTTP/1.1" 200 3391 "-" "Amazon CloudFront"
64.252.66.61 - - [04/Sep/2026:09:45:24 +0000] "GET /products/detail/208628339?path=//sys/bus/node/devices/node0/cpu1/driver/cpu7/driver/cpu2/node0/cpu1/firmware_node/thermal_cooling/subsystem/cooling_device3/device/subsystem/devices/PNP0A03:00/physical_node/firmware_node/physical_node/0000:00:1e.0/nvme/nvme1/nvme1n1/holders/md0/md/dev-nvme1n1/block/device/nvme1n1/holders/md0/md/rd1/block/trace HTTP/1.1" 200 3492 "-" "Amazon CloudFront"
64.252.68.74 - - [04/Sep/2026:09:45:25 +0000] "GET /?fileloc=//s3/f75bf04088964924b004465536090d8a/wordpress/wp-content/uploads/2021/06/%E4%B8%AD%E5%B0%BE%E4%B8%BB%E4%BB%BB%E6%95%99%E6%8E%88.jpg&path=//s3/f75bf04088964924b004465536090d8a/wordpress/wp-content/uploads/2021/06 HTTP/1.1" 200 2663 "-" "Amazon CloudFront"
64.252.66.102 - - [04/Sep/2026:09:45:26 +0000] "GET /?fileloc=//sys/bus/machinecheck/devices/machinecheck6/cmci_disabled&path=//sys/bus/machinecheck/devices/machinecheck6 HTTP/1.1" 200 2588 "-" "Amazon CloudFront"
64.252.68.74 - - [04/Sep/2026:09:45:27 +0000] "GET /?fileloc=//s3/f75bf04088964924b004465536090d8a/wordpress/wp-content/uploads/2021/03/%E5%A4%9B%E7%94%B0%E6%95%99%E6%8E%88-150x150.jpg&path=//s3/f75bf04088964924b004465536090d8a/wordpress/wp-content/uploads/2021/03 HTTP/1.1" 200 2658 "-" "Amazon CloudFront"
64.252.66.61 - - [04/Sep/2026:09:45:28 +0000] "GET /products/detail/208628339?path=//sys/bus/node/devices/node0/cpu1/driver/cpu7/driver/cpu2/node0/cpu1/firmware_node/thermal_cooling/device/physical_node/firmware_node/subsystem/drivers/button/LNXSLPBN:00/subsystem/devices/PNP0A03:00/physical_node/0000:00:1f.0/nvme/nvme2/nvme2n1/holders/md0/md/dev-nvme1n1/block/device/nvme1n1/mq/0 HTTP/1.1" 200 3453 "-" "Amazon CloudFront"
64.252.67.164 - - [04/Sep/2026:09:45:28 +0000] "GET /products/detail/279626632 HTTP/1.1" 200 4265 "-" "Amazon CloudFront"
64.252.67.164 - - [04/Sep/2026:09:45:30 +0000] "GET /products/detail/335506622 HTTP/1.1" 200 4177 "-" "Amazon CloudFront"
64.252.67.164 - - [04/Sep/2026:09:45:32 +0000] "GET /products/detail/208628339?path=//sys/bus/node/devices/node0/cpu1/driver/cpu7/driver/cpu2/node0/cpu4/firmware_node/subsystem/devices/PNP0A03:00/device:21/physical_node/nvme/nvme2/device/nvme/nvme2/nvme2n1/holders/md0/md/dev-nvme2n1/block/holders/md0/md/rd1/block/mq/3 HTTP/1.1" 200 3364 "-" "Amazon CloudFront"
64.252.66.102 - - [04/Sep/2026:09:45:36 +0000] "GET /?path=//sys/class/thermal/cooling_device3/device/physical_node/node0/memory28/node0/cpu5/firmware_node/subsystem/devices/PNP0A03:00/physical_node/pci_bus/0000:00/device/0000:00:1f.0/driver/0000:00:04.0/driver/module/drivers/pci:nvme/0000:00:1e.0/firmware_node/subsystem/devices/PNP0A03:00/device:0c HTTP/1.1" 200 3528 "-" "Amazon CloudFront"
64.252.72.118 - - [04/Sep/2026:09:45:37 +0000] "GET /prizes/187112258?path=/var/www/volumes/e7eb1676fe914ef19681d6bb2d9efd0f HTTP/1.1" 200 2643 "-" "Amazon CloudFront"
64.252.67.164 - - [04/Sep/2026:09:45:39 +0000] "GET /?fileloc=//s3/f75bf04088964924b004465536090d8a/wordpress/wp-content/uploads/2021/06/%E7%AB%B9%E7%94%B0%E4%BB%A3%E8%A1%A8%E7%90%86%E4%BA%8B-1024x1024.jpg&path=//s3/f75bf04088964924b004465536090d8a/wordpress/wp-content/uploads/2021/06 HTTP/1.1" 200 2672 "-" "Amazon CloudFront"
64.252.68.74 - - [04/Sep/2026:09:45:39 +0000] "GET /products/detail/208628339?path=//sys/bus/node/devices/node0/cpu1/driver/cpu7/driver/cpu2/node0/cpu4/firmware_node/subsystem/devices/device:06/physical_node/nvme/nvme0/nvme0n1/subsystem/md0/md/dev-nvme1n1/block/holders/md0/md/rd0/block/device/device/nvme/nvme1 HTTP/1.1" 200 3837 "-" "Amazon CloudFront"
64.252.66.61 - - [04/Sep/2026:09:45:43 +0000] "GET /?path=//sys/class/thermal/cooling_device3/device/physical_node/node0/memory28/node0/cpu5/firmware_node/subsystem/devices/PNP0A03:00/physical_node/pci_bus/0000:00/device/0000:00:1e.0/driver/module/drivers/pci:nvme/0000:00:04.0/driver/0000:00:1f.0/subsystem/devices/0000:00:04.0/nvme/nvme0/nvme0n1/integrity HTTP/1.1" 200 3524 "-" "Amazon CloudFront"
64.252.68.74 - - [04/Sep/2026:09:45:47 +0000] "GET /products/detail/208628339?path=//sys/bus/node/devices/node0/cpu1/driver/cpu7/driver/cpu2/node0/cpu4/firmware_node/subsystem/devices/PNP0A03:00/physical_node/firmware_node/physical_node/0000:00:01.3/subsystem/drivers/nvme/module/drivers/pci:nvme/0000:00:1f.0/nvme/nvme2/nvme2n1/holders/md0/md/rd1/block/holders/md0/md/rd1 HTTP/1.1" 200 3780 "-" "Amazon CloudFront"
64.252.66.61 - - [04/Sep/2026:09:45:52 +0000] "GET /products/detail/208628339?path=//sys/bus/node/devices/node0/cpu1/driver/cpu7/driver/cpu2/node0/cpu4/firmware_node/subsystem/devices/PNP0A03:00/physical_node/0000:00:04.0/subsystem/drivers/nvme/0000:00:1e.0/nvme/nvme1/nvme1n1/holders/md0/md/dev-nvme1n1/block/holders/md0/slaves/nvme2n1/device/device/firmware_node HTTP/1.1" 200 3580 "-" "Amazon CloudFront"
64.252.66.102 - - [04/Sep/2026:09:45:56 +0000] "GET /?fileloc=//s3/f75bf04088964924b004465536090d8a/wordpress/wp-content/uploads/2021/06/%E7%A6%8F%E6%BE%A4%E9%99%A2%E9%95%B7-768x768.jpg&path=//s3/f75bf04088964924b004465536090d8a/wordpress/wp-content/uploads/2021/06 HTTP/1.1" 200 2660 "-" "Amazon CloudFront"
64.252.68.74 - - [04/Sep/2026:09:45:56 +0000] "GET /?path=//sys/bus/memory/devices/memory1/node0/memory7/node0/cpu1/subsystem/drivers/processor/cpu5/firmware_node/subsystem/devices/PNP0A03:00/physical_node/firmware_node/device:20/physical_node/driver/0000:00:1f.0/nvme/nvme2/nvme2n1/device/device/nvme/nvme2/nvme2n1/holders/md0/md/rd1/block/holders/md0/md/dev-nvme1n1/block/mq/2/cpu2 HTTP/1.1" 200 3025 "-" "Amazon CloudFront"
64.252.66.102 - - [04/Sep/2026:09:45:59 +0000] "GET /products/detail/208628339?path=//sys/bus/node/devices/node0/cpu1/driver/cpu7/driver/cpu2/node0/cpu4/firmware_node/subsystem/devices/PNP0A03:00/physical_node/0000:00:04.0/firmware_node/physical_node/nvme/nvme0/nvme0n1/nvme0n1p128/subsystem/md0/slaves/nvme1n1/device/nvme1n1/holders/md0/md/rd1/block/device/power HTTP/1.1" 200 3472 "-" "Amazon CloudFront"
64.252.66.61 - - [04/Sep/2026:09:46:04 +0000] "GET /?path=//sys/class/thermal/cooling_device3/device/physical_node/node0/memory28/node0/cpu5/firmware_node/subsystem/devices/PNP0A03:00/physical_node/pci_bus/0000:00/device/0000:00:01.0/subsystem/drivers/nvme/module/drivers/pci:nvme/0000:00:1f.0/driver/0000:00:1e.0/driver/module/sections HTTP/1.1" 200 4135 "-" "Amazon CloudFront"
64.252.70.102 - - [04/Sep/2026:09:46:07 +0000] "GET /products/detail/219385814?path=/var/www/volumes/3224927569e94ce9986b83623195f1c0 HTTP/1.1" 200 2643 "-" "Amazon CloudFront"
64.252.66.102 - - [04/Sep/2026:09:46:08 +0000] "GET /?path=//sys/class/thermal/cooling_device3/device/physical_node/node0/memory28/node0/cpu5/firmware_node/subsystem/devices/PNP0A03:00/physical_node/pci_bus/0000:00/device/0000:00:1f.0/driver/0000:00:04.0/driver/module/drivers/pci:nvme/0000:00:1e.0/firmware_node/subsystem/devices/LNXCPU:06/power HTTP/1.1" 200 3447 "-" "Amazon CloudFront"
64.252.68.74 - - [04/Sep/2026:09:46:11 +0000] "GET /products/detail/268574521 HTTP/1.1" 200 4177 "-" "Amazon CloudFront"
64.252.66.61 - - [04/Sep/2026:09:46:12 +0000] "GET /?path=//sys/class/thermal/cooling_device3/device/physical_node/node0/memory28/node0/cpu5/firmware_node/subsystem/devices/LNXSYSTM:00/LNXSYBUS:00/PNP0A03:00/physical_node/0000:00:04.0/driver/0000:00:1e.0/nvme/nvme1/device/driver/0000:00:1f.0/nvme/nvme2/nvme2n1/holders/md0/md/dev-nvme1n1/block/holders/md0/slaves/nvme2n1/subsystem/nvme1n1/mq/2/cpu2 HTTP/1.1" 200 3054 "-" "Amazon CloudFront"
64.252.66.61 - - [04/Sep/2026:09:46:14 +0000] "GET /?fileloc=//s3/f75bf04088964924b004465536090d8a/wordpress/wp-content/uploads/2021/06/%E5%B2%A1%E6%9C%AC%E7%97%85%E9%99%A2%E9%95%B7-1024x1024.jpg&path=//s3/f75bf04088964924b004465536090d8a/wordpress/wp-content/uploads/2021/06 HTTP/1.1" 200 2665 "-" "Amazon CloudFront"
64.252.68.74 - - [04/Sep/2026:09:46:16 +0000] "GET /?path=//sys/bus/memory/devices/memory1/node0/memory28/node0/cpu2/driver/cpu4/firmware_node/subsystem/devices/PNP0A03:00/physical_node/0000:00:04.0/driver/0000:00:1f.0/subsystem/drivers/nvme/0000:00:1f.0/nvme/nvme2/nvme2n1/holders/md0/md/dev-nvme2n1/block/holders/md0/md/rd0/block/device/nvme1n1/mq/1 HTTP/1.1" 200 3441 "-" "Amazon CloudFront"
64.252.66.61 - - [04/Sep/2026:09:46:20 +0000] "GET /products/detail/208628339?path=//sys/bus/node/devices/node0/cpu1/driver/cpu7/driver/cpu2/node0/cpu4/firmware_node/subsystem/devices/PNP0A03:00/physical_node/0000:00:04.0/firmware_node/physical_node/nvme/nvme0/device/nvme/nvme0/nvme0n1/nvme0n1p128/subsystem/md0/slaves/nvme2n1/holders/md0/md/dev-nvme1n1/block/device/power HTTP/1.1" 200 3488 "-" "Amazon CloudFront"
64.252.68.74 - - [04/Sep/2026:09:46:24 +0000] "GET /products/detail/208628339?path=//sys/bus/node/devices/node0/cpu1/driver/cpu7/driver/cpu2/node0/cpu4/firmware_node/subsystem/devices/LNXSYSTM:00/LNXSYBUS:00/PNP0A03:00/device:05/physical_node/subsystem/drivers/nvme/module/drivers/pci:nvme/0000:00:1f.0/firmware_node/physical_node/nvme/nvme2/nvme2n1/holders/md0/md/dev-nvme2n1/block/mq/0 HTTP/1.1" 200 3457 "-" "Amazon CloudFront"
64.252.67.164 - - [04/Sep/2026:09:46:28 +0000] "GET /products/detail/208628339?path=//sys/bus/node/devices/node0/cpu1/driver/cpu7/driver/cpu2/node0/cpu1/firmware_node/thermal_cooling/device/physical_node/firmware_node/subsystem/devices/LNXSYBUS:00/PNP0A03:00/device:20/physical_node/nvme/nvme1/nvme1n1/holders/md0/md/dev-nvme2n1/block/holders/md0/bdi/subsystem/259:2 HTTP/1.1" 200 3571 "-" "Amazon CloudFront"
64.252.67.164 - - [04/Sep/2026:09:46:30 +0000] "GET /?fileloc=//s3/f75bf04088964924b004465536090d8a/wordpress/wp-content/uploads/2021/06/1%E9%9D%A2_%E8%A1%A8-886x1024.jpg&path=//s3/f75bf04088964924b004465536090d8a/wordpress/wp-content/uploads/2021/06 HTTP/1.1" 200 2649 "-" "Amazon CloudFront"
64.252.67.164 - - [04/Sep/2026:09:46:31 +0000] "GET /?fileloc=//s3/f75bf04088964924b004465536090d8a/wordpress/wp-content/uploads/2023/09/%E8%97%A4%E7%94%B0%E5%8C%BB%E7%A7%91%E5%A4%A7%E5%AD%A6_%E6%96%B0%E5%9E%8B%E3%82%B3%E3%83%AD%E3%83%8A%E3%83%AF%E3%82%AF%E3%83%81%E3%83%B3%E5%A4%A7%E8%A6%8F%E6%A8%A1%E6%8E%A5%E7%A8%AE%E4%BC%9A%E5%A0%B4-300x183.jpg&path=//s3/f75bf04088964924b004465536090d8a/wordpress/wp-content/uploads/2023/09 HTTP/1.1" 200 2732 "-" "Amazon CloudFront"
64.252.67.164 - - [04/Sep/2026:09:46:31 +0000] "GET /products/detail/208628339?path=//sys/bus/node/devices/node0/cpu1/driver/cpu7/driver/cpu2/node0/cpu4/firmware_node/subsystem/devices/PNP0A03:00/physical_node/0000:00:04.0/nvme/nvme0/nvme0n1/subsystem/nvme1n1/holders/md0/md/dev-nvme1n1/block/holders/md0/slaves/nvme2n1/device/device/nvme/nvme2/nvme2n1/slaves HTTP/1.1" 200 2972 "-" "Amazon CloudFront"
64.252.68.74 - - [04/Sep/2026:09:46:35 +0000] "GET /?path=//sys/class/thermal/cooling_device3/device/physical_node/node0/memory28/node0/cpu5/firmware_node/subsystem/devices/PNP0A03:00/physical_node/pci_bus/0000:00/device/0000:00:05.0/subsystem/drivers/nvme/0000:00:04.0/driver/module/drivers/pci:nvme/0000:00:1e.0/driver/0000:00:1f.0/firmware_node HTTP/1.1" 200 3507 "-" "Amazon CloudFront"
64.252.67.164 - - [04/Sep/2026:09:46:39 +0000] "GET /?path=//sys/class/thermal/cooling_device3/device/physical_node/node0/memory28/node0/cpu5/firmware_node/subsystem/devices/PNP0A03:00/physical_node/pci_bus/0000:00/device/0000:00:1f.0/driver/module/drivers/pci:nvme/0000:00:1f.0/subsystem/drivers/ena/0000:00:05.0/driver/module/notes HTTP/1.1" 200 3236 "-" "Amazon CloudFront"
64.252.68.74 - - [04/Sep/2026:09:46:43 +0000] "GET /?fileloc=//s3/f75bf04088964924b004465536090d8a/wordpress/wp-content/uploads/2021/06/%E4%BD%90%E8%97%A4%E9%99%A2%E9%95%B7-150x150.jpg&path=//s3/f75bf04088964924b004465536090d8a/wordpress/wp-content/uploads/2021/06 HTTP/1.1" 200 2660 "-" "Amazon CloudFront"
64.252.67.164 - - [04/Sep/2026:09:46:45 +0000] "GET /products/detail/208628339?path=//sys/bus/node/devices/node0/cpu1/driver/cpu7/driver/cpu2/node0/cpu1/firmware_node/thermal_cooling/device/physical_node/firmware_node/subsystem/devices/LNXSYBUS:00/PNP0A03:00/device:20/physical_node/nvme/nvme1/nvme1n1/holders/md0/md/dev-nvme2n1/block/subsystem/nvme2n1/holders/md0/trace HTTP/1.1" 200 3445 "-" "Amazon CloudFront"
64.252.68.74 - - [04/Sep/2026:09:46:48 +0000] "GET /products/detail/284656167 HTTP/1.1" 200 4177 "-" "Amazon CloudFront"
64.252.68.74 - - [04/Sep/2026:09:46:49 +0000] "GET /products/detail/208628339?path=//sys/bus/node/devices/node0/cpu1/driver/cpu7/driver/cpu2/node0/cpu4/firmware_node/thermal_cooling/device/physical_node/firmware_node/thermal_cooling/device/subsystem/devices/LNXSYSTM:00/LNXSYBUS:00/PNP0A03:00/device:21/physical_node/nvme/nvme2/nvme2n1/holders/md0/slaves/nvme1n1/holders/md0/md/rd0/block/mq/4 HTTP/1.1" 200 3467 "-" "Amazon CloudFront"
64.252.66.102 - - [04/Sep/2026:09:46:53 +0000] "GET /?path=//sys/class/thermal/cooling_device3/device/physical_node/node0/memory28/node0/cpu5/firmware_node/subsystem/devices/PNP0A03:00/physical_node/pci_bus/0000:00/device/0000:00:1e.0/driver/module/drivers/pci:nvme/0000:00:1f.0/firmware_node/subsystem/devices/LNXSYSTM:00/LNXSYBUS:00/PNP0A03:00/device:02/PNP0400:00 HTTP/1.1" 200 3572 "-" "Amazon CloudFront"
64.252.68.74 - - [04/Sep/2026:09:46:54 +0000] "GET /products/detail/322974016 HTTP/1.1" 200 4265 "-" "Amazon CloudFront"
64.252.67.164 - - [04/Sep/2026:09:46:56 +0000] "GET /?path=//sys/bus/memory/devices/memory1/node0/memory7/node0/cpu1/subsystem/drivers/processor/cpu5/firmware_node/subsystem/devices/PNP0A03:00/physical_node/firmware_node/physical_node/0000:00:1e.0/driver/module/drivers/pci:nvme/0000:00:1f.0/driver/0000:00:1e.0/nvme/nvme1/nvme1n1/device/nvme1n1/holders/md0/md/rd1/block/device/nvme2n1/holders/md0/slaves HTTP/1.1" 200 3334 "-" "Amazon CloudFront"
64.252.66.61 - - [04/Sep/2026:09:46:56 +0000] "GET /?fileloc=//sys/class/net/lo/statistics/rx_crc_errors&path=//sys/class/net/lo/statistics HTTP/1.1" 200 2585 "-" "Amazon CloudFront"
64.252.68.74 - - [04/Sep/2026:09:46:59 +0000] "GET /?fileloc=//s3/f75bf04088964924b004465536090d8a/wordpress/wp-content/uploads/2021/06/%E6%9D%BF%E6%9C%AC%E9%99%A2%E9%95%B7-1024x1024.jpg&path=//s3/f75bf04088964924b004465536090d8a/wordpress/wp-content/uploads/2021/06 HTTP/1.1" 200 2660 "-" "Amazon CloudFront"
64.252.67.164 - - [04/Sep/2026:09:46:59 +0000] "GET /products/detail/208628339?path=//sys/bus/node/devices/node0/cpu1/driver/cpu7/driver/cpu2/node0/cpu1/firmware_node/thermal_cooling/device/physical_node/firmware_node/subsystem/devices/LNXSYBUS:00/PNP0A03:00/device:20/physical_node/nvme/nvme1/nvme1n1/holders/md0/md/dev-nvme2n1/block/subsystem/nvme2n1/holders/md0/queue HTTP/1.1" 200 4723 "-" "Amazon CloudFront"
64.252.68.74 - - [04/Sep/2026:09:47:04 +0000] "GET /products/detail/208628339?path=//sys/bus/node/devices/node0/cpu1/driver/cpu7/driver/cpu2/node0/cpu4/firmware_node/subsystem/devices/PNP0A03:00/physical_node/0000:00:04.0/firmware_node/physical_node/nvme/nvme0/device/nvme/nvme0/nvme0n1/nvme0n1p128/subsystem/md0/slaves/nvme2n1/holders/md0/md/dev-nvme1n1/block/device/nvme1n1 HTTP/1.1" 200 4281 "-" "Amazon CloudFront"
64.252.68.74 - - [04/Sep/2026:09:47:08 +0000] "GET /?path=//sys/class/thermal/cooling_device3/device/physical_node/node0/memory0/node0/cpu0/firmware_node/subsystem/devices/device:17/subsystem/devices/LNXSYBUS:00/PNP0A03:00/physical_node/pci_bus/0000:00/device/0000:00:1f.0/driver/module/drivers/pci:nvme/0000:00:1f.0/driver/0000:00:1e.0/nvme/nvme1/nvme1n1/holders/md0/md/rd1/block/holders/md0/slaves/nvme2n1/slaves HTTP/1.1" 200 3057 "-" "Amazon CloudFront"
64.252.67.164 - - [04/Sep/2026:09:47:12 +0000] "GET /products/detail/208628339?path=//sys/bus/node/devices/node0/cpu1/driver/cpu7/driver/cpu2/node0/cpu1/firmware_node/thermal_cooling/device/physical_node/firmware_node/subsystem/devices/PNP0A03:00/physical_node/0000:00:1e.0/nvme/nvme1/nvme1n1/holders/md0/md/rd1/block/device/subsystem/nvme0/nvme0n1/mq/1/cpu3 HTTP/1.1" 200 2977 "-" "Amazon CloudFront"
64.252.66.102 - - [04/Sep/2026:09:47:16 +0000] "GET /products/detail/208628339?path=//sys/bus/node/devices/node0/cpu1/driver/cpu7/driver/cpu2/node0/cpu1/firmware_node/thermal_cooling/subsystem/cooling_device1/device/subsystem/devices/LNXSYSTM:00/LNXSYBUS:00/PNP0A03:00/physical_node/pci_bus/0000:00/device/0000:00:1f.0/firmware_node/physical_node/nvme/nvme2/nvme2n1/holders/md0/md/rd1/block/queue HTTP/1.1" 200 4856 "-" "Amazon CloudFront"
64.252.66.102 - - [04/Sep/2026:09:47:20 +0000] "GET /?path=//sys/bus/memory/devices/memory1/node0/memory30/node0/cpu6/firmware_node/subsystem/devices/device:21/physical_node/driver/module/drivers/pci:nvme/0000:00:1f.0/driver/0000:00:1f.0/firmware_node/physical_node/nvme/nvme2/subsystem/nvme2/nvme2n1/device/nvme2n1/holders/md0/md/dev-nvme1n1/block/device/nvme1n1/holders/md0/md/rd1/block/queue HTTP/1.1" 200 4969 "-" "Amazon CloudFront"
64.252.66.61 - - [04/Sep/2026:09:47:23 +0000] "GET /products/detail/208628339?path=//sys/bus/node/devices/node0/cpu1/driver/cpu7/driver/cpu2/node0/cpu4/firmware_node/subsystem/devices/device:20/physical_node/firmware_node/physical_node/nvme/nvme1/subsystem/nvme1/nvme1n1/device/nvme1n1/holders/md0/slaves/nvme2n1/holders/md0/slaves/nvme2n1/mq/7/cpu7 HTTP/1.1" 200 2934 "-" "Amazon CloudFront"
64.252.67.164 - - [04/Sep/2026:09:47:25 +0000] "GET /?fileloc=//s3/f75bf04088964924b004465536090d8a/wordpress/wp-content/uploads/2021/06/%E8%A5%BF%E5%B4%8E%E9%99%A2%E9%95%B7.jpg&path=//s3/f75bf04088964924b004465536090d8a/wordpress/wp-content/uploads/2021/06 HTTP/1.1" 200 2655 "-" "Amazon CloudFront"
64.252.66.61 - - [04/Sep/2026:09:47:28 +0000] "GET /?path=//sys/class/thermal/cooling_device3/device/physical_node/node0/memory28/node0/cpu5/firmware_node/subsystem/devices/PNP0A03:00/physical_node/pci_bus/0000:00/device/0000:00:04.0/driver/0000:00:04.0/driver/module/drivers/pci:nvme/0000:00:1e.0/subsystem/devices/0000:00:05.0/msi_irqs HTTP/1.1" 200 3481 "-" "Amazon CloudFront"
64.252.66.102 - - [04/Sep/2026:09:47:31 +0000] "GET /products/detail/208628339?path=//sys/bus/node/devices/node0/cpu1/driver/cpu7/driver/cpu2/node0/cpu1/firmware_node/thermal_cooling/device/physical_node/firmware_node/subsystem/devices/PNP0A03:00/physical_node/0000:00:1e.0/nvme/nvme1/nvme1n1/holders/md0/md/rd1/block/holders/md0/md/dev-nvme1n1/block/subsystem/nvme0n1 HTTP/1.1" 200 4344 "-" "Amazon CloudFront"
64.252.67.164 - - [04/Sep/2026:09:47:36 +0000] "GET /products/detail/208628339?path=//sys/bus/node/devices/node0/cpu1/driver/cpu7/driver/cpu2/node0/cpu4/firmware_node/subsystem/devices/PNP0A03:00/physical_node/0000:00:04.0/firmware_node/physical_node/nvme/nvme0/nvme0n1/nvme0n1p128/subsystem/md0/md/rd0/block/holders/md0/slaves/nvme1n1/device/device/nvme/nvme1 HTTP/1.1" 200 3925 "-" "Amazon CloudFront"
64.252.68.74 - - [04/Sep/2026:09:47:40 +0000] "GET /?path=//sys/class/thermal/cooling_device3/device/physical_node/node0/memory28/node0/cpu5/firmware_node/subsystem/devices/PNP0A03:00/physical_node/pci_bus/0000:00/device/0000:00:1e.0/driver/module/drivers/pci:nvme/0000:00:1f.0/driver/0000:00:1f.0/firmware_node/subsystem/devices/PNP0A03:00/device:21/power HTTP/1.1" 200 3445 "-" "Amazon CloudFront"
64.252.66.102 - - [04/Sep/2026:09:47:40 +0000] "GET /?path=//run/setrans HTTP/1.1" 200 2602 "-" "Amazon CloudFront"
64.252.67.164 - - [04/Sep/2026:09:47:43 +0000] "GET /products/detail/225861420?path=//sys/devices/pci0000:00/firmware_node/device:07/physical_node/firmware_node/subsystem/devices/device:20/physical_node/driver/0000:00:1f.0/nvme/nvme2/nvme2n1/subsystem/nvme1n1/holders/md0/md/dev-nvme2n1/block/device/device/driver/module/drivers/pci:nvme/module/drivers/pci:nvme/0000:00:1f.0/nvme/nvme2/nvme2n1/holders/md0/md/dev-nvme1n1/block/integrity HTTP/1.1" 200 3585 "-" "Amazon CloudFront"
64.252.66.102 - - [04/Sep/2026:09:47:48 +0000] "GET /products/detail/208628339?path=//sys/bus/node/devices/node0/cpu1/driver/cpu7/driver/cpu2/node0/cpu4/firmware_node/subsystem/devices/PNP0A03:00/physical_node/firmware_node/physical_node/0000:00:04.0/nvme/nvme0/device/subsystem/drivers/ena/module/drivers/pci:ena/0000:00:05.0/net/eth0/device/net/eth0/queues/tx-3/byte_queue_limits HTTP/1.1" 200 3471 "-" "Amazon CloudFront"
64.252.66.102 - - [04/Sep/2026:09:47:51 +0000] "GET /?path=//sys/class/thermal/cooling_device3/device/physical_node/node0/cpu0/node0/cpu4/firmware_node/subsystem/devices/LNXSYSTM:00/LNXSYBUS:01/subsystem/devices/PNP0A03:00/physical_node/0000:00:1e.0/driver/module/drivers/pci:nvme/module/drivers/pci:nvme/0000:00:1e.0/driver/0000:00:1f.0/nvme/nvme2/device/nvme/nvme2/nvme2n1/holders/md0/md/dev-nvme1n1/block/holders/md0/md/rd1/block/integrity HTTP/1.1" 200 3681 "-" "Amazon CloudFront"
64.252.66.61 - - [04/Sep/2026:09:47:56 +0000] "GET /?path=//sys/class/thermal/cooling_device3/device/physical_node/node0/memory28/node0/cpu5/firmware_node/subsystem/devices/PNP0A03:00/physical_node/pci_bus/0000:00/device/0000:00:1f.0/driver/0000:00:1f.0/driver/0000:00:1e.0/nvme/nvme1/nvme1n1/holders/md0/md/rd0/block HTTP/1.1" 200 4235 "-" "Amazon CloudFront"
64.252.67.164 - - [04/Sep/2026:09:48:00 +0000] "GET /?fileloc=//s3/f75bf04088964924b004465536090d8a/wordpress/wp-content/uploads/2023/06/%E5%BE%B3%E5%B3%B6%E5%A4%A7%E5%AD%A6%E7%97%85%E9%99%A2_%E5%A4%96%E8%A6%B3-150x150.jpg&path=//s3/f75bf04088964924b004465536090d8a/wordpress/wp-content/uploads/2023/06 HTTP/1.1" 200 2676 "-" "Amazon CloudFront"
64.252.66.61 - - [04/Sep/2026:09:48:00 +0000] "GET /?path=//sys/bus/memory/devices/memory1/node0/memory30/node0/cpu6/firmware_node/subsystem/devices/device:21/physical_node/driver/module/drivers/pci:nvme/0000:00:1e.0/nvme/nvme1/device/firmware_node/physical_node/driver/0000:00:04.0/nvme/nvme0/subsystem/nvme1/nvme1n1/holders/md0/slaves/nvme2n1/holders/md0/md/rd0/block/device/nvme1n1/integrity HTTP/1.1" 200 3605 "-" "Amazon CloudFront"
64.252.67.164 - - [04/Sep/2026:09:48:03 +0000] "GET /products/detail/68562450 HTTP/1.1" 200 4265 "-" "Amazon CloudFront"
64.252.67.164 - - [04/Sep/2026:09:48:04 +0000] "GET /products/detail/208628339?path=//sys/bus/node/devices/node0/cpu1/driver/cpu7/driver/cpu2/node0/cpu1/firmware_node/thermal_cooling/device/physical_node/firmware_node/subsystem/drivers/button/LNXSLPBN:00/subsystem/devices/PNP0A03:00/device:20/physical_node/nvme/nvme1/nvme1n1/device/nvme1n1/holders/md0/md/dev-nvme1n1 HTTP/1.1" 200 3756 "-" "Amazon CloudFront"
64.252.68.74 - - [04/Sep/2026:09:48:08 +0000] "GET /products/detail/208628339?path=//sys/bus/node/devices/node0/cpu1/driver/cpu7/driver/cpu2/node0/cpu1/firmware_node/thermal_cooling/device/physical_node/firmware_node/subsystem/devices/PNP0A03:00/physical_node/0000:00:1e.0/nvme/nvme1/nvme1n1/holders/md0/md/rd0/block/holders/md0/md/dev-nvme2n1/block/device/power HTTP/1.1" 200 3467 "-" "Amazon CloudFront"
64.252.66.102 - - [04/Sep/2026:09:48:12 +0000] "GET /?path=//sys/class/thermal/cooling_device3/device/physical_node/node0/cpu1/driver/cpu0/node0/cpu2/firmware_node/subsystem/devices/LNXSYSTM:00/LNXSYBUS:00/PNP0C0F:04/subsystem/devices/PNP0A03:00/physical_node/pci_bus/0000:00/device/0000:00:04.0/driver/module/drivers/pci:nvme/module/drivers/pci:nvme/0000:00:1e.0/nvme/nvme1/nvme1n1/holders/md0/md/dev-nvme1n1/block/holders/md0/md/rd0/block/mq/1 HTTP/1.1" 200 3596 "-" "Amazon CloudFront"
64.252.66.61 - - [04/Sep/2026:09:48:16 +0000] "GET /products/detail/208628339?path=//sys/bus/node/devices/node0/cpu1/driver/cpu7/driver/cpu2/node0/cpu1/firmware_node/thermal_cooling/subsystem/cooling_device7/device/physical_node/firmware_node/subsystem/devices/LNXSYSTM:00/LNXSYBUS:00/PNP0A03:00/physical_node/0000:00:1f.0/nvme/nvme2/device/nvme/nvme2/nvme2n1/holders/md0/slaves/nvme2n1/mq/3 HTTP/1.1" 200 3447 "-" "Amazon CloudFront"
64.252.68.74 - - [04/Sep/2026:09:48:18 +0000] "GET /?path=//sys/class/thermal/cooling_device1/subsystem/cooling_device7/device/subsystem HTTP/1.1" 200 3138 "-" "Amazon CloudFront"
64.252.66.61 - - [04/Sep/2026:09:48:19 +0000] "GET /?path=//sys/class/thermal/cooling_device3/device/physical_node/node0/memory28/node0/cpu5/firmware_node/subsystem/devices/PNP0A03:00/physical_node/pci_bus/0000:00/device/0000:00:01.0/subsystem/drivers/nvme/module/drivers/pci:nvme/0000:00:1e.0/driver/0000:00:04.0/driver/module/notes HTTP/1.1" 200 3233 "-" "Amazon CloudFront"
64.252.66.102 - - [04/Sep/2026:09:48:23 +0000] "GET /?path=//sys/module/psmouse/holders HTTP/1.1" 200 2622 "-" "Amazon CloudFront"
64.252.66.61 - - [04/Sep/2026:09:48:24 +0000] "GET /?path=//sys/class/thermal/cooling_device3/device/physical_node/node0/memory28/node0/cpu5/firmware_node/subsystem/devices/PNP0A03:00/physical_node/pci_bus/0000:00/device/0000:00:1e.0/driver/0000:00:04.0/driver/0000:00:1e.0/firmware_node/subsystem/devices/LNXSYSTM:00/LNXSYBUS:00/PNP0A03:00/device:06/power HTTP/1.1" 200 3443 "-" "Amazon CloudFront"
64.252.66.102 - - [04/Sep/2026:09:48:28 +0000] "GET /products/detail/208628339?path=//sys/bus/node/devices/node0/cpu1/driver/cpu7/driver/cpu2/node0/cpu4/firmware_node/thermal_cooling/device/physical_node/firmware_node/subsystem/devices/device:20/physical_node/nvme/nvme1/nvme1n1/holders/md0/md/dev-nvme1n1/block/device/nvme1n1/subsystem/nvme0n1/mq/0/cpu5 HTTP/1.1" 200 2936 "-" "Amazon CloudFront"
64.252.67.164 - - [04/Sep/2026:09:48:32 +0000] "GET /?path=//sys/class/thermal/cooling_device3/device/physical_node/node0/memory28/node0/cpu5/firmware_node/subsystem/devices/PNP0A03:00/physical_node/pci_bus/0000:00/device/0000:00:01.0/subsystem/drivers/nvme/module/drivers/pci:nvme/0000:00:1e.0/driver/0000:00:04.0/driver/module/parameters HTTP/1.1" 200 3348 "-" "Amazon CloudFront"
64.252.68.74 - - [04/Sep/2026:09:48:36 +0000] "GET /?path=//sys/class/thermal/cooling_device3/device/physical_node/node0/memory28/node0/cpu5/firmware_node/subsystem/devices/PNP0A03:00/physical_node/pci_bus/0000:00/device/0000:00:01.3/subsystem/devices/0000:00:1f.0/driver/0000:00:1e.0/driver/0000:00:1f.0/nvme/nvme2/nvme2n1/holders/md0/slaves/nvme1n1 HTTP/1.1" 200 4244 "-" "Amazon CloudFront"
64.252.67.164 - - [04/Sep/2026:09:48:38 +0000] "GET /?fileloc=//s3/f75bf04088964924b004465536090d8a/wordpress/wp-content/uploads/2021/07/1%E9%9D%A2_%E8%A1%A801-3.pdf&path=//s3/f75bf04088964924b004465536090d8a/wordpress/wp-content/uploads/2021/07 HTTP/1.1" 200 2644 "-" "Amazon CloudFront"
64.252.68.74 - - [04/Sep/2026:09:48:39 +0000] "GET /?path=//sys/class/thermal/cooling_device3/device/physical_node/node0/memory28/node0/cpu5/firmware_node/subsystem/devices/PNP0A03:00/physical_node/pci_bus/0000:00/device/0000:00:1f.0/driver/module/drivers/pci:nvme/0000:00:04.0/nvme/nvme0/nvme0n1/nvme0n1p128/subsystem/nvme2n1/trace HTTP/1.1" 200 3419 "-" "Amazon CloudFront"
64.252.66.61 - - [04/Sep/2026:09:48:41 +0000] "GET /?fileloc=//s3/f75bf04088964924b004465536090d8a/wordpress/wp-content/uploads/2021/07/1%E9%9D%A2_%E8%A1%A804.pdf&path=//s3/f75bf04088964924b004465536090d8a/wordpress/wp-content/uploads/2021/07 HTTP/1.1" 200 2643 "-" "Amazon CloudFront"
64.252.70.102 - - [04/Sep/2026:09:48:41 +0000] "GET /products/detail/315407036?fileloc=//sbin/pvck&path=//sbin HTTP/1.1" 200 2539 "-" "Amazon CloudFront"
