64.252.66.61 - - [04/Sep/2026:05:54:48 +0000] "GET /?path=//sys/class/thermal/cooling_device3/device/physical_node/node0/memory28/node0/cpu5/firmware_node/subsystem/devices/PNP0A03:00/physical_node/pci_bus/0000:00/device/0000:00:1f.0/driver/module/drivers/pci:nvme/0000:00:1e.0/firmware_node/subsystem/devices/LNXSYBUS:00/PNP0A03:00/device:12/power HTTP/1.1" 200 3451 "-" "Amazon CloudFront"
64.252.66.61 - - [04/Sep/2026:05:54:52 +0000] "GET /?path=//sys/bus/acpi/devices/LNXCPU:06/physical_node/node0/memory21/node0/cpu0/subsystem/drivers/processor/cpu6/firmware_node/subsystem/devices/device:06/physical_node/driver/0000:00:04.0/driver/0000:00:1e.0/nvme/nvme1/device/nvme/nvme1/nvme1n1/device/nvme1n1/holders/md0/slaves/nvme2n1/holders/md0/md/dev-nvme1n1/block/mq/7/cpu7 HTTP/1.1" 200 3030 "-" "Amazon CloudFront"
64.252.66.61 - - [04/Sep/2026:05:54:56 +0000] "GET /?path=//sys/class/thermal/cooling_device3/device/physical_node/node0/memory28/node0/cpu5/firmware_node/subsystem/devices/LNXSYBUS:00/PNP0A03:00/device:1b/subsystem/devices/LNXSYBUS:00/PNP0A03:00/device:21/physical_node/driver/module/drivers/pci:nvme/0000:00:04.0/nvme/nvme0/device/driver/module/drivers/pci:nvme/0000:00:1f.0/nvme/nvme2/nvme2n1/holders/md0/md/rd0/block/mq/0/cpu0 HTTP/1.1" 200 3089 "-" "Amazon CloudFront"
64.252.66.61 - - [04/Sep/2026:05:54:59 +0000] "GET /products/detail/194201551 HTTP/1.1" 200 4265 "-" "Amazon CloudFront"
64.252.66.61 - - [04/Sep/2026:05:55:00 +0000] "GET /products/detail/47417309?fileloc=//tmp/sess_rg5v2n2ear7mdsvhngbd63rm5e&path=//tmp HTTP/1.1" 200 2556 "-" "Amazon CloudFront"
64.252.66.61 - - [04/Sep/2026:05:55:04 +0000] "GET /products/detail/208628339?path=//sys/bus/node/devices/node0/cpu1/driver/cpu7/driver/cpu2/node0/cpu1/firmware_node/thermal_cooling/device/physical_node/firmware_node/subsystem/devices/LNXSYSTM:00/LNXSYBUS:00/PNP0A03:00/device:05/physical_node/subsystem/drivers/nvme/0000:00:1f.0/nvme/nvme2/nvme2n1/holders/md0/md/rd0/block/power HTTP/1.1" 200 3507 "-" "Amazon CloudFront"
64.252.66.102 - - [04/Sep/2026:05:55:05 +0000] "GET /?fileloc=//s3/f75bf04088964924b004465536090d8a/wordpress/wp-content/uploads/2024/02/%E3%83%8A%E3%83%83%E3%82%B7%E3%83%A5%E3%83%8F%E3%82%99%E3%83%8A%E3%83%BC%E5%BA%83%E5%91%8A-300x90.png&path=//s3/f75bf04088964924b004465536090d8a/wordpress/wp-content/uploads/2024/02 HTTP/1.1" 200 2675 "-" "Amazon CloudFront"
64.252.67.164 - - [04/Sep/2026:05:55:08 +0000] "GET /?path=//sys/bus/memory/devices/memory1/node0/memory30/node0/cpu6/firmware_node/subsystem/devices/device:21/physical_node/driver/module/drivers/pci:nvme/0000:00:1e.0/driver/0000:00:1f.0/nvme/nvme2/device/nvme/nvme2/nvme2n1/subsystem/md0/md/rd1/block/holders/md0/md/dev-nvme1n1/block/device/nvme1n1/mq/4/cpu4 HTTP/1.1" 200 3014 "-" "Amazon CloudFront"
64.252.67.164 - - [04/Sep/2026:05:55:12 +0000] "GET /?path=//sys/class/thermal/cooling_device3/device/physical_node/node0/memory28/node0/cpu5/firmware_node/subsystem/devices/PNP0A03:00/physical_node/pci_bus/0000:00/device/0000:00:1f.0/driver/module/drivers/pci:nvme/0000:00:1f.0/firmware_node/subsystem/devices/LNXSYSTM:00/LNXSYBUS:00/PNP0C0F:04 HTTP/1.1" 200 3542 "-" "Amazon CloudFront"
64.252.66.102 - - [04/Sep/2026:05:55:13 +0000] "GET /?fileloc=//s3/f75bf04088964924b004465536090d8a/wordpress/wp-content/uploads/2020/11/%E5%9D%82%E6%9C%AC%E7%97%85%E9%99%A2%E9%95%B7.jpg&path=//s3/f75bf04088964924b004465536090d8a/wordpress/wp-content/uploads/2020/11 HTTP/1.1" 200 2659 "-" "Amazon CloudFront"
64.252.66.61 - - [04/Sep/2026:05:55:16 +0000] "GET /?path=//sys/class/thermal/cooling_device3/device/physical_node/node0/memory28/node0/cpu5/firmware_node/subsystem/devices/PNP0A03:00/physical_node/pci_bus/0000:00/device/0000:00:1f.0/driver/module/drivers/pci:nvme/0000:00:1f.0/firmware_node/subsystem/devices/LNXSYSTM:00/LNXSYBUS:00/LNXCPU:03 HTTP/1.1" 200 3671 "-" "Amazon CloudFront"
64.252.68.74 - - [04/Sep/2026:05:55:20 +0000] "GET /?path=//sys/class/thermal/cooling_device3/device/physical_node/node0/memory28/node0/cpu5/firmware_node/subsystem/devices/PNP0A03:00/physical_node/pci_bus/0000:00/device/0000:00:1f.0/driver/module/drivers/pci:nvme/0000:00:1f.0/firmware_node/subsystem/devices/LNXSYSTM:00/LNXSYBUS:00/LNXCPU:01 HTTP/1.1" 200 3671 "-" "Amazon CloudFront"
64.252.68.74 - - [04/Sep/2026:05:55:20 +0000] "GET /products/detail/330707581?fileloc=/var/www/volumes/69b4844ae61d4e92bf26ad98af552775/wordpress/wp-admin/edit-form-comment.php&path=/var/www/volumes/69b4844ae61d4e92bf26ad98af552775/wordpress/wp-admin HTTP/1.1" 200 5076 "-" "Amazon CloudFront"
64.252.68.74 - - [04/Sep/2026:05:55:24 +0000] "GET /products/detail/259616147?fileloc=//tmp/sess_8jp2mc762n2v2pl9ccmm8q6rg1&path=//tmp HTTP/1.1" 200 2557 "-" "Amazon CloudFront"
64.252.68.74 - - [04/Sep/2026:05:55:26 +0000] "GET /?path=//sys/class/pci_bus/0000:00/device/pci_bus HTTP/1.1" 200 2883 "-" "Amazon CloudFront"
64.252.68.74 - - [04/Sep/2026:05:55:28 +0000] "GET /products/detail/208628339?path=//sys/bus/node/devices/node0/cpu1/driver/cpu7/driver/cpu2/node0/cpu4/firmware_node/subsystem/devices/PNP0A03:00/physical_node/0000:00:1f.0/subsystem/drivers/nvme/0000:00:1f.0/nvme/nvme2/nvme2n1/holders/md0/slaves/nvme1n1/holders/md0/md/dev-nvme1n1/block/mq/0 HTTP/1.1" 200 3393 "-" "Amazon CloudFront"
64.252.67.164 - - [04/Sep/2026:05:55:31 +0000] "GET /products/detail/172439228?fileloc=/var/www/volumes/69b4844ae61d4e92bf26ad98af552775/logs/openlitespeed/access.log.2026_07_27.30&path=/var/www/volumes/69b4844ae61d4e92bf26ad98af552775/logs/openlitespeed HTTP/1.1" 200 2607 "-" "Amazon CloudFront"
64.252.66.61 - - [04/Sep/2026:05:55:33 +0000] "GET /products/detail/208628339?path=//sys/bus/node/devices/node0/cpu1/driver/cpu7/driver/cpu2/node0/cpu1/firmware_node/thermal_cooling/device/physical_node/firmware_node/subsystem/devices/LNXSYBUS:00/PNP0A03:00/device:20/physical_node/nvme/nvme1/nvme1n1/subsystem/md0/slaves/nvme2n1/holders/md0/md/dev-nvme1n1/block/mq/6/cpu6 HTTP/1.1" 200 2992 "-" "Amazon CloudFront"
64.252.68.74 - - [04/Sep/2026:05:55:35 +0000] "GET /?fileloc=//s3/f75bf04088964924b004465536090d8a/wordpress/wp-content/uploads/2020/11/%E9%81%93%E5%85%8D%E7%97%85%E9%99%A2%E9%95%B7-150x150.jpg&path=//s3/f75bf04088964924b004465536090d8a/wordpress/wp-content/uploads/2020/11 HTTP/1.1" 200 2664 "-" "Amazon CloudFront"
64.252.67.164 - - [04/Sep/2026:05:55:36 +0000] "GET /?path=//sys/class/thermal/cooling_device3/device/physical_node/node0/memory28/node0/cpu3/driver/cpu0/firmware_node/subsystem/devices/device:05/subsystem/devices/LNXSYBUS:00/PNP0A03:00/physical_node/0000:00:04.0/driver/module/drivers/pci:nvme/module/drivers/pci:nvme/0000:00:1f.0/nvme/nvme2/device/nvme/nvme2/nvme2n1/holders/md0/md/dev-nvme2n1/block/holders/md0/md/rd1 HTTP/1.1" 200 3928 "-" "Amazon CloudFront"
64.252.66.102 - - [04/Sep/2026:05:55:38 +0000] "GET /?fileloc=//s3/f75bf04088964924b004465536090d8a/wordpress/wp-content/uploads/2020/11/%E6%A4%9C%E8%A8%BC%E3%82%B3%E3%83%AD%E3%83%8A%E6%9C%AC.jpg&path=//s3/f75bf04088964924b004465536090d8a/wordpress/wp-content/uploads/2020/11 HTTP/1.1" 200 2663 "-" "Amazon CloudFront"
64.252.67.164 - - [04/Sep/2026:05:55:40 +0000] "GET /products/detail/208628339?path=//sys/bus/node/devices/node0/cpu1/driver/cpu7/driver/cpu2/node0/cpu1/firmware_node/thermal_cooling/device/physical_node/firmware_node/subsystem/devices/LNXSYSTM:00/LNXSYBUS:00/PNP0A03:00/device:06/physical_node/nvme/nvme0/device/nvme/nvme0/nvme0n1/subsystem/nvme2n1/holders/md0/md/rd1/block HTTP/1.1" 200 4293 "-" "Amazon CloudFront"
64.252.67.164 - - [04/Sep/2026:05:55:41 +0000] "GET /?path=//s3/8d63e7ddaf86492598a39f7e7f5e521a HTTP/1.1" 200 2878 "-" "Amazon CloudFront"
64.252.66.102 - - [04/Sep/2026:05:55:44 +0000] "GET /products/detail/208628339?path=//sys/bus/node/devices/node0/cpu1/driver/cpu7/driver/cpu2/node0/cpu4/firmware_node/thermal_cooling/device/physical_node/firmware_node/subsystem/devices/device:21/physical_node/subsystem/drivers/nvme/module/drivers/pci:nvme/0000:00:04.0/nvme/nvme0/nvme0n1/mq/1 HTTP/1.1" 200 3487 "-" "Amazon CloudFront"
64.252.66.102 - - [04/Sep/2026:05:55:49 +0000] "GET /?path=//sys/bus/node/devices/node0/memory25/node0/cpu1/driver/cpu4/firmware_node/subsystem/devices/device:06/physical_node/driver/0000:00:1e.0/nvme/nvme1/device/firmware_node/physical_node/nvme/nvme1/subsystem/nvme2/nvme2n1/holders/md0/md/dev-nvme1n1/block/device/nvme1n1/holders/md0/md/rd0/block/bdi HTTP/1.1" 200 3570 "-" "Amazon CloudFront"
64.252.66.61 - - [04/Sep/2026:05:55:52 +0000] "GET /?path=//sys/class/thermal/cooling_device3/device/physical_node/node0/memory28/node0/cpu5/firmware_node/subsystem/devices/PNP0A03:00/physical_node/pci_bus/0000:00/device/0000:00:03.0/subsystem/devices/0000:00:1f.0/driver/0000:00:1e.0/nvme/nvme1/nvme1n1/holders/md0/md/rd0 HTTP/1.1" 200 3744 "-" "Amazon CloudFront"
64.252.68.74 - - [04/Sep/2026:05:55:54 +0000] "GET /?path=//sys/class/msr/msr4/subsystem/msr2 HTTP/1.1" 200 3050 "-" "Amazon CloudFront"
64.252.66.61 - - [04/Sep/2026:05:55:56 +0000] "GET /?path=//sys/class/thermal/cooling_device3/device/physical_node/node0/cpu1/driver/cpu0/node0/cpu2/firmware_node/subsystem/devices/LNXSYSTM:00/LNXSYBUS:00/PNP0C0F:02/subsystem/devices/LNXSYSTM:00/LNXSYBUS:00/PNP0A03:00/device:06/physical_node/driver/0000:00:1e.0/nvme/nvme1/nvme1n1/device/nvme1n1/holders/md0/md/dev-nvme1n1/block/holders/md0/md/rd1/block/integrity HTTP/1.1" 200 3637 "-" "Amazon CloudFront"
64.252.66.61 - - [04/Sep/2026:05:55:56 +0000] "GET /?path=//sys/class/pci_bus/0000:00/device/power HTTP/1.1" 200 3109 "-" "Amazon CloudFront"
64.252.66.61 - - [04/Sep/2026:05:56:00 +0000] "GET /?path=//sys/class/thermal/cooling_device3/device/physical_node/node0/memory28/node0/cpu5/firmware_node/subsystem/devices/PNP0A03:00/physical_node/pci_bus/0000:00/device/0000:00:1f.0/driver/module/drivers/pci:nvme/0000:00:1e.0/firmware_node/subsystem/devices/LNXSYSTM:00/LNXSYBUS:00/PNP0C0F:02/power HTTP/1.1" 200 3463 "-" "Amazon CloudFront"
64.252.66.61 - - [04/Sep/2026:05:56:04 +0000] "GET /?path=//sys/class/thermal/cooling_device3/device/physical_node/node0/memory28/node0/cpu5/firmware_node/subsystem/devices/PNP0A03:00/physical_node/pci_bus/0000:00/device/0000:00:1f.0/driver/0000:00:04.0/driver/module/drivers/pci:nvme/0000:00:1e.0/nvme/nvme1/nvme1n1/mq/4 HTTP/1.1" 200 3388 "-" "Amazon CloudFront"
64.252.66.102 - - [04/Sep/2026:05:56:09 +0000] "GET /products/detail/208628339?path=//sys/bus/node/devices/node0/cpu1/driver/cpu7/driver/cpu2/node0/cpu4/firmware_node/subsystem/devices/PNP0A03:00/physical_node/0000:00:04.0/nvme/nvme0/device/nvme/nvme0/nvme0n1/nvme0n1p128/subsystem/nvme2n1/holders/md0/slaves/nvme2n1/holders/md0/slaves/nvme1n1/mq/7 HTTP/1.1" 200 3393 "-" "Amazon CloudFront"
64.252.67.164 - - [04/Sep/2026:05:56:13 +0000] "GET /products/detail/259616147?fileloc=//tmp/sess_3kdcdols2id6n815m6dqir5ph1&path=//tmp HTTP/1.1" 200 2556 "-" "Amazon CloudFront"
64.252.66.61 - - [04/Sep/2026:05:56:16 +0000] "GET /products/detail/208628339?path=//sys/bus/node/devices/node0/cpu1/driver/cpu7/driver/cpu2/node0/cpu4/firmware_node/subsystem/devices/PNP0A03:00/physical_node/0000:00:04.0/firmware_node/physical_node/nvme/nvme0/nvme0n1/nvme0n1p128/subsystem/nvme2n1/holders/md0/md/rd0/block/holders/md0/md/dev-nvme1n1/block/power HTTP/1.1" 200 3467 "-" "Amazon CloudFront"
64.252.66.61 - - [04/Sep/2026:05:56:17 +0000] "GET /products/detail/54726753?fileloc=/var/www/volumes/69b4844ae61d4e92bf26ad98af552775/wordpress/wp-admin/ms-admin.php&path=/var/www/volumes/69b4844ae61d4e92bf26ad98af552775/wordpress/wp-admin HTTP/1.1" 200 2727 "-" "Amazon CloudFront"
64.252.66.61 - - [04/Sep/2026:05:56:20 +0000] "GET /?path=//sys/bus/memory/devices/memory1/node0/memory7/node0/cpu1/subsystem/drivers/processor/cpu5/firmware_node/subsystem/devices/PNP0A03:00/physical_node/firmware_node/physical_node/0000:00:1e.0/driver/module/drivers/pci:nvme/0000:00:1f.0/driver/0000:00:1e.0/nvme/nvme1/nvme1n1/holders/md0/md/dev-nvme2n1/block/holders/md0/md/rd1/block/mq/1/cpu1 HTTP/1.1" 200 3031 "-" "Amazon CloudFront"
64.252.66.102 - - [04/Sep/2026:05:56:24 +0000] "GET /products/detail/208628339?path=//sys/bus/node/devices/node0/cpu1/driver/cpu7/driver/cpu2/node0/cpu4/firmware_node/subsystem/devices/PNP0A03:00/device:20/physical_node/firmware_node/physical_node/nvme/nvme1/subsystem/nvme2/device/nvme/nvme2/nvme2n1/holders/md0/md/rd0/block/mq/6/cpu6 HTTP/1.1" 200 2929 "-" "Amazon CloudFront"
64.252.68.74 - - [04/Sep/2026:05:56:28 +0000] "GET /?path=//sys/class/thermal/cooling_device3/device/physical_node/node0/cpu1/driver/cpu0/node0/cpu2/firmware_node/subsystem/devices/LNXSYSTM:00/LNXSYBUS:00/PNP0C0F:02/subsystem/devices/LNXSYSTM:00/LNXSYBUS:00/PNP0A03:00/physical_node/0000:00:04.0/driver/module/drivers/pci:nvme/module/drivers/pci:nvme/0000:00:1f.0/nvme/nvme2/nvme2n1/device/nvme2n1/holders/md0/slaves/nvme1n1 HTTP/1.1" 200 4485 "-" "Amazon CloudFront"
64.252.66.61 - - [04/Sep/2026:05:56:32 +0000] "GET /?path=//sys/bus/acpi/devices/LNXCPU:06/physical_node/node0/memory21/node0/cpu0/subsystem/drivers/processor/cpu6/firmware_node/subsystem/devices/device:06/physical_node/driver/0000:00:04.0/driver/0000:00:1e.0/nvme/nvme1/nvme1n1/holders/md0/md/dev-nvme2n1/block/device/device/nvme/nvme2/nvme2n1/holders/md0/md/dev-nvme2n1/block/mq/0 HTTP/1.1" 200 3491 "-" "Amazon CloudFront"
64.252.66.61 - - [04/Sep/2026:05:56:36 +0000] "GET /products/detail/208628339?path=//sys/bus/node/devices/node0/cpu1/driver/cpu7/driver/cpu2/node0/cpu4/firmware_node/subsystem/devices/LNXSYSTM:00/LNXSYBUS:00/PNP0A03:00/device:20/physical_node/nvme/nvme1/device/nvme/nvme1/nvme1n1/device/nvme1n1/holders/md0/subsystem/md0/slaves/nvme2n1/mq/3 HTTP/1.1" 200 3392 "-" "Amazon CloudFront"
64.252.66.61 - - [04/Sep/2026:05:56:40 +0000] "GET /?path=//sys/class/thermal/cooling_device3/device/physical_node/node0/memory28/node0/cpu5/firmware_node/subsystem/devices/PNP0A03:00/physical_node/pci_bus/0000:00/device/0000:00:1e.0/subsystem/devices/0000:00:1f.0/driver/0000:00:1e.0/nvme/nvme1/nvme1n1/mq/5/cpu5 HTTP/1.1" 200 2903 "-" "Amazon CloudFront"
64.252.66.102 - - [04/Sep/2026:05:56:44 +0000] "GET /?path=//sys/class/thermal/cooling_device3/device/physical_node/node0/memory28/node0/cpu5/firmware_node/subsystem/devices/PNP0A03:00/physical_node/pci_bus/0000:00/device/0000:00:1e.0/driver/module/drivers/pci:nvme/0000:00:1f.0/firmware_node/subsystem/devices/LNXSYSTM:00/LNXSYBUS:00/PNP0C0F:04/power HTTP/1.1" 200 3463 "-" "Amazon CloudFront"
64.252.66.61 - - [04/Sep/2026:05:56:48 +0000] "GET /?path=//sys/class/thermal/cooling_device3/device/physical_node/node0/cpu0/node0/cpu4/firmware_node/subsystem/devices/device:02/PNP0303:00/subsystem/devices/LNXSYBUS:00/PNP0A03:00/device:20/physical_node/driver/0000:00:04.0/nvme/nvme0/device/driver/module/drivers/pci:nvme/0000:00:1e.0/nvme/nvme1/nvme1n1/holders/md0/slaves/nvme1n1/holders/md0/md/dev-nvme2n1/block/mq/3/cpu3 HTTP/1.1" 200 3101 "-" "Amazon CloudFront"
64.252.67.164 - - [04/Sep/2026:05:56:51 +0000] "GET /?fileloc=//s3/f75bf04088964924b004465536090d8a/wordpress/wp-content/uploads/2020/11/%E4%B8%80%E5%AE%AE%E8%A5%BF%E7%97%85%E9%99%A2_%E7%9C%8B%E8%AD%B7%E5%B8%AB%E3%81%AE1%E6%97%A5.jpg&path=//s3/f75bf04088964924b004465536090d8a/wordpress/wp-content/uploads/2020/11 HTTP/1.1" 200 2684 "-" "Amazon CloudFront"
64.252.66.61 - - [04/Sep/2026:05:56:52 +0000] "GET /products/detail/208628339?path=//sys/bus/node/devices/node0/cpu1/driver/cpu7/driver/cpu2/node0/cpu4/firmware_node/subsystem/devices/PNP0A03:00/device:20/physical_node/firmware_node/physical_node/nvme/nvme1/subsystem/nvme1/nvme1n1/holders/md0/md/dev-nvme1n1/block/device/nvme1n1/holders/md0/md HTTP/1.1" 200 4130 "-" "Amazon CloudFront"
64.252.67.164 - - [04/Sep/2026:05:56:56 +0000] "GET /?path=//sys/class/thermal/cooling_device3/device/physical_node/node0/memory28/node0/cpu5/firmware_node/subsystem/devices/LNXSYBUS:00/PNP0A03:00/device:1b/subsystem/devices/LNXSYBUS:00/PNP0A03:00/physical_node/pci_bus/0000:00/device/0000:00:1f.0/driver/module/drivers/pci:nvme/module/drivers/pci:nvme/0000:00:1e.0/nvme/nvme1/nvme1n1/holders/md0/slaves/nvme2n1/bdi HTTP/1.1" 200 3686 "-" "Amazon CloudFront"
64.252.67.164 - - [04/Sep/2026:05:57:00 +0000] "GET /?path=//sys/bus/node/devices/node0/memory2/node0/cpu4/driver/cpu1/driver/cpu2/subsystem/drivers/processor/cpu2/firmware_node/physical_node/firmware_node/subsystem/devices/LNXSYBUS:00/PNP0A03:00/physical_node/0000:00:1f.0/nvme/nvme2/nvme2n1/holders/md0/md/dev-nvme1n1/block/device/device/nvme/nvme1/nvme1n1/holders/md0/slaves/nvme1n1/mq/1 HTTP/1.1" 200 3516 "-" "Amazon CloudFront"
64.252.67.164 - - [04/Sep/2026:05:57:04 +0000] "GET /products/detail/208628339?path=//sys/bus/node/devices/node0/cpu1/driver/cpu7/driver/cpu2/node0/cpu1/firmware_node/thermal_cooling/device/physical_node/firmware_node/subsystem/devices/device:06/physical_node/nvme/nvme0/nvme0n1/device/nvme0n1/nvme0n1p1/subsystem/nvme1n1/holders/md0/md/dev-nvme1n1/block/holders/md0 HTTP/1.1" 200 4145 "-" "Amazon CloudFront"
64.252.66.102 - - [04/Sep/2026:05:57:08 +0000] "GET /?path=//sys/class/thermal/cooling_device3/device/physical_node/node0/memory28/node0/cpu5/firmware_node/subsystem/devices/PNP0A03:00/physical_node/pci_bus/0000:00/device/0000:00:1e.0/driver/module/drivers/pci:nvme/0000:00:1e.0/driver/0000:00:1f.0/subsystem/devices/0000:00:05.0/net/eth0/queues/rx-1 HTTP/1.1" 200 3306 "-" "Amazon CloudFront"
64.252.67.164 - - [04/Sep/2026:05:57:12 +0000] "GET /products/detail/208628339?path=//sys/bus/node/devices/node0/cpu1/driver/cpu7/driver/cpu2/node0/cpu4/firmware_node/subsystem/devices/PNP0A03:00/physical_node/0000:00:04.0/nvme/nvme0/nvme0n1/device/nvme0n1/nvme0n1p1/subsystem/md0/md/rd1/block/holders/md0/md/rd1/block/device/nvme2n1/holders HTTP/1.1" 200 3202 "-" "Amazon CloudFront"
64.252.66.61 - - [04/Sep/2026:05:57:16 +0000] "GET /?path=//sys/class/thermal/cooling_device3/device/physical_node/node0/memory28/node0/cpu5/firmware_node/subsystem/devices/PNP0A03:00/physical_node/pci_bus/0000:00/device/0000:00:01.0/subsystem/drivers/nvme/0000:00:1e.0/driver/module/drivers/pci:nvme/0000:00:04.0/nvme/nvme0/nvme0n1/trace HTTP/1.1" 200 3411 "-" "Amazon CloudFront"
64.252.66.102 - - [04/Sep/2026:05:57:20 +0000] "GET /?path=//sys/class/thermal/cooling_device3/device/physical_node/node0/memory28/node0/cpu5/firmware_node/subsystem/devices/PNP0A03:00/physical_node/pci_bus/0000:00/device/0000:00:1f.0/driver/module/drivers/pci:nvme/0000:00:04.0/subsystem/drivers/nvme/0000:00:04.0/driver/module/notes HTTP/1.1" 200 3232 "-" "Amazon CloudFront"
64.252.68.74 - - [04/Sep/2026:05:57:24 +0000] "GET /products/detail/208628339?path=//sys/bus/node/devices/node0/cpu1/driver/cpu7/driver/cpu2/node0/cpu4/firmware_node/thermal_cooling/device/physical_node/firmware_node/thermal_cooling/device/subsystem/devices/PNP0A03:00/device:20/physical_node/nvme/nvme1/nvme1n1/holders/md0/md/dev-nvme2n1/block/subsystem/md0/slaves/nvme1n1/trace HTTP/1.1" 200 3455 "-" "Amazon CloudFront"
64.252.67.164 - - [04/Sep/2026:05:57:28 +0000] "GET /products/detail/208628339?path=//sys/bus/node/devices/node0/cpu1/driver/cpu7/driver/cpu2/node0/cpu1/firmware_node/thermal_cooling/subsystem/cooling_device1/device/subsystem/devices/LNXSYSTM:00/LNXSYBUS:00/PNP0A03:00/physical_node/firmware_node/device:21/physical_node/nvme/nvme2/device/nvme/nvme2/nvme2n1/mq/2/cpu2 HTTP/1.1" 200 2939 "-" "Amazon CloudFront"
64.252.67.164 - - [04/Sep/2026:05:57:32 +0000] "GET /?path=//sys/class/thermal/cooling_device3/device/physical_node/node0/memory0/node0/cpu0/firmware_node/subsystem/devices/device:02/QEMU0001:00/subsystem/devices/LNXSYBUS:00/PNP0A03:00/physical_node/0000:00:1f.0/driver/module/drivers/pci:nvme/0000:00:1e.0/nvme/nvme1/device/driver/module/drivers/pci:nvme/0000:00:1f.0/nvme/nvme2/nvme2n1/holders/md0/slaves/nvme2n1/holders/md0/md/dev-nvme1n1/block/bdi/power HTTP/1.1" 200 3667 "-" "Amazon CloudFront"
64.252.67.164 - - [04/Sep/2026:05:57:36 +0000] "GET /products/detail/208628339?path=//sys/bus/node/devices/node0/cpu1/driver/cpu7/driver/cpu2/node0/cpu4/firmware_node/thermal_cooling/device/physical_node/firmware_node/subsystem/devices/device:20/physical_node/subsystem/drivers/nvme/0000:00:1f.0/nvme/nvme2/nvme2n1/holders/md0/md/rd0/block/holders/md0/slaves/nvme2n1/power HTTP/1.1" 200 3484 "-" "Amazon CloudFront"
64.252.66.61 - - [04/Sep/2026:05:57:36 +0000] "GET /?path=//etc/scl HTTP/1.1" 200 2897 "-" "Amazon CloudFront"
64.252.66.102 - - [04/Sep/2026:05:57:40 +0000] "GET /products/detail/259616147?fileloc=//tmp/sess_66b4re1unl8h3m3sea6uejjbqh&path=//tmp HTTP/1.1" 200 2556 "-" "Amazon CloudFront"
64.252.66.61 - - [04/Sep/2026:05:57:44 +0000] "GET /?path=//sys/class/thermal/cooling_device3/device/physical_node/node0/cpu1/driver/cpu0/node0/cpu2/firmware_node/subsystem/devices/LNXSYSTM:00/LNXSYBUS:00/PNP0C0F:04/subsystem/devices/PNP0A03:00/physical_node/pci_bus/0000:00/device/0000:00:04.0/driver/module/drivers/pci:nvme/module/drivers/pci:nvme/0000:00:1e.0/nvme/nvme1/nvme1n1/holders/md0/md/dev-nvme1n1/block/holders/md0/md/dev-nvme2n1/block/bdi HTTP/1.1" 200 3777 "-" "Amazon CloudFront"
64.252.66.102 - - [04/Sep/2026:05:57:48 +0000] "GET /products/detail/208628339?path=//sys/bus/node/devices/node0/cpu1/driver/cpu7/driver/cpu2/node0/cpu4/firmware_node/subsystem/devices/PNP0A03:00/device:06/physical_node/firmware_node/physical_node/nvme/nvme0/nvme0n1/subsystem/nvme2n1/device/nvme2n1/holders/md0/slaves/nvme1n1/holders/md0/md/dev-nvme1n1/block/mq/7 HTTP/1.1" 200 3418 "-" "Amazon CloudFront"
64.252.68.74 - - [04/Sep/2026:05:57:52 +0000] "GET /?path=//sys/class/thermal/cooling_device3/device/physical_node/node0/memory28/node0/cpu5/firmware_node/subsystem/devices/PNP0A03:00/physical_node/pci_bus/0000:00/device/0000:00:1f.0/driver/module/drivers/pci:nvme/0000:00:04.0/driver/0000:00:04.0/subsystem/slots/11/module/parameters HTTP/1.1" 200 3227 "-" "Amazon CloudFront"
64.252.66.102 - - [04/Sep/2026:05:57:56 +0000] "GET /?path=//sys/class/thermal/cooling_device3/device/physical_node/node0/memory28/node0/cpu5/firmware_node/subsystem/devices/PNP0A03:00/physical_node/pci_bus/0000:00/device/0000:00:1f.0/driver/0000:00:04.0/driver/0000:00:1f.0/nvme/nvme2/nvme2n1/holders/md0/md/dev-nvme1n1/block HTTP/1.1" 200 4245 "-" "Amazon CloudFront"
64.252.66.61 - - [04/Sep/2026:05:58:00 +0000] "GET /?path=//sys/bus/memory/devices/memory1/node0/memory7/node0/cpu1/subsystem/drivers/processor/cpu5/firmware_node/subsystem/devices/PNP0A03:00/physical_node/firmware_node/physical_node/0000:00:1e.0/driver/module/drivers/pci:nvme/0000:00:1f.0/driver/0000:00:1e.0/nvme/nvme1/nvme1n1/holders/md0/md/rd1/block/device/nvme2n1/holders/md0/slaves/nvme1n1/mq/6 HTTP/1.1" 200 3518 "-" "Amazon CloudFront"
64.252.66.61 - - [04/Sep/2026:05:58:04 +0000] "GET /?path=//sys/class/thermal/cooling_device3/device/physical_node/node0/cpu1/driver/cpu0/node0/cpu2/firmware_node/subsystem/devices/LNXSYSTM:00/LNXSYBUS:00/PNP0C0F:02/subsystem/devices/LNXSYSTM:00/LNXSYBUS:00/PNP0A03:00/device:06/physical_node/driver/0000:00:1e.0/nvme/nvme1/nvme1n1/holders/md0/slaves/nvme2n1/holders/md0/md/dev-nvme1n1/block/mq/7/cpu7 HTTP/1.1" 200 3058 "-" "Amazon CloudFront"
64.252.67.164 - - [04/Sep/2026:05:58:08 +0000] "GET /?path=//sys/class/thermal/cooling_device3/device/physical_node/node0/memory28/node0/cpu5/firmware_node/subsystem/devices/PNP0A03:00/physical_node/pci_bus/0000:00/device/0000:00:00.0/subsystem/devices/0000:00:04.0/driver/0000:00:1e.0/driver/module/drivers/pci:nvme/module/notes HTTP/1.1" 200 3223 "-" "Amazon CloudFront"
64.252.66.61 - - [04/Sep/2026:05:58:12 +0000] "GET /?path=//sys/class/thermal/cooling_device3/device/physical_node/node0/memory28/node0/cpu5/firmware_node/subsystem/devices/PNP0A03:00/physical_node/pci_bus/0000:00/device/0000:00:1e.0/driver/module/drivers/pci:nvme/0000:00:1e.0/subsystem/devices/0000:00:1f.0/nvme/nvme2/nvme2n1/holders/md0/integrity HTTP/1.1" 200 3528 "-" "Amazon CloudFront"
64.252.66.61 - - [04/Sep/2026:05:58:16 +0000] "GET /?path=//sys/class/thermal/cooling_device3/device/physical_node/node0/memory28/node0/cpu5/firmware_node/subsystem/devices/LNXSYSTM:00/LNXSYBUS:00/PNP0A03:00/device:12/subsystem/devices/LNXSYBUS:00/PNP0A03:00/device:21/physical_node/nvme/nvme2/device/driver/0000:00:1f.0/nvme/nvme2/nvme2n1/holders/md0/md/rd0/block/holders/md0/md/rd0/block/slaves HTTP/1.1" 200 3034 "-" "Amazon CloudFront"
64.252.66.102 - - [04/Sep/2026:05:58:20 +0000] "GET /?path=//sys/bus/memory/devices/memory1/node0/memory7/node0/cpu1/subsystem/drivers/processor/cpu5/firmware_node/subsystem/devices/PNP0A03:00/physical_node/firmware_node/physical_node/0000:00:1e.0/driver/module/drivers/pci:nvme/0000:00:1f.0/driver/0000:00:1e.0/nvme/nvme1/nvme1n1/holders/md0/md/rd1/block/device/nvme2n1/holders/md0/slaves/nvme1n1/mq/3 HTTP/1.1" 200 3517 "-" "Amazon CloudFront"
64.252.66.61 - - [04/Sep/2026:05:58:22 +0000] "GET /products/detail/71753309?fileloc=/var/www/volumes/69b4844ae61d4e92bf26ad98af552775/wordpress/wp-includes/plugin.php&path=/var/www/volumes/69b4844ae61d4e92bf26ad98af552775/wordpress/wp-includes HTTP/1.1" 200 9889 "-" "Amazon CloudFront"
64.252.68.74 - - [04/Sep/2026:05:58:24 +0000] "GET /?path=//sys/class/thermal/cooling_device3/device/physical_node/node0/cpu1/driver/cpu0/node0/cpu2/firmware_node/subsystem/devices/PNP0303:00/subsystem/devices/LNXSYBUS:00/PNP0A03:00/physical_node/0000:00:1e.0/driver/module/drivers/pci:nvme/module/drivers/pci:nvme/0000:00:1f.0/nvme/nvme2/device/nvme/nvme2/nvme2n1/holders/md0/slaves/nvme1n1/holders HTTP/1.1" 200 3291 "-" "Amazon CloudFront"
64.252.66.102 - - [04/Sep/2026:05:58:24 +0000] "GET /products/detail/106705703 HTTP/1.1" 200 4177 "-" "Amazon CloudFront"
64.252.66.102 - - [04/Sep/2026:05:58:28 +0000] "GET /?path=//sys/bus/memory/devices/memory1/node0/memory30/node0/cpu6/firmware_node/subsystem/devices/device:21/physical_node/driver/module/drivers/pci:nvme/0000:00:1e.0/driver/0000:00:1f.0/nvme/nvme2/subsystem/nvme1/nvme1n1/holders/md0/md/rd0/block/device/device/nvme/nvme1/nvme1n1/holders/md0/md/rd0/block/mq/2/cpu2 HTTP/1.1" 200 3012 "-" "Amazon CloudFront"
64.252.66.102 - - [04/Sep/2026:05:58:32 +0000] "GET /?path=//sys/class/thermal/cooling_device3/device/physical_node/node0/memory28/node0/cpu5/firmware_node/subsystem/devices/PNP0A03:00/physical_node/pci_bus/0000:00/device/0000:00:1f.0/driver/0000:00:1f.0/subsystem/devices/0000:00:04.0/driver/0000:00:04.0/nvme/nvme0/nvme0n1/nvme0n1p128 HTTP/1.1" 200 3802 "-" "Amazon CloudFront"
64.252.68.74 - - [04/Sep/2026:05:58:36 +0000] "GET /?path=//sys/class/thermal/cooling_device3/device/physical_node/node0/memory28/node0/cpu5/firmware_node/subsystem/devices/PNP0A03:00/physical_node/pci_bus/0000:00/device/0000:00:1f.0/driver/0000:00:04.0/subsystem/drivers/nvme/0000:00:1f.0/driver/module/drivers/pci:nvme/0000:00:04.0/nvme/nvme0 HTTP/1.1" 200 3898 "-" "Amazon CloudFront"
64.252.67.164 - - [04/Sep/2026:05:58:37 +0000] "GET /?path=//sys/class/misc/device-mapper HTTP/1.1" 200 3035 "-" "Amazon CloudFront"
64.252.67.164 - - [04/Sep/2026:05:58:40 +0000] "GET /?path=//sys/class/thermal/cooling_device3/device/physical_node/node0/memory28/node0/cpu5/firmware_node/subsystem/devices/PNP0A03:00/physical_node/pci_bus/0000:00/device/0000:00:04.0/driver/0000:00:04.0/driver/module/drivers/pci:nvme/0000:00:1f.0/nvme/nvme2/subsystem/nvme2 HTTP/1.1" 200 3881 "-" "Amazon CloudFront"
64.252.66.102 - - [04/Sep/2026:05:58:44 +0000] "GET /?path=//sys/bus/memory/devices/memory1/node0/memory30/node0/cpu6/firmware_node/subsystem/devices/device:21/physical_node/driver/module/drivers/pci:nvme/0000:00:1f.0/driver/0000:00:1f.0/firmware_node/physical_node/nvme/nvme2/subsystem/nvme1/device/nvme/nvme1/nvme1n1/holders/md0/md/dev-nvme2n1/block/device/nvme2n1/holders/md0/md/rd0/block/mq/1/cpu1 HTTP/1.1" 200 3037 "-" "Amazon CloudFront"
64.252.66.102 - - [04/Sep/2026:05:58:48 +0000] "GET /?path=//sys/class/thermal/cooling_device3/device/physical_node/node0/memory28/node0/cpu5/firmware_node/subsystem/devices/PNP0A03:00/physical_node/pci_bus/0000:00/device/0000:00:01.0/subsystem/drivers/nvme/0000:00:1f.0/driver/0000:00:1e.0/nvme/nvme1/nvme1n1/holders/md0/slaves/nvme2n1/holders HTTP/1.1" 200 3220 "-" "Amazon CloudFront"
64.252.67.164 - - [04/Sep/2026:05:58:52 +0000] "GET /?path=//sys/class/thermal/cooling_device3/device/physical_node/node0/memory28/node0/cpu5/firmware_node/subsystem/devices/PNP0A03:00/physical_node/pci_bus/0000:00/device/0000:00:1e.0/driver/module/drivers/pci:nvme/0000:00:04.0/driver/0000:00:1f.0/nvme/nvme2/nvme2n1/bdi/subsystem/0:38/power HTTP/1.1" 200 3468 "-" "Amazon CloudFront"
64.252.66.102 - - [04/Sep/2026:05:58:56 +0000] "GET /?path=//sys/class/thermal/cooling_device3/device/physical_node/node0/cpu1/driver/cpu0/node0/cpu2/firmware_node/subsystem/devices/PNP0303:00/subsystem/devices/LNXSYBUS:00/PNP0A03:00/physical_node/0000:00:1e.0/driver/module/drivers/pci:nvme/module/drivers/pci:nvme/0000:00:1f.0/nvme/nvme2/device/nvme/nvme2/nvme2n1/holders/md0/slaves/nvme1n1/power HTTP/1.1" 200 3575 "-" "Amazon CloudFront"
64.252.67.164 - - [04/Sep/2026:05:59:00 +0000] "GET /?path=//sys/bus/memory/devices/memory1/node0/memory30/node0/cpu6/firmware_node/subsystem/devices/device:21/physical_node/driver/module/drivers/pci:nvme/0000:00:1e.0/driver/0000:00:04.0/firmware_node/physical_node/subsystem/drivers/nvme/0000:00:1f.0/nvme/nvme2/nvme2n1/device/nvme2n1/holders/md0/md/rd0/block/device/nvme1n1/mq/6 HTTP/1.1" 200 3487 "-" "Amazon CloudFront"
64.252.68.74 - - [04/Sep/2026:05:59:04 +0000] "GET /?path=//sys/class/thermal/cooling_device3/device/physical_node/node0/memory28/node0/cpu5/firmware_node/subsystem/devices/PNP0A03:00/physical_node/pci_bus/0000:00/device/0000:00:05.0/subsystem/devices/0000:00:1f.0/driver/0000:00:04.0/driver/0000:00:1f.0/nvme/nvme2/nvme2n1/mq/5/cpu5 HTTP/1.1" 200 2932 "-" "Amazon CloudFront"
64.252.67.164 - - [04/Sep/2026:05:59:02 +0000] "GET /products/detail/172439228?fileloc=/var/www/volumes/69b4844ae61d4e92bf26ad98af552775/logs/openlitespeed/access.log.2026_08_19.06&path=/var/www/volumes/69b4844ae61d4e92bf26ad98af552775/logs/openlitespeed HTTP/1.1" 200 661410 "-" "Amazon CloudFront"
64.252.67.164 - - [04/Sep/2026:05:59:07 +0000] "GET /?fileloc=//lib64/python2.7/site-packages/sepolicy/templates/var_spool.pyo&path=//lib64/python2.7/site-packages/sepolicy/templates HTTP/1.1" 200 2603 "-" "Amazon CloudFront"
64.252.67.164 - - [04/Sep/2026:05:59:08 +0000] "GET /products/detail/208628339?path=//sys/bus/node/devices/node0/cpu1/driver/cpu7/driver/cpu2/node0/cpu4/firmware_node/subsystem/devices/PNP0A03:00/device:06/physical_node/firmware_node/physical_node/nvme/nvme0/nvme0n1/subsystem/nvme2n1/device/nvme2n1/holders/md0/md/dev-nvme2n1/block/holders/md0/md/rd1/block/trace HTTP/1.1" 200 3429 "-" "Amazon CloudFront"
64.252.66.102 - - [04/Sep/2026:05:59:11 +0000] "GET /?fileloc=//s3/f75bf04088964924b004465536090d8a/wordpress/wp-content/uploads/2024/02/%E7%81%BD%E5%AE%B3%E7%89%B9%E9%9B%86.png&path=//s3/f75bf04088964924b004465536090d8a/wordpress/wp-content/uploads/2024/02 HTTP/1.1" 200 2655 "-" "Amazon CloudFront"
64.252.67.164 - - [04/Sep/2026:05:59:12 +0000] "GET /products/detail/208628339?path=//sys/bus/node/devices/node0/cpu1/driver/cpu7/driver/cpu2/node0/cpu4/firmware_node/subsystem/devices/PNP0A03:00/device:21/physical_node/subsystem/drivers/nvme/0000:00:1f.0/nvme/nvme2/nvme2n1/holders/md0/md/dev-nvme1n1/block/device/nvme1n1/device/nvme1n1/mq/2/cpu2 HTTP/1.1" 200 2948 "-" "Amazon CloudFront"
64.252.66.61 - - [04/Sep/2026:05:59:16 +0000] "GET /?path=//sys/class/thermal/cooling_device3/device/physical_node/node0/cpu6/driver/cpu0/node0/cpu5/firmware_node/subsystem/devices/device:12/subsystem/devices/LNXSYSTM:00/LNXSYBUS:00/PNP0A03:00/physical_node/pci_bus/0000:00/device/0000:00:1e.0/driver/module/drivers/pci:nvme/0000:00:1e.0/nvme/nvme1/nvme1n1/holders/md0/md/dev-nvme1n1/block/holders/md0/slaves/nvme2n1/queue HTTP/1.1" 200 4975 "-" "Amazon CloudFront"
64.252.67.164 - - [04/Sep/2026:05:59:20 +0000] "GET /?path=//sys/class/thermal/cooling_device3/device/physical_node/node0/memory28/node0/cpu5/firmware_node/subsystem/devices/PNP0A03:00/physical_node/pci_bus/0000:00/device/0000:00:01.0/subsystem/drivers/nvme/module/drivers/pci:nvme/0000:00:04.0/driver/0000:00:04.0/nvme/nvme0/nvme0n1 HTTP/1.1" 200 4328 "-" "Amazon CloudFront"
64.252.66.61 - - [04/Sep/2026:05:59:24 +0000] "GET /?path=//sys/bus/memory/devices/memory1/node0/memory7/node0/cpu1/subsystem/drivers/processor/cpu5/firmware_node/subsystem/devices/PNP0A03:00/physical_node/firmware_node/physical_node/0000:00:1e.0/driver/module/drivers/pci:nvme/0000:00:1f.0/driver/0000:00:1e.0/nvme/nvme1/nvme1n1/holders/md0/md/dev-nvme2n1/block/device/nvme2n1/holders/md0/md/dev-nvme2n1/block/mq HTTP/1.1" 200 3570 "-" "Amazon CloudFront"
64.252.67.164 - - [04/Sep/2026:05:59:28 +0000] "GET /?path=//sys/class/thermal/cooling_device3/device/physical_node/node0/memory28/node0/cpu5/firmware_node/subsystem/devices/PNP0A03:00/physical_node/pci_bus/0000:00/device/0000:00:1e.0/driver/0000:00:04.0/driver/0000:00:04.0/subsystem/devices/0000:00:1e.0/nvme/nvme1/nvme1n1/trace HTTP/1.1" 200 3381 "-" "Amazon CloudFront"
64.252.68.74 - - [04/Sep/2026:05:59:29 +0000] "GET /?fileloc=//s3/f75bf04088964924b004465536090d8a/wordpress/wp-content/uploads/2020/11/%E9%AB%98%E6%A9%8B%E6%95%99%E6%8E%88-1024x1024.jpg&path=//s3/f75bf04088964924b004465536090d8a/wordpress/wp-content/uploads/2020/11 HTTP/1.1" 200 2658 "-" "Amazon CloudFront"
64.252.66.102 - - [04/Sep/2026:05:59:34 +0000] "GET /?path=//sys/bus/memory/devices/memory1/node0/memory28/node0/cpu2/driver/cpu4/firmware_node/subsystem/devices/PNP0A03:00/physical_node/0000:00:04.0/driver/0000:00:1f.0/subsystem/drivers/nvme/0000:00:1f.0/nvme/nvme2/nvme2n1/holders/md0/md/dev-nvme2n1/block/holders/md0/md/dev-nvme1n1/block/device/nvme1n1/device/power HTTP/1.1" 200 3498 "-" "Amazon CloudFront"
64.252.68.74 - - [04/Sep/2026:05:59:36 +0000] "GET /?path=//sys/class/thermal/cooling_device3/device/physical_node/node0/cpu6/driver/cpu0/node0/cpu5/firmware_node/subsystem/devices/device:12/subsystem/devices/LNXSYSTM:00/LNXSYBUS:00/PNP0A03:00/physical_node/pci_bus/0000:00/device/0000:00:1e.0/driver/module/drivers/pci:nvme/0000:00:1e.0/nvme/nvme1/nvme1n1/holders/md0/md/dev-nvme1n1/block/holders/md0/slaves/nvme2n1/bdi HTTP/1.1" 200 3732 "-" "Amazon CloudFront"
64.252.66.61 - - [04/Sep/2026:05:59:40 +0000] "GET /?path=//sys/class/thermal/cooling_device3/device/physical_node/node0/memory28/node0/cpu5/firmware_node/subsystem/devices/PNP0A03:00/physical_node/pci_bus/0000:00/device/0000:00:1e.0/subsystem/devices/0000:00:1f.0/driver/0000:00:1e.0/nvme/nvme1/nvme1n1/mq/4/cpu4 HTTP/1.1" 200 2908 "-" "Amazon CloudFront"
64.252.66.61 - - [04/Sep/2026:05:59:44 +0000] "GET /?path=//sys/class/thermal/cooling_device3/device/physical_node/node0/memory28/node0/cpu5/firmware_node/subsystem/devices/PNP0A03:00/physical_node/pci_bus/0000:00/device/0000:00:1e.0/driver/0000:00:04.0/driver/0000:00:1e.0/firmware_node/subsystem/devices/LNXSYSTM:00/LNXSYBUS:00/PNP0A03:00/device:17/power HTTP/1.1" 200 3443 "-" "Amazon CloudFront"
64.252.66.61 - - [04/Sep/2026:05:59:48 +0000] "GET /?path=//sys/class/thermal/cooling_device3/device/physical_node/node0/memory28/node0/cpu5/firmware_node/subsystem/devices/LNXSYBUS:00/PNP0A03:00/device:1b/subsystem/devices/LNXSYBUS:00/PNP0A03:00/device:21/physical_node/driver/0000:00:1e.0/nvme/nvme1/nvme1n1/holders/md0/md/rd1/block/device/nvme2n1/holders/md0/md/rd1/block/mq/1 HTTP/1.1" 200 3499 "-" "Amazon CloudFront"
64.252.66.61 - - [04/Sep/2026:05:59:52 +0000] "GET /products/detail/208628339?path=//sys/bus/node/devices/node0/cpu1/driver/cpu7/driver/cpu2/node0/cpu4/firmware_node/subsystem/devices/PNP0A03:00/device:06/physical_node/firmware_node/physical_node/nvme/nvme0/subsystem/nvme2/nvme2n1/device/device/nvme/nvme2/nvme2n1/holders/md0/md/rd0/block/mq/3 HTTP/1.1" 200 3402 "-" "Amazon CloudFront"
64.252.67.164 - - [04/Sep/2026:05:59:56 +0000] "GET /?path=//sys/bus/memory/devices/memory1/node0/memory28/node0/cpu2/driver/cpu4/firmware_node/subsystem/devices/PNP0A03:00/physical_node/0000:00:04.0/driver/0000:00:1f.0/subsystem/drivers/nvme/0000:00:1f.0/nvme/nvme2/nvme2n1/holders/md0/slaves/nvme2n1/holders/md0/md/rd0/block/device/nvme1n1/device/nvme1n1/mq/0/cpu0 HTTP/1.1" 200 3008 "-" "Amazon CloudFront"
64.252.68.74 - - [04/Sep/2026:05:59:59 +0000] "GET /?fileloc=//s3/f75bf04088964924b004465536090d8a/wordpress/wp-content/uploads/2020/11/%E7%AC%AC40%E5%9B%9E%E3%82%A2%E3%83%AB%E3%82%B3%E3%83%BC%E3%83%AB%E5%8C%BB%E5%AD%A6%E7%94%9F%E7%89%A9%E5%AD%A6%E5%AD%A6%E8%A1%93%E9%9B%86%E4%BC%9A%E3%83%9D%E3%82%B9%E3%82%BF%E3%83%BC.jpg&path=//s3/f75bf04088964924b004465536090d8a/wordpress/wp-content/uploads/2020/11 HTTP/1.1" 200 2713 "-" "Amazon CloudFront"
64.252.66.102 - - [04/Sep/2026:06:00:00 +0000] "GET /?path=//sys/bus/memory/devices/memory1/node0/memory30/node0/cpu6/firmware_node/subsystem/devices/device:21/physical_node/driver/module/drivers/pci:nvme/0000:00:1e.0/nvme/nvme1/nvme1n1/device/subsystem/nvme0/device/firmware_node/physical_node/driver/module/drivers/pci:nvme/0000:00:1f.0/nvme/nvme2/nvme2n1/holders/md0/md/rd0/block/holders/md0/slaves/nvme2n1/mq/7/cpu7 HTTP/1.1" 200 3062 "-" "Amazon CloudFront"
64.252.67.164 - - [04/Sep/2026:06:00:04 +0000] "GET /?path=//sys/class/thermal/cooling_device3/device/physical_node/node0/memory28/node0/cpu5/firmware_node/subsystem/devices/PNP0A03:00/physical_node/pci_bus/0000:00/device/0000:00:1e.0/driver/module/drivers/pci:nvme/0000:00:1e.0/firmware_node/subsystem/devices/LNXSYBUS:00/PNP0A03:00/device:13/power HTTP/1.1" 200 3446 "-" "Amazon CloudFront"
64.252.66.61 - - [04/Sep/2026:06:00:08 +0000] "GET /?path=//sys/bus/memory/devices/memory1/node0/memory30/node0/cpu6/firmware_node/subsystem/devices/device:21/physical_node/driver/module/drivers/pci:nvme/0000:00:1e.0/nvme/nvme1/nvme1n1/device/subsystem/nvme0/device/firmware_node/physical_node/driver/module/drivers/pci:nvme/0000:00:1f.0/nvme/nvme2/nvme2n1/holders/md0/md/rd0/block/holders/md0/md/dev-nvme1n1/block/bdi/power HTTP/1.1" 200 3575 "-" "Amazon CloudFront"
64.252.88.159 - - [04/Sep/2026:06:00:08 +0000] "GET /prizes/125295076 HTTP/1.1" 200 4182 "-" "Amazon CloudFront"
64.252.66.102 - - [04/Sep/2026:06:00:12 +0000] "GET /?path=//sys/bus/memory/devices/memory1/node0/memory30/node0/cpu6/firmware_node/subsystem/devices/device:21/physical_node/driver/module/drivers/pci:nvme/0000:00:1f.0/driver/0000:00:1f.0/firmware_node/physical_node/nvme/nvme2/subsystem/nvme1/device/nvme/nvme1/nvme1n1/holders/md0/md/rd0/block/device/nvme1n1/holders/md0/md/rd1/block/mq/1 HTTP/1.1" 200 3498 "-" "Amazon CloudFront"
64.252.67.164 - - [04/Sep/2026:06:00:16 +0000] "GET /?path=//sys/bus/memory/devices/memory1/node0/memory7/node0/cpu1/subsystem/drivers/processor/cpu5/firmware_node/subsystem/devices/PNP0A03:00/physical_node/firmware_node/device:20/physical_node/driver/0000:00:1f.0/nvme/nvme2/device/driver/0000:00:1e.0/nvme/nvme1/nvme1n1/holders/md0/md/dev-nvme1n1/block/holders/md0/md/rd1/block/device/nvme2n1/trace HTTP/1.1" 200 3545 "-" "Amazon CloudFront"
64.252.66.61 - - [04/Sep/2026:06:00:20 +0000] "GET /?path=//sys/class/thermal/cooling_device3/device/physical_node/node0/memory28/node0/cpu5/firmware_node/subsystem/devices/LNXSYBUS:00/PNP0A03:00/device:1b/subsystem/devices/LNXSYBUS:00/PNP0A03:00/physical_node/pci_bus/0000:00/device/0000:00:1f.0/driver/module/drivers/pci:nvme/0000:00:04.0/driver/module/drivers/pci:nvme/0000:00:1f.0/nvme/nvme2/nvme2n1/holders/md0/md/dev-nvme2n1/block/holders/md0 HTTP/1.1" 200 4385 "-" "Amazon CloudFront"
64.252.67.164 - - [04/Sep/2026:06:00:24 +0000] "GET /?path=//sys/bus/memory/devices/memory1/node0/memory30/node0/cpu6/firmware_node/subsystem/devices/device:21/physical_node/driver/module/drivers/pci:nvme/0000:00:1f.0/driver/0000:00:1e.0/nvme/nvme1/nvme1n1/holders/md0/md/dev-nvme1n1/block/holders/md0/md/dev-nvme2n1/block/device/subsystem/nvme0/device/firmware_node/physical_node/nvme/nvme0/nvme0n1/slaves HTTP/1.1" 200 3029 "-" "Amazon CloudFront"
64.252.67.164 - - [04/Sep/2026:06:00:28 +0000] "GET /?path=//sys/bus/node/devices/node0/memory2/node0/cpu4/driver/cpu1/driver/cpu2/subsystem/drivers/processor/cpu2/firmware_node/physical_node/firmware_node/subsystem/devices/LNXSYBUS:00/PNP0A03:00/physical_node/0000:00:1f.0/nvme/nvme2/nvme2n1/holders/md0/md/dev-nvme2n1/block/device/device/nvme/nvme2/nvme2n1/holders/md0/md/dev-nvme2n1/block/mq/5 HTTP/1.1" 200 3510 "-" "Amazon CloudFront"
64.252.66.102 - - [04/Sep/2026:06:00:32 +0000] "GET /?path=//sys/bus/memory/devices/memory1/node0/memory7/node0/cpu1/subsystem/drivers/processor/cpu5/firmware_node/subsystem/devices/PNP0A03:00/physical_node/firmware_node/physical_node/0000:00:1e.0/driver/module/drivers/pci:nvme/0000:00:1f.0/driver/0000:00:1e.0/nvme/nvme1/nvme1n1/holders/md0/md/rd1/block/device/nvme2n1/holders/md0/slaves/nvme2n1/mq/0 HTTP/1.1" 200 3515 "-" "Amazon CloudFront"
64.252.66.61 - - [04/Sep/2026:06:00:36 +0000] "GET /?path=//sys/class/thermal/cooling_device3/device/physical_node/node0/memory28/node0/cpu5/firmware_node/subsystem/devices/PNP0A03:00/physical_node/pci_bus/0000:00/device/0000:00:01.0/subsystem/drivers/nvme/0000:00:04.0/driver/module/drivers/pci:nvme/0000:00:1e.0/msi_irqs HTTP/1.1" 200 3447 "-" "Amazon CloudFront"
64.252.68.74 - - [04/Sep/2026:06:00:36 +0000] "GET /?fileloc=//s3/f75bf04088964924b004465536090d8a/wordpress/wp-content/uploads/2020/07/%E4%BA%AC%E9%83%BD%E5%A4%A7%E5%AD%A6%E5%A4%96%E8%A6%B3-150x150.jpg&path=//s3/f75bf04088964924b004465536090d8a/wordpress/wp-content/uploads/2020/07 HTTP/1.1" 200 2669 "-" "Amazon CloudFront"
64.252.66.61 - - [04/Sep/2026:06:00:40 +0000] "GET /products/detail/208628339?path=//sys/bus/node/devices/node0/cpu1/driver/cpu7/driver/cpu2/node0/cpu4/firmware_node/subsystem/devices/PNP0A03:00/physical_node/0000:00:04.0/firmware_node/physical_node/nvme/nvme0/device/nvme/nvme0/nvme0n1/nvme0n1p128/subsystem/nvme2n1/holders/md0/slaves/nvme2n1/holders/md0/md/rd1/block/power HTTP/1.1" 200 3484 "-" "Amazon CloudFront"
64.252.66.61 - - [04/Sep/2026:06:00:44 +0000] "GET /?path=//sys/bus/memory/devices/memory14/node0/memory16/node0/cpu1/driver/cpu4/firmware_node/physical_node/subsystem/drivers/processor/cpu2/firmware_node/subsystem/devices/PNP0A03:00/physical_node/0000:00:1f.0/nvme/nvme2/device/driver/0000:00:1f.0/nvme/nvme2/nvme2n1/holders/md0/md/rd1/block/holders/md0/md/rd0/block/device/nvme1n1/mq/4 HTTP/1.1" 200 3515 "-" "Amazon CloudFront"
64.252.66.102 - - [04/Sep/2026:06:00:48 +0000] "GET /?path=//sys/class/thermal/cooling_device3/device/physical_node/node0/memory28/node0/cpu5/firmware_node/subsystem/devices/PNP0A03:00/physical_node/pci_bus/0000:00/device/0000:00:01.0/subsystem/drivers/nvme/0000:00:1f.0/driver/module/drivers/pci:nvme/0000:00:1e.0/nvme/nvme1/nvme1n1 HTTP/1.1" 200 4238 "-" "Amazon CloudFront"
64.252.68.74 - - [04/Sep/2026:06:00:52 +0000] "GET /?path=//sys/bus/acpi/devices/LNXCPU:06/physical_node/node0/memory21/node0/cpu0/subsystem/drivers/processor/cpu6/firmware_node/subsystem/devices/device:06/physical_node/driver/0000:00:04.0/driver/0000:00:1f.0/nvme/nvme2/nvme2n1/device/nvme2n1/holders/md0/md/dev-nvme1n1/block/device/nvme1n1/holders/md0/md/rd0/block/mq/5/cpu5 HTTP/1.1" 200 3026 "-" "Amazon CloudFront"
64.252.66.102 - - [04/Sep/2026:06:00:53 +0000] "GET /products/detail/312367056 HTTP/1.1" 200 4265 "-" "Amazon CloudFront"
64.252.66.61 - - [04/Sep/2026:06:00:56 +0000] "GET /?path=//sys/class/thermal/cooling_device3/device/physical_node/node0/memory28/node0/cpu5/firmware_node/subsystem/devices/PNP0A03:00/physical_node/pci_bus/0000:00/device/0000:00:1e.0/driver/module/drivers/pci:nvme/0000:00:04.0/driver/module/drivers/pci:nvme/0000:00:1f.0/nvme/nvme2/nvme2n1 HTTP/1.1" 200 4227 "-" "Amazon CloudFront"
64.252.67.164 - - [04/Sep/2026:06:01:00 +0000] "GET /?path=//sys/class/thermal/cooling_device3/device/physical_node/node0/memory28/node0/cpu5/firmware_node/subsystem/devices/PNP0A03:00/physical_node/pci_bus/0000:00/device/0000:00:1f.0/driver/module/drivers/pci:nvme/0000:00:04.0/driver/0000:00:1e.0/firmware_node/subsystem/devices/LNXSYBUS:00 HTTP/1.1" 200 3993 "-" "Amazon CloudFront"
64.252.66.61 - - [04/Sep/2026:06:01:04 +0000] "GET /?path=//sys/class/thermal/cooling_device3/device/physical_node/node0/memory28/node0/cpu5/firmware_node/subsystem/devices/LNXSYSTM:00/LNXSYBUS:00/PNP0A03:00/device:12/subsystem/devices/LNXSYBUS:00/PNP0A03:00/device:21/physical_node/nvme/nvme2/device/driver/module/drivers/pci:nvme/0000:00:1e.0/driver/module/drivers/pci:nvme/0000:00:1e.0/nvme/nvme1/nvme1n1/queue HTTP/1.1" 200 4932 "-" "Amazon CloudFront"
64.252.67.164 - - [04/Sep/2026:06:01:05 +0000] "GET /?path=//etc/profile.d HTTP/1.1" 200 3514 "-" "Amazon CloudFront"
64.252.67.164 - - [04/Sep/2026:06:01:09 +0000] "GET /?path=//sys/class/thermal/cooling_device3/device/physical_node/node0/memory28/node0/cpu5/firmware_node/subsystem/devices/LNXSYSTM:00/LNXSYBUS:00/PNP0A03:00/device:12/subsystem/devices/LNXSYBUS:00/PNP0A03:00/device:21/physical_node/nvme/nvme2/device/driver/module/drivers/pci:nvme/module/drivers/pci:nvme/0000:00:1e.0/nvme/nvme1/nvme1n1/holders/md0/md/dev-nvme2n1/block/bdi HTTP/1.1" 200 3724 "-" "Amazon CloudFront"
64.252.67.164 - - [04/Sep/2026:06:01:12 +0000] "GET /?path=//sys/bus/memory/devices/memory1/node0/memory7/node0/cpu1/subsystem/drivers/processor/cpu5/firmware_node/subsystem/devices/PNP0A03:00/physical_node/firmware_node/physical_node/0000:00:1e.0/driver/0000:00:1f.0/driver/0000:00:1e.0/nvme/nvme1/nvme1n1/holders/md0/md/rd1/block/device/nvme2n1/holders/md0/md/dev-nvme1n1/block/device/nvme1n1/mq/4/cpu4 HTTP/1.1" 200 3040 "-" "Amazon CloudFront"
64.252.66.102 - - [04/Sep/2026:06:01:16 +0000] "GET /?path=//sys/class/thermal/cooling_device3/device/physical_node/node0/memory28/node0/cpu5/firmware_node/subsystem/devices/PNP0A03:00/physical_node/pci_bus/0000:00/device/0000:00:1f.0/driver/0000:00:04.0/driver/module/drivers/pci:nvme/0000:00:1e.0/firmware_node/subsystem/devices/PNP0A03:00/device:04 HTTP/1.1" 200 3527 "-" "Amazon CloudFront"
64.252.66.61 - - [04/Sep/2026:06:01:20 +0000] "GET /?path=//sys/bus/memory/devices/memory1/node0/memory7/node0/cpu1/subsystem/drivers/processor/cpu5/firmware_node/subsystem/devices/PNP0A03:00/physical_node/firmware_node/device:20/physical_node/driver/0000:00:1f.0/nvme/nvme2/nvme2n1/device/device/nvme/nvme2/nvme2n1/holders/md0/md/rd0/block/holders/md0/md/dev-nvme1n1/block/mq/6/cpu6 HTTP/1.1" 200 3026 "-" "Amazon CloudFront"
64.252.68.74 - - [04/Sep/2026:06:01:24 +0000] "GET /?path=//sys/class/thermal/cooling_device3/device/physical_node/node0/memory28/node0/cpu5/firmware_node/subsystem/devices/PNP0A03:00/physical_node/pci_bus/0000:00/device/0000:00:1e.0/driver/module/drivers/pci:nvme/0000:00:1e.0/firmware_node/subsystem/devices/LNXSYBUS:00/PNP0A03:00/device:0d/power HTTP/1.1" 200 3446 "-" "Amazon CloudFront"
64.252.66.61 - - [04/Sep/2026:06:01:28 +0000] "GET /?path=//sys/class/thermal/cooling_device3/device/physical_node/node0/memory28/node0/cpu5/firmware_node/subsystem/devices/PNP0A03:00/physical_node/pci_bus/0000:00/device/0000:00:1e.0/subsystem/devices/0000:00:1f.0/driver/0000:00:1e.0/driver/0000:00:1f.0/nvme/nvme2/nvme2n1/integrity HTTP/1.1" 200 3478 "-" "Amazon CloudFront"
64.252.67.164 - - [04/Sep/2026:06:01:32 +0000] "GET /?path=//sys/class/thermal/cooling_device3/device/physical_node/node0/memory28/node0/cpu5/firmware_node/subsystem/devices/PNP0A03:00/physical_node/pci_bus/0000:00/device/0000:00:1f.0/driver/0000:00:04.0/driver/module/drivers/pci:nvme/0000:00:1e.0/firmware_node/subsystem/devices/PNP0A03:00/power HTTP/1.1" 200 3433 "-" "Amazon CloudFront"
64.252.67.164 - - [04/Sep/2026:06:01:32 +0000] "GET /products/detail/305160531 HTTP/1.1" 200 4265 "-" "Amazon CloudFront"
64.252.66.102 - - [04/Sep/2026:06:01:36 +0000] "GET /products/detail/208628339?path=//sys/bus/node/devices/node0/cpu1/driver/cpu7/driver/cpu2/node0/cpu4/firmware_node/subsystem/devices/PNP0A03:00/physical_node/0000:00:04.0/firmware_node/physical_node/nvme/nvme0/device/nvme/nvme0/subsystem/nvme1/nvme1n1/holders/md0/slaves/nvme2n1/holders/md0/md/dev-nvme1n1/block/bdi/power HTTP/1.1" 200 3480 "-" "Amazon CloudFront"
64.252.67.164 - - [04/Sep/2026:06:01:40 +0000] "GET /?path=//sys/class/thermal/cooling_device3/device/physical_node/node0/cpu1/driver/cpu0/node0/cpu2/firmware_node/subsystem/devices/LNXSYSTM:00/LNXSYBUS:00/PNP0C0F:02/subsystem/devices/LNXSYSTM:00/LNXSYBUS:00/PNP0A03:00/physical_node/0000:00:1e.0/driver/module/drivers/pci:nvme/0000:00:1f.0/nvme/nvme2/nvme2n1/holders/md0/md/rd1/block/device/nvme2n1/mq/1/cpu1 HTTP/1.1" 200 3066 "-" "Amazon CloudFront"
64.252.68.74 - - [04/Sep/2026:06:01:44 +0000] "GET /?path=//sys/class/thermal/cooling_device3/device/physical_node/node0/memory28/node0/cpu5/firmware_node/subsystem/devices/LNXSYBUS:00/PNP0A03:00/device:1b/subsystem/devices/LNXSYBUS:00/PNP0A03:00/physical_node/pci_bus/0000:00/device/0000:00:1e.0/driver/0000:00:1e.0/driver/0000:00:1f.0/nvme/nvme2/nvme2n1/holders/md0/slaves/nvme1n1/holders/md0/slaves/nvme1n1/mq/4 HTTP/1.1" 200 3510 "-" "Amazon CloudFront"
64.252.68.74 - - [04/Sep/2026:06:01:45 +0000] "GET /products/detail/253535288?fileloc=//usr/sbin/quotacheck&path=//usr/sbin HTTP/1.1" 200 2506 "-" "Amazon CloudFront"
64.252.68.74 - - [04/Sep/2026:06:01:48 +0000] "GET /?path=//sys/bus/memory/devices/memory1/node0/memory28/node0/cpu2/driver/cpu4/firmware_node/subsystem/devices/PNP0A03:00/physical_node/0000:00:04.0/driver/0000:00:1f.0/subsystem/drivers/nvme/0000:00:1f.0/nvme/nvme2/nvme2n1/device/nvme2n1/holders/md0/md/dev-nvme1n1/block/holders/md0/md/dev-nvme1n1/block/device/nvme1n1/queue HTTP/1.1" 200 4939 "-" "Amazon CloudFront"
64.252.66.61 - - [04/Sep/2026:06:01:52 +0000] "GET /?path=//sys/class/thermal/cooling_device3/device/physical_node/node0/memory28/node0/cpu5/firmware_node/subsystem/devices/PNP0A03:00/physical_node/pci_bus/0000:00/device/0000:00:1e.0/driver/module/drivers/pci:nvme/0000:00:1e.0/driver/0000:00:04.0/firmware_node/subsystem/devices/LNXPWRBN:00/input/input3/event1 HTTP/1.1" 200 3443 "-" "Amazon CloudFront"
