64.252.66.102 - - [04/Sep/2026:08:15:43 +0000] "GET /?path=//sys/class/thermal/cooling_device3/device/physical_node/node0/memory0/node0/cpu0/firmware_node/subsystem/devices/device:02/QEMU0001:00/subsystem/devices/LNXSYBUS:00/PNP0A03:00/physical_node/0000:00:1f.0/driver/module/drivers/pci:nvme/0000:00:1e.0/driver/module/drivers/pci:nvme/0000:00:1e.0/nvme/nvme1/nvme1n1/device/nvme1n1/holders/md0/md/rd1/block/holders/md0/slaves/nvme2n1/mq/2/cpu2 HTTP/1.1" 200 3108 "-" "Amazon CloudFront"
64.252.68.74 - - [04/Sep/2026:08:15:46 +0000] "GET /products/detail/208628339?path=//sys/bus/node/devices/node0/cpu1/driver/cpu7/driver/cpu2/node0/cpu4/firmware_node/subsystem/devices/PNP0A03:00/device:21/physical_node/nvme/nvme2/device/nvme/nvme2/nvme2n1/holders/md0/md/dev-nvme2n1/block/holders/md0/slaves/nvme1n1/bdi/subsystem/259:1 HTTP/1.1" 200 3550 "-" "Amazon CloudFront"
64.252.68.74 - - [04/Sep/2026:08:15:50 +0000] "GET /products/detail/225861420?path=//sys/devices/pci0000:00/firmware_node/device:07/physical_node/firmware_node/subsystem/devices/device:20/physical_node/driver/0000:00:1f.0/nvme/nvme2/nvme2n1/device/subsystem/nvme2/device/driver/module/drivers/pci:nvme/module/drivers/pci:nvme/0000:00:1e.0/nvme/nvme1/nvme1n1/holders/md0/slaves/nvme1n1/holders/md0/md/rd1/block/integrity HTTP/1.1" 200 3582 "-" "Amazon CloudFront"
64.252.67.164 - - [04/Sep/2026:08:15:54 +0000] "GET /products/detail/208628339?path=//sys/bus/node/devices/node0/cpu1/driver/cpu7/driver/cpu2/node0/cpu4/firmware_node/subsystem/devices/PNP0A03:00/physical_node/0000:00:04.0/firmware_node/physical_node/nvme/nvme0/nvme0n1/nvme0n1p128/subsystem/nvme1n1/holders/md0/md/rd1/block/mq/6/cpu6 HTTP/1.1" 200 2928 "-" "Amazon CloudFront"
64.252.66.102 - - [04/Sep/2026:08:15:57 +0000] "GET /?path=//sys/class/thermal/cooling_device3/device/physical_node/node0/memory28/node0/cpu5/firmware_node/subsystem/devices/PNP0A03:00/physical_node/pci_bus/0000:00/device/0000:00:01.3/subsystem/devices/0000:00:1f.0/driver/0000:00:04.0/driver/module/drivers/pci:nvme/0000:00:04.0/nvme/nvme0/nvme0n1/nvme0n1p128 HTTP/1.1" 200 3870 "-" "Amazon CloudFront"
64.252.66.102 - - [04/Sep/2026:08:15:57 +0000] "GET /?fileloc=//s3/f75bf04088964924b004465536090d8a/wordpress/wp-content/uploads/2023/07/%E5%85%B5%E5%BA%AB%E5%8C%BB%E7%A7%91%E5%A4%A7%E5%AD%A6_%E9%88%B4%E6%9C%A8%E6%96%B0%E5%AD%A6%E9%95%B7-150x150.jpg&path=//s3/f75bf04088964924b004465536090d8a/wordpress/wp-content/uploads/2023/07 HTTP/1.1" 200 2691 "-" "Amazon CloudFront"
64.252.66.102 - - [04/Sep/2026:08:15:58 +0000] "GET /?fileloc=//s3/f75bf04088964924b004465536090d8a/wordpress/wp-content/uploads/2023/07/%E4%B9%9D%E5%B7%9E%E5%8C%BB%E7%99%82%E3%82%BB%E3%83%B3%E3%82%BF%E3%83%BC_%E5%B2%A9%E5%B4%8E%E7%97%85%E9%99%A2%E9%95%B7.jpg&path=//s3/f75bf04088964924b004465536090d8a/wordpress/wp-content/uploads/2023/07 HTTP/1.1" 200 2695 "-" "Amazon CloudFront"
64.252.66.102 - - [04/Sep/2026:08:15:59 +0000] "GET /?fileloc=//s3/f75bf04088964924b004465536090d8a/wordpress/wp-content/uploads/2024/07/%E8%81%96%E3%83%9E%E3%83%AA%E3%82%A2%E7%A0%94%E7%A9%B6%E3%82%BB%E3%83%B3%E3%82%BF%E3%83%BC_%E7%A6%8F%E7%94%B0%E8%B3%A2%E6%B2%BB%E3%82%BB%E3%83%B3%E3%82%BF%E3%83%BC%E9%95%B7-150x150.jpg&path=//s3/f75bf04088964924b004465536090d8a/wordpress/wp-content/uploads/2024/07 HTTP/1.1" 200 2710 "-" "Amazon CloudFront"
64.252.66.61 - - [04/Sep/2026:08:16:00 +0000] "GET /products/detail/208628339?path=//sys/bus/node/devices/node0/cpu1/driver/cpu7/driver/cpu2/node0/cpu1/firmware_node/thermal_cooling/device/physical_node/firmware_node/subsystem/devices/PNP0A03:00/physical_node/0000:00:1e.0/nvme/nvme1/nvme1n1/holders/md0/md/rd1/block/device/subsystem/nvme1/nvme1n1/holders/md0/trace HTTP/1.1" 200 3436 "-" "Amazon CloudFront"
64.252.68.74 - - [04/Sep/2026:08:16:04 +0000] "GET /?path=//sys/bus/memory/devices/memory1/node0/memory28/node0/cpu2/driver/cpu4/firmware_node/subsystem/devices/PNP0A03:00/physical_node/0000:00:04.0/driver/0000:00:1f.0/subsystem/drivers/nvme/0000:00:1f.0/nvme/nvme2/nvme2n1/holders/md0/md/dev-nvme2n1/block/device/nvme2n1/holders/md0/md/rd0/block/device/nvme1n1/mq/1 HTTP/1.1" 200 3462 "-" "Amazon CloudFront"
64.252.68.74 - - [04/Sep/2026:08:16:08 +0000] "GET /?path=//sys/class/thermal/cooling_device3/device/physical_node/node0/memory28/node0/cpu5/firmware_node/subsystem/devices/PNP0A03:00/physical_node/pci_bus/0000:00/device/0000:00:01.3/subsystem/devices/0000:00:1f.0/driver/0000:00:04.0/driver/module/drivers/pci:nvme/0000:00:04.0/nvme/nvme0/nvme0n1/trace HTTP/1.1" 200 3430 "-" "Amazon CloudFront"
64.252.66.61 - - [04/Sep/2026:08:16:12 +0000] "GET /?path=//sys/class/thermal/cooling_device3/device/physical_node/node0/memory28/node0/cpu5/firmware_node/subsystem/devices/PNP0A03:00/physical_node/pci_bus/0000:00/device/0000:00:1f.0/driver/0000:00:04.0/driver/0000:00:04.0/subsystem/drivers/ena/0000:00:05.0/msi_irqs HTTP/1.1" 200 3478 "-" "Amazon CloudFront"
64.252.67.164 - - [04/Sep/2026:08:16:16 +0000] "GET /products/detail/208628339?path=//sys/bus/node/devices/node0/cpu1/driver/cpu7/driver/cpu2/node0/cpu4/firmware_node/thermal_cooling/device/physical_node/firmware_node/subsystem/devices/device:20/physical_node/nvme/nvme1/nvme1n1/holders/md0/md/dev-nvme1n1/block/device/subsystem/nvme2/nvme2n1/mq/0/cpu0 HTTP/1.1" 200 2942 "-" "Amazon CloudFront"
64.252.67.164 - - [04/Sep/2026:08:16:18 +0000] "GET /products/detail/101755460 HTTP/1.1" 200 4177 "-" "Amazon CloudFront"
64.252.66.102 - - [04/Sep/2026:08:16:21 +0000] "GET /?path=//sys/class/thermal/cooling_device3/device/physical_node/node0/memory0/node0/cpu0/firmware_node/subsystem/devices/device:02/QEMU0001:00/subsystem/devices/LNXSYBUS:00/PNP0A03:00/physical_node/0000:00:1f.0/driver/module/drivers/pci:nvme/0000:00:1e.0/nvme/nvme1/device/driver/module/drivers/pci:nvme/0000:00:1f.0/nvme/nvme2/nvme2n1/holders/md0/slaves/nvme2n1/holders/md0/md/dev-nvme1n1/block/mq/2 HTTP/1.1" 200 3595 "-" "Amazon CloudFront"
64.252.66.102 - - [04/Sep/2026:08:16:25 +0000] "GET /?path=//sys/class/thermal/cooling_device3/device/physical_node/node0/memory28/node0/cpu5/firmware_node/subsystem/devices/PNP0A03:00/physical_node/pci_bus/0000:00/device/0000:00:00.0/subsystem/drivers/nvme/0000:00:1e.0/driver/0000:00:1e.0/nvme/nvme1/nvme1n1/holders/md0/power HTTP/1.1" 200 3432 "-" "Amazon CloudFront"
64.252.66.102 - - [04/Sep/2026:08:16:24 +0000] "GET /products/detail/172439228?fileloc=/var/www/volumes/69b4844ae61d4e92bf26ad98af552775/logs/openlitespeed/access.log.2026_08_25.18&path=/var/www/volumes/69b4844ae61d4e92bf26ad98af552775/logs/openlitespeed HTTP/1.1" 200 676545 "-" "Amazon CloudFront"
64.252.66.61 - - [04/Sep/2026:08:16:27 +0000] "GET /?path=//sys/class/vc/vcs2 HTTP/1.1" 200 3031 "-" "Amazon CloudFront"
64.252.67.164 - - [04/Sep/2026:08:16:28 +0000] "GET /products/detail/208628339?path=//sys/bus/node/devices/node0/cpu1/driver/cpu7/driver/cpu2/node0/cpu1/firmware_node/thermal_cooling/device/physical_node/firmware_node/subsystem/devices/PNP0A03:00/device:02/physical_node/subsystem/drivers/nvme/0000:00:1f.0/nvme/nvme2/nvme2n1/device/nvme2n1/holders/md0/md/dev-nvme1n1/block/bdi HTTP/1.1" 200 3584 "-" "Amazon CloudFront"
64.252.67.164 - - [04/Sep/2026:08:16:32 +0000] "GET /?path=//sys/bus/memory/devices/memory1/node0/memory30/node0/cpu6/firmware_node/subsystem/devices/device:21/physical_node/driver/module/drivers/pci:nvme/0000:00:1f.0/driver/0000:00:1e.0/nvme/nvme1/nvme1n1/holders/md0/md/dev-nvme1n1/block/holders/md0/md/dev-nvme2n1/block/device/device/subsystem/drivers/ena/0000:00:05.0/net/eth0/queues/tx-7/byte_queue_limits HTTP/1.1" 200 3558 "-" "Amazon CloudFront"
64.252.67.164 - - [04/Sep/2026:08:16:33 +0000] "GET /?fileloc=//s3/f75bf04088964924b004465536090d8a/wordpress/wp-content/uploads/2023/07/%E9%B3%A5%E5%8F%96%E5%A4%A7%E5%AD%A6_%E8%BF%BD%E5%8A%A0%E5%86%99%E7%9C%9F-768x436.jpg&path=//s3/f75bf04088964924b004465536090d8a/wordpress/wp-content/uploads/2023/07 HTTP/1.1" 200 2681 "-" "Amazon CloudFront"
64.252.68.74 - - [04/Sep/2026:08:16:36 +0000] "GET /?path=//sys/class/thermal/cooling_device3/device/physical_node/node0/memory28/node0/cpu5/firmware_node/subsystem/devices/PNP0A03:00/physical_node/pci_bus/0000:00/device/0000:00:00.0/subsystem/drivers/nvme/0000:00:1f.0/nvme/nvme2/nvme2n1/holders/md0/md/dev-nvme1n1/block/bdi HTTP/1.1" 200 3561 "-" "Amazon CloudFront"
64.252.67.164 - - [04/Sep/2026:08:16:40 +0000] "GET /products/detail/208628339?path=//sys/bus/node/devices/node0/cpu1/driver/cpu7/driver/cpu2/node0/cpu4/firmware_node/subsystem/devices/PNP0A03:00/physical_node/firmware_node/physical_node/0000:00:1e.0/nvme/nvme1/device/nvme/nvme1/subsystem/nvme2/nvme2n1/device/nvme2n1/holders/md0/slaves/nvme1n1/holders/md0/md/dev-nvme1n1 HTTP/1.1" 200 3772 "-" "Amazon CloudFront"
64.252.66.61 - - [04/Sep/2026:08:16:45 +0000] "GET /?fileloc=//s3/f75bf04088964924b004465536090d8a/wordpress/wp-content/uploads/2023/07/%E5%B3%B6%E6%A0%B9%E5%A4%A7%E5%AD%A6_%E6%97%A5%E9%AB%98%E5%8C%A1%E7%AB%A0%E6%95%99%E6%8E%88-768x768.jpg&path=//s3/f75bf04088964924b004465536090d8a/wordpress/wp-content/uploads/2023/07 HTTP/1.1" 200 2687 "-" "Amazon CloudFront"
64.252.66.102 - - [04/Sep/2026:08:16:46 +0000] "GET /products/detail/208628339?path=//sys/bus/node/devices/node0/cpu1/driver/cpu7/driver/cpu2/node0/cpu4/firmware_node/subsystem/devices/PNP0A03:00/physical_node/0000:00:04.0/firmware_node/physical_node/nvme/nvme0/device/nvme/nvme0/subsystem/nvme1/nvme1n1/holders/md0/slaves/nvme2n1/holders/md0/md/dev-nvme1n1/block/mq/0 HTTP/1.1" 200 3420 "-" "Amazon CloudFront"
64.252.67.164 - - [04/Sep/2026:08:16:48 +0000] "GET /?path=//sys/class/thermal/cooling_device3/device/physical_node/node0/memory28/node0/cpu5/firmware_node/subsystem/devices/PNP0A03:00/physical_node/pci_bus/0000:00/device/0000:00:00.0/subsystem/drivers/nvme/0000:00:1f.0/nvme/nvme2/nvme2n1/holders/md0/md/dev-nvme1n1/block/mq HTTP/1.1" 200 3445 "-" "Amazon CloudFront"
64.252.66.102 - - [04/Sep/2026:08:16:52 +0000] "GET /?path=//sys/bus/memory/devices/memory14/node0/memory16/node0/cpu1/driver/cpu6/firmware_node/subsystem/devices/LNXSYSTM:00/LNXSYBUS:00/PNP0A03:00/physical_node/0000:00:04.0/driver/0000:00:1e.0/subsystem/drivers/nvme/module/drivers/pci:nvme/0000:00:1e.0/nvme/nvme1/nvme1n1/holders/md0/md/rd1/block/device/nvme2n1/holders/md0/slaves/nvme2n1/integrity HTTP/1.1" 200 3629 "-" "Amazon CloudFront"
64.252.68.74 - - [04/Sep/2026:08:16:56 +0000] "GET /products/detail/208628339?path=//sys/bus/node/devices/node0/cpu1/driver/cpu7/driver/cpu2/node0/cpu4/firmware_node/subsystem/devices/PNP0A03:00/physical_node/firmware_node/physical_node/0000:00:05.0/subsystem/drivers/nvme/0000:00:1f.0/nvme/nvme2/nvme2n1/holders/md0/slaves/nvme2n1/holders/md0/slaves/nvme1n1/device/device HTTP/1.1" 200 4894 "-" "Amazon CloudFront"
64.252.66.102 - - [04/Sep/2026:08:17:00 +0000] "GET /?path=//sys/class/thermal/cooling_device3/device/physical_node/node0/memory28/node0/cpu5/firmware_node/subsystem/devices/PNP0A03:00/physical_node/pci_bus/0000:00/device/0000:00:1e.0/driver/module/drivers/pci:nvme/0000:00:1e.0/firmware_node/subsystem/devices/LNXSYBUS:00/PNP0A03:00/device:02/PNP0501:00 HTTP/1.1" 200 3593 "-" "Amazon CloudFront"
64.252.66.102 - - [04/Sep/2026:08:17:02 +0000] "GET /?fileloc=//s3/f75bf04088964924b004465536090d8a/wordpress/wp-content/uploads/2023/07/%E9%B3%A5%E5%8F%96%E5%A4%A7%E5%AD%A6%E5%8C%BB%E5%AD%A6%E9%83%A8%E9%99%84%E5%B1%9E%E7%97%85%E9%99%A2_%E6%AD%A6%E4%B8%AD%E7%AF%A4%E9%99%A2%E9%95%B7.jpg&path=//s3/f75bf04088964924b004465536090d8a/wordpress/wp-content/uploads/2023/07 HTTP/1.1" 200 2702 "-" "Amazon CloudFront"
64.252.68.74 - - [04/Sep/2026:08:17:04 +0000] "GET /products/detail/208628339?path=//sys/bus/node/devices/node0/cpu1/driver/cpu7/driver/cpu2/node0/cpu1/firmware_node/thermal_cooling/device/physical_node/firmware_node/subsystem/devices/PNP0A03:00/physical_node/0000:00:1e.0/nvme/nvme1/nvme1n1/holders/md0/slaves/nvme2n1/device/subsystem/nvme1/nvme1n1/mq/3/cpu3 HTTP/1.1" 200 2964 "-" "Amazon CloudFront"
64.252.68.74 - - [04/Sep/2026:08:17:09 +0000] "GET /products/detail/208628339?path=//sys/bus/node/devices/node0/cpu1/driver/cpu7/driver/cpu2/node0/cpu4/firmware_node/subsystem/devices/PNP0A03:00/physical_node/0000:00:04.0/subsystem/drivers/nvme/module/drivers/pci:nvme/0000:00:1e.0/nvme/nvme1/nvme1n1/holders/md0/md/dev-nvme2n1/block/device HTTP/1.1" 200 3901 "-" "Amazon CloudFront"
64.252.66.102 - - [04/Sep/2026:08:17:12 +0000] "GET /?path=//sys/class/thermal/cooling_device3/device/physical_node/node0/memory28/node0/cpu5/firmware_node/subsystem/devices/PNP0A03:00/physical_node/pci_bus/0000:00/device/0000:00:1e.0/driver/module/drivers/pci:nvme/0000:00:1e.0/firmware_node/subsystem/devices/LNXSYBUS:00/PNP0A03:00/device:02/QEMU0001:00 HTTP/1.1" 200 3535 "-" "Amazon CloudFront"
64.252.66.102 - - [04/Sep/2026:08:17:16 +0000] "GET /products/detail/208628339?path=//sys/bus/node/devices/node0/cpu1/driver/cpu7/driver/cpu2/node0/cpu1/firmware_node/thermal_cooling/device/physical_node/firmware_node/subsystem/devices/PNP0A03:00/physical_node/0000:00:1e.0/nvme/nvme1/nvme1n1/holders/md0/md/dev-nvme2n1/block/holders/md0/subsystem/nvme0n1/mq/1/cpu2 HTTP/1.1" 200 2972 "-" "Amazon CloudFront"
64.252.68.74 - - [04/Sep/2026:08:17:20 +0000] "GET /?path=//sys/bus/memory/devices/memory1/node0/memory7/node0/cpu1/subsystem/drivers/processor/cpu5/firmware_node/subsystem/devices/PNP0A03:00/physical_node/firmware_node/physical_node/0000:00:1e.0/driver/module/drivers/pci:nvme/0000:00:1f.0/driver/0000:00:1e.0/nvme/nvme1/nvme1n1/holders/md0/md/dev-nvme2n1/block/device/device/nvme/nvme2/nvme2n1/mq/7/cpu7 HTTP/1.1" 200 3047 "-" "Amazon CloudFront"
64.252.66.61 - - [04/Sep/2026:08:17:24 +0000] "GET /products/detail/208628339?path=//sys/bus/node/devices/node0/cpu1/driver/cpu7/driver/cpu2/node0/cpu4/firmware_node/subsystem/devices/PNP0A03:00/physical_node/0000:00:01.3/subsystem/drivers/nvme/0000:00:1e.0/nvme/nvme1/nvme1n1/holders/md0/md/rd0/block/holders/md0/slaves/nvme1n1/trace HTTP/1.1" 200 3399 "-" "Amazon CloudFront"
64.252.66.102 - - [04/Sep/2026:08:17:28 +0000] "GET /products/detail/47417309?fileloc=//tmp/sess_bijm65ce0n253ej83gbhhs1p39&path=//tmp HTTP/1.1" 200 2556 "-" "Amazon CloudFront"
64.252.66.102 - - [04/Sep/2026:08:17:34 +0000] "GET /?path=//sys/class/thermal/cooling_device3/device/physical_node/node0/memory28/node0/cpu5/firmware_node/subsystem/devices/LNXSYSTM:00/LNXSYBUS:00/PNP0A03:00/physical_node/0000:00:04.0/driver/0000:00:1e.0/nvme/nvme1/device/driver/0000:00:1f.0/nvme/nvme2/nvme2n1/holders/md0/md/dev-nvme1n1/block/holders/md0/md/rd0/block/subsystem/nvme1n1/mq/1/cpu1 HTTP/1.1" 200 3053 "-" "Amazon CloudFront"
64.252.66.61 - - [04/Sep/2026:08:17:35 +0000] "GET /?fileloc=//s3/f75bf04088964924b004465536090d8a/wordpress/wp-content/uploads/2021/10/%E6%9C%AC%E5%A4%9A%E9%99%A2%E9%95%B7-2048x2048.jpg&path=//s3/f75bf04088964924b004465536090d8a/wordpress/wp-content/uploads/2021/10 HTTP/1.1" 200 2658 "-" "Amazon CloudFront"
64.252.66.61 - - [04/Sep/2026:08:17:36 +0000] "GET /products/detail/208628339?path=//sys/bus/node/devices/node0/cpu1/driver/cpu7/driver/cpu2/node0/cpu1/firmware_node/thermal_cooling/device/physical_node/firmware_node/subsystem/devices/LNXSYBUS:00/PNP0A03:00/device:20/physical_node/nvme/nvme1/device/nvme/nvme1/nvme1n1/subsystem/nvme2n1/holders/md0/slaves/nvme2n1/mq/5/cpu5 HTTP/1.1" 200 2982 "-" "Amazon CloudFront"
64.252.67.164 - - [04/Sep/2026:08:17:40 +0000] "GET /?path=//sys/class/thermal/cooling_device3/device/physical_node/node0/memory28/node0/cpu5/firmware_node/subsystem/devices/PNP0A03:00/physical_node/pci_bus/0000:00/device/0000:00:1f.0/driver/module/drivers/pci:nvme/0000:00:04.0/driver/0000:00:1e.0/subsystem/slots/9/module HTTP/1.1" 200 3299 "-" "Amazon CloudFront"
64.252.67.164 - - [04/Sep/2026:08:17:43 +0000] "GET /?fileloc=//s3/f75bf04088964924b004465536090d8a/wordpress/wp-content/uploads/2023/07/%E7%A6%8F%E4%BA%95%E8%B5%A4%E5%8D%81%E5%AD%97%E7%97%85%E9%99%A2_%E5%B0%8F%E6%9D%BE%E5%92%8C%E4%BA%BA%E7%97%85%E9%99%A2%E9%95%B7-150x150.jpg&path=//s3/f75bf04088964924b004465536090d8a/wordpress/wp-content/uploads/2023/07 HTTP/1.1" 200 2701 "-" "Amazon CloudFront"
64.252.66.102 - - [04/Sep/2026:08:17:45 +0000] "GET /?path=//sys/class/thermal/cooling_device3/device/physical_node/node0/memory28/node0/cpu5/firmware_node/subsystem/devices/LNXSYBUS:00/PNP0A03:00/device:1b/subsystem/devices/LNXSYBUS:00/PNP0A03:00/device:21/physical_node/driver/0000:00:1e.0/nvme/nvme1/nvme1n1/holders/md0/md/rd0/block/holders/md0/md/rd0/block/device/nvme1n1/mq/4 HTTP/1.1" 200 3497 "-" "Amazon CloudFront"
64.252.68.74 - - [04/Sep/2026:08:17:48 +0000] "GET /?fileloc=//s3/f75bf04088964924b004465536090d8a/wordpress/wp-content/uploads/2023/07/%E7%A6%8F%E4%BA%95%E8%B5%A4%E5%8D%81%E5%AD%97%E7%97%85%E9%99%A2_%E5%B0%8F%E6%9D%BE%E5%92%8C%E4%BA%BA%E7%97%85%E9%99%A2%E9%95%B7-768x768.jpg&path=//s3/f75bf04088964924b004465536090d8a/wordpress/wp-content/uploads/2023/07 HTTP/1.1" 200 2700 "-" "Amazon CloudFront"
64.252.68.74 - - [04/Sep/2026:08:17:49 +0000] "GET /?path=//sys/class/thermal/cooling_device3/device/physical_node/node0/memory28/node0/cpu5/firmware_node/subsystem/devices/PNP0A03:00/physical_node/pci_bus/0000:00/device/0000:00:1f.0/driver/0000:00:04.0/subsystem/drivers/nvme/0000:00:1e.0/driver/module/drivers/pci:nvme/0000:00:1e.0/msi_irqs HTTP/1.1" 200 3478 "-" "Amazon CloudFront"
64.252.68.74 - - [04/Sep/2026:08:17:52 +0000] "GET /?path=//sys/class/thermal/cooling_device3/device/physical_node/node0/memory28/node0/cpu5/firmware_node/subsystem/devices/PNP0A03:00/physical_node/pci_bus/0000:00/device/0000:00:1f.0/driver/0000:00:04.0/subsystem/drivers/nvme/0000:00:1e.0/driver/module/drivers/pci:nvme/0000:00:1e.0/power HTTP/1.1" 200 3434 "-" "Amazon CloudFront"
64.252.67.164 - - [04/Sep/2026:08:17:55 +0000] "GET /?fileloc=//s3/f75bf04088964924b004465536090d8a/wordpress/wp-content/uploads/2023/07/%E7%A5%9E%E6%88%B8%E5%B8%82%E7%AB%8B%E5%8C%BB%E7%99%82%E3%82%BB%E3%83%B3%E3%82%BF%E3%83%BC%E8%A5%BF%E5%B8%82%E6%B0%91%E7%97%85%E9%99%A2_%E4%B8%AD%E6%9D%91%E4%B8%80%E9%83%8E%E9%99%A2%E9%95%B7.jpg&path=//s3/f75bf04088964924b004465536090d8a/wordpress/wp-content/uploads/2023/07 HTTP/1.1" 200 2723 "-" "Amazon CloudFront"
64.252.67.164 - - [04/Sep/2026:08:18:02 +0000] "GET /?path=//sys/bus/memory/devices/memory1/node0/memory7/node0/cpu1/subsystem/drivers/processor/cpu5/firmware_node/subsystem/devices/PNP0A03:00/physical_node/firmware_node/physical_node/0000:00:1e.0/driver/module/drivers/pci:nvme/0000:00:1f.0/driver/0000:00:1e.0/nvme/nvme1/nvme1n1/device/nvme1n1/holders/md0/md/rd1/block/holders/md0/slaves/nvme2n1/power HTTP/1.1" 200 3574 "-" "Amazon CloudFront"
64.252.68.74 - - [04/Sep/2026:08:18:02 +0000] "GET /?path=//sys/bus/memory/devices/memory1/node0/memory7/node0/cpu1/subsystem/drivers/processor/cpu5/firmware_node/subsystem/devices/PNP0A03:00/physical_node/firmware_node/physical_node/0000:00:1e.0/driver/module/drivers/pci:nvme/0000:00:1f.0/driver/0000:00:1e.0/nvme/nvme1/nvme1n1/device/nvme1n1/holders/md0/md/rd1/block/holders/md0/slaves/nvme2n1/mq HTTP/1.1" 200 3569 "-" "Amazon CloudFront"
64.252.66.61 - - [04/Sep/2026:08:18:04 +0000] "GET /products/detail/208628339?path=//sys/bus/node/devices/node0/cpu1/driver/cpu7/driver/cpu2/node0/cpu1/firmware_node/thermal_cooling/device/physical_node/firmware_node/subsystem/drivers/button/LNXPWRBN:00/subsystem/devices/PNP0A03:00/physical_node/0000:00:1e.0/nvme/nvme1/device/nvme/nvme1/nvme1n1/holders/md0/slaves/nvme1n1/slaves HTTP/1.1" 200 2980 "-" "Amazon CloudFront"
64.252.67.164 - - [04/Sep/2026:08:18:09 +0000] "GET /?path=//sys/bus/memory/devices/memory1/node0/memory7/node0/cpu1/subsystem/drivers/processor/cpu5/firmware_node/subsystem/devices/PNP0A03:00/physical_node/firmware_node/physical_node/0000:00:1e.0/driver/0000:00:04.0/driver/module/drivers/pci:nvme/0000:00:1f.0/nvme/nvme2/device/nvme/nvme2/nvme2n1/holders/md0/md/dev-nvme1n1/block/holders/md0/md/dev-nvme1n1/block/mq/1 HTTP/1.1" 200 3521 "-" "Amazon CloudFront"
64.252.68.74 - - [04/Sep/2026:08:18:12 +0000] "GET /?fileloc=//s3/f75bf04088964924b004465536090d8a/wordpress/wp-content/uploads/2023/07/%E9%B9%BF%E5%85%90%E5%B3%B6%E5%A4%A7%E5%AD%A6%E5%91%BC%E5%90%B8%E5%99%A8%E5%A4%96%E7%A7%91_%E4%B8%8A%E7%94%B0%E5%92%8C%E5%BC%98%E6%95%99%E6%8E%88-150x150.jpg&path=//s3/f75bf04088964924b004465536090d8a/wordpress/wp-content/uploads/2023/07 HTTP/1.1" 200 2711 "-" "Amazon CloudFront"
64.252.67.164 - - [04/Sep/2026:08:18:13 +0000] "GET /products/detail/208628339?path=//sys/bus/node/devices/node0/cpu1/driver/cpu7/driver/cpu2/node0/cpu4/firmware_node/subsystem/devices/PNP0A03:00/device:06/physical_node/firmware_node/physical_node/nvme/nvme0/nvme0n1/device/nvme0n1/subsystem/md0/md/rd1/block/device/nvme2n1/holders/md0/slaves/nvme1n1/mq/7 HTTP/1.1" 200 3419 "-" "Amazon CloudFront"
64.252.68.74 - - [04/Sep/2026:08:18:16 +0000] "GET /?path=//sys/class/thermal/cooling_device3/device/physical_node/node0/memory28/node0/cpu5/firmware_node/subsystem/devices/PNP0A03:00/physical_node/pci_bus/0000:00/device/0000:00:1f.0/driver/0000:00:04.0/subsystem/drivers/nvme/0000:00:1f.0/nvme/nvme2/nvme2n1/mq/2/cpu2 HTTP/1.1" 200 2926 "-" "Amazon CloudFront"
64.252.82.87 - - [04/Sep/2026:08:18:17 +0000] "GET /?p=51252 HTTP/1.1" 200 4265 "-" "Amazon CloudFront"
64.252.82.87 - - [04/Sep/2026:08:18:18 +0000] "GET /?p=51254 HTTP/1.1" 200 4265 "-" "Amazon CloudFront"
64.252.84.158 - - [04/Sep/2026:08:18:20 +0000] "GET /?p=51256 HTTP/1.1" 200 4265 "-" "Amazon CloudFront"
64.252.66.61 - - [04/Sep/2026:08:18:21 +0000] "GET /?path=//sys/class/thermal/cooling_device3/device/physical_node/node0/memory28/node0/cpu5/firmware_node/subsystem/devices/PNP0A03:00/physical_node/pci_bus/0000:00/device/0000:00:1e.0/driver/module/drivers/pci:nvme/0000:00:1f.0/driver/0000:00:1f.0/firmware_node/subsystem/devices/LNXSYBUS:00/PNP0A03:00/device:18 HTTP/1.1" 200 3545 "-" "Amazon CloudFront"
64.252.82.87 - - [04/Sep/2026:08:18:22 +0000] "GET /?p=51257 HTTP/1.1" 200 4265 "-" "Amazon CloudFront"
64.252.84.158 - - [04/Sep/2026:08:18:23 +0000] "GET /?p=51262 HTTP/1.1" 200 4265 "-" "Amazon CloudFront"
64.252.66.102 - - [04/Sep/2026:08:18:24 +0000] "GET /?path=//sys/class/thermal/cooling_device3/device/physical_node/node0/memory28/node0/cpu5/firmware_node/subsystem/devices/PNP0A03:00/physical_node/pci_bus/0000:00/device/0000:00:1e.0/driver/module/drivers/pci:nvme/0000:00:1f.0/driver/0000:00:1f.0/firmware_node/subsystem/devices/LNXSYBUS:00/PNP0A03:00/device:09 HTTP/1.1" 200 3545 "-" "Amazon CloudFront"
64.252.82.87 - - [04/Sep/2026:08:18:25 +0000] "GET /?p=53898 HTTP/1.1" 200 4177 "-" "Amazon CloudFront"
64.252.84.158 - - [04/Sep/2026:08:18:27 +0000] "GET /?p=53904 HTTP/1.1" 200 4265 "-" "Amazon CloudFront"
64.252.72.118 - - [04/Sep/2026:08:18:28 +0000] "GET /products/detail/316443945?path=/var/www/volumes/bb4dc62639834c8b82d03bbdaaba5962 HTTP/1.1" 200 2642 "-" "Amazon CloudFront"
64.252.68.74 - - [04/Sep/2026:08:18:28 +0000] "GET /?path=//sys/class/thermal/cooling_device3/device/physical_node/node0/memory28/node0/cpu5/firmware_node/subsystem/devices/LNXSYBUS:00/PNP0A03:00/device:1b/subsystem/devices/LNXSYBUS:00/PNP0A03:00/physical_node/pci_bus/0000:00/device/0000:00:1f.0/driver/module/drivers/pci:nvme/0000:00:1f.0/driver/module/drivers/pci:nvme/0000:00:1e.0/nvme/nvme1/nvme1n1/holders/md0/slaves/nvme2n1/mq/2/cpu2 HTTP/1.1" 200 3082 "-" "Amazon CloudFront"
64.252.82.87 - - [04/Sep/2026:08:18:28 +0000] "GET /?p=53906 HTTP/1.1" 200 4265 "-" "Amazon CloudFront"
64.252.84.158 - - [04/Sep/2026:08:18:30 +0000] "GET /?p=53908 HTTP/1.1" 200 4265 "-" "Amazon CloudFront"
64.252.84.158 - - [04/Sep/2026:08:18:32 +0000] "GET /?p=53912 HTTP/1.1" 200 4177 "-" "Amazon CloudFront"
64.252.68.74 - - [04/Sep/2026:08:18:32 +0000] "GET /?path=//sys/class/thermal/cooling_device3/device/physical_node/node0/memory28/node0/cpu5/firmware_node/subsystem/devices/LNXSYBUS:00/PNP0A03:00/device:1b/subsystem/devices/LNXSYBUS:00/PNP0A03:00/physical_node/pci_bus/0000:00/device/0000:00:1f.0/driver/module/drivers/pci:nvme/0000:00:1f.0/driver/module/drivers/pci:nvme/0000:00:1e.0/nvme/nvme1/nvme1n1/holders/md0/md/rd0/block/mq/4 HTTP/1.1" 200 3557 "-" "Amazon CloudFront"
64.252.82.87 - - [04/Sep/2026:08:18:34 +0000] "GET /?p=53914 HTTP/1.1" 200 4265 "-" "Amazon CloudFront"
64.252.84.158 - - [04/Sep/2026:08:18:35 +0000] "GET /?p=53916 HTTP/1.1" 200 4265 "-" "Amazon CloudFront"
64.252.66.102 - - [04/Sep/2026:08:18:36 +0000] "GET /?path=//sys/class/thermal/cooling_device3/device/physical_node/node0/memory28/node0/cpu5/firmware_node/subsystem/devices/LNXSYBUS:00/PNP0A03:00/device:1b/subsystem/devices/LNXSYBUS:00/PNP0A03:00/physical_node/pci_bus/0000:00/device/0000:00:1f.0/driver/module/drivers/pci:nvme/0000:00:1f.0/driver/module/drivers/pci:nvme/0000:00:1e.0/nvme/nvme1/nvme1n1/holders/md0/md/rd0/block/mq/2 HTTP/1.1" 200 3556 "-" "Amazon CloudFront"
64.252.82.87 - - [04/Sep/2026:08:18:37 +0000] "GET /?p=53920 HTTP/1.1" 200 4177 "-" "Amazon CloudFront"
64.252.68.74 - - [04/Sep/2026:08:18:39 +0000] "GET /?fileloc=//s3/f75bf04088964924b004465536090d8a/wordpress/wp-content/uploads/2023/07/%E7%89%B9%E5%AE%9A%E5%8C%BB%E7%99%82%E6%B3%95%E4%BA%BA%E8%90%AC%E7%94%9F%E4%BC%9A_%E6%9D%BE%E9%87%8E%E6%96%87%E5%BD%A6%E7%90%86%E4%BA%8B%E9%95%B7-300x300.jpg&path=//s3/f75bf04088964924b004465536090d8a/wordpress/wp-content/uploads/2023/07 HTTP/1.1" 200 2714 "-" "Amazon CloudFront"
64.252.82.87 - - [04/Sep/2026:08:18:39 +0000] "GET /?p=53922 HTTP/1.1" 200 4265 "-" "Amazon CloudFront"
64.252.66.61 - - [04/Sep/2026:08:18:40 +0000] "GET /?path=//sys/class/thermal/cooling_device3/device/physical_node/node0/memory28/node0/cpu5/firmware_node/subsystem/devices/PNP0A03:00/physical_node/pci_bus/0000:00/device/0000:00:1f.0/driver/0000:00:04.0/driver/module/drivers/pci:nvme/0000:00:1e.0/firmware_node/subsystem/devices/QEMU0001:00/power HTTP/1.1" 200 3445 "-" "Amazon CloudFront"
64.252.83.61 - - [04/Sep/2026:08:18:40 +0000] "GET /?p=53924 HTTP/1.1" 200 4265 "-" "Amazon CloudFront"
64.252.84.158 - - [04/Sep/2026:08:18:42 +0000] "GET /?p=53926 HTTP/1.1" 200 4265 "-" "Amazon CloudFront"
64.252.84.158 - - [04/Sep/2026:08:18:44 +0000] "GET /?p=53928 HTTP/1.1" 200 4265 "-" "Amazon CloudFront"
64.252.66.102 - - [04/Sep/2026:08:18:44 +0000] "GET /products/detail/208628339?path=//sys/bus/node/devices/node0/cpu1/driver/cpu7/driver/cpu2/node0/cpu4/firmware_node/subsystem/devices/PNP0A03:00/physical_node/0000:00:1f.0/nvme/nvme2/subsystem/nvme2/nvme2n1/holders/md0/md/rd1/block/holders/md0/md/rd1/block/mq/4 HTTP/1.1" 200 3350 "-" "Amazon CloudFront"
64.252.66.61 - - [04/Sep/2026:08:18:44 +0000] "GET /?fileloc=//sys/class/net/lo/uevent&path=//sys/class/net/lo HTTP/1.1" 200 2591 "-" "Amazon CloudFront"
64.252.83.61 - - [04/Sep/2026:08:18:45 +0000] "GET /?p=53930 HTTP/1.1" 200 4265 "-" "Amazon CloudFront"
64.252.82.87 - - [04/Sep/2026:08:18:47 +0000] "GET /?p=53932 HTTP/1.1" 200 4265 "-" "Amazon CloudFront"
64.252.66.102 - - [04/Sep/2026:08:18:48 +0000] "GET /products/detail/208628339?path=//sys/bus/node/devices/node0/cpu1/driver/cpu7/driver/cpu2/node0/cpu4/firmware_node/subsystem/devices/PNP0A03:00/physical_node/0000:00:04.0/firmware_node/physical_node/nvme/nvme0/device/nvme/nvme0/subsystem/nvme2/nvme2n1/holders/md0/md/rd1/block/holders/md0/md/rd0/block/mq HTTP/1.1" 200 3474 "-" "Amazon CloudFront"
64.252.83.61 - - [04/Sep/2026:08:18:49 +0000] "GET /?p=53934 HTTP/1.1" 200 4265 "-" "Amazon CloudFront"
64.252.82.87 - - [04/Sep/2026:08:18:50 +0000] "GET /?p=53936 HTTP/1.1" 200 4265 "-" "Amazon CloudFront"
64.252.66.102 - - [04/Sep/2026:08:18:52 +0000] "GET /products/detail/208628339?path=//sys/bus/node/devices/node0/cpu1/driver/cpu7/driver/cpu2/node0/cpu1/firmware_node/thermal_cooling/device/physical_node/firmware_node/subsystem/devices/PNP0A03:00/physical_node/0000:00:1e.0/nvme/nvme1/nvme1n1/subsystem/md0/md/dev-nvme1n1/block/holders/md0/md/dev-nvme2n1/block/mq/4/cpu4 HTTP/1.1" 200 2973 "-" "Amazon CloudFront"
64.252.83.61 - - [04/Sep/2026:08:18:52 +0000] "GET /?p=53940 HTTP/1.1" 200 4177 "-" "Amazon CloudFront"
64.252.83.61 - - [04/Sep/2026:08:18:54 +0000] "GET /?p=53947 HTTP/1.1" 200 4265 "-" "Amazon CloudFront"
64.252.84.158 - - [04/Sep/2026:08:18:55 +0000] "GET /?p=70126 HTTP/1.1" 200 4177 "-" "Amazon CloudFront"
64.252.68.74 - - [04/Sep/2026:08:18:56 +0000] "GET /products/detail/208628339?path=//sys/bus/node/devices/node0/cpu1/driver/cpu7/driver/cpu2/node0/cpu1/firmware_node/thermal_cooling/device/physical_node/firmware_node/subsystem/devices/PNP0A03:00/physical_node/0000:00:1e.0/nvme/nvme1/nvme1n1/subsystem/nvme2n1/holders/md0/slaves/nvme2n1/holders/md0/md/rd0/block/mq/7 HTTP/1.1" 200 3423 "-" "Amazon CloudFront"
64.252.82.87 - - [04/Sep/2026:08:18:57 +0000] "GET /?p=70130 HTTP/1.1" 200 4177 "-" "Amazon CloudFront"
64.252.84.158 - - [04/Sep/2026:08:18:59 +0000] "GET /?p=70132 HTTP/1.1" 200 4265 "-" "Amazon CloudFront"
64.252.66.61 - - [04/Sep/2026:08:18:59 +0000] "GET /?fileloc=//s3/f75bf04088964924b004465536090d8a/wordpress/wp-content/uploads/2023/07/%E9%B3%A5%E5%8F%96%E5%A4%A7%E5%AD%A6%E5%8C%BB%E5%AD%A6%E9%83%A8%E9%99%84%E5%B1%9E%E7%97%85%E9%99%A2_%E6%AD%A6%E4%B8%AD%E7%AF%A4%E9%99%A2%E9%95%B7-768x768.jpg&path=//s3/f75bf04088964924b004465536090d8a/wordpress/wp-content/uploads/2023/07 HTTP/1.1" 200 2707 "-" "Amazon CloudFront"
64.252.84.158 - - [04/Sep/2026:08:19:00 +0000] "GET /?p=70134 HTTP/1.1" 200 4177 "-" "Amazon CloudFront"
64.252.68.74 - - [04/Sep/2026:08:19:00 +0000] "GET /products/detail/208628339?path=//sys/bus/node/devices/node0/cpu1/driver/cpu7/driver/cpu2/node0/cpu4/firmware_node/subsystem/devices/PNP0A03:00/device:06/physical_node/firmware_node/physical_node/nvme/nvme0/nvme0n1/subsystem/nvme2n1/device/nvme2n1/holders/md0/md/rd0/block/holders/md0/md/rd0/block/integrity HTTP/1.1" 200 3520 "-" "Amazon CloudFront"
64.252.84.158 - - [04/Sep/2026:08:19:02 +0000] "GET /?p=72178 HTTP/1.1" 200 4265 "-" "Amazon CloudFront"
64.252.84.158 - - [04/Sep/2026:08:19:03 +0000] "GET /?p=72180 HTTP/1.1" 200 4265 "-" "Amazon CloudFront"
64.252.67.164 - - [04/Sep/2026:08:19:03 +0000] "GET /products/detail/163844117?path=/var/www/volumes/69b4844ae61d4e92bf26ad98af552775/wordpress/wp-admin/network HTTP/1.1" 200 4006 "-" "Amazon CloudFront"
64.252.67.164 - - [04/Sep/2026:08:19:04 +0000] "GET /?path=//sys/bus/memory/devices/memory1/node0/memory28/node0/cpu2/driver/cpu4/firmware_node/subsystem/devices/PNP0A03:00/physical_node/0000:00:04.0/driver/0000:00:1f.0/subsystem/drivers/nvme/0000:00:1f.0/nvme/nvme2/nvme2n1/holders/md0/slaves/nvme2n1/holders/md0/md/rd0/block/device/nvme1n1/device/nvme1n1/mq/1/cpu1 HTTP/1.1" 200 3007 "-" "Amazon CloudFront"
64.252.82.87 - - [04/Sep/2026:08:19:05 +0000] "GET /?p=73147 HTTP/1.1" 200 4265 "-" "Amazon CloudFront"
64.252.84.158 - - [04/Sep/2026:08:19:07 +0000] "GET /?p=73153 HTTP/1.1" 200 4265 "-" "Amazon CloudFront"
64.252.67.164 - - [04/Sep/2026:08:19:08 +0000] "GET /products/detail/208628339?path=//sys/bus/node/devices/node0/cpu1/driver/cpu7/driver/cpu2/node0/cpu4/firmware_node/subsystem/devices/PNP0A03:00/physical_node/0000:00:1e.0/subsystem/drivers/nvme/0000:00:1e.0/nvme/nvme1/nvme1n1/holders/md0/md/dev-nvme1n1/block/holders/md0/slaves/nvme1n1/trace HTTP/1.1" 200 3404 "-" "Amazon CloudFront"
64.252.83.61 - - [04/Sep/2026:08:19:08 +0000] "GET /?p=73155 HTTP/1.1" 200 4265 "-" "Amazon CloudFront"
64.252.83.61 - - [04/Sep/2026:08:19:10 +0000] "GET /?p=73157 HTTP/1.1" 200 4265 "-" "Amazon CloudFront"
64.252.84.158 - - [04/Sep/2026:08:19:12 +0000] "GET /?p=73159 HTTP/1.1" 200 4265 "-" "Amazon CloudFront"
64.252.67.164 - - [04/Sep/2026:08:19:12 +0000] "GET /products/detail/208628339?path=//sys/bus/node/devices/node0/cpu1/driver/cpu7/driver/cpu2/node0/cpu4/firmware_node/subsystem/devices/PNP0A03:00/physical_node/0000:00:04.0/firmware_node/physical_node/nvme/nvme0/device/nvme/nvme0/subsystem/nvme2/nvme2n1/holders/md0/slaves/nvme1n1/holders/md0/md/dev-nvme1n1/block HTTP/1.1" 200 4242 "-" "Amazon CloudFront"
64.252.83.61 - - [04/Sep/2026:08:19:13 +0000] "GET /?p=73163 HTTP/1.1" 200 4265 "-" "Amazon CloudFront"
64.252.66.61 - - [04/Sep/2026:08:19:15 +0000] "GET /?fileloc=//sys/module/iptable_nat/sections/.symtab&path=//sys/module/iptable_nat/sections HTTP/1.1" 200 2588 "-" "Amazon CloudFront"
64.252.82.87 - - [04/Sep/2026:08:19:15 +0000] "GET /?p=73165 HTTP/1.1" 200 4265 "-" "Amazon CloudFront"
64.252.82.87 - - [04/Sep/2026:08:19:16 +0000] "GET /?paged=3950&cat=1 HTTP/1.1" 200 4265 "-" "Amazon CloudFront"
64.252.66.102 - - [04/Sep/2026:08:19:17 +0000] "GET /products/detail/208628339?path=//sys/bus/node/devices/node0/cpu1/driver/cpu7/driver/cpu2/node0/cpu4/firmware_node/subsystem/devices/PNP0A03:00/physical_node/0000:00:04.0/firmware_node/physical_node/nvme/nvme0/nvme0n1/nvme0n1p128/subsystem/nvme1n1/holders/md0/md/dev-nvme2n1/block/device/nvme2n1/holders/md0/md/rd1/block HTTP/1.1" 200 4277 "-" "Amazon CloudFront"
64.252.84.158 - - [04/Sep/2026:08:19:18 +0000] "GET /?paged=3951&cat=1 HTTP/1.1" 200 4265 "-" "Amazon CloudFront"
64.252.71.147 - - [04/Sep/2026:08:19:20 +0000] "GET /prizes/127391632?fileloc=/sbin/xtables-legacy-multi&path=/sbin HTTP/1.1" 200 2547 "-" "Amazon CloudFront"
64.252.82.87 - - [04/Sep/2026:08:19:20 +0000] "GET /?paged=3952&cat=1 HTTP/1.1" 200 4177 "-" "Amazon CloudFront"
64.252.67.164 - - [04/Sep/2026:08:19:20 +0000] "GET /?path=//sys/class/thermal/cooling_device3/device/physical_node/node0/memory28/node0/cpu5/firmware_node/subsystem/devices/PNP0A03:00/physical_node/pci_bus/0000:00/device/0000:00:01.3/subsystem/devices/0000:00:1f.0/driver/0000:00:1e.0/driver/0000:00:1e.0/nvme/nvme1/nvme1n1/holders/md0/holders HTTP/1.1" 200 2931 "-" "Amazon CloudFront"
64.252.71.147 - - [04/Sep/2026:08:19:21 +0000] "GET /prizes/136978874?path=/var/www/volumes/bc91eb4aa3e44757b028cbf9c6434181 HTTP/1.1" 200 2643 "-" "Amazon CloudFront"
64.252.82.87 - - [04/Sep/2026:08:19:21 +0000] "GET /?paged=3953&cat=1 HTTP/1.1" 200 4265 "-" "Amazon CloudFront"
64.252.83.61 - - [04/Sep/2026:08:19:23 +0000] "GET /?paged=3954&cat=1 HTTP/1.1" 200 4177 "-" "Amazon CloudFront"
64.252.66.61 - - [04/Sep/2026:08:19:24 +0000] "GET /?path=//sys/bus/memory/devices/memory1/node0/memory7/node0/cpu1/subsystem/drivers/processor/cpu5/firmware_node/subsystem/devices/PNP0A03:00/physical_node/firmware_node/physical_node/0000:00:1e.0/driver/module/drivers/pci:nvme/0000:00:1f.0/driver/0000:00:1e.0/nvme/nvme1/nvme1n1/holders/md0/md/dev-nvme2n1/block/device/nvme2n1/holders/md0/md/rd0/block/trace HTTP/1.1" 200 3528 "-" "Amazon CloudFront"
64.252.82.87 - - [04/Sep/2026:08:19:24 +0000] "GET /?paged=397&page_id=2807 HTTP/1.1" 200 4177 "-" "Amazon CloudFront"
64.252.82.87 - - [04/Sep/2026:08:19:26 +0000] "GET /?paged=398&page_id=2807 HTTP/1.1" 200 4265 "-" "Amazon CloudFront"
64.252.67.164 - - [04/Sep/2026:08:19:28 +0000] "GET /products/detail/208628339?path=//sys/bus/node/devices/node0/cpu1/driver/cpu7/driver/cpu2/node0/cpu4/firmware_node/thermal_cooling/device/thermal_cooling/subsystem/cooling_device1/device/subsystem/devices/PNP0A03:00/physical_node/firmware_node/device:21/physical_node/nvme/nvme2/nvme2n1/holders/md0/slaves/nvme1n1/holders/md0/slaves/nvme1n1/mq/7 HTTP/1.1" 200 3447 "-" "Amazon CloudFront"
64.252.72.118 - - [04/Sep/2026:08:19:27 +0000] "GET /prizes/107266278?path=/var/www/volumes/b6dea8203ea54a3b813490f956a44a74 HTTP/1.1" 200 2643 "-" "Amazon CloudFront"
64.252.71.147 - - [04/Sep/2026:08:19:28 +0000] "GET /prizes/270897975?path=/var/www/volumes/95aaa3f6a6774137a43c2ee5691c8a31 HTTP/1.1" 200 2642 "-" "Amazon CloudFront"
64.252.82.87 - - [04/Sep/2026:08:19:28 +0000] "GET /?paged=4110&page_id=2807 HTTP/1.1" 200 4265 "-" "Amazon CloudFront"
64.252.83.61 - - [04/Sep/2026:08:19:30 +0000] "GET /?paged=4111&page_id=2807 HTTP/1.1" 200 4177 "-" "Amazon CloudFront"
64.252.83.61 - - [04/Sep/2026:08:19:32 +0000] "GET /?paged=4112&page_id=2807 HTTP/1.1" 200 4265 "-" "Amazon CloudFront"
64.252.68.74 - - [04/Sep/2026:08:19:32 +0000] "GET /products/detail/208628339?path=//sys/bus/node/devices/node0/cpu1/driver/cpu7/driver/cpu2/node0/cpu1/firmware_node/thermal_cooling/device/physical_node/firmware_node/subsystem/devices/device:06/physical_node/nvme/nvme0/nvme0n1/device/nvme0n1/nvme0n1p1/subsystem/nvme1n1/holders/md0/md/dev-nvme1n1/block/mq/3/cpu3 HTTP/1.1" 200 2975 "-" "Amazon CloudFront"
64.252.84.158 - - [04/Sep/2026:08:19:33 +0000] "GET /?paged=4113&page_id=2807 HTTP/1.1" 200 4265 "-" "Amazon CloudFront"
64.252.66.102 - - [04/Sep/2026:08:19:34 +0000] "GET /?path=//sys/module/crypto_simd/notes HTTP/1.1" 200 2907 "-" "Amazon CloudFront"
64.252.83.61 - - [04/Sep/2026:08:19:35 +0000] "GET /?paged=4114&page_id=2807 HTTP/1.1" 200 4265 "-" "Amazon CloudFront"
64.252.66.61 - - [04/Sep/2026:08:19:36 +0000] "GET /?path=//sys/bus/memory/devices/memory1/node0/memory7/node0/cpu1/subsystem/drivers/processor/cpu5/firmware_node/subsystem/devices/PNP0A03:00/physical_node/firmware_node/physical_node/0000:00:1e.0/driver/module/drivers/pci:nvme/0000:00:1f.0/driver/0000:00:1e.0/nvme/nvme1/nvme1n1/holders/md0/md/dev-nvme2n1/block/device/nvme2n1/holders/md0/md/rd0/block/integrity HTTP/1.1" 200 3623 "-" "Amazon CloudFront"
64.252.67.164 - - [04/Sep/2026:08:19:41 +0000] "GET /?path=//sys/class/thermal/cooling_device3/device/physical_node/node0/cpu6/driver/cpu0/node0/cpu5/firmware_node/subsystem/devices/device:12/subsystem/devices/LNXSYSTM:00/LNXSYBUS:00/PNP0A03:00/physical_node/pci_bus/0000:00/device/0000:00:04.0/driver/0000:00:1e.0/nvme/nvme1/nvme1n1/holders/md0/md/dev-nvme1n1/block/holders/md0/md/rd1/block/mq/5/cpu5 HTTP/1.1" 200 3060 "-" "Amazon CloudFront"
64.252.66.102 - - [04/Sep/2026:08:19:44 +0000] "GET /?path=//sys/class/thermal/cooling_device3/device/physical_node/node0/memory28/node0/cpu5/firmware_node/subsystem/devices/PNP0A03:00/physical_node/pci_bus/0000:00/device/0000:00:1e.0/driver/module/drivers/pci:nvme/0000:00:04.0/subsystem/devices/0000:00:05.0/driver/0000:00:05.0/net/eth0/statistics HTTP/1.1" 200 4248 "-" "Amazon CloudFront"
64.252.66.102 - - [04/Sep/2026:08:19:48 +0000] "GET /products/detail/208628339?path=//sys/bus/node/devices/node0/cpu1/driver/cpu7/driver/cpu2/node0/cpu1/firmware_node/thermal_cooling/device/physical_node/firmware_node/subsystem/devices/PNP0A03:00/physical_node/0000:00:1e.0/nvme/nvme1/nvme1n1/holders/md0/md/rd0/block/device/subsystem/nvme0/nvme0n1/nvme0n1p128/power HTTP/1.1" 200 3458 "-" "Amazon CloudFront"
64.252.67.164 - - [04/Sep/2026:08:19:52 +0000] "GET /products/detail/208628339?path=//sys/bus/node/devices/node0/cpu1/driver/cpu7/driver/cpu2/node0/cpu4/firmware_node/subsystem/devices/PNP0A03:00/physical_node/0000:00:03.0/firmware_node/physical_node/subsystem/drivers/nvme/module/drivers/pci:nvme/0000:00:1e.0/nvme/nvme1/nvme1n1/holders/md0/md/dev-nvme1n1/block/trace HTTP/1.1" 200 3442 "-" "Amazon CloudFront"
64.252.68.74 - - [04/Sep/2026:08:19:53 +0000] "GET /products/detail/253535288?fileloc=//tmp/sess_ean2d7asmberfltc15qniephnj&path=//tmp HTTP/1.1" 200 2556 "-" "Amazon CloudFront"
64.252.67.164 - - [04/Sep/2026:08:19:57 +0000] "GET /products/detail/208628339?path=//sys/bus/node/devices/node0/cpu1/driver/cpu7/driver/cpu2/node0/cpu1/firmware_node/thermal_cooling/device/physical_node/firmware_node/subsystem/devices/LNXSYSTM:00/LNXSYBUS:00/PNP0A03:00/device:06/physical_node/nvme/nvme0/device/nvme/nvme0/nvme0n1/nvme0n1p128/subsystem/nvme2n1/holders/md0/slaves/nvme1n1 HTTP/1.1" 200 4296 "-" "Amazon CloudFront"
64.252.66.61 - - [04/Sep/2026:08:20:00 +0000] "GET /products/detail/272703723?path=//sys/devices/pci0000:00/firmware_node/physical_node/pci_bus/0000:00/device/firmware_node/physical_node/0000:00:00.0/subsystem/drivers/nvme/0000:00:1e.0/subsystem/devices/0000:00:1e.0/driver/0000:00:1f.0/driver/module/drivers/pci:nvme/0000:00:1f.0/nvme/nvme2/nvme2n1/holders/md0/md/dev-nvme2n1/block/device/nvme2n1/holders/md0/md/dev-nvme2n1/block/mq/6/cpu6 HTTP/1.1" 200 3010 "-" "Amazon CloudFront"
64.252.66.102 - - [04/Sep/2026:08:20:04 +0000] "GET /?path=//sys/class/thermal/cooling_device3/device/physical_node/node0/memory28/node0/cpu5/firmware_node/subsystem/devices/PNP0A03:00/physical_node/pci_bus/0000:00/device/0000:00:1f.0/driver/0000:00:04.0/driver/0000:00:04.0/firmware_node/subsystem/devices/device:02/PNP0501:01/power HTTP/1.1" 200 3402 "-" "Amazon CloudFront"
64.252.67.164 - - [04/Sep/2026:08:20:08 +0000] "GET /products/detail/208628339?path=//sys/bus/node/devices/node0/cpu1/driver/cpu7/driver/cpu2/node0/cpu4/firmware_node/thermal_cooling/device/thermal_cooling/device/subsystem/devices/PNP0A03:00/physical_node/0000:00:04.0/nvme/nvme0/nvme0n1/nvme0n1p1/subsystem/nvme1n1/holders/md0/slaves/nvme1n1/holders/md0/md/rd0/block/queue HTTP/1.1" 200 4778 "-" "Amazon CloudFront"
64.252.66.102 - - [04/Sep/2026:08:20:10 +0000] "GET /?path=//sys/module/iptable_filter/holders HTTP/1.1" 200 2626 "-" "Amazon CloudFront"
64.252.68.74 - - [04/Sep/2026:08:20:13 +0000] "GET /?path=//sys/class/thermal/cooling_device3/device/physical_node/node0/memory28/node0/cpu5/firmware_node/subsystem/devices/PNP0A03:00/device:06/subsystem/devices/device:21/physical_node/nvme/nvme2/device/driver/0000:00:1f.0/driver/module/drivers/pci:nvme/module/drivers/pci:nvme/0000:00:1f.0/nvme/nvme2/nvme2n1/holders/md0/md/dev-nvme2n1/block/holders/md0/md/dev-nvme1n1/block/integrity HTTP/1.1" 200 3644 "-" "Amazon CloudFront"
64.252.66.61 - - [04/Sep/2026:08:20:16 +0000] "GET /products/detail/208628339?path=//sys/bus/node/devices/node0/cpu1/driver/cpu7/driver/cpu2/node0/cpu1/firmware_node/thermal_cooling/subsystem/cooling_device1/device/physical_node/firmware_node/subsystem/devices/PNP0A03:00/device:20/physical_node/nvme/nvme1/nvme1n1/holders/md0/md/rd1/block/holders/md0/slaves/nvme1n1/device/power HTTP/1.1" 200 3482 "-" "Amazon CloudFront"
64.252.66.102 - - [04/Sep/2026:08:20:20 +0000] "GET /?path=//sys/bus/memory/devices/memory1/node0/memory7/node0/cpu1/subsystem/drivers/processor/cpu5/firmware_node/subsystem/devices/PNP0A03:00/physical_node/firmware_node/device:20/physical_node/driver/0000:00:1f.0/nvme/nvme2/device/driver/0000:00:1e.0/nvme/nvme1/nvme1n1/holders/md0/md/dev-nvme2n1/block/holders/md0/md/dev-nvme2n1/block/device/nvme2n1/mq/5 HTTP/1.1" 200 3505 "-" "Amazon CloudFront"
64.252.68.74 - - [04/Sep/2026:08:20:24 +0000] "GET /?path=//sys/class/thermal/cooling_device3/device/physical_node/node0/memory28/node0/cpu5/firmware_node/subsystem/devices/LNXSYSTM:00/LNXSYBUS:00/PNP0A03:00/device:12/subsystem/devices/LNXSYBUS:00/PNP0A03:00/device:21/physical_node/nvme/nvme2/device/driver/module/drivers/pci:nvme/0000:00:1e.0/driver/0000:00:1f.0/nvme/nvme2/nvme2n1/holders/md0/md/dev-nvme2n1/block/slaves HTTP/1.1" 200 3068 "-" "Amazon CloudFront"
64.252.66.102 - - [04/Sep/2026:08:20:28 +0000] "GET /?path=//sys/class/thermal/cooling_device3/device/physical_node/node0/cpu1/driver/cpu0/node0/cpu2/firmware_node/subsystem/devices/LNXSYSTM:00/LNXSYBUS:00/PNP0C0F:02/subsystem/devices/LNXSYSTM:00/LNXSYBUS:00/PNP0A03:00/physical_node/0000:00:1e.0/driver/module/drivers/pci:nvme/0000:00:1e.0/nvme/nvme1/nvme1n1/device/nvme1n1/holders/md0/md/rd0/block/mq/1/cpu1 HTTP/1.1" 200 3057 "-" "Amazon CloudFront"
64.252.68.74 - - [04/Sep/2026:08:20:32 +0000] "GET /?path=//sys/class/thermal/cooling_device3/device/physical_node/node0/memory28/node0/cpu5/firmware_node/subsystem/devices/PNP0A03:00/physical_node/pci_bus/0000:00/device/0000:00:04.0/driver/0000:00:04.0/nvme/nvme0/nvme0n1/nvme0n1p128/subsystem/nvme1n1/holders/md0/md/rd0 HTTP/1.1" 200 3741 "-" "Amazon CloudFront"
64.252.68.74 - - [04/Sep/2026:08:20:35 +0000] "GET /products/detail/320234521 HTTP/1.1" 200 4177 "-" "Amazon CloudFront"
64.252.66.61 - - [04/Sep/2026:08:20:38 +0000] "GET /products/detail/208628339?path=//sys/bus/node/devices/node0/cpu1/driver/cpu7/driver/cpu2/node0/cpu4/firmware_node/subsystem/devices/PNP0A03:00/physical_node/0000:00:04.0/firmware_node/physical_node/nvme/nvme0/device/nvme/nvme0/nvme0n1/subsystem/md0/md/rd0/block/holders/md0/slaves/nvme2n1/device/nvme2n1/mq/3 HTTP/1.1" 200 3417 "-" "Amazon CloudFront"
64.252.66.61 - - [04/Sep/2026:08:20:40 +0000] "GET /?path=//sys/class/thermal/cooling_device3/device/physical_node/node0/memory28/node0/cpu5/firmware_node/subsystem/devices/PNP0A03:00/physical_node/pci_bus/0000:00/device/0000:00:1e.0/driver/module/drivers/pci:nvme/0000:00:1e.0/subsystem/devices/0000:00:05.0/net/eth0/queues/rx-6 HTTP/1.1" 200 3287 "-" "Amazon CloudFront"
64.252.66.102 - - [04/Sep/2026:08:20:42 +0000] "GET /products/detail/253535288?path=//s3/686ddc8ce66f4790bddb928e2fdcf5bd HTTP/1.1" 200 2877 "-" "Amazon CloudFront"
64.252.67.164 - - [04/Sep/2026:08:20:44 +0000] "GET /?path=//sys/class/thermal/cooling_device3/device/physical_node/node0/memory28/node0/cpu5/firmware_node/subsystem/devices/LNXSYSTM:00/LNXSYBUS:00/PNP0A03:00/physical_node/0000:00:04.0/driver/0000:00:1e.0/nvme/nvme1/device/driver/module/drivers/pci:nvme/0000:00:1f.0/nvme/nvme2/nvme2n1/subsystem/nvme1n1/holders/md0/md/rd1/block/holders/md0/md/dev-nvme1n1/block/mq/4/cpu4 HTTP/1.1" 200 3095 "-" "Amazon CloudFront"
64.252.66.102 - - [04/Sep/2026:08:20:48 +0000] "GET /products/detail/208628339?path=//sys/bus/node/devices/node0/cpu1/driver/cpu7/driver/cpu2/node0/cpu4/firmware_node/subsystem/devices/PNP0A03:00/physical_node/0000:00:1e.0/subsystem/drivers/nvme/0000:00:1e.0/nvme/nvme1/nvme1n1/holders/md0/slaves/nvme1n1/holders/md0/slaves/nvme2n1/device/nvme2n1/mq/6 HTTP/1.1" 200 3403 "-" "Amazon CloudFront"
64.252.68.74 - - [04/Sep/2026:08:20:52 +0000] "GET /products/detail/47417309?fileloc=//tmp/sess_sncka2n2nkhpcpincu4gkto5bm&path=//tmp HTTP/1.1" 200 2555 "-" "Amazon CloudFront"
64.252.67.164 - - [04/Sep/2026:08:20:56 +0000] "GET /products/detail/208628339?path=//sys/bus/node/devices/node0/cpu1/driver/cpu7/driver/cpu2/node0/cpu1/firmware_node/thermal_cooling/device/physical_node/firmware_node/subsystem/devices/LNXSYSTM:00/LNXSYBUS:00/PNP0A03:00/device:06/physical_node/nvme/nvme0/nvme0n1/nvme0n1p1/subsystem/md0/md/dev-nvme1n1/block/holders/md0/md/dev-nvme2n1 HTTP/1.1" 200 3801 "-" "Amazon CloudFront"
64.252.66.102 - - [04/Sep/2026:08:20:58 +0000] "GET /?path=//etc/request-key.d HTTP/1.1" 200 2892 "-" "Amazon CloudFront"
64.252.67.164 - - [04/Sep/2026:08:21:01 +0000] "GET /products/detail/272703723?path=//sys/devices/pci0000:00/firmware_node/physical_node/pci_bus/0000:00/device/firmware_node/physical_node/0000:00:00.0/subsystem/drivers/nvme/module/drivers/pci:nvme/0000:00:1e.0/nvme/nvme1/nvme1n1/device/nvme1n1/holders/md0/md/dev-nvme1n1/block/holders/md0/md/dev-nvme1n1/block/subsystem/nvme0n1/mq HTTP/1.1" 200 3234 "-" "Amazon CloudFront"
64.252.68.74 - - [04/Sep/2026:08:21:04 +0000] "GET /products/detail/208628339?path=//sys/bus/node/devices/node0/cpu1/driver/cpu7/driver/cpu2/node0/cpu4/firmware_node/subsystem/devices/PNP0A03:00/device:20/physical_node/firmware_node/physical_node/nvme/nvme1/subsystem/nvme2/device/nvme/nvme2/nvme2n1/device/nvme2n1/holders/md0/md/rd0/block/holders HTTP/1.1" 200 3194 "-" "Amazon CloudFront"
64.252.68.74 - - [04/Sep/2026:08:21:08 +0000] "GET /products/detail/208628339?path=//sys/bus/node/devices/node0/cpu1/driver/cpu7/driver/cpu2/node0/cpu4/firmware_node/subsystem/devices/PNP0A03:00/physical_node/firmware_node/physical_node/0000:00:05.0/subsystem/drivers/nvme/0000:00:1f.0/nvme/nvme2/nvme2n1/holders/md0/slaves/nvme2n1/holders/md0/md/dev-nvme1n1/block/bdi HTTP/1.1" 200 3566 "-" "Amazon CloudFront"
64.252.68.74 - - [04/Sep/2026:08:21:12 +0000] "GET /?path=//sys/class/thermal/cooling_device3/device/physical_node/node0/memory0/node0/cpu5/driver/cpu7/driver/cpu3/firmware_node/thermal_cooling/device/subsystem/devices/PNP0A03:00/device:06/subsystem/devices/LNXSYSTM:00/LNXSYBUS:00/PNP0A03:00/device:20/physical_node/nvme/nvme1/nvme1n1/holders/md0/md/rd1/block/holders/md0/md/rd0/block HTTP/1.1" 200 4464 "-" "Amazon CloudFront"
64.252.66.61 - - [04/Sep/2026:08:21:16 +0000] "GET /?path=//sys/class/thermal/cooling_device3/device/physical_node/node0/memory28/node0/cpu5/firmware_node/subsystem/devices/PNP0A03:00/physical_node/pci_bus/0000:00/device/0000:00:03.0/subsystem/devices/0000:00:1f.0/driver/0000:00:1f.0/nvme/nvme2/nvme2n1/holders/md0/md/dev-nvme2n1/block HTTP/1.1" 200 4206 "-" "Amazon CloudFront"
64.252.66.61 - - [04/Sep/2026:08:21:20 +0000] "GET /?path=//sys/class/thermal/cooling_device3/device/physical_node/node0/cpu0/node0/cpu4/firmware_node/subsystem/devices/LNXSYSTM:00/LNXSYBUS:01/subsystem/devices/PNP0A03:00/physical_node/0000:00:1e.0/driver/module/drivers/pci:nvme/module/drivers/pci:nvme/0000:00:1e.0/driver/0000:00:1f.0/nvme/nvme2/device/nvme/nvme2/nvme2n1/holders/md0/md/dev-nvme1n1/block/holders/md0/md/dev-nvme1n1/block/mq HTTP/1.1" 200 3631 "-" "Amazon CloudFront"
64.252.67.164 - - [04/Sep/2026:08:21:21 +0000] "GET /products/detail/330707581?fileloc=/var/www/volumes/69b4844ae61d4e92bf26ad98af552775/wordpress/wp-includes/class-simplepie.php&path=/var/www/volumes/69b4844ae61d4e92bf26ad98af552775/wordpress/wp-includes HTTP/1.1" 200 21214 "-" "Amazon CloudFront"
64.252.66.102 - - [04/Sep/2026:08:21:24 +0000] "GET /products/detail/208628339?path=//sys/bus/node/devices/node0/cpu1/driver/cpu7/driver/cpu2/node0/cpu4/firmware_node/subsystem/devices/PNP0A03:00/device:21/physical_node/subsystem/drivers/nvme/0000:00:1f.0/nvme/nvme2/nvme2n1/holders/md0/slaves/nvme2n1/holders/md0/md/rd1/block/mq/3 HTTP/1.1" 200 3385 "-" "Amazon CloudFront"
64.252.66.61 - - [04/Sep/2026:08:21:28 +0000] "GET /products/detail/208628339?path=//sys/bus/node/devices/node0/cpu1/driver/cpu7/driver/cpu2/node0/cpu4/firmware_node/subsystem/devices/LNXSYSTM:00/LNXSYBUS:00/PNP0A03:00/device:20/physical_node/nvme/nvme1/device/nvme/nvme1/nvme1n1/device/nvme1n1/holders/md0/md/dev-nvme1n1/block/holders/md0/subsystem HTTP/1.1" 200 3397 "-" "Amazon CloudFront"
64.252.66.102 - - [04/Sep/2026:08:21:32 +0000] "GET /?path=//s3/f75bf04088964924b004465536090d8a/wordpress HTTP/1.1" 200 2889 "-" "Amazon CloudFront"
64.252.68.74 - - [04/Sep/2026:08:21:32 +0000] "GET /products/detail/47417309?fileloc=//tmp/sess_c4vd81s52n1sqb4cr6fk1dplhh&path=//tmp HTTP/1.1" 200 2556 "-" "Amazon CloudFront"
