64.252.67.163 - - [13/Sep/2026:12:45:11 +0000] "GET /products/detail/208628339?path=//sys/bus/node/devices/node0/cpu1/driver/cpu7/driver/cpu2/node0/cpu1/firmware_node/thermal_cooling/device/physical_node/firmware_node/subsystem/devices/LNXSYBUS:00/PNP0A03:00/device:06/physical_node/subsystem/drivers/nvme/module/drivers/pci:nvme/0000:00:1e.0/nvme/nvme1/nvme1n1/holders/md0/md/dev-nvme2n1/block/device/nvme2n1/holders/md0/md HTTP/1.1" 200 4357 "-" "Amazon CloudFront"
64.252.66.61 - - [13/Sep/2026:12:45:11 +0000] "GET /?fileloc=//sys/class/thermal/cooling_device1/subsystem/cooling_device7/device/subsystem/devices/PNP0A03:00/device:12/subsystem/devices/device:1a/subsystem/devices/PNP0A03:00/device:06/subsystem/devices/device:13/subsystem/devices/LNXCPU:05/physical_node/driver/cpu5/driver/cpu0/driver/cpu3/driver/cpu5/node0/memory1/node0/memory23/node0/cpu2/driver/cpu4/node0/memory3/node0/memory18/node0/memory28/uevent&path=//sys/class/thermal/cooling_device1/subsystem/cooling_device7/device/subsystem/devices/PNP0A03:00/device:12/subsystem/devices/device:1a/subsystem/devices/PNP0A03:00/device:06/subsystem/devices/device:13/subsystem/devices/LNXCPU:05/physical_node/driver/cpu5/driver/cpu0/driver/cpu3/driver/cpu5/node0/memory1/node0/memory23/node0/cpu2/driver/cpu4/node0/memory3/node0/memory18/node0/memory28 HTTP/1.1" 200 2999 "-" "Amazon CloudFront"
64.252.69.197 - - [13/Sep/2026:12:45:12 +0000] "GET /?path=//sys/class/thermal/cooling_device1/subsystem/cooling_device7/device/subsystem/devices/PNP0A03:00/device:12/subsystem/devices/device:1a/subsystem/devices/PNP0A03:00/device:06/subsystem/devices/device:13/subsystem/devices/LNXCPU:05/physical_node/driver/cpu5/driver/cpu0/driver/cpu2/firmware_node/physical_node/node0/cpu2/node0/memory4/subsystem/devices/memory1/node0/memory4/node0/memory32/node0/memory12/subsystem/devices/memory21/node0/memory20/subsystem/devices HTTP/1.1" 200 3103 "-" "Amazon CloudFront"
64.252.69.197 - - [13/Sep/2026:12:45:13 +0000] "GET /?fileloc=//sys/class/thermal/cooling_device1/subsystem/cooling_device7/device/subsystem/devices/PNP0A03:00/device:12/subsystem/devices/device:1a/subsystem/devices/PNP0A03:00/device:06/subsystem/devices/device:13/subsystem/devices/LNXCPU:05/physical_node/driver/cpu5/driver/cpu4/node0/memory31/subsystem/devices/memory22/node0/memory24/node0/memory11/node0/memory12/subsystem/devices/memory22/node0/memory18/node0/cpu7/node0/cpu3/node0/memory24/phys_index&path=//sys/class/thermal/cooling_device1/subsystem/cooling_device7/device/subsystem/devices/PNP0A03:00/device:12/subsystem/devices/device:1a/subsystem/devices/PNP0A03:00/device:06/subsystem/devices/device:13/subsystem/devices/LNXCPU:05/physical_node/driver/cpu5/driver/cpu4/node0/memory31/subsystem/devices/memory22/node0/memory24/node0/memory11/node0/memory12/subsystem/devices/memory22/node0/memory18/node0/cpu7/node0/cpu3/node0/memory24 HTTP/1.1" 200 3054 "-" "Amazon CloudFront"
64.252.66.61 - - [13/Sep/2026:12:45:13 +0000] "GET /?fileloc=//sys/class/thermal/cooling_device1/subsystem/cooling_device7/device/subsystem/devices/PNP0A03:00/device:12/subsystem/devices/device:1a/subsystem/devices/PNP0A03:00/device:06/subsystem/devices/device:13/subsystem/devices/LNXCPU:05/physical_node/driver/cpu5/driver/cpu0/driver/cpu3/driver/cpu5/node0/memory1/node0/memory9/node0/memory10/subsystem/devices/memory10/node0/memory19/node0/cpu3/firmware_node/thermal_cooling/uevent&path=//sys/class/thermal/cooling_device1/subsystem/cooling_device7/device/subsystem/devices/PNP0A03:00/device:12/subsystem/devices/device:1a/subsystem/devices/PNP0A03:00/device:06/subsystem/devices/device:13/subsystem/devices/LNXCPU:05/physical_node/driver/cpu5/driver/cpu0/driver/cpu3/driver/cpu5/node0/memory1/node0/memory9/node0/memory10/subsystem/devices/memory10/node0/memory19/node0/cpu3/firmware_node/thermal_cooling HTTP/1.1" 200 3009 "-" "Amazon CloudFront"
64.252.67.163 - - [13/Sep/2026:12:45:14 +0000] "GET /products/detail/208628339?path=//sys/bus/node/devices/node0/cpu1/driver/cpu7/driver/cpu2/node0/cpu1/firmware_node/thermal_cooling/device/physical_node/firmware_node/subsystem/devices/LNXSYSTM:00/LNXSYBUS:00/PNP0A03:00/device:06/physical_node/nvme/nvme0/device/nvme/nvme0/nvme0n1/nvme0n1p1/subsystem/nvme1n1/holders/md0/slaves/nvme1n1/holders/md0/md/rd0/block/mq/2/cpu2 HTTP/1.1" 200 3048 "-" "Amazon CloudFront"
64.252.69.197 - - [13/Sep/2026:12:45:16 +0000] "GET /?fileloc=//sys/class/thermal/cooling_device1/subsystem/cooling_device7/device/subsystem/devices/PNP0A03:00/device:12/subsystem/devices/device:1a/subsystem/devices/PNP0A03:00/device:06/subsystem/devices/device:13/subsystem/devices/LNXCPU:05/physical_node/driver/cpu5/driver/cpu0/driver/cpu3/driver/cpu5/node0/memory1/node0/memory31/node0/memory27/node0/memory11/node0/memory21/node0/memory2/node0/memory18/node0/memory21/node0/uevent&path=//sys/class/thermal/cooling_device1/subsystem/cooling_device7/device/subsystem/devices/PNP0A03:00/device:12/subsystem/devices/device:1a/subsystem/devices/PNP0A03:00/device:06/subsystem/devices/device:13/subsystem/devices/LNXCPU:05/physical_node/driver/cpu5/driver/cpu0/driver/cpu3/driver/cpu5/node0/memory1/node0/memory31/node0/memory27/node0/memory11/node0/memory21/node0/memory2/node0/memory18/node0/memory21/node0 HTTP/1.1" 200 3019 "-" "Amazon CloudFront"
64.252.66.61 - - [13/Sep/2026:12:45:18 +0000] "GET /?path=//sys/class/thermal/cooling_device3/device/physical_node/node0/memory28/node0/cpu5/firmware_node/subsystem/devices/PNP0A03:00/physical_node/pci_bus/0000:00/device/0000:00:05.0/subsystem/drivers/nvme/0000:00:04.0/driver/0000:00:1f.0/nvme/nvme2/nvme2n1/holders/md0/md/dev-nvme2n1/block/holders/md0/md/rd0/block/queue HTTP/1.1" 200 4958 "-" "Amazon CloudFront"
64.252.66.61 - - [13/Sep/2026:12:45:19 +0000] "GET /?path=//sys/class/thermal/cooling_device1/subsystem/cooling_device6/subsystem/cooling_device7/subsystem/cooling_device6/device/physical_node/node0/memory14/node0/memory11/power HTTP/1.1" 200 3241 "-" "Amazon CloudFront"
64.252.69.197 - - [13/Sep/2026:12:45:21 +0000] "GET /?path=//sys/class/thermal/cooling_device1/subsystem/cooling_device7/device/subsystem/devices/PNP0A03:00/device:12/subsystem/devices/device:1a/subsystem/devices/PNP0A03:00/device:06/subsystem/devices/device:13/subsystem/devices/LNXCPU:05/physical_node/driver/cpu5/driver/cpu7/driver/cpu5/driver/cpu5/node0/memory26/node0/cpu4/node0/memory15/subsystem/devices/memory13/node0/cpu0/node0/memory24/node0/memory11/subsystem/devices/memory2 HTTP/1.1" 200 3907 "-" "Amazon CloudFront"
64.252.67.163 - - [13/Sep/2026:12:45:23 +0000] "GET /products/detail/208628339?path=//sys/bus/node/devices/node0/cpu1/driver/cpu7/driver/cpu2/node0/cpu1/firmware_node/thermal_cooling/device/physical_node/firmware_node/subsystem/devices/LNXSYSTM:00/LNXSYBUS:00/PNP0A03:00/device:06/physical_node/nvme/nvme0/device/nvme/nvme0/nvme0n1/nvme0n1p128/subsystem/nvme2n1/holders/md0/slaves/nvme1n1/holders/md0/md/rd1/block/mq/6 HTTP/1.1" 200 3527 "-" "Amazon CloudFront"
64.252.67.163 - - [13/Sep/2026:12:45:24 +0000] "GET /?path=//sys/class/thermal/cooling_device1/subsystem/cooling_device7/device/subsystem/devices/PNP0A03:00/device:12/subsystem/devices/device:1a/subsystem/devices/PNP0A03:00/device:06/subsystem/devices/device:13/subsystem/devices/LNXCPU:05/physical_node/driver/cpu5/driver/cpu7/driver/cpu5/driver/cpu5/node0/memory26/node0/cpu4/node0/memory15/subsystem/devices/memory13/node0/cpu0/node0/memory24/node0/memory11/subsystem/devices/memory23 HTTP/1.1" 200 3913 "-" "Amazon CloudFront"
64.252.66.61 - - [13/Sep/2026:12:45:26 +0000] "GET /products/detail/293871501?path=//usr/lib/python3.6/site-packages/botocore/data/lightsail HTTP/1.1" 200 2922 "-" "Amazon CloudFront"
64.252.67.163 - - [13/Sep/2026:12:45:27 +0000] "GET /?fileloc=//sys/class/thermal/cooling_device1/subsystem/cooling_device7/device/subsystem/devices/PNP0A03:00/device:12/subsystem/devices/device:1a/subsystem/devices/PNP0A03:00/device:06/subsystem/devices/device:13/subsystem/devices/LNXCPU:05/physical_node/driver/cpu5/driver/cpu0/driver/cpu3/driver/cpu5/node0/memory1/node0/memory9/node0/memory10/subsystem/devices/memory10/node0/memory19/node0/cpu3/firmware_node/thermal_cooling/cur_state&path=//sys/class/thermal/cooling_device1/subsystem/cooling_device7/device/subsystem/devices/PNP0A03:00/device:12/subsystem/devices/device:1a/subsystem/devices/PNP0A03:00/device:06/subsystem/devices/device:13/subsystem/devices/LNXCPU:05/physical_node/driver/cpu5/driver/cpu0/driver/cpu3/driver/cpu5/node0/memory1/node0/memory9/node0/memory10/subsystem/devices/memory10/node0/memory19/node0/cpu3/firmware_node/thermal_cooling HTTP/1.1" 200 3014 "-" "Amazon CloudFront"
64.252.67.163 - - [13/Sep/2026:12:45:29 +0000] "GET /?path=//sys/class/thermal/cooling_device1/subsystem/cooling_device7/device/subsystem/devices/PNP0A03:00/device:12/subsystem/devices/device:1a/subsystem/devices/PNP0A03:00/device:06/subsystem/devices/device:13/subsystem/devices/LNXCPU:05/physical_node/driver/cpu5/driver/cpu4/node0/memory31/subsystem/devices/memory31/node0/memory27/node0/memory4/node0/cpu5/node0/memory32/node0/memory29/node0/memory15/node0/memory25/node0/cpu3/topology HTTP/1.1" 200 3679 "-" "Amazon CloudFront"
64.252.66.61 - - [13/Sep/2026:12:45:30 +0000] "GET /?path=//sys/class/thermal/cooling_device3/device/physical_node/node0/memory28/node0/cpu5/firmware_node/subsystem/devices/PNP0A03:00/physical_node/pci_bus/0000:00/device/0000:00:05.0/subsystem/drivers/nvme/0000:00:04.0/driver/0000:00:1f.0/nvme/nvme2/nvme2n1/holders/md0/md/dev-nvme2n1/block/holders/md0/md/rd0/block/slaves HTTP/1.1" 200 3011 "-" "Amazon CloudFront"
64.252.67.36 - - [13/Sep/2026:12:45:32 +0000] "GET /?path=//sys/class/thermal/cooling_device1/subsystem/cooling_device7/device/subsystem/devices/PNP0A03:00/device:12/subsystem/devices/device:1a/subsystem/devices/PNP0A03:00/device:06/subsystem/devices/device:13/subsystem/devices/LNXCPU:05/physical_node/driver/cpu5/driver/cpu4/node0/memory31/subsystem/devices/memory24/node0/memory30/node0/memory19/node0/cpu3/driver/cpu1/node0/cpu2/driver/cpu5/node0/memory8/node0/cpu4/topology HTTP/1.1" 200 3670 "-" "Amazon CloudFront"
64.252.66.61 - - [13/Sep/2026:12:45:33 +0000] "GET /?path=//sys/class/thermal/cooling_device1/subsystem/cooling_device6/subsystem/cooling_device7/subsystem/cooling_device6/device/physical_node/node0/memory14/node0/cpu6/hotplug HTTP/1.1" 200 3128 "-" "Amazon CloudFront"
64.252.69.197 - - [13/Sep/2026:12:45:34 +0000] "GET /products/detail/208628339?path=//sys/bus/node/devices/node0/cpu1/driver/cpu7/driver/cpu2/node0/cpu4/firmware_node/subsystem/devices/PNP0A03:00/physical_node/0000:00:1f.0/nvme/nvme2/subsystem/nvme2/nvme2n1/holders/md0/md/rd0/block/device/device/firmware_node/physical_node/nvme/nvme1/nvme1n1/holders/md0/md/rd1/block/mq/4 HTTP/1.1" 200 3438 "-" "Amazon CloudFront"
64.252.67.36 - - [13/Sep/2026:12:45:35 +0000] "GET /?path=//sys/class/thermal/cooling_device1/subsystem/cooling_device7/device/subsystem/devices/PNP0A03:00/device:12/subsystem/devices/device:1a/subsystem/devices/PNP0A03:00/device:06/subsystem/devices/device:13/subsystem/devices/LNXCPU:05/physical_node/driver/cpu5/driver/cpu7/driver/cpu5/driver/cpu5/node0/memory30/subsystem/devices/memory31/node0/memory25/node0/memory10/node0/memory19/node0/memory5/subsystem/devices/memory8 HTTP/1.1" 200 3891 "-" "Amazon CloudFront"
64.252.66.61 - - [13/Sep/2026:12:45:38 +0000] "GET /?fileloc=//sys/class/thermal/cooling_device1/subsystem/cooling_device7/device/subsystem/devices/PNP0A03:00/device:12/subsystem/devices/device:1c/power/runtime_status&path=//sys/class/thermal/cooling_device1/subsystem/cooling_device7/device/subsystem/devices/PNP0A03:00/device:12/subsystem/devices/device:1c/power HTTP/1.1" 200 2699 "-" "Amazon CloudFront"
64.252.67.36 - - [13/Sep/2026:12:45:38 +0000] "GET /products/detail/167571450?path=//proc/22213/root/proc/31063/fdinfo HTTP/1.1" 200 2634 "-" "Amazon CloudFront"
64.252.69.197 - - [13/Sep/2026:12:45:40 +0000] "GET /?path=//sys/class/thermal/cooling_device1/subsystem/cooling_device6/subsystem/cooling_device7/subsystem/cooling_device6/device/physical_node/node0/cpu7/cache HTTP/1.1" 200 3237 "-" "Amazon CloudFront"
64.252.67.36 - - [13/Sep/2026:12:45:41 +0000] "GET /?path=//sys/class/thermal/cooling_device1/subsystem/cooling_device7/device/subsystem/devices/PNP0A03:00/device:12/subsystem/devices/device:1a/subsystem/devices/PNP0A03:00/device:06/subsystem/devices/device:13/subsystem/devices/LNXCPU:05/physical_node/driver/cpu5/driver/cpu4/node0/cpu1/node0/memory1/node0/memory6/node0/cpu0/driver/cpu1/node0/memory14/node0/memory11/node0/cpu3/node0/cpu4/node0/memory23 HTTP/1.1" 200 3876 "-" "Amazon CloudFront"
64.252.66.61 - - [13/Sep/2026:12:45:43 +0000] "GET /?path=//sys/class/thermal/cooling_device1/subsystem/cooling_device7/device/subsystem/devices/PNP0A03:00/device:12/subsystem/devices/LNXSYBUS:00/LNXCPU:04/subsystem/devices/device:02/PNP0501:00 HTTP/1.1" 200 3453 "-" "Amazon CloudFront"
64.252.69.197 - - [13/Sep/2026:12:45:44 +0000] "GET /products/detail/167571450?path=//proc/22213/root/proc/33/attr HTTP/1.1" 200 2634 "-" "Amazon CloudFront"
64.252.69.197 - - [13/Sep/2026:12:45:46 +0000] "GET /products/detail/167571450?path=//proc/22213/root/usr/share/dict HTTP/1.1" 200 2638 "-" "Amazon CloudFront"
64.252.67.163 - - [13/Sep/2026:12:45:46 +0000] "GET /?fileloc=//sys/class/thermal/cooling_device1/subsystem/cooling_device7/device/subsystem/devices/PNP0A03:00/device:12/subsystem/devices/device:1a/subsystem/devices/PNP0A03:00/device:06/subsystem/devices/device:13/subsystem/devices/LNXCPU:05/physical_node/driver/cpu5/driver/cpu0/driver/cpu3/driver/cpu5/node0/memory1/node0/memory9/node0/memory10/subsystem/devices/memory1/node0/memory1/node0/memory32/node0/cpu7/node0/memory25/node0/numastat&path=//sys/class/thermal/cooling_device1/subsystem/cooling_device7/device/subsystem/devices/PNP0A03:00/device:12/subsystem/devices/device:1a/subsystem/devices/PNP0A03:00/device:06/subsystem/devices/device:13/subsystem/devices/LNXCPU:05/physical_node/driver/cpu5/driver/cpu0/driver/cpu3/driver/cpu5/node0/memory1/node0/memory9/node0/memory10/subsystem/devices/memory1/node0/memory1/node0/memory32/node0/cpu7/node0/memory25/node0 HTTP/1.1" 200 3034 "-" "Amazon CloudFront"
64.252.120.98 - - [13/Sep/2026:12:45:48 +0000] "GET /?fileloc=//usr/share/doc/python2-simplejson-3.10.0/docs/objects.inv&path=//usr/share/doc/python2-simplejson-3.10.0/docs HTTP/1.1" 200 2600 "-" "Amazon CloudFront"
64.252.67.36 - - [13/Sep/2026:12:45:48 +0000] "GET /?path=//sys/class/thermal/cooling_device1/subsystem/cooling_device7/device/subsystem/devices/PNP0A03:00/device:12/subsystem/devices/device:1a/subsystem/devices/PNP0A03:00/device:06/subsystem/devices/device:13/subsystem/devices/LNXCPU:05/physical_node/driver/cpu5/driver/cpu7/driver/cpu5/driver/cpu5/node0/memory26/node0/cpu4/node0/memory15/subsystem/devices/memory13/node0/cpu0/node0/memory24/node0/memory11/subsystem/devices/memory0 HTTP/1.1" 200 3908 "-" "Amazon CloudFront"
64.252.67.163 - - [13/Sep/2026:12:45:50 +0000] "GET /products/detail/293871501?fileloc=//usr/local/lsws/docs/ja-JP/admin.html&path=//usr/local/lsws/docs/ja-JP HTTP/1.1" 200 5293 "-" "Amazon CloudFront"
64.252.66.61 - - [13/Sep/2026:12:45:51 +0000] "GET /?path=//sys/class/thermal/cooling_device1/subsystem/cooling_device7/device/subsystem/devices/PNP0A03:00/device:12/subsystem/devices/device:1a/subsystem/devices/PNP0A03:00/device:06/subsystem/devices/device:13/subsystem/devices/LNXCPU:05/physical_node/driver/cpu5/driver/cpu4/node0/memory31/node0/memory8/subsystem/devices/memory28/subsystem/devices/memory25/node0/memory9/node0/memory17/node0/memory25/subsystem/devices/memory19/node0/memory25/node0/memory26/node0/hugepages/hugepages-1048576kB HTTP/1.1" 200 3538 "-" "Amazon CloudFront"
64.252.67.36 - - [13/Sep/2026:12:45:54 +0000] "GET /?path=//sys/class/thermal/cooling_device1/subsystem/cooling_device7/device/subsystem/devices/PNP0A03:00/device:12/subsystem/devices/device:1a/subsystem/devices/PNP0A03:00/device:06/subsystem/devices/device:13/subsystem/devices/LNXCPU:05/physical_node/driver/cpu5/driver/cpu7/driver/cpu5/driver/cpu5/node0/memory8/node0/memory23/node0/memory9/node0/memory8/node0/memory7/node0/cpu5/subsystem/devices/cpu6 HTTP/1.1" 200 3939 "-" "Amazon CloudFront"
64.252.69.197 - - [13/Sep/2026:12:45:54 +0000] "GET /products/detail/293871501?fileloc=//usr/lib/python2.7/site-packages/lsm/plugin/__init__.py&path=//usr/lib/python2.7/site-packages/lsm/plugin HTTP/1.1" 200 2606 "-" "Amazon CloudFront"
64.252.66.61 - - [13/Sep/2026:12:45:56 +0000] "GET /?fileloc=//sys/class/thermal/cooling_device1/subsystem/cooling_device7/device/subsystem/devices/PNP0A03:00/device:06/physical_node/subsystem/drivers/nvme/0000:00:04.0/driver/bind&path=//sys/class/thermal/cooling_device1/subsystem/cooling_device7/device/subsystem/devices/PNP0A03:00/device:06/physical_node/subsystem/drivers/nvme/0000:00:04.0/driver HTTP/1.1" 200 2719 "-" "Amazon CloudFront"
64.252.67.36 - - [13/Sep/2026:12:45:57 +0000] "GET /?path=//sys/class/thermal/cooling_device1/subsystem/cooling_device7/device/subsystem/devices/PNP0A03:00/device:12/subsystem/devices/device:1a/subsystem/devices/PNP0A03:00/device:06/subsystem/devices/device:13/subsystem/devices/LNXCPU:05/physical_node/driver/cpu5/driver/cpu0/driver/cpu2/firmware_node/physical_node/node0/memory4/subsystem/devices/memory20/node0/memory21/node0/memory16/node0/memory28/node0/cpu6/driver HTTP/1.1" 200 3840 "-" "Amazon CloudFront"
64.252.67.36 - - [13/Sep/2026:12:45:58 +0000] "GET /products/detail/208628339?path=//sys/bus/node/devices/node0/cpu1/driver/cpu7/driver/cpu2/node0/cpu4/firmware_node/subsystem/devices/PNP0A03:00/device:07/physical_node/net/eth0/device/net/eth0/device/subsystem/drivers/nvme/0000:00:1e.0/nvme/nvme1/nvme1n1/holders/md0/slaves/nvme2n1/holders/md0/slaves/nvme2n1/bdi/power HTTP/1.1" 200 3486 "-" "Amazon CloudFront"
64.252.67.163 - - [13/Sep/2026:12:45:59 +0000] "GET /?path=//sys/class/thermal/cooling_device1/subsystem/cooling_device7/device/subsystem/devices/PNP0A03:00/device:12/subsystem/devices/device:1a/subsystem/devices/PNP0A03:00/device:06/subsystem/devices/device:13/subsystem/devices/LNXCPU:05/physical_node/driver/cpu5/driver/cpu7/driver/cpu5/driver/cpu5/node0/memory26/node0/cpu4/node0/memory15/subsystem/devices/memory13/node0/cpu0/node0/memory24/node0/memory11/subsystem/devices/memory19 HTTP/1.1" 200 3913 "-" "Amazon CloudFront"
64.252.67.36 - - [13/Sep/2026:12:46:02 +0000] "GET /?fileloc=//sys/class/thermal/cooling_device1/subsystem/cooling_device7/device/subsystem/devices/PNP0A03:00/device:12/subsystem/devices/device:1a/subsystem/devices/PNP0A03:00/device:06/subsystem/devices/device:13/subsystem/devices/LNXCPU:05/physical_node/driver/cpu5/driver/cpu0/driver/cpu3/driver/cpu5/node0/memory1/node0/memory3/node0/memory31/node0/memory31/node0/memory19/node0/memory3/subsystem/devices/memory28/node0/memory8/state&path=//sys/class/thermal/cooling_device1/subsystem/cooling_device7/device/subsystem/devices/PNP0A03:00/device:12/subsystem/devices/device:1a/subsystem/devices/PNP0A03:00/device:06/subsystem/devices/device:13/subsystem/devices/LNXCPU:05/physical_node/driver/cpu5/driver/cpu0/driver/cpu3/driver/cpu5/node0/memory1/node0/memory3/node0/memory31/node0/memory31/node0/memory19/node0/memory3/subsystem/devices/memory28/node0/memory8 HTTP/1.1" 200 3025 "-" "Amazon CloudFront"
64.252.67.163 - - [13/Sep/2026:12:46:02 +0000] "GET /products/detail/167571450?fileloc=//proc/22213/root/lib/tmpfiles.d/rpm.conf&path=//proc/22213/root/lib/tmpfiles.d HTTP/1.1" 200 2583 "-" "Amazon CloudFront"
64.252.69.197 - - [13/Sep/2026:12:46:04 +0000] "GET /?fileloc=//sys/class/thermal/cooling_device1/subsystem/cooling_device7/device/subsystem/devices/PNP0A03:00/device:12/subsystem/devices/device:1a/subsystem/devices/PNP0A03:00/device:06/subsystem/devices/device:13/subsystem/devices/LNXCPU:05/physical_node/driver/cpu5/driver/cpu0/driver/cpu3/driver/cpu5/node0/memory5/node0/memory5/node0/memory20/node0/cpu0/node0/memory11/node0/memory7/node0/memory1/node0/memory20/state&path=//sys/class/thermal/cooling_device1/subsystem/cooling_device7/device/subsystem/devices/PNP0A03:00/device:12/subsystem/devices/device:1a/subsystem/devices/PNP0A03:00/device:06/subsystem/devices/device:13/subsystem/devices/LNXCPU:05/physical_node/driver/cpu5/driver/cpu0/driver/cpu3/driver/cpu5/node0/memory5/node0/memory5/node0/memory20/node0/cpu0/node0/memory11/node0/memory7/node0/memory1/node0/memory20 HTTP/1.1" 200 3006 "-" "Amazon CloudFront"
64.252.66.61 - - [13/Sep/2026:12:46:06 +0000] "GET /products/detail/167571450?path=//proc/22213/root/proc/39/net HTTP/1.1" 200 2632 "-" "Amazon CloudFront"
64.252.66.61 - - [13/Sep/2026:12:46:07 +0000] "GET /?path=//sys/class/thermal/cooling_device1/subsystem/cooling_device7/device/subsystem/devices/LNXCPU:06/subsystem/devices/device:0c/subsystem/devices/device:14/power HTTP/1.1" 200 3238 "-" "Amazon CloudFront"
64.252.69.197 - - [13/Sep/2026:12:46:10 +0000] "GET /?path=//sys/class/thermal/cooling_device1/subsystem/cooling_device6/subsystem/cooling_device7/subsystem/cooling_device6/device/physical_node/node0/memory31/node0/cpu4/power HTTP/1.1" 200 3295 "-" "Amazon CloudFront"
64.252.66.61 - - [13/Sep/2026:12:46:10 +0000] "GET /products/detail/167571450?path=//proc/22213/root/proc/1357/ns HTTP/1.1" 200 2633 "-" "Amazon CloudFront"
64.252.67.36 - - [13/Sep/2026:12:46:13 +0000] "GET /?path=//sys/class/thermal/cooling_device1/subsystem/cooling_device7/device/subsystem/devices/PNP0A03:00/device:12/subsystem/devices/device:1a/subsystem/devices/PNP0A03:00/device:06/subsystem/devices/device:13/subsystem/devices/LNXCPU:05/physical_node/driver/cpu5/driver/cpu7/driver/cpu5/driver/cpu5/node0/memory26/node0/cpu4/node0/memory15/subsystem/devices/memory13/node0/cpu0/node0/memory24/node0/memory11/subsystem/devices/memory22 HTTP/1.1" 200 3913 "-" "Amazon CloudFront"
64.252.66.61 - - [13/Sep/2026:12:46:15 +0000] "GET /products/detail/208628339?path=//sys/bus/node/devices/node0/cpu1/driver/cpu7/driver/cpu2/node0/cpu4/firmware_node/thermal_cooling/device/physical_node/firmware_node/thermal_cooling/device/subsystem/devices/PNP0A03:00/device:21/physical_node/subsystem/drivers/nvme/module/drivers/pci:nvme/0000:00:1f.0/nvme/nvme2/nvme2n1/holders/md0/md/rd1/block/holders/md0/bdi/power HTTP/1.1" 200 3569 "-" "Amazon CloudFront"
64.252.66.61 - - [13/Sep/2026:12:46:16 +0000] "GET /?path=//sys/class/thermal/cooling_device1/subsystem/cooling_device7/device/subsystem/devices/PNP0A03:00/device:12/subsystem/devices/device:1a/subsystem/devices/PNP0A03:00/device:06/subsystem/devices/device:13/subsystem/devices/LNXCPU:05/physical_node/driver/cpu5/driver/cpu7/driver/cpu5/driver/cpu5/node0/memory8/node0/memory23/node0/memory9/node0/memory4/node0/memory18/subsystem/devices/memory3/node0/cpu1/node0/memory22 HTTP/1.1" 200 3905 "-" "Amazon CloudFront"
64.252.67.163 - - [13/Sep/2026:12:46:18 +0000] "GET /?path=//sys/class/vc/vcsa4/subsystem/vcs4/subsystem/vcs HTTP/1.1" 200 3068 "-" "Amazon CloudFront"
64.252.66.61 - - [13/Sep/2026:12:46:18 +0000] "GET /products/detail/167571450?fileloc=//proc/22213/root/tmp/lshttpd/df0cd42625f9422aad097e62a1637ec3.sock.pid&path=//proc/22213/root/tmp/lshttpd HTTP/1.1" 200 2608 "-" "Amazon CloudFront"
64.252.67.163 - - [13/Sep/2026:12:46:21 +0000] "GET /?path=//sys/class/thermal/cooling_device1/subsystem/cooling_device6/subsystem/cooling_device7/subsystem/cooling_device6/device/physical_node/node0/cpu4/node0/memory22 HTTP/1.1" 200 3439 "-" "Amazon CloudFront"
64.252.66.61 - - [13/Sep/2026:12:46:22 +0000] "GET /?path=//sys/class/thermal/cooling_device1/subsystem/cooling_device7/device/subsystem/devices/PNP0A03:00/device:12/subsystem/devices/device:1a/subsystem/devices/PNP0A03:00/device:06/subsystem/devices/device:13/subsystem/devices/LNXCPU:05/physical_node/driver/cpu5/driver/cpu4/node0/cpu1/node0/memory1/node0/memory27/node0/memory19/node0/cpu2/subsystem/devices/cpu6/driver/cpu5/node0/memory30/subsystem/devices/memory31/power HTTP/1.1" 200 3647 "-" "Amazon CloudFront"
64.252.69.197 - - [13/Sep/2026:12:46:23 +0000] "GET /products/detail/167571450?fileloc=//proc/22213/root/tmp/lshttpd/fe009787b2f8455ca0414128bdd0d45e.sock.pid&path=//proc/22213/root/tmp/lshttpd HTTP/1.1" 200 2608 "-" "Amazon CloudFront"
64.252.67.36 - - [13/Sep/2026:12:46:24 +0000] "GET /?path=//sys/class/thermal/cooling_device1/subsystem/cooling_device7/device/subsystem/devices/PNP0A03:00/device:12/subsystem/devices/device:1a/subsystem/devices/PNP0A03:00/device:06/subsystem/devices/device:13/subsystem/devices/LNXCPU:05/physical_node/driver/cpu5/driver/cpu7/driver/cpu5/driver/cpu5/node0/memory8/node0/memory23/node0/memory9/node0/memory4/node0/memory18/subsystem/devices/memory3/node0/memory5/node0/hugepages HTTP/1.1" 200 3436 "-" "Amazon CloudFront"
64.252.69.197 - - [13/Sep/2026:12:46:26 +0000] "GET /?path=//sys/class/thermal/cooling_device1/subsystem/cooling_device7/device/subsystem/devices/PNP0A03:00/device:12/subsystem/devices/device:1a/subsystem/devices/PNP0A03:00/device:06/subsystem/devices/device:13/subsystem/devices/LNXCPU:05/physical_node/driver/cpu5/driver/cpu7/driver/cpu5/driver/cpu5/node0/memory8/node0/memory26/node0/memory13/subsystem/devices/memory21/node0/memory11/subsystem/devices/memory9/node0/memory10/node0/cpu6/node0/hugepages HTTP/1.1" 200 3456 "-" "Amazon CloudFront"
64.252.67.36 - - [13/Sep/2026:12:46:26 +0000] "GET /products/detail/167571450?path=//proc/22213/root/proc/56/fd HTTP/1.1" 200 2631 "-" "Amazon CloudFront"
64.252.67.163 - - [13/Sep/2026:12:46:29 +0000] "GET /?path=//sys/class/thermal/cooling_device1/subsystem/cooling_device7/device/subsystem/devices/PNP0A03:00/device:12/subsystem/devices/device:1a/subsystem/devices/PNP0A03:00/device:06/subsystem/devices/device:13/subsystem/devices/LNXCPU:05/physical_node/driver/cpu5/driver/cpu7/driver/cpu5/driver/cpu5/node0/memory26/node0/cpu4/node0/memory19/node0/memory25/node0/memory22/node0/memory24/node0/memory19/subsystem/devices/memory12 HTTP/1.1" 200 3898 "-" "Amazon CloudFront"
64.252.69.197 - - [13/Sep/2026:12:46:31 +0000] "GET /?path=//sys/class/thermal/cooling_device1/subsystem/cooling_device7/device/subsystem/devices/PNP0A03:00/device:12/subsystem/devices/device:1a/subsystem/devices/PNP0A03:00/device:06/subsystem/devices/device:13/subsystem/devices/LNXCPU:05/physical_node/driver/cpu5/driver/cpu4/node0/memory31/node0/memory8/subsystem/devices/memory19/node0/memory10/node0/memory25/node0/memory7/node0/cpu7/node0/memory17/node0/memory5/node0/cpu2/hotplug HTTP/1.1" 200 3525 "-" "Amazon CloudFront"
64.252.69.197 - - [13/Sep/2026:12:46:32 +0000] "GET /products/detail/167571450?path=//proc/22213/root/proc/508/net HTTP/1.1" 200 2632 "-" "Amazon CloudFront"
64.252.67.36 - - [13/Sep/2026:12:46:34 +0000] "GET /?path=//sys/class/thermal/cooling_device1/subsystem/cooling_device7/device/subsystem/devices/PNP0A03:00/device:12/subsystem/devices/device:1a/subsystem/devices/PNP0A03:00/device:06/subsystem/devices/device:13/subsystem/devices/LNXCPU:05/physical_node/driver/cpu5/driver/cpu4/node0/memory31/node0/memory8/subsystem/devices/memory19/node0/memory2/node0/memory19/node0/memory31/subsystem/devices/memory10/node0/memory3/node0/memory31/node0/cpu3/hotplug HTTP/1.1" 200 3509 "-" "Amazon CloudFront"
64.252.67.163 - - [13/Sep/2026:12:46:34 +0000] "GET /products/detail/167571450?path=//proc/22213/root/proc/1265/ns HTTP/1.1" 200 2633 "-" "Amazon CloudFront"
64.252.67.163 - - [13/Sep/2026:12:46:37 +0000] "GET /?path=//sys/class/thermal/cooling_device1/subsystem/cooling_device7/device/subsystem/devices/PNP0A03:00/device:12/subsystem/devices/device:1a/subsystem/devices/PNP0A03:00/device:06/subsystem/devices/device:13/subsystem/devices/LNXCPU:05/physical_node/driver/cpu5/driver/cpu7/driver/cpu5/driver/cpu5/node0/memory8/node0/memory23/node0/memory9/node0/memory4/node0/memory18/subsystem/devices/memory3/node0/cpu1/node0/memory30 HTTP/1.1" 200 3904 "-" "Amazon CloudFront"
64.252.66.61 - - [13/Sep/2026:12:46:38 +0000] "GET /products/detail/167571450?path=//proc/22213/root/proc/2824/fd HTTP/1.1" 200 2633 "-" "Amazon CloudFront"
64.252.120.98 - - [13/Sep/2026:12:46:39 +0000] "GET /?fileloc=//usr/local/lsws/add-ons/webcachemgr/src/PanelController.php&path=//usr/local/lsws/add-ons/webcachemgr/src HTTP/1.1" 200 7544 "-" "Amazon CloudFront"
64.252.66.61 - - [13/Sep/2026:12:46:40 +0000] "GET /?path=//sys/class/thermal/cooling_device1/subsystem/cooling_device7/device/subsystem/devices/PNP0A03:00/device:12/subsystem/devices/device:1a/subsystem/devices/PNP0A03:00/device:06/subsystem/devices/device:13/subsystem/devices/LNXCPU:05/physical_node/driver/cpu5/driver/cpu7/driver/cpu5/driver/cpu5/node0/memory26/node0/cpu4/node0/memory15/subsystem/devices/memory13/node0/cpu0/node0/memory24/node0/memory11/subsystem/devices/memory30 HTTP/1.1" 200 3913 "-" "Amazon CloudFront"
64.252.66.61 - - [13/Sep/2026:12:46:42 +0000] "GET /?path=//sys/class/thermal/cooling_device1/subsystem/cooling_device7/device/subsystem/devices/PNP0A03:00/device:06/physical_node/subsystem/drivers/nvme/0000:00:1f.0/subsystem HTTP/1.1" 200 3387 "-" "Amazon CloudFront"
64.252.67.36 - - [13/Sep/2026:12:46:42 +0000] "GET /products/detail/167571450?fileloc=//proc/22213/root/lib/systemd/rhel-dmesg&path=//proc/22213/root/lib/systemd HTTP/1.1" 200 2581 "-" "Amazon CloudFront"
64.252.67.36 - - [13/Sep/2026:12:46:43 +0000] "GET /?path=//sys/class/thermal/cooling_device1/subsystem/cooling_device7/device/subsystem/devices/PNP0A03:00/device:12/subsystem/devices/device:1a/subsystem/devices/PNP0A03:00/device:06/subsystem/devices/device:13/subsystem/devices/LNXCPU:05/physical_node/driver/cpu5/driver/cpu0/driver/cpu2/firmware_node/physical_node/node0/memory4/subsystem/devices/memory20/node0/cpu1/driver/cpu7/node0/memory8/node0/cpu2/node0/cpu3/firmware_node/subsystem/devices/device:01/power HTTP/1.1" 200 3700 "-" "Amazon CloudFront"
64.252.67.36 - - [13/Sep/2026:12:46:45 +0000] "GET /?path=//sys/class/thermal/cooling_device1/subsystem/cooling_device6/subsystem/cooling_device7/subsystem/cooling_device6/device/physical_node/node0/memory14/node0/cpu3/node0/memory0/power HTTP/1.1" 200 3254 "-" "Amazon CloudFront"
64.252.67.36 - - [13/Sep/2026:12:46:46 +0000] "GET /products/detail/208628339?path=//sys/bus/node/devices/node0/cpu1/driver/cpu7/driver/cpu2/node0/cpu4/firmware_node/subsystem/devices/PNP0A03:00/physical_node/0000:00:1f.0/nvme/nvme2/subsystem/nvme2/nvme2n1/holders/md0/md/rd0/block/device/device/nvme/nvme1/nvme1n1/holders/md0/md/dev-nvme1n1/block/mq/1 HTTP/1.1" 200 3387 "-" "Amazon CloudFront"
64.252.67.163 - - [13/Sep/2026:12:46:47 +0000] "GET /?path=//sys/class/thermal/cooling_device1/subsystem/cooling_device7/device/subsystem/devices/PNP0A03:00/device:12/subsystem/devices/device:1a/subsystem/devices/PNP0A03:00/device:06/subsystem/devices/device:13/subsystem/devices/LNXCPU:05/physical_node/driver/cpu5/driver/cpu4/node0/memory31/subsystem/devices/memory22/node0/memory29/node0/cpu7/node0/memory11/node0/memory23/subsystem/devices/memory0/node0/memory0 HTTP/1.1" 200 3877 "-" "Amazon CloudFront"
64.252.67.36 - - [13/Sep/2026:12:46:48 +0000] "GET /?path=//sys/class/thermal/cooling_device1/subsystem/cooling_device7/device/subsystem/devices/PNP0A03:00/device:12/subsystem/devices/device:1a/subsystem/devices/PNP0A03:00/device:06/subsystem/devices/device:13/subsystem/devices/LNXCPU:05/physical_node/driver/cpu5/driver/cpu7/driver/cpu5/driver/cpu5/node0/memory30/subsystem/devices/memory31/node0/memory3/node0/memory10/node0/memory6/node0/memory30/subsystem/devices/memory17/node0/cpu3/subsystem HTTP/1.1" 200 3646 "-" "Amazon CloudFront"
64.252.67.163 - - [13/Sep/2026:12:46:50 +0000] "GET /?path=//sys/class/thermal/cooling_device1/subsystem/cooling_device7/device/subsystem/devices/PNP0A03:00/device:12/subsystem/devices/device:1a/subsystem/devices/PNP0A03:00/device:06/subsystem/devices/device:13/subsystem/devices/LNXCPU:05/physical_node/driver/cpu5/driver/cpu7/driver/cpu5/driver/cpu5/node0/memory31/node0/memory26/subsystem/devices/memory17/node0/memory12/node0/memory18/subsystem/devices/memory19/node0/cpu1/driver/cpu6/subsystem HTTP/1.1" 200 3656 "-" "Amazon CloudFront"
64.252.67.36 - - [13/Sep/2026:12:46:51 +0000] "GET /products/detail/167571450?path=//proc/22213/root/usr/lib64/tls HTTP/1.1" 200 2638 "-" "Amazon CloudFront"
64.252.67.36 - - [13/Sep/2026:12:46:53 +0000] "GET /?path=//sys/class/thermal/cooling_device1/subsystem/cooling_device7/device/subsystem/devices/PNP0A03:00/device:12/subsystem/devices/device:1a/subsystem/devices/PNP0A03:00/device:06/subsystem/devices/device:13/subsystem/devices/LNXCPU:05/physical_node/driver/cpu5/driver/cpu7/driver/cpu5/driver/cpu5/node0/memory1/node0/memory5/node0/memory4/subsystem/devices/memory0/node0/memory3/subsystem/devices/memory32/subsystem/devices/memory13/subsystem/devices/memory23/subsystem HTTP/1.1" 200 3641 "-" "Amazon CloudFront"
64.252.69.197 - - [13/Sep/2026:12:46:54 +0000] "GET /products/detail/167571450?fileloc=//proc/22213/root/usr/lib64/libsmartcols.so.1.1.0&path=//proc/22213/root/usr/lib64 HTTP/1.1" 200 2587 "-" "Amazon CloudFront"
64.252.66.61 - - [13/Sep/2026:12:46:56 +0000] "GET /?path=//sys/class/thermal/cooling_device1/subsystem/cooling_device7/device/subsystem/devices/PNP0A03:00/device:12/subsystem/devices/device:1a/subsystem/devices/PNP0A03:00/device:06/subsystem/devices/device:13/subsystem/devices/LNXCPU:05/physical_node/driver/cpu5/driver/cpu7/driver/cpu5/driver/cpu5/node0/memory8/node0/memory23/node0/memory9/node0/memory4/node0/memory18/subsystem/devices/memory13/node0/cpu0/node0/memory16/subsystem HTTP/1.1" 200 3638 "-" "Amazon CloudFront"
64.252.67.36 - - [13/Sep/2026:12:46:58 +0000] "GET /products/detail/293871501?fileloc=//usr/share/perl5/vendor_perl/ExtUtils/ParseXS/Constants.pm&path=//usr/share/perl5/vendor_perl/ExtUtils/ParseXS HTTP/1.1" 200 3230 "-" "Amazon CloudFront"
64.252.75.204 - - [13/Sep/2026:12:46:59 +0000] "GET /sitemap418.xml?path=%2Fvar%2Fwww%2Fvolumes%2F69b4844ae61d4e92bf26ad98af552775%2Fwordpress%2Fwp-includes%2Fjs%2Ftinymce%2Fplugins%2Fwpview HTTP/1.1" 200 3022 "-" "Amazon CloudFront"
64.252.69.197 - - [13/Sep/2026:12:46:58 +0000] "GET /?path=//sys/class/thermal/cooling_device1/subsystem/cooling_device7/device/subsystem/devices/PNP0A03:00/device:12/subsystem/devices/device:1a/subsystem/devices/PNP0A03:00/device:06/subsystem/devices/device:13/subsystem/devices/LNXCPU:05/physical_node/driver/cpu5/driver/cpu7/driver/cpu5/driver/cpu5/node0/memory30/subsystem/devices/memory17/node0/memory1/node0/cpu0/node0/cpu1/subsystem/devices/cpu0/node0/memory5/node0/memory22/subsystem HTTP/1.1" 200 3587 "-" "Amazon CloudFront"
64.252.76.84 - - [13/Sep/2026:12:46:59 +0000] "GET /sitemap418.xml?path=%2Fvar%2Fwww%2Fvolumes%2F69b4844ae61d4e92bf26ad98af552775%2Fwordpress%2Fwp-includes%2Fjs%2Ftinymce%2Fplugins%2Ftabfocus HTTP/1.1" 200 3016 "-" "Amazon CloudFront"
64.252.76.84 - - [13/Sep/2026:12:46:59 +0000] "GET /sitemap418.xml?path=%2Fvar%2Fwww%2Fvolumes%2F69b4844ae61d4e92bf26ad98af552775%2Fwordpress%2Fwp-includes%2Fjs%2Ftinymce%2Fplugins%2Flists HTTP/1.1" 200 3012 "-" "Amazon CloudFront"
64.252.76.84 - - [13/Sep/2026:12:46:59 +0000] "GET /sitemap418.xml?path=%2Fvar%2Fwww%2Fvolumes%2F69b4844ae61d4e92bf26ad98af552775%2Fwordpress%2Fwp-includes%2Fjs%2Ftinymce%2Fplugins%2Fpaste HTTP/1.1" 200 3013 "-" "Amazon CloudFront"
64.252.75.204 - - [13/Sep/2026:12:46:59 +0000] "GET /sitemap418.xml?path=%2Fvar%2Fwww%2Fvolumes%2F69b4844ae61d4e92bf26ad98af552775%2Fwordpress%2Fwp-includes%2Fjs%2Ftinymce%2Fplugins%2Fcompat3x HTTP/1.1" 200 3078 "-" "Amazon CloudFront"
64.252.67.36 - - [13/Sep/2026:12:47:01 +0000] "GET /?path=//sys/class/thermal/cooling_device1/subsystem/cooling_device7/device/subsystem/devices/PNP0A03:00/device:12/subsystem/devices/device:1a/subsystem/devices/PNP0A03:00/device:06/subsystem/devices/device:13/subsystem/devices/LNXCPU:05/physical_node/driver/cpu5/driver/cpu7/driver/cpu5/driver/cpu5/node0/memory8/node0/memory26/node0/memory13/subsystem/devices/memory30/node0/cpu2/node0/memory13/node0/memory8/subsystem HTTP/1.1" 200 3606 "-" "Amazon CloudFront"
64.252.66.61 - - [13/Sep/2026:12:47:03 +0000] "GET /products/detail/167571450?path=//proc/22213/root/usr/share/man HTTP/1.1" 200 2637 "-" "Amazon CloudFront"
64.252.118.206 - - [13/Sep/2026:12:47:04 +0000] "GET /?fileloc=//usr/share/locale/nl/LC_MESSAGES/man-db.mo&path=//usr/share/locale/nl/LC_MESSAGES HTTP/1.1" 200 2592 "-" "Amazon CloudFront"
64.252.69.197 - - [13/Sep/2026:12:47:04 +0000] "GET /?path=//sys/class/thermal/cooling_device1/subsystem/cooling_device7/device/subsystem/devices/PNP0A03:00/device:12/subsystem/devices/device:1a/subsystem/devices/PNP0A03:00/device:06/subsystem/devices/device:13/subsystem/devices/LNXCPU:05/physical_node/driver/cpu5/driver/cpu7/driver/cpu5/driver/cpu5/node0/memory8/node0/memory26/node0/memory7/node0/memory31/node0/memory19/node0/memory31/node0/memory6/node0/memory9/subsystem HTTP/1.1" 200 3628 "-" "Amazon CloudFront"
64.252.66.61 - - [13/Sep/2026:12:47:06 +0000] "GET /products/detail/167571450?path=//proc/22213/root/usr/lib64/libuser HTTP/1.1" 200 2639 "-" "Amazon CloudFront"
64.252.69.197 - - [13/Sep/2026:12:47:08 +0000] "GET /?path=//sys/class/thermal/cooling_device1/subsystem/cooling_device7/device/subsystem/devices/PNP0A03:00/device:12/subsystem/devices/device:1a/subsystem/devices/PNP0A03:00/device:06/subsystem/devices/device:13/subsystem/devices/LNXCPU:05/physical_node/driver/cpu5/driver/cpu7/driver/cpu5/driver/cpu5/node0/memory8/node0/memory23/node0/memory9/node0/memory4/node0/memory18/subsystem/devices/memory3/node0/cpu1/node0/cpu1 HTTP/1.1" 200 4011 "-" "Amazon CloudFront"
64.252.66.61 - - [13/Sep/2026:12:47:09 +0000] "GET /?path=//sys/class/thermal/cooling_device1/subsystem/cooling_device7/device/subsystem/devices/device:21/subsystem/devices/LNXCPU:01/physical_node/driver/cpu6/driver HTTP/1.1" 200 3389 "-" "Amazon CloudFront"
64.252.66.61 - - [13/Sep/2026:12:47:10 +0000] "GET /?path=//sys/class/vc/vcsa4/subsystem/vcs4/subsystem/vcs3 HTTP/1.1" 200 3069 "-" "Amazon CloudFront"
64.252.66.61 - - [13/Sep/2026:12:47:11 +0000] "GET /products/detail/167571450?path=//proc/22213/root/usr/share/t1lib HTTP/1.1" 200 2639 "-" "Amazon CloudFront"
64.252.69.197 - - [13/Sep/2026:12:47:12 +0000] "GET /?path=//sys/class/thermal/cooling_device1/subsystem/cooling_device7/device/subsystem/devices/PNP0A03:00/device:12/subsystem/devices/device:1a/subsystem/devices/PNP0A03:00/device:06/subsystem/devices/device:13/subsystem/devices/LNXCPU:05/physical_node/driver/cpu5/driver/cpu0/driver/cpu5/node0/memory25/node0/memory32/node0/memory16/node0/memory10/node0/cpu7/node0/memory29/node0/cpu7/node0/memory32/node0/memory6 HTTP/1.1" 200 3876 "-" "Amazon CloudFront"
64.252.66.61 - - [13/Sep/2026:12:47:14 +0000] "GET /products/detail/293871501?fileloc=//usr/lib/python2.7/site-packages/babel/localedata/se_FI.dat&path=//usr/lib/python2.7/site-packages/babel/localedata HTTP/1.1" 200 2604 "-" "Amazon CloudFront"
64.252.67.163 - - [13/Sep/2026:12:47:15 +0000] "GET /?path=//sys/class/thermal/cooling_device1/subsystem/cooling_device7/device/subsystem/devices/PNP0A03:00/device:12/subsystem/devices/device:1a/subsystem/devices/PNP0A03:00/device:06/subsystem/devices/device:13/subsystem/devices/LNXCPU:05/physical_node/driver/cpu5/driver/cpu7/driver/cpu5/driver/cpu5/node0/memory8/node0/memory23/node0/memory9/node0/memory8/node0/memory7/node0/cpu5/subsystem/devices/cpu3 HTTP/1.1" 200 3939 "-" "Amazon CloudFront"
64.252.67.163 - - [13/Sep/2026:12:47:17 +0000] "GET /?path=//sys/class/thermal/cooling_device1/subsystem/cooling_device7/device/subsystem/devices/PNP0A03:00/device:12/subsystem/devices/device:1a/subsystem/devices/PNP0A03:00/device:06/subsystem/devices/device:13/subsystem/devices/LNXCPU:05/physical_node/driver/cpu5/driver/cpu7/driver/cpu5/driver/cpu5/node0/memory30/subsystem/devices/memory17/node0/memory3/node0/memory2/node0/memory13/node0/memory6/node0/cpu7/driver/cpu3 HTTP/1.1" 200 4004 "-" "Amazon CloudFront"
64.252.66.61 - - [13/Sep/2026:12:47:18 +0000] "GET /products/detail/167571450?path=//proc/22213/root/proc/20/map_files HTTP/1.1" 200 2636 "-" "Amazon CloudFront"
64.252.67.163 - - [13/Sep/2026:12:47:20 +0000] "GET /?path=//sys/class/thermal/cooling_device1/subsystem/cooling_device6/subsystem/cooling_device7/subsystem/cooling_device6/device/physical_node/node0/cpu4/node0/cpu0 HTTP/1.1" 200 3440 "-" "Amazon CloudFront"
64.252.67.163 - - [13/Sep/2026:12:47:23 +0000] "GET /products/detail/293871501?fileloc=//usr/lib/python2.7/site-packages/babel/localedata/fr_SN.dat&path=//usr/lib/python2.7/site-packages/babel/localedata HTTP/1.1" 200 2604 "-" "Amazon CloudFront"
64.252.66.61 - - [13/Sep/2026:12:47:23 +0000] "GET /?path=//sys/class/thermal/cooling_device1/subsystem/cooling_device7/device/subsystem/devices/PNP0A03:00/device:12/subsystem/devices/device:1a/subsystem/devices/PNP0A03:00/device:06/subsystem/devices/device:13/subsystem/devices/LNXCPU:05/physical_node/driver/cpu5/driver/cpu7/driver/cpu5/driver/cpu5/node0/memory8/node0/memory23/node0/memory9/node0/memory4/node0/memory18/subsystem/devices/memory3/node0/memory5/node0/memory17 HTTP/1.1" 200 3902 "-" "Amazon CloudFront"
64.252.66.61 - - [13/Sep/2026:12:47:25 +0000] "GET /?path=//sys/class/thermal/cooling_device1/subsystem/cooling_device7/device/subsystem/devices/PNP0A03:00/device:12/subsystem/devices/device:1a/subsystem/devices/PNP0A03:00/device:06/subsystem/devices/device:13/subsystem/devices/LNXCPU:05/physical_node/driver/cpu5/driver/cpu4/node0/memory31/subsystem/devices/memory24/node0/memory30/node0/memory19/node0/memory8/node0/cpu5/node0/memory4/node0/cpu0/node0/memory29/node0/hugepages/hugepages-1048576kB HTTP/1.1" 200 3529 "-" "Amazon CloudFront"
64.252.66.61 - - [13/Sep/2026:12:47:27 +0000] "GET /products/detail/208628339?path=//sys/bus/node/devices/node0/cpu1/driver/cpu7/driver/cpu2/node0/cpu1/firmware_node/thermal_cooling/device/physical_node/firmware_node/subsystem/devices/LNXSYBUS:00/PNP0A03:00/device:20/physical_node/nvme/nvme1/nvme1n1/holders/md0/md/dev-nvme2n1/block/subsystem/nvme2n1/holders/md0/md/dev-nvme2n1/block/device/nvme2n1/mq/6/cpu6 HTTP/1.1" 200 3014 "-" "Amazon CloudFront"
64.252.75.204 - - [13/Sep/2026:12:47:28 +0000] "GET /sitemap418.xml?path=%2Fvar%2Fwww%2Fvolumes%2F69b4844ae61d4e92bf26ad98af552775%2Fwordpress%2Fwp-includes%2Fjs%2Ftinymce%2Fplugins%2Flink HTTP/1.1" 200 3012 "-" "Amazon CloudFront"
64.252.67.163 - - [13/Sep/2026:12:47:27 +0000] "GET /?path=//sys/class/thermal/cooling_device1/subsystem/cooling_device7/device/subsystem/devices/PNP0A03:00/device:12/subsystem/devices/device:1a/subsystem/devices/PNP0A03:00/device:06/subsystem/devices/device:13/subsystem/devices/LNXCPU:05/physical_node/driver/cpu5/driver/cpu0/driver/cpu2/firmware_node/physical_node/node0/memory4/subsystem/devices/memory20/node0/memory21/node0/memory16/node0/memory21/node0/memory9/node0/cpu7/power HTTP/1.1" 200 3735 "-" "Amazon CloudFront"
64.252.76.84 - - [13/Sep/2026:12:47:28 +0000] "GET /sitemap418.xml?path=%2Fvar%2Fwww%2Fvolumes%2F69b4844ae61d4e92bf26ad98af552775%2Fwordpress%2Fwp-includes%2Fjs%2Ftinymce%2Fplugins%2Fhr HTTP/1.1" 200 3007 "-" "Amazon CloudFront"
64.252.74.227 - - [13/Sep/2026:12:47:28 +0000] "GET /sitemap418.xml?fileloc=%2Fvar%2Fwww%2Fvolumes%2F69b4844ae61d4e92bf26ad98af552775%2Fwordpress%2Fwp-includes%2FText%2FDiff%2FEngine%2Fstring.php&path=%2Fvar%2Fwww%2Fvolumes%2F69b4844ae61d4e92bf26ad98af552775%2Fwordpress%2Fwp-includes%2FText%2FDiff%2FEngine HTTP/1.1" 200 4465 "-" "Amazon CloudFront"
64.252.74.227 - - [13/Sep/2026:12:47:28 +0000] "GET /sitemap418.xml?path=%2Fvar%2Fwww%2Fvolumes%2F69b4844ae61d4e92bf26ad98af552775%2Fwordpress%2Fwp-includes%2Fjs%2Ftinymce%2Fplugins%2Fcharmap HTTP/1.1" 200 3020 "-" "Amazon CloudFront"
64.252.67.163 - - [13/Sep/2026:12:47:28 +0000] "GET /?path=//sys/class/thermal/cooling_device1/subsystem/cooling_device7/device/subsystem/devices/PNP0A03:00/device:12/subsystem/devices/device:1a/subsystem/devices/PNP0A03:00/device:06/subsystem/devices/device:13/subsystem/devices/LNXCPU:05/physical_node/driver/cpu5/driver/cpu4/node0/memory31/subsystem/devices/memory22/node0/memory14/node0/memory31/node0/memory3/node0/memory20/subsystem/devices/memory17/node0/memory13/node0/hugepages/hugepages-1048576kB HTTP/1.1" 200 3514 "-" "Amazon CloudFront"
64.252.76.84 - - [13/Sep/2026:12:47:28 +0000] "GET /sitemap418.xml?path=%2Fvar%2Fwww%2Fvolumes%2F69b4844ae61d4e92bf26ad98af552775%2Fwordpress%2Fwp-includes%2Fjs%2Ftinymce%2Fplugins%2Fwplink HTTP/1.1" 200 3025 "-" "Amazon CloudFront"
64.252.67.163 - - [13/Sep/2026:12:47:30 +0000] "GET /products/detail/293871501?fileloc=//usr/lib/python2.7/site-packages/babel/localedata/ne_IN.dat&path=//usr/lib/python2.7/site-packages/babel/localedata HTTP/1.1" 200 2604 "-" "Amazon CloudFront"
64.252.67.36 - - [13/Sep/2026:12:47:31 +0000] "GET /?path=//sys/class/thermal/cooling_device1/subsystem/cooling_device7/device/subsystem/devices/PNP0A03:00/device:12/subsystem/devices/device:1a/subsystem/devices/PNP0A03:00/device:06/subsystem/devices/device:13/subsystem/devices/LNXCPU:05/physical_node/driver/cpu5/driver/cpu7/driver/cpu5/driver/cpu5/node0/memory8/node0/memory23/node0/memory9/node0/memory8/node0/memory7/node0/cpu5/subsystem/devices/cpu2 HTTP/1.1" 200 3939 "-" "Amazon CloudFront"
64.252.66.61 - - [13/Sep/2026:12:47:33 +0000] "GET /?path=//sys/class/thermal/cooling_device1/subsystem/cooling_device7/device/subsystem/devices/PNP0A03:00/device:12/subsystem/devices/device:1a/subsystem/devices/PNP0A03:00/device:06/subsystem/devices/device:13/subsystem/devices/LNXCPU:05/physical_node/driver/cpu5/driver/cpu7/driver/cpu5/driver/cpu5/node0/memory8/node0/memory23/node0/memory25/node0/memory21/subsystem/devices/memory13/node0/cpu5/node0/memory26/subsystem/devices/memory3/node0/power HTTP/1.1" 200 3668 "-" "Amazon CloudFront"
64.252.67.36 - - [13/Sep/2026:12:47:34 +0000] "GET /products/detail/293871501?fileloc=//usr/lib/python2.7/site-packages/babel/localedata/mn_MN.dat&path=//usr/lib/python2.7/site-packages/babel/localedata HTTP/1.1" 200 2604 "-" "Amazon CloudFront"
64.252.69.197 - - [13/Sep/2026:12:47:36 +0000] "GET /?path=//sys/class/thermal/cooling_device1/subsystem/cooling_device7/device/subsystem/devices/PNP0A03:00/device:12/subsystem/devices/device:1a/subsystem/devices/PNP0A03:00/device:06/subsystem/devices/device:13/subsystem/devices/LNXCPU:05/physical_node/driver/cpu5/driver/cpu7/driver/cpu5/driver/cpu5/node0/memory30/subsystem/devices/memory17/node0/memory6/subsystem/devices/memory3/node0/memory6/node0/memory4/node0/memory5/node0/memory10/power HTTP/1.1" 200 3663 "-" "Amazon CloudFront"
64.252.66.61 - - [13/Sep/2026:12:47:39 +0000] "GET /?path=//sys/class/thermal/cooling_device1/subsystem/cooling_device7/device/subsystem/devices/PNP0A03:00/device:12/subsystem/devices/device:1a/subsystem/devices/PNP0A03:00/device:06/subsystem/devices/device:13/subsystem/devices/LNXCPU:05/physical_node/driver/cpu5/driver/cpu7/driver/cpu5/driver/cpu5/node0/memory27/subsystem/devices/memory25/node0/memory25/node0/memory30/subsystem/devices/memory18/node0/memory8/subsystem/devices/memory12/node0/memory23/power HTTP/1.1" 200 3679 "-" "Amazon CloudFront"
64.252.66.61 - - [13/Sep/2026:12:47:39 +0000] "GET /products/detail/293871501?fileloc=//usr/lib/python2.7/site-packages/babel/localedata/en_UM.dat&path=//usr/lib/python2.7/site-packages/babel/localedata HTTP/1.1" 200 2604 "-" "Amazon CloudFront"
64.252.66.61 - - [13/Sep/2026:12:47:42 +0000] "GET /?path=//sys/class/thermal/cooling_device1/subsystem/cooling_device7/device/subsystem/devices/PNP0A03:00/device:12/subsystem/devices/device:1a/subsystem/devices/PNP0A03:00/device:06/subsystem/devices/device:13/subsystem/devices/LNXCPU:05/physical_node/driver/cpu5/driver/cpu7/driver/cpu5/driver/cpu5/node0/memory8/node0/memory26/node0/memory7/node0/memory31/node0/memory19/node0/memory31/node0/memory6/node0/memory9/power HTTP/1.1" 200 3635 "-" "Amazon CloudFront"
64.252.69.197 - - [13/Sep/2026:12:47:43 +0000] "GET /products/detail/293871501?fileloc=//usr/lib/python2.7/site-packages/babel/localedata/ga_IE.dat&path=//usr/lib/python2.7/site-packages/babel/localedata HTTP/1.1" 200 2605 "-" "Amazon CloudFront"
64.252.66.61 - - [13/Sep/2026:12:47:44 +0000] "GET /?path=//sys/class/thermal/cooling_device1/subsystem/cooling_device7/device/subsystem/devices/PNP0A03:00/device:12/subsystem/devices/device:1a/subsystem/devices/PNP0A03:00/device:06/subsystem/devices/device:13/subsystem/devices/LNXCPU:05/physical_node/driver/cpu5/driver/cpu7/driver/cpu5/driver/cpu5/node0/memory31/node0/memory26/subsystem/devices/memory17/node0/memory12/node0/memory28/node0/memory14/node0/memory11/power HTTP/1.1" 200 3629 "-" "Amazon CloudFront"
64.252.69.197 - - [13/Sep/2026:12:47:46 +0000] "GET /products/detail/293871501?fileloc=//usr/lib/python2.7/site-packages/babel/localedata/fa_IR.dat&path=//usr/lib/python2.7/site-packages/babel/localedata HTTP/1.1" 200 2605 "-" "Amazon CloudFront"
64.252.67.163 - - [13/Sep/2026:12:47:47 +0000] "GET /?path=//sys/class/thermal/cooling_device1/subsystem/cooling_device7/device/subsystem/devices/PNP0A03:00/device:12/subsystem/devices/device:1a/subsystem/devices/PNP0A03:00/device:06/subsystem/devices/device:13/subsystem/devices/LNXCPU:05/physical_node/driver/cpu5/driver/cpu7/driver/cpu5/driver/cpu5/node0/memory8/node0/memory23/node0/memory9/node0/memory4/node0/memory18/subsystem/devices/memory3/node0/cpu1/node0/memory28 HTTP/1.1" 200 3905 "-" "Amazon CloudFront"
64.252.69.197 - - [13/Sep/2026:12:47:49 +0000] "GET /?path=//sys/class/thermal/cooling_device1/subsystem/cooling_device7/device/subsystem/devices/PNP0A03:00/device:12/subsystem/devices/device:1a/subsystem/devices/PNP0A03:00/device:06/subsystem/devices/device:13/subsystem/devices/LNXCPU:05/physical_node/driver/cpu5/driver/cpu4/driver/cpu0/driver/cpu2/node0/cpu3/node0/memory2/node0/memory7/node0/memory15/node0/cpu1/firmware_node/physical_node/node0/cpu0 HTTP/1.1" 200 3900 "-" "Amazon CloudFront"
