64.252.69.197 - - [13/Sep/2026:13:19:42 +0000] "GET /?path=//sys/class/thermal/cooling_device3/device/physical_node/node0/memory28/node0/cpu5/firmware_node/subsystem/devices/PNP0A03:00/physical_node/pci_bus/0000:00/device/0000:00:1f.0/driver/0000:00:04.0/driver/0000:00:1f.0/nvme/nvme2/nvme2n1/holders/md0/slaves/nvme2n1/holders/md0/slaves/nvme1n1/subsystem/nvme0n1/bdi/power HTTP/1.1" 200 3500 "-" "Amazon CloudFront"
64.252.69.197 - - [13/Sep/2026:13:19:43 +0000] "GET /?path=//sys/class/thermal/cooling_device1/subsystem/cooling_device7/device/subsystem/devices/PNP0A03:00/device:12/subsystem/devices/device:1a/subsystem/devices/PNP0A03:00/device:06/subsystem/devices/device:13/subsystem/devices/LNXCPU:05/physical_node/driver/cpu5/driver/cpu7/firmware_node/physical_node/node0/memory3/subsystem/devices/memory25/node0/cpu4/node0/memory13/subsystem/devices/memory17/subsystem/devices/memory5/subsystem/devices/memory15/node0/memory7/node0/memory12/power HTTP/1.1" 200 3675 "-" "Amazon CloudFront"
64.252.67.163 - - [13/Sep/2026:13:19:46 +0000] "GET /?path=//sys/class/thermal/cooling_device1/subsystem/cooling_device7/device/subsystem/devices/PNP0A03:00/device:12/subsystem/devices/device:1a/subsystem/devices/PNP0A03:00/device:06/subsystem/devices/device:13/subsystem/devices/LNXCPU:05/physical_node/driver/cpu5/driver/cpu7/firmware_node/physical_node/node0/memory3/subsystem/devices/memory26/node0/memory10/node0/memory27/node0/memory16/subsystem/devices/memory17/node0/memory1/node0/cpu1/node0/cpu2/cache/index1/power HTTP/1.1" 200 3705 "-" "Amazon CloudFront"
64.252.66.61 - - [13/Sep/2026:13:19:47 +0000] "GET /?path=//sys/class/thermal/cooling_device3/device/physical_node/node0/memory28/node0/cpu5/firmware_node/subsystem/devices/PNP0A03:00/physical_node/pci_bus/0000:00/device/0000:00:05.0/subsystem/devices/0000:00:1f.0/driver/0000:00:1f.0/nvme/nvme2/nvme2n1/holders/md0/md/dev-nvme1n1/block/holders/md0/md/dev-nvme2n1/block/power HTTP/1.1" 200 3525 "-" "Amazon CloudFront"
64.252.66.61 - - [13/Sep/2026:13:19:49 +0000] "GET /?path=//sys/class/thermal/cooling_device1/subsystem/cooling_device7/device/subsystem/devices/PNP0A03:00/device:12/subsystem/devices/device:1a/subsystem/devices/PNP0A03:00/device:06/subsystem/devices/device:13/subsystem/devices/LNXCPU:05/physical_node/driver/cpu5/driver/cpu4/node0/memory31/subsystem/devices/memory31/node0/cpu6/node0/memory15/node0/memory8/node0/memory22/node0/memory16/node0/cpu3/driver/cpu3/node0/subsystem HTTP/1.1" 200 3621 "-" "Amazon CloudFront"
64.252.67.163 - - [13/Sep/2026:13:19:51 +0000] "GET /?path=//sys/class/thermal/cooling_device3/device/physical_node/node0/memory28/node0/cpu5/firmware_node/subsystem/devices/PNP0A03:00/physical_node/pci_bus/0000:00/device/0000:00:1e.0/driver/module/drivers/pci:nvme/0000:00:04.0/driver/0000:00:1f.0/nvme/nvme2/nvme2n1/holders/md0/subsystem/nvme1n1/holders/md0/md/dev-nvme1n1/block/mq/6/cpu6 HTTP/1.1" 200 3047 "-" "Amazon CloudFront"
64.252.66.61 - - [13/Sep/2026:13:19:51 +0000] "GET /?path=//sys/class/thermal/cooling_device1/subsystem/cooling_device7/device/subsystem/devices/PNP0A03:00/device:12/subsystem/devices/device:1a/subsystem/devices/PNP0A03:00/device:06/subsystem/devices/device:13/subsystem/devices/LNXCPU:05/physical_node/driver/cpu5/driver/cpu4/node0/memory15/node0/memory10/node0/memory6/node0/memory26/subsystem/devices/memory14/node0/memory11/node0/memory13/node0/memory27/node0/memory28/node0/cpu0/firmware_node HTTP/1.1" 200 3796 "-" "Amazon CloudFront"
64.252.67.36 - - [13/Sep/2026:13:19:54 +0000] "GET /?path=//sys/class/thermal/cooling_device1/subsystem/cooling_device7/device/subsystem/devices/PNP0A03:00/device:12/subsystem/devices/device:1a/subsystem/devices/PNP0A03:00/device:06/subsystem/devices/device:13/subsystem/devices/LNXCPU:05/physical_node/driver/cpu5/driver/cpu4/node0/memory15/node0/memory10/node0/memory6/node0/memory18/node0/memory1/subsystem/devices/memory20/node0/memory8/node0/memory26 HTTP/1.1" 200 3845 "-" "Amazon CloudFront"
64.252.67.163 - - [13/Sep/2026:13:19:54 +0000] "GET /?path=//sys/class/thermal/cooling_device3/device/physical_node/node0/memory28/node0/cpu5/firmware_node/subsystem/devices/LNXSYBUS:00/PNP0A03:00/device:1b/subsystem/devices/LNXSYBUS:00/PNP0A03:00/device:21/physical_node/driver/module/drivers/pci:nvme/0000:00:04.0/nvme/nvme0/device/driver/module/drivers/pci:nvme/0000:00:1f.0/nvme/nvme2/nvme2n1/holders/md0/md/dev-nvme1n1/block/holders/md0/md/rd0/block/mq/6/cpu6 HTTP/1.1" 200 3132 "-" "Amazon CloudFront"
64.252.69.197 - - [13/Sep/2026:13:19:57 +0000] "GET /?path=//sys/class/thermal/cooling_device1/subsystem/cooling_device6/subsystem/cooling_device7/subsystem/cooling_device6/device/physical_node/node0/memory11/node0/memory11/node0/memory2/power HTTP/1.1" 200 3246 "-" "Amazon CloudFront"
64.252.66.61 - - [13/Sep/2026:13:19:57 +0000] "GET /?fileloc=//sys/class/thermal/cooling_device1/subsystem/cooling_device7/device/subsystem/devices/PNP0A03:00/device:12/subsystem/devices/device:1a/subsystem/devices/PNP0A03:00/device:06/subsystem/devices/device:13/subsystem/devices/LNXCPU:05/physical_node/driver/cpu5/driver/cpu4/node0/memory15/node0/memory5/subsystem/devices/memory28/node0/cpu2/driver/cpu2/node0/memory23/node0/memory21/node0/cpu6/node0/memory31/node0/cpu0/uevent&path=//sys/class/thermal/cooling_device1/subsystem/cooling_device7/device/subsystem/devices/PNP0A03:00/device:12/subsystem/devices/device:1a/subsystem/devices/PNP0A03:00/device:06/subsystem/devices/device:13/subsystem/devices/LNXCPU:05/physical_node/driver/cpu5/driver/cpu4/node0/memory15/node0/memory5/subsystem/devices/memory28/node0/cpu2/driver/cpu2/node0/memory23/node0/memory21/node0/cpu6/node0/memory31/node0/cpu0 HTTP/1.1" 200 3037 "-" "Amazon CloudFront"
64.252.67.163 - - [13/Sep/2026:13:19:58 +0000] "GET /?path=//sys/class/thermal/cooling_device1/subsystem/cooling_device7/device/physical_node/driver/cpu3/firmware_node/subsystem/devices/LNXPWRBN:00 HTTP/1.1" 200 3313 "-" "Amazon CloudFront"
64.252.69.197 - - [13/Sep/2026:13:19:58 +0000] "GET /?path=//sys/bus/acpi/devices/LNXCPU:06/physical_node/node0/memory21/node0/cpu1/driver/cpu2/subsystem/devices/cpu3/firmware_node/physical_node HTTP/1.1" 200 3513 "-" "Amazon CloudFront"
64.252.67.36 - - [13/Sep/2026:13:19:59 +0000] "GET /?path=//sys/class/thermal/cooling_device1/subsystem/cooling_device7/device/subsystem/devices/PNP0A03:00/device:12/subsystem/devices/device:1a/subsystem/devices/PNP0A03:00/device:06/subsystem/devices/device:13/subsystem/devices/LNXCPU:05/physical_node/driver/cpu5/driver/cpu7/firmware_node/physical_node/node0/memory3/subsystem/devices/memory6/node0/memory27/subsystem/devices/memory22/node0/cpu7/node0/cpu7/subsystem/devices/cpu4/node0/cpu7/node0/memory14/node0/hugepages/hugepages-2048kB HTTP/1.1" 200 3555 "-" "Amazon CloudFront"
64.252.66.61 - - [13/Sep/2026:13:20:02 +0000] "GET /?path=//sys/class/thermal/cooling_device1/subsystem/cooling_device6/subsystem/cooling_device7/subsystem/cooling_device6/device/physical_node/node0/memory27/node0/memory23/node0/memory7 HTTP/1.1" 200 3469 "-" "Amazon CloudFront"
64.252.67.36 - - [13/Sep/2026:13:20:02 +0000] "GET /products/detail/208628339?path=//sys/bus/node/devices/node0/cpu1/driver/cpu7/driver/cpu2/node0/cpu1/firmware_node/thermal_cooling/device/physical_node/firmware_node/subsystem/drivers/button/LNXPWRBN:00/subsystem/devices/PNP0A03:00/device:21/physical_node/nvme/nvme2/nvme2n1/holders/md0/slaves/nvme1n1/holders/md0/md/rd0/block/mq/2 HTTP/1.1" 200 3464 "-" "Amazon CloudFront"
64.252.67.36 - - [13/Sep/2026:13:20:05 +0000] "GET /?path=//sys/class/thermal/cooling_device1/subsystem/cooling_device7/device/subsystem/devices/PNP0A03:00/device:12/subsystem/devices/device:1a/subsystem/devices/PNP0A03:00/device:06/subsystem/devices/device:13/subsystem/devices/LNXCPU:05/physical_node/driver/cpu5/driver/cpu4/node0/memory15/node0/memory5/subsystem/devices/memory28/node0/memory27/node0/memory3/node0/memory28/subsystem/devices/memory21/node0/cpu6/node0/memory5/node0/memory22 HTTP/1.1" 200 3920 "-" "Amazon CloudFront"
64.252.67.36 - - [13/Sep/2026:13:20:06 +0000] "GET /products/detail/208628339?path=//sys/bus/node/devices/node0/cpu1/driver/cpu7/driver/cpu2/node0/cpu4/firmware_node/thermal_cooling/device/physical_node/firmware_node/thermal_cooling/device/subsystem/devices/LNXSYSTM:00/LNXSYBUS:00/PNP0A03:00/device:02/physical_node/subsystem/drivers/nvme/module/drivers/pci:nvme/0000:00:1f.0/nvme/nvme2/nvme2n1/holders/md0/slaves/nvme2n1/holders HTTP/1.1" 200 3287 "-" "Amazon CloudFront"
64.252.67.36 - - [13/Sep/2026:13:20:07 +0000] "GET /?path=//sys/class/thermal/cooling_device1/subsystem/cooling_device7/device/subsystem/devices/PNP0A03:00/device:12/subsystem/devices/device:1a/subsystem/devices/PNP0A03:00/device:06/subsystem/devices/device:13/subsystem/devices/LNXCPU:05/physical_node/driver/cpu5/driver/cpu4/node0/memory15/node0/memory10/node0/memory6/node0/memory18/node0/memory1/subsystem/devices/memory20/node0/memory8/node0/memory3 HTTP/1.1" 200 3845 "-" "Amazon CloudFront"
64.252.69.197 - - [13/Sep/2026:13:20:10 +0000] "GET /?path=//sys/class/thermal/cooling_device1/subsystem/cooling_device7/device/subsystem/devices/PNP0A03:00/device:12/subsystem/devices/device:1a/subsystem/devices/PNP0A03:00/device:1d/subsystem/devices/device:10/subsystem/devices/device:06/subsystem/devices/device:00/subsystem/devices/device:02/PNP0F13:00/subsystem/devices/LNXCPU:03/subsystem/devices/LNXCPU:05/subsystem/devices/LNXCPU:03/physical_node/node0/memory15/node0/memory3/node0/memory25/subsystem/devices/memory12/node0/memory17/node0/memory24 HTTP/1.1" 200 3917 "-" "Amazon CloudFront"
64.252.66.61 - - [13/Sep/2026:13:20:11 +0000] "GET /products/detail/208628339?path=//sys/bus/node/devices/node0/cpu1/driver/cpu7/driver/cpu2/node0/cpu4/firmware_node/thermal_cooling/device/physical_node/firmware_node/thermal_cooling/device/subsystem/devices/LNXSYSTM:00/LNXSYBUS:00/PNP0A03:00/device:02/physical_node/subsystem/drivers/nvme/module/drivers/pci:nvme/0000:00:1f.0/nvme/nvme2/nvme2n1/holders/md0/slaves/nvme2n1/power HTTP/1.1" 200 3573 "-" "Amazon CloudFront"
64.252.69.197 - - [13/Sep/2026:13:20:13 +0000] "GET /?path=//sys/class/thermal/cooling_device1/subsystem/cooling_device7/device/subsystem/devices/PNP0A03:00/device:12/subsystem/devices/device:1a/subsystem/devices/PNP0A03:00/device:06/subsystem/devices/device:13/subsystem/devices/LNXCPU:05/physical_node/driver/cpu5/driver/cpu4/node0/memory15/node0/memory10/node0/cpu3/node0/memory25/node0/memory0/node0/memory18/node0/cpu1/node0/cpu3/driver/cpu5/node0/memory20 HTTP/1.1" 200 3882 "-" "Amazon CloudFront"
64.252.66.61 - - [13/Sep/2026:13:20:14 +0000] "GET /products/detail/208628339?path=//sys/bus/node/devices/node0/cpu1/driver/cpu7/driver/cpu2/node0/cpu4/firmware_node/subsystem/devices/PNP0A03:00/physical_node/0000:00:1f.0/nvme/nvme2/subsystem/nvme2/nvme2n1/holders/md0/md/rd0/block/holders/md0/md/dev-nvme1n1/block/device/device/nvme/nvme1/nvme1n1/mq/3/cpu3 HTTP/1.1" 200 2984 "-" "Amazon CloudFront"
64.252.66.61 - - [13/Sep/2026:13:20:16 +0000] "GET /?path=//sys/class/thermal/cooling_device1/subsystem/cooling_device7/device/subsystem/devices/PNP0A03:00/device:12/subsystem/devices/device:1a/subsystem/devices/PNP0A03:00/device:06/subsystem/devices/device:13/subsystem/devices/LNXCPU:05/physical_node/driver/cpu5/driver/cpu4/node0/memory15/node0/memory5/subsystem/devices/memory28/node0/memory27/node0/memory3/node0/memory28/subsystem/devices/memory21/node0/cpu6/node0/memory5/node0/memory12 HTTP/1.1" 200 3920 "-" "Amazon CloudFront"
64.252.69.197 - - [13/Sep/2026:13:20:18 +0000] "GET /?path=//sys/class/thermal/cooling_device1/subsystem/cooling_device7/device/subsystem/devices/PNP0A03:00/device:12/subsystem/devices/device:1a/subsystem/devices/PNP0A03:00/device:06/subsystem/devices/device:13/subsystem/devices/LNXCPU:05/physical_node/driver/cpu5/driver/cpu4/driver/cpu0/driver/cpu2/node0/cpu3/node0/cpu6/node0/memory2/node0/memory26/node0/cpu3/node0/memory25/subsystem HTTP/1.1" 200 3565 "-" "Amazon CloudFront"
64.252.67.36 - - [13/Sep/2026:13:20:18 +0000] "GET /?path=//sys/class/thermal/cooling_device1/subsystem/cooling_device7/device/subsystem/devices/PNP0A03:00/device:12/subsystem/devices/device:1a/subsystem/devices/PNP0A03:00/device:06/subsystem/devices/device:13/subsystem/devices/LNXCPU:05/physical_node/driver/cpu5/driver/cpu4/node0/memory15/node0/memory5/subsystem/devices/memory5/node0/memory16/node0/memory9/node0/cpu1/node0/memory27/node0/memory13/node0/memory25/subsystem HTTP/1.1" 200 3632 "-" "Amazon CloudFront"
64.252.67.163 - - [13/Sep/2026:13:20:18 +0000] "GET /products/detail/208628339?path=//sys/bus/node/devices/node0/cpu1/driver/cpu7/driver/cpu2/node0/cpu4/firmware_node/thermal_cooling/device/physical_node/firmware_node/thermal_cooling/device/subsystem/devices/LNXSYSTM:00/LNXSYBUS:00/PNP0A03:00/device:21/physical_node/nvme/nvme2/nvme2n1/holders/md0/md/dev-nvme1n1/block/holders/md0/md/dev-nvme1n1/block/subsystem/nvme2n1/mq/5/cpu5 HTTP/1.1" 200 3034 "-" "Amazon CloudFront"
64.252.120.98 - - [13/Sep/2026:13:20:20 +0000] "GET /?fileloc=//usr/share/man/man3/xcb_glx_delete_window_checked.3.gz&path=//usr/share/man/man3 HTTP/1.1" 200 2589 "-" "Amazon CloudFront"
64.252.69.197 - - [13/Sep/2026:13:20:21 +0000] "GET /?path=//sys/class/thermal/cooling_device1/subsystem/cooling_device7/device/subsystem/devices/PNP0A03:00/device:12/subsystem/devices/device:1a/subsystem/devices/PNP0A03:00/device:06/subsystem/devices/device:13/subsystem/devices/LNXCPU:05/physical_node/driver/cpu5/driver/cpu4/node0/memory15/node0/memory5/subsystem/devices/memory28/node0/memory10/node0/memory28/node0/cpu6/node0/memory28/node0/memory5/node0/cpu5/driver/cpu4/subsystem HTTP/1.1" 200 3619 "-" "Amazon CloudFront"
64.252.66.61 - - [13/Sep/2026:13:20:22 +0000] "GET /products/detail/208628339?path=//sys/bus/node/devices/node0/cpu1/driver/cpu7/driver/cpu2/node0/cpu1/firmware_node/thermal_cooling/device/physical_node/firmware_node/subsystem/devices/LNXSYSTM:00/LNXSYBUS:00/PNP0A03:00/device:06/physical_node/nvme/nvme0/nvme0n1/nvme0n1p1/subsystem/md0/md/dev-nvme2n1/block/holders/md0/md/dev-nvme2n1/block/mq/0 HTTP/1.1" 200 3465 "-" "Amazon CloudFront"
64.252.67.163 - - [13/Sep/2026:13:20:24 +0000] "GET /?path=//sys/class/thermal/cooling_device1/subsystem/cooling_device7/device/subsystem/devices/PNP0A03:00/device:12/subsystem/devices/device:1a/subsystem/devices/PNP0A03:00/device:06/subsystem/devices/device:13/subsystem/devices/LNXCPU:05/physical_node/driver/cpu5/driver/cpu4/node0/memory15/node0/memory5/subsystem/devices/memory5/node0/memory1/node0/memory16/node0/memory20/node0/memory7/node0/memory24/node0/memory20/node0/memory28/subsystem HTTP/1.1" 200 3637 "-" "Amazon CloudFront"
64.252.66.61 - - [13/Sep/2026:13:20:26 +0000] "GET /?path=//sys/class/thermal/cooling_device1/subsystem/cooling_device7/device/subsystem/devices/PNP0A03:00/device:12/subsystem/devices/device:1a/subsystem/devices/PNP0A03:00/device:06/subsystem/devices/device:13/subsystem/devices/LNXCPU:05/physical_node/driver/cpu5/driver/cpu4/node0/cpu1/node0/memory1/node0/memory3/node0/memory25/node0/cpu3/node0/memory15/node0/memory15/node0/memory18/node0/cpu3/firmware_node/subsystem/devices/device:17 HTTP/1.1" 200 3726 "-" "Amazon CloudFront"
64.252.66.61 - - [13/Sep/2026:13:20:26 +0000] "GET /products/detail/208628339?path=//sys/bus/node/devices/node0/cpu1/driver/cpu7/driver/cpu2/node0/cpu1/firmware_node/thermal_cooling/device/physical_node/firmware_node/subsystem/drivers/button/LNXPWRBN:00/subsystem/devices/LNXSYSTM:00/LNXSYBUS:00/PNP0A03:00/device:21/physical_node/nvme/nvme2/nvme2n1/holders/md0/md/rd1/block/device/nvme2n1/holders/md0/md/dev-nvme1n1/block/mq/0 HTTP/1.1" 200 3529 "-" "Amazon CloudFront"
64.252.67.36 - - [13/Sep/2026:13:20:27 +0000] "GET /?path=//sys/class/thermal/cooling_device1/subsystem/cooling_device7/device/subsystem/devices/PNP0A03:00/device:12/subsystem/devices/device:1a/subsystem/devices/PNP0A03:00/device:06/subsystem/devices/device:13/subsystem/devices/LNXCPU:05/physical_node/driver/cpu5/driver/cpu4/node0/memory0/node0/memory15/node0/cpu4/node0/cpu3/node0/memory10/node0/memory17/subsystem/devices/memory8/node0/memory30/subsystem/devices/memory32/node0/memory10/subsystem/drivers HTTP/1.1" 200 3109 "-" "Amazon CloudFront"
64.252.66.61 - - [13/Sep/2026:13:20:28 +0000] "GET /?fileloc=//sys/class/thermal/cooling_device1/subsystem/cooling_device7/device/subsystem/devices/PNP0A03:00/device:12/subsystem/devices/device:1a/subsystem/devices/PNP0A03:00/device:06/subsystem/devices/device:13/subsystem/devices/LNXCPU:05/physical_node/driver/cpu5/driver/cpu0/driver/cpu5/node0/memory25/node0/memory32/node0/memory12/node0/memory4/subsystem/devices/memory29/node0/memory21/node0/memory32/node0/memory31/phys_device&path=//sys/class/thermal/cooling_device1/subsystem/cooling_device7/device/subsystem/devices/PNP0A03:00/device:12/subsystem/devices/device:1a/subsystem/devices/PNP0A03:00/device:06/subsystem/devices/device:13/subsystem/devices/LNXCPU:05/physical_node/driver/cpu5/driver/cpu0/driver/cpu5/node0/memory25/node0/memory32/node0/memory12/node0/memory4/subsystem/devices/memory29/node0/memory21/node0/memory32/node0/memory31 HTTP/1.1" 200 3008 "-" "Amazon CloudFront"
64.252.67.163 - - [13/Sep/2026:13:20:29 +0000] "GET /?path=//sys/class/thermal/cooling_device1/subsystem/cooling_device7/device/subsystem/devices/PNP0A03:00/device:12/subsystem/devices/device:1a/subsystem/devices/PNP0A03:00/device:06/subsystem/devices/device:13/subsystem/devices/LNXCPU:05/physical_node/driver/cpu5/driver/cpu0/driver/cpu5/node0/memory25/node0/memory32/node0/memory12/node0/memory4/subsystem/devices/memory6/node0/memory19/node0/memory1/subsystem/devices/memory14 HTTP/1.1" 200 3894 "-" "Amazon CloudFront"
64.252.66.61 - - [13/Sep/2026:13:20:31 +0000] "GET /products/detail/208628339?path=//sys/bus/node/devices/node0/cpu1/driver/cpu7/driver/cpu2/node0/cpu4/firmware_node/subsystem/devices/PNP0A03:00/physical_node/0000:00:04.0/subsystem/drivers/nvme/module/drivers/pci:nvme/0000:00:1e.0/nvme/nvme1/nvme1n1/holders/md0/md/dev-nvme1n1/block/device/nvme1n1/holders/md0/slaves/nvme2n1/mq/4/cpu4 HTTP/1.1" 200 3007 "-" "Amazon CloudFront"
64.252.66.61 - - [13/Sep/2026:13:20:32 +0000] "GET /?path=//sys/class/thermal/cooling_device1/subsystem/cooling_device7/device/subsystem/devices/PNP0A03:00/device:12/subsystem/devices/device:1a/subsystem/devices/PNP0A03:00/device:06/subsystem/devices/device:13/subsystem/devices/LNXCPU:05/physical_node/driver/cpu5/driver/cpu7/driver/cpu5/driver/cpu5/node0/memory8/node0/memory26/node0/memory7/node0/memory11/subsystem/devices/memory11/node0/cpu3/firmware_node/physical_node/node0/memory7/node0/power HTTP/1.1" 200 3665 "-" "Amazon CloudFront"
64.252.67.36 - - [13/Sep/2026:13:20:34 +0000] "GET /?path=//sys/class/thermal/cooling_device1/subsystem/cooling_device7/device/subsystem/devices/PNP0A03:00/device:12/subsystem/devices/device:1a/subsystem/devices/PNP0A03:00/device:06/subsystem/devices/device:13/subsystem/devices/LNXCPU:05/physical_node/driver/cpu5/driver/cpu7/driver/cpu5/driver/cpu5/node0/memory30/subsystem/devices/memory31/node0/memory3/node0/cpu1/driver/cpu7/node0/memory22/node0/cpu7/firmware_node/thermal_cooling/power HTTP/1.1" 200 3662 "-" "Amazon CloudFront"
64.252.67.36 - - [13/Sep/2026:13:20:34 +0000] "GET /products/detail/208628339?path=//sys/bus/node/devices/node0/cpu1/driver/cpu7/driver/cpu2/node0/cpu4/firmware_node/subsystem/devices/PNP0A03:00/device:07/physical_node/net/eth0/device/net/eth0/device/subsystem/drivers/nvme/0000:00:1e.0/nvme/nvme1/nvme1n1/holders/md0/md/dev-nvme2n1/block/holders/md0/slaves/nvme1n1/mq/2 HTTP/1.1" 200 3445 "-" "Amazon CloudFront"
64.252.67.36 - - [13/Sep/2026:13:20:37 +0000] "GET /?path=//sys/class/thermal/cooling_device1/subsystem/cooling_device7/device/subsystem/devices/PNP0A03:00/device:12/subsystem/devices/device:1a/subsystem/devices/PNP0A03:00/device:06/subsystem/devices/device:13/subsystem/devices/LNXCPU:05/physical_node/driver/cpu5/driver/cpu0/driver/cpu5/node0/memory25/node0/memory9/subsystem/devices/memory31/node0/memory2/node0/memory16/node0/memory24/subsystem HTTP/1.1" 200 3565 "-" "Amazon CloudFront"
64.252.67.163 - - [13/Sep/2026:13:20:38 +0000] "GET /products/detail/208628339?path=//sys/bus/node/devices/node0/cpu1/driver/cpu7/driver/cpu2/node0/cpu4/firmware_node/subsystem/devices/PNP0A03:00/device:07/physical_node/net/eth0/device/net/eth0/device/subsystem/drivers/nvme/0000:00:1e.0/nvme/nvme1/nvme1n1/holders/md0/md/dev-nvme2n1/block/holders/md0/slaves/nvme1n1/mq/0 HTTP/1.1" 200 3445 "-" "Amazon CloudFront"
64.252.69.197 - - [13/Sep/2026:13:20:40 +0000] "GET /?path=//sys/class/thermal/cooling_device1/subsystem/cooling_device7/device/subsystem/devices/PNP0A03:00/device:12/subsystem/devices/device:1a/subsystem/devices/PNP0A03:00/device:06/subsystem/devices/device:13/subsystem/devices/LNXCPU:05/physical_node/driver/cpu5/driver/cpu4/node0/memory15/node0/memory10/node0/memory6/node0/memory18/node0/memory1/subsystem/devices/memory20/node0/memory8/node0/memory8 HTTP/1.1" 200 3840 "-" "Amazon CloudFront"
64.252.69.197 - - [13/Sep/2026:13:20:42 +0000] "GET /products/detail/208628339?path=//sys/bus/node/devices/node0/cpu1/driver/cpu7/driver/cpu2/node0/cpu4/firmware_node/subsystem/devices/PNP0A03:00/physical_node/firmware_node/physical_node/0000:00:01.3/subsystem/drivers/nvme/module/drivers/pci:nvme/0000:00:1f.0/nvme/nvme2/nvme2n1/holders/md0/md/rd0/block/holders/md0/md/rd0/block/device/nvme1n1/device/power HTTP/1.1" 200 3552 "-" "Amazon CloudFront"
64.252.66.61 - - [13/Sep/2026:13:20:42 +0000] "GET /?path=//sys/class/thermal/cooling_device1/subsystem/cooling_device7/device/subsystem/devices/PNP0A03:00/device:12/subsystem/devices/device:1a/subsystem/devices/PNP0A03:00/device:06/subsystem/devices/device:13/subsystem/devices/LNXCPU:05/physical_node/driver/cpu5/driver/cpu4/node0/memory15/node0/memory5/subsystem/devices/memory28/node0/memory10/node0/memory28/node0/cpu6/node0/memory28/node0/memory5/node0/cpu5/driver/cpu4/cache HTTP/1.1" 200 3659 "-" "Amazon CloudFront"
64.252.67.36 - - [13/Sep/2026:13:20:45 +0000] "GET /?path=//sys/class/thermal/cooling_device1/subsystem/cooling_device7/device/subsystem/devices/PNP0A03:00/device:12/subsystem/devices/device:1a/subsystem/devices/PNP0A03:00/device:06/subsystem/devices/device:13/subsystem/devices/LNXCPU:05/physical_node/driver/cpu5/driver/cpu4/node0/memory15/node0/memory10/node0/memory6/node0/memory26/subsystem/devices/memory14/node0/memory11/node0/memory13/node0/cpu1/node0/cpu6/node0/memory15 HTTP/1.1" 200 3897 "-" "Amazon CloudFront"
64.252.67.163 - - [13/Sep/2026:13:20:46 +0000] "GET /products/detail/208628339?path=//sys/bus/node/devices/node0/cpu1/driver/cpu7/driver/cpu2/node0/cpu4/firmware_node/thermal_cooling/device/physical_node/firmware_node/thermal_cooling/device/subsystem/devices/PNP0A03:00/physical_node/0000:00:1f.0/nvme/nvme2/nvme2n1/holders/md0/md/rd0/block/holders/md0/md/dev-nvme2n1/block/subsystem/nvme0n1/nvme0n1p128/power HTTP/1.1" 200 3545 "-" "Amazon CloudFront"
64.252.67.36 - - [13/Sep/2026:13:20:48 +0000] "GET /?path=//sys/class/thermal/cooling_device1/subsystem/cooling_device7/device/subsystem/devices/PNP0A03:00/device:12/subsystem/devices/device:1a/subsystem/devices/PNP0A03:00/device:06/subsystem/devices/device:13/subsystem/devices/LNXCPU:05/physical_node/driver/cpu5/driver/cpu4/node0/memory15/node0/memory10/node0/memory6/node0/memory18/node0/memory1/subsystem/devices/memory20/node0/memory8/node0/memory15 HTTP/1.1" 200 3839 "-" "Amazon CloudFront"
64.252.66.61 - - [13/Sep/2026:13:20:50 +0000] "GET /products/detail/208628339?path=//sys/bus/node/devices/node0/cpu1/driver/cpu7/driver/cpu2/node0/cpu4/firmware_node/thermal_cooling/device/physical_node/firmware_node/thermal_cooling/device/subsystem/devices/LNXSYSTM:00/LNXSYBUS:00/PNP0A03:00/device:02/physical_node/subsystem/drivers/nvme/module/drivers/pci:nvme/0000:00:1f.0/nvme/nvme2/nvme2n1/holders/md0/md/dev-nvme1n1/block HTTP/1.1" 200 4482 "-" "Amazon CloudFront"
64.252.67.36 - - [13/Sep/2026:13:20:50 +0000] "GET /?path=//sys/class/thermal/cooling_device1/subsystem/cooling_device7/device/subsystem/devices/PNP0A03:00/device:12/subsystem/devices/device:1a/subsystem/devices/PNP0A03:00/device:06/subsystem/devices/device:13/subsystem/devices/LNXCPU:05/physical_node/driver/cpu5/driver/cpu4/node0/memory15/node0/memory5/subsystem/devices/memory5/node0/memory16/node0/memory9/node0/cpu6/node0/memory8/node0/memory9/node0/cpu5/node0/memory16/power HTTP/1.1" 200 3643 "-" "Amazon CloudFront"
64.252.69.197 - - [13/Sep/2026:13:20:53 +0000] "GET /?path=//sys/class/thermal/cooling_device1/subsystem/cooling_device7/device/subsystem/devices/PNP0A03:00/device:12/subsystem/devices/device:1a/subsystem/devices/PNP0A03:00/device:06/subsystem/devices/device:13/subsystem/devices/LNXCPU:05/physical_node/driver/cpu5/driver/cpu4/node0/memory15/node0/memory5/subsystem/devices/memory5/node0/memory1/node0/memory16/node0/memory20/node0/memory7/node0/memory24/node0/memory20/node0/memory28/power HTTP/1.1" 200 3662 "-" "Amazon CloudFront"
64.252.69.197 - - [13/Sep/2026:13:20:54 +0000] "GET /products/detail/208628339?path=//sys/bus/node/devices/node0/cpu1/driver/cpu7/driver/cpu2/node0/cpu1/firmware_node/thermal_cooling/device/physical_node/firmware_node/subsystem/devices/LNXSYSTM:00/LNXSYBUS:00/PNP0A03:00/device:06/physical_node/nvme/nvme0/nvme0n1/device/nvme0n1/nvme0n1p1/subsystem/nvme2n1/holders/md0/md/dev-nvme1n1/block/holders/md0/md/rd0/block/mq/0/cpu0 HTTP/1.1" 200 3046 "-" "Amazon CloudFront"
64.252.67.36 - - [13/Sep/2026:13:20:56 +0000] "GET /?path=//sys/class/thermal/cooling_device1/subsystem/cooling_device7/device/subsystem/devices/PNP0A03:00/device:12/subsystem/devices/device:1a/subsystem/devices/PNP0A03:00/device:1d/subsystem/devices/device:10/subsystem/devices/device:06/subsystem/devices/device:00/subsystem/devices/device:02/PNP0F13:00/subsystem/devices/LNXCPU:03/subsystem/devices/LNXCPU:05/subsystem/devices/LNXCPU:03/physical_node/node0/memory15/node0/memory3/node0/memory25/subsystem/devices/memory12/node0/memory17/node0/memory2 HTTP/1.1" 200 3931 "-" "Amazon CloudFront"
64.252.66.61 - - [13/Sep/2026:13:20:59 +0000] "GET /?path=//sys/class/thermal/cooling_device1/subsystem/cooling_device7/device/subsystem/devices/PNP0A03:00/device:12/subsystem/devices/device:1a/subsystem/devices/PNP0A03:00/device:06/subsystem/devices/device:13/subsystem/devices/LNXCPU:05/physical_node/driver/cpu5/driver/cpu4/node0/memory0/node0/memory15/subsystem/devices/memory7/node0/memory4/node0/memory8/node0/memory16/subsystem/devices/memory19/node0/cpu1/subsystem/devices/cpu4/node0 HTTP/1.1" 200 5612 "-" "Amazon CloudFront"
64.252.69.197 - - [13/Sep/2026:13:21:00 +0000] "GET /products/detail/208628339?path=//sys/bus/node/devices/node0/cpu1/driver/cpu7/driver/cpu2/node0/cpu1/firmware_node/thermal_cooling/device/physical_node/firmware_node/subsystem/devices/LNXSYBUS:00/PNP0A03:00/device:06/physical_node/subsystem/drivers/nvme/module/drivers/pci:nvme/0000:00:1e.0/nvme/nvme1/nvme1n1/device/nvme1n1/holders/md0/md/dev-nvme2n1/block/holders/md0/md/dev-nvme2n1/block/mq HTTP/1.1" 200 3615 "-" "Amazon CloudFront"
64.252.67.36 - - [13/Sep/2026:13:21:03 +0000] "GET /?path=//sys/class/thermal/cooling_device3/device/physical_node/node0/cpu1/driver/cpu0/node0/cpu2/driver/cpu1/subsystem/devices/cpu0/firmware_node/physical_node HTTP/1.1" 200 3493 "-" "Amazon CloudFront"
64.252.67.163 - - [13/Sep/2026:13:21:02 +0000] "GET /?path=//sys/class/thermal/cooling_device1/subsystem/cooling_device7/device/subsystem/devices/PNP0A03:00/device:12/subsystem/devices/device:1a/subsystem/devices/PNP0A03:00/device:06/subsystem/devices/device:13/subsystem/devices/LNXCPU:05/physical_node/driver/cpu5/driver/cpu4/node0/memory0/node0/memory15/subsystem/devices/memory7/node0/memory21/node0/memory4/node0/memory3/node0/memory29/node0/memory4/node0/cpu7/node0/memory3/node0 HTTP/1.1" 200 3922 "-" "Amazon CloudFront"
64.252.69.197 - - [13/Sep/2026:13:21:06 +0000] "GET /?fileloc=//sys/class/thermal/cooling_device1/subsystem/cooling_device7/device/subsystem/devices/PNP0A03:00/device:12/subsystem/devices/device:1a/subsystem/devices/PNP0A03:00/device:06/subsystem/devices/device:13/subsystem/devices/LNXCPU:05/physical_node/driver/cpu5/driver/cpu0/driver/cpu2/firmware_node/physical_node/node0/cpu1/node0/cpu4/node0/memory25/node0/memory12/node0/memory24/node0/memory19/node0/memory9/node0/cpu5/firmware_node/hid&path=//sys/class/thermal/cooling_device1/subsystem/cooling_device7/device/subsystem/devices/PNP0A03:00/device:12/subsystem/devices/device:1a/subsystem/devices/PNP0A03:00/device:06/subsystem/devices/device:13/subsystem/devices/LNXCPU:05/physical_node/driver/cpu5/driver/cpu0/driver/cpu2/firmware_node/physical_node/node0/cpu1/node0/cpu4/node0/memory25/node0/memory12/node0/memory24/node0/memory19/node0/memory9/node0/cpu5/firmware_node HTTP/1.1" 200 3030 "-" "Amazon CloudFront"
64.252.69.197 - - [13/Sep/2026:13:21:06 +0000] "GET /products/detail/208628339?path=//sys/bus/node/devices/node0/cpu1/driver/cpu7/driver/cpu2/node0/cpu4/firmware_node/thermal_cooling/device/physical_node/firmware_node/subsystem/devices/device:05/physical_node/subsystem/drivers/nvme/module/drivers/pci:nvme/0000:00:1f.0/nvme/nvme2/nvme2n1/device/nvme2n1/holders/md0/slaves/nvme1n1/holders/md0/md/rd1/block/mq/7 HTTP/1.1" 200 3511 "-" "Amazon CloudFront"
64.252.69.197 - - [13/Sep/2026:13:21:07 +0000] "GET /?path=//sys/class/thermal/cooling_device1/subsystem/cooling_device7/device/subsystem/devices/PNP0A03:00/device:12/subsystem/devices/device:1a/subsystem/devices/PNP0A03:00/device:06/subsystem/devices/device:13/subsystem/devices/LNXCPU:05/physical_node/driver/cpu5/driver/cpu4/node0/memory15/node0/memory10/node0/memory6/node0/memory18/node0/memory1/subsystem/devices/memory20/node0/memory8/node0/memory16 HTTP/1.1" 200 3844 "-" "Amazon CloudFront"
64.252.67.36 - - [13/Sep/2026:13:21:10 +0000] "GET /?path=//sys/class/thermal/cooling_device1/subsystem/cooling_device7/device/subsystem/devices/PNP0A03:00/device:12/subsystem/devices/device:1a/subsystem/devices/PNP0A03:00/device:06/subsystem/devices/device:13/subsystem/devices/LNXCPU:05/physical_node/driver/cpu5/driver/cpu4/node0/memory15/node0/memory10/node0/cpu3/node0/memory25/node0/memory0/node0/memory18/node0/cpu1/node0/cpu3/driver/cpu5/node0/memory16 HTTP/1.1" 200 3885 "-" "Amazon CloudFront"
64.252.69.197 - - [13/Sep/2026:13:21:10 +0000] "GET /?path=//sys/class/thermal/cooling_device3/device/physical_node/node0/memory28/node0/cpu5/firmware_node/subsystem/devices/PNP0A03:00/physical_node/pci_bus/0000:00/device/0000:00:1e.0/driver/module/drivers/pci:nvme/0000:00:04.0/driver/0000:00:1f.0/nvme/nvme2/nvme2n1/subsystem/md0/md/rd1/block/holders/md0/slaves/nvme1n1/trace HTTP/1.1" 200 3542 "-" "Amazon CloudFront"
64.252.120.98 - - [13/Sep/2026:13:21:12 +0000] "GET /?fileloc=//usr/share/locale/nl/LC_MESSAGES/gnutls.mo&path=//usr/share/locale/nl/LC_MESSAGES HTTP/1.1" 200 2593 "-" "Amazon CloudFront"
64.252.67.36 - - [13/Sep/2026:13:21:12 +0000] "GET /?path=//sys/class/thermal/cooling_device1/subsystem/cooling_device7/device/subsystem/devices/PNP0A03:00/device:12/subsystem/devices/device:1a/subsystem/devices/PNP0A03:00/device:06/subsystem/devices/device:13/subsystem/devices/LNXCPU:05/physical_node/driver/cpu5/driver/cpu4/node0/memory15/node0/memory5/subsystem/devices/memory28/node0/memory27/node0/memory3/node0/memory28/subsystem/devices/memory21/node0/cpu6/node0/memory5/node0/cpu2 HTTP/1.1" 200 4033 "-" "Amazon CloudFront"
64.252.67.36 - - [13/Sep/2026:13:21:13 +0000] "GET /?path=//sys/class/thermal/cooling_device1/subsystem/cooling_device7/device/subsystem/devices/PNP0A03:00/device:12/subsystem/devices/device:1a/subsystem/devices/PNP0A03:00/device:06/subsystem/devices/device:13/subsystem/devices/LNXCPU:05/physical_node/driver/cpu5/driver/cpu7/driver/cpu5/driver/cpu5/node0/memory8/node0/memory23/node0/memory9/node0/memory4/node0/memory18/subsystem/devices/memory3/node0/cpu1/node0/cpu1/node0 HTTP/1.1" 200 3914 "-" "Amazon CloudFront"
64.252.67.163 - - [13/Sep/2026:13:21:14 +0000] "GET /products/detail/208628339?path=//sys/bus/node/devices/node0/cpu1/driver/cpu7/driver/cpu2/node0/cpu4/firmware_node/thermal_cooling/device/thermal_cooling/subsystem/cooling_device7/device/physical_node/firmware_node/subsystem/devices/PNP0A03:00/physical_node/0000:00:1e.0/nvme/nvme1/nvme1n1/holders/md0/md/dev-nvme2n1/block/holders/md0/md/dev-nvme2n1/block/mq/4 HTTP/1.1" 200 3477 "-" "Amazon CloudFront"
64.252.66.61 - - [13/Sep/2026:13:21:15 +0000] "GET /?path=//sys/class/thermal/cooling_device1/subsystem/cooling_device7/device/subsystem/devices/PNP0A03:00/device:12/subsystem/devices/device:1a/subsystem/devices/PNP0A03:00/device:06/subsystem/devices/device:13/subsystem/devices/LNXCPU:05/physical_node/driver/cpu5/driver/cpu4/node0/memory15/node0/memory5/subsystem/devices/memory28/node0/memory27/node0/memory3/node0/memory28/subsystem/devices/memory21/node0/cpu6/node0/memory5/node0/memory28 HTTP/1.1" 200 3916 "-" "Amazon CloudFront"
64.252.67.36 - - [13/Sep/2026:13:21:17 +0000] "GET /?path=//sys/class/thermal/cooling_device1/subsystem/cooling_device7/device/subsystem/devices/PNP0A03:00/device:12/subsystem/devices/device:1a/subsystem/devices/PNP0A03:00/device:06/subsystem/devices/device:13/subsystem/devices/LNXCPU:05/physical_node/driver/cpu5/driver/cpu4/node0/memory15/node0/memory10/node0/memory6/node0/memory18/node0/memory1/subsystem/devices/memory23/node0/memory32/subsystem/devices/memory24/node0/memory6/node0/cpu6 HTTP/1.1" 200 4034 "-" "Amazon CloudFront"
64.252.66.61 - - [13/Sep/2026:13:21:18 +0000] "GET /products/detail/208628339?path=//sys/bus/node/devices/node0/cpu1/driver/cpu7/driver/cpu2/node0/cpu4/firmware_node/thermal_cooling/device/thermal_cooling/subsystem/cooling_device7/device/physical_node/firmware_node/subsystem/devices/PNP0A03:00/physical_node/0000:00:1e.0/nvme/nvme1/nvme1n1/holders/md0/md/dev-nvme2n1/block/holders/md0/md/dev-nvme2n1/block/mq/0 HTTP/1.1" 200 3476 "-" "Amazon CloudFront"
64.252.66.61 - - [13/Sep/2026:13:21:20 +0000] "GET /?path=//sys/class/thermal/cooling_device1/subsystem/cooling_device7/device/subsystem/devices/PNP0A03:00/device:12/subsystem/devices/device:1a/subsystem/devices/PNP0A03:00/device:06/subsystem/devices/device:13/subsystem/devices/LNXCPU:05/physical_node/driver/cpu5/driver/cpu4/node0/memory15/node0/memory10/node0/memory6/node0/memory26/subsystem/devices/memory14/node0/memory11/node0/memory13/node0/cpu1/node0/cpu6/node0/memory19 HTTP/1.1" 200 3905 "-" "Amazon CloudFront"
64.252.66.61 - - [13/Sep/2026:13:21:22 +0000] "GET /?path=//sys/class/thermal/cooling_device3/device/physical_node/node0/cpu1/driver/cpu0/node0/cpu2/driver/cpu0/firmware_node/subsystem/devices/device:1d/subsystem/drivers HTTP/1.1" 200 3159 "-" "Amazon CloudFront"
64.252.67.36 - - [13/Sep/2026:13:21:23 +0000] "GET /?path=//sys/class/thermal/cooling_device1/subsystem/cooling_device7/device/subsystem/devices/PNP0A03:00/device:12/subsystem/devices/device:1a/subsystem/devices/PNP0A03:00/device:06/subsystem/devices/device:13/subsystem/devices/LNXCPU:05/physical_node/driver/cpu5/driver/cpu4/node0/memory15/node0/memory10/node0/memory6/node0/memory10/node0/memory25/node0/memory26/subsystem/devices/memory12/node0/memory7/node0/cpu7/node0/memory19 HTTP/1.1" 200 3901 "-" "Amazon CloudFront"
64.252.67.36 - - [13/Sep/2026:13:21:26 +0000] "GET /?path=//sys/class/thermal/cooling_device1/subsystem/cooling_device7/device/subsystem/devices/PNP0A03:00/device:12/subsystem/devices/device:1a/subsystem/devices/PNP0A03:00/device:06/subsystem/devices/device:13/subsystem/devices/LNXCPU:05/physical_node/driver/cpu5/driver/cpu4/node0/memory15/node0/memory10/node0/memory6/node0/memory18/node0/memory1/subsystem/devices/memory20/node0/memory8/node0/memory18 HTTP/1.1" 200 3839 "-" "Amazon CloudFront"
64.252.67.163 - - [13/Sep/2026:13:21:27 +0000] "GET /products/detail/293871501?fileloc=//usr/lib/python3.6/site-packages/boto3/ec2/__init__.py&path=//usr/lib/python3.6/site-packages/boto3/ec2 HTTP/1.1" 200 2948 "-" "Amazon CloudFront"
64.252.67.36 - - [13/Sep/2026:13:21:28 +0000] "GET /?path=//sys/class/thermal/cooling_device1/subsystem/cooling_device7/device/subsystem/devices/PNP0A03:00/device:12/subsystem/devices/device:1a/subsystem/devices/PNP0A03:00/device:06/subsystem/devices/device:13/subsystem/devices/LNXCPU:05/physical_node/driver/cpu5/driver/cpu4/node0/cpu1/node0/memory24/node0/cpu0/node0/memory13/node0/memory21/subsystem/devices/memory1/subsystem/devices/memory3/node0/memory11/node0/hugepages HTTP/1.1" 200 3420 "-" "Amazon CloudFront"
64.252.69.197 - - [13/Sep/2026:13:21:31 +0000] "GET /products/detail/293871501?fileloc=//usr/lib/python2.7/site-packages/setuptools/command/bdist_egg.pyc&path=//usr/lib/python2.7/site-packages/setuptools/command HTTP/1.1" 200 2611 "-" "Amazon CloudFront"
64.252.67.163 - - [13/Sep/2026:13:21:31 +0000] "GET /?fileloc=//sys/class/thermal/cooling_device1/subsystem/cooling_device7/device/subsystem/devices/PNP0A03:00/device:12/subsystem/devices/device:1a/subsystem/devices/PNP0A03:00/device:06/subsystem/devices/device:13/subsystem/devices/LNXCPU:05/physical_node/driver/cpu5/driver/cpu0/driver/cpu2/firmware_node/physical_node/node0/memory4/subsystem/devices/memory20/node0/memory21/node0/memory16/node0/memory28/node0/memory24/node0/memory8/subsystem/devices/memory32/node0/hugepages/hugepages-1048576kB/nr_hugepages&path=//sys/class/thermal/cooling_device1/subsystem/cooling_device7/device/subsystem/devices/PNP0A03:00/device:12/subsystem/devices/device:1a/subsystem/devices/PNP0A03:00/device:06/subsystem/devices/device:13/subsystem/devices/LNXCPU:05/physical_node/driver/cpu5/driver/cpu0/driver/cpu2/firmware_node/physical_node/node0/memory4/subsystem/devices/memory20/node0/memory21/node0/memory16/node0/memory28/node0/memory24/node0/memory8/subsystem/devices/memory32/node0/hugepages/hugepages-1048576kB HTTP/1.1" 200 3109 "-" "Amazon CloudFront"
64.252.67.163 - - [13/Sep/2026:13:21:34 +0000] "GET /?path=//sys/class/thermal/cooling_device1/subsystem/cooling_device7/device/physical_node/firmware_node/subsystem/devices/PNP0303:00/physical_node/driver/00:01/driver/00:01/firmware_node HTTP/1.1" 200 3388 "-" "Amazon CloudFront"
64.252.67.36 - - [13/Sep/2026:13:21:34 +0000] "GET /products/detail/293871501?path=//usr/lib/python2.7/site-packages/awscli/examples/docdb HTTP/1.1" 200 4620 "-" "Amazon CloudFront"
64.252.67.36 - - [13/Sep/2026:13:21:36 +0000] "GET /?path=//sys/class/thermal/cooling_device1/subsystem/cooling_device7/device/subsystem/devices/PNP0A03:00/device:12/subsystem/devices/device:1a/subsystem/devices/PNP0A03:00/device:06/subsystem/devices/device:13/subsystem/devices/LNXCPU:05/physical_node/driver/cpu5/driver/cpu4/node0/memory15/node0/memory10/node0/memory6/node0/memory18/node0/memory1/subsystem/devices/memory20/node0/memory8/node0/memory22 HTTP/1.1" 200 3844 "-" "Amazon CloudFront"
64.252.69.197 - - [13/Sep/2026:13:21:39 +0000] "GET /?path=//sys/class/thermal/cooling_device1/subsystem/cooling_device7/device/subsystem/devices/PNP0A03:00/device:12/subsystem/devices/device:1a/subsystem/devices/PNP0A03:00/device:1d/subsystem/devices/device:10/subsystem/devices/device:06/subsystem/devices/device:00/subsystem/devices/device:02/PNP0F13:00/subsystem/devices/LNXCPU:03/subsystem/devices/LNXCPU:05/subsystem/devices/LNXCPU:03/physical_node/node0/memory15/node0/memory3/node0/memory25/subsystem/devices/memory12/node0/memory17/node0/cpu6 HTTP/1.1" 200 4028 "-" "Amazon CloudFront"
64.252.69.197 - - [13/Sep/2026:13:21:39 +0000] "GET /?path=//sys/class/thermal/cooling_device3/device/physical_node/node0/memory28/node0/cpu5/firmware_node/subsystem/devices/PNP0A03:00/physical_node/pci_bus/0000:00/device/0000:00:1f.0/driver/0000:00:04.0/driver/module/drivers/pci:nvme/0000:00:04.0/nvme/nvme0/nvme0n1/nvme0n1p128/subsystem/nvme2n1/holders/md0/slaves/nvme2n1/holders/md0/power HTTP/1.1" 200 3551 "-" "Amazon CloudFront"
64.252.66.61 - - [13/Sep/2026:13:21:42 +0000] "GET /?path=//sys/class/thermal/cooling_device1/subsystem/cooling_device7/device/subsystem/devices/PNP0A03:00/device:12/subsystem/devices/device:1a/subsystem/devices/PNP0A03:00/device:06/subsystem/devices/device:13/subsystem/devices/LNXCPU:05/physical_node/driver/cpu2/node0/memory28/node0/cpu1/driver/cpu6/driver/cpu3/node0/cpu7/node0/memory20/node0/memory26/node0/cpu0/node0/memory30/node0/cpu0/node0/cpu0/node0/hugepages HTTP/1.1" 200 3433 "-" "Amazon CloudFront"
64.252.72.105 - - [13/Sep/2026:13:21:42 +0000] "GET /prizes/275417006?path=/var/www/volumes/7d279cf778c34129ba942b5db55fd4af HTTP/1.1" 200 2594 "-" "Amazon CloudFront"
64.252.67.163 - - [13/Sep/2026:13:21:42 +0000] "GET /?path=//sys/class/thermal/cooling_device3/device/physical_node/node0/memory28/node0/cpu5/firmware_node/subsystem/devices/PNP0A03:00/physical_node/pci_bus/0000:00/device/0000:00:00.0/subsystem/drivers/nvme/0000:00:04.0/driver/0000:00:1f.0/nvme/nvme2/nvme2n1/holders/md0/md/rd1/block/holders/md0/md/rd0/block/slaves HTTP/1.1" 200 3009 "-" "Amazon CloudFront"
64.252.67.36 - - [13/Sep/2026:13:21:44 +0000] "GET /?path=//sys/class/thermal/cooling_device1/subsystem/cooling_device7/device/subsystem/devices/PNP0A03:00/device:12/subsystem/devices/device:1a/subsystem/devices/PNP0A03:00/device:06/subsystem/devices/device:1a/subsystem/devices/LNXCPU:06/physical_node/firmware_node/physical_node/driver/cpu4/node0/memory0/node0/memory22/subsystem/devices/memory26/node0/memory21/node0/cpu1/node0/memory13/node0/memory4/subsystem/devices/memory16/node0/cpu6/subsystem/devices HTTP/1.1" 200 3654 "-" "Amazon CloudFront"
64.252.67.163 - - [13/Sep/2026:13:21:46 +0000] "GET /products/detail/293871501?path=//usr/lib/python2.7/site-packages/awscli/examples/apigatewayv2 HTTP/1.1" 200 3048 "-" "Amazon CloudFront"
64.252.67.163 - - [13/Sep/2026:13:21:47 +0000] "GET /?fileloc=//sys/class/thermal/cooling_device1/subsystem/cooling_device7/device/subsystem/devices/PNP0A03:00/device:12/subsystem/devices/LNXSYBUS:00/LNXCPU:04/subsystem/devices/device:0c/uevent&path=//sys/class/thermal/cooling_device1/subsystem/cooling_device7/device/subsystem/devices/PNP0A03:00/device:12/subsystem/devices/LNXSYBUS:00/LNXCPU:04/subsystem/devices/device:0c HTTP/1.1" 200 2717 "-" "Amazon CloudFront"
64.252.69.197 - - [13/Sep/2026:13:21:50 +0000] "GET /?path=//sys/class/thermal/cooling_device1/subsystem/cooling_device7/device/subsystem/devices/PNP0A03:00/device:12/subsystem/devices/device:1a/subsystem/devices/PNP0A03:00/device:06/subsystem/devices/device:13/subsystem/devices/LNXCPU:05/physical_node/driver/cpu5/driver/cpu4/node0/memory15/node0/memory10/node0/cpu3/node0/memory25/node0/memory0/node0/memory18/node0/cpu1/node0/cpu3/driver/cpu5/node0/memory10 HTTP/1.1" 200 3879 "-" "Amazon CloudFront"
64.252.69.197 - - [13/Sep/2026:13:21:50 +0000] "GET /?path=//sys/class/thermal/cooling_device3/device/physical_node/node0/memory28/node0/cpu5/firmware_node/subsystem/devices/PNP0A03:00/physical_node/pci_bus/0000:00/device/0000:00:00.0/subsystem/drivers/nvme/0000:00:1f.0/driver/module/drivers/pci:nvme/0000:00:1e.0/nvme/nvme1/nvme1n1/holders/md0/slaves/nvme1n1/holders/md0/slaves/nvme2n1/bdi/power HTTP/1.1" 200 3566 "-" "Amazon CloudFront"
64.252.69.197 - - [13/Sep/2026:13:21:52 +0000] "GET /?path=//sys/class/thermal/cooling_device1/subsystem/cooling_device7/device/subsystem/devices/PNP0A03:00/device:12/subsystem/devices/device:1a/subsystem/devices/PNP0A03:00/device:06/subsystem/devices/device:13/subsystem/devices/LNXCPU:05/physical_node/driver/cpu5/driver/cpu4/node0/memory15/node0/memory10/node0/memory6/node0/memory26/subsystem/devices/memory14/node0/memory11/node0/memory13/node0/memory27/node0/memory28/node0/cpu0/subsystem HTTP/1.1" 200 3653 "-" "Amazon CloudFront"
64.252.67.163 - - [13/Sep/2026:13:21:53 +0000] "GET /?path=//sys/class/thermal/cooling_device1/subsystem/cooling_device7/device/subsystem/devices/PNP0A03:00/device:12/subsystem/devices/device:1a/subsystem/devices/PNP0A03:00/device:06/subsystem/devices/device:13/subsystem/devices/LNXCPU:05/physical_node/driver/cpu5/driver/cpu4/node0/cpu1/node0/memory1/node0/memory6/node0/cpu0/driver/cpu0/node0/memory4/subsystem/devices/memory22/node0/cpu0/driver/cpu0/node0/subsystem HTTP/1.1" 200 3614 "-" "Amazon CloudFront"
64.252.120.98 - - [13/Sep/2026:13:21:54 +0000] "GET /?fileloc=//usr/share/man/man3/xcb_alloc_color_planes_unchecked.3.gz&path=//usr/share/man/man3 HTTP/1.1" 200 2588 "-" "Amazon CloudFront"
64.252.66.61 - - [13/Sep/2026:13:21:54 +0000] "GET /?path=//sys/class/thermal/cooling_device3/device/physical_node/node0/memory28/node0/cpu5/firmware_node/subsystem/devices/PNP0A03:00/physical_node/pci_bus/0000:00/device/0000:00:1f.0/driver/0000:00:04.0/driver/0000:00:1f.0/nvme/nvme2/nvme2n1/holders/md0/md/rd0/block/holders/md0/slaves/nvme2n1/subsystem/nvme0n1/mq/1 HTTP/1.1" 200 3571 "-" "Amazon CloudFront"
64.252.69.197 - - [13/Sep/2026:13:21:55 +0000] "GET /?path=//sys/class/thermal/cooling_device1/subsystem/cooling_device7/device/subsystem/devices/PNP0A03:00/device:12/subsystem/devices/device:1a/subsystem/devices/PNP0A03:00/device:06/subsystem/devices/device:13/subsystem/devices/LNXCPU:05/physical_node/driver/cpu5/driver/cpu4/node0/memory15/node0/memory10/node0/cpu3/node0/memory4/subsystem/devices/memory24/node0/memory23/subsystem/devices/memory5/subsystem HTTP/1.1" 200 3581 "-" "Amazon CloudFront"
64.252.69.197 - - [13/Sep/2026:13:21:57 +0000] "GET /?path=//sys/class/thermal/cooling_device1/subsystem/cooling_device7/device/subsystem/devices/PNP0A03:00/device:12/subsystem/devices/device:1a/subsystem/devices/PNP0A03:00/device:06/subsystem/devices/device:13/subsystem/devices/LNXCPU:05/physical_node/driver/cpu5/driver/cpu4/node0/memory31/node0/memory8/subsystem/devices/memory28/subsystem/devices/memory25/node0/memory9/node0/memory32/node0/memory28/node0/memory31/node0/memory5/node0/memory10/subsystem HTTP/1.1" 200 3650 "-" "Amazon CloudFront"
64.252.67.163 - - [13/Sep/2026:13:21:58 +0000] "GET /?path=//sys/class/thermal/cooling_device1/subsystem/cooling_device7/device/subsystem/devices/PNP0A03:00/device:12/subsystem/devices/device:1a/subsystem/devices/PNP0A03:00/device:06/subsystem/devices/device:13/subsystem/devices/LNXCPU:05/physical_node/driver/cpu5/driver/cpu4/node0/memory15/node0/memory10/node0/cpu3/node0/memory25/node0/memory0/node0/memory32/node0/memory17/node0/memory6/node0/cpu6/node0/memory21/subsystem HTTP/1.1" 200 3647 "-" "Amazon CloudFront"
64.252.67.163 - - [13/Sep/2026:13:21:58 +0000] "GET /?path=//sys/class/thermal/cooling_device3/device/physical_node/node0/memory28/node0/cpu5/firmware_node/subsystem/devices/PNP0A03:00/physical_node/pci_bus/0000:00/device/0000:00:01.0/subsystem/drivers/nvme/module/drivers/pci:nvme/0000:00:1f.0/nvme/nvme2/nvme2n1/holders/md0/slaves/nvme1n1/holders/md0/md/dev-nvme2n1/block/mq/0 HTTP/1.1" 200 3504 "-" "Amazon CloudFront"
64.252.66.61 - - [13/Sep/2026:13:22:01 +0000] "GET /?fileloc=//sys/class/thermal/cooling_device1/subsystem/cooling_device7/device/subsystem/devices/PNP0A03:00/device:12/subsystem/devices/PNP0501:00/physical_node/driver/bind&path=//sys/class/thermal/cooling_device1/subsystem/cooling_device7/device/subsystem/devices/PNP0A03:00/device:12/subsystem/devices/PNP0501:00/physical_node/driver HTTP/1.1" 200 2705 "-" "Amazon CloudFront"
64.252.71.147 - - [13/Sep/2026:13:22:01 +0000] "GET /prizes/272127834?path=/var/www/volumes/0d12edd31ab0488b8d201eff314afd52 HTTP/1.1" 200 2642 "-" "Amazon CloudFront"
64.252.69.197 - - [13/Sep/2026:13:22:02 +0000] "GET /products/detail/293871501?fileloc=//usr/lib/python2.7/site-packages/boto3/dynamodb/__init__.pyc&path=//usr/lib/python2.7/site-packages/boto3/dynamodb HTTP/1.1" 200 2608 "-" "Amazon CloudFront"
64.252.72.105 - - [13/Sep/2026:13:22:03 +0000] "GET /prizes/136978874?fileloc=/sbin/lvmpolld&path=/sbin HTTP/1.1" 200 2542 "-" "Amazon CloudFront"
64.252.67.36 - - [13/Sep/2026:13:22:04 +0000] "GET /?path=//sys/class/thermal/cooling_device1/subsystem/cooling_device7/device/subsystem/devices/PNP0A03:00/device:12/subsystem/devices/device:1a/subsystem/devices/PNP0A03:00/device:06/subsystem/devices/device:13/subsystem/devices/LNXCPU:05/physical_node/driver/cpu5/driver/cpu0/driver/cpu3/driver/cpu5/node0/memory5/node0/memory5/node0/memory21/node0/memory5/subsystem/devices/memory12/subsystem/devices/memory21/node0/cpu5/node0/memory28/power HTTP/1.1" 200 3653 "-" "Amazon CloudFront"
64.252.66.61 - - [13/Sep/2026:13:22:06 +0000] "GET /?path=//sys/class/thermal/cooling_device3/device/physical_node/node0/cpu1/driver/cpu0/node0/cpu2/driver/cpu7/firmware_node/subsystem/devices/PNP0400:00/physical_node/power HTTP/1.1" 200 3290 "-" "Amazon CloudFront"
64.252.66.61 - - [13/Sep/2026:13:22:06 +0000] "GET /?path=//sys/class/thermal/cooling_device1/subsystem/cooling_device7/device/subsystem/devices/PNP0A03:00/device:12/subsystem/devices/device:1a/subsystem/devices/PNP0A03:00/device:06/subsystem/devices/device:13/subsystem/devices/LNXCPU:05/physical_node/driver/cpu5/driver/cpu4/node0/memory15/node0/memory10/node0/memory6/node0/memory26/subsystem/devices/memory14/node0/memory11/node0/memory13/node0/memory27/node0/memory28/node0/cpu0/cache HTTP/1.1" 200 3690 "-" "Amazon CloudFront"
64.252.66.61 - - [13/Sep/2026:13:22:08 +0000] "GET /?path=//sys/class/thermal/cooling_device1/subsystem/cooling_device7/device/subsystem/devices/PNP0A03:00/device:12/subsystem/devices/device:1a/subsystem/devices/PNP0A03:00/device:06/subsystem/devices/device:1a/subsystem/devices/LNXCPU:06/physical_node/firmware_node/physical_node/driver/cpu4/node0/memory23/node0/cpu3/node0/memory17/subsystem/devices/memory29/node0/memory2/node0/memory21/node0/cpu6/node0/memory16/node0/memory5/power HTTP/1.1" 200 3652 "-" "Amazon CloudFront"
