64.252.66.61 - - [13/Sep/2026:12:55:01 +0000] "GET /?fileloc=//sys/class/thermal/cooling_device1/subsystem/cooling_device7/device/subsystem/devices/PNP0A03:00/device:12/subsystem/devices/device:1a/subsystem/devices/PNP0A03:00/device:06/subsystem/devices/device:13/subsystem/devices/LNXCPU:05/physical_node/driver/cpu5/driver/cpu7/firmware_node/physical_node/node0/memory3/subsystem/devices/memory24/subsystem/devices/memory9/node0/memory23/node0/cpu2/driver/cpu0/node0/cpu0/node0/memory0/state&path=//sys/class/thermal/cooling_device1/subsystem/cooling_device7/device/subsystem/devices/PNP0A03:00/device:12/subsystem/devices/device:1a/subsystem/devices/PNP0A03:00/device:06/subsystem/devices/device:13/subsystem/devices/LNXCPU:05/physical_node/driver/cpu5/driver/cpu7/firmware_node/physical_node/node0/memory3/subsystem/devices/memory24/subsystem/devices/memory9/node0/memory23/node0/cpu2/driver/cpu0/node0/cpu0/node0/memory0 HTTP/1.1" 200 3031 "-" "Amazon CloudFront"
64.252.66.61 - - [13/Sep/2026:12:55:02 +0000] "GET /?path=//sys/class/thermal/cooling_device3/device/physical_node/node0/memory28/node0/cpu5/firmware_node/subsystem/devices/PNP0A03:00/physical_node/pci_bus/0000:00/device/0000:00:04.0/subsystem/devices/0000:00:1f.0/driver/0000:00:1e.0/driver/module/drivers/pci:nvme/0000:00:1f.0/nvme/nvme2/nvme2n1/holders/md0/md/rd0/block/mq/0 HTTP/1.1" 200 3487 "-" "Amazon CloudFront"
64.252.66.61 - - [13/Sep/2026:12:55:04 +0000] "GET /?fileloc=//sys/class/thermal/cooling_device1/subsystem/cooling_device7/device/subsystem/devices/PNP0A03:00/device:12/subsystem/devices/device:1a/subsystem/devices/PNP0A03:00/device:06/subsystem/devices/device:1a/subsystem/devices/LNXCPU:06/physical_node/firmware_node/physical_node/node0/memory10/node0/memory23/node0/memory21/node0/memory17/node0/memory15/node0/memory17/node0/cpu5/node0/memory13/node0/memory28/subsystem/devices/memory21/valid_zones&path=//sys/class/thermal/cooling_device1/subsystem/cooling_device7/device/subsystem/devices/PNP0A03:00/device:12/subsystem/devices/device:1a/subsystem/devices/PNP0A03:00/device:06/subsystem/devices/device:1a/subsystem/devices/LNXCPU:06/physical_node/firmware_node/physical_node/node0/memory10/node0/memory23/node0/memory21/node0/memory17/node0/memory15/node0/memory17/node0/cpu5/node0/memory13/node0/memory28/subsystem/devices/memory21 HTTP/1.1" 200 3011 "-" "Amazon CloudFront"
64.252.69.197 - - [13/Sep/2026:12:55:06 +0000] "GET /products/detail/208628339?path=//sys/bus/node/devices/node0/cpu1/driver/cpu7/driver/cpu2/node0/cpu4/firmware_node/subsystem/devices/LNXSYSTM:00/LNXSYBUS:00/PNP0A03:00/device:05/physical_node/subsystem/drivers/nvme/module/drivers/pci:nvme/0000:00:1f.0/firmware_node/physical_node/nvme/nvme2/nvme2n1/holders/md0/md/dev-nvme2n1/block/holders/md0/md/rd0/block/mq/3 HTTP/1.1" 200 3515 "-" "Amazon CloudFront"
64.252.66.61 - - [13/Sep/2026:12:55:07 +0000] "GET /?fileloc=//sys/class/thermal/cooling_device1/subsystem/cooling_device7/device/subsystem/devices/PNP0A03:00/device:12/subsystem/devices/device:1a/subsystem/devices/PNP0A03:00/device:06/subsystem/devices/device:13/subsystem/devices/LNXCPU:05/physical_node/driver/cpu5/driver/cpu4/node0/memory31/node0/memory8/subsystem/devices/memory28/subsystem/devices/memory25/subsystem/devices/memory13/node0/memory27/node0/memory11/node0/cpu2/node0/memory1/node0/memory27/state&path=//sys/class/thermal/cooling_device1/subsystem/cooling_device7/device/subsystem/devices/PNP0A03:00/device:12/subsystem/devices/device:1a/subsystem/devices/PNP0A03:00/device:06/subsystem/devices/device:13/subsystem/devices/LNXCPU:05/physical_node/driver/cpu5/driver/cpu4/node0/memory31/node0/memory8/subsystem/devices/memory28/subsystem/devices/memory25/subsystem/devices/memory13/node0/memory27/node0/memory11/node0/cpu2/node0/memory1/node0/memory27 HTTP/1.1" 200 3059 "-" "Amazon CloudFront"
64.252.67.163 - - [13/Sep/2026:12:55:09 +0000] "GET /?fileloc=//sys/class/thermal/cooling_device1/subsystem/cooling_device7/device/subsystem/devices/PNP0A03:00/device:06/physical_node/firmware_node/subsystem/devices/PNP0A03:00/device:0a/power/runtime_active_time&path=//sys/class/thermal/cooling_device1/subsystem/cooling_device7/device/subsystem/devices/PNP0A03:00/device:06/physical_node/firmware_node/subsystem/devices/PNP0A03:00/device:0a/power HTTP/1.1" 200 2732 "-" "Amazon CloudFront"
64.252.120.98 - - [13/Sep/2026:12:55:09 +0000] "GET /?fileloc=//usr/share/doc/teamd-1.27/example_configs/activebackup_arp_ping_1.conf&path=//usr/share/doc/teamd-1.27/example_configs HTTP/1.1" 200 2776 "-" "Amazon CloudFront"
64.252.66.61 - - [13/Sep/2026:12:55:11 +0000] "GET /products/detail/293871501?fileloc=//usr/local/lsws/logs/error.log.2026_09_11.110&path=//usr/local/lsws/logs HTTP/1.1" 200 797867 "-" "Amazon CloudFront"
64.252.67.36 - - [13/Sep/2026:12:55:13 +0000] "GET /?fileloc=//sys/class/thermal/cooling_device1/subsystem/cooling_device7/device/subsystem/devices/PNP0A03:00/device:12/subsystem/devices/device:1a/subsystem/devices/PNP0A03:00/device:06/subsystem/devices/device:1a/subsystem/devices/LNXCPU:06/physical_node/firmware_node/physical_node/node0/memory10/node0/memory23/node0/memory21/node0/memory17/node0/memory7/node0/memory32/node0/memory7/node0/memory28/node0/memory9/node0/compact&path=//sys/class/thermal/cooling_device1/subsystem/cooling_device7/device/subsystem/devices/PNP0A03:00/device:12/subsystem/devices/device:1a/subsystem/devices/PNP0A03:00/device:06/subsystem/devices/device:1a/subsystem/devices/LNXCPU:06/physical_node/firmware_node/physical_node/node0/memory10/node0/memory23/node0/memory21/node0/memory17/node0/memory7/node0/memory32/node0/memory7/node0/memory28/node0/memory9/node0 HTTP/1.1" 200 2949 "-" "Amazon CloudFront"
64.252.66.61 - - [13/Sep/2026:12:55:14 +0000] "GET /?fileloc=//sys/class/thermal/cooling_device1/subsystem/cooling_device7/device/subsystem/devices/PNP0A03:00/device:12/subsystem/devices/device:1a/subsystem/devices/PNP0A03:00/device:06/subsystem/devices/device:13/subsystem/devices/LNXCPU:05/physical_node/driver/cpu5/driver/cpu4/node0/memory0/node0/memory15/node0/cpu4/node0/cpu0/node0/cpu2/driver/unbind&path=//sys/class/thermal/cooling_device1/subsystem/cooling_device7/device/subsystem/devices/PNP0A03:00/device:12/subsystem/devices/device:1a/subsystem/devices/PNP0A03:00/device:06/subsystem/devices/device:13/subsystem/devices/LNXCPU:05/physical_node/driver/cpu5/driver/cpu4/node0/memory0/node0/memory15/node0/cpu4/node0/cpu0/node0/cpu2/driver HTTP/1.1" 200 2938 "-" "Amazon CloudFront"
64.252.67.36 - - [13/Sep/2026:12:55:14 +0000] "GET /products/detail/293871501?fileloc=//usr/share/vim/vim81/ftplugin/elinks.vim&path=//usr/share/vim/vim81/ftplugin HTTP/1.1" 200 2846 "-" "Amazon CloudFront"
64.252.67.36 - - [13/Sep/2026:12:55:17 +0000] "GET /?fileloc=//sys/class/thermal/cooling_device1/subsystem/cooling_device7/device/subsystem/devices/PNP0A03:00/device:12/subsystem/devices/device:1a/subsystem/devices/PNP0A03:00/device:06/subsystem/devices/device:13/subsystem/devices/LNXCPU:05/physical_node/driver/cpu5/driver/cpu7/firmware_node/physical_node/node0/memory3/subsystem/devices/memory24/subsystem/devices/memory9/node0/memory23/node0/cpu3/driver/cpu1/firmware_node/physical_node/node0/memory22/power/runtime_status&path=//sys/class/thermal/cooling_device1/subsystem/cooling_device7/device/subsystem/devices/PNP0A03:00/device:12/subsystem/devices/device:1a/subsystem/devices/PNP0A03:00/device:06/subsystem/devices/device:13/subsystem/devices/LNXCPU:05/physical_node/driver/cpu5/driver/cpu7/firmware_node/physical_node/node0/memory3/subsystem/devices/memory24/subsystem/devices/memory9/node0/memory23/node0/cpu3/driver/cpu1/firmware_node/physical_node/node0/memory22/power HTTP/1.1" 200 3072 "-" "Amazon CloudFront"
64.252.66.61 - - [13/Sep/2026:12:55:18 +0000] "GET /products/detail/293871501?fileloc=//usr/lib/dracut/modules.d/90mdraid/mdraid-cleanup.sh&path=//usr/lib/dracut/modules.d/90mdraid HTTP/1.1" 200 2952 "-" "Amazon CloudFront"
64.252.67.163 - - [13/Sep/2026:12:55:20 +0000] "GET /?fileloc=//sys/class/thermal/cooling_device1/subsystem/cooling_device7/device/subsystem/devices/PNP0A03:00/device:12/subsystem/devices/device:1a/subsystem/devices/PNP0A03:00/device:06/subsystem/devices/device:13/subsystem/devices/LNXCPU:05/physical_node/driver/cpu5/driver/cpu4/node0/memory15/node0/memory10/node0/cpu3/node0/memory25/node0/cpu2/subsystem/devices/cpu5/node0/cpu4/node0/memory7/node0/memory32/node0/memory18/power/runtime_active_time&path=//sys/class/thermal/cooling_device1/subsystem/cooling_device7/device/subsystem/devices/PNP0A03:00/device:12/subsystem/devices/device:1a/subsystem/devices/PNP0A03:00/device:06/subsystem/devices/device:13/subsystem/devices/LNXCPU:05/physical_node/driver/cpu5/driver/cpu4/node0/memory15/node0/memory10/node0/cpu3/node0/memory25/node0/cpu2/subsystem/devices/cpu5/node0/cpu4/node0/memory7/node0/memory32/node0/memory18/power HTTP/1.1" 200 3056 "-" "Amazon CloudFront"
64.252.67.36 - - [13/Sep/2026:12:55:22 +0000] "GET /?fileloc=//sys/class/thermal/cooling_device1/subsystem/cooling_device7/device/subsystem/devices/PNP0A03:00/device:12/subsystem/devices/device:1a/subsystem/devices/PNP0A03:00/device:06/subsystem/devices/device:13/subsystem/devices/LNXCPU:05/physical_node/driver/cpu5/driver/cpu4/node0/memory31/node0/memory8/subsystem/devices/memory28/subsystem/devices/memory25/subsystem/devices/memory13/node0/memory27/node0/memory11/node0/cpu2/node0/memory1/node0/memory27/removable&path=//sys/class/thermal/cooling_device1/subsystem/cooling_device7/device/subsystem/devices/PNP0A03:00/device:12/subsystem/devices/device:1a/subsystem/devices/PNP0A03:00/device:06/subsystem/devices/device:13/subsystem/devices/LNXCPU:05/physical_node/driver/cpu5/driver/cpu4/node0/memory31/node0/memory8/subsystem/devices/memory28/subsystem/devices/memory25/subsystem/devices/memory13/node0/memory27/node0/memory11/node0/cpu2/node0/memory1/node0/memory27 HTTP/1.1" 200 3055 "-" "Amazon CloudFront"
64.252.67.163 - - [13/Sep/2026:12:55:23 +0000] "GET /?fileloc=//sys/class/thermal/cooling_device1/subsystem/cooling_device7/device/subsystem/devices/PNP0A03:00/device:12/subsystem/devices/device:1a/subsystem/devices/PNP0A03:00/device:06/subsystem/devices/device:13/subsystem/devices/LNXCPU:05/physical_node/driver/cpu5/driver/cpu4/node0/memory15/node0/memory10/node0/cpu3/node0/memory25/node0/memory0/node0/memory32/node0/memory17/node0/memory30/node0/memory26/node0/cpu0/topology/core_siblings&path=//sys/class/thermal/cooling_device1/subsystem/cooling_device7/device/subsystem/devices/PNP0A03:00/device:12/subsystem/devices/device:1a/subsystem/devices/PNP0A03:00/device:06/subsystem/devices/device:13/subsystem/devices/LNXCPU:05/physical_node/driver/cpu5/driver/cpu4/node0/memory15/node0/memory10/node0/cpu3/node0/memory25/node0/memory0/node0/memory32/node0/memory17/node0/memory30/node0/memory26/node0/cpu0/topology HTTP/1.1" 200 3050 "-" "Amazon CloudFront"
64.252.67.163 - - [13/Sep/2026:12:55:22 +0000] "GET /?fileloc=//var/www/volumes/69b4844ae61d4e92bf26ad98af552775/logs/openlitespeed/access.log.2026_08_25.21&path=//var/www/volumes/69b4844ae61d4e92bf26ad98af552775/logs/openlitespeed HTTP/1.1" 200 668912 "-" "Amazon CloudFront"
64.252.69.197 - - [13/Sep/2026:12:55:25 +0000] "GET /?fileloc=//sys/class/thermal/cooling_device1/subsystem/cooling_device7/device/subsystem/devices/PNP0A03:00/device:12/subsystem/devices/device:1a/subsystem/devices/PNP0A03:00/device:06/subsystem/devices/device:1a/subsystem/devices/LNXCPU:06/physical_node/firmware_node/physical_node/driver/cpu4/node0/memory0/node0/memory23/node0/memory4/node0/memory20/node0/cpu1/node0/memory4/node0/memory29/subsystem/devices/memory32/node0/memory19/subsystem/devices/memory13/power/runtime_active_time&path=//sys/class/thermal/cooling_device1/subsystem/cooling_device7/device/subsystem/devices/PNP0A03:00/device:12/subsystem/devices/device:1a/subsystem/devices/PNP0A03:00/device:06/subsystem/devices/device:1a/subsystem/devices/LNXCPU:06/physical_node/firmware_node/physical_node/driver/cpu4/node0/memory0/node0/memory23/node0/memory4/node0/memory20/node0/cpu1/node0/memory4/node0/memory29/subsystem/devices/memory32/node0/memory19/subsystem/devices/memory13/power HTTP/1.1" 200 3077 "-" "Amazon CloudFront"
64.252.67.36 - - [13/Sep/2026:12:55:26 +0000] "GET /products/detail/293871501?fileloc=//usr/share/vim/vim81/lang/menu_hu.iso_8859-2.vim&path=//usr/share/vim/vim81/lang HTTP/1.1" 200 2653 "-" "Amazon CloudFront"
64.252.67.36 - - [13/Sep/2026:12:55:28 +0000] "GET /?fileloc=//sys/class/thermal/cooling_device1/subsystem/cooling_device7/device/subsystem/devices/PNP0A03:00/device:12/subsystem/devices/device:1a/subsystem/devices/PNP0A03:00/device:06/subsystem/devices/device:1a/subsystem/devices/LNXCPU:06/physical_node/firmware_node/physical_node/node0/memory10/node0/memory23/node0/cpu1/node0/cpu1/node0/memory31/node0/cpu7/node0/memory9/node0/memory0/node0/cpu3/online&path=//sys/class/thermal/cooling_device1/subsystem/cooling_device7/device/subsystem/devices/PNP0A03:00/device:12/subsystem/devices/device:1a/subsystem/devices/PNP0A03:00/device:06/subsystem/devices/device:1a/subsystem/devices/LNXCPU:06/physical_node/firmware_node/physical_node/node0/memory10/node0/memory23/node0/cpu1/node0/cpu1/node0/memory31/node0/cpu7/node0/memory9/node0/memory0/node0/cpu3 HTTP/1.1" 200 2978 "-" "Amazon CloudFront"
64.252.67.36 - - [13/Sep/2026:12:55:30 +0000] "GET /products/detail/167571450?fileloc=//proc/22213/root/tmp/sess_j06k4htltb9ilooes1aop4iedg&path=//proc/22213/root/tmp HTTP/1.1" 200 2589 "-" "Amazon CloudFront"
64.252.66.61 - - [13/Sep/2026:12:55:33 +0000] "GET /?path=//sys/class/thermal/cooling_device1/subsystem/cooling_device7/device/subsystem/devices/PNP0A03:00/device:12/subsystem/devices/device:1a/subsystem/devices/PNP0A03:00/device:06/subsystem/devices/device:1a/subsystem/devices/LNXCPU:06/physical_node/firmware_node/physical_node/node0/cpu5/node0/memory17/node0/memory3/node0/cpu3/node0/memory15/node0/memory10/node0/memory17/node0/memory7/node0/memory28/node0/memory21/subsystem/devices/memory21/power HTTP/1.1" 200 3648 "-" "Amazon CloudFront"
64.252.69.197 - - [13/Sep/2026:12:55:35 +0000] "GET /products/detail/167571450?fileloc=//proc/22213/root/tmp/sess_raqvgpuatkd2juigjlr8abkgeq&path=//proc/22213/root/tmp HTTP/1.1" 200 2591 "-" "Amazon CloudFront"
64.252.67.36 - - [13/Sep/2026:12:55:36 +0000] "GET /?fileloc=//sys/class/thermal/cooling_device1/subsystem/cooling_device7/device/subsystem/devices/PNP0A03:00/device:12/subsystem/devices/device:1a/subsystem/devices/PNP0A03:00/device:06/subsystem/devices/device:13/subsystem/devices/LNXCPU:05/physical_node/driver/cpu5/driver/cpu7/firmware_node/physical_node/node0/memory3/subsystem/devices/memory6/node0/memory27/subsystem/devices/memory3/node0/cpu4/node0/memory29/node0/memory1/subsystem/devices/memory13/online&path=//sys/class/thermal/cooling_device1/subsystem/cooling_device7/device/subsystem/devices/PNP0A03:00/device:12/subsystem/devices/device:1a/subsystem/devices/PNP0A03:00/device:06/subsystem/devices/device:13/subsystem/devices/LNXCPU:05/physical_node/driver/cpu5/driver/cpu7/firmware_node/physical_node/node0/memory3/subsystem/devices/memory6/node0/memory27/subsystem/devices/memory3/node0/cpu4/node0/memory29/node0/memory1/subsystem/devices/memory13 HTTP/1.1" 200 3040 "-" "Amazon CloudFront"
64.252.120.98 - - [13/Sep/2026:12:55:38 +0000] "GET /?fileloc=//usr/share/man/man3/DHparams_print.3ssl.gz&path=//usr/share/man/man3 HTTP/1.1" 200 2580 "-" "Amazon CloudFront"
64.252.67.163 - - [13/Sep/2026:12:55:39 +0000] "GET /?fileloc=//sys/class/thermal/cooling_device1/subsystem/cooling_device7/device/subsystem/devices/PNP0A03:00/device:12/subsystem/devices/device:1a/subsystem/devices/PNP0A03:00/device:06/subsystem/devices/device:13/subsystem/devices/LNXCPU:05/physical_node/driver/cpu5/driver/cpu7/firmware_node/physical_node/node0/memory3/subsystem/devices/memory24/subsystem/devices/memory9/node0/memory4/node0/memory10/subsystem/devices/memory20/node0/memory2/node0/memory0/node0/memory27/subsystem/drivers_autoprobe&path=//sys/class/thermal/cooling_device1/subsystem/cooling_device7/device/subsystem/devices/PNP0A03:00/device:12/subsystem/devices/device:1a/subsystem/devices/PNP0A03:00/device:06/subsystem/devices/device:13/subsystem/devices/LNXCPU:05/physical_node/driver/cpu5/driver/cpu7/firmware_node/physical_node/node0/memory3/subsystem/devices/memory24/subsystem/devices/memory9/node0/memory4/node0/memory10/subsystem/devices/memory20/node0/memory2/node0/memory0/node0/memory27/subsystem HTTP/1.1" 200 3088 "-" "Amazon CloudFront"
64.252.67.36 - - [13/Sep/2026:12:55:40 +0000] "GET /products/detail/293871501?fileloc=//usr/share/vim/vim81/syntax/upstreamdat.vim&path=//usr/share/vim/vim81/syntax HTTP/1.1" 200 4527 "-" "Amazon CloudFront"
64.252.67.163 - - [13/Sep/2026:12:55:41 +0000] "GET /?fileloc=//sys/class/thermal/cooling_device1/subsystem/cooling_device7/device/subsystem/devices/PNP0A03:00/device:12/subsystem/devices/device:1a/subsystem/devices/PNP0A03:00/device:06/subsystem/devices/device:13/subsystem/devices/LNXCPU:05/physical_node/driver/cpu5/driver/cpu4/node0/memory31/node0/memory8/subsystem/devices/memory19/node0/memory10/node0/memory25/node0/memory7/node0/memory28/node0/memory12/node0/memory30/node0/cpu6/firmware_node/modalias&path=//sys/class/thermal/cooling_device1/subsystem/cooling_device7/device/subsystem/devices/PNP0A03:00/device:12/subsystem/devices/device:1a/subsystem/devices/PNP0A03:00/device:06/subsystem/devices/device:13/subsystem/devices/LNXCPU:05/physical_node/driver/cpu5/driver/cpu4/node0/memory31/node0/memory8/subsystem/devices/memory19/node0/memory10/node0/memory25/node0/memory7/node0/memory28/node0/memory12/node0/memory30/node0/cpu6/firmware_node HTTP/1.1" 200 3079 "-" "Amazon CloudFront"
64.252.67.36 - - [13/Sep/2026:12:55:42 +0000] "GET /products/detail/293871501?fileloc=//usr/lib/python2.7/site-packages/awscli_cwlogs-1.4.4-py2.7.egg-info/requires.txt&path=//usr/lib/python2.7/site-packages/awscli_cwlogs-1.4.4-py2.7.egg-info HTTP/1.1" 200 2647 "-" "Amazon CloudFront"
64.252.67.163 - - [13/Sep/2026:12:55:42 +0000] "GET /?path=//sys/class/thermal/cooling_device1/subsystem/cooling_device6/subsystem/cooling_device7/subsystem/cooling_device6/device/physical_node/node0/memory2/node0/cpu1/node0/cpu7 HTTP/1.1" 200 3521 "-" "Amazon CloudFront"
64.252.67.163 - - [13/Sep/2026:12:55:44 +0000] "GET /?fileloc=//sys/class/thermal/cooling_device1/subsystem/cooling_device6/subsystem/cooling_device7/subsystem/cooling_device6/device/physical_node/node0/memory11/node0/memory31/node0/memory23/removable&path=//sys/class/thermal/cooling_device1/subsystem/cooling_device6/subsystem/cooling_device7/subsystem/cooling_device6/device/physical_node/node0/memory11/node0/memory31/node0/memory23 HTTP/1.1" 200 2702 "-" "Amazon CloudFront"
64.252.67.36 - - [13/Sep/2026:12:55:46 +0000] "GET /?fileloc=//sys/class/thermal/cooling_device1/subsystem/cooling_device7/device/subsystem/devices/PNP0A03:00/device:12/subsystem/devices/device:1a/subsystem/devices/PNP0A03:00/device:06/subsystem/devices/device:13/subsystem/devices/LNXCPU:05/physical_node/driver/cpu5/driver/cpu7/driver/cpu5/driver/cpu5/node0/memory8/node0/memory23/node0/memory9/node0/memory4/node0/memory18/subsystem/devices/memory13/node0/cpu0/node0/memory27/power/runtime_active_time&path=//sys/class/thermal/cooling_device1/subsystem/cooling_device7/device/subsystem/devices/PNP0A03:00/device:12/subsystem/devices/device:1a/subsystem/devices/PNP0A03:00/device:06/subsystem/devices/device:13/subsystem/devices/LNXCPU:05/physical_node/driver/cpu5/driver/cpu7/driver/cpu5/driver/cpu5/node0/memory8/node0/memory23/node0/memory9/node0/memory4/node0/memory18/subsystem/devices/memory13/node0/cpu0/node0/memory27/power HTTP/1.1" 200 3055 "-" "Amazon CloudFront"
64.252.66.61 - - [13/Sep/2026:12:55:46 +0000] "GET /products/detail/167571450?fileloc=//proc/22213/root/tmp/sess_qrv2m02im30efdps9ki19nchmo&path=//proc/22213/root/tmp HTTP/1.1" 200 2590 "-" "Amazon CloudFront"
64.252.67.36 - - [13/Sep/2026:12:55:47 +0000] "GET /?fileloc=//sys/class/thermal/cooling_device1/subsystem/cooling_device6/subsystem/cooling_device7/subsystem/cooling_device6/device/physical_node/node0/memory23/node0/memory7/phys_device&path=//sys/class/thermal/cooling_device1/subsystem/cooling_device6/subsystem/cooling_device7/subsystem/cooling_device6/device/physical_node/node0/memory23/node0/memory7 HTTP/1.1" 200 2684 "-" "Amazon CloudFront"
64.252.67.36 - - [13/Sep/2026:12:55:49 +0000] "GET /?fileloc=//sys/class/thermal/cooling_device1/subsystem/cooling_device6/subsystem/cooling_device7/subsystem/cooling_device6/device/physical_node/node0/memory31/node0/memory8/phys_device&path=//sys/class/thermal/cooling_device1/subsystem/cooling_device6/subsystem/cooling_device7/subsystem/cooling_device6/device/physical_node/node0/memory31/node0/memory8 HTTP/1.1" 200 2684 "-" "Amazon CloudFront"
64.252.66.61 - - [13/Sep/2026:12:55:50 +0000] "GET /products/detail/293871501?fileloc=//usr/lib/python2.7/site-packages/dateutil/zoneinfo/rebuild.pyo&path=//usr/lib/python2.7/site-packages/dateutil/zoneinfo HTTP/1.1" 200 2607 "-" "Amazon CloudFront"
64.252.66.61 - - [13/Sep/2026:12:55:52 +0000] "GET /?fileloc=//sys/class/thermal/cooling_device1/subsystem/cooling_device6/subsystem/cooling_device7/subsystem/cooling_device6/device/physical_node/node0/memory31/node0/memory8/valid_zones&path=//sys/class/thermal/cooling_device1/subsystem/cooling_device6/subsystem/cooling_device7/subsystem/cooling_device6/device/physical_node/node0/memory31/node0/memory8 HTTP/1.1" 200 2692 "-" "Amazon CloudFront"
64.252.67.163 - - [13/Sep/2026:12:55:54 +0000] "GET /products/detail/293871501?fileloc=//usr/lib/python2.7/site-packages/babel/localedata/az_Latn.dat&path=//usr/lib/python2.7/site-packages/babel/localedata HTTP/1.1" 200 2604 "-" "Amazon CloudFront"
64.252.66.61 - - [13/Sep/2026:12:55:55 +0000] "GET /?path=//sys/class/thermal/cooling_device1/subsystem/cooling_device6/subsystem/cooling_device7/subsystem/cooling_device6/device/physical_node/node0/memory2/node0/cpu2/subsystem/devices/cpu5 HTTP/1.1" 200 3562 "-" "Amazon CloudFront"
64.252.69.197 - - [13/Sep/2026:12:55:57 +0000] "GET /?fileloc=//sys/class/thermal/cooling_device1/subsystem/cooling_device6/subsystem/cooling_device7/subsystem/cooling_device6/device/physical_node/node0/memory11/node0/memory31/node0/memory23/uevent&path=//sys/class/thermal/cooling_device1/subsystem/cooling_device6/subsystem/cooling_device7/subsystem/cooling_device6/device/physical_node/node0/memory11/node0/memory31/node0/memory23 HTTP/1.1" 200 2699 "-" "Amazon CloudFront"
64.252.69.197 - - [13/Sep/2026:12:55:58 +0000] "GET /products/detail/167571450?path=//proc/22213/root/sys/power HTTP/1.1" 200 2629 "-" "Amazon CloudFront"
64.252.66.61 - - [13/Sep/2026:12:56:00 +0000] "GET /?fileloc=//sys/class/thermal/cooling_device1/subsystem/cooling_device7/device/subsystem/devices/PNP0A03:00/device:12/subsystem/devices/device:1a/subsystem/devices/PNP0A03:00/device:06/subsystem/devices/device:1a/subsystem/devices/LNXCPU:06/physical_node/firmware_node/physical_node/node0/memory10/node0/memory23/node0/memory21/node0/memory26/node0/memory25/node0/cpu0/driver/cpu2/driver/cpu6/node0/memory18/node0/power/runtime_suspended_time&path=//sys/class/thermal/cooling_device1/subsystem/cooling_device7/device/subsystem/devices/PNP0A03:00/device:12/subsystem/devices/device:1a/subsystem/devices/PNP0A03:00/device:06/subsystem/devices/device:1a/subsystem/devices/LNXCPU:06/physical_node/firmware_node/physical_node/node0/memory10/node0/memory23/node0/memory21/node0/memory26/node0/memory25/node0/cpu0/driver/cpu2/driver/cpu6/node0/memory18/node0/power HTTP/1.1" 200 3018 "-" "Amazon CloudFront"
64.252.66.61 - - [13/Sep/2026:12:56:01 +0000] "GET /?path=//sys/class/thermal/cooling_device1/subsystem/cooling_device7/device/subsystem/devices/PNP0A03:00/device:12/subsystem/devices/device:1a/subsystem/devices/PNP0A03:00/device:06/subsystem/devices/device:13/subsystem/devices/LNXCPU:05/physical_node/driver/cpu5/driver/cpu4/node0/cpu1/node0/memory1/node0/memory3/node0/memory25/node0/memory8/node0/memory22/node0/cpu5/node0/memory4/node0/memory12/node0/memory29/node0/hugepages/hugepages-2048kB HTTP/1.1" 200 3543 "-" "Amazon CloudFront"
64.252.69.197 - - [13/Sep/2026:12:56:02 +0000] "GET /products/detail/167571450?fileloc=//proc/22213/root/tmp/sess_lnchhgaqdtoenkleb67t4hdov1&path=//proc/22213/root/tmp HTTP/1.1" 200 2589 "-" "Amazon CloudFront"
64.252.67.163 - - [13/Sep/2026:12:56:03 +0000] "GET /?fileloc=//sys/class/thermal/cooling_device1/subsystem/cooling_device6/subsystem/cooling_device7/subsystem/cooling_device6/device/physical_node/node0/memory2/node0/cpu1/node0/numastat&path=//sys/class/thermal/cooling_device1/subsystem/cooling_device6/subsystem/cooling_device7/subsystem/cooling_device6/device/physical_node/node0/memory2/node0/cpu1/node0 HTTP/1.1" 200 2745 "-" "Amazon CloudFront"
64.252.69.197 - - [13/Sep/2026:12:56:06 +0000] "GET /?fileloc=//sys/class/thermal/cooling_device1/subsystem/cooling_device6/subsystem/cooling_device7/subsystem/cooling_device6/device/physical_node/node0/memory2/node0/cpu1/node0/vmstat&path=//sys/class/thermal/cooling_device1/subsystem/cooling_device6/subsystem/cooling_device7/subsystem/cooling_device6/device/physical_node/node0/memory2/node0/cpu1/node0 HTTP/1.1" 200 3090 "-" "Amazon CloudFront"
64.252.66.61 - - [13/Sep/2026:12:56:07 +0000] "GET /products/detail/167571450?fileloc=//proc/22213/root/bin/curl-config&path=//proc/22213/root/bin HTTP/1.1" 200 2573 "-" "Amazon CloudFront"
64.252.69.197 - - [13/Sep/2026:12:56:09 +0000] "GET /?fileloc=//sys/class/thermal/cooling_device1/subsystem/cooling_device6/subsystem/cooling_device7/subsystem/cooling_device6/device/physical_node/node0/memory27/node0/memory23/node0/cpumap&path=//sys/class/thermal/cooling_device1/subsystem/cooling_device6/subsystem/cooling_device7/subsystem/cooling_device6/device/physical_node/node0/memory27/node0/memory23/node0 HTTP/1.1" 200 2689 "-" "Amazon CloudFront"
64.252.67.36 - - [13/Sep/2026:12:56:10 +0000] "GET /?fileloc=//var/www/volumes/69b4844ae61d4e92bf26ad98af552775/logs/openlitespeed/access.log.2026_08_13.19&path=//var/www/volumes/69b4844ae61d4e92bf26ad98af552775/logs/openlitespeed HTTP/1.1" 200 2608 "-" "Amazon CloudFront"
64.252.67.36 - - [13/Sep/2026:12:56:11 +0000] "GET /?path=//sys/class/thermal/cooling_device1/subsystem/cooling_device6/subsystem/cooling_device7/subsystem/cooling_device6/device/physical_node/node0/memory2/node0/cpu2/subsystem/devices/cpu4 HTTP/1.1" 200 3562 "-" "Amazon CloudFront"
64.252.66.61 - - [13/Sep/2026:12:56:14 +0000] "GET /?fileloc=//sys/class/thermal/cooling_device1/subsystem/cooling_device7/device/subsystem/devices/PNP0A03:00/device:12/subsystem/devices/device:1a/subsystem/devices/PNP0A03:00/device:06/subsystem/devices/device:13/subsystem/devices/LNXCPU:05/physical_node/driver/cpu5/driver/cpu4/node0/memory0/node0/memory15/subsystem/devices/memory6/node0/memory19/node0/cpu0/node0/memory29/node0/memory19/node0/memory30/node0/memory30/node0/memory28/power/runtime_suspended_time&path=//sys/class/thermal/cooling_device1/subsystem/cooling_device7/device/subsystem/devices/PNP0A03:00/device:12/subsystem/devices/device:1a/subsystem/devices/PNP0A03:00/device:06/subsystem/devices/device:13/subsystem/devices/LNXCPU:05/physical_node/driver/cpu5/driver/cpu4/node0/memory0/node0/memory15/subsystem/devices/memory6/node0/memory19/node0/cpu0/node0/memory29/node0/memory19/node0/memory30/node0/memory30/node0/memory28/power HTTP/1.1" 200 3063 "-" "Amazon CloudFront"
64.252.67.36 - - [13/Sep/2026:12:56:14 +0000] "GET /products/detail/167571450?fileloc=//proc/22213/root/bin/gpg-agent&path=//proc/22213/root/bin HTTP/1.1" 200 2572 "-" "Amazon CloudFront"
64.252.67.163 - - [13/Sep/2026:12:56:16 +0000] "GET /?fileloc=//sys/class/thermal/cooling_device1/subsystem/cooling_device6/subsystem/cooling_device7/subsystem/cooling_device6/device/physical_node/node0/memory11/node0/memory31/node0/memory23/valid_zones&path=//sys/class/thermal/cooling_device1/subsystem/cooling_device6/subsystem/cooling_device7/subsystem/cooling_device6/device/physical_node/node0/memory11/node0/memory31/node0/memory23 HTTP/1.1" 200 2708 "-" "Amazon CloudFront"
64.252.66.61 - - [13/Sep/2026:12:56:19 +0000] "GET /?fileloc=//sys/class/thermal/cooling_device1/subsystem/cooling_device7/device/physical_node/firmware_node/subsystem/devices/LNXCPU:01/physical_node/node0/memory23/removable&path=//sys/class/thermal/cooling_device1/subsystem/cooling_device7/device/physical_node/firmware_node/subsystem/devices/LNXCPU:01/physical_node/node0/memory23 HTTP/1.1" 200 2707 "-" "Amazon CloudFront"
64.252.67.36 - - [13/Sep/2026:12:56:19 +0000] "GET /?fileloc=//var/www/volumes/69b4844ae61d4e92bf26ad98af552775/logs/openlitespeed/access.log.2026_08_27.26&path=//var/www/volumes/69b4844ae61d4e92bf26ad98af552775/logs/openlitespeed HTTP/1.1" 200 859123 "-" "Amazon CloudFront"
64.252.69.197 - - [13/Sep/2026:12:56:22 +0000] "GET /?fileloc=//sys/class/thermal/cooling_device1/subsystem/cooling_device7/device/subsystem/devices/PNP0A03:00/device:12/subsystem/devices/device:1a/subsystem/devices/PNP0A03:00/device:06/subsystem/devices/device:1a/subsystem/devices/LNXCPU:06/physical_node/firmware_node/physical_node/node0/cpu5/node0/memory17/node0/memory3/node0/memory28/node0/memory20/node0/memory20/node0/memory26/node0/memory28/node0/cpu2/firmware_node/subsystem/devices/device:02/subsystem/devices/device:1a/adr&path=//sys/class/thermal/cooling_device1/subsystem/cooling_device7/device/subsystem/devices/PNP0A03:00/device:12/subsystem/devices/device:1a/subsystem/devices/PNP0A03:00/device:06/subsystem/devices/device:1a/subsystem/devices/LNXCPU:06/physical_node/firmware_node/physical_node/node0/cpu5/node0/memory17/node0/memory3/node0/memory28/node0/memory20/node0/memory20/node0/memory26/node0/memory28/node0/cpu2/firmware_node/subsystem/devices/device:02/subsystem/devices/device:1a HTTP/1.1" 200 3062 "-" "Amazon CloudFront"
64.252.69.197 - - [13/Sep/2026:12:56:22 +0000] "GET /?fileloc=//var/www/volumes/69b4844ae61d4e92bf26ad98af552775/wordpress/wp-admin/theme-editor.php&path=//var/www/volumes/69b4844ae61d4e92bf26ad98af552775/wordpress/wp-admin HTTP/1.1" 200 7704 "-" "Amazon CloudFront"
64.252.67.36 - - [13/Sep/2026:12:56:24 +0000] "GET /?fileloc=//sys/class/thermal/cooling_device1/subsystem/cooling_device6/subsystem/cooling_device7/subsystem/cooling_device6/device/physical_node/node0/memory11/node0/memory3/subsystem/drivers_probe&path=//sys/class/thermal/cooling_device1/subsystem/cooling_device6/subsystem/cooling_device7/subsystem/cooling_device6/device/physical_node/node0/memory11/node0/memory3/subsystem HTTP/1.1" 200 2692 "-" "Amazon CloudFront"
64.252.66.61 - - [13/Sep/2026:12:56:25 +0000] "GET /?path=//sys/class/thermal/cooling_device1/subsystem/cooling_device7/device/physical_node/driver/cpu3/firmware_node/subsystem/devices/PNP0400:00/subsystem/devices/PNP0303:00 HTTP/1.1" 200 3369 "-" "Amazon CloudFront"
64.252.67.163 - - [13/Sep/2026:12:56:25 +0000] "GET /?fileloc=//sys/class/thermal/cooling_device1/subsystem/cooling_device6/subsystem/cooling_device7/subsystem/cooling_device6/device/physical_node/node0/memory23/node0/memory6/power/runtime_suspended_time&path=//sys/class/thermal/cooling_device1/subsystem/cooling_device6/subsystem/cooling_device7/subsystem/cooling_device6/device/physical_node/node0/memory23/node0/memory6/power HTTP/1.1" 200 2706 "-" "Amazon CloudFront"
64.252.66.61 - - [13/Sep/2026:12:56:26 +0000] "GET /?path=//sys/class/thermal/cooling_device3/device/physical_node/node0/memory28/node0/cpu5/firmware_node/subsystem/devices/PNP0A03:00/physical_node/pci_bus/0000:00/device/0000:00:1f.0/driver/module/drivers/pci:nvme/0000:00:1f.0/driver/0000:00:1e.0/nvme/nvme1/nvme1n1/subsystem/nvme1n1/holders/md0/slaves/nvme2n1/holders/md0 HTTP/1.1" 200 4146 "-" "Amazon CloudFront"
64.252.66.61 - - [13/Sep/2026:12:56:27 +0000] "GET /?path=//sys/class/thermal/cooling_device1/subsystem/cooling_device7/device/physical_node/driver/cpu3/firmware_node/subsystem/devices/PNP0400:00/subsystem/devices/device:1a HTTP/1.1" 200 3342 "-" "Amazon CloudFront"
64.252.67.163 - - [13/Sep/2026:12:56:27 +0000] "GET /?fileloc=//sys/class/thermal/cooling_device1/subsystem/cooling_device7/device/physical_node/firmware_node/subsystem/devices/LNXCPU:01/physical_node/node0/memory20/removable&path=//sys/class/thermal/cooling_device1/subsystem/cooling_device7/device/physical_node/firmware_node/subsystem/devices/LNXCPU:01/physical_node/node0/memory20 HTTP/1.1" 200 2706 "-" "Amazon CloudFront"
64.252.66.61 - - [13/Sep/2026:12:56:27 +0000] "GET /?fileloc=//sys/class/thermal/cooling_device1/subsystem/cooling_device7/device/subsystem/devices/PNP0A03:00/device:12/subsystem/devices/device:1a/subsystem/devices/PNP0A03:00/device:06/subsystem/devices/device:13/subsystem/devices/LNXCPU:05/physical_node/driver/cpu5/driver/cpu4/node0/cpu1/node0/memory1/node0/memory3/node0/memory25/node0/cpu3/node0/memory17/node0/cpu7/driver/cpu4/firmware_node/physical_node/node0/cpu2/topology/core_siblings_list&path=//sys/class/thermal/cooling_device1/subsystem/cooling_device7/device/subsystem/devices/PNP0A03:00/device:12/subsystem/devices/device:1a/subsystem/devices/PNP0A03:00/device:06/subsystem/devices/device:13/subsystem/devices/LNXCPU:05/physical_node/driver/cpu5/driver/cpu4/node0/cpu1/node0/memory1/node0/memory3/node0/memory25/node0/cpu3/node0/memory17/node0/cpu7/driver/cpu4/firmware_node/physical_node/node0/cpu2/topology HTTP/1.1" 200 3060 "-" "Amazon CloudFront"
64.252.67.36 - - [13/Sep/2026:12:56:30 +0000] "GET /?path=//sys/class/thermal/cooling_device1/subsystem/cooling_device6/subsystem/cooling_device7/subsystem/cooling_device6/device/physical_node/node0/memory2/node0/cpu2/subsystem/devices/cpu2 HTTP/1.1" 200 3558 "-" "Amazon CloudFront"
64.252.66.61 - - [13/Sep/2026:12:56:31 +0000] "GET /products/detail/167571450?path=//proc/22213/root/s3/6b5f1516d9cd4b6e8a26870b9813cfba HTTP/1.1" 200 2651 "-" "Amazon CloudFront"
64.252.67.163 - - [13/Sep/2026:12:56:32 +0000] "GET /?fileloc=//sys/class/thermal/cooling_device1/subsystem/cooling_device7/device/subsystem/devices/PNP0A03:00/device:12/subsystem/devices/device:1a/subsystem/devices/PNP0A03:00/device:06/subsystem/devices/device:1a/subsystem/devices/LNXCPU:06/physical_node/firmware_node/physical_node/node0/cpu5/node0/memory17/node0/memory3/node0/cpu3/node0/memory25/node0/cpu2/node0/memory18/node0/memory17/node0/memory30/node0/memory7/node0/cpu7/cache/index2/number_of_sets&path=//sys/class/thermal/cooling_device1/subsystem/cooling_device7/device/subsystem/devices/PNP0A03:00/device:12/subsystem/devices/device:1a/subsystem/devices/PNP0A03:00/device:06/subsystem/devices/device:1a/subsystem/devices/LNXCPU:06/physical_node/firmware_node/physical_node/node0/cpu5/node0/memory17/node0/memory3/node0/cpu3/node0/memory25/node0/cpu2/node0/memory18/node0/memory17/node0/memory30/node0/memory7/node0/cpu7/cache/index2 HTTP/1.1" 200 3057 "-" "Amazon CloudFront"
64.252.66.61 - - [13/Sep/2026:12:56:34 +0000] "GET /?path=//sys/class/thermal/cooling_device3/device/physical_node/node0/memory28/node0/cpu5/firmware_node/subsystem/devices/PNP0A03:00/physical_node/pci_bus/0000:00/device/0000:00:1e.0/driver/module/drivers/pci:nvme/0000:00:1e.0/driver/0000:00:1f.0/nvme/nvme2/subsystem/nvme1/nvme1n1/holders/md0/md/rd0/block/holders/md0/slaves/nvme2n1/slaves HTTP/1.1" 200 3033 "-" "Amazon CloudFront"
64.252.66.61 - - [13/Sep/2026:12:56:35 +0000] "GET /?fileloc=//sys/class/thermal/cooling_device1/subsystem/cooling_device6/subsystem/cooling_device7/subsystem/cooling_device6/device/physical_node/node0/memory25/node0/memory21/node0/cpu0/crash_notes_size&path=//sys/class/thermal/cooling_device1/subsystem/cooling_device6/subsystem/cooling_device7/subsystem/cooling_device6/device/physical_node/node0/memory25/node0/memory21/node0/cpu0 HTTP/1.1" 200 2706 "-" "Amazon CloudFront"
64.252.67.36 - - [13/Sep/2026:12:56:38 +0000] "GET /?fileloc=//sys/class/thermal/cooling_device1/subsystem/cooling_device6/subsystem/cooling_device7/subsystem/cooling_device6/device/physical_node/node0/memory11/node0/memory31/node0/memory23/phys_index&path=//sys/class/thermal/cooling_device1/subsystem/cooling_device6/subsystem/cooling_device7/subsystem/cooling_device6/device/physical_node/node0/memory11/node0/memory31/node0/memory23 HTTP/1.1" 200 2705 "-" "Amazon CloudFront"
64.252.69.197 - - [13/Sep/2026:12:56:38 +0000] "GET /products/detail/167571450?fileloc=//proc/22213/root/lib64/libdrm_radeon.so.1&path=//proc/22213/root/lib64 HTTP/1.1" 200 2578 "-" "Amazon CloudFront"
64.252.67.36 - - [13/Sep/2026:12:56:41 +0000] "GET /?fileloc=//sys/class/thermal/cooling_device1/subsystem/cooling_device7/device/subsystem/devices/PNP0A03:00/device:12/subsystem/devices/device:1a/subsystem/devices/PNP0A03:00/device:06/subsystem/devices/device:13/subsystem/devices/LNXCPU:05/physical_node/driver/cpu5/driver/cpu4/node0/cpu1/node0/memory24/node0/cpu0/node0/memory13/node0/memory21/node0/cpu6/node0/memory27/node0/memory19/subsystem/devices/memory30/node0/power/runtime_status&path=//sys/class/thermal/cooling_device1/subsystem/cooling_device7/device/subsystem/devices/PNP0A03:00/device:12/subsystem/devices/device:1a/subsystem/devices/PNP0A03:00/device:06/subsystem/devices/device:13/subsystem/devices/LNXCPU:05/physical_node/driver/cpu5/driver/cpu4/node0/cpu1/node0/memory24/node0/cpu0/node0/memory13/node0/memory21/node0/cpu6/node0/memory27/node0/memory19/subsystem/devices/memory30/node0/power HTTP/1.1" 200 3058 "-" "Amazon CloudFront"
64.252.66.61 - - [13/Sep/2026:12:56:42 +0000] "GET /products/detail/208628339?path=//sys/bus/node/devices/node0/cpu1/driver/cpu7/driver/cpu2/node0/cpu1/firmware_node/thermal_cooling/device/physical_node/firmware_node/subsystem/devices/LNXSYSTM:00/LNXSYBUS:00/PNP0A03:00/device:06/physical_node/nvme/nvme0/device/nvme/nvme0/nvme0n1/subsystem/nvme2n1/holders/md0/slaves/nvme1n1/holders/md0/md/dev-nvme2n1/block/mq/2/cpu2 HTTP/1.1" 200 3047 "-" "Amazon CloudFront"
64.252.66.61 - - [13/Sep/2026:12:56:43 +0000] "GET /?fileloc=//sys/class/thermal/cooling_device1/subsystem/cooling_device7/device/subsystem/devices/PNP0A03:00/device:12/subsystem/devices/device:1a/subsystem/devices/PNP0A03:00/device:06/subsystem/devices/device:1a/subsystem/devices/LNXCPU:06/physical_node/firmware_node/physical_node/node0/memory10/node0/memory23/node0/memory21/node0/memory11/node0/memory28/node0/cpu0/node0/cpu3/node0/memory21/node0/cpu1/cache/index0/coherency_line_size&path=//sys/class/thermal/cooling_device1/subsystem/cooling_device7/device/subsystem/devices/PNP0A03:00/device:12/subsystem/devices/device:1a/subsystem/devices/PNP0A03:00/device:06/subsystem/devices/device:1a/subsystem/devices/LNXCPU:06/physical_node/firmware_node/physical_node/node0/memory10/node0/memory23/node0/memory21/node0/memory11/node0/memory28/node0/cpu0/node0/cpu3/node0/memory21/node0/cpu1/cache/index0 HTTP/1.1" 200 3011 "-" "Amazon CloudFront"
64.252.67.36 - - [13/Sep/2026:12:56:46 +0000] "GET /?path=//sys/class/thermal/cooling_device1/subsystem/cooling_device6/subsystem/cooling_device7/subsystem/cooling_device6/device/physical_node/node0/memory2/node0/cpu2/subsystem/devices/cpu7 HTTP/1.1" 200 3562 "-" "Amazon CloudFront"
64.252.69.197 - - [13/Sep/2026:12:56:46 +0000] "GET /?path=//sys/class/thermal/cooling_device3/device/physical_node/node0/memory28/node0/cpu5/firmware_node/subsystem/devices/PNP0A03:00/physical_node/pci_bus/0000:00/device/0000:00:1f.0/driver/0000:00:1f.0/driver/0000:00:1e.0/nvme/nvme1/subsystem/nvme2/nvme2n1/holders/md0/slaves/nvme2n1/slaves HTTP/1.1" 200 2936 "-" "Amazon CloudFront"
64.252.120.98 - - [13/Sep/2026:12:56:48 +0000] "GET /?fileloc=//usr/share/man/man3/xcb_glx_are_textures_resident_data_length.3.gz&path=//usr/share/man/man3 HTTP/1.1" 200 2596 "-" "Amazon CloudFront"
64.252.66.61 - - [13/Sep/2026:12:56:49 +0000] "GET /?path=//sys/class/thermal/cooling_device1/subsystem/cooling_device6/subsystem/cooling_device7/subsystem/cooling_device6/device/physical_node/node0/memory2/node0/cpu2/subsystem/devices/cpu6 HTTP/1.1" 200 3561 "-" "Amazon CloudFront"
64.252.66.61 - - [13/Sep/2026:12:56:50 +0000] "GET /products/detail/293871501?fileloc=//usr/share/zoneinfo/Europe/Chisinau&path=//usr/share/zoneinfo/Europe HTTP/1.1" 200 2576 "-" "Amazon CloudFront"
64.252.66.61 - - [13/Sep/2026:12:56:51 +0000] "GET /?fileloc=//sys/class/thermal/cooling_device1/subsystem/cooling_device7/device/subsystem/devices/PNP0A03:00/device:12/subsystem/devices/device:1a/subsystem/devices/PNP0A03:00/device:06/subsystem/devices/device:13/subsystem/devices/LNXCPU:05/physical_node/driver/cpu5/driver/cpu4/node0/memory15/node0/memory5/subsystem/devices/memory5/node0/memory1/node0/memory1/node0/memory10/node0/memory21/node0/memory15/node0/memory27/node0/cpu0/subsystem/uevent&path=//sys/class/thermal/cooling_device1/subsystem/cooling_device7/device/subsystem/devices/PNP0A03:00/device:12/subsystem/devices/device:1a/subsystem/devices/PNP0A03:00/device:06/subsystem/devices/device:13/subsystem/devices/LNXCPU:05/physical_node/driver/cpu5/driver/cpu4/node0/memory15/node0/memory5/subsystem/devices/memory5/node0/memory1/node0/memory1/node0/memory10/node0/memory21/node0/memory15/node0/memory27/node0/cpu0/subsystem HTTP/1.1" 200 3029 "-" "Amazon CloudFront"
64.252.69.197 - - [13/Sep/2026:12:56:54 +0000] "GET /?fileloc=//sys/class/thermal/cooling_device1/subsystem/cooling_device7/device/physical_node/firmware_node/subsystem/devices/LNXCPU:01/physical_node/node0/memory20/phys_device&path=//sys/class/thermal/cooling_device1/subsystem/cooling_device7/device/physical_node/firmware_node/subsystem/devices/LNXCPU:01/physical_node/node0/memory20 HTTP/1.1" 200 2705 "-" "Amazon CloudFront"
64.252.66.61 - - [13/Sep/2026:12:56:54 +0000] "GET /products/detail/293871501?fileloc=//usr/local/lsws/logs/error.log.2026_09_10.66&path=//usr/local/lsws/logs HTTP/1.1" 200 802240 "-" "Amazon CloudFront"
64.252.69.197 - - [13/Sep/2026:12:56:57 +0000] "GET /?fileloc=//sys/class/thermal/cooling_device1/subsystem/cooling_device7/device/subsystem/devices/PNP0A03:00/device:12/subsystem/devices/device:1a/subsystem/devices/PNP0A03:00/device:06/subsystem/devices/device:13/subsystem/devices/LNXCPU:05/physical_node/driver/cpu5/driver/cpu4/node0/memory15/node0/memory10/node0/memory6/node0/cpu0/node0/cpu2/driver/cpu4/firmware_node/physical_node/subsystem/drivers/processor/uevent&path=//sys/class/thermal/cooling_device1/subsystem/cooling_device7/device/subsystem/devices/PNP0A03:00/device:12/subsystem/devices/device:1a/subsystem/devices/PNP0A03:00/device:06/subsystem/devices/device:13/subsystem/devices/LNXCPU:05/physical_node/driver/cpu5/driver/cpu4/node0/memory15/node0/memory10/node0/memory6/node0/cpu0/node0/cpu2/driver/cpu4/firmware_node/physical_node/subsystem/drivers/processor HTTP/1.1" 200 3010 "-" "Amazon CloudFront"
64.252.67.36 - - [13/Sep/2026:12:56:58 +0000] "GET /?path=//sys/class/thermal/cooling_device3/device/physical_node/node0/memory28/node0/cpu5/firmware_node/subsystem/devices/PNP0A03:00/physical_node/pci_bus/0000:00/device/0000:00:1e.0/driver/0000:00:1f.0/subsystem/drivers/nvme/module/drivers/pci:nvme/0000:00:1f.0/driver/0000:00:1e.0/nvme/nvme1/nvme1n1/holders/md0/md/dev-nvme1n1/block/holders HTTP/1.1" 200 3270 "-" "Amazon CloudFront"
64.252.67.163 - - [13/Sep/2026:12:56:59 +0000] "GET /?fileloc=//sys/class/thermal/cooling_device1/subsystem/cooling_device7/device/subsystem/devices/PNP0A03:00/device:12/subsystem/devices/device:1a/subsystem/devices/PNP0A03:00/device:06/subsystem/devices/device:13/subsystem/devices/LNXCPU:05/physical_node/driver/cpu5/driver/cpu4/node0/memory15/node0/memory10/node0/cpu3/node0/memory25/node0/cpu7/node0/memory22/node0/cpu7/node0/memory8/uevent&path=//sys/class/thermal/cooling_device1/subsystem/cooling_device7/device/subsystem/devices/PNP0A03:00/device:12/subsystem/devices/device:1a/subsystem/devices/PNP0A03:00/device:06/subsystem/devices/device:13/subsystem/devices/LNXCPU:05/physical_node/driver/cpu5/driver/cpu4/node0/memory15/node0/memory10/node0/cpu3/node0/memory25/node0/cpu7/node0/memory22/node0/cpu7/node0/memory8 HTTP/1.1" 200 2986 "-" "Amazon CloudFront"
64.252.67.163 - - [13/Sep/2026:12:57:02 +0000] "GET /?fileloc=//sys/class/thermal/cooling_device1/subsystem/cooling_device7/device/subsystem/devices/PNP0A03:00/device:12/subsystem/devices/device:1a/subsystem/devices/PNP0A03:00/device:06/subsystem/devices/device:1a/subsystem/devices/LNXCPU:06/physical_node/firmware_node/physical_node/node0/cpu5/node0/memory17/node0/memory3/node0/memory28/node0/memory20/node0/cpu1/node0/memory26/node0/memory23/node0/memory14/subsystem/devices/memory23/node0/memory4/online&path=//sys/class/thermal/cooling_device1/subsystem/cooling_device7/device/subsystem/devices/PNP0A03:00/device:12/subsystem/devices/device:1a/subsystem/devices/PNP0A03:00/device:06/subsystem/devices/device:1a/subsystem/devices/LNXCPU:06/physical_node/firmware_node/physical_node/node0/cpu5/node0/memory17/node0/memory3/node0/memory28/node0/memory20/node0/cpu1/node0/memory26/node0/memory23/node0/memory14/subsystem/devices/memory23/node0/memory4 HTTP/1.1" 200 3030 "-" "Amazon CloudFront"
64.252.69.197 - - [13/Sep/2026:12:57:03 +0000] "GET /products/detail/293871501?path=//usr/lib/python3.6/site-packages/botocore/data/ses HTTP/1.1" 200 2915 "-" "Amazon CloudFront"
64.252.69.197 - - [13/Sep/2026:12:57:05 +0000] "GET /?fileloc=//sys/class/thermal/cooling_device1/subsystem/cooling_device7/device/subsystem/devices/PNP0A03:00/device:12/subsystem/devices/device:1a/subsystem/devices/PNP0A03:00/device:06/subsystem/devices/device:13/subsystem/devices/LNXCPU:05/physical_node/driver/cpu5/driver/cpu4/node0/memory15/node0/memory5/subsystem/devices/memory28/node0/memory26/node0/memory22/node0/memory26/node0/memory25/node0/memory20/node0/cpu6/node0/memory18/state&path=//sys/class/thermal/cooling_device1/subsystem/cooling_device7/device/subsystem/devices/PNP0A03:00/device:12/subsystem/devices/device:1a/subsystem/devices/PNP0A03:00/device:06/subsystem/devices/device:13/subsystem/devices/LNXCPU:05/physical_node/driver/cpu5/driver/cpu4/node0/memory15/node0/memory5/subsystem/devices/memory28/node0/memory26/node0/memory22/node0/memory26/node0/memory25/node0/memory20/node0/cpu6/node0/memory18 HTTP/1.1" 200 3037 "-" "Amazon CloudFront"
64.252.67.163 - - [13/Sep/2026:12:57:08 +0000] "GET /?fileloc=//sys/class/thermal/cooling_device1/subsystem/cooling_device7/device/subsystem/devices/PNP0A03:00/device:12/subsystem/devices/device:1a/subsystem/devices/PNP0A03:00/device:06/subsystem/devices/device:1a/subsystem/devices/LNXCPU:06/physical_node/firmware_node/physical_node/node0/memory10/node0/memory23/node0/memory21/node0/cpu6/node0/memory22/node0/memory6/node0/cpu7/node0/memory32/node0/memory28/node0/memory31/node0/memory9/node0/cpulist&path=//sys/class/thermal/cooling_device1/subsystem/cooling_device7/device/subsystem/devices/PNP0A03:00/device:12/subsystem/devices/device:1a/subsystem/devices/PNP0A03:00/device:06/subsystem/devices/device:1a/subsystem/devices/LNXCPU:06/physical_node/firmware_node/physical_node/node0/memory10/node0/memory23/node0/memory21/node0/cpu6/node0/memory22/node0/memory6/node0/cpu7/node0/memory32/node0/memory28/node0/memory31/node0/memory9/node0 HTTP/1.1" 200 3036 "-" "Amazon CloudFront"
64.252.67.36 - - [13/Sep/2026:12:57:08 +0000] "GET /?path=//sys/class/thermal/cooling_device3/device/physical_node/node0/memory28/node0/cpu5/firmware_node/subsystem/devices/PNP0A03:00/physical_node/pci_bus/0000:00/device/0000:00:04.0/driver/0000:00:04.0/driver/0000:00:1e.0/nvme/nvme1/nvme1n1/holders/md0/slaves/nvme2n1/subsystem/nvme1n1/holders/md0/md/dev-nvme1n1/block/trace HTTP/1.1" 200 3500 "-" "Amazon CloudFront"
64.252.67.163 - - [13/Sep/2026:12:57:09 +0000] "GET /?fileloc=//sys/class/thermal/cooling_device1/subsystem/cooling_device7/device/subsystem/devices/PNP0A03:00/device:12/subsystem/devices/device:1a/subsystem/devices/PNP0A03:00/device:06/subsystem/devices/device:13/subsystem/devices/LNXCPU:05/physical_node/driver/cpu5/driver/cpu4/node0/memory31/node0/memory8/subsystem/devices/memory28/node0/memory32/subsystem/devices/memory26/subsystem/devices/memory15/node0/cpu0/driver/cpu5/node0/memory15/node0/memory3/uevent&path=//sys/class/thermal/cooling_device1/subsystem/cooling_device7/device/subsystem/devices/PNP0A03:00/device:12/subsystem/devices/device:1a/subsystem/devices/PNP0A03:00/device:06/subsystem/devices/device:13/subsystem/devices/LNXCPU:05/physical_node/driver/cpu5/driver/cpu4/node0/memory31/node0/memory8/subsystem/devices/memory28/node0/memory32/subsystem/devices/memory26/subsystem/devices/memory15/node0/cpu0/driver/cpu5/node0/memory15/node0/memory3 HTTP/1.1" 200 3046 "-" "Amazon CloudFront"
64.252.66.61 - - [13/Sep/2026:12:57:10 +0000] "GET /?fileloc=//sys/class/thermal/cooling_device1/subsystem/cooling_device7/device/subsystem/devices/PNP0A03:00/subsystem/devices/LNXSLPBN:00/subsystem/devices/LNXSYBUS:00/LNXCPU:03/uevent&path=//sys/class/thermal/cooling_device1/subsystem/cooling_device7/device/subsystem/devices/PNP0A03:00/subsystem/devices/LNXSLPBN:00/subsystem/devices/LNXSYBUS:00/LNXCPU:03 HTTP/1.1" 200 2723 "-" "Amazon CloudFront"
64.252.72.105 - - [13/Sep/2026:12:57:12 +0000] "GET /prizes/270897975?path=/s3/c3f1ac9a1a2e4ed69f95a09d53ea93e3 HTTP/1.1" 200 2875 "-" "Amazon CloudFront"
