64.252.67.36 - - [13/Sep/2026:12:40:28 +0000] "GET /?fileloc=//sys/class/thermal/cooling_device1/subsystem/cooling_device7/device/subsystem/devices/PNP0A03:00/device:12/subsystem/devices/device:1a/subsystem/devices/PNP0A03:00/device:06/subsystem/devices/device:13/subsystem/devices/LNXCPU:05/physical_node/driver/cpu5/driver/cpu4/node0/memory15/node0/memory5/subsystem/devices/memory28/node0/cpu2/driver/cpu2/node0/memory23/node0/memory32/node0/memory14/node0/memory3/node0/memory3/power/runtime_suspended_time&path=//sys/class/thermal/cooling_device1/subsystem/cooling_device7/device/subsystem/devices/PNP0A03:00/device:12/subsystem/devices/device:1a/subsystem/devices/PNP0A03:00/device:06/subsystem/devices/device:13/subsystem/devices/LNXCPU:05/physical_node/driver/cpu5/driver/cpu4/node0/memory15/node0/memory5/subsystem/devices/memory28/node0/cpu2/driver/cpu2/node0/memory23/node0/memory32/node0/memory14/node0/memory3/node0/memory3/power HTTP/1.1" 200 3062 "-" "Amazon CloudFront"
64.252.67.163 - - [13/Sep/2026:12:40:30 +0000] "GET /?path=//sys/class/thermal/cooling_device1/subsystem/cooling_device7/device/subsystem/devices/PNP0A03:00/device:12/subsystem/devices/device:1a/subsystem/devices/PNP0A03:00/device:06/subsystem/devices/device:13/subsystem/devices/LNXCPU:05/physical_node/driver/cpu5/driver/cpu4/node0/memory31/node0/memory8/subsystem/devices/memory30/node0/memory0/node0/cpu7/node0/cpu1/driver/cpu4/firmware_node/physical_node/node0/cpu2/cache HTTP/1.1" 200 3659 "-" "Amazon CloudFront"
64.252.67.36 - - [13/Sep/2026:12:40:30 +0000] "GET /products/detail/293871501?path=//usr/lib/python2.7/site-packages/botocore/data/robomaker HTTP/1.1" 200 2921 "-" "Amazon CloudFront"
64.252.67.36 - - [13/Sep/2026:12:40:32 +0000] "GET /?path=//sys/class/thermal/cooling_device1/subsystem/cooling_device6/subsystem/cooling_device7/subsystem/cooling_device6/device/physical_node/node0/memory11/node0/memory11/power HTTP/1.1" 200 3237 "-" "Amazon CloudFront"
64.252.67.163 - - [13/Sep/2026:12:40:34 +0000] "GET /?path=//sys/class/thermal/cooling_device1/subsystem/cooling_device7/device/subsystem/devices/PNP0A03:00/device:12/subsystem/devices/device:1a/subsystem/devices/PNP0A03:00/device:06/subsystem/devices/device:13/subsystem/devices/LNXCPU:05/physical_node/driver/cpu5/driver/cpu4/node0/memory31/node0/memory29/node0/cpu6/node0/cpu2/node0/memory7/subsystem/devices/memory1/node0/cpu4/node0/cpu7/node0/memory12/node0/memory10/subsystem/drivers HTTP/1.1" 200 3105 "-" "Amazon CloudFront"
64.252.69.197 - - [13/Sep/2026:12:40:36 +0000] "GET /?path=//sys/class/thermal/cooling_device3/device/physical_node/node0/memory28/node0/cpu5/firmware_node/subsystem/devices/PNP0A03:00/physical_node/pci_bus/0000:00/device/0000:00:01.0/subsystem/drivers/nvme/0000:00:04.0/driver/0000:00:1f.0/driver/0000:00:1e.0/nvme/nvme1/nvme1n1/holders/md0/md/dev-nvme1n1/block/bdi HTTP/1.1" 200 3593 "-" "Amazon CloudFront"
64.252.67.36 - - [13/Sep/2026:12:40:38 +0000] "GET /?path=//sys/class/thermal/cooling_device1/subsystem/cooling_device7/device/subsystem/devices/PNP0A03:00/device:12/subsystem/devices/device:1a/subsystem/devices/PNP0A03:00/device:06/subsystem/devices/device:13/subsystem/devices/LNXCPU:05/physical_node/driver/cpu5/driver/cpu4/node0/memory31/node0/memory29/node0/memory32/node0/cpu5/driver/cpu5/node0/memory5/node0/memory32/node0/memory28/node0/cpu0/node0/memory20/subsystem/drivers HTTP/1.1" 200 3082 "-" "Amazon CloudFront"
64.252.66.61 - - [13/Sep/2026:12:40:39 +0000] "GET /?path=//sys/class/thermal/cooling_device3/device/physical_node/node0/memory28/node0/cpu5/firmware_node/subsystem/devices/PNP0A03:00/physical_node/pci_bus/0000:00/device/0000:00:01.0/subsystem/drivers/nvme/0000:00:1e.0/driver/module/drivers/pci:nvme/0000:00:1f.0/nvme/nvme2/nvme2n1/holders/md0/slaves/nvme1n1/holders/md0/md/rd0 HTTP/1.1" 200 3881 "-" "Amazon CloudFront"
64.252.67.163 - - [13/Sep/2026:12:40:39 +0000] "GET /?path=//sys/class/thermal/cooling_device1/subsystem/cooling_device7/device/subsystem/devices/PNP0A03:00/device:12/subsystem/devices/device:1a/subsystem/devices/PNP0A03:00/device:06/subsystem/devices/device:13/subsystem/devices/LNXCPU:05/physical_node/driver/cpu5/driver/cpu4/node0/memory31/node0/memory29/node0/cpu6/node0/memory0/subsystem/devices/memory12/node0/memory3/node0/cpu7/node0/memory15/node0/memory27/node0/memory7/subsystem/drivers HTTP/1.1" 200 3111 "-" "Amazon CloudFront"
64.252.67.36 - - [13/Sep/2026:12:40:41 +0000] "GET /?path=//sys/class/thermal/cooling_device1/subsystem/cooling_device7/device/subsystem/devices/PNP0A03:00/device:06/physical_node/subsystem/drivers/nvme/0000:00:1f.0/firmware_node HTTP/1.1" 200 3389 "-" "Amazon CloudFront"
64.252.67.36 - - [13/Sep/2026:12:40:43 +0000] "GET /?path=//sys/class/thermal/cooling_device3/device/physical_node/node0/memory28/node0/cpu5/firmware_node/subsystem/devices/PNP0A03:00/physical_node/pci_bus/0000:00/device/0000:00:04.0/driver/0000:00:04.0/nvme/nvme0/subsystem/nvme2/nvme2n1/holders/md0/md/rd0/block/holders/md0/md/rd1/block/queue HTTP/1.1" 200 4776 "-" "Amazon CloudFront"
64.252.67.36 - - [13/Sep/2026:12:40:44 +0000] "GET /?path=//sys/class/thermal/cooling_device1/subsystem/cooling_device7/device/subsystem/devices/PNP0A03:00/device:12/subsystem/devices/device:1a/subsystem/devices/PNP0A03:00/device:06/subsystem/devices/device:13/subsystem/devices/LNXCPU:05/physical_node/driver/cpu5/driver/cpu4/node0/memory31/subsystem/devices/memory22/node0/memory14/node0/memory10/node0/cpu6/node0/memory6/node0/memory21/node0/memory26/subsystem/devices/memory4/node0/memory27 HTTP/1.1" 200 3927 "-" "Amazon CloudFront"
64.252.67.163 - - [13/Sep/2026:12:40:46 +0000] "GET /?path=//sys/class/thermal/cooling_device1/subsystem/cooling_device7/device/subsystem/devices/PNP0A03:00/device:12/subsystem/devices/device:1a/subsystem/devices/PNP0A03:00/device:06/subsystem/devices/device:13/subsystem/devices/LNXCPU:05/physical_node/driver/cpu5/driver/cpu4/node0/memory31/node0/memory29/node0/memory32/node0/cpu5/driver/cpu5/node0/cpu3/node0/cpu6/node0/memory24/subsystem/devices/memory25/node0/cpu7 HTTP/1.1" 200 4012 "-" "Amazon CloudFront"
64.252.69.197 - - [13/Sep/2026:12:40:46 +0000] "GET /?path=//sys/class/thermal/cooling_device3/device/physical_node/node0/memory28/node0/cpu5/firmware_node/subsystem/devices/PNP0A03:00/physical_node/pci_bus/0000:00/device/0000:00:1f.0/driver/0000:00:04.0/driver/0000:00:04.0/nvme/nvme0/nvme0n1/subsystem/md0/slaves/nvme1n1/holders/md0/md/dev-nvme2n1/block/mq/2 HTTP/1.1" 200 3453 "-" "Amazon CloudFront"
64.252.67.163 - - [13/Sep/2026:12:40:48 +0000] "GET /?path=//sys/class/thermal/cooling_device1/subsystem/cooling_device7/device/subsystem/devices/PNP0A03:00/device:12/subsystem/devices/device:1a/subsystem/devices/PNP0A03:00/device:06/subsystem/devices/device:13/subsystem/devices/LNXCPU:05/physical_node/driver/cpu5/driver/cpu4/node0/memory31/node0/memory8/subsystem/devices/memory19/node0/memory2/node0/memory6/subsystem/devices/memory7/node0/memory14/node0/cpu7/node0/memory25/node0/memory1 HTTP/1.1" 200 3923 "-" "Amazon CloudFront"
64.252.66.61 - - [13/Sep/2026:12:40:49 +0000] "GET /?path=//sys/class/thermal/cooling_device1/subsystem/cooling_device6/subsystem/cooling_device7/subsystem/cooling_device6/device/physical_node/node0/memory14/node0/cpu6/cache HTTP/1.1" 200 3247 "-" "Amazon CloudFront"
64.252.69.197 - - [13/Sep/2026:12:40:50 +0000] "GET /products/detail/293871501?path=//usr/lib/python2.7/site-packages/botocore/data/cloud9 HTTP/1.1" 200 2920 "-" "Amazon CloudFront"
64.252.67.36 - - [13/Sep/2026:12:40:50 +0000] "GET /?path=//sys/class/thermal/cooling_device1/subsystem/cooling_device7/device/physical_node/firmware_node/subsystem/devices/LNXCPU:01/physical_node/node0/memory28/node0/memory12/node0/memory22 HTTP/1.1" 200 3505 "-" "Amazon CloudFront"
64.252.120.98 - - [13/Sep/2026:12:40:52 +0000] "GET /?fileloc=//usr/share/doc/freetype-devel-2.8/reference/ft2-cff_driver.html&path=//usr/share/doc/freetype-devel-2.8/reference HTTP/1.1" 200 7351 "-" "Amazon CloudFront"
64.252.66.61 - - [13/Sep/2026:12:40:53 +0000] "GET /?path=//sys/class/thermal/cooling_device1/subsystem/cooling_device7/device/subsystem/devices/PNP0A03:00/device:12/subsystem/devices/device:1a/subsystem/devices/PNP0A03:00/device:06/subsystem/devices/device:13/subsystem/devices/LNXCPU:05/physical_node/driver/cpu5/driver/cpu7/driver/cpu5/subsystem/devices/cpu7/node0/cpu2/subsystem/drivers/processor/cpu1/node0/cpu0/driver/cpu5/cache HTTP/1.1" 200 3585 "-" "Amazon CloudFront"
64.252.66.61 - - [13/Sep/2026:12:40:55 +0000] "GET /?fileloc=//sys/class/thermal/cooling_device1/subsystem/cooling_device7/device/subsystem/devices/PNP0A03:00/device:06/physical_node/subsystem/drivers/nvme/0000:00:1f.0/uevent&path=//sys/class/thermal/cooling_device1/subsystem/cooling_device7/device/subsystem/devices/PNP0A03:00/device:06/physical_node/subsystem/drivers/nvme/0000:00:1f.0 HTTP/1.1" 200 2814 "-" "Amazon CloudFront"
64.252.67.36 - - [13/Sep/2026:12:40:55 +0000] "GET /?path=//sys/class/thermal/cooling_device3/device/physical_node/node0/memory28/node0/cpu5/firmware_node/subsystem/devices/PNP0A03:00/physical_node/pci_bus/0000:00/device/0000:00:1f.0/driver/0000:00:04.0/driver/0000:00:1f.0/nvme/nvme2/nvme2n1/holders/md0/md/rd0/block/holders/md0/md/dev-nvme2n1/block/subsystem/nvme1n1 HTTP/1.1" 200 4381 "-" "Amazon CloudFront"
64.252.66.61 - - [13/Sep/2026:12:40:57 +0000] "GET /?path=//sys/class/thermal/cooling_device1/subsystem/cooling_device7/device/subsystem/devices/PNP0A03:00/device:12/subsystem/devices/device:1a/subsystem/devices/PNP0A03:00/device:06/subsystem/devices/device:13/subsystem/devices/LNXCPU:05/physical_node/driver/cpu5/driver/cpu4/node0/memory31/node0/memory8/subsystem/devices/memory28/subsystem/devices/memory25/node0/memory9/node0/memory24/node0/memory9/node0/memory31/power HTTP/1.1" 200 3611 "-" "Amazon CloudFront"
64.252.66.61 - - [13/Sep/2026:12:40:58 +0000] "GET /?path=//sys/class/thermal/cooling_device3/device/physical_node/node0/memory28/node0/cpu5/firmware_node/subsystem/devices/PNP0A03:00/physical_node/pci_bus/0000:00/device/0000:00:04.0/driver/0000:00:04.0/driver/0000:00:1f.0/subsystem/drivers/nvme/0000:00:1e.0/nvme/nvme1/nvme1n1/holders/md0/md/dev-nvme2n1/block/holders/md0/slaves HTTP/1.1" 200 3273 "-" "Amazon CloudFront"
64.252.67.163 - - [13/Sep/2026:12:40:59 +0000] "GET /?fileloc=//sys/class/thermal/cooling_device1/subsystem/cooling_device7/device/subsystem/devices/PNP0A03:00/device:12/subsystem/devices/device:1a/subsystem/devices/PNP0A03:00/device:06/subsystem/devices/device:13/subsystem/devices/LNXCPU:05/physical_node/driver/cpu5/driver/cpu4/node0/memory31/subsystem/devices/memory2/node0/cpu5/node0/memory22/node0/memory29/node0/memory7/node0/memory19/node0/memory9/node0/meminfo&path=//sys/class/thermal/cooling_device1/subsystem/cooling_device7/device/subsystem/devices/PNP0A03:00/device:12/subsystem/devices/device:1a/subsystem/devices/PNP0A03:00/device:06/subsystem/devices/device:13/subsystem/devices/LNXCPU:05/physical_node/driver/cpu5/driver/cpu4/node0/memory31/subsystem/devices/memory2/node0/cpu5/node0/memory22/node0/memory29/node0/memory7/node0/memory19/node0/memory9/node0 HTTP/1.1" 200 2990 "-" "Amazon CloudFront"
64.252.66.61 - - [13/Sep/2026:12:41:00 +0000] "GET /?path=//sys/class/thermal/cooling_device1/subsystem/cooling_device7/device/subsystem/devices/PNP0A03:00/device:12/subsystem/devices/device:1a/subsystem/devices/PNP0A03:00/device:06/subsystem/devices/device:13/subsystem/devices/LNXCPU:05/physical_node/driver/cpu5/driver/cpu4/node0/memory31/node0/memory8/subsystem/devices/memory19/node0/memory10/node0/memory29/node0/memory4/node0/memory5/node0/memory17/node0/cpu1/node0/memory29/power HTTP/1.1" 200 3671 "-" "Amazon CloudFront"
64.252.66.61 - - [13/Sep/2026:12:41:02 +0000] "GET /?path=//sys/class/thermal/cooling_device1/subsystem/cooling_device7/device/subsystem/devices/PNP0A03:00/device:12/subsystem/devices/device:1a/subsystem/devices/PNP0A03:00/device:06/subsystem/devices/device:13/subsystem/devices/LNXCPU:05/physical_node/driver/cpu5/driver/cpu4/node0/cpu1/node0/memory1/node0/memory28/node0/memory29/node0/memory28/node0/memory26/node0/memory19/node0/memory25/subsystem/devices/memory12/node0/memory2 HTTP/1.1" 200 3907 "-" "Amazon CloudFront"
64.252.67.36 - - [13/Sep/2026:12:41:02 +0000] "GET /?path=//sys/class/thermal/cooling_device1/subsystem/cooling_device7/device/subsystem/devices/PNP0A03:00/device:12/subsystem/devices/device:1a/subsystem/devices/PNP0A03:00/device:06/subsystem/devices/device:13/subsystem/devices/LNXCPU:05/physical_node/driver/cpu5/driver/cpu4/node0/memory31/node0/memory8/subsystem/devices/memory19/node0/memory10/node0/memory29/node0/memory4/node0/memory5/node0/memory11/node0/cpu7/node0/memory19/power HTTP/1.1" 200 3670 "-" "Amazon CloudFront"
64.252.67.36 - - [13/Sep/2026:12:41:02 +0000] "GET /?path=//sys/class/thermal/cooling_device1/subsystem/cooling_device7/device/subsystem/devices/PNP0A03:00/device:12/subsystem/devices/device:1a/subsystem/devices/PNP0A03:00/device:06/subsystem/devices/device:13/subsystem/devices/LNXCPU:05/physical_node/driver/cpu5/driver/cpu0/driver/cpu3/driver/cpu5/node0/memory1/node0/memory9/node0/memory25/node0/memory11/subsystem/devices/memory26/node0/memory21/subsystem/devices/memory21/node0/subsystem HTTP/1.1" 200 3629 "-" "Amazon CloudFront"
64.252.67.163 - - [13/Sep/2026:12:41:02 +0000] "GET /?path=//sys/class/thermal/cooling_device3/device/physical_node/node0/memory28/node0/cpu5/firmware_node/subsystem/devices/PNP0A03:00/physical_node/pci_bus/0000:00/device/0000:00:1f.0/driver/0000:00:04.0/driver/0000:00:1f.0/nvme/nvme2/nvme2n1/holders/md0/md/rd0/block/holders/md0/slaves/nvme1n1/bdi/subsystem/259:1 HTTP/1.1" 200 3608 "-" "Amazon CloudFront"
64.252.66.61 - - [13/Sep/2026:12:41:04 +0000] "GET /?path=//sys/class/thermal/cooling_device1/subsystem/cooling_device7/device/subsystem/devices/PNP0A03:00/device:12/subsystem/devices/device:1a/subsystem/devices/PNP0A03:00/device:06/subsystem/devices/device:13/subsystem/devices/LNXCPU:05/physical_node/driver/cpu5/driver/cpu4/node0/memory31/node0/memory8/subsystem/devices/memory30/node0/memory0/node0/cpu7/node0/cpu1/driver/cpu0/firmware_node/subsystem/devices/device:01/subsystem/devices/device:06/power HTTP/1.1" 200 3675 "-" "Amazon CloudFront"
64.252.66.61 - - [13/Sep/2026:12:41:06 +0000] "GET /products/detail/293871501?path=//usr/lib/python2.7/site-packages/botocore/data/support HTTP/1.1" 200 2919 "-" "Amazon CloudFront"
64.252.69.197 - - [13/Sep/2026:12:41:06 +0000] "GET /?path=//sys/class/thermal/cooling_device1/subsystem/cooling_device7/device/subsystem/devices/PNP0A03:00/device:12/subsystem/devices/device:1a/subsystem/devices/PNP0A03:00/device:06/subsystem/devices/device:13/subsystem/devices/LNXCPU:05/physical_node/driver/cpu5/driver/cpu4/node0/memory31/node0/memory8/subsystem/devices/memory19/node0/memory10/node0/memory29/node0/memory15/subsystem/devices/memory30/node0/memory2/node0/memory25/node0/memory7/power HTTP/1.1" 200 3677 "-" "Amazon CloudFront"
64.252.66.61 - - [13/Sep/2026:12:41:09 +0000] "GET /?path=//sys/class/thermal/cooling_device1/subsystem/cooling_device7/device/subsystem/devices/PNP0A03:00/device:12/subsystem/devices/device:1a/subsystem/devices/PNP0A03:00/device:06/subsystem/devices/device:13/subsystem/devices/LNXCPU:05/physical_node/driver/cpu5/driver/cpu4/node0/memory31/node0/memory8/subsystem/devices/memory28/subsystem/devices/memory25/node0/memory9/node0/memory24/node0/memory9/node0/memory20/power HTTP/1.1" 200 3615 "-" "Amazon CloudFront"
64.252.67.163 - - [13/Sep/2026:12:41:11 +0000] "GET /?path=//sys/class/thermal/cooling_device1/subsystem/cooling_device7/device/subsystem/devices/PNP0A03:00/device:12/subsystem/devices/device:1a/subsystem/devices/PNP0A03:00/device:06/subsystem/devices/device:13/subsystem/devices/LNXCPU:05/physical_node/driver/cpu5/driver/cpu4/node0/memory31/node0/memory8/subsystem/devices/memory19/node0/memory4/subsystem/devices/memory26/node0/memory4/node0/memory23/node0/cpu1/node0/memory29/node0/memory4/node0/power HTTP/1.1" 200 3678 "-" "Amazon CloudFront"
64.252.66.61 - - [13/Sep/2026:12:41:11 +0000] "GET /?path=//sys/bus/acpi/devices/LNXCPU:06/physical_node/node0/memory21/node0/cpu1/driver/cpu2/firmware_node/subsystem/devices/LNXCPU:00 HTTP/1.1" 200 3447 "-" "Amazon CloudFront"
64.252.67.36 - - [13/Sep/2026:12:41:13 +0000] "GET /?path=//sys/class/thermal/cooling_device1/subsystem/cooling_device7/device/subsystem/devices/PNP0A03:00/device:12/subsystem/devices/device:1a/subsystem/devices/PNP0A03:00/device:06/subsystem/devices/device:13/subsystem/devices/LNXCPU:05/physical_node/driver/cpu5/driver/cpu4/node0/memory31/node0/memory8/subsystem/devices/memory19/node0/memory2/node0/memory6/subsystem/devices/memory7/node0/memory14/node0/memory3/node0/cpu7/node0/memory31/power HTTP/1.1" 200 3680 "-" "Amazon CloudFront"
64.252.69.197 - - [13/Sep/2026:12:41:14 +0000] "GET /?path=//sys/class/thermal/cooling_device3/device/physical_node/node0/memory28/node0/cpu5/firmware_node/subsystem/devices/PNP0A03:00/physical_node/pci_bus/0000:00/device/0000:00:00.0/subsystem/devices/0000:00:04.0/driver/0000:00:1e.0/driver/0000:00:1e.0/nvme/nvme1/nvme1n1/holders/md0/slaves/nvme1n1/mq/3/cpu3 HTTP/1.1" 200 2985 "-" "Amazon CloudFront"
64.252.66.61 - - [13/Sep/2026:12:41:16 +0000] "GET /?path=//sys/class/thermal/cooling_device1/subsystem/cooling_device7/device/subsystem/devices/PNP0A03:00/device:12/subsystem/devices/device:1a/subsystem/devices/PNP0A03:00/device:06/subsystem/devices/device:13/subsystem/devices/LNXCPU:05/physical_node/driver/cpu5/driver/cpu4/node0/memory31/node0/memory8/subsystem/devices/memory28/node0/memory32/subsystem/devices/memory10/node0/memory15/node0/memory11/node0/subsystem/devices/node0/memory32/node0/memory2/power HTTP/1.1" 200 3678 "-" "Amazon CloudFront"
64.252.67.163 - - [13/Sep/2026:12:41:18 +0000] "GET /?path=//sys/class/thermal/cooling_device1/subsystem/cooling_device7/device/subsystem/devices/PNP0A03:00/device:12/subsystem/devices/device:1a/subsystem/devices/PNP0A03:00/device:06/subsystem/devices/device:13/subsystem/devices/LNXCPU:05/physical_node/driver/cpu5/driver/cpu4/node0/memory31/node0/memory8/subsystem/devices/memory28/subsystem/devices/memory3/node0/memory32/node0/memory9/node0/memory9/node0/memory20/node0/cpu6/cache/index3/power HTTP/1.1" 200 3685 "-" "Amazon CloudFront"
64.252.67.163 - - [13/Sep/2026:12:41:18 +0000] "GET /products/detail/293871501?path=//usr/lib/python2.7/site-packages/botocore/data/kinesis-video-signaling HTTP/1.1" 200 2935 "-" "Amazon CloudFront"
64.252.67.36 - - [13/Sep/2026:12:41:20 +0000] "GET /?path=//sys/class/thermal/cooling_device1/subsystem/cooling_device7/device/subsystem/devices/PNP0A03:00/device:12/subsystem/devices/device:1a/subsystem/devices/PNP0A03:00/device:06/subsystem/devices/device:13/subsystem/devices/LNXCPU:05/physical_node/driver/cpu5/driver/cpu4/node0/memory31/node0/memory8/subsystem/devices/memory28/subsystem/devices/memory20/node0/memory23/node0/memory30/node0/subsystem/devices/node0/memory14/node0/memory13/node0/memory16/power HTTP/1.1" 200 3686 "-" "Amazon CloudFront"
64.252.69.197 - - [13/Sep/2026:12:41:22 +0000] "GET /?path=//sys/class/thermal/cooling_device1/subsystem/cooling_device7/device/subsystem/devices/PNP0A03:00/device:12/subsystem/devices/device:1a/subsystem/devices/PNP0A03:00/device:06/subsystem/devices/device:13/subsystem/devices/LNXCPU:05/physical_node/driver/cpu5/driver/cpu4/node0/memory31/node0/memory8/subsystem/devices/memory19/node0/memory10/node0/memory25/node0/memory7/node0/memory28/node0/memory5/subsystem/devices/memory23/node0/cpu7/node0/power HTTP/1.1" 200 3694 "-" "Amazon CloudFront"
64.252.66.61 - - [13/Sep/2026:12:41:23 +0000] "GET /products/detail/208628339?path=//sys/bus/node/devices/node0/cpu1/driver/cpu7/driver/cpu2/node0/cpu1/firmware_node/thermal_cooling/device/physical_node/firmware_node/subsystem/devices/LNXSYSTM:00/LNXSYBUS:00/PNP0A03:00/device:06/physical_node/nvme/nvme0/device/nvme/nvme0/nvme0n1/nvme0n1p1/subsystem/nvme1n1/holders/md0/md/dev-nvme2n1/block/holders/md0/slaves/nvme2n1/mq/5/cpu5 HTTP/1.1" 200 3057 "-" "Amazon CloudFront"
64.252.66.61 - - [13/Sep/2026:12:41:25 +0000] "GET /?path=//sys/class/thermal/cooling_device1/subsystem/cooling_device7/device/subsystem/devices/PNP0A03:00/device:12/subsystem/devices/device:1a/subsystem/devices/PNP0A03:00/device:06/subsystem/devices/device:13/subsystem/devices/LNXCPU:05/physical_node/driver/cpu5/driver/cpu4/node0/memory31/node0/memory8/subsystem/devices/memory19/node0/memory10/node0/memory25/node0/memory7/node0/memory28/node0/subsystem/devices/node0/power HTTP/1.1" 200 3636 "-" "Amazon CloudFront"
64.252.67.36 - - [13/Sep/2026:12:41:26 +0000] "GET /?path=//sys/class/thermal/cooling_device3/device/physical_node/node0/memory28/node0/cpu5/firmware_node/subsystem/devices/PNP0A03:00/physical_node/pci_bus/0000:00/device/0000:00:1f.0/driver/0000:00:1f.0/driver/0000:00:1e.0/nvme/nvme1/nvme1n1/holders/md0/md/rd0/block/subsystem/md0/md/rd0/block/mq/5 HTTP/1.1" 200 3432 "-" "Amazon CloudFront"
64.252.67.36 - - [13/Sep/2026:12:41:27 +0000] "GET /?path=//sys/class/thermal/cooling_device1/subsystem/cooling_device7/device/subsystem/devices/PNP0A03:00/device:12/subsystem/devices/device:1a/subsystem/devices/PNP0A03:00/device:06/subsystem/devices/device:13/subsystem/devices/LNXCPU:05/physical_node/driver/cpu5/driver/cpu0/driver/cpu5/node0/memory25/node0/memory9/subsystem/devices/memory5/node0/memory14/node0/memory31/node0/subsystem HTTP/1.1" 200 3555 "-" "Amazon CloudFront"
64.252.67.163 - - [13/Sep/2026:12:41:27 +0000] "GET /?path=//sys/class/thermal/cooling_device1/subsystem/cooling_device7/device/subsystem/devices/PNP0A03:00/device:12/subsystem/devices/device:1a/subsystem/devices/PNP0A03:00/device:06/subsystem/devices/device:13/subsystem/devices/LNXCPU:05/physical_node/driver/cpu5/driver/cpu4/node0/memory31/subsystem/devices/memory22/node0/cpu0/node0/memory1/node0/memory26/node0/memory12/node0/memory17/node0/memory23/node0/memory20/node0/memory17/node0/hugepages HTTP/1.1" 200 3453 "-" "Amazon CloudFront"
64.252.66.61 - - [13/Sep/2026:12:41:29 +0000] "GET /?path=//sys/class/thermal/cooling_device1/subsystem/cooling_device7/device/subsystem/devices/PNP0A03:00/device:12/subsystem/devices/device:1a/subsystem/devices/PNP0A03:00/device:06/subsystem/devices/device:13/subsystem/devices/LNXCPU:05/physical_node/driver/cpu5/driver/cpu4/node0/memory31/subsystem/devices/memory24/node0/memory30/node0/memory19/node0/memory16/node0/memory8/node0/memory19/node0/cpu7/node0/memory26/node0/memory19/node0/hugepages HTTP/1.1" 200 3449 "-" "Amazon CloudFront"
64.252.67.163 - - [13/Sep/2026:12:41:31 +0000] "GET /?path=//sys/class/thermal/cooling_device3/device/physical_node/node0/memory28/node0/cpu5/firmware_node/subsystem/devices/PNP0A03:00/physical_node/pci_bus/0000:00/device/0000:00:05.0/subsystem/devices/0000:00:04.0/driver/0000:00:1e.0/nvme/nvme1/nvme1n1/holders/md0/md/dev-nvme2n1/block/holders/md0/slaves/nvme2n1/queue HTTP/1.1" 200 4847 "-" "Amazon CloudFront"
64.252.67.36 - - [13/Sep/2026:12:41:31 +0000] "GET /?path=//sys/class/thermal/cooling_device1/subsystem/cooling_device7/device/subsystem/devices/PNP0A03:00/device:12/subsystem/devices/device:1a/subsystem/devices/PNP0A03:00/device:06/subsystem/devices/device:13/subsystem/devices/LNXCPU:05/physical_node/driver/cpu5/driver/cpu4/node0/memory31/node0/memory8/subsystem/devices/memory19/node0/memory10/node0/memory25/node0/memory7/node0/memory10/node0/memory17/node0/memory25 HTTP/1.1" 200 3890 "-" "Amazon CloudFront"
64.252.118.206 - - [13/Sep/2026:12:41:32 +0000] "GET /?fileloc=//usr/share/locale/nl/LC_MESSAGES/e2fsprogs.mo&path=//usr/share/locale/nl/LC_MESSAGES HTTP/1.1" 200 2595 "-" "Amazon CloudFront"
64.252.67.36 - - [13/Sep/2026:12:41:34 +0000] "GET /?path=//sys/class/thermal/cooling_device3/device/physical_node/node0/memory28/node0/cpu5/firmware_node/subsystem/devices/PNP0A03:00/physical_node/pci_bus/0000:00/device/0000:00:04.0/subsystem/drivers/nvme/module/drivers/pci:nvme/0000:00:04.0/driver/0000:00:1e.0/nvme/nvme1/nvme1n1/holders/md0/md/rd1/block/mq/7/cpu7 HTTP/1.1" 200 3019 "-" "Amazon CloudFront"
64.252.66.61 - - [13/Sep/2026:12:41:34 +0000] "GET /?path=//sys/class/thermal/cooling_device1/subsystem/cooling_device7/device/subsystem/devices/PNP0A03:00/device:12/subsystem/devices/device:1a/subsystem/devices/PNP0A03:00/device:06/subsystem/devices/device:13/subsystem/devices/LNXCPU:05/physical_node/driver/cpu5/driver/cpu4/node0/memory31/node0/memory8/subsystem/devices/memory28/subsystem/devices/memory3/node0/memory4/node0/cpu5/driver/cpu1/node0/memory6/subsystem/devices/memory25/node0/memory25 HTTP/1.1" 200 3901 "-" "Amazon CloudFront"
64.252.67.163 - - [13/Sep/2026:12:41:36 +0000] "GET /?fileloc=//sys/class/thermal/cooling_device1/subsystem/cooling_device7/device/subsystem/devices/device:21/subsystem/devices/LNXCPU:01/physical_node/node0/memory13/uevent&path=//sys/class/thermal/cooling_device1/subsystem/cooling_device7/device/subsystem/devices/device:21/subsystem/devices/LNXCPU:01/physical_node/node0/memory13 HTTP/1.1" 200 2703 "-" "Amazon CloudFront"
64.252.67.163 - - [13/Sep/2026:12:41:36 +0000] "GET /?path=//sys/class/thermal/cooling_device1/subsystem/cooling_device7/device/subsystem/devices/PNP0A03:00/device:12/subsystem/devices/device:1a/subsystem/devices/PNP0A03:00/device:06/subsystem/devices/device:13/subsystem/devices/LNXCPU:05/physical_node/driver/cpu5/driver/cpu4/node0/memory31/node0/memory8/subsystem/devices/memory19/node0/memory10/node0/memory29/node0/memory30/node0/memory32/node0/cpu7/firmware_node/physical_node/node0/memory13 HTTP/1.1" 200 3925 "-" "Amazon CloudFront"
64.252.69.197 - - [13/Sep/2026:12:41:38 +0000] "GET /?path=//sys/class/thermal/cooling_device1/subsystem/cooling_device7/device/subsystem/devices/PNP0A03:00/device:12/subsystem/devices/device:1a/subsystem/devices/PNP0A03:00/device:06/subsystem/devices/device:13/subsystem/devices/LNXCPU:05/physical_node/driver/cpu5/driver/cpu4/node0/memory31/node0/memory8/subsystem/devices/memory28/subsystem/devices/memory3/node0/memory4/node0/cpu5/driver/cpu1/node0/memory6/subsystem/devices/memory25/node0/memory9 HTTP/1.1" 200 3907 "-" "Amazon CloudFront"
64.252.66.61 - - [13/Sep/2026:12:41:38 +0000] "GET /?path=//sys/class/thermal/cooling_device3/device/physical_node/node0/memory28/node0/cpu5/firmware_node/subsystem/devices/PNP0A03:00/physical_node/pci_bus/0000:00/device/0000:00:1f.0/driver/0000:00:04.0/driver/0000:00:1f.0/nvme/nvme2/nvme2n1/holders/md0/md/rd0/block/holders/md0/slaves/nvme2n1/bdi/subsystem/0:40 HTTP/1.1" 200 3602 "-" "Amazon CloudFront"
64.252.69.197 - - [13/Sep/2026:12:41:42 +0000] "GET /?path=//sys/class/thermal/cooling_device1/subsystem/cooling_device7/device/subsystem/devices/PNP0A03:00/device:12/subsystem/devices/device:1a/subsystem/devices/PNP0A03:00/device:06/subsystem/devices/device:13/subsystem/devices/LNXCPU:05/physical_node/driver/cpu5/driver/cpu4/node0/memory31/subsystem/devices/memory22/node0/cpu0/node0/memory1/node0/memory26/node0/memory1/node0/memory22/node0/memory12/node0/memory12/node0/memory30 HTTP/1.1" 200 3883 "-" "Amazon CloudFront"
64.252.67.163 - - [13/Sep/2026:12:41:42 +0000] "GET /products/detail/208628339?path=//sys/bus/node/devices/node0/cpu1/driver/cpu7/driver/cpu2/node0/cpu4/firmware_node/subsystem/devices/PNP0A03:00/physical_node/firmware_node/physical_node/0000:00:01.3/subsystem/drivers/nvme/0000:00:1e.0/nvme/nvme1/nvme1n1/holders/md0/md/rd1/block/device/nvme2n1/holders/md0/md/dev-nvme1n1/block/device/nvme1n1/mq/2 HTTP/1.1" 200 3474 "-" "Amazon CloudFront"
64.252.66.61 - - [13/Sep/2026:12:41:43 +0000] "GET /?path=//sys/class/thermal/cooling_device1/subsystem/cooling_device7/device/subsystem/devices/PNP0A03:00/device:12/subsystem/devices/device:1a/subsystem/devices/PNP0A03:00/device:06/subsystem/devices/device:13/subsystem/devices/LNXCPU:05/physical_node/driver/cpu5/driver/cpu4/node0/memory31/node0/memory8/subsystem/devices/memory28/subsystem/devices/memory3/node0/memory4/node0/cpu5/driver/cpu1/node0/memory6/subsystem/devices/memory25/node0/memory28 HTTP/1.1" 200 3901 "-" "Amazon CloudFront"
64.252.69.197 - - [13/Sep/2026:12:41:46 +0000] "GET /?path=//sys/class/thermal/cooling_device1/subsystem/cooling_device7/device/subsystem/devices/PNP0A03:00/device:12/subsystem/devices/device:1a/subsystem/devices/PNP0A03:00/device:06/subsystem/devices/device:13/subsystem/devices/LNXCPU:05/physical_node/driver/cpu5/driver/cpu4/node0/memory31/node0/memory8/subsystem/devices/memory19/node0/memory18/subsystem/devices/memory2/node0/memory15/node0/cpu2/node0/memory27/node0/cpu5/driver/cpu2 HTTP/1.1" 200 4032 "-" "Amazon CloudFront"
64.252.69.197 - - [13/Sep/2026:12:41:48 +0000] "GET /?path=//sys/class/thermal/cooling_device1/subsystem/cooling_device7/device/subsystem/devices/PNP0A03:00/device:12/subsystem/devices/device:1a/subsystem/devices/PNP0A03:00/device:06/subsystem/devices/device:13/subsystem/devices/LNXCPU:05/physical_node/driver/cpu5/driver/cpu4/node0/memory31/node0/memory8/subsystem/devices/memory28/subsystem/devices/memory3/node0/memory4/node0/cpu5/driver/cpu1/node0/memory6/subsystem/devices/memory25/node0/cpu2 HTTP/1.1" 200 4042 "-" "Amazon CloudFront"
64.252.66.61 - - [13/Sep/2026:12:41:48 +0000] "GET /?path=//sys/class/thermal/cooling_device3/device/physical_node/node0/memory28/node0/cpu5/firmware_node/subsystem/devices/PNP0A03:00/physical_node/pci_bus/0000:00/device/0000:00:1f.0/driver/0000:00:04.0/driver/0000:00:1f.0/nvme/nvme2/nvme2n1/holders/md0/md/dev-nvme1n1/block/subsystem/nvme2n1/holders/md0/md/dev-nvme2n1/block/bdi HTTP/1.1" 200 3628 "-" "Amazon CloudFront"
64.252.67.36 - - [13/Sep/2026:12:41:50 +0000] "GET /?path=//sys/class/thermal/cooling_device1/subsystem/cooling_device7/device/subsystem/devices/PNP0A03:00/device:12/subsystem/devices/device:1a/subsystem/devices/PNP0A03:00/device:06/subsystem/devices/device:13/subsystem/devices/LNXCPU:05/physical_node/driver/cpu5/driver/cpu4/node0/memory31/node0/memory8/subsystem/devices/memory30/node0/memory0/node0/memory15/node0/memory12/subsystem/devices/memory28/node0/memory11/node0/cpu7/node0/cpu4 HTTP/1.1" 200 4035 "-" "Amazon CloudFront"
64.252.67.36 - - [13/Sep/2026:12:41:50 +0000] "GET /?path=//sys/class/thermal/cooling_device3/device/physical_node/node0/memory28/node0/cpu5/firmware_node/subsystem/devices/PNP0A03:00/physical_node/pci_bus/0000:00/device/0000:00:1f.0/driver/module/drivers/pci:nvme/0000:00:1e.0/subsystem/devices/0000:00:04.0/driver/0000:00:1f.0/nvme/nvme2/nvme2n1/holders/md0/md/rd0/block/holders HTTP/1.1" 200 3269 "-" "Amazon CloudFront"
64.252.69.197 - - [13/Sep/2026:12:41:52 +0000] "GET /?path=//sys/class/thermal/cooling_device1/subsystem/cooling_device7/device/subsystem/devices/PNP0A03:00/device:12/subsystem/devices/device:1a/subsystem/devices/PNP0A03:00/device:06/subsystem/devices/device:13/subsystem/devices/LNXCPU:05/physical_node/driver/cpu5/driver/cpu4/node0/memory31/subsystem/devices/memory22/node0/memory24/node0/cpu7/node0/memory13/node0/memory31/node0/cpu7/node0/memory22/node0/cpu0/node0/memory30/subsystem HTTP/1.1" 200 3631 "-" "Amazon CloudFront"
64.252.67.36 - - [13/Sep/2026:12:41:54 +0000] "GET /?path=//sys/class/thermal/cooling_device3/device/physical_node/node0/memory28/node0/cpu5/firmware_node/subsystem/devices/PNP0A03:00/physical_node/pci_bus/0000:00/device/0000:00:05.0/subsystem/devices/0000:00:1f.0/driver/0000:00:1f.0/nvme/nvme2/nvme2n1/holders/md0/md/dev-nvme2n1/block/holders/md0/md/dev-nvme1n1/block/slaves HTTP/1.1" 200 2997 "-" "Amazon CloudFront"
64.252.67.163 - - [13/Sep/2026:12:41:55 +0000] "GET /?path=//sys/class/thermal/cooling_device1/subsystem/cooling_device7/device/subsystem/devices/PNP0A03:00/device:12/subsystem/devices/device:1a/subsystem/devices/PNP0A03:00/device:06/subsystem/devices/device:13/subsystem/devices/LNXCPU:05/physical_node/driver/cpu5/driver/cpu4/node0/memory31/subsystem/devices/memory22/node0/memory24/node0/memory11/node0/memory12/subsystem/devices/memory22/node0/memory18/node0/cpu7/node0/cpu3/node0/memory24/subsystem HTTP/1.1" 200 3655 "-" "Amazon CloudFront"
64.252.67.36 - - [13/Sep/2026:12:41:57 +0000] "GET /?path=//sys/class/thermal/cooling_device1/subsystem/cooling_device7/device/subsystem/devices/PNP0A03:00/device:12/subsystem/devices/device:1a/subsystem/devices/PNP0A03:00/device:06/subsystem/devices/device:13/subsystem/devices/LNXCPU:05/physical_node/driver/cpu5/driver/cpu4/node0/memory31/subsystem/devices/memory22/node0/memory24/node0/cpu7/node0/cpu1/node0/memory28/node0/memory27/node0/memory3/node0/memory20/node0/memory32/subsystem HTTP/1.1" 200 3650 "-" "Amazon CloudFront"
64.252.67.163 - - [13/Sep/2026:12:41:58 +0000] "GET /products/detail/293871501?path=//usr/lib/python2.7/site-packages/botocore/data/application-insights HTTP/1.1" 200 2929 "-" "Amazon CloudFront"
64.252.67.163 - - [13/Sep/2026:12:41:59 +0000] "GET /?path=//sys/class/thermal/cooling_device1/subsystem/cooling_device7/device/subsystem/devices/PNP0A03:00/device:12/subsystem/devices/device:1a/subsystem/devices/PNP0A03:00/device:06/subsystem/devices/device:13/subsystem/devices/LNXCPU:05/physical_node/driver/cpu5/driver/cpu4/node0/memory31/subsystem/devices/memory22/node0/memory24/node0/memory11/node0/memory12/subsystem/devices/memory21/node0/memory15/node0/memory20/node0/memory16/node0/memory12/subsystem HTTP/1.1" 200 3654 "-" "Amazon CloudFront"
64.252.67.163 - - [13/Sep/2026:12:42:01 +0000] "GET /?path=//sys/class/thermal/cooling_device1/subsystem/cooling_device7/device/subsystem/devices/PNP0A03:00/device:12/subsystem/devices/device:1a/subsystem/devices/PNP0A03:00/device:06/subsystem/devices/device:13/subsystem/devices/LNXCPU:05/physical_node/driver/cpu5/driver/cpu4/node0/memory31/subsystem/devices/memory31/node0/memory27/node0/memory4/node0/cpu5/node0/cpu4/node0/memory3/node0/cpu1/driver/cpu7/subsystem HTTP/1.1" 200 3602 "-" "Amazon CloudFront"
64.252.69.197 - - [13/Sep/2026:12:42:03 +0000] "GET /products/detail/208628339?path=//sys/bus/node/devices/node0/cpu1/driver/cpu7/driver/cpu2/node0/cpu1/firmware_node/thermal_cooling/subsystem/cooling_device1/device/subsystem/devices/LNXSYSTM:00/LNXSYBUS:00/PNP0A03:00/physical_node/firmware_node/device:21/physical_node/nvme/nvme2/device/nvme/nvme2/nvme2n1/holders/md0/slaves/nvme2n1/holders/md0/md/dev-nvme2n1/block/mq/3 HTTP/1.1" 200 3512 "-" "Amazon CloudFront"
64.252.67.36 - - [13/Sep/2026:12:42:03 +0000] "GET /?path=//sys/class/thermal/cooling_device1/subsystem/cooling_device7/device/subsystem/devices/PNP0A03:00/device:12/subsystem/devices/device:1a/subsystem/devices/PNP0A03:00/device:06/subsystem/devices/device:13/subsystem/devices/LNXCPU:05/physical_node/driver/cpu5/driver/cpu4/node0/memory31/subsystem/devices/memory22/node0/memory24/node0/cpu7/node0/memory13/node0/memory31/node0/cpu7/node0/memory22/node0/cpu2/node0/memory3/subsystem HTTP/1.1" 200 3629 "-" "Amazon CloudFront"
64.252.66.61 - - [13/Sep/2026:12:42:04 +0000] "GET /?fileloc=//sys/dev/block/9:0/queue/scheduler&path=//sys/dev/block/9:0/queue HTTP/1.1" 200 2582 "-" "Amazon CloudFront"
64.252.118.206 - - [13/Sep/2026:12:42:05 +0000] "GET /?fileloc=//usr/share/doc/libxml2-devel-2.9.1/tutorial/images/toc-minus.png&path=//usr/share/doc/libxml2-devel-2.9.1/tutorial/images HTTP/1.1" 200 2611 "-" "Amazon CloudFront"
64.252.67.36 - - [13/Sep/2026:12:42:06 +0000] "GET /?path=//sys/class/thermal/cooling_device1/subsystem/cooling_device7/device/subsystem/devices/PNP0A03:00/device:12/subsystem/devices/device:1a/subsystem/devices/PNP0A03:00/device:06/subsystem/devices/device:13/subsystem/devices/LNXCPU:05/physical_node/driver/cpu5/driver/cpu4/node0/memory31/subsystem/devices/memory24/node0/memory30/node0/memory19/node0/memory16/node0/memory26/node0/subsystem/devices/node0/memory26/node0/cpu5/node0/memory24/subsystem HTTP/1.1" 200 3640 "-" "Amazon CloudFront"
64.252.66.61 - - [13/Sep/2026:12:42:07 +0000] "GET /?path=//sys/class/thermal/cooling_device3/device/physical_node/node0/memory28/node0/cpu5/firmware_node/subsystem/devices/PNP0A03:00/physical_node/pci_bus/0000:00/device/0000:00:03.0/subsystem/devices/0000:00:1f.0/driver/module/drivers/pci:nvme/0000:00:04.0/driver/module/drivers/pci:nvme/0000:00:1f.0/nvme/nvme2/nvme2n1/holders/md0/queue HTTP/1.1" 200 4899 "-" "Amazon CloudFront"
64.252.67.163 - - [13/Sep/2026:12:42:08 +0000] "GET /?path=//sys/class/thermal/cooling_device1/subsystem/cooling_device7/device/subsystem/devices/PNP0A03:00/device:12/subsystem/devices/device:1a/subsystem/devices/PNP0A03:00/device:06/subsystem/devices/device:13/subsystem/devices/LNXCPU:05/physical_node/driver/cpu5/driver/cpu4/node0/memory31/node0/memory8/subsystem/devices/memory19/node0/memory2/node0/cpu6/node0/memory31/node0/cpu0/node0/memory30/node0/memory4/node0/memory9/node0/hugepages/hugepages-2048kB HTTP/1.1" 200 3553 "-" "Amazon CloudFront"
64.252.66.61 - - [13/Sep/2026:12:42:10 +0000] "GET /?fileloc=//sys/class/thermal/cooling_device1/subsystem/cooling_device7/device/subsystem/devices/PNP0A03:00/device:12/subsystem/devices/device:1a/subsystem/devices/PNP0A03:00/device:06/subsystem/devices/device:13/subsystem/devices/LNXCPU:05/physical_node/driver/cpu5/driver/cpu4/node0/cpu1/node0/memory1/node0/memory3/node0/memory25/node0/memory8/subsystem/devices/memory27/node0/memory7/node0/cpu1/uevent&path=//sys/class/thermal/cooling_device1/subsystem/cooling_device7/device/subsystem/devices/PNP0A03:00/device:12/subsystem/devices/device:1a/subsystem/devices/PNP0A03:00/device:06/subsystem/devices/device:13/subsystem/devices/LNXCPU:05/physical_node/driver/cpu5/driver/cpu4/node0/cpu1/node0/memory1/node0/memory3/node0/memory25/node0/memory8/subsystem/devices/memory27/node0/memory7/node0/cpu1 HTTP/1.1" 200 3281 "-" "Amazon CloudFront"
64.252.69.197 - - [13/Sep/2026:12:42:10 +0000] "GET /products/detail/208628339?path=//sys/bus/node/devices/node0/cpu1/driver/cpu7/driver/cpu2/node0/cpu1/firmware_node/thermal_cooling/subsystem/cooling_device1/device/subsystem/devices/LNXSYSTM:00/LNXSYBUS:00/PNP0A03:00/physical_node/firmware_node/device:21/physical_node/nvme/nvme2/device/nvme/nvme2/nvme2n1/holders/md0/slaves/nvme2n1/holders/md0/md/dev-nvme2n1/block/mq/5 HTTP/1.1" 200 3513 "-" "Amazon CloudFront"
64.252.66.61 - - [13/Sep/2026:12:42:10 +0000] "GET /?path=//sys/class/thermal/cooling_device1/subsystem/cooling_device6/subsystem/cooling_device7/subsystem/cooling_device6/device/physical_node/node0/cpu3/node0/memory31 HTTP/1.1" 200 3439 "-" "Amazon CloudFront"
64.252.67.36 - - [13/Sep/2026:12:42:13 +0000] "GET /?path=//sys/class/thermal/cooling_device1/subsystem/cooling_device6/subsystem/cooling_device7/subsystem/cooling_device6/device/physical_node/node0/memory14/node0/memory15/power HTTP/1.1" 200 3240 "-" "Amazon CloudFront"
64.252.67.36 - - [13/Sep/2026:12:42:14 +0000] "GET /?path=//sys/bus/acpi/devices/LNXCPU:06/physical_node/node0/memory21/node0/cpu1/driver/cpu2/firmware_node/subsystem/devices/device:15 HTTP/1.1" 200 3324 "-" "Amazon CloudFront"
64.252.67.163 - - [13/Sep/2026:12:42:15 +0000] "GET /?path=//sys/class/thermal/cooling_device1/subsystem/cooling_device7/device/subsystem/devices/PNP0A03:00/device:12/subsystem/devices/device:1a/subsystem/devices/PNP0A03:00/device:06/subsystem/devices/device:13/subsystem/devices/LNXCPU:05/physical_node/driver/cpu5/driver/cpu4/node0/memory31/subsystem/devices/memory22/node0/memory24/node0/memory11/node0/memory12/node0/memory21/node0/memory13/node0/memory15/node0/memory8/node0/cpu5/driver HTTP/1.1" 200 3502 "-" "Amazon CloudFront"
64.252.67.163 - - [13/Sep/2026:12:42:17 +0000] "GET /?path=//sys/class/thermal/cooling_device1/subsystem/cooling_device7/device/subsystem/devices/PNP0A03:00/device:12/subsystem/devices/device:1a/subsystem/devices/PNP0A03:00/device:06/subsystem/devices/device:13/subsystem/devices/LNXCPU:05/physical_node/driver/cpu5/driver/cpu4/node0/memory31/node0/memory8/subsystem/devices/memory19/node0/memory10/node0/memory25/node0/memory7/node0/memory28/node0/subsystem/devices/node0/cpu0 HTTP/1.1" 200 3929 "-" "Amazon CloudFront"
64.252.67.163 - - [13/Sep/2026:12:42:19 +0000] "GET /products/detail/208628339?path=//sys/bus/node/devices/node0/cpu1/driver/cpu7/driver/cpu2/node0/cpu1/firmware_node/thermal_cooling/subsystem/cooling_device1/device/subsystem/devices/LNXSYSTM:00/LNXSYBUS:00/PNP0A03:00/physical_node/firmware_node/device:21/physical_node/nvme/nvme2/device/nvme/nvme2/nvme2n1/holders/md0/slaves/nvme2n1/holders/md0/md/dev-nvme2n1/block/mq/0 HTTP/1.1" 200 3511 "-" "Amazon CloudFront"
64.252.67.36 - - [13/Sep/2026:12:42:19 +0000] "GET /?fileloc=//sys/class/thermal/cooling_device1/subsystem/cooling_device7/device/subsystem/devices/PNP0A03:00/device:12/subsystem/devices/device:1a/subsystem/devices/PNP0A03:00/device:06/subsystem/devices/device:13/subsystem/devices/LNXCPU:05/physical_node/driver/cpu5/driver/cpu0/driver/cpu2/firmware_node/physical_node/node0/cpu1/node0/cpu0/driver/cpu2/node0/memory12/subsystem/devices/memory20/subsystem/devices/memory29/node0/memory27/node0/memory19/removable&path=//sys/class/thermal/cooling_device1/subsystem/cooling_device7/device/subsystem/devices/PNP0A03:00/device:12/subsystem/devices/device:1a/subsystem/devices/PNP0A03:00/device:06/subsystem/devices/device:13/subsystem/devices/LNXCPU:05/physical_node/driver/cpu5/driver/cpu0/driver/cpu2/firmware_node/physical_node/node0/cpu1/node0/cpu0/driver/cpu2/node0/memory12/subsystem/devices/memory20/subsystem/devices/memory29/node0/memory27/node0/memory19 HTTP/1.1" 200 3054 "-" "Amazon CloudFront"
64.252.66.61 - - [13/Sep/2026:12:42:19 +0000] "GET /?fileloc=//sys/dev/block/9:0/queue/discard_max_hw_bytes&path=//sys/dev/block/9:0/queue HTTP/1.1" 200 2597 "-" "Amazon CloudFront"
64.252.67.163 - - [13/Sep/2026:12:42:22 +0000] "GET /?path=//sys/class/thermal/cooling_device1/subsystem/cooling_device7/device/subsystem/devices/PNP0A03:00/device:12/subsystem/devices/LNXCPU:04/physical_node HTTP/1.1" 200 3526 "-" "Amazon CloudFront"
64.252.69.197 - - [13/Sep/2026:12:42:22 +0000] "GET /?path=//sys/class/thermal/cooling_device3/device/physical_node/node0/memory28/node0/cpu5/firmware_node/subsystem/devices/PNP0A03:00/physical_node/pci_bus/0000:00/device/0000:00:01.0/subsystem/drivers/nvme/0000:00:04.0/driver/0000:00:04.0/driver/0000:00:1e.0/nvme/nvme1/nvme1n1/holders/md0/md/rd0/block/holders HTTP/1.1" 200 3237 "-" "Amazon CloudFront"
64.252.66.61 - - [13/Sep/2026:12:42:24 +0000] "GET /?path=//sys/class/thermal/cooling_device1/subsystem/cooling_device6/subsystem/cooling_device7/subsystem/cooling_device6/device/physical_node/node0/cpu3/node0/memory26 HTTP/1.1" 200 3439 "-" "Amazon CloudFront"
64.252.67.163 - - [13/Sep/2026:12:42:25 +0000] "GET /?fileloc=//sys/class/thermal/cooling_device1/subsystem/cooling_device7/device/subsystem/devices/PNP0A03:00/device:12/subsystem/devices/device:1a/subsystem/devices/PNP0A03:00/device:1d/subsystem/devices/device:10/subsystem/devices/device:06/subsystem/devices/device:00/subsystem/devices/device:02/PNP0F13:00/subsystem/devices/LNXCPU:03/subsystem/devices/LNXCPU:05/subsystem/devices/LNXCPU:03/physical_node/node0/memory15/node0/memory11/node0/memory29/node0/memory21/node0/cpu0/subsystem/devices/cpu0/node0/cpu6/cache/power/runtime_suspended_time&path=//sys/class/thermal/cooling_device1/subsystem/cooling_device7/device/subsystem/devices/PNP0A03:00/device:12/subsystem/devices/device:1a/subsystem/devices/PNP0A03:00/device:1d/subsystem/devices/device:10/subsystem/devices/device:06/subsystem/devices/device:00/subsystem/devices/device:02/PNP0F13:00/subsystem/devices/LNXCPU:03/subsystem/devices/LNXCPU:05/subsystem/devices/LNXCPU:03/physical_node/node0/memory15/node0/memory11/node0/memory29/node0/memory21/node0/cpu0/subsystem/devices/cpu0/node0/cpu6/cache/power HTTP/1.1" 200 3122 "-" "Amazon CloudFront"
64.252.66.61 - - [13/Sep/2026:12:42:26 +0000] "GET /products/detail/293871501?path=//usr/lib/python2.7/site-packages/botocore/data/application-autoscaling HTTP/1.1" 200 2932 "-" "Amazon CloudFront"
64.252.66.61 - - [13/Sep/2026:12:42:26 +0000] "GET /?path=//sys/class/thermal/cooling_device1/subsystem/cooling_device7/device/subsystem/devices/PNP0A03:00/device:12/subsystem/devices/device:1a/subsystem/devices/PNP0A03:00/device:06/subsystem/devices/device:13/subsystem/devices/LNXCPU:05/physical_node/driver/cpu5/driver/cpu4/node0/memory31/subsystem/devices/memory24/node0/memory30/node0/memory19/node0/memory16/node0/memory26/node0/subsystem/devices/node0/cpu1/node0/cpu0/node0/memory14 HTTP/1.1" 200 3916 "-" "Amazon CloudFront"
64.252.67.163 - - [13/Sep/2026:12:42:27 +0000] "GET /?path=//sys/class/thermal/cooling_device1/subsystem/cooling_device7/device/subsystem/devices/PNP0A03:00/device:12/subsystem/devices/device:1a/subsystem/devices/PNP0A03:00/device:06/subsystem/devices/device:13/subsystem/devices/LNXCPU:05/physical_node/driver/cpu5/driver/cpu4/driver/cpu0/driver/cpu2/node0/cpu3/node0/memory2/node0/memory7/node0/memory16/subsystem/devices/memory23 HTTP/1.1" 200 3813 "-" "Amazon CloudFront"
64.252.66.61 - - [13/Sep/2026:12:42:29 +0000] "GET /?path=//sys/class/thermal/cooling_device1/subsystem/cooling_device7/device/subsystem/devices/PNP0A03:00/device:12/subsystem/devices/device:1a/subsystem/devices/PNP0A03:00/device:06/subsystem/devices/device:13/subsystem/devices/LNXCPU:05/physical_node/driver/cpu5/driver/cpu4/node0/memory31/subsystem/devices/memory22/node0/memory24/node0/memory11/node0/memory12/node0/memory21/node0/memory13/node0/memory15/node0/memory8/node0/cpu5/cache HTTP/1.1" 200 3680 "-" "Amazon CloudFront"
64.252.66.61 - - [13/Sep/2026:12:42:30 +0000] "GET /?path=//sys/class/thermal/cooling_device3/device/physical_node/node0/memory28/node0/cpu5/firmware_node/subsystem/devices/PNP0A03:00/physical_node/pci_bus/0000:00/device/0000:00:04.0/driver/0000:00:04.0/driver/0000:00:1e.0/nvme/nvme1/nvme1n1/subsystem/md0/md/dev-nvme2n1/block/holders/md0/md/dev-nvme2n1/block/mq/7/cpu7 HTTP/1.1" 200 2997 "-" "Amazon CloudFront"
64.252.69.197 - - [13/Sep/2026:12:42:31 +0000] "GET /?path=//sys/class/thermal/cooling_device1/subsystem/cooling_device7/device/subsystem/devices/PNP0A03:00/device:12/subsystem/devices/device:1a/subsystem/devices/PNP0A03:00/device:06/subsystem/devices/device:13/subsystem/devices/LNXCPU:05/physical_node/driver/cpu5/driver/cpu4/node0/memory31/subsystem/devices/memory2/node0/cpu5/node0/memory22/node0/memory29/node0/memory4/node0/memory5/node0/cpu7/cache HTTP/1.1" 200 3606 "-" "Amazon CloudFront"
64.252.67.163 - - [13/Sep/2026:12:42:33 +0000] "GET /?path=//sys/class/thermal/cooling_device1/subsystem/cooling_device7/device/subsystem/devices/PNP0A03:00/device:12/subsystem/devices/device:1a/subsystem/devices/PNP0A03:00/device:06/subsystem/devices/device:13/subsystem/devices/LNXCPU:05/physical_node/driver/cpu5/driver/cpu4/node0/memory31/subsystem/devices/memory22/node0/memory9/node0/memory27/node0/memory26/node0/memory17/node0/memory17/node0/memory10/node0/cpu3/node0/memory17 HTTP/1.1" 200 3894 "-" "Amazon CloudFront"
64.252.67.163 - - [13/Sep/2026:12:42:35 +0000] "GET /?path=//sys/class/thermal/cooling_device3/device/physical_node/node0/memory28/node0/cpu5/firmware_node/subsystem/devices/PNP0A03:00/physical_node/pci_bus/0000:00/device/0000:00:04.0/subsystem/drivers/nvme/0000:00:04.0/driver/0000:00:1f.0/nvme/nvme2/nvme2n1/holders/md0/md/dev-nvme2n1/block/holders/md0/md/rd0/block/mq/5 HTTP/1.1" 200 3486 "-" "Amazon CloudFront"
64.252.67.36 - - [13/Sep/2026:12:42:35 +0000] "GET /?fileloc=//sys/class/thermal/cooling_device1/subsystem/cooling_device7/device/subsystem/devices/PNP0A03:00/device:12/subsystem/devices/device:1a/subsystem/devices/PNP0A03:00/device:06/subsystem/devices/device:13/subsystem/devices/LNXCPU:05/physical_node/driver/cpu5/driver/cpu0/driver/cpu3/driver/cpu5/node0/memory5/node0/memory5/node0/memory20/node0/memory22/node0/memory13/subsystem/devices/memory8/node0/cpu6/topology/physical_package_id&path=//sys/class/thermal/cooling_device1/subsystem/cooling_device7/device/subsystem/devices/PNP0A03:00/device:12/subsystem/devices/device:1a/subsystem/devices/PNP0A03:00/device:06/subsystem/devices/device:13/subsystem/devices/LNXCPU:05/physical_node/driver/cpu5/driver/cpu0/driver/cpu3/driver/cpu5/node0/memory5/node0/memory5/node0/memory20/node0/memory22/node0/memory13/subsystem/devices/memory8/node0/cpu6/topology HTTP/1.1" 200 3028 "-" "Amazon CloudFront"
64.252.67.36 - - [13/Sep/2026:12:42:38 +0000] "GET /?path=//sys/class/thermal/cooling_device1/subsystem/cooling_device7/device/subsystem/devices/PNP0A03:00/device:12/subsystem/devices/device:1a/subsystem/devices/PNP0A03:00/device:06/subsystem/devices/device:13/subsystem/devices/LNXCPU:05/physical_node/driver/cpu5/driver/cpu0/driver/cpu2/firmware_node/physical_node/node0/cpu1/node0/cpu4/node0/cpu7/driver/cpu5/node0/memory19/node0/cpu5/node0/memory16/node0/memory27/node0/hugepages HTTP/1.1" 200 3448 "-" "Amazon CloudFront"
64.252.66.61 - - [13/Sep/2026:12:42:39 +0000] "GET /products/detail/208628339?path=//sys/bus/node/devices/node0/cpu1/driver/cpu7/driver/cpu2/node0/cpu1/firmware_node/thermal_cooling/device/physical_node/firmware_node/subsystem/devices/PNP0A03:00/physical_node/0000:00:1e.0/subsystem/drivers/nvme/0000:00:1e.0/nvme/nvme1/nvme1n1/holders/md0/md/rd1/block/device/nvme2n1/holders/md0/slaves/nvme2n1/mq/2 HTTP/1.1" 200 3486 "-" "Amazon CloudFront"
64.252.120.98 - - [13/Sep/2026:12:42:39 +0000] "GET /?fileloc=//usr/share/locale/nl/LC_MESSAGES/grub.mo&path=//usr/share/locale/nl/LC_MESSAGES HTTP/1.1" 200 2591 "-" "Amazon CloudFront"
64.252.66.61 - - [13/Sep/2026:12:42:40 +0000] "GET /?path=//sys/class/thermal/cooling_device1/subsystem/cooling_device7/device/subsystem/devices/PNP0A03:00/device:12/subsystem/devices/device:1a/subsystem/devices/PNP0A03:00/device:06/subsystem/devices/device:13/subsystem/devices/LNXCPU:05/physical_node/driver/cpu5/driver/cpu4/node0/memory31/subsystem/devices/memory22/node0/memory24/node0/memory11/node0/memory12/subsystem/devices/memory22/node0/memory18/node0/cpu7/node0/cpu3/node0/memory24/power HTTP/1.1" 200 3675 "-" "Amazon CloudFront"
