64.252.67.36 - - [13/Sep/2026:12:49:54 +0000] "GET /products/detail/293871501?fileloc=//usr/local/lsws/logs/error.log.2026_09_09.02&path=//usr/local/lsws/logs HTTP/1.1" 200 793102 "-" "Amazon CloudFront"
64.252.67.163 - - [13/Sep/2026:12:49:56 +0000] "GET /?path=//sys/class/thermal/cooling_device1/subsystem/cooling_device7/device/subsystem/devices/PNP0A03:00/device:12/subsystem/devices/device:1a/subsystem/devices/PNP0A03:00/device:06/subsystem/devices/device:13/subsystem/devices/LNXCPU:05/physical_node/driver/cpu5/driver/cpu0/driver/cpu5/node0/memory25/node0/memory32/node0/memory12/node0/memory4/subsystem/devices/memory29/node0/cpu1/node0/memory25 HTTP/1.1" 200 3842 "-" "Amazon CloudFront"
64.252.67.36 - - [13/Sep/2026:12:49:58 +0000] "GET /products/detail/167571450?path=//proc/22213/root/etc/ppp HTTP/1.1" 200 2627 "-" "Amazon CloudFront"
64.252.67.163 - - [13/Sep/2026:12:49:59 +0000] "GET /?path=//sys/class/thermal/cooling_device1/subsystem/cooling_device6/subsystem/cooling_device7/subsystem/cooling_device6/device/physical_node/node0/memory11/node0/cpu1/node0/memory19/subsystem HTTP/1.1" 200 3264 "-" "Amazon CloudFront"
64.252.67.36 - - [13/Sep/2026:12:49:59 +0000] "GET /?path=//sys/class/thermal/cooling_device1/subsystem/cooling_device7/device/subsystem/devices/PNP0A03:00/device:12/subsystem/devices/device:1a/subsystem/devices/PNP0A03:00/device:06/subsystem/devices/device:13/subsystem/devices/LNXCPU:05/physical_node/driver/cpu5/driver/cpu0/driver/cpu5/node0/memory25/node0/memory32/node0/memory12/node0/memory4/subsystem/devices/memory29/node0/cpu1/node0/cpu2 HTTP/1.1" 200 3949 "-" "Amazon CloudFront"
64.252.67.36 - - [13/Sep/2026:12:50:00 +0000] "GET /?path=//sys/class/thermal/cooling_device1/subsystem/cooling_device7/device/subsystem/devices/PNP0A03:00/device:12/subsystem/devices/device:1a/subsystem/devices/PNP0A03:00/device:06/subsystem/devices/device:13/subsystem/devices/LNXCPU:05/physical_node/driver/cpu5/driver/cpu4/node0/memory31/node0/memory8/subsystem/devices/memory19/node0/memory2/node0/memory6/subsystem/devices/memory7/node0/memory14/node0/cpu6/node0/memory10/node0 HTTP/1.1" 200 5591 "-" "Amazon CloudFront"
64.252.67.36 - - [13/Sep/2026:12:50:02 +0000] "GET /?path=//sys/class/thermal/cooling_device1/subsystem/cooling_device7/device/subsystem/devices/PNP0A03:00/device:12/subsystem/devices/device:1a/subsystem/devices/PNP0A03:00/device:06/subsystem/devices/device:13/subsystem/devices/LNXCPU:05/physical_node/driver/cpu5/driver/cpu0/driver/cpu5/node0/memory25/node0/memory20/node0/cpu1/node0/memory19/node0/memory28/node0/cpu2/node0/cpu4/node0/memory22/subsystem/devices/memory29/power HTTP/1.1" 200 3664 "-" "Amazon CloudFront"
64.252.66.61 - - [13/Sep/2026:12:50:02 +0000] "GET /products/detail/293871501?fileloc=//usr/share/vim/vim81/syntax/master.vim&path=//usr/share/vim/vim81/syntax HTTP/1.1" 200 3134 "-" "Amazon CloudFront"
64.252.69.197 - - [13/Sep/2026:12:50:04 +0000] "GET /?fileloc=//sys/class/thermal/cooling_device1/subsystem/cooling_device7/device/subsystem/devices/PNP0A03:00/device:12/subsystem/devices/device:1c/power/control&path=//sys/class/thermal/cooling_device1/subsystem/cooling_device7/device/subsystem/devices/PNP0A03:00/device:12/subsystem/devices/device:1c/power HTTP/1.1" 200 2688 "-" "Amazon CloudFront"
64.252.67.163 - - [13/Sep/2026:12:50:07 +0000] "GET /?path=//sys/class/thermal/cooling_device3/device/physical_node/node0/memory28/node0/cpu5/firmware_node/subsystem/devices/PNP0A03:00/physical_node/pci_bus/0000:00/device/0000:00:1f.0/driver/module/drivers/pci:nvme/0000:00:1e.0/driver/0000:00:1f.0/nvme/nvme2/nvme2n1/subsystem/md0/md/rd0/block/mq/5 HTTP/1.1" 200 3439 "-" "Amazon CloudFront"
64.252.66.61 - - [13/Sep/2026:12:50:07 +0000] "GET /?path=//sys/class/thermal/cooling_device1/subsystem/cooling_device7/device/subsystem/devices/PNP0A03:00/device:1b/subsystem/drivers/tpm_crb HTTP/1.1" 200 3102 "-" "Amazon CloudFront"
64.252.67.163 - - [13/Sep/2026:12:50:10 +0000] "GET /?path=//sys/class/thermal/cooling_device1/subsystem/cooling_device7/device/physical_node/firmware_node/subsystem/devices/LNXCPU:01/physical_node/node0/memory20/power HTTP/1.1" 200 3256 "-" "Amazon CloudFront"
64.252.67.163 - - [13/Sep/2026:12:50:10 +0000] "GET /products/detail/208628339?path=//sys/bus/node/devices/node0/cpu1/driver/cpu7/driver/cpu2/node0/cpu4/firmware_node/thermal_cooling/device/thermal_cooling/device/subsystem/devices/PNP0A03:00/physical_node/0000:00:1f.0/subsystem/drivers/nvme/module/drivers/pci:nvme/0000:00:1e.0/firmware_node/physical_node/nvme/nvme1/nvme1n1/holders/md0/md/rd1/block/holders/md0/md/dev-nvme2n1/block/mq/5 HTTP/1.1" 200 3519 "-" "Amazon CloudFront"
64.252.66.61 - - [13/Sep/2026:12:50:13 +0000] "GET /?path=//sys/class/thermal/cooling_device1/subsystem/cooling_device7/device/subsystem/devices/PNP0A03:00/device:12/subsystem/devices/device:1a/subsystem/devices/PNP0A03:00/device:06/subsystem/devices/device:13/subsystem/devices/LNXCPU:05/physical_node/driver/cpu5/driver/cpu7/driver/cpu5/driver/cpu5/node0/memory8/node0/memory26/node0/memory31/subsystem/devices/memory30/node0/memory31/node0/memory13/node0/cpu3/node0/memory32/node0/hugepages/hugepages-1048576kB HTTP/1.1" 200 3545 "-" "Amazon CloudFront"
64.252.66.61 - - [13/Sep/2026:12:50:14 +0000] "GET /products/detail/167571450?fileloc=//proc/22213/root/tmp/sess_boph3b8tiu6bs897qpj2aiam7a&path=//proc/22213/root/tmp HTTP/1.1" 200 2589 "-" "Amazon CloudFront"
64.252.67.163 - - [13/Sep/2026:12:50:15 +0000] "GET /?fileloc=//sys/class/thermal/cooling_device1/subsystem/cooling_device7/device/subsystem/devices/PNP0A03:00/device:12/subsystem/devices/device:1a/subsystem/devices/PNP0A03:00/device:06/subsystem/devices/device:13/subsystem/devices/LNXCPU:05/physical_node/driver/cpu5/driver/cpu0/driver/cpu3/driver/cpu5/node0/memory1/node0/memory9/node0/memory10/subsystem/devices/memory10/node0/memory30/node0/memory10/node0/memory3/node0/hugepages/hugepages-2048kB/free_hugepages&path=//sys/class/thermal/cooling_device1/subsystem/cooling_device7/device/subsystem/devices/PNP0A03:00/device:12/subsystem/devices/device:1a/subsystem/devices/PNP0A03:00/device:06/subsystem/devices/device:13/subsystem/devices/LNXCPU:05/physical_node/driver/cpu5/driver/cpu0/driver/cpu3/driver/cpu5/node0/memory1/node0/memory9/node0/memory10/subsystem/devices/memory10/node0/memory30/node0/memory10/node0/memory3/node0/hugepages/hugepages-2048kB HTTP/1.1" 200 3044 "-" "Amazon CloudFront"
64.252.75.204 - - [13/Sep/2026:12:50:17 +0000] "GET /sitemap887.xml?fileloc=%2Fvar%2Fwww%2Fvolumes%2F69b4844ae61d4e92bf26ad98af552775%2Fwordpress%2Fwp-content%2Fuploads%2F2018%2F12%2Fx97ZGYI.jpg&path=%2Fvar%2Fwww%2Fvolumes%2F69b4844ae61d4e92bf26ad98af552775%2Fwordpress%2Fwp-content%2Fuploads%2F2018%2F12 HTTP/1.1" 200 2629 "-" "Amazon CloudFront"
64.252.75.204 - - [13/Sep/2026:12:50:17 +0000] "GET /sitemap887.xml?fileloc=%2Fvar%2Fwww%2Fvolumes%2F69b4844ae61d4e92bf26ad98af552775%2Fwordpress%2Fwp-content%2Fuploads%2F2018%2F12%2Fmelloyo.jpg&path=%2Fvar%2Fwww%2Fvolumes%2F69b4844ae61d4e92bf26ad98af552775%2Fwordpress%2Fwp-content%2Fuploads%2F2018%2F12 HTTP/1.1" 200 2626 "-" "Amazon CloudFront"
64.252.74.227 - - [13/Sep/2026:12:50:17 +0000] "GET /sitemap887.xml?fileloc=%2Fvar%2Fwww%2Fvolumes%2F69b4844ae61d4e92bf26ad98af552775%2Fwordpress%2Fwp-content%2Fuploads%2F2018%2F12%2Flgoom-1.jpg&path=%2Fvar%2Fwww%2Fvolumes%2F69b4844ae61d4e92bf26ad98af552775%2Fwordpress%2Fwp-content%2Fuploads%2F2018%2F12 HTTP/1.1" 200 2626 "-" "Amazon CloudFront"
64.252.74.227 - - [13/Sep/2026:12:50:17 +0000] "GET /sitemap887.xml?fileloc=%2Fvar%2Fwww%2Fvolumes%2F69b4844ae61d4e92bf26ad98af552775%2Fwordpress%2Fwp-content%2Fuploads%2F2018%2F12%2Fboatt_1x.jpg&path=%2Fvar%2Fwww%2Fvolumes%2F69b4844ae61d4e92bf26ad98af552775%2Fwordpress%2Fwp-content%2Fuploads%2F2018%2F12 HTTP/1.1" 200 2626 "-" "Amazon CloudFront"
64.252.69.197 - - [13/Sep/2026:12:50:18 +0000] "GET /products/detail/167571450?fileloc=//proc/22213/root/usr/lib64/libtic.so.6&path=//proc/22213/root/usr/lib64 HTTP/1.1" 200 2533 "-" "Amazon CloudFront"
64.252.69.197 - - [13/Sep/2026:12:50:21 +0000] "GET /?fileloc=//sys/class/thermal/cooling_device1/subsystem/cooling_device7/device/subsystem/devices/PNP0A03:00/device:12/subsystem/devices/device:1a/subsystem/devices/PNP0A03:00/device:06/subsystem/devices/device:13/subsystem/devices/LNXCPU:05/physical_node/driver/cpu5/driver/cpu0/driver/cpu3/driver/cpu5/node0/memory1/node0/memory31/node0/memory9/node0/memory13/node0/cpu0/node0/memory5/node0/memory22/node0/memory8/online&path=//sys/class/thermal/cooling_device1/subsystem/cooling_device7/device/subsystem/devices/PNP0A03:00/device:12/subsystem/devices/device:1a/subsystem/devices/PNP0A03:00/device:06/subsystem/devices/device:13/subsystem/devices/LNXCPU:05/physical_node/driver/cpu5/driver/cpu0/driver/cpu3/driver/cpu5/node0/memory1/node0/memory31/node0/memory9/node0/memory13/node0/cpu0/node0/memory5/node0/memory22/node0/memory8 HTTP/1.1" 200 3009 "-" "Amazon CloudFront"
64.252.75.204 - - [13/Sep/2026:12:50:21 +0000] "GET /sitemap348.xml?path=%2F%2Fsys%2Fbus%2Fcpu%2Fdevices%2Fcpu4%2Fnode0%2Fmemory25%2Fnode0%2Fcpu2%2Fnode0%2Fmemory2%2Fnode0%2Fmemory0%2Fnode0%2Fcpu1%2Fnode0 HTTP/1.1" 200 4511 "-" "Amazon CloudFront"
64.252.66.61 - - [13/Sep/2026:12:50:24 +0000] "GET /?fileloc=//sys/class/thermal/cooling_device1/subsystem/cooling_device7/device/subsystem/devices/PNP0A03:00/device:12/subsystem/devices/device:1a/subsystem/devices/PNP0A03:00/device:06/subsystem/devices/device:13/subsystem/devices/LNXCPU:05/physical_node/driver/cpu5/driver/cpu0/driver/cpu3/driver/cpu5/node0/memory5/node0/memory5/node0/cpu1/node0/memory13/node0/memory21/node0/memory13/node0/memory13/subsystem/drivers_probe&path=//sys/class/thermal/cooling_device1/subsystem/cooling_device7/device/subsystem/devices/PNP0A03:00/device:12/subsystem/devices/device:1a/subsystem/devices/PNP0A03:00/device:06/subsystem/devices/device:13/subsystem/devices/LNXCPU:05/physical_node/driver/cpu5/driver/cpu0/driver/cpu3/driver/cpu5/node0/memory5/node0/memory5/node0/cpu1/node0/memory13/node0/memory21/node0/memory13/node0/memory13/subsystem HTTP/1.1" 200 2992 "-" "Amazon CloudFront"
64.252.66.61 - - [13/Sep/2026:12:50:23 +0000] "GET /products/detail/293871501?fileloc=//usr/local/lsws/logs/error.log.2026_08_26.83&path=//usr/local/lsws/logs HTTP/1.1" 200 920653 "-" "Amazon CloudFront"
64.252.75.204 - - [13/Sep/2026:12:50:25 +0000] "GET /sitemap348.xml?path=%2F%2Fsys%2Fbus%2Fcpu%2Fdevices%2Fcpu4%2Fnode0%2Fmemory25%2Fnode0%2Fcpu2%2Fnode0%2Fmemory2%2Fnode0%2Fmemory8%2Fnode0%2Fcpu6%2Fnode0 HTTP/1.1" 200 4513 "-" "Amazon CloudFront"
64.252.120.98 - - [13/Sep/2026:12:50:25 +0000] "GET /?fileloc=//usr/share/locale/nl/LC_MESSAGES/libidn2.mo&path=//usr/share/locale/nl/LC_MESSAGES HTTP/1.1" 200 2592 "-" "Amazon CloudFront"
64.252.67.163 - - [13/Sep/2026:12:50:26 +0000] "GET /?fileloc=//sys/class/thermal/cooling_device1/subsystem/cooling_device7/device/subsystem/devices/PNP0A03:00/device:12/subsystem/devices/device:1a/subsystem/devices/PNP0A03:00/device:06/subsystem/devices/device:13/subsystem/devices/LNXCPU:05/physical_node/driver/cpu5/driver/cpu0/driver/cpu3/driver/cpu5/node0/memory5/node0/memory14/node0/memory31/node0/memory4/node0/memory14/subsystem/devices/memory2/node0/cpu4/node0/memory4/subsystem/drivers_probe&path=//sys/class/thermal/cooling_device1/subsystem/cooling_device7/device/subsystem/devices/PNP0A03:00/device:12/subsystem/devices/device:1a/subsystem/devices/PNP0A03:00/device:06/subsystem/devices/device:13/subsystem/devices/LNXCPU:05/physical_node/driver/cpu5/driver/cpu0/driver/cpu3/driver/cpu5/node0/memory5/node0/memory14/node0/memory31/node0/memory4/node0/memory14/subsystem/devices/memory2/node0/cpu4/node0/memory4/subsystem HTTP/1.1" 200 3037 "-" "Amazon CloudFront"
64.252.66.61 - - [13/Sep/2026:12:50:27 +0000] "GET /products/detail/167571450?path=//proc/22213/root/proc/761 HTTP/1.1" 200 2624 "-" "Amazon CloudFront"
64.252.69.197 - - [13/Sep/2026:12:50:28 +0000] "GET /?fileloc=//sys/class/thermal/cooling_device1/subsystem/cooling_device7/device/subsystem/devices/PNP0A03:00/device:12/subsystem/devices/device:1a/subsystem/devices/PNP0A03:00/device:06/subsystem/devices/device:13/subsystem/devices/LNXCPU:05/physical_node/driver/cpu5/driver/cpu4/driver/cpu0/driver/cpu2/node0/cpu3/node0/memory31/node0/memory4/subsystem/devices/memory3/node0/memory2/subsystem/devices/memory16/node0/memory13/node0/memory29/phys_index&path=//sys/class/thermal/cooling_device1/subsystem/cooling_device7/device/subsystem/devices/PNP0A03:00/device:12/subsystem/devices/device:1a/subsystem/devices/PNP0A03:00/device:06/subsystem/devices/device:13/subsystem/devices/LNXCPU:05/physical_node/driver/cpu5/driver/cpu4/driver/cpu0/driver/cpu2/node0/cpu3/node0/memory31/node0/memory4/subsystem/devices/memory3/node0/memory2/subsystem/devices/memory16/node0/memory13/node0/memory29 HTTP/1.1" 200 3046 "-" "Amazon CloudFront"
64.252.66.61 - - [13/Sep/2026:12:50:29 +0000] "GET /?path=//sys/class/thermal/cooling_device1/subsystem/cooling_device7/device/subsystem/devices/PNP0A03:00/device:12/subsystem/devices/device:1a/subsystem/devices/PNP0A03:00/device:06/subsystem/devices/device:13/subsystem/devices/LNXCPU:05/physical_node/driver/cpu5/driver/cpu0/driver/cpu5/node0/memory25/node0/memory9/subsystem/devices/memory5/node0/memory14/node0/memory31/node0/cpu1 HTTP/1.1" 200 3926 "-" "Amazon CloudFront"
64.252.67.163 - - [13/Sep/2026:12:50:29 +0000] "GET /?path=//sys/class/thermal/cooling_device1/subsystem/cooling_device7/device/subsystem/devices/PNP0A03:00/device:12/subsystem/devices/device:1a/subsystem/devices/PNP0A03:00/device:06/subsystem/devices/device:13/subsystem/devices/LNXCPU:05/physical_node/driver/cpu5/driver/cpu0/driver/cpu2/firmware_node/physical_node/node0/memory4/subsystem/devices/memory20/node0/memory21/node0/memory16/node0/memory28/node0/memory0/subsystem/devices/memory32/power HTTP/1.1" 200 3665 "-" "Amazon CloudFront"
64.252.66.61 - - [13/Sep/2026:12:50:30 +0000] "GET /products/detail/293871501?fileloc=//usr/share/vim/vim81/spell/he.vim&path=//usr/share/vim/vim81/spell HTTP/1.1" 200 2725 "-" "Amazon CloudFront"
64.252.66.61 - - [13/Sep/2026:12:50:32 +0000] "GET /?path=//sys/class/thermal/cooling_device1/subsystem/cooling_device7/device/subsystem/devices/PNP0A03:00/device:12/subsystem/devices/device:1a/subsystem/devices/PNP0A03:00/device:06/subsystem/devices/device:13/subsystem/devices/LNXCPU:05/physical_node/driver/cpu5/driver/cpu0/driver/cpu5/node0/memory25/node0/memory32/node0/memory12/node0/memory4/subsystem/devices/memory29/node0/cpu1/node0/cpu1 HTTP/1.1" 200 3944 "-" "Amazon CloudFront"
64.252.76.84 - - [13/Sep/2026:12:50:33 +0000] "GET /sitemap348.xml?path=%2F%2Fsys%2Fbus%2Fcpu%2Fdevices%2Fcpu4%2Fnode0%2Fmemory25%2Fnode0%2Fcpu2%2Fnode0%2Fmemory2%2Fnode0%2Fmemory0%2Fnode0%2Fcpu6%2Fnode0 HTTP/1.1" 200 4511 "-" "Amazon CloudFront"
64.252.74.227 - - [13/Sep/2026:12:50:33 +0000] "GET /sitemap348.xml?path=%2F%2Fsys%2Fbus%2Fcpu%2Fdevices%2Fcpu4%2Fnode0%2Fmemory25%2Fnode0%2Fcpu2%2Fnode0%2Fmemory2%2Fnode0%2Fmemory0%2Fnode0%2Fcpu0%2Fhotplug HTTP/1.1" 200 3075 "-" "Amazon CloudFront"
64.252.75.204 - - [13/Sep/2026:12:50:34 +0000] "GET /sitemap348.xml?path=%2F%2Fsys%2Fbus%2Fcpu%2Fdevices%2Fcpu4%2Fnode0%2Fmemory25%2Fnode0%2Fcpu2%2Fnode0%2Fmemory2%2Fnode0%2Fmemory8%2Fnode0%2Fcpu6%2Fcache HTTP/1.1" 200 3198 "-" "Amazon CloudFront"
64.252.74.227 - - [13/Sep/2026:12:50:34 +0000] "GET /sitemap348.xml?path=%2F%2Fsys%2Fbus%2Fcpu%2Fdevices%2Fcpu4%2Fnode0%2Fmemory25%2Fnode0%2Fcpu2%2Fnode0%2Fmemory2%2Fnode0%2Fmemory0%2Fnode0%2Fcpu6%2Fcache HTTP/1.1" 200 3197 "-" "Amazon CloudFront"
64.252.69.197 - - [13/Sep/2026:12:50:34 +0000] "GET /products/detail/208628339?path=//sys/bus/node/devices/node0/cpu1/driver/cpu7/driver/cpu2/node0/cpu4/firmware_node/subsystem/devices/PNP0A03:00/device:21/physical_node/nvme/nvme2/device/nvme/nvme2/nvme2n1/holders/md0/md/dev-nvme2n1/block/holders/md0/md/dev-nvme2n1/block/device/nvme2n1/bdi/subsystem/259:0 HTTP/1.1" 200 3570 "-" "Amazon CloudFront"
64.252.69.197 - - [13/Sep/2026:12:50:37 +0000] "GET /?path=//sys/class/thermal/cooling_device1/subsystem/cooling_device7/device/subsystem/devices/PNP0A03:00/device:12/subsystem/devices/device:1a/subsystem/devices/PNP0A03:00/device:06/subsystem/devices/device:13/subsystem/devices/LNXCPU:05/physical_node/driver/cpu5/driver/cpu1/driver/cpu2/driver/cpu5/node0/cpu6/node0/memory6/node0/cpu1/firmware_node/physical_node/firmware_node/physical_node/node0/memory24/node0/memory27/power HTTP/1.1" 200 3620 "-" "Amazon CloudFront"
64.252.66.61 - - [13/Sep/2026:12:50:38 +0000] "GET /products/detail/208628339?path=//sys/bus/node/devices/node0/cpu1/driver/cpu7/driver/cpu2/node0/cpu1/firmware_node/thermal_cooling/device/physical_node/firmware_node/subsystem/devices/LNXSYSTM:00/LNXSYBUS:00/PNP0A03:00/device:05/physical_node/subsystem/drivers/nvme/0000:00:1f.0/nvme/nvme2/nvme2n1/holders/md0/md/rd1/block/holders/md0/md/rd1/block/device/nvme2n1/bdi/power HTTP/1.1" 200 3569 "-" "Amazon CloudFront"
64.252.66.61 - - [13/Sep/2026:12:50:40 +0000] "GET /?path=//sys/class/thermal/cooling_device1/subsystem/cooling_device7/device/subsystem/devices/PNP0A03:00/device:12/subsystem/devices/device:1a/subsystem/devices/PNP0A03:00/device:06/subsystem/devices/device:13/subsystem/devices/LNXCPU:05/physical_node/driver/cpu5/driver/cpu0/driver/cpu5/node0/memory25/node0/memory32/node0/memory12/node0/memory4/subsystem/devices/memory29/node0/cpu1/node0/cpu7 HTTP/1.1" 200 3950 "-" "Amazon CloudFront"
64.252.69.197 - - [13/Sep/2026:12:50:42 +0000] "GET /?path=//sys/class/thermal/cooling_device1/subsystem/cooling_device7/device/subsystem/devices/PNP0A03:00/device:12/subsystem/devices/device:1a/subsystem/devices/PNP0A03:00/device:06/subsystem/devices/device:13/subsystem/devices/LNXCPU:05/physical_node/driver/cpu5/driver/cpu0/driver/cpu5/node0/memory25/node0/memory20/node0/memory32/node0/memory30/node0/memory8/node0/cpu5/node0/memory21/node0/cpu3/subsystem/devices/cpu7 HTTP/1.1" 200 4015 "-" "Amazon CloudFront"
64.252.66.61 - - [13/Sep/2026:12:50:42 +0000] "GET /products/detail/293871501?fileloc=//usr/share/vim/vim81/lang/menu_cs.latin1.vim&path=//usr/share/vim/vim81/lang HTTP/1.1" 200 2650 "-" "Amazon CloudFront"
64.252.67.36 - - [13/Sep/2026:12:50:45 +0000] "GET /?path=//sys/class/thermal/cooling_device1/subsystem/cooling_device7/device/subsystem/devices/PNP0A03:00/device:12/subsystem/devices/device:1a/subsystem/devices/PNP0A03:00/device:06/subsystem/devices/device:13/subsystem/devices/LNXCPU:05/physical_node/driver/cpu5/driver/cpu0/driver/cpu5/node0/memory25/node0/memory32/node0/memory16/node0/memory5/node0/memory5/node0/memory28/node0/cpu3/firmware_node/physical_node/cache/power HTTP/1.1" 200 3640 "-" "Amazon CloudFront"
64.252.66.61 - - [13/Sep/2026:12:50:46 +0000] "GET /?path=//sys/class/thermal/cooling_device3/device/physical_node/node0/memory28/node0/cpu5/firmware_node/subsystem/devices/PNP0A03:00/physical_node/pci_bus/0000:00/device/0000:00:1e.0/driver/module/drivers/pci:nvme/0000:00:1f.0/subsystem/drivers/nvme/0000:00:1e.0/nvme/nvme1/nvme1n1/holders/md0/md/dev-nvme2n1/block/holders HTTP/1.1" 200 3258 "-" "Amazon CloudFront"
64.252.67.163 - - [13/Sep/2026:12:50:48 +0000] "GET /?fileloc=//sys/dev/block/9:0/queue/write_zeroes_max_bytes&path=//sys/dev/block/9:0/queue HTTP/1.1" 200 2589 "-" "Amazon CloudFront"
64.252.66.61 - - [13/Sep/2026:12:50:50 +0000] "GET /?path=//sys/class/thermal/cooling_device1/subsystem/cooling_device7/device/subsystem/devices/PNP0A03:00/device:12/subsystem/devices/device:1a/subsystem/devices/PNP0A03:00/device:06/subsystem/devices/device:13/subsystem/devices/LNXCPU:05/physical_node/driver/cpu5/driver/cpu0/driver/cpu5/node0/memory25/node0/memory9/subsystem/devices/memory32/node0/memory22/node0/memory23/node0/memory30/node0/memory17/node0/cpu6/subsystem/drivers HTTP/1.1" 200 3379 "-" "Amazon CloudFront"
64.252.66.61 - - [13/Sep/2026:12:50:50 +0000] "GET /products/detail/293871501?fileloc=//usr/share/vim/vim81/indent/raml.vim&path=//usr/share/vim/vim81/indent HTTP/1.1" 200 2776 "-" "Amazon CloudFront"
64.252.67.36 - - [13/Sep/2026:12:50:53 +0000] "GET /?fileloc=//sys/class/thermal/cooling_device1/subsystem/cooling_device7/device/subsystem/devices/PNP0A03:00/device:06/physical_node/subsystem/drivers/nvme/0000:00:1f.0/pools&path=//sys/class/thermal/cooling_device1/subsystem/cooling_device7/device/subsystem/devices/PNP0A03:00/device:06/physical_node/subsystem/drivers/nvme/0000:00:1f.0 HTTP/1.1" 200 2756 "-" "Amazon CloudFront"
64.252.67.36 - - [13/Sep/2026:12:50:54 +0000] "GET /products/detail/293871501?fileloc=//usr/local/lsws/docs/zh-CN/Redirect_Context.html&path=//usr/local/lsws/docs/zh-CN HTTP/1.1" 200 6748 "-" "Amazon CloudFront"
64.252.67.163 - - [13/Sep/2026:12:50:56 +0000] "GET /?fileloc=//sys/dev/block/9:0/queue/write_cache&path=//sys/dev/block/9:0/queue HTTP/1.1" 200 2586 "-" "Amazon CloudFront"
64.252.67.163 - - [13/Sep/2026:12:50:58 +0000] "GET /?fileloc=//sys/class/thermal/cooling_device1/subsystem/cooling_device7/device/subsystem/devices/PNP0A03:00/device:12/subsystem/devices/device:1a/subsystem/devices/PNP0A03:00/device:06/subsystem/devices/device:13/subsystem/devices/LNXCPU:05/physical_node/driver/cpu5/driver/cpu0/driver/cpu3/driver/cpu5/node0/memory5/node0/memory14/node0/memory3/node0/cpu2/driver/cpu5/driver/cpu5/node0/memory8/subsystem/drivers_autoprobe&path=//sys/class/thermal/cooling_device1/subsystem/cooling_device7/device/subsystem/devices/PNP0A03:00/device:12/subsystem/devices/device:1a/subsystem/devices/PNP0A03:00/device:06/subsystem/devices/device:13/subsystem/devices/LNXCPU:05/physical_node/driver/cpu5/driver/cpu0/driver/cpu3/driver/cpu5/node0/memory5/node0/memory14/node0/memory3/node0/cpu2/driver/cpu5/driver/cpu5/node0/memory8/subsystem HTTP/1.1" 200 3005 "-" "Amazon CloudFront"
64.252.69.197 - - [13/Sep/2026:12:50:58 +0000] "GET /products/detail/167571450?fileloc=//proc/22213/root/bin/systemd-run&path=//proc/22213/root/bin HTTP/1.1" 200 2571 "-" "Amazon CloudFront"
64.252.76.84 - - [13/Sep/2026:12:51:01 +0000] "GET /sitemap348.xml?path=%2F%2Fsys%2Fbus%2Fcpu%2Fdevices%2Fcpu4%2Fnode0%2Fmemory25%2Fnode0%2Fcpu2%2Fnode0%2Fmemory2%2Fnode0%2Fmemory8%2Fnode0%2Fcpu6%2Fdriver HTTP/1.1" 200 3338 "-" "Amazon CloudFront"
64.252.76.84 - - [13/Sep/2026:12:51:01 +0000] "GET /sitemap348.xml?fileloc=%2F%2Fsys%2Fbus%2Fcpu%2Fdevices%2Fcpu4%2Fnode0%2Fmemory25%2Fnode0%2Fcpu2%2Fnode0%2Fmemory2%2Fnode0%2Fmemory29%2Fnode0%2Fcpu3%2Fonline&path=%2F%2Fsys%2Fbus%2Fcpu%2Fdevices%2Fcpu4%2Fnode0%2Fmemory25%2Fnode0%2Fcpu2%2Fnode0%2Fmemory2%2Fnode0%2Fmemory29%2Fnode0%2Fcpu3 HTTP/1.1" 200 2648 "-" "Amazon CloudFront"
64.252.75.204 - - [13/Sep/2026:12:51:00 +0000] "GET /sitemap348.xml?path=%2F%2Fsys%2Fbus%2Fcpu%2Fdevices%2Fcpu4%2Fnode0%2Fmemory28%2Fsubsystem%2Fdevices%2Fmemory1%2Fnode0%2Fmemory14%2Fnode0%2Fcpu4%2Fnode0 HTTP/1.1" 200 4513 "-" "Amazon CloudFront"
64.252.66.61 - - [13/Sep/2026:12:51:01 +0000] "GET /?fileloc=//sys/class/thermal/cooling_device1/subsystem/cooling_device7/device/subsystem/devices/PNP0A03:00/device:12/subsystem/devices/device:1a/subsystem/devices/PNP0A03:00/device:06/subsystem/devices/device:13/subsystem/devices/LNXCPU:05/physical_node/driver/cpu5/driver/cpu0/driver/cpu3/driver/cpu5/node0/memory1/node0/memory9/node0/memory10/subsystem/devices/memory10/node0/memory2/subsystem/devices/memory7/node0/memory4/node0/memory23/subsystem/drivers_autoprobe&path=//sys/class/thermal/cooling_device1/subsystem/cooling_device7/device/subsystem/devices/PNP0A03:00/device:12/subsystem/devices/device:1a/subsystem/devices/PNP0A03:00/device:06/subsystem/devices/device:13/subsystem/devices/LNXCPU:05/physical_node/driver/cpu5/driver/cpu0/driver/cpu3/driver/cpu5/node0/memory1/node0/memory9/node0/memory10/subsystem/devices/memory10/node0/memory2/subsystem/devices/memory7/node0/memory4/node0/memory23/subsystem HTTP/1.1" 200 3055 "-" "Amazon CloudFront"
64.252.75.204 - - [13/Sep/2026:12:51:01 +0000] "GET /sitemap348.xml?fileloc=%2F%2Fsys%2Fbus%2Fcpu%2Fdevices%2Fcpu4%2Fnode0%2Fmemory25%2Fnode0%2Fcpu2%2Fnode0%2Fmemory2%2Fnode0%2Fmemory8%2Fnode0%2Fcpu6%2Fuevent&path=%2F%2Fsys%2Fbus%2Fcpu%2Fdevices%2Fcpu4%2Fnode0%2Fmemory25%2Fnode0%2Fcpu2%2Fnode0%2Fmemory2%2Fnode0%2Fmemory8%2Fnode0%2Fcpu6 HTTP/1.1" 200 2924 "-" "Amazon CloudFront"
64.252.120.98 - - [13/Sep/2026:12:51:00 +0000] "GET /?fileloc=//usr/share/doc/freetype-devel-2.8/reference/ft2-error_code_values.html&path=//usr/share/doc/freetype-devel-2.8/reference HTTP/1.1" 200 6164 "-" "Amazon CloudFront"
64.252.69.197 - - [13/Sep/2026:12:51:03 +0000] "GET /products/detail/208628339?path=//sys/bus/node/devices/node0/cpu1/driver/cpu7/driver/cpu2/node0/cpu1/firmware_node/thermal_cooling/device/physical_node/firmware_node/subsystem/devices/LNXSYSTM:00/LNXSYBUS:00/PNP0A03:00/device:06/physical_node/nvme/nvme0/nvme0n1/device/nvme0n1/nvme0n1p1/subsystem/nvme2n1/holders/md0/slaves/nvme1n1/holders/md0/md/rd0/block/mq/4 HTTP/1.1" 200 3515 "-" "Amazon CloudFront"
64.252.76.84 - - [13/Sep/2026:12:51:04 +0000] "GET /sitemap348.xml?fileloc=%2F%2Fsys%2Fbus%2Fcpu%2Fdevices%2Fcpu4%2Fnode0%2Fmemory25%2Fnode0%2Fcpu2%2Fnode0%2Fmemory2%2Fnode0%2Fmemory0%2Fnode0%2Fcpu6%2Fuevent&path=%2F%2Fsys%2Fbus%2Fcpu%2Fdevices%2Fcpu4%2Fnode0%2Fmemory25%2Fnode0%2Fcpu2%2Fnode0%2Fmemory2%2Fnode0%2Fmemory0%2Fnode0%2Fcpu6 HTTP/1.1" 200 2923 "-" "Amazon CloudFront"
64.252.74.227 - - [13/Sep/2026:12:51:04 +0000] "GET /sitemap348.xml?fileloc=%2F%2Fsys%2Fbus%2Fcpu%2Fdevices%2Fcpu4%2Fnode0%2Fcpu3%2Fnode0%2Fcpu7%2Fnode0%2Fcpu0%2Fnode0%2Fcpu2%2Fnode0%2Fcpu6%2Fcache%2Findex0%2Fid&path=%2F%2Fsys%2Fbus%2Fcpu%2Fdevices%2Fcpu4%2Fnode0%2Fcpu3%2Fnode0%2Fcpu7%2Fnode0%2Fcpu0%2Fnode0%2Fcpu2%2Fnode0%2Fcpu6%2Fcache%2Findex0 HTTP/1.1" 200 2656 "-" "Amazon CloudFront"
64.252.75.204 - - [13/Sep/2026:12:51:04 +0000] "GET /sitemap348.xml?fileloc=%2F%2Fsys%2Fbus%2Fcpu%2Fdevices%2Fcpu6%2Fnode0%2Fmemory19%2Fnode0%2Fmemory7%2Fnode0%2Fmemory0%2Fnode0%2Fmemory8%2Fremovable&path=%2F%2Fsys%2Fbus%2Fcpu%2Fdevices%2Fcpu6%2Fnode0%2Fmemory19%2Fnode0%2Fmemory7%2Fnode0%2Fmemory0%2Fnode0%2Fmemory8 HTTP/1.1" 200 2639 "-" "Amazon CloudFront"
64.252.67.36 - - [13/Sep/2026:12:51:04 +0000] "GET /?fileloc=//sys/class/thermal/cooling_device1/subsystem/cooling_device7/device/subsystem/devices/PNP0A03:00/device:12/subsystem/devices/device:1a/subsystem/devices/PNP0A03:00/device:06/subsystem/devices/device:13/subsystem/devices/LNXCPU:05/physical_node/driver/cpu5/driver/cpu0/driver/cpu3/driver/cpu5/node0/memory1/node0/memory9/node0/memory10/subsystem/devices/memory10/node0/memory2/subsystem/devices/memory7/node0/cpu6/node0/memory4/subsystem/drivers_autoprobe&path=//sys/class/thermal/cooling_device1/subsystem/cooling_device7/device/subsystem/devices/PNP0A03:00/device:12/subsystem/devices/device:1a/subsystem/devices/PNP0A03:00/device:06/subsystem/devices/device:13/subsystem/devices/LNXCPU:05/physical_node/driver/cpu5/driver/cpu0/driver/cpu3/driver/cpu5/node0/memory1/node0/memory9/node0/memory10/subsystem/devices/memory10/node0/memory2/subsystem/devices/memory7/node0/cpu6/node0/memory4/subsystem HTTP/1.1" 200 3054 "-" "Amazon CloudFront"
64.252.75.204 - - [13/Sep/2026:12:51:05 +0000] "GET /sitemap348.xml?path=%2F%2Fsys%2Fbus%2Fcpu%2Fdevices%2Fcpu5%2Fnode0%2Fmemory2%2Fnode0%2Fmemory29%2Fnode0%2Fcpu1%2Fdriver%2Fcpu0%2Fnode0%2Fcpu0%2Ftopology HTTP/1.1" 200 3210 "-" "Amazon CloudFront"
64.252.67.163 - - [13/Sep/2026:12:51:06 +0000] "GET /?fileloc=//sys/class/thermal/cooling_device1/subsystem/cooling_device7/device/subsystem/devices/PNP0A03:00/device:12/subsystem/devices/device:1a/subsystem/devices/PNP0A03:00/device:06/subsystem/devices/device:13/subsystem/devices/LNXCPU:05/physical_node/driver/cpu5/driver/cpu4/driver/cpu0/driver/cpu2/node0/cpu3/node0/memory8/node0/memory22/node0/cpu4/node0/memory6/node0/memory27/node0/cpu3/cache/index3/uevent&path=//sys/class/thermal/cooling_device1/subsystem/cooling_device7/device/subsystem/devices/PNP0A03:00/device:12/subsystem/devices/device:1a/subsystem/devices/PNP0A03:00/device:06/subsystem/devices/device:13/subsystem/devices/LNXCPU:05/physical_node/driver/cpu5/driver/cpu4/driver/cpu0/driver/cpu2/node0/cpu3/node0/memory8/node0/memory22/node0/cpu4/node0/memory6/node0/memory27/node0/cpu3/cache/index3 HTTP/1.1" 200 3022 "-" "Amazon CloudFront"
64.252.67.163 - - [13/Sep/2026:12:51:07 +0000] "GET /products/detail/167571450?fileloc=//proc/22213/root/bin/nl-addr-delete&path=//proc/22213/root/bin HTTP/1.1" 200 2575 "-" "Amazon CloudFront"
64.252.67.36 - - [13/Sep/2026:12:51:09 +0000] "GET /?path=//sys/class/thermal/cooling_device1/subsystem/cooling_device7/device/subsystem/devices/PNP0A03:00/device:12/subsystem/devices/LNXSYBUS:00/LNXCPU:04/subsystem/devices/device:13/power HTTP/1.1" 200 3277 "-" "Amazon CloudFront"
64.252.67.36 - - [13/Sep/2026:12:51:12 +0000] "GET /?path=//sys/class/thermal/cooling_device1/subsystem/cooling_device6/subsystem/cooling_device7/subsystem/cooling_device6/device/physical_node/node0/memory31/node0/cpu6/cache HTTP/1.1" 200 3247 "-" "Amazon CloudFront"
64.252.67.36 - - [13/Sep/2026:12:51:12 +0000] "GET /?path=//sys/class/thermal/cooling_device1/subsystem/cooling_device7/device/subsystem/devices/PNP0A03:00/device:12/subsystem/devices/device:1a/subsystem/devices/PNP0A03:00/device:06/subsystem/devices/device:13/subsystem/devices/LNXCPU:05/physical_node/driver/cpu5/driver/cpu0/driver/cpu3/driver/cpu5/node0/memory1/node0/memory9/node0/memory10/subsystem/devices/memory1/node0/memory1/node0/memory32/node0/cpu1/node0/memory7/power HTTP/1.1" 200 3652 "-" "Amazon CloudFront"
64.252.69.197 - - [13/Sep/2026:12:51:14 +0000] "GET /products/detail/208628339?path=//sys/bus/node/devices/node0/cpu1/driver/cpu7/driver/cpu2/node0/cpu1/firmware_node/thermal_cooling/device/physical_node/firmware_node/subsystem/devices/PNP0A03:00/physical_node/0000:00:1e.0/subsystem/drivers/nvme/0000:00:1e.0/nvme/nvme1/nvme1n1/device/nvme1n1/holders/md0/md/rd0/block/holders/md0/slaves/nvme2n1/power HTTP/1.1" 200 3538 "-" "Amazon CloudFront"
64.252.69.197 - - [13/Sep/2026:12:51:14 +0000] "GET /products/detail/293871501?fileloc=//usr/share/vim/vim81/ftplugin/abaqus.vim&path=//usr/share/vim/vim81/ftplugin HTTP/1.1" 200 4008 "-" "Amazon CloudFront"
64.252.66.61 - - [13/Sep/2026:12:51:15 +0000] "GET /?path=//sys/class/thermal/cooling_device1/subsystem/cooling_device7/device/subsystem/devices/PNP0A03:00/subsystem/devices/device:0f/subsystem/drivers/tpm_crb HTTP/1.1" 200 3114 "-" "Amazon CloudFront"
64.252.69.197 - - [13/Sep/2026:12:51:17 +0000] "GET /?path=//sys/class/thermal/cooling_device1/subsystem/cooling_device7/device/subsystem/devices/PNP0A03:00/device:12/subsystem/devices/device:1a/subsystem/devices/PNP0A03:00/device:06/subsystem/devices/device:13/subsystem/devices/LNXCPU:05/physical_node/driver/cpu5/driver/cpu0/driver/cpu5/node0/memory25/node0/memory20/node0/cpu1/node0/memory19/node0/memory28/node0/cpu2/driver/cpu4/driver/cpu3/topology HTTP/1.1" 200 3657 "-" "Amazon CloudFront"
64.252.69.197 - - [13/Sep/2026:12:51:18 +0000] "GET /products/detail/208628339?path=//sys/bus/node/devices/node0/cpu1/driver/cpu7/driver/cpu2/node0/cpu1/firmware_node/thermal_cooling/device/physical_node/firmware_node/subsystem/drivers/button/LNXSLPBN:00/subsystem/devices/PNP0A03:00/physical_node/0000:00:1f.0/nvme/nvme2/nvme2n1/holders/md0/md/dev-nvme1n1/block/device/nvme1n1/holders/md0/md/dev-nvme2n1/block/mq/2/cpu2 HTTP/1.1" 200 3043 "-" "Amazon CloudFront"
64.252.66.61 - - [13/Sep/2026:12:51:20 +0000] "GET /?path=//sys/class/thermal/cooling_device1/subsystem/cooling_device7/device/subsystem/devices/PNP0A03:00/device:12/subsystem/devices/device:1a/subsystem/devices/PNP0A03:00/device:06/subsystem/devices/device:13/subsystem/devices/LNXCPU:05/physical_node/driver/cpu5/driver/cpu0/driver/cpu5/node0/memory25/node0/memory32/node0/memory20/node0/memory7/node0/memory16/node0/memory12/node0/memory3/node0/memory26/node0/cpu6/topology HTTP/1.1" 200 3686 "-" "Amazon CloudFront"
64.252.66.61 - - [13/Sep/2026:12:51:22 +0000] "GET /products/detail/167571450?fileloc=//proc/22213/net/rpc/nfsd.export/content&path=//proc/22213/net/rpc/nfsd.export HTTP/1.1" 200 2581 "-" "Amazon CloudFront"
64.252.67.163 - - [13/Sep/2026:12:51:23 +0000] "GET /?path=//sys/class/thermal/cooling_device1/subsystem/cooling_device7/device/subsystem/devices/PNP0A03:00/device:12/subsystem/devices/LNXSYBUS:00/LNXCPU:04/subsystem/devices/LNXSLPBN:00/power HTTP/1.1" 200 3650 "-" "Amazon CloudFront"
64.252.69.197 - - [13/Sep/2026:12:51:26 +0000] "GET /?path=//sys/class/thermal/cooling_device3/device/physical_node/node0/cpu6/driver/cpu0/node0/cpu5/firmware_node/subsystem/devices/device:12/subsystem/devices/LNXSYSTM:00/LNXSYBUS:00/PNP0A03:00/physical_node/pci_bus/0000:00/device/0000:00:1f.0/driver/module/drivers/pci:nvme/0000:00:1f.0/nvme/nvme2/nvme2n1/holders/md0/md/dev-nvme1n1/block/holders/md0/md/dev-nvme2n1/block/mq/6 HTTP/1.1" 200 3568 "-" "Amazon CloudFront"
64.252.67.163 - - [13/Sep/2026:12:51:26 +0000] "GET /?path=//sys/class/thermal/cooling_device1/subsystem/cooling_device7/device/subsystem/devices/PNP0A03:00/device:12/subsystem/devices/PNP0C0F:02/subsystem/devices/PNP0A03:00/physical_node/0000:00:1e.0 HTTP/1.1" 200 4729 "-" "Amazon CloudFront"
64.252.69.197 - - [13/Sep/2026:12:51:29 +0000] "GET /?path=//sys/class/thermal/cooling_device1/subsystem/cooling_device6/subsystem/cooling_device7/subsystem/cooling_device6/device/physical_node/node0/memory14/node0/cpu6/power HTTP/1.1" 200 3294 "-" "Amazon CloudFront"
64.252.67.36 - - [13/Sep/2026:12:51:31 +0000] "GET /?path=//sys/class/thermal/cooling_device1/subsystem/cooling_device7/device/subsystem/devices/device:21/subsystem/devices/LNXCPU:01/physical_node/driver/cpu6/cache HTTP/1.1" 200 3263 "-" "Amazon CloudFront"
64.252.67.163 - - [13/Sep/2026:12:51:31 +0000] "GET /products/detail/167571450?fileloc=//proc/22213/root/tmp/sess_bv35a8lhlef43delvkvedg0o8u&path=//proc/22213/root/tmp HTTP/1.1" 200 2590 "-" "Amazon CloudFront"
64.252.66.61 - - [13/Sep/2026:12:51:33 +0000] "GET /?fileloc=//sys/class/thermal/cooling_device1/subsystem/cooling_device7/device/subsystem/devices/PNP0A03:00/device:12/subsystem/devices/LNXSYBUS:00/LNXCPU:04/physical_node/firmware_node/thermal_cooling/cur_state&path=//sys/class/thermal/cooling_device1/subsystem/cooling_device7/device/subsystem/devices/PNP0A03:00/device:12/subsystem/devices/LNXSYBUS:00/LNXCPU:04/physical_node/firmware_node/thermal_cooling HTTP/1.1" 200 2744 "-" "Amazon CloudFront"
64.252.69.197 - - [13/Sep/2026:12:51:36 +0000] "GET /?path=//sys/class/thermal/cooling_device1/subsystem/cooling_device7/device/subsystem/devices/PNP0A03:00/device:12/subsystem/devices/device:1a/subsystem/devices/PNP0A03:00/device:06/subsystem/devices/device:13/subsystem/devices/LNXCPU:05/physical_node/driver/cpu5/driver/cpu4/node0/memory31/node0/memory8/subsystem/devices/memory28/subsystem/devices/memory3/node0/memory4/node0/cpu5/driver/cpu1/node0/memory6/subsystem/devices/memory25/node0/memory12 HTTP/1.1" 200 3907 "-" "Amazon CloudFront"
64.252.67.163 - - [13/Sep/2026:12:51:37 +0000] "GET /?fileloc=//sys/class/thermal/cooling_device1/subsystem/cooling_device7/device/subsystem/devices/PNP0A03:00/device:12/subsystem/devices/device:1a/subsystem/devices/PNP0A03:00/device:06/subsystem/devices/device:13/subsystem/devices/LNXCPU:05/physical_node/driver/cpu5/driver/cpu0/driver/cpu3/driver/cpu5/node0/memory1/node0/memory3/node0/memory0/node0/memory20/node0/memory24/node0/memory32/node0/memory32/node0/memory10/phys_index&path=//sys/class/thermal/cooling_device1/subsystem/cooling_device7/device/subsystem/devices/PNP0A03:00/device:12/subsystem/devices/device:1a/subsystem/devices/PNP0A03:00/device:06/subsystem/devices/device:13/subsystem/devices/LNXCPU:05/physical_node/driver/cpu5/driver/cpu0/driver/cpu3/driver/cpu5/node0/memory1/node0/memory3/node0/memory0/node0/memory20/node0/memory24/node0/memory32/node0/memory32/node0/memory10 HTTP/1.1" 200 2980 "-" "Amazon CloudFront"
64.252.67.36 - - [13/Sep/2026:12:51:35 +0000] "GET /?fileloc=//var/www/volumes/69b4844ae61d4e92bf26ad98af552775/logs/openlitespeed/access.log.2026_08_25.14&path=//var/www/volumes/69b4844ae61d4e92bf26ad98af552775/logs/openlitespeed HTTP/1.1" 200 695772 "-" "Amazon CloudFront"
64.252.67.36 - - [13/Sep/2026:12:51:39 +0000] "GET /?fileloc=//sys/class/thermal/cooling_device1/subsystem/cooling_device7/device/subsystem/devices/PNP0A03:00/device:12/subsystem/devices/device:1a/subsystem/devices/PNP0A03:00/device:06/subsystem/devices/device:13/subsystem/devices/LNXCPU:05/physical_node/driver/cpu5/driver/cpu0/driver/cpu3/driver/cpu5/node0/memory1/node0/memory3/node0/memory31/node0/cpu0/node0/memory15/node0/memory19/node0/memory18/node0/memory27/phys_index&path=//sys/class/thermal/cooling_device1/subsystem/cooling_device7/device/subsystem/devices/PNP0A03:00/device:12/subsystem/devices/device:1a/subsystem/devices/PNP0A03:00/device:06/subsystem/devices/device:13/subsystem/devices/LNXCPU:05/physical_node/driver/cpu5/driver/cpu0/driver/cpu3/driver/cpu5/node0/memory1/node0/memory3/node0/memory31/node0/cpu0/node0/memory15/node0/memory19/node0/memory18/node0/memory27 HTTP/1.1" 200 3009 "-" "Amazon CloudFront"
64.252.67.36 - - [13/Sep/2026:12:51:38 +0000] "GET /?fileloc=//var/www/volumes/69b4844ae61d4e92bf26ad98af552775/logs/openlitespeed/access.log.2026_08_15.18&path=//var/www/volumes/69b4844ae61d4e92bf26ad98af552775/logs/openlitespeed HTTP/1.1" 200 652560 "-" "Amazon CloudFront"
64.252.69.197 - - [13/Sep/2026:12:51:42 +0000] "GET /products/detail/293871501?fileloc=//usr/share/zoneinfo/Africa/Asmera&path=//usr/share/zoneinfo/Africa HTTP/1.1" 200 2575 "-" "Amazon CloudFront"
64.252.67.163 - - [13/Sep/2026:12:51:41 +0000] "GET /?fileloc=//sys/class/thermal/cooling_device1/subsystem/cooling_device7/device/subsystem/devices/PNP0A03:00/device:12/subsystem/devices/device:1a/subsystem/devices/PNP0A03:00/device:06/subsystem/devices/device:13/subsystem/devices/LNXCPU:05/physical_node/driver/cpu5/driver/cpu4/driver/cpu0/driver/cpu2/node0/cpu3/node0/memory8/node0/memory22/node0/memory12/node0/memory31/subsystem/devices/memory0/node0/memory17/node0/cpu3/node0/numastat&path=//sys/class/thermal/cooling_device1/subsystem/cooling_device7/device/subsystem/devices/PNP0A03:00/device:12/subsystem/devices/device:1a/subsystem/devices/PNP0A03:00/device:06/subsystem/devices/device:13/subsystem/devices/LNXCPU:05/physical_node/driver/cpu5/driver/cpu4/driver/cpu0/driver/cpu2/node0/cpu3/node0/memory8/node0/memory22/node0/memory12/node0/memory31/subsystem/devices/memory0/node0/memory17/node0/cpu3/node0 HTTP/1.1" 200 3087 "-" "Amazon CloudFront"
64.252.120.98 - - [13/Sep/2026:12:51:42 +0000] "GET /?fileloc=//usr/share/vim/vimfiles/after/spell/index.html&path=//usr/share/vim/vimfiles/after/spell HTTP/1.1" 200 3376 "-" "Amazon CloudFront"
64.252.66.61 - - [13/Sep/2026:12:51:44 +0000] "GET /?fileloc=//sys/dev/block/9:0/queue/max_integrity_segments&path=//sys/dev/block/9:0/queue HTTP/1.1" 200 2590 "-" "Amazon CloudFront"
64.252.66.61 - - [13/Sep/2026:12:51:46 +0000] "GET /products/detail/293871501?fileloc=//usr/share/zoneinfo/posix/Japan&path=//usr/share/zoneinfo/posix HTTP/1.1" 200 2573 "-" "Amazon CloudFront"
64.252.67.163 - - [13/Sep/2026:12:51:47 +0000] "GET /?path=//sys/class/thermal/cooling_device1/subsystem/cooling_device7/device/subsystem/devices/PNP0A03:00/device:12/subsystem/devices/device:1a/subsystem/devices/PNP0A03:00/device:06/subsystem/devices/device:13/subsystem/devices/LNXCPU:05/physical_node/driver/cpu5/driver/cpu0/driver/cpu2/firmware_node/physical_node/node0/cpu2/node0/memory4/subsystem/devices/memory30/node0/memory12/node0/cpu3/node0/cpu3/driver/cpu6/node0/memory11/node0 HTTP/1.1" 200 3936 "-" "Amazon CloudFront"
64.252.66.61 - - [13/Sep/2026:12:51:50 +0000] "GET /?path=//sys/class/thermal/cooling_device1/subsystem/cooling_device7/device/subsystem/devices/PNP0A03:00/device:12/subsystem/devices/device:1a/subsystem/devices/PNP0A03:00/device:06/subsystem/devices/device:13/subsystem/devices/LNXCPU:05/physical_node/driver/cpu5/driver/cpu0/driver/cpu2/firmware_node/physical_node/node0/memory4/subsystem/devices/memory20/node0/cpu4/node0/memory9/subsystem/devices/memory30/node0/memory27/node0/cpu3/node0/memory6/node0 HTTP/1.1" 200 3935 "-" "Amazon CloudFront"
64.252.66.61 - - [13/Sep/2026:12:51:50 +0000] "GET /products/detail/293871501?fileloc=//usr/local/lsws/logs/error.log.2026_08_27.49&path=//usr/local/lsws/logs HTTP/1.1" 200 946394 "-" "Amazon CloudFront"
64.252.67.163 - - [13/Sep/2026:12:51:53 +0000] "GET /?path=//sys/class/thermal/cooling_device1/subsystem/cooling_device7/device/subsystem/devices/PNP0A03:00/device:12/subsystem/devices/device:1a/subsystem/devices/PNP0A03:00/device:06/subsystem/devices/device:13/subsystem/devices/LNXCPU:05/physical_node/driver/cpu5/driver/cpu0/driver/cpu2/firmware_node/physical_node/node0/memory4/subsystem/devices/memory20/node0/cpu6/driver/cpu7/node0/memory23/node0/memory0/node0/memory28/node0/memory31/node0 HTTP/1.1" 200 3919 "-" "Amazon CloudFront"
64.252.74.227 - - [13/Sep/2026:12:51:53 +0000] "GET /sitemap348.xml?path=%2F%2Fsys%2Fbus%2Fcpu%2Fdevices%2Fcpu3%2Fnode0%2Fmemory0%2Fsubsystem%2Fdevices%2Fmemory8%2Fnode0%2Fcpu3%2Fnode0%2Fcpu1%2Fpower HTTP/1.1" 200 3237 "-" "Amazon CloudFront"
64.252.76.84 - - [13/Sep/2026:12:51:54 +0000] "GET /sitemap348.xml?fileloc=%2F%2Fsys%2Fbus%2Fcpu%2Fdevices%2Fcpu4%2Fnode0%2Fmemory30%2Fnode0%2Fcpu4%2Fnode0%2Fcpu5%2Fdriver%2Fcpu7%2Fnode0%2Fcpu2%2Fonline&path=%2F%2Fsys%2Fbus%2Fcpu%2Fdevices%2Fcpu4%2Fnode0%2Fmemory30%2Fnode0%2Fcpu4%2Fnode0%2Fcpu5%2Fdriver%2Fcpu7%2Fnode0%2Fcpu2 HTTP/1.1" 200 2654 "-" "Amazon CloudFront"
64.252.69.197 - - [13/Sep/2026:12:51:55 +0000] "GET /?path=//sys/class/thermal/cooling_device1/subsystem/cooling_device7/device/subsystem/devices/PNP0A03:00/device:12/subsystem/devices/device:1a/subsystem/devices/PNP0A03:00/device:06/subsystem/devices/device:13/subsystem/devices/LNXCPU:05/physical_node/driver/cpu5/driver/cpu0/driver/cpu2/firmware_node/physical_node/node0/cpu2/node0/memory4/subsystem/devices/memory14/node0/memory14/node0/memory30/node0/memory11/subsystem/devices/memory7/node0/memory25/node0 HTTP/1.1" 200 3923 "-" "Amazon CloudFront"
64.252.67.163 - - [13/Sep/2026:12:51:58 +0000] "GET /products/detail/293871501?fileloc=//usr/share/git-core/templates/hooks/applypatch-msg.sample&path=//usr/share/git-core/templates/hooks HTTP/1.1" 200 2858 "-" "Amazon CloudFront"
64.252.69.197 - - [13/Sep/2026:12:51:57 +0000] "GET /?path=//sys/class/thermal/cooling_device1/subsystem/cooling_device7/device/subsystem/devices/PNP0A03:00/device:12/subsystem/devices/device:1a/subsystem/devices/PNP0A03:00/device:06/subsystem/devices/device:13/subsystem/devices/LNXCPU:05/physical_node/driver/cpu5/driver/cpu0/driver/cpu3/driver/cpu5/node0/memory1/node0/memory3/node0/memory31/node0/memory31/node0/memory30/node0/memory20/node0/cpu5/node0/memory14/power HTTP/1.1" 200 3629 "-" "Amazon CloudFront"
64.252.67.36 - - [13/Sep/2026:12:51:58 +0000] "GET /products/detail/167571450?fileloc=//proc/22213/root/bin/mysqlbinlog&path=//proc/22213/root/bin HTTP/1.1" 200 2573 "-" "Amazon CloudFront"
64.252.67.36 - - [13/Sep/2026:12:51:58 +0000] "GET /?path=//sys/class/thermal/cooling_device1/subsystem/cooling_device7/device/subsystem/devices/PNP0A03:00/device:12/subsystem/devices/device:1a/subsystem/devices/PNP0A03:00/device:06/subsystem/devices/device:13/subsystem/devices/LNXCPU:05/physical_node/driver/cpu5/driver/cpu0/driver/cpu2/firmware_node/physical_node/node0/memory4/subsystem/devices/memory20/node0/memory21/node0/memory16/node0/memory21/node0/memory9/node0/cpu7/node0 HTTP/1.1" 200 5594 "-" "Amazon CloudFront"
64.252.67.163 - - [13/Sep/2026:12:52:00 +0000] "GET /?fileloc=//sys/class/thermal/cooling_device1/subsystem/cooling_device7/device/subsystem/devices/PNP0A03:00/device:12/subsystem/devices/device:1a/subsystem/devices/PNP0A03:00/device:06/subsystem/devices/device:13/subsystem/devices/LNXCPU:05/physical_node/driver/cpu5/driver/cpu4/driver/cpu0/driver/cpu2/node0/cpu3/node0/memory8/node0/memory22/node0/cpu4/node0/memory6/node0/memory10/state&path=//sys/class/thermal/cooling_device1/subsystem/cooling_device7/device/subsystem/devices/PNP0A03:00/device:12/subsystem/devices/device:1a/subsystem/devices/PNP0A03:00/device:06/subsystem/devices/device:13/subsystem/devices/LNXCPU:05/physical_node/driver/cpu5/driver/cpu4/driver/cpu0/driver/cpu2/node0/cpu3/node0/memory8/node0/memory22/node0/cpu4/node0/memory6/node0/memory10 HTTP/1.1" 200 2989 "-" "Amazon CloudFront"
64.252.69.197 - - [13/Sep/2026:12:52:03 +0000] "GET /?path=//sys/class/thermal/cooling_device1/subsystem/cooling_device7/device/subsystem/devices/device:21/subsystem/devices/LNXCPU:01/physical_node/driver/cpu6/power HTTP/1.1" 200 3304 "-" "Amazon CloudFront"
64.252.67.163 - - [13/Sep/2026:12:52:03 +0000] "GET /products/detail/208628339?path=//sys/bus/node/devices/node0/cpu1/driver/cpu7/driver/cpu2/node0/cpu1/firmware_node/thermal_cooling/subsystem/cooling_device7/device/physical_node/firmware_node/subsystem/devices/LNXSYSTM:00/LNXSYBUS:00/PNP0A03:00/physical_node/0000:00:1e.0/nvme/nvme1/nvme1n1/device/nvme1n1/holders/md0/slaves/nvme2n1/holders/md0/md/dev-nvme2n1/block/mq/2 HTTP/1.1" 200 3514 "-" "Amazon CloudFront"
64.252.67.163 - - [13/Sep/2026:12:52:06 +0000] "GET /products/detail/167571450?fileloc=//proc/22213/root/tmp/sess_k10ppdi1s5bthvqjkk2cth2ofi&path=//proc/22213/root/tmp HTTP/1.1" 200 2590 "-" "Amazon CloudFront"
64.252.67.36 - - [13/Sep/2026:12:52:07 +0000] "GET /?fileloc=//sys/class/thermal/cooling_device1/subsystem/cooling_device7/device/subsystem/devices/PNP0A03:00/device:06/physical_node/driver/0000:00:1e.0/subsystem/devices/0000:00:01.0/remove&path=//sys/class/thermal/cooling_device1/subsystem/cooling_device7/device/subsystem/devices/PNP0A03:00/device:06/physical_node/driver/0000:00:1e.0/subsystem/devices/0000:00:01.0 HTTP/1.1" 200 2720 "-" "Amazon CloudFront"
64.252.67.163 - - [13/Sep/2026:12:52:08 +0000] "GET /?path=//sys/class/thermal/cooling_device1/subsystem/cooling_device7/device/subsystem/devices/PNP0A03:00/device:12/subsystem/devices/LNXSYBUS:00/LNXCPU:04/subsystem/devices/device:07/power HTTP/1.1" 200 3281 "-" "Amazon CloudFront"
64.252.67.163 - - [13/Sep/2026:12:52:09 +0000] "GET /?path=//sys/class/thermal/cooling_device1/subsystem/cooling_device7/device/subsystem/devices/PNP0A03:00/device:12/subsystem/devices/device:1a/subsystem/devices/PNP0A03:00/device:06/subsystem/devices/device:13/subsystem/devices/LNXCPU:05/physical_node/driver/cpu5/driver/cpu4/node0/memory0/node0/memory15/node0/cpu4/node0/cpu3/node0/cpu7/node0/cpu4/node0/memory17/node0/cpu1/node0/memory27 HTTP/1.1" 200 3843 "-" "Amazon CloudFront"
64.252.69.197 - - [13/Sep/2026:12:52:11 +0000] "GET /products/detail/293871501?fileloc=//usr/share/vim/vim81/syntax/sbt.vim&path=//usr/share/vim/vim81/syntax HTTP/1.1" 200 2995 "-" "Amazon CloudFront"
64.252.69.197 - - [13/Sep/2026:12:52:11 +0000] "GET /?path=//sys/class/vc/vcsa4/subsystem/vcs4/subsystem/vcs4 HTTP/1.1" 200 3064 "-" "Amazon CloudFront"
64.252.67.36 - - [13/Sep/2026:12:52:14 +0000] "GET /?path=//sys/class/thermal/cooling_device1/subsystem/cooling_device7/device/subsystem/devices/PNP0A03:00/device:12/subsystem/devices/device:1a/subsystem/devices/PNP0A03:00/device:06/subsystem/devices/device:13/subsystem/devices/LNXCPU:05/physical_node/driver/cpu5/driver/cpu0/driver/cpu2/firmware_node/physical_node/node0/cpu1/node0/cpu4/node0/cpu7/driver/cpu5/node0/cpu4/driver/cpu6 HTTP/1.1" 200 3918 "-" "Amazon CloudFront"
64.252.69.197 - - [13/Sep/2026:12:52:16 +0000] "GET /products/detail/293871501?fileloc=//usr/lib/python3.6/site-packages/s3transfer/__init__.py&path=//usr/lib/python3.6/site-packages/s3transfer HTTP/1.1" 200 9746 "-" "Amazon CloudFront"
64.252.69.197 - - [13/Sep/2026:12:52:16 +0000] "GET /?path=//sys/class/thermal/cooling_device1/subsystem/cooling_device7/device/subsystem/devices/PNP0A03:00/device:12/subsystem/devices/device:1a/subsystem/devices/PNP0A03:00/device:06/subsystem/devices/device:13/subsystem/devices/LNXCPU:05/physical_node/driver/cpu5/driver/cpu0/driver/cpu3/driver/cpu5/node0/memory1/node0/memory31/node0/memory27/node0/cpu2/node0/cpu3/node0 HTTP/1.1" 200 5438 "-" "Amazon CloudFront"
64.252.67.36 - - [13/Sep/2026:12:52:18 +0000] "GET /products/detail/167571450?path=//proc/22213/root/proc/9956/map_files HTTP/1.1" 200 2638 "-" "Amazon CloudFront"
64.252.66.61 - - [13/Sep/2026:12:52:19 +0000] "GET /?path=//sys/class/thermal/cooling_device1/subsystem/cooling_device7/device/subsystem/devices/PNP0A03:00/device:12/subsystem/devices/device:1a/subsystem/devices/PNP0A03:00/device:06/subsystem/devices/device:13/subsystem/devices/LNXCPU:05/physical_node/driver/cpu5/driver/cpu0/driver/cpu5/node0/memory25/node0/memory20/node0/memory32/node0/memory30/subsystem/devices/memory0/node0/cpu3/node0/memory12/node0/memory17/node0/cpu7/hotplug HTTP/1.1" 200 3513 "-" "Amazon CloudFront"
64.252.69.197 - - [13/Sep/2026:12:52:22 +0000] "GET /products/detail/293871501?fileloc=//usr/include/mysql/private/sql_string.h&path=//usr/include/mysql/private HTTP/1.1" 200 7026 "-" "Amazon CloudFront"
64.252.67.36 - - [13/Sep/2026:12:52:22 +0000] "GET /?path=//sys/class/thermal/cooling_device1/subsystem/cooling_device7/device/subsystem/devices/PNP0A03:00/device:12/subsystem/devices/device:10/subsystem/devices/PNP0A03:00/device:03/power HTTP/1.1" 200 3259 "-" "Amazon CloudFront"
64.252.67.163 - - [13/Sep/2026:12:52:25 +0000] "GET /?fileloc=//sys/class/thermal/cooling_device1/subsystem/cooling_device7/device/subsystem/devices/PNP0A03:00/device:12/subsystem/devices/LNXSYBUS:00/LNXCPU:04/physical_node/firmware_node/thermal_cooling/max_state&path=//sys/class/thermal/cooling_device1/subsystem/cooling_device7/device/subsystem/devices/PNP0A03:00/device:12/subsystem/devices/LNXSYBUS:00/LNXCPU:04/physical_node/firmware_node/thermal_cooling HTTP/1.1" 200 2743 "-" "Amazon CloudFront"
64.252.67.36 - - [13/Sep/2026:12:52:27 +0000] "GET /?fileloc=//sys/dev/block/9:0/queue/hw_sector_size&path=//sys/dev/block/9:0/queue HTTP/1.1" 200 2585 "-" "Amazon CloudFront"
