64.252.67.36 - - [13/Sep/2026:13:12:57 +0000] "GET /?fileloc=//sys/class/thermal/cooling_device1/subsystem/cooling_device7/device/subsystem/devices/PNP0A03:00/device:12/subsystem/devices/device:02/subsystem/drivers/hpet/unbind&path=//sys/class/thermal/cooling_device1/subsystem/cooling_device7/device/subsystem/devices/PNP0A03:00/device:12/subsystem/devices/device:02/subsystem/drivers/hpet HTTP/1.1" 200 2705 "-" "Amazon CloudFront"
64.252.67.36 - - [13/Sep/2026:13:12:58 +0000] "GET /?path=//sys/class/thermal/cooling_device3/device/physical_node/node0/memory28/node0/cpu5/firmware_node/subsystem/devices/PNP0A03:00/physical_node/pci_bus/0000:00/device/0000:00:1f.0/driver/0000:00:04.0/subsystem/drivers/nvme/0000:00:04.0/driver/0000:00:1f.0/nvme/nvme2/nvme2n1/holders/md0/slaves/nvme1n1/holders/md0/queue HTTP/1.1" 200 4884 "-" "Amazon CloudFront"
64.252.66.61 - - [13/Sep/2026:13:13:02 +0000] "GET /?fileloc=//sys/class/thermal/cooling_device1/subsystem/cooling_device7/device/subsystem/devices/PNP0A03:00/device:12/subsystem/devices/device:1a/subsystem/devices/PNP0A03:00/device:06/subsystem/devices/device:13/subsystem/devices/LNXCPU:05/physical_node/driver/cpu5/driver/cpu7/driver/cpu5/driver/cpu5/node0/memory31/node0/memory7/node0/memory7/node0/memory23/node0/memory25/node0/memory0/node0/memory14/node0/cpu4/node0/vmstat&path=//sys/class/thermal/cooling_device1/subsystem/cooling_device7/device/subsystem/devices/PNP0A03:00/device:12/subsystem/devices/device:1a/subsystem/devices/PNP0A03:00/device:06/subsystem/devices/device:13/subsystem/devices/LNXCPU:05/physical_node/driver/cpu5/driver/cpu7/driver/cpu5/driver/cpu5/node0/memory31/node0/memory7/node0/memory7/node0/memory23/node0/memory25/node0/memory0/node0/memory14/node0/cpu4/node0 HTTP/1.1" 200 3428 "-" "Amazon CloudFront"
64.252.67.163 - - [13/Sep/2026:13:13:02 +0000] "GET /?path=//sys/class/thermal/cooling_device3/device/physical_node/node0/memory28/node0/cpu5/firmware_node/subsystem/devices/PNP0A03:00/physical_node/pci_bus/0000:00/device/0000:00:04.0/subsystem/devices/0000:00:1f.0/driver/0000:00:1e.0/driver/module/drivers/pci:nvme/0000:00:1f.0/nvme/nvme2/nvme2n1/holders/md0/md/dev-nvme2n1/block/mq/6/cpu6 HTTP/1.1" 200 3038 "-" "Amazon CloudFront"
64.252.67.163 - - [13/Sep/2026:13:13:04 +0000] "GET /?fileloc=//sys/class/thermal/cooling_device1/subsystem/cooling_device7/device/subsystem/devices/PNP0A03:00/device:12/subsystem/devices/device:1a/subsystem/devices/PNP0A03:00/device:06/subsystem/devices/device:13/subsystem/devices/LNXCPU:05/physical_node/driver/cpu5/driver/cpu7/driver/cpu5/driver/cpu5/node0/memory8/node0/memory23/node0/memory9/node0/memory4/node0/memory18/subsystem/devices/memory13/node0/memory19/node0/memory17/removable&path=//sys/class/thermal/cooling_device1/subsystem/cooling_device7/device/subsystem/devices/PNP0A03:00/device:12/subsystem/devices/device:1a/subsystem/devices/PNP0A03:00/device:06/subsystem/devices/device:13/subsystem/devices/LNXCPU:05/physical_node/driver/cpu5/driver/cpu7/driver/cpu5/driver/cpu5/node0/memory8/node0/memory23/node0/memory9/node0/memory4/node0/memory18/subsystem/devices/memory13/node0/memory19/node0/memory17 HTTP/1.1" 200 3029 "-" "Amazon CloudFront"
64.252.69.197 - - [13/Sep/2026:13:13:06 +0000] "GET /?path=//sys/class/thermal/cooling_device3/device/physical_node/node0/memory28/node0/cpu5/firmware_node/subsystem/devices/PNP0A03:00/physical_node/pci_bus/0000:00/device/0000:00:05.0/subsystem/drivers/nvme/module/drivers/pci:nvme/0000:00:1f.0/driver/0000:00:04.0/driver/0000:00:1e.0/nvme/nvme1/nvme1n1/holders/md0/md/rd1/block/mq/3 HTTP/1.1" 200 3506 "-" "Amazon CloudFront"
64.252.67.36 - - [13/Sep/2026:13:13:07 +0000] "GET /?fileloc=//sys/class/thermal/cooling_device1/subsystem/cooling_device7/device/subsystem/devices/PNP0A03:00/device:12/subsystem/devices/device:1a/subsystem/devices/PNP0A03:00/device:06/subsystem/devices/device:13/subsystem/devices/LNXCPU:05/physical_node/driver/cpu5/driver/cpu7/driver/cpu5/driver/cpu5/node0/memory30/subsystem/devices/memory17/node0/memory6/subsystem/devices/memory3/subsystem/devices/memory15/node0/memory18/node0/memory1/node0/memory8/removable&path=//sys/class/thermal/cooling_device1/subsystem/cooling_device7/device/subsystem/devices/PNP0A03:00/device:12/subsystem/devices/device:1a/subsystem/devices/PNP0A03:00/device:06/subsystem/devices/device:13/subsystem/devices/LNXCPU:05/physical_node/driver/cpu5/driver/cpu7/driver/cpu5/driver/cpu5/node0/memory30/subsystem/devices/memory17/node0/memory6/subsystem/devices/memory3/subsystem/devices/memory15/node0/memory18/node0/memory1/node0/memory8 HTTP/1.1" 200 3045 "-" "Amazon CloudFront"
64.252.66.61 - - [13/Sep/2026:13:13:10 +0000] "GET /?fileloc=//sys/class/thermal/cooling_device1/subsystem/cooling_device7/device/subsystem/devices/PNP0A03:00/device:12/subsystem/devices/device:1a/subsystem/devices/PNP0A03:00/device:06/subsystem/devices/device:13/subsystem/devices/LNXCPU:05/physical_node/driver/cpu5/driver/cpu7/driver/cpu5/driver/cpu5/node0/memory31/node0/memory26/subsystem/devices/memory17/node0/memory12/node0/memory18/subsystem/devices/memory3/node0/memory4/removable&path=//sys/class/thermal/cooling_device1/subsystem/cooling_device7/device/subsystem/devices/PNP0A03:00/device:12/subsystem/devices/device:1a/subsystem/devices/PNP0A03:00/device:06/subsystem/devices/device:13/subsystem/devices/LNXCPU:05/physical_node/driver/cpu5/driver/cpu7/driver/cpu5/driver/cpu5/node0/memory31/node0/memory26/subsystem/devices/memory17/node0/memory12/node0/memory18/subsystem/devices/memory3/node0/memory4 HTTP/1.1" 200 3016 "-" "Amazon CloudFront"
64.252.69.197 - - [13/Sep/2026:13:13:10 +0000] "GET /?fileloc=//sys/class/thermal/cooling_device1/subsystem/cooling_device7/device/subsystem/devices/PNP0A03:00/device:12/subsystem/devices/device:1a/subsystem/devices/PNP0A03:00/device:06/subsystem/devices/device:13/subsystem/devices/LNXCPU:05/physical_node/driver/cpu5/driver/cpu4/node0/memory0/node0/memory15/subsystem/devices/memory7/node0/memory4/node0/memory11/node0/memory24/node0/memory13/node0/cpu7/node0/memory28/subsystem/devices/memory3/node0/power/autosuspend_delay_ms&path=//sys/class/thermal/cooling_device1/subsystem/cooling_device7/device/subsystem/devices/PNP0A03:00/device:12/subsystem/devices/device:1a/subsystem/devices/PNP0A03:00/device:06/subsystem/devices/device:13/subsystem/devices/LNXCPU:05/physical_node/driver/cpu5/driver/cpu4/node0/memory0/node0/memory15/subsystem/devices/memory7/node0/memory4/node0/memory11/node0/memory24/node0/memory13/node0/cpu7/node0/memory28/subsystem/devices/memory3/node0/power HTTP/1.1" 200 3102 "-" "Amazon CloudFront"
64.252.120.98 - - [13/Sep/2026:13:13:10 +0000] "GET /?fileloc=//usr/share/doc/freetype-devel-2.8/reference/ft2-gx_validation.html&path=//usr/share/doc/freetype-devel-2.8/reference HTTP/1.1" 200 5760 "-" "Amazon CloudFront"
64.252.67.163 - - [13/Sep/2026:13:13:10 +0000] "GET /?path=//sys/class/thermal/cooling_device3/device/physical_node/node0/memory28/node0/cpu5/firmware_node/subsystem/devices/PNP0A03:00/physical_node/pci_bus/0000:00/device/0000:00:1f.0/driver/module/drivers/pci:nvme/0000:00:04.0/subsystem/drivers/nvme/0000:00:1f.0/driver/0000:00:1e.0/nvme/nvme1/nvme1n1/holders/md0/slaves/nvme1n1/bdi HTTP/1.1" 200 3633 "-" "Amazon CloudFront"
64.252.67.163 - - [13/Sep/2026:13:13:12 +0000] "GET /?fileloc=//sys/class/thermal/cooling_device1/subsystem/cooling_device7/device/subsystem/devices/PNP0A03:00/device:12/subsystem/devices/device:1a/subsystem/devices/PNP0A03:00/device:06/subsystem/devices/device:13/subsystem/devices/LNXCPU:05/physical_node/driver/cpu5/driver/cpu7/driver/cpu5/driver/cpu5/node0/memory31/node0/memory26/subsystem/devices/memory17/node0/memory12/node0/memory18/subsystem/devices/memory19/node0/memory9/node0/memory13/valid_zones&path=//sys/class/thermal/cooling_device1/subsystem/cooling_device7/device/subsystem/devices/PNP0A03:00/device:12/subsystem/devices/device:1a/subsystem/devices/PNP0A03:00/device:06/subsystem/devices/device:13/subsystem/devices/LNXCPU:05/physical_node/driver/cpu5/driver/cpu7/driver/cpu5/driver/cpu5/node0/memory31/node0/memory26/subsystem/devices/memory17/node0/memory12/node0/memory18/subsystem/devices/memory19/node0/memory9/node0/memory13 HTTP/1.1" 200 3047 "-" "Amazon CloudFront"
64.252.67.36 - - [13/Sep/2026:13:13:14 +0000] "GET /?path=//sys/class/thermal/cooling_device3/device/physical_node/node0/memory28/node0/cpu5/firmware_node/subsystem/devices/PNP0A03:00/physical_node/pci_bus/0000:00/device/0000:00:1f.0/driver/0000:00:04.0/driver/0000:00:1f.0/nvme/nvme2/nvme2n1/holders/md0/md/dev-nvme2n1/block/subsystem/nvme2n1/holders/md0/md/rd1/block/slaves HTTP/1.1" 200 3002 "-" "Amazon CloudFront"
64.252.67.163 - - [13/Sep/2026:13:13:15 +0000] "GET /?fileloc=//sys/class/thermal/cooling_device1/subsystem/cooling_device7/device/subsystem/devices/PNP0A03:00/device:12/subsystem/devices/device:1a/subsystem/devices/PNP0A03:00/device:06/subsystem/devices/device:13/subsystem/devices/LNXCPU:05/physical_node/driver/cpu5/driver/cpu7/driver/cpu5/driver/cpu5/node0/memory8/node0/memory26/node0/memory7/node0/memory9/node0/cpu6/firmware_node/physical_node/node0/memory29/valid_zones&path=//sys/class/thermal/cooling_device1/subsystem/cooling_device7/device/subsystem/devices/PNP0A03:00/device:12/subsystem/devices/device:1a/subsystem/devices/PNP0A03:00/device:06/subsystem/devices/device:13/subsystem/devices/LNXCPU:05/physical_node/driver/cpu5/driver/cpu7/driver/cpu5/driver/cpu5/node0/memory8/node0/memory26/node0/memory7/node0/memory9/node0/cpu6/firmware_node/physical_node/node0/memory29 HTTP/1.1" 200 3005 "-" "Amazon CloudFront"
64.252.66.61 - - [13/Sep/2026:13:13:18 +0000] "GET /?path=//sys/class/thermal/cooling_device3/device/physical_node/node0/cpu1/driver/cpu0/node0/cpu2/driver/cpu7/firmware_node/subsystem/devices/device:02/PNP0F13:00/subsystem HTTP/1.1" 200 3283 "-" "Amazon CloudFront"
64.252.69.197 - - [13/Sep/2026:13:13:19 +0000] "GET /?fileloc=//sys/class/thermal/cooling_device1/subsystem/cooling_device7/device/subsystem/devices/PNP0A03:00/device:12/subsystem/devices/device:1a/subsystem/devices/PNP0A03:00/device:06/subsystem/devices/device:13/subsystem/devices/LNXCPU:05/physical_node/driver/cpu5/driver/cpu4/node0/memory31/subsystem/devices/memory22/node0/memory24/node0/cpu7/node0/memory13/node0/memory31/node0/cpu7/node0/memory22/node0/memory24/subsystem/devices/memory4/online&path=//sys/class/thermal/cooling_device1/subsystem/cooling_device7/device/subsystem/devices/PNP0A03:00/device:12/subsystem/devices/device:1a/subsystem/devices/PNP0A03:00/device:06/subsystem/devices/device:13/subsystem/devices/LNXCPU:05/physical_node/driver/cpu5/driver/cpu4/node0/memory31/subsystem/devices/memory22/node0/memory24/node0/cpu7/node0/memory13/node0/memory31/node0/cpu7/node0/memory22/node0/memory24/subsystem/devices/memory4 HTTP/1.1" 200 3032 "-" "Amazon CloudFront"
64.252.71.147 - - [13/Sep/2026:13:13:20 +0000] "GET /prizes/127391632?fileloc=/tmp/sess_2l1pnqetfvjvj19a3kmbvei4su&path=/tmp HTTP/1.1" 200 2557 "-" "Amazon CloudFront"
64.252.71.147 - - [13/Sep/2026:13:13:20 +0000] "GET /prizes/110960773?fileloc=/proc/self/clear_refs&path=/proc/self HTTP/1.1" 200 2553 "-" "Amazon CloudFront"
64.252.71.147 - - [13/Sep/2026:13:13:21 +0000] "GET /prizes/49718147?path=/media HTTP/1.1" 200 2590 "-" "Amazon CloudFront"
64.252.69.197 - - [13/Sep/2026:13:13:21 +0000] "GET /?fileloc=//sys/class/thermal/cooling_device1/subsystem/cooling_device7/device/subsystem/devices/PNP0A03:00/device:12/subsystem/devices/device:1a/subsystem/devices/PNP0A03:00/device:06/subsystem/devices/device:13/subsystem/devices/LNXCPU:05/physical_node/driver/cpu5/driver/cpu4/node0/memory31/subsystem/devices/memory2/node0/memory8/subsystem/devices/memory14/node0/memory11/node0/memory8/node0/cpu2/node0/memory3/node0/memory2/node0/memory26/online&path=//sys/class/thermal/cooling_device1/subsystem/cooling_device7/device/subsystem/devices/PNP0A03:00/device:12/subsystem/devices/device:1a/subsystem/devices/PNP0A03:00/device:06/subsystem/devices/device:13/subsystem/devices/LNXCPU:05/physical_node/driver/cpu5/driver/cpu4/node0/memory31/subsystem/devices/memory2/node0/memory8/subsystem/devices/memory14/node0/memory11/node0/memory8/node0/cpu2/node0/memory3/node0/memory2/node0/memory26 HTTP/1.1" 200 3039 "-" "Amazon CloudFront"
64.252.66.61 - - [13/Sep/2026:13:13:22 +0000] "GET /?path=//sys/class/thermal/cooling_device3/device/physical_node/node0/cpu1/driver/cpu0/node0/cpu2/driver/cpu7/firmware_node/subsystem/devices/LNXSYBUS:00/PNP0A03:00/device:0c HTTP/1.1" 200 3378 "-" "Amazon CloudFront"
64.252.67.36 - - [13/Sep/2026:13:13:23 +0000] "GET /?fileloc=//sys/class/thermal/cooling_device1/subsystem/cooling_device7/device/subsystem/devices/PNP0A03:00/device:12/subsystem/devices/device:1a/subsystem/devices/PNP0A03:00/device:06/subsystem/devices/device:13/subsystem/devices/LNXCPU:05/physical_node/driver/cpu5/driver/cpu4/node0/memory31/subsystem/devices/memory22/node0/memory24/node0/cpu7/node0/memory8/node0/cpu3/node0/memory5/subsystem/devices/memory13/online&path=//sys/class/thermal/cooling_device1/subsystem/cooling_device7/device/subsystem/devices/PNP0A03:00/device:12/subsystem/devices/device:1a/subsystem/devices/PNP0A03:00/device:06/subsystem/devices/device:13/subsystem/devices/LNXCPU:05/physical_node/driver/cpu5/driver/cpu4/node0/memory31/subsystem/devices/memory22/node0/memory24/node0/cpu7/node0/memory8/node0/cpu3/node0/memory5/subsystem/devices/memory13 HTTP/1.1" 200 3011 "-" "Amazon CloudFront"
64.252.67.36 - - [13/Sep/2026:13:13:24 +0000] "GET /?fileloc=//sys/class/thermal/cooling_device1/subsystem/cooling_device7/device/subsystem/devices/PNP0A03:00/device:12/subsystem/devices/device:1a/subsystem/devices/PNP0A03:00/device:06/subsystem/devices/device:13/subsystem/devices/LNXCPU:05/physical_node/driver/cpu5/driver/cpu4/node0/memory31/node0/memory8/subsystem/devices/memory28/subsystem/devices/memory8/node0/memory19/node0/memory0/node0/memory22/node0/memory10/node0/memory23/node0/memory28/uevent&path=//sys/class/thermal/cooling_device1/subsystem/cooling_device7/device/subsystem/devices/PNP0A03:00/device:12/subsystem/devices/device:1a/subsystem/devices/PNP0A03:00/device:06/subsystem/devices/device:13/subsystem/devices/LNXCPU:05/physical_node/driver/cpu5/driver/cpu4/node0/memory31/node0/memory8/subsystem/devices/memory28/subsystem/devices/memory8/node0/memory19/node0/memory0/node0/memory22/node0/memory10/node0/memory23/node0/memory28 HTTP/1.1" 200 3043 "-" "Amazon CloudFront"
64.252.71.147 - - [13/Sep/2026:13:13:24 +0000] "GET /prizes/122287511?path=/var/www/volumes/e84084814a2d41d5a0d21be8fb696124 HTTP/1.1" 200 2642 "-" "Amazon CloudFront"
64.252.67.36 - - [13/Sep/2026:13:13:26 +0000] "GET /?fileloc=//sys/class/thermal/cooling_device1/subsystem/cooling_device7/device/subsystem/devices/LNXCPU:06/subsystem/drivers/tpm_crb/bind&path=//sys/class/thermal/cooling_device1/subsystem/cooling_device7/device/subsystem/devices/LNXCPU:06/subsystem/drivers/tpm_crb HTTP/1.1" 200 2670 "-" "Amazon CloudFront"
64.252.66.61 - - [13/Sep/2026:13:13:28 +0000] "GET /?path=//sys/class/thermal/cooling_device3/device/physical_node/node0/cpu1/driver/cpu0/node0/cpu2/driver/cpu3/firmware_node/subsystem/devices/PNP0C0F:00/subsystem/drivers HTTP/1.1" 200 3171 "-" "Amazon CloudFront"
64.252.67.163 - - [13/Sep/2026:13:13:28 +0000] "GET /?path=//sys/class/thermal/cooling_device1/subsystem/cooling_device7/device/subsystem/devices/PNP0A03:00/device:12/subsystem/devices/device:1a/subsystem/devices/PNP0A03:00/device:06/subsystem/devices/device:1a/subsystem/devices/LNXCPU:06/physical_node/firmware_node/physical_node/driver/cpu4/node0/memory23/node0/cpu3/node0/memory17/subsystem/devices/memory22/node0/memory31/node0/memory30/subsystem/devices/memory17/node0/memory14/node0/memory3/node0/memory18/power HTTP/1.1" 200 3681 "-" "Amazon CloudFront"
64.252.67.163 - - [13/Sep/2026:13:13:30 +0000] "GET /?path=//sys/class/thermal/cooling_device3/device/physical_node/node0/memory28/node0/cpu5/firmware_node/subsystem/devices/PNP0A03:00/physical_node/pci_bus/0000:00/device/0000:00:05.0/subsystem/devices/0000:00:1f.0/driver/0000:00:1f.0/nvme/nvme2/nvme2n1/holders/md0/md/dev-nvme2n1/block/holders/md0/md/rd0/block/mq/1 HTTP/1.1" 200 3452 "-" "Amazon CloudFront"
64.252.66.61 - - [13/Sep/2026:13:13:31 +0000] "GET /?path=//sys/class/thermal/cooling_device1/subsystem/cooling_device7/device/subsystem/devices/PNP0A03:00/device:12/subsystem/devices/device:1a/subsystem/devices/PNP0A03:00/device:06/subsystem/devices/device:13/subsystem/devices/LNXCPU:05/physical_node/driver/cpu5/driver/cpu4/node0/memory31/node0/memory8/subsystem/devices/memory28/subsystem/devices/memory20/node0/memory2/node0/memory15/node0/memory9/node0/memory0/node0/memory6/node0/memory14/subsystem/devices HTTP/1.1" 200 3127 "-" "Amazon CloudFront"
64.252.66.61 - - [13/Sep/2026:13:13:34 +0000] "GET /?path=//sys/class/thermal/cooling_device1/subsystem/cooling_device7/device/subsystem/devices/PNP0A03:00/device:12/subsystem/devices/device:1a/subsystem/devices/PNP0A03:00/device:06/subsystem/devices/device:13/subsystem/devices/LNXCPU:05/physical_node/driver/cpu5/driver/cpu4/node0/memory31/node0/memory8/subsystem/devices/memory28/subsystem/devices/memory25/subsystem/devices/memory10/node0/cpu1/firmware_node/subsystem/drivers/button/LNXPWRBN:00/subsystem/devices HTTP/1.1" 200 5732 "-" "Amazon CloudFront"
64.252.66.61 - - [13/Sep/2026:13:13:34 +0000] "GET /?path=//sys/class/thermal/cooling_device3/device/physical_node/node0/cpu1/driver/cpu0/node0/cpu2/driver/cpu1/subsystem/drivers/processor/cpu4/firmware_node/thermal_cooling HTTP/1.1" 200 3348 "-" "Amazon CloudFront"
64.252.67.163 - - [13/Sep/2026:13:13:37 +0000] "GET /?path=//sys/class/thermal/cooling_device1/subsystem/cooling_device7/device/subsystem/devices/PNP0A03:00/device:12/subsystem/devices/device:1a/subsystem/devices/PNP0A03:00/device:06/subsystem/devices/device:13/subsystem/devices/LNXCPU:05/physical_node/driver/cpu5/driver/cpu4/node0/memory31/node0/memory8/subsystem/devices/memory28/subsystem/devices/memory25/node0/memory9/node0/memory14/node0/memory20/node0/memory23/node0/memory21/node0/memory18/subsystem/devices HTTP/1.1" 200 3130 "-" "Amazon CloudFront"
64.252.67.163 - - [13/Sep/2026:13:13:38 +0000] "GET /products/detail/208628339?path=//sys/bus/node/devices/node0/cpu1/driver/cpu7/driver/cpu2/node0/cpu1/firmware_node/thermal_cooling/device/physical_node/firmware_node/subsystem/devices/LNXSYSTM:00/LNXSYBUS:00/PNP0A03:00/device:06/physical_node/nvme/nvme0/nvme0n1/device/nvme0n1/nvme0n1p128/subsystem/nvme2n1/holders/md0/md/rd0/block/holders/md0/md/rd1/block/mq/6 HTTP/1.1" 200 3517 "-" "Amazon CloudFront"
64.252.66.61 - - [13/Sep/2026:13:13:39 +0000] "GET /?path=//sys/class/thermal/cooling_device1/subsystem/cooling_device7/device/subsystem/devices/PNP0A03:00/device:12/subsystem/devices/device:1a/subsystem/devices/PNP0A03:00/device:06/subsystem/devices/device:13/subsystem/devices/LNXCPU:05/physical_node/driver/cpu5/driver/cpu7/firmware_node/physical_node/node0/memory3/subsystem/devices/memory25/node0/memory28/node0/memory18/subsystem/devices/memory21/node0/cpu0/subsystem/devices/cpu7/node0/cpu3/node0/memory23/subsystem HTTP/1.1" 200 3677 "-" "Amazon CloudFront"
64.252.69.197 - - [13/Sep/2026:13:13:40 +0000] "GET /?path=//sys/class/thermal/cooling_device1/subsystem/cooling_device7/device/subsystem/devices/PNP0A03:00/device:12/subsystem/devices/device:1a/subsystem/devices/PNP0A03:00/device:06/subsystem/devices/device:13/subsystem/devices/LNXCPU:05/physical_node/driver/cpu5/driver/cpu4/node0/memory31/node0/memory8/subsystem/devices/memory28/node0/memory32/subsystem/devices/memory12/subsystem/devices/memory20/node0/memory22/node0/memory0/node0/memory10/node0/memory32/power HTTP/1.1" 200 3680 "-" "Amazon CloudFront"
64.252.67.163 - - [13/Sep/2026:13:13:42 +0000] "GET /?fileloc=//sys/class/thermal/cooling_device1/subsystem/cooling_device7/device/subsystem/devices/PNP0A03:00/device:12/subsystem/devices/device:1a/subsystem/devices/PNP0A03:00/device:06/subsystem/devices/device:13/subsystem/devices/LNXCPU:05/physical_node/driver/cpu5/driver/cpu0/driver/cpu5/node0/memory25/node0/memory32/node0/memory12/node0/memory4/subsystem/devices/memory29/node0/memory25/node0/memory29/node0/memory29/phys_device&path=//sys/class/thermal/cooling_device1/subsystem/cooling_device7/device/subsystem/devices/PNP0A03:00/device:12/subsystem/devices/device:1a/subsystem/devices/PNP0A03:00/device:06/subsystem/devices/device:13/subsystem/devices/LNXCPU:05/physical_node/driver/cpu5/driver/cpu0/driver/cpu5/node0/memory25/node0/memory32/node0/memory12/node0/memory4/subsystem/devices/memory29/node0/memory25/node0/memory29/node0/memory29 HTTP/1.1" 200 2993 "-" "Amazon CloudFront"
64.252.66.61 - - [13/Sep/2026:13:13:42 +0000] "GET /?fileloc=//sys/class/thermal/cooling_device1/subsystem/cooling_device7/device/subsystem/devices/PNP0A03:00/device:12/subsystem/devices/device:1a/subsystem/devices/PNP0A03:00/device:06/subsystem/devices/device:13/subsystem/devices/LNXCPU:05/physical_node/driver/cpu5/driver/cpu4/node0/memory31/node0/memory29/node0/memory32/node0/memory17/subsystem/devices/memory4/subsystem/devices/memory26/node0/memory7/node0/memory20/node0/memory20/phys_device&path=//sys/class/thermal/cooling_device1/subsystem/cooling_device7/device/subsystem/devices/PNP0A03:00/device:12/subsystem/devices/device:1a/subsystem/devices/PNP0A03:00/device:06/subsystem/devices/device:13/subsystem/devices/LNXCPU:05/physical_node/driver/cpu5/driver/cpu4/node0/memory31/node0/memory29/node0/memory32/node0/memory17/subsystem/devices/memory4/subsystem/devices/memory26/node0/memory7/node0/memory20/node0/memory20 HTTP/1.1" 200 3025 "-" "Amazon CloudFront"
64.252.66.61 - - [13/Sep/2026:13:13:42 +0000] "GET /?path=//sys/class/thermal/cooling_device3/device/physical_node/node0/memory28/node0/cpu5/firmware_node/subsystem/devices/PNP0A03:00/physical_node/pci_bus/0000:00/device/0000:00:05.0/subsystem/devices/0000:00:04.0/driver/module/drivers/pci:nvme/0000:00:1e.0/driver/module/drivers/pci:nvme/0000:00:1f.0/nvme/nvme2/nvme2n1/holders/md0/slaves/nvme1n1/power HTTP/1.1" 200 3567 "-" "Amazon CloudFront"
64.252.66.61 - - [13/Sep/2026:13:13:45 +0000] "GET /?fileloc=//sys/class/thermal/cooling_device1/subsystem/cooling_device7/device/subsystem/devices/PNP0A03:00/device:12/subsystem/devices/device:1a/subsystem/devices/PNP0A03:00/device:06/subsystem/devices/device:13/subsystem/devices/LNXCPU:05/physical_node/driver/cpu5/driver/cpu4/node0/memory31/node0/memory29/node0/memory32/node0/cpu1/node0/memory9/node0/memory8/node0/cpu7/node0/cpu5/node0/memory1/node0/memory6/phys_device&path=//sys/class/thermal/cooling_device1/subsystem/cooling_device7/device/subsystem/devices/PNP0A03:00/device:12/subsystem/devices/device:1a/subsystem/devices/PNP0A03:00/device:06/subsystem/devices/device:13/subsystem/devices/LNXCPU:05/physical_node/driver/cpu5/driver/cpu4/node0/memory31/node0/memory29/node0/memory32/node0/cpu1/node0/memory9/node0/memory8/node0/cpu7/node0/cpu5/node0/memory1/node0/memory6 HTTP/1.1" 200 3017 "-" "Amazon CloudFront"
64.252.67.163 - - [13/Sep/2026:13:13:46 +0000] "GET /products/detail/208628339?path=//sys/bus/node/devices/node0/cpu1/driver/cpu7/driver/cpu2/node0/cpu1/firmware_node/thermal_cooling/device/physical_node/firmware_node/subsystem/devices/LNXSYSTM:00/LNXSYBUS:00/PNP0A03:00/device:06/physical_node/nvme/nvme0/nvme0n1/device/nvme0n1/nvme0n1p128/subsystem/nvme2n1/holders/md0/md/rd0/block/holders/md0/md/rd1/block/mq/5 HTTP/1.1" 200 3517 "-" "Amazon CloudFront"
64.252.66.61 - - [13/Sep/2026:13:13:47 +0000] "GET /?fileloc=//sys/class/thermal/cooling_device1/subsystem/cooling_device7/device/subsystem/devices/PNP0A03:00/device:12/subsystem/devices/device:1a/subsystem/devices/PNP0A03:00/device:06/subsystem/devices/device:13/subsystem/devices/LNXCPU:05/physical_node/driver/cpu5/driver/cpu1/driver/cpu2/driver/cpu5/node0/cpu6/node0/memory6/node0/cpu1/firmware_node/physical_node/firmware_node/physical_node/node0/memory0/node0/memory20/node0/memory1/uevent&path=//sys/class/thermal/cooling_device1/subsystem/cooling_device7/device/subsystem/devices/PNP0A03:00/device:12/subsystem/devices/device:1a/subsystem/devices/PNP0A03:00/device:06/subsystem/devices/device:13/subsystem/devices/LNXCPU:05/physical_node/driver/cpu5/driver/cpu1/driver/cpu2/driver/cpu5/node0/cpu6/node0/memory6/node0/cpu1/firmware_node/physical_node/firmware_node/physical_node/node0/memory0/node0/memory20/node0/memory1 HTTP/1.1" 200 3008 "-" "Amazon CloudFront"
64.252.66.61 - - [13/Sep/2026:13:13:50 +0000] "GET /products/detail/208628339?path=//sys/bus/node/devices/node0/cpu1/driver/cpu7/driver/cpu2/node0/cpu1/firmware_node/thermal_cooling/device/physical_node/firmware_node/subsystem/devices/LNXSYSTM:00/LNXSYBUS:00/PNP0A03:00/device:06/physical_node/nvme/nvme0/device/nvme/nvme0/nvme0n1/nvme0n1p128/subsystem/nvme1n1/holders/md0/md/rd1/block/holders/md0/md/dev-nvme1n1/block/mq/4 HTTP/1.1" 200 3524 "-" "Amazon CloudFront"
64.252.67.163 - - [13/Sep/2026:13:13:50 +0000] "GET /?path=//sys/class/thermal/cooling_device1/subsystem/cooling_device6/subsystem/cooling_device7/subsystem/cooling_device6/device/physical_node/node0/memory27/node0/memory23/node0/cpu1 HTTP/1.1" 200 3534 "-" "Amazon CloudFront"
64.252.66.61 - - [13/Sep/2026:13:13:53 +0000] "GET /?fileloc=//sys/class/thermal/cooling_device1/subsystem/cooling_device7/device/subsystem/devices/PNP0A03:00/device:12/subsystem/devices/device:1a/subsystem/devices/PNP0A03:00/device:06/subsystem/devices/device:13/subsystem/devices/LNXCPU:05/physical_node/driver/cpu5/driver/cpu4/node0/memory31/node0/memory8/subsystem/devices/memory28/subsystem/devices/memory25/node0/memory9/node0/memory32/node0/memory28/node0/memory31/node0/memory5/node0/memory10/phys_index&path=//sys/class/thermal/cooling_device1/subsystem/cooling_device7/device/subsystem/devices/PNP0A03:00/device:12/subsystem/devices/device:1a/subsystem/devices/PNP0A03:00/device:06/subsystem/devices/device:13/subsystem/devices/LNXCPU:05/physical_node/driver/cpu5/driver/cpu4/node0/memory31/node0/memory8/subsystem/devices/memory28/subsystem/devices/memory25/node0/memory9/node0/memory32/node0/memory28/node0/memory31/node0/memory5/node0/memory10 HTTP/1.1" 200 3046 "-" "Amazon CloudFront"
64.252.66.61 - - [13/Sep/2026:13:13:54 +0000] "GET /?path=//sys/class/thermal/cooling_device3/device/physical_node/node0/cpu1/driver/cpu0/node0/cpu2/driver/cpu7/firmware_node/subsystem/devices/LNXSYBUS:00/PNP0A03:00/device:0a HTTP/1.1" 200 3378 "-" "Amazon CloudFront"
64.252.67.36 - - [13/Sep/2026:13:13:55 +0000] "GET /?path=//sys/class/thermal/cooling_device1/subsystem/cooling_device7/device/subsystem/devices/PNP0A03:00/device:12/subsystem/devices/device:1a/subsystem/devices/PNP0A03:00/device:06/subsystem/devices/device:13/subsystem/devices/LNXCPU:05/physical_node/driver/cpu5/driver/cpu4/node0/memory31/node0/memory8/subsystem/devices/memory19/node0/memory2/node0/cpu6/node0/memory31/node0/memory2/subsystem/devices/memory6/node0/memory14/node0/memory4 HTTP/1.1" 200 3911 "-" "Amazon CloudFront"
64.252.66.61 - - [13/Sep/2026:13:13:58 +0000] "GET /?path=//sys/class/thermal/cooling_device3/device/physical_node/node0/memory28/node0/cpu5/firmware_node/subsystem/devices/PNP0A03:00/physical_node/pci_bus/0000:00/device/0000:00:1e.0/driver/module/drivers/pci:nvme/0000:00:1f.0/nvme/nvme2/nvme2n1/subsystem/nvme1n1/holders/md0/md/rd0/block/holders/md0/slaves/nvme2n1/slaves HTTP/1.1" 200 3014 "-" "Amazon CloudFront"
64.252.66.61 - - [13/Sep/2026:13:13:58 +0000] "GET /?path=//sys/class/thermal/cooling_device1/subsystem/cooling_device7/device/subsystem/devices/PNP0A03:00/device:12/subsystem/devices/device:1a/subsystem/devices/PNP0A03:00/device:06/subsystem/devices/device:13/subsystem/devices/LNXCPU:05/physical_node/driver/cpu5/driver/cpu4/node0/memory31/node0/memory29/node0/memory32/node0/memory17/subsystem/devices/memory9/node0/memory8/node0/cpu0/node0/cpu2/driver/cpu0/node0/memory1/subsystem/drivers HTTP/1.1" 200 3069 "-" "Amazon CloudFront"
64.252.66.61 - - [13/Sep/2026:13:14:01 +0000] "GET /?fileloc=//sys/class/thermal/cooling_device1/subsystem/cooling_device7/device/subsystem/devices/PNP0A03:00/device:12/subsystem/devices/device:1a/subsystem/devices/PNP0A03:00/device:06/subsystem/devices/device:13/subsystem/devices/LNXCPU:05/physical_node/driver/cpu5/driver/cpu4/node0/memory31/subsystem/devices/memory22/node0/memory29/node0/memory13/node0/memory10/node0/cpu3/node0/memory10/node0/cpu4/node0/memory30/node0/memory11/node0/meminfo&path=//sys/class/thermal/cooling_device1/subsystem/cooling_device7/device/subsystem/devices/PNP0A03:00/device:12/subsystem/devices/device:1a/subsystem/devices/PNP0A03:00/device:06/subsystem/devices/device:13/subsystem/devices/LNXCPU:05/physical_node/driver/cpu5/driver/cpu4/node0/memory31/subsystem/devices/memory22/node0/memory29/node0/memory13/node0/memory10/node0/cpu3/node0/memory10/node0/cpu4/node0/memory30/node0/memory11/node0 HTTP/1.1" 200 3033 "-" "Amazon CloudFront"
64.252.67.36 - - [13/Sep/2026:13:14:03 +0000] "GET /?path=//sys/class/thermal/cooling_device1/subsystem/cooling_device7/device/subsystem/devices/PNP0A03:00/device:12/subsystem/devices/device:1a/subsystem/devices/PNP0A03:00/device:06/subsystem/devices/device:13/subsystem/devices/LNXCPU:05/physical_node/driver/cpu5/driver/cpu7/driver/cpu5/driver/cpu5/node0/memory30/subsystem/devices/memory17/node0/memory1/node0/cpu4/subsystem/devices/cpu2/driver/cpu5/driver/cpu4 HTTP/1.1" 200 3982 "-" "Amazon CloudFront"
64.252.66.61 - - [13/Sep/2026:13:14:03 +0000] "GET /products/detail/208628339?path=//sys/bus/node/devices/node0/cpu1/driver/cpu7/driver/cpu2/node0/cpu4/firmware_node/thermal_cooling/device/physical_node/firmware_node/thermal_cooling/device/subsystem/devices/PNP0A03:00/device:21/physical_node/subsystem/drivers/nvme/module/drivers/pci:nvme/0000:00:1f.0/nvme/nvme2/nvme2n1/holders/md0/md/dev-nvme2n1/block/holders/md0/slaves/nvme1n1/bdi HTTP/1.1" 200 3682 "-" "Amazon CloudFront"
64.252.69.197 - - [13/Sep/2026:13:14:04 +0000] "GET /?path=//sys/class/thermal/cooling_device1/subsystem/cooling_device7/device/subsystem/devices/PNP0A03:00/device:12/subsystem/devices/device:1a/subsystem/devices/PNP0A03:00/device:06/subsystem/devices/device:13/subsystem/devices/LNXCPU:05/physical_node/driver/cpu5/driver/cpu7/firmware_node/physical_node/node0/memory3/subsystem/devices/memory26/node0/memory10/node0/memory27/node0/memory30/node0/memory13/node0/cpu1/node0/memory5/node0/cpu0/firmware_node/power HTTP/1.1" 200 3687 "-" "Amazon CloudFront"
64.252.67.36 - - [13/Sep/2026:13:14:06 +0000] "GET /?path=//sys/class/thermal/cooling_device3/device/physical_node/node0/memory28/node0/cpu5/firmware_node/subsystem/devices/PNP0A03:00/physical_node/pci_bus/0000:00/device/0000:00:1f.0/driver/module/drivers/pci:nvme/0000:00:1f.0/driver/0000:00:1e.0/nvme/nvme1/subsystem/nvme2/nvme2n1/holders/md0/md/rd0/block/mq/0/cpu0 HTTP/1.1" 200 3023 "-" "Amazon CloudFront"
64.252.69.197 - - [13/Sep/2026:13:14:06 +0000] "GET /?path=//sys/class/thermal/cooling_device1/subsystem/cooling_device7/device/subsystem/devices/PNP0A03:00/device:12/subsystem/devices/device:1a/subsystem/devices/PNP0A03:00/device:06/subsystem/devices/device:13/subsystem/devices/LNXCPU:05/physical_node/driver/cpu5/driver/cpu7/firmware_node/physical_node/node0/memory3/subsystem/devices/memory24/subsystem/devices/memory9/node0/memory23/node0/cpu2/driver/cpu0/node0/cpu0/node0/memory0/power HTTP/1.1" 200 3657 "-" "Amazon CloudFront"
64.252.66.61 - - [13/Sep/2026:13:14:09 +0000] "GET /?path=//sys/class/thermal/cooling_device1/subsystem/cooling_device7/device/subsystem/devices/PNP0A03:00/device:12/subsystem/devices/device:1a/subsystem/devices/PNP0A03:00/device:06/subsystem/devices/device:13/subsystem/devices/LNXCPU:05/physical_node/driver/cpu5/driver/cpu7/firmware_node/physical_node/node0/memory3/subsystem/devices/memory26/node0/memory10/node0/cpu4/driver/cpu4/node0/memory30/subsystem/devices/memory4/node0/cpu4/node0/memory4/power HTTP/1.1" 200 3667 "-" "Amazon CloudFront"
64.252.67.163 - - [13/Sep/2026:13:14:10 +0000] "GET /?path=//sys/class/thermal/cooling_device3/device/physical_node/node0/memory28/node0/cpu5/firmware_node/subsystem/devices/PNP0A03:00/physical_node/pci_bus/0000:00/device/0000:00:1e.0/driver/module/drivers/pci:nvme/0000:00:1f.0/nvme/nvme2/nvme2n1/subsystem/nvme1n1/holders/md0/md/rd0/block/holders/md0/slaves/nvme2n1/mq HTTP/1.1" 200 3544 "-" "Amazon CloudFront"
64.252.67.36 - - [13/Sep/2026:13:14:12 +0000] "GET /?fileloc=//sys/class/thermal/cooling_device1/subsystem/cooling_device7/device/subsystem/devices/PNP0A03:00/device:12/subsystem/devices/device:10/subsystem/devices/PNP0A03:00/device:01/path&path=//sys/class/thermal/cooling_device1/subsystem/cooling_device7/device/subsystem/devices/PNP0A03:00/device:12/subsystem/devices/device:10/subsystem/devices/PNP0A03:00/device:01 HTTP/1.1" 200 2714 "-" "Amazon CloudFront"
64.252.120.98 - - [13/Sep/2026:13:14:14 +0000] "GET /?fileloc=//usr/share/locale/nl/LC_MESSAGES/wget.mo&path=//usr/share/locale/nl/LC_MESSAGES HTTP/1.1" 200 2590 "-" "Amazon CloudFront"
64.252.67.36 - - [13/Sep/2026:13:14:14 +0000] "GET /?fileloc=//sys/class/thermal/cooling_device1/subsystem/cooling_device7/device/subsystem/devices/PNP0A03:00/device:12/subsystem/devices/device:1a/subsystem/devices/PNP0A03:00/device:06/subsystem/devices/device:13/subsystem/devices/LNXCPU:05/physical_node/driver/cpu5/driver/cpu0/driver/cpu5/node0/memory25/node0/memory32/node0/memory12/node0/memory31/subsystem/devices/memory13/subsystem/devices/memory32/node0/memory29/node0/memory29/node0/memory19/removable&path=//sys/class/thermal/cooling_device1/subsystem/cooling_device7/device/subsystem/devices/PNP0A03:00/device:12/subsystem/devices/device:1a/subsystem/devices/PNP0A03:00/device:06/subsystem/devices/device:13/subsystem/devices/LNXCPU:05/physical_node/driver/cpu5/driver/cpu0/driver/cpu5/node0/memory25/node0/memory32/node0/memory12/node0/memory31/subsystem/devices/memory13/subsystem/devices/memory32/node0/memory29/node0/memory29/node0/memory19 HTTP/1.1" 200 3043 "-" "Amazon CloudFront"
64.252.67.163 - - [13/Sep/2026:13:14:15 +0000] "GET /?path=//sys/class/thermal/cooling_device3/device/physical_node/node0/memory28/node0/cpu5/firmware_node/subsystem/devices/PNP0A03:00/physical_node/pci_bus/0000:00/device/0000:00:1e.0/driver/module/drivers/pci:nvme/0000:00:1e.0/driver/0000:00:1f.0/nvme/nvme2/subsystem/nvme2/nvme2n1/holders/md0/md/rd1/block/holders/md0/slaves/nvme2n1 HTTP/1.1" 200 4459 "-" "Amazon CloudFront"
64.252.67.163 - - [13/Sep/2026:13:14:17 +0000] "GET /?fileloc=//sys/class/thermal/cooling_device1/subsystem/cooling_device7/device/subsystem/devices/PNP0A03:00/device:12/subsystem/devices/device:1a/subsystem/devices/PNP0A03:00/device:06/subsystem/devices/device:13/subsystem/devices/LNXCPU:05/physical_node/driver/cpu5/driver/cpu0/driver/cpu5/node0/memory25/node0/memory32/node0/memory16/node0/memory21/node0/memory31/node0/memory4/node0/memory25/node0/memory25/removable&path=//sys/class/thermal/cooling_device1/subsystem/cooling_device7/device/subsystem/devices/PNP0A03:00/device:12/subsystem/devices/device:1a/subsystem/devices/PNP0A03:00/device:06/subsystem/devices/device:13/subsystem/devices/LNXCPU:05/physical_node/driver/cpu5/driver/cpu0/driver/cpu5/node0/memory25/node0/memory32/node0/memory16/node0/memory21/node0/memory31/node0/memory4/node0/memory25/node0/memory25 HTTP/1.1" 200 3000 "-" "Amazon CloudFront"
64.252.67.163 - - [13/Sep/2026:13:14:18 +0000] "GET /?path=//sys/class/thermal/cooling_device3/device/physical_node/node0/memory28/node0/cpu5/firmware_node/subsystem/devices/PNP0A03:00/physical_node/pci_bus/0000:00/device/0000:00:04.0/driver/0000:00:04.0/driver/0000:00:1e.0/nvme/nvme1/nvme1n1/holders/md0/slaves/nvme2n1/holders/md0/md/rd1/block/subsystem/nvme1n1/mq/0 HTTP/1.1" 200 3457 "-" "Amazon CloudFront"
64.252.66.61 - - [13/Sep/2026:13:14:20 +0000] "GET /?fileloc=//sys/class/thermal/cooling_device1/subsystem/cooling_device7/device/subsystem/devices/PNP0A03:00/device:12/subsystem/devices/device:1a/subsystem/devices/PNP0A03:00/device:06/subsystem/devices/device:13/subsystem/devices/LNXCPU:05/physical_node/driver/cpu5/driver/cpu7/driver/cpu5/driver/cpu5/node0/memory30/subsystem/devices/memory17/node0/memory6/subsystem/devices/memory3/subsystem/devices/memory15/node0/hugepages/hugepages-1048576kB/nr_hugepages&path=//sys/class/thermal/cooling_device1/subsystem/cooling_device7/device/subsystem/devices/PNP0A03:00/device:12/subsystem/devices/device:1a/subsystem/devices/PNP0A03:00/device:06/subsystem/devices/device:13/subsystem/devices/LNXCPU:05/physical_node/driver/cpu5/driver/cpu7/driver/cpu5/driver/cpu5/node0/memory30/subsystem/devices/memory17/node0/memory6/subsystem/devices/memory3/subsystem/devices/memory15/node0/hugepages/hugepages-1048576kB HTTP/1.1" 200 3028 "-" "Amazon CloudFront"
64.252.69.197 - - [13/Sep/2026:13:14:22 +0000] "GET /products/detail/208628339?path=//sys/bus/node/devices/node0/cpu1/driver/cpu7/driver/cpu2/node0/cpu1/firmware_node/thermal_cooling/device/physical_node/firmware_node/subsystem/devices/LNXSYBUS:00/PNP0A03:00/device:06/physical_node/subsystem/drivers/nvme/module/drivers/pci:nvme/0000:00:1e.0/nvme/nvme1/nvme1n1/holders/md0/md/rd1/block/holders/md0/slaves/nvme2n1/mq/3 HTTP/1.1" 200 3531 "-" "Amazon CloudFront"
64.252.67.163 - - [13/Sep/2026:13:14:22 +0000] "GET /?path=//sys/class/thermal/cooling_device1/subsystem/cooling_device7/device/physical_node/firmware_node/subsystem/devices/LNXCPU:01/physical_node/node0/memory20/node0 HTTP/1.1" 200 4519 "-" "Amazon CloudFront"
64.252.67.36 - - [13/Sep/2026:13:14:25 +0000] "GET /?path=//sys/class/thermal/cooling_device1/subsystem/cooling_device7/device/subsystem/devices/PNP0A03:00/device:12/subsystem/devices/device:1a/subsystem/devices/PNP0A03:00/device:06/subsystem/devices/device:13/subsystem/devices/LNXCPU:05/physical_node/driver/cpu5/driver/cpu4/node0/memory31/subsystem/devices/memory31/node0/cpu6/node0/memory15/node0/memory8/node0/memory22/node0/memory16/node0/cpu3/driver/cpu3/node0/subsystem/devices/node0 HTTP/1.1" 200 3927 "-" "Amazon CloudFront"
64.252.69.197 - - [13/Sep/2026:13:14:26 +0000] "GET /?fileloc=//sys/class/thermal/cooling_device1/subsystem/cooling_device7/device/subsystem/devices/PNP0A03:00/device:12/subsystem/devices/device:1a/subsystem/devices/PNP0A03:00/device:06/subsystem/devices/device:13/subsystem/devices/LNXCPU:05/physical_node/driver/cpu5/driver/cpu4/node0/memory15/node0/memory5/subsystem/devices/memory5/node0/memory1/node0/cpu2/node0/cpu0/driver/cpu1/node0/memory28/node0/memory32/node0/memory24/power/runtime_suspended_time&path=//sys/class/thermal/cooling_device1/subsystem/cooling_device7/device/subsystem/devices/PNP0A03:00/device:12/subsystem/devices/device:1a/subsystem/devices/PNP0A03:00/device:06/subsystem/devices/device:13/subsystem/devices/LNXCPU:05/physical_node/driver/cpu5/driver/cpu4/node0/memory15/node0/memory5/subsystem/devices/memory5/node0/memory1/node0/cpu2/node0/cpu0/driver/cpu1/node0/memory28/node0/memory32/node0/memory24/power HTTP/1.1" 200 3054 "-" "Amazon CloudFront"
64.252.69.197 - - [13/Sep/2026:13:14:26 +0000] "GET /?path=//sys/class/thermal/cooling_device3/device/physical_node/node0/memory28/node0/cpu5/firmware_node/subsystem/devices/PNP0A03:00/physical_node/pci_bus/0000:00/device/0000:00:04.0/driver/0000:00:04.0/driver/0000:00:1e.0/nvme/nvme1/nvme1n1/holders/md0/subsystem/nvme2n1/holders/md0/md/rd1/block/mq/5/cpu5 HTTP/1.1" 200 2989 "-" "Amazon CloudFront"
64.252.67.36 - - [13/Sep/2026:13:14:27 +0000] "GET /?path=//sys/class/thermal/cooling_device1/subsystem/cooling_device7/device/subsystem/devices/PNP0A03:00/device:12/subsystem/devices/device:1a/subsystem/devices/PNP0A03:00/device:06/subsystem/devices/device:13/subsystem/devices/LNXCPU:05/physical_node/driver/cpu5/driver/cpu4/node0/memory15/node0/memory10/node0/memory6/node0/memory18/node0/memory1/subsystem/devices/memory23/node0/memory32/subsystem/devices/memory24/node0/memory6/node0/memory21 HTTP/1.1" 200 3925 "-" "Amazon CloudFront"
64.252.66.61 - - [13/Sep/2026:13:14:28 +0000] "GET /?fileloc=//sys/class/thermal/cooling_device1/subsystem/cooling_device6/subsystem/cooling_device7/subsystem/cooling_device6/device/physical_node/node0/memory23/node0/memory23/node0/memory32/phys_index&path=//sys/class/thermal/cooling_device1/subsystem/cooling_device6/subsystem/cooling_device7/subsystem/cooling_device6/device/physical_node/node0/memory23/node0/memory23/node0/memory32 HTTP/1.1" 200 2698 "-" "Amazon CloudFront"
64.252.66.61 - - [13/Sep/2026:13:14:28 +0000] "GET /?path=//sys/class/thermal/cooling_device1/subsystem/cooling_device7/device/subsystem/devices/PNP0A03:00/device:12/subsystem/devices/device:1a/subsystem/devices/PNP0A03:00/device:06/subsystem/devices/device:13/subsystem/devices/LNXCPU:05/physical_node/driver/cpu5/driver/cpu4/node0/memory31/subsystem/devices/memory24/node0/memory30/node0/memory19/node0/memory16/node0/memory26/node0/memory10/node0/memory8/node0/cpu6/node0/memory29/node0 HTTP/1.1" 200 3930 "-" "Amazon CloudFront"
64.252.67.36 - - [13/Sep/2026:13:14:30 +0000] "GET /?path=//sys/class/thermal/cooling_device3/device/physical_node/node0/cpu6/driver/cpu0/node0/cpu5/firmware_node/subsystem/devices/device:12/subsystem/devices/LNXSYSTM:00/LNXSYBUS:00/PNP0A03:00/physical_node/pci_bus/0000:00/device/0000:00:1f.0/driver/module/drivers/pci:nvme/0000:00:1f.0/nvme/nvme2/nvme2n1/holders/md0/md/dev-nvme1n1/block/holders/md0/md/rd0/block/mq/6/cpu6 HTTP/1.1" 200 3094 "-" "Amazon CloudFront"
64.252.67.36 - - [13/Sep/2026:13:14:30 +0000] "GET /?path=//sys/class/thermal/cooling_device1/subsystem/cooling_device7/device/subsystem/devices/PNP0A03:00/device:12/subsystem/devices/device:1a/subsystem/devices/PNP0A03:00/device:06/subsystem/devices/device:1a/subsystem/devices/LNXCPU:06/physical_node/firmware_node/physical_node/driver/cpu4/node0/memory26/node0/memory24/node0/memory20/node0/memory26/subsystem/devices/memory27/node0/memory9/subsystem/devices/memory28/node0/cpu0/node0/memory5/node0/cpu6 HTTP/1.1" 200 4007 "-" "Amazon CloudFront"
64.252.69.197 - - [13/Sep/2026:13:14:31 +0000] "GET /?fileloc=//sys/class/thermal/cooling_device1/subsystem/cooling_device7/device/subsystem/devices/PNP0A03:00/device:12/subsystem/devices/device:1a/subsystem/devices/PNP0A03:00/device:06/subsystem/devices/device:13/subsystem/devices/LNXCPU:05/physical_node/driver/cpu5/driver/cpu4/node0/memory31/subsystem/devices/memory22/node0/memory24/node0/memory11/node0/memory12/subsystem/devices/memory22/node0/memory18/subsystem/devices/memory1/node0/memory8/node0/memory14/phys_index&path=//sys/class/thermal/cooling_device1/subsystem/cooling_device7/device/subsystem/devices/PNP0A03:00/device:12/subsystem/devices/device:1a/subsystem/devices/PNP0A03:00/device:06/subsystem/devices/device:13/subsystem/devices/LNXCPU:05/physical_node/driver/cpu5/driver/cpu4/node0/memory31/subsystem/devices/memory22/node0/memory24/node0/memory11/node0/memory12/subsystem/devices/memory22/node0/memory18/subsystem/devices/memory1/node0/memory8/node0/memory14 HTTP/1.1" 200 3051 "-" "Amazon CloudFront"
64.252.66.61 - - [13/Sep/2026:13:14:34 +0000] "GET /products/detail/208628339?path=//sys/bus/node/devices/node0/cpu1/driver/cpu7/driver/cpu2/node0/cpu1/firmware_node/thermal_cooling/device/physical_node/firmware_node/subsystem/devices/LNXSYSTM:00/LNXSYBUS:00/PNP0A03:00/device:06/physical_node/nvme/nvme0/device/nvme/nvme0/nvme0n1/nvme0n1p1/subsystem/nvme1n1/holders/md0/md/dev-nvme2n1/block/holders/md0/slaves/nvme2n1/mq/3/cpu3 HTTP/1.1" 200 3056 "-" "Amazon CloudFront"
64.252.69.197 - - [13/Sep/2026:13:14:35 +0000] "GET /?fileloc=//sys/class/thermal/cooling_device1/subsystem/cooling_device7/device/subsystem/devices/PNP0A03:00/device:12/subsystem/devices/device:1a/subsystem/devices/PNP0A03:00/device:06/subsystem/devices/device:13/subsystem/devices/LNXCPU:05/physical_node/driver/cpu5/driver/cpu4/node0/memory31/subsystem/devices/memory22/node0/memory24/node0/cpu7/driver/cpu0/node0/memory19/node0/memory1/subsystem/devices/memory4/phys_index&path=//sys/class/thermal/cooling_device1/subsystem/cooling_device7/device/subsystem/devices/PNP0A03:00/device:12/subsystem/devices/device:1a/subsystem/devices/PNP0A03:00/device:06/subsystem/devices/device:13/subsystem/devices/LNXCPU:05/physical_node/driver/cpu5/driver/cpu4/node0/memory31/subsystem/devices/memory22/node0/memory24/node0/cpu7/driver/cpu0/node0/memory19/node0/memory1/subsystem/devices/memory4 HTTP/1.1" 200 3008 "-" "Amazon CloudFront"
64.252.67.163 - - [13/Sep/2026:13:14:36 +0000] "GET /?fileloc=//sys/class/thermal/cooling_device1/subsystem/cooling_device7/device/subsystem/devices/PNP0A03:00/device:12/subsystem/devices/device:1a/subsystem/devices/PNP0A03:00/device:06/subsystem/devices/device:13/subsystem/devices/LNXCPU:05/physical_node/driver/cpu5/driver/cpu4/node0/memory31/subsystem/devices/memory22/node0/memory1/subsystem/devices/memory3/subsystem/devices/memory19/subsystem/devices/memory11/node0/memory18/node0/memory13/phys_index&path=//sys/class/thermal/cooling_device1/subsystem/cooling_device7/device/subsystem/devices/PNP0A03:00/device:12/subsystem/devices/device:1a/subsystem/devices/PNP0A03:00/device:06/subsystem/devices/device:13/subsystem/devices/LNXCPU:05/physical_node/driver/cpu5/driver/cpu4/node0/memory31/subsystem/devices/memory22/node0/memory1/subsystem/devices/memory3/subsystem/devices/memory19/subsystem/devices/memory11/node0/memory18/node0/memory13 HTTP/1.1" 200 3020 "-" "Amazon CloudFront"
64.252.66.61 - - [13/Sep/2026:13:14:38 +0000] "GET /?path=//sys/class/thermal/cooling_device3/device/physical_node/node0/cpu1/driver/cpu0/node0/cpu2/driver/cpu3/subsystem/drivers/processor/cpu7/firmware_node/thermal_cooling HTTP/1.1" 200 3352 "-" "Amazon CloudFront"
64.252.69.197 - - [13/Sep/2026:13:14:40 +0000] "GET /?fileloc=//sys/class/thermal/cooling_device1/subsystem/cooling_device7/device/subsystem/devices/PNP0A03:00/device:12/subsystem/devices/device:1a/subsystem/devices/PNP0A03:00/device:06/subsystem/devices/device:13/subsystem/devices/LNXCPU:05/physical_node/driver/cpu5/driver/cpu4/node0/memory31/subsystem/devices/memory22/node0/memory14/node0/cpu6/subsystem/devices/cpu2/driver/cpu7/node0/cpu6/node0/memory11/node0/memory16/phys_index&path=//sys/class/thermal/cooling_device1/subsystem/cooling_device7/device/subsystem/devices/PNP0A03:00/device:12/subsystem/devices/device:1a/subsystem/devices/PNP0A03:00/device:06/subsystem/devices/device:13/subsystem/devices/LNXCPU:05/physical_node/driver/cpu5/driver/cpu4/node0/memory31/subsystem/devices/memory22/node0/memory14/node0/cpu6/subsystem/devices/cpu2/driver/cpu7/node0/cpu6/node0/memory11/node0/memory16 HTTP/1.1" 200 3019 "-" "Amazon CloudFront"
64.252.66.61 - - [13/Sep/2026:13:14:42 +0000] "GET /?path=//sys/class/thermal/cooling_device3/device/physical_node/node0/cpu1/driver/cpu0/node0/cpu2/driver/cpu7/subsystem/devices/cpu6/firmware_node/physical_node/topology HTTP/1.1" 200 3285 "-" "Amazon CloudFront"
64.252.69.197 - - [13/Sep/2026:13:14:42 +0000] "GET /?path=//sys/class/thermal/cooling_device1/subsystem/cooling_device6/subsystem/cooling_device7/subsystem/cooling_device6/device/physical_node/node0/memory27/node0/memory23/node0/cpu5 HTTP/1.1" 200 3534 "-" "Amazon CloudFront"
64.252.66.61 - - [13/Sep/2026:13:14:44 +0000] "GET /?fileloc=//sys/class/thermal/cooling_device1/subsystem/cooling_device7/device/subsystem/devices/PNP0A03:00/device:12/subsystem/devices/device:10/subsystem/devices/PNP0501:00/status&path=//sys/class/thermal/cooling_device1/subsystem/cooling_device7/device/subsystem/devices/PNP0A03:00/device:12/subsystem/devices/device:10/subsystem/devices/PNP0501:00 HTTP/1.1" 200 2698 "-" "Amazon CloudFront"
64.252.67.36 - - [13/Sep/2026:13:14:46 +0000] "GET /?path=//sys/class/thermal/cooling_device3/device/physical_node/node0/memory28/node0/cpu5/firmware_node/subsystem/devices/PNP0A03:00/physical_node/pci_bus/0000:00/device/0000:00:1e.0/driver/0000:00:04.0/driver/0000:00:04.0/subsystem/devices/0000:00:1e.0/nvme/nvme1/nvme1n1/holders/md0/slaves/nvme1n1/holders/md0/md/dev-nvme1n1/block/integrity HTTP/1.1" 200 3586 "-" "Amazon CloudFront"
64.252.67.163 - - [13/Sep/2026:13:14:47 +0000] "GET /?path=//sys/class/thermal/cooling_device1/subsystem/cooling_device6/subsystem/cooling_device7/subsystem/cooling_device6/device/physical_node/node0/memory27/node0/memory23/node0/memory3 HTTP/1.1" 200 3469 "-" "Amazon CloudFront"
64.252.69.197 - - [13/Sep/2026:13:14:49 +0000] "GET /?path=//sys/class/thermal/cooling_device1/subsystem/cooling_device7/device/subsystem/devices/PNP0A03:00/device:12/subsystem/devices/device:1a/subsystem/devices/PNP0A03:00/device:06/subsystem/devices/device:13/subsystem/devices/LNXCPU:05/physical_node/driver/cpu5/driver/cpu4/node0/memory31/node0/memory8/subsystem/devices/memory28/subsystem/devices/memory25/subsystem/devices/memory13/node0/memory27/node0/memory11/node0/cpu2/node0/memory1/node0/memory27/subsystem HTTP/1.1" 200 3673 "-" "Amazon CloudFront"
64.252.66.61 - - [13/Sep/2026:13:14:52 +0000] "GET /?path=//sys/class/thermal/cooling_device3/device/physical_node/node0/memory28/node0/cpu5/firmware_node/subsystem/devices/PNP0A03:00/physical_node/pci_bus/0000:00/device/0000:00:1e.0/driver/0000:00:04.0/driver/0000:00:04.0/subsystem/devices/0000:00:1e.0/nvme/nvme1/nvme1n1/holders/md0/md/rd0/block/mq/4/cpu4 HTTP/1.1" 200 2993 "-" "Amazon CloudFront"
64.252.67.163 - - [13/Sep/2026:13:14:52 +0000] "GET /?path=//sys/class/thermal/cooling_device1/subsystem/cooling_device6/subsystem/cooling_device7/subsystem/cooling_device6/device/physical_node/node0/memory27/node0/memory23/node0/memory2 HTTP/1.1" 200 3468 "-" "Amazon CloudFront"
64.252.67.36 - - [13/Sep/2026:13:14:54 +0000] "GET /?path=//sys/class/thermal/cooling_device3/device/physical_node/node0/cpu1/driver/cpu0/node0/cpu2/driver/cpu3/subsystem/drivers/processor/cpu7/firmware_node/power HTTP/1.1" 200 3281 "-" "Amazon CloudFront"
