64.252.67.36 - - [13/Sep/2026:12:12:40 +0000] "GET /products/detail/208628339?path=//sys/bus/node/devices/node0/cpu1/driver/cpu7/driver/cpu2/node0/cpu4/firmware_node/thermal_cooling/device/thermal_cooling/device/physical_node/subsystem/drivers/processor/cpu1/firmware_node/subsystem/devices/LNXSYBUS:00/PNP0A03:00/device:20/physical_node/nvme/nvme1/nvme1n1/holders/md0/md/dev-nvme2n1/block/holders/md0/md/dev-nvme1n1/block/mq/3/cpu3 HTTP/1.1" 200 3046 "-" "Amazon CloudFront"
64.252.69.197 - - [13/Sep/2026:12:12:40 +0000] "GET /?fileloc=//sys/class/thermal/cooling_device1/subsystem/cooling_device7/device/subsystem/devices/PNP0A03:00/device:12/subsystem/devices/LNXSLPBN:00/power/wakeup_total_time_ms&path=//sys/class/thermal/cooling_device1/subsystem/cooling_device7/device/subsystem/devices/PNP0A03:00/device:12/subsystem/devices/LNXSLPBN:00/power HTTP/1.1" 200 2703 "-" "Amazon CloudFront"
64.252.69.197 - - [13/Sep/2026:12:12:42 +0000] "GET /?path=//sys/class/thermal/cooling_device3/device/physical_node/node0/memory28/node0/cpu5/firmware_node/subsystem/devices/PNP0A03:00/physical_node/pci_bus/0000:00/device/0000:00:1f.0/driver/0000:00:04.0/subsystem/devices/0000:00:04.0/driver/module/drivers/pci:nvme/module/drivers/pci:nvme/0000:00:1e.0/nvme/nvme1/nvme1n1/mq/5/cpu5 HTTP/1.1" 200 2998 "-" "Amazon CloudFront"
64.252.67.36 - - [13/Sep/2026:12:12:43 +0000] "GET /?fileloc=//sys/class/thermal/cooling_device1/subsystem/cooling_device7/device/subsystem/devices/PNP0A03:00/device:12/subsystem/devices/device:1c/power/runtime_active_time&path=//sys/class/thermal/cooling_device1/subsystem/cooling_device7/device/subsystem/devices/PNP0A03:00/device:12/subsystem/devices/device:1c/power HTTP/1.1" 200 2694 "-" "Amazon CloudFront"
64.252.69.197 - - [13/Sep/2026:12:12:45 +0000] "GET /?path=//sys/class/thermal/cooling_device1/subsystem/cooling_device7/device/subsystem/devices/PNP0A03:00/device:12/subsystem/devices/device:1a/subsystem/devices/PNP0A03:00/device:06/subsystem/devices/device:13/subsystem/devices/LNXCPU:05/physical_node/driver/cpu5/driver/cpu4/node0/cpu1/node0/memory1/node0/memory28/node0/memory29/node0/memory28/node0/memory26/node0/memory19/node0/memory25/subsystem/devices/memory12/node0/memory32 HTTP/1.1" 200 3914 "-" "Amazon CloudFront"
64.252.67.163 - - [13/Sep/2026:12:12:47 +0000] "GET /?path=//sys/class/thermal/cooling_device3/device/physical_node/node0/memory28/node0/cpu5/firmware_node/subsystem/devices/PNP0A03:00/physical_node/pci_bus/0000:00/device/0000:00:1f.0/driver/0000:00:04.0/driver/module/drivers/pci:nvme/0000:00:1e.0/nvme/nvme1/nvme1n1/subsystem/md0/md/dev-nvme1n1/block/holders/md0/md/rd0/block/slaves HTTP/1.1" 200 3027 "-" "Amazon CloudFront"
64.252.67.163 - - [13/Sep/2026:12:12:47 +0000] "GET /?path=//sys/class/thermal/cooling_device1/subsystem/cooling_device6/subsystem/cooling_device7/subsystem/cooling_device6/device/physical_node/node0/memory31/node0/subsystem/drivers HTTP/1.1" 200 2744 "-" "Amazon CloudFront"
64.252.69.197 - - [13/Sep/2026:12:12:49 +0000] "GET /?path=//sys/class/thermal/cooling_device1/subsystem/cooling_device7/device/subsystem/devices/PNP0A03:00/device:12/subsystem/devices/device:1a/subsystem/devices/PNP0A03:00/device:1d/subsystem/devices/device:10/subsystem/devices/device:06/subsystem/devices/device:00/subsystem/devices/device:02/PNP0F13:00/subsystem/devices/LNXCPU:03/subsystem/devices/LNXCPU:05/subsystem/devices/LNXCPU:03/physical_node/node0/memory15/node0/memory29/node0/memory26/node0/memory11/node0/memory22/node0/memory4/node0/memory26/node0 HTTP/1.1" 200 3986 "-" "Amazon CloudFront"
64.252.67.163 - - [13/Sep/2026:12:12:50 +0000] "GET /?path=//sys/class/thermal/cooling_device3/device/physical_node/node0/memory28/node0/cpu5/firmware_node/subsystem/devices/PNP0A03:00/physical_node/pci_bus/0000:00/device/0000:00:04.0/driver/0000:00:04.0/driver/module/drivers/pci:nvme/0000:00:1e.0/nvme/nvme1/nvme1n1/holders/md0/slaves/nvme1n1/subsystem/nvme0n1p1/trace HTTP/1.1" 200 3477 "-" "Amazon CloudFront"
64.252.69.197 - - [13/Sep/2026:12:12:52 +0000] "GET /?path=//sys/class/thermal/cooling_device1/subsystem/cooling_device6/subsystem/cooling_device7/subsystem/cooling_device6/device/physical_node/node0/memory27/node0/cpu1 HTTP/1.1" 200 3486 "-" "Amazon CloudFront"
64.252.67.36 - - [13/Sep/2026:12:12:54 +0000] "GET /?path=//sys/class/thermal/cooling_device1/subsystem/cooling_device6/subsystem/cooling_device7/subsystem/cooling_device6/device/physical_node/node0/memory23/node0/memory18/node0/memory4 HTTP/1.1" 200 3471 "-" "Amazon CloudFront"
64.252.66.61 - - [13/Sep/2026:12:12:55 +0000] "GET /?path=//sys/class/thermal/cooling_device3/device/physical_node/node0/cpu1/driver/cpu0/node0/cpu2/driver/cpu3/firmware_node/subsystem/devices/device:21/physical_node/power HTTP/1.1" 200 3284 "-" "Amazon CloudFront"
64.252.67.163 - - [13/Sep/2026:12:12:56 +0000] "GET /?path=//sys/class/thermal/cooling_device1/subsystem/cooling_device6/subsystem/cooling_device7/subsystem/cooling_device6/device/physical_node/node0/memory9/node0/memory15/node0/memory4 HTTP/1.1" 200 3472 "-" "Amazon CloudFront"
64.252.118.206 - - [13/Sep/2026:12:12:57 +0000] "GET /?fileloc=//usr/share/man/man3/Pod::Perldoc::ToTerm.3pm.gz&path=//usr/share/man/man3 HTTP/1.1" 200 2586 "-" "Amazon CloudFront"
64.252.66.61 - - [13/Sep/2026:12:12:58 +0000] "GET /?path=//sys/class/thermal/cooling_device3/device/physical_node/node0/memory28/node0/cpu5/firmware_node/subsystem/devices/PNP0A03:00/physical_node/pci_bus/0000:00/device/0000:00:1f.0/driver/module/drivers/pci:nvme/0000:00:1e.0/subsystem/devices/0000:00:04.0/driver/0000:00:1f.0/nvme/nvme2/nvme2n1/holders/md0/slaves/nvme2n1/mq/6/cpu6 HTTP/1.1" 200 3026 "-" "Amazon CloudFront"
64.252.67.36 - - [13/Sep/2026:12:12:59 +0000] "GET /?fileloc=//sys/class/thermal/cooling_device1/subsystem/cooling_device7/device/subsystem/devices/PNP0A03:00/device:12/subsystem/devices/device:1a/subsystem/devices/PNP0A03:00/device:06/subsystem/devices/device:13/subsystem/devices/LNXCPU:05/physical_node/driver/cpu5/driver/cpu7/driver/cpu5/driver/cpu5/node0/memory31/node0/memory7/node0/memory6/node0/memory29/node0/memory25/node0/cpu5/node0/cpu4/node0/memory24/phys_index&path=//sys/class/thermal/cooling_device1/subsystem/cooling_device7/device/subsystem/devices/PNP0A03:00/device:12/subsystem/devices/device:1a/subsystem/devices/PNP0A03:00/device:06/subsystem/devices/device:13/subsystem/devices/LNXCPU:05/physical_node/driver/cpu5/driver/cpu7/driver/cpu5/driver/cpu5/node0/memory31/node0/memory7/node0/memory6/node0/memory29/node0/memory25/node0/cpu5/node0/cpu4/node0/memory24 HTTP/1.1" 200 3013 "-" "Amazon CloudFront"
64.252.69.197 - - [13/Sep/2026:12:12:59 +0000] "GET /?fileloc=//sys/class/thermal/cooling_device1/subsystem/cooling_device7/device/subsystem/devices/PNP0A03:00/device:12/subsystem/devices/device:1a/subsystem/devices/PNP0A03:00/device:06/subsystem/devices/device:13/subsystem/devices/LNXCPU:05/physical_node/driver/cpu5/driver/cpu4/node0/memory31/subsystem/devices/memory24/node0/memory30/node0/memory19/node0/memory16/node0/memory26/node0/subsystem/devices/node0/cpu1/node0/memory12/node0/memory20/removable&path=//sys/class/thermal/cooling_device1/subsystem/cooling_device7/device/subsystem/devices/PNP0A03:00/device:12/subsystem/devices/device:1a/subsystem/devices/PNP0A03:00/device:06/subsystem/devices/device:13/subsystem/devices/LNXCPU:05/physical_node/driver/cpu5/driver/cpu4/node0/memory31/subsystem/devices/memory24/node0/memory30/node0/memory19/node0/memory16/node0/memory26/node0/subsystem/devices/node0/cpu1/node0/memory12/node0/memory20 HTTP/1.1" 200 3052 "-" "Amazon CloudFront"
64.252.66.61 - - [13/Sep/2026:12:12:59 +0000] "GET /?path=//sys/class/thermal/cooling_device1/subsystem/cooling_device6/subsystem/cooling_device7/subsystem/cooling_device6/device/physical_node/node0/memory14/node0/cpu3/node0/memory12 HTTP/1.1" 200 3477 "-" "Amazon CloudFront"
64.252.66.61 - - [13/Sep/2026:12:13:01 +0000] "GET /?path=//sys/class/thermal/cooling_device1/subsystem/cooling_device6/subsystem/cooling_device7/subsystem/cooling_device6/device/physical_node/node0/memory14/node0/cpu3/node0/memory21 HTTP/1.1" 200 3478 "-" "Amazon CloudFront"
64.252.67.163 - - [13/Sep/2026:12:13:01 +0000] "GET /?fileloc=//sys/class/thermal/cooling_device1/subsystem/cooling_device7/device/subsystem/devices/PNP0A03:00/device:12/subsystem/devices/device:1a/subsystem/devices/PNP0A03:00/device:06/subsystem/devices/device:13/subsystem/devices/LNXCPU:05/physical_node/driver/cpu5/driver/cpu7/driver/cpu5/driver/cpu5/node0/memory30/subsystem/devices/memory17/node0/memory6/subsystem/devices/memory3/node0/memory6/node0/memory4/node0/memory5/node0/memory10/phys_index&path=//sys/class/thermal/cooling_device1/subsystem/cooling_device7/device/subsystem/devices/PNP0A03:00/device:12/subsystem/devices/device:1a/subsystem/devices/PNP0A03:00/device:06/subsystem/devices/device:13/subsystem/devices/LNXCPU:05/physical_node/driver/cpu5/driver/cpu7/driver/cpu5/driver/cpu5/node0/memory30/subsystem/devices/memory17/node0/memory6/subsystem/devices/memory3/node0/memory6/node0/memory4/node0/memory5/node0/memory10 HTTP/1.1" 200 3040 "-" "Amazon CloudFront"
64.252.67.36 - - [13/Sep/2026:12:13:02 +0000] "GET /?path=//sys/bus/acpi/devices/LNXCPU:06/physical_node/node0/memory21/node0/cpu1/driver/cpu2/firmware_node/thermal_cooling/subsystem/cooling_device0/device HTTP/1.1" 200 3468 "-" "Amazon CloudFront"
64.252.71.147 - - [13/Sep/2026:12:13:03 +0000] "GET /prizes/202181521?path=/var/www/volumes/103313e4f84b4f158157bca8d783f9c0 HTTP/1.1" 200 2644 "-" "Amazon CloudFront"
64.252.71.147 - - [13/Sep/2026:12:13:03 +0000] "GET /products/detail/293513632?path=/var/www/volumes/11f987c6107d42e3aff30dd8a6130e1a HTTP/1.1" 200 2642 "-" "Amazon CloudFront"
64.252.67.36 - - [13/Sep/2026:12:13:03 +0000] "GET /?path=//sys/class/thermal/cooling_device1/subsystem/cooling_device7/device/subsystem/devices/PNP0A03:00/device:12/subsystem/devices/device:1a/subsystem/devices/PNP0A03:00/device:06/subsystem/devices/device:13/subsystem/devices/LNXCPU:05/physical_node/driver/cpu5/driver/cpu7/driver/cpu5/driver/cpu5/node0/memory31/node0/memory7/node0/memory8/node0/memory10/subsystem/devices/memory22/node0/memory3/node0/memory11/node0/memory24/node0 HTTP/1.1" 200 3915 "-" "Amazon CloudFront"
64.252.66.61 - - [13/Sep/2026:12:13:05 +0000] "GET /?path=//sys/class/thermal/cooling_device1/subsystem/cooling_device6/subsystem/cooling_device7/subsystem/cooling_device6/device/physical_node/node0/memory27/node0/memory30 HTTP/1.1" 200 3438 "-" "Amazon CloudFront"
64.252.67.36 - - [13/Sep/2026:12:13:07 +0000] "GET /products/detail/208628339?path=//sys/bus/node/devices/node0/cpu1/driver/cpu7/driver/cpu2/node0/cpu4/firmware_node/subsystem/devices/PNP0A03:00/device:07/physical_node/net/eth0/device/net/eth0/device/subsystem/drivers/nvme/0000:00:1e.0/nvme/nvme1/nvme1n1/holders/md0/md/dev-nvme1n1/block/holders/md0/md/dev-nvme1n1/block/mq/1 HTTP/1.1" 200 3439 "-" "Amazon CloudFront"
64.252.66.61 - - [13/Sep/2026:12:13:08 +0000] "GET /?path=//sys/class/thermal/cooling_device1/subsystem/cooling_device7/device/physical_node/firmware_node/subsystem/devices/LNXCPU:01/physical_node/node0/memory28/node0/memory12/node0/cpu7 HTTP/1.1" 200 3559 "-" "Amazon CloudFront"
64.252.67.36 - - [13/Sep/2026:12:13:10 +0000] "GET /?path=//sys/class/thermal/cooling_device1/subsystem/cooling_device7/device/subsystem/devices/PNP0A03:00/device:12/subsystem/devices/device:1a/subsystem/devices/PNP0A03:00/device:06/subsystem/devices/device:13/subsystem/devices/LNXCPU:05/physical_node/driver/cpu5/driver/cpu4/node0/cpu1/node0/memory1/node0/memory28/node0/memory29/node0/memory28/node0/memory26/node0/memory19/node0/memory12/node0/cpu4/firmware_node HTTP/1.1" 200 3872 "-" "Amazon CloudFront"
64.252.66.61 - - [13/Sep/2026:12:13:10 +0000] "GET /?path=//sys/class/thermal/cooling_device3/device/physical_node/node0/memory28/node0/cpu5/firmware_node/subsystem/devices/PNP0A03:00/physical_node/pci_bus/0000:00/device/0000:00:1f.0/driver/0000:00:04.0/subsystem/devices/0000:00:1e.0/driver/0000:00:1e.0/nvme/nvme1/nvme1n1/holders/md0/slaves/nvme1n1/holders/md0/md/rd1/block/mq/6 HTTP/1.1" 200 3496 "-" "Amazon CloudFront"
64.252.67.36 - - [13/Sep/2026:12:13:12 +0000] "GET /?path=//sys/class/thermal/cooling_device1/subsystem/cooling_device7/device/subsystem/devices/PNP0A03:00/device:12/subsystem/devices/device:1a/subsystem/devices/PNP0A03:00/device:06/subsystem/devices/device:13/subsystem/devices/LNXCPU:05/physical_node/driver/cpu5/driver/cpu4/node0/memory0/node0/memory15/node0/memory16/node0/memory5/node0/memory18/node0/memory31/node0/memory21/node0/cpu0/driver/cpu1/power HTTP/1.1" 200 3706 "-" "Amazon CloudFront"
64.252.66.61 - - [13/Sep/2026:12:13:12 +0000] "GET /?path=//sys/class/thermal/cooling_device1/subsystem/cooling_device6/subsystem/cooling_device7/subsystem/cooling_device6/device/physical_node/node0/memory23/node0/memory15/node0/memory30/power HTTP/1.1" 200 3255 "-" "Amazon CloudFront"
64.252.88.29 - - [13/Sep/2026:12:13:13 +0000] "GET /products/detail/132898622 HTTP/1.1" 200 4177 "-" "Amazon CloudFront"
64.252.67.36 - - [13/Sep/2026:12:13:15 +0000] "GET /?path=//sys/class/thermal/cooling_device1/subsystem/cooling_device7/device/subsystem/devices/PNP0A03:00/device:12/subsystem/devices/device:1a/subsystem/devices/PNP0A03:00/device:06/subsystem/devices/device:13/subsystem/devices/LNXCPU:05/physical_node/driver/cpu5/driver/cpu4/node0/cpu1/node0/memory1/node0/memory27/node0/memory19/node0/cpu2/subsystem/devices/cpu3/node0/memory15/node0/memory24/node0/memory0/node0/memory23/subsystem/devices HTTP/1.1" 200 3110 "-" "Amazon CloudFront"
64.252.69.197 - - [13/Sep/2026:12:13:15 +0000] "GET /?path=//sys/class/thermal/cooling_device3/device/physical_node/node0/cpu6/driver/cpu0/node0/cpu5/firmware_node/subsystem/devices/device:12/subsystem/devices/LNXSYSTM:00/LNXSYBUS:00/PNP0A03:00/physical_node/pci_bus/0000:00/device/0000:00:1f.0/driver/module/drivers/pci:nvme/0000:00:1f.0/nvme/nvme2/nvme2n1/holders/md0/slaves/nvme1n1/holders/md0/md/rd0/block/mq/0/cpu0 HTTP/1.1" 200 3087 "-" "Amazon CloudFront"
64.252.67.36 - - [13/Sep/2026:12:13:17 +0000] "GET /?fileloc=//sys/class/thermal/cooling_device1/subsystem/cooling_device7/device/subsystem/devices/PNP0A03:00/device:12/subsystem/devices/device:1a/subsystem/devices/PNP0A03:00/device:06/subsystem/devices/device:13/subsystem/devices/LNXCPU:05/physical_node/driver/cpu5/driver/cpu0/driver/cpu3/driver/cpu5/node0/memory1/node0/memory31/node0/memory18/subsystem/devices/memory29/node0/memory18/node0/cpu5/driver/cpu7/hotplug/state&path=//sys/class/thermal/cooling_device1/subsystem/cooling_device7/device/subsystem/devices/PNP0A03:00/device:12/subsystem/devices/device:1a/subsystem/devices/PNP0A03:00/device:06/subsystem/devices/device:13/subsystem/devices/LNXCPU:05/physical_node/driver/cpu5/driver/cpu0/driver/cpu3/driver/cpu5/node0/memory1/node0/memory31/node0/memory18/subsystem/devices/memory29/node0/memory18/node0/cpu5/driver/cpu7/hotplug HTTP/1.1" 200 3018 "-" "Amazon CloudFront"
64.252.67.163 - - [13/Sep/2026:12:13:18 +0000] "GET /?path=//sys/class/thermal/cooling_device3/device/physical_node/node0/memory28/node0/cpu5/firmware_node/subsystem/devices/PNP0A03:00/physical_node/pci_bus/0000:00/device/0000:00:1f.0/driver/0000:00:04.0/subsystem/devices/0000:00:1e.0/driver/0000:00:1e.0/nvme/nvme1/nvme1n1/holders/md0/slaves/nvme1n1/holders/md0/md/rd1/block/mq/4 HTTP/1.1" 200 3495 "-" "Amazon CloudFront"
64.252.66.61 - - [13/Sep/2026:12:13:19 +0000] "GET /?path=//sys/class/thermal/cooling_device1/subsystem/cooling_device7/device/subsystem/devices/PNP0A03:00/device:12/subsystem/devices/device:1a/subsystem/devices/PNP0A03:00/device:06/subsystem/devices/device:13/subsystem/devices/LNXCPU:05/physical_node/driver/cpu5/driver/cpu0/driver/cpu5/node0/memory25/node0/memory20/node0/memory32/node0/memory30/node0/cpu3/node0/memory13/node0/memory4/node0/memory8/node0/cpu6/node0 HTTP/1.1" 200 3911 "-" "Amazon CloudFront"
64.252.69.197 - - [13/Sep/2026:12:13:22 +0000] "GET /?fileloc=//sys/class/thermal/cooling_device1/subsystem/cooling_device7/device/subsystem/devices/PNP0A03:00/device:12/subsystem/devices/device:1a/subsystem/devices/PNP0103:00/hid&path=//sys/class/thermal/cooling_device1/subsystem/cooling_device7/device/subsystem/devices/PNP0A03:00/device:12/subsystem/devices/device:1a/subsystem/devices/PNP0103:00 HTTP/1.1" 200 2694 "-" "Amazon CloudFront"
64.252.69.197 - - [13/Sep/2026:12:13:22 +0000] "GET /?path=//sys/class/thermal/cooling_device3/device/physical_node/node0/memory28/node0/cpu5/firmware_node/subsystem/devices/PNP0A03:00/physical_node/pci_bus/0000:00/device/0000:00:1f.0/driver/module/drivers/pci:nvme/0000:00:1f.0/driver/module/drivers/pci:nvme/0000:00:1e.0/firmware_node/subsystem/devices/LNXSYBUS:00/PNP0A03:00/device:20/power HTTP/1.1" 200 3513 "-" "Amazon CloudFront"
64.252.120.98 - - [13/Sep/2026:12:13:23 +0000] "GET /?fileloc=//usr/share/doc/freetype-devel-2.8/reference/ft2-glyph_variants.html&path=//usr/share/doc/freetype-devel-2.8/reference HTTP/1.1" 200 5668 "-" "Amazon CloudFront"
64.252.66.61 - - [13/Sep/2026:12:13:24 +0000] "GET /?fileloc=//sys/class/thermal/cooling_device1/subsystem/cooling_device7/device/subsystem/devices/PNP0A03:00/device:12/subsystem/devices/device:20/subsystem/devices/PNP0C0F:03/status&path=//sys/class/thermal/cooling_device1/subsystem/cooling_device7/device/subsystem/devices/PNP0A03:00/device:12/subsystem/devices/device:20/subsystem/devices/PNP0C0F:03 HTTP/1.1" 200 2702 "-" "Amazon CloudFront"
64.252.66.61 - - [13/Sep/2026:12:13:26 +0000] "GET /?fileloc=//sys/class/thermal/cooling_device1/subsystem/cooling_device7/device/subsystem/devices/PNP0A03:00/device:12/subsystem/devices/device:1a/subsystem/devices/PNP0A03:00/device:06/subsystem/devices/device:13/subsystem/devices/LNXCPU:05/physical_node/driver/cpu5/driver/cpu0/driver/cpu5/node0/memory25/node0/memory9/subsystem/devices/memory5/node0/memory14/node0/memory31/node0/meminfo&path=//sys/class/thermal/cooling_device1/subsystem/cooling_device7/device/subsystem/devices/PNP0A03:00/device:12/subsystem/devices/device:1a/subsystem/devices/PNP0A03:00/device:06/subsystem/devices/device:13/subsystem/devices/LNXCPU:05/physical_node/driver/cpu5/driver/cpu0/driver/cpu5/node0/memory25/node0/memory9/subsystem/devices/memory5/node0/memory14/node0/memory31/node0 HTTP/1.1" 200 3319 "-" "Amazon CloudFront"
64.252.67.36 - - [13/Sep/2026:12:13:27 +0000] "GET /products/detail/208628339?path=//sys/bus/node/devices/node0/cpu1/driver/cpu7/driver/cpu2/node0/cpu1/firmware_node/thermal_cooling/device/physical_node/firmware_node/subsystem/drivers/button/LNXPWRBN:00/subsystem/devices/PNP0A03:00/device:20/physical_node/nvme/nvme1/nvme1n1/holders/md0/md/rd1/block/device/nvme2n1/holders/md0/md/dev-nvme1n1/block/mq/6/cpu6 HTTP/1.1" 200 3041 "-" "Amazon CloudFront"
64.252.67.36 - - [13/Sep/2026:12:13:28 +0000] "GET /?path=//sys/class/thermal/cooling_device1/subsystem/cooling_device7/device/subsystem/devices/PNP0A03:00/device:12/subsystem/devices/device:1a/subsystem/devices/PNP0A03:00/device:06/subsystem/devices/device:13/subsystem/devices/LNXCPU:05/physical_node/driver/cpu5/driver/cpu4/node0/memory15/node0/memory5/subsystem/devices/memory5/node0/memory18/node0/memory3/node0/memory15/node0/memory18/node0/memory28/node0/cpu3/node0/memory11/node0 HTTP/1.1" 200 3917 "-" "Amazon CloudFront"
64.252.67.163 - - [13/Sep/2026:12:13:30 +0000] "GET /?path=//sys/class/thermal/cooling_device1/subsystem/cooling_device7/device/subsystem/devices/PNP0A03:00/device:12/subsystem/devices/device:1a/subsystem/devices/PNP0A03:00/device:06/subsystem/devices/device:13/subsystem/devices/LNXCPU:05/physical_node/driver/cpu5/driver/cpu4/node0/memory15/node0/memory5/subsystem/devices/memory5/node0/memory18/node0/memory3/node0/memory15/node0/memory18/node0/memory32/node0/memory8/node0 HTTP/1.1" 200 5569 "-" "Amazon CloudFront"
64.252.66.61 - - [13/Sep/2026:12:13:31 +0000] "GET /?path=//sys/class/thermal/cooling_device3/device/physical_node/node0/cpu1/driver/cpu0/node0/cpu2/firmware_node/subsystem/devices/PNP0303:00/subsystem/devices/LNXSYBUS:00/PNP0A03:00/physical_node/0000:00:1e.0/driver/module/drivers/pci:nvme/module/drivers/pci:nvme/0000:00:1f.0/nvme/nvme2/device/nvme/nvme2/nvme2n1/holders/md0/md/rd0/block/holders/md0/md/rd0/block/mq/7/cpu7 HTTP/1.1" 200 3091 "-" "Amazon CloudFront"
64.252.69.197 - - [13/Sep/2026:12:13:33 +0000] "GET /?path=//sys/class/thermal/cooling_device1/subsystem/cooling_device7/device/subsystem/devices/PNP0A03:00/device:12/subsystem/devices/device:1a/subsystem/devices/PNP0A03:00/device:06/subsystem/devices/device:1a/subsystem/devices/LNXCPU:06/physical_node/firmware_node/physical_node/driver/cpu4/node0/memory0/node0/memory23/node0/memory4/node0/memory16/node0/cpu1/driver/cpu1/driver/cpu3/node0/memory14/subsystem/devices/memory3/node0/cpu3 HTTP/1.1" 200 4012 "-" "Amazon CloudFront"
64.252.69.197 - - [13/Sep/2026:12:13:33 +0000] "GET /?fileloc=//sys/class/thermal/cooling_device1/subsystem/cooling_device7/device/subsystem/devices/PNP0A03:00/device:12/subsystem/devices/device:1a/subsystem/devices/PNP0A03:00/device:06/subsystem/devices/device:13/subsystem/devices/LNXCPU:05/physical_node/driver/cpu5/driver/cpu4/node0/memory0/node0/memory15/subsystem/devices/memory28/node0/memory17/node0/memory18/subsystem/devices/memory11/subsystem/devices/memory9/node0/memory29/node0/cpu6/node0/memory31/power/runtime_active_time&path=//sys/class/thermal/cooling_device1/subsystem/cooling_device7/device/subsystem/devices/PNP0A03:00/device:12/subsystem/devices/device:1a/subsystem/devices/PNP0A03:00/device:06/subsystem/devices/device:13/subsystem/devices/LNXCPU:05/physical_node/driver/cpu5/driver/cpu4/node0/memory0/node0/memory15/subsystem/devices/memory28/node0/memory17/node0/memory18/subsystem/devices/memory11/subsystem/devices/memory9/node0/memory29/node0/cpu6/node0/memory31/power HTTP/1.1" 200 3111 "-" "Amazon CloudFront"
64.252.67.163 - - [13/Sep/2026:12:13:33 +0000] "GET /?path=//sys/class/thermal/cooling_device1/subsystem/cooling_device7/device/subsystem/devices/PNP0A03:00/device:12/subsystem/devices/device:1a/subsystem/devices/PNP0A03:00/device:06/subsystem/devices/device:13/subsystem/devices/LNXCPU:05/physical_node/driver/cpu5/driver/cpu4/driver/cpu2/node0/memory0/node0/cpu3/node0/memory22/subsystem/devices/memory21/node0/memory13/node0/memory24 HTTP/1.1" 200 3818 "-" "Amazon CloudFront"
64.252.66.61 - - [13/Sep/2026:12:13:33 +0000] "GET /?path=//sys/class/thermal/cooling_device1/subsystem/cooling_device7/device/subsystem/devices/PNP0A03:00/device:12/subsystem/devices/device:1a/subsystem/devices/PNP0A03:00/device:06/subsystem/devices/device:13/subsystem/devices/LNXCPU:05/physical_node/driver/cpu5/driver/cpu4/node0/memory15/node0/memory5/subsystem/devices/memory28/node0/memory10/node0/memory28/node0/memory11/node0/memory9/node0/memory4/node0/memory0/node0/cpu2/node0 HTTP/1.1" 200 3926 "-" "Amazon CloudFront"
64.252.66.61 - - [13/Sep/2026:12:13:34 +0000] "GET /?path=//sys/class/thermal/cooling_device3/device/physical_node/node0/memory28/node0/cpu5/firmware_node/subsystem/devices/PNP0A03:00/physical_node/pci_bus/0000:00/device/0000:00:1f.0/driver/0000:00:1f.0/nvme/nvme2/nvme2n1/subsystem/nvme1n1/holders/md0/slaves/nvme2n1/holders/md0/md/dev-nvme1n1/block/integrity HTTP/1.1" 200 3557 "-" "Amazon CloudFront"
64.252.67.163 - - [13/Sep/2026:12:13:35 +0000] "GET /?path=//sys/class/thermal/cooling_device1/subsystem/cooling_device7/device/subsystem/devices/PNP0A03:00/device:12/subsystem/devices/device:1a/subsystem/devices/PNP0A03:00/device:06/subsystem/devices/device:13/subsystem/devices/LNXCPU:05/physical_node/driver/cpu5/driver/cpu4/node0/memory15/node0/memory5/subsystem/devices/memory5/node0/memory16/node0/memory9/node0/cpu1/node0/memory27/node0/memory32/node0/memory18/node0/cpu2/node0 HTTP/1.1" 200 3931 "-" "Amazon CloudFront"
64.252.66.61 - - [13/Sep/2026:12:13:37 +0000] "GET /?path=//sys/class/thermal/cooling_device1/subsystem/cooling_device7/device/subsystem/devices/PNP0A03:00/device:12/subsystem/devices/device:1a/subsystem/devices/PNP0A03:00/device:1d/subsystem/devices/device:10/subsystem/devices/device:06/subsystem/devices/device:00/subsystem/devices/device:02/PNP0F13:00/subsystem/devices/LNXCPU:03/subsystem/devices/LNXCPU:05/subsystem/devices/LNXCPU:03/physical_node/node0/memory12/node0/memory20/node0/memory3/subsystem/devices/memory5/node0/memory12/subsystem/devices/memory27/node0/memory25/power HTTP/1.1" 200 3709 "-" "Amazon CloudFront"
64.252.66.61 - - [13/Sep/2026:12:13:37 +0000] "GET /?path=//sys/class/thermal/cooling_device1/subsystem/cooling_device7/device/subsystem/devices/PNP0A03:00/device:12/subsystem/devices/device:1a/subsystem/devices/PNP0A03:00/device:06/subsystem/devices/device:13/subsystem/devices/LNXCPU:05/physical_node/driver/cpu5/driver/cpu4/node0/memory15/node0/memory5/subsystem/devices/memory5/node0/memory17/subsystem/devices/memory25/node0/memory2/node0/memory8/node0 HTTP/1.1" 200 5513 "-" "Amazon CloudFront"
64.252.67.36 - - [13/Sep/2026:12:13:38 +0000] "GET /?path=//sys/class/thermal/cooling_device3/device/physical_node/node0/memory28/node0/cpu5/firmware_node/subsystem/devices/PNP0A03:00/physical_node/pci_bus/0000:00/device/0000:00:1e.0/driver/module/drivers/pci:nvme/0000:00:04.0/driver/0000:00:1f.0/nvme/nvme2/subsystem/nvme1/nvme1n1/holders/md0/md/dev-nvme2n1/block/holders/md0/slaves/nvme1n1/integrity HTTP/1.1" 200 3626 "-" "Amazon CloudFront"
64.252.67.163 - - [13/Sep/2026:12:13:40 +0000] "GET /?path=//sys/class/thermal/cooling_device1/subsystem/cooling_device6/subsystem/cooling_device7/subsystem/cooling_device6/device/physical_node/node0/memory27/node0/cpu5 HTTP/1.1" 200 3487 "-" "Amazon CloudFront"
64.252.66.61 - - [13/Sep/2026:12:13:42 +0000] "GET /?path=//sys/class/thermal/cooling_device1/subsystem/cooling_device6/subsystem/cooling_device7/subsystem/cooling_device6/device/physical_node/node0/memory27/node0/memory2 HTTP/1.1" 200 3436 "-" "Amazon CloudFront"
64.252.69.197 - - [13/Sep/2026:12:13:42 +0000] "GET /products/detail/208628339?path=//sys/bus/node/devices/node0/cpu1/driver/cpu7/driver/cpu2/node0/cpu1/firmware_node/thermal_cooling/device/physical_node/firmware_node/subsystem/devices/PNP0A03:00/device:20/physical_node/subsystem/drivers/nvme/module/drivers/pci:nvme/0000:00:1e.0/nvme/nvme1/nvme1n1/device/nvme1n1/holders/md0/md/rd0/block/holders/md0/slaves/nvme2n1/bdi HTTP/1.1" 200 3680 "-" "Amazon CloudFront"
64.252.69.197 - - [13/Sep/2026:12:13:44 +0000] "GET /?path=//sys/class/thermal/cooling_device1/subsystem/cooling_device7/device/subsystem/devices/PNP0A03:00/device:12/subsystem/devices/LNXSYBUS:00/LNXCPU:04/subsystem/devices/device:02/PNP0B00:00 HTTP/1.1" 200 3376 "-" "Amazon CloudFront"
64.252.67.163 - - [13/Sep/2026:12:13:47 +0000] "GET /?path=//sys/class/thermal/cooling_device1/subsystem/cooling_device6/subsystem/cooling_device7/subsystem/cooling_device6/device/physical_node/node0/memory23/node0/memory18/node0/memory21 HTTP/1.1" 200 3473 "-" "Amazon CloudFront"
64.252.66.61 - - [13/Sep/2026:12:13:47 +0000] "GET /?path=//sys/class/thermal/cooling_device3/device/physical_node/node0/memory28/node0/cpu5/firmware_node/subsystem/devices/PNP0A03:00/physical_node/pci_bus/0000:00/device/0000:00:04.0/driver/0000:00:04.0/driver/module/drivers/pci:nvme/0000:00:1f.0/nvme/nvme2/subsystem/nvme2/nvme2n1/holders/md0/md/rd1/block/bdi/power HTTP/1.1" 200 3519 "-" "Amazon CloudFront"
64.252.67.36 - - [13/Sep/2026:12:13:50 +0000] "GET /?path=//sys/class/thermal/cooling_device1/subsystem/cooling_device6/subsystem/cooling_device7/subsystem/cooling_device6/device/physical_node/node0/memory27/node0/hugepages HTTP/1.1" 200 3059 "-" "Amazon CloudFront"
64.252.67.36 - - [13/Sep/2026:12:13:50 +0000] "GET /?path=//sys/class/thermal/cooling_device1/subsystem/cooling_device7/device/subsystem/devices/PNP0A03:00/device:12/subsystem/devices/device:1a/subsystem/devices/PNP0A03:00/device:06/subsystem/devices/device:13/subsystem/devices/LNXCPU:05/physical_node/driver/cpu5/driver/cpu4/node0/memory31/subsystem/devices/memory22/node0/memory24/node0/memory11/node0/memory12/subsystem/devices/memory21/node0/memory15/node0/memory20/node0/memory16/node0/memory12/node0 HTTP/1.1" 200 3917 "-" "Amazon CloudFront"
64.252.72.105 - - [13/Sep/2026:12:13:51 +0000] "GET /prizes/267373026?fileloc=/var/www/volumes/69b4844ae61d4e92bf26ad98af552775/wordpress/wp-admin/theme-install.php&path=/var/www/volumes/69b4844ae61d4e92bf26ad98af552775/wordpress/wp-admin HTTP/1.1" 200 7272 "-" "Amazon CloudFront"
64.252.67.163 - - [13/Sep/2026:12:13:51 +0000] "GET /?path=//sys/class/thermal/cooling_device3/device/physical_node/node0/cpu1/driver/cpu0/node0/cpu2/driver/cpu1/firmware_node/subsystem/devices/LNXCPU:02/physical_node HTTP/1.1" 200 3515 "-" "Amazon CloudFront"
64.252.67.36 - - [13/Sep/2026:12:13:51 +0000] "GET /?path=//sys/class/thermal/cooling_device1/subsystem/cooling_device7/device/physical_node/firmware_node/subsystem/devices/LNXCPU:01/physical_node/node0/memory28/node0/memory12/node0/memory28 HTTP/1.1" 200 3501 "-" "Amazon CloudFront"
64.252.66.61 - - [13/Sep/2026:12:13:53 +0000] "GET /?path=//sys/class/thermal/cooling_device1/subsystem/cooling_device7/device/physical_node/firmware_node/subsystem/devices/device:1d/subsystem/drivers/button/LNXSLPBN:00/driver/LNXSLPBN:00 HTTP/1.1" 200 3358 "-" "Amazon CloudFront"
64.252.66.61 - - [13/Sep/2026:12:13:54 +0000] "GET /products/detail/208628339?path=//sys/bus/node/devices/node0/cpu1/driver/cpu7/driver/cpu2/node0/cpu4/firmware_node/subsystem/devices/PNP0A03:00/physical_node/firmware_node/physical_node/0000:00:01.3/subsystem/drivers/nvme/module/drivers/pci:nvme/0000:00:1f.0/nvme/nvme2/nvme2n1/holders/md0/md/rd0/block/holders/md0/md/dev-nvme1n1/block/device/nvme1n1/device/nvme1n1/bdi HTTP/1.1" 200 3674 "-" "Amazon CloudFront"
64.252.120.98 - - [13/Sep/2026:12:13:56 +0000] "GET /?fileloc=//usr/share/locale/nl/LC_MESSAGES/amazon_linux_extras.mo&path=//usr/share/locale/nl/LC_MESSAGES HTTP/1.1" 200 2601 "-" "Amazon CloudFront"
64.252.67.163 - - [13/Sep/2026:12:13:56 +0000] "GET /?fileloc=//sys/class/thermal/cooling_device1/subsystem/cooling_device7/device/subsystem/devices/PNP0A03:00/device:12/subsystem/devices/device:1a/subsystem/devices/PNP0A03:00/device:06/subsystem/devices/device:13/subsystem/devices/LNXCPU:05/physical_node/driver/cpu5/driver/cpu7/driver/cpu5/driver/cpu5/node0/memory30/subsystem/devices/memory17/node0/memory6/subsystem/devices/memory3/node0/memory6/node0/memory4/node0/memory5/node0/memory10/phys_device&path=//sys/class/thermal/cooling_device1/subsystem/cooling_device7/device/subsystem/devices/PNP0A03:00/device:12/subsystem/devices/device:1a/subsystem/devices/PNP0A03:00/device:06/subsystem/devices/device:13/subsystem/devices/LNXCPU:05/physical_node/driver/cpu5/driver/cpu7/driver/cpu5/driver/cpu5/node0/memory30/subsystem/devices/memory17/node0/memory6/subsystem/devices/memory3/node0/memory6/node0/memory4/node0/memory5/node0/memory10 HTTP/1.1" 200 3032 "-" "Amazon CloudFront"
64.252.69.197 - - [13/Sep/2026:12:13:58 +0000] "GET /?fileloc=//sys/class/thermal/cooling_device1/subsystem/cooling_device7/device/subsystem/devices/PNP0A03:00/device:12/subsystem/devices/device:1a/subsystem/devices/PNP0A03:00/device:06/subsystem/devices/device:13/subsystem/devices/LNXCPU:05/physical_node/driver/cpu5/driver/cpu7/driver/cpu5/driver/cpu5/node0/memory8/node0/memory23/node0/memory9/node0/memory4/node0/memory13/node0/cpu7/driver/cpu1/node0/memory16/phys_device&path=//sys/class/thermal/cooling_device1/subsystem/cooling_device7/device/subsystem/devices/PNP0A03:00/device:12/subsystem/devices/device:1a/subsystem/devices/PNP0A03:00/device:06/subsystem/devices/device:13/subsystem/devices/LNXCPU:05/physical_node/driver/cpu5/driver/cpu7/driver/cpu5/driver/cpu5/node0/memory8/node0/memory23/node0/memory9/node0/memory4/node0/memory13/node0/cpu7/driver/cpu1/node0/memory16 HTTP/1.1" 200 3006 "-" "Amazon CloudFront"
64.252.69.197 - - [13/Sep/2026:12:13:58 +0000] "GET /products/detail/208628339?path=//sys/bus/node/devices/node0/cpu1/driver/cpu7/driver/cpu2/node0/cpu1/firmware_node/thermal_cooling/device/physical_node/firmware_node/subsystem/drivers/button/LNXPWRBN:00/subsystem/devices/LNXSYSTM:00/LNXSYBUS:00/PNP0A03:00/physical_node/0000:00:1f.0/nvme/nvme2/device/nvme/nvme2/nvme2n1/holders/md0/md/dev-nvme2n1/block/holders/md0/slaves/nvme2n1/slaves HTTP/1.1" 200 3047 "-" "Amazon CloudFront"
64.252.69.197 - - [13/Sep/2026:12:14:01 +0000] "GET /?fileloc=//sys/class/thermal/cooling_device1/subsystem/cooling_device7/device/subsystem/devices/PNP0A03:00/device:12/subsystem/devices/device:1a/subsystem/devices/PNP0A03:00/device:06/subsystem/devices/device:13/subsystem/devices/LNXCPU:05/physical_node/driver/cpu5/driver/cpu0/driver/cpu5/node0/memory25/node0/memory32/node0/memory12/node0/memory4/subsystem/devices/memory9/node0/memory14/phys_index&path=//sys/class/thermal/cooling_device1/subsystem/cooling_device7/device/subsystem/devices/PNP0A03:00/device:12/subsystem/devices/device:1a/subsystem/devices/PNP0A03:00/device:06/subsystem/devices/device:13/subsystem/devices/LNXCPU:05/physical_node/driver/cpu5/driver/cpu0/driver/cpu5/node0/memory25/node0/memory32/node0/memory12/node0/memory4/subsystem/devices/memory9/node0/memory14 HTTP/1.1" 200 2980 "-" "Amazon CloudFront"
64.252.66.61 - - [13/Sep/2026:12:14:02 +0000] "GET /products/detail/208628339?path=//sys/bus/node/devices/node0/cpu1/driver/cpu7/driver/cpu2/node0/cpu1/firmware_node/thermal_cooling/device/physical_node/firmware_node/subsystem/drivers/button/LNXPWRBN:00/subsystem/devices/LNXSYSTM:00/LNXSYBUS:00/PNP0A03:00/physical_node/0000:00:1f.0/nvme/nvme2/device/nvme/nvme2/nvme2n1/holders/md0/md/dev-nvme2n1/block/holders/md0/slaves/nvme2n1/power HTTP/1.1" 200 3585 "-" "Amazon CloudFront"
64.252.66.61 - - [13/Sep/2026:12:14:05 +0000] "GET /?path=//sys/class/thermal/cooling_device1/subsystem/cooling_device7/device/subsystem/devices/PNP0A03:00/device:12/subsystem/devices/device:1a/subsystem/devices/PNP0A03:00/device:06/subsystem/devices/device:13/subsystem/devices/LNXCPU:05/physical_node/driver/cpu5/driver/cpu4/node0/memory31/subsystem/devices/memory22/node0/memory24/node0/memory11/node0/memory12/subsystem/devices/memory22/node0/memory18/subsystem/devices/memory1/node0/memory8/node0/memory17/power HTTP/1.1" 200 3684 "-" "Amazon CloudFront"
64.252.69.197 - - [13/Sep/2026:12:14:06 +0000] "GET /?path=//sys/class/thermal/cooling_device3/device/physical_node/node0/memory28/node0/cpu5/firmware_node/subsystem/devices/PNP0A03:00/physical_node/pci_bus/0000:00/device/0000:00:04.0/driver/0000:00:04.0/driver/0000:00:1e.0/nvme/nvme1/nvme1n1/holders/md0/slaves/nvme2n1/holders/md0/md/rd0/block/bdi/subsystem/0:38/power HTTP/1.1" 200 3536 "-" "Amazon CloudFront"
64.252.67.36 - - [13/Sep/2026:12:14:07 +0000] "GET /?path=//sys/class/thermal/cooling_device1/subsystem/cooling_device7/device/subsystem/devices/PNP0A03:00/device:12/subsystem/devices/device:1a/subsystem/devices/PNP0A03:00/device:06/subsystem/devices/device:13/subsystem/devices/LNXCPU:05/physical_node/driver/cpu5/driver/cpu4/node0/memory31/subsystem/devices/memory24/node0/memory30/node0/memory19/node0/memory16/node0/memory26/node0/subsystem/devices/node0/memory26/node0/cpu5/node0/cpu1/power HTTP/1.1" 200 3729 "-" "Amazon CloudFront"
64.252.69.197 - - [13/Sep/2026:12:14:09 +0000] "GET /?path=//sys/class/thermal/cooling_device1/subsystem/cooling_device7/device/subsystem/devices/PNP0A03:00/device:12/subsystem/devices/device:1a/subsystem/devices/PNP0A03:00/device:06/subsystem/devices/device:1a/subsystem/devices/LNXCPU:06/physical_node/firmware_node/physical_node/driver/cpu4/node0/memory23/node0/cpu3/node0/memory20/node0/memory15/node0/memory23/node0/memory10/node0/cpu5/node0/cpu0/node0/cpu1 HTTP/1.1" 200 3932 "-" "Amazon CloudFront"
64.252.67.163 - - [13/Sep/2026:12:14:10 +0000] "GET /products/detail/208628339?path=//sys/bus/node/devices/node0/cpu1/driver/cpu7/driver/cpu2/node0/cpu4/firmware_node/subsystem/devices/PNP0A03:00/physical_node/firmware_node/physical_node/0000:00:01.3/subsystem/drivers/nvme/module/drivers/pci:nvme/0000:00:1f.0/nvme/nvme2/nvme2n1/holders/md0/md/rd0/block/holders/md0/md/dev-nvme1n1/block/device/nvme1n1/device/nvme1n1/slaves HTTP/1.1" 200 3031 "-" "Amazon CloudFront"
64.252.69.197 - - [13/Sep/2026:12:14:11 +0000] "GET /?fileloc=//sys/class/thermal/cooling_device1/subsystem/cooling_device7/device/subsystem/devices/PNP0A03:00/device:12/subsystem/devices/device:1a/subsystem/devices/PNP0A03:00/device:06/subsystem/devices/device:13/subsystem/devices/LNXCPU:05/physical_node/driver/cpu5/driver/cpu4/node0/memory15/node0/memory5/subsystem/devices/memory5/node0/memory16/node0/memory9/node0/cpu1/node0/memory23/subsystem/drivers_probe&path=//sys/class/thermal/cooling_device1/subsystem/cooling_device7/device/subsystem/devices/PNP0A03:00/device:12/subsystem/devices/device:1a/subsystem/devices/PNP0A03:00/device:06/subsystem/devices/device:13/subsystem/devices/LNXCPU:05/physical_node/driver/cpu5/driver/cpu4/node0/memory15/node0/memory5/subsystem/devices/memory5/node0/memory16/node0/memory9/node0/cpu1/node0/memory23/subsystem HTTP/1.1" 200 2990 "-" "Amazon CloudFront"
64.252.67.36 - - [13/Sep/2026:12:14:12 +0000] "GET /?fileloc=//sys/class/thermal/cooling_device1/subsystem/cooling_device7/device/subsystem/devices/PNP0A03:00/device:12/subsystem/devices/device:1a/subsystem/devices/PNP0A03:00/device:06/subsystem/devices/device:13/subsystem/devices/LNXCPU:05/physical_node/driver/cpu5/driver/cpu4/driver/cpu2/node0/memory0/node0/cpu3/node0/memory22/subsystem/devices/memory21/node0/memory6/node0/memory27/node0/cpu3/node0/uevent&path=//sys/class/thermal/cooling_device1/subsystem/cooling_device7/device/subsystem/devices/PNP0A03:00/device:12/subsystem/devices/device:1a/subsystem/devices/PNP0A03:00/device:06/subsystem/devices/device:13/subsystem/devices/LNXCPU:05/physical_node/driver/cpu5/driver/cpu4/driver/cpu2/node0/memory0/node0/cpu3/node0/memory22/subsystem/devices/memory21/node0/memory6/node0/memory27/node0/cpu3/node0 HTTP/1.1" 200 3003 "-" "Amazon CloudFront"
64.252.67.36 - - [13/Sep/2026:12:14:14 +0000] "GET /?path=//sys/class/thermal/cooling_device1/subsystem/cooling_device7/device/subsystem/devices/PNP0A03:00/device:12/subsystem/devices/device:1a/subsystem/devices/PNP0A03:00/device:06/subsystem/devices/device:13/subsystem/devices/LNXCPU:05/physical_node/driver/cpu5/driver/cpu4/node0/cpu1/node0/memory1/node0/memory28/node0/memory29/node0/memory28/node0/memory26/node0/memory19/node0/memory9/node0/cpu2/subsystem HTTP/1.1" 200 3600 "-" "Amazon CloudFront"
64.252.69.197 - - [13/Sep/2026:12:14:14 +0000] "GET /?path=//sys/class/thermal/cooling_device3/device/physical_node/node0/cpu1/driver/cpu0/node0/cpu2/driver/cpu7/firmware_node/subsystem/devices/device:05/physical_node/subsystem HTTP/1.1" 200 3407 "-" "Amazon CloudFront"
64.252.66.61 - - [13/Sep/2026:12:14:16 +0000] "GET /?path=//sys/class/thermal/cooling_device1/subsystem/cooling_device7/device/subsystem/devices/PNP0A03:00/device:12/subsystem/devices/device:1a/subsystem/devices/PNP0A03:00/device:06/subsystem/devices/device:1a/subsystem/devices/LNXCPU:06/physical_node/firmware_node/physical_node/driver/cpu4/node0/memory23/node0/cpu3/node0/memory17/subsystem/devices/memory29/node0/memory2/node0/memory21/node0/cpu6/node0/cpu3/node0 HTTP/1.1" 200 5532 "-" "Amazon CloudFront"
64.252.69.197 - - [13/Sep/2026:12:14:18 +0000] "GET /products/detail/208628339?path=//sys/bus/node/devices/node0/cpu1/driver/cpu7/driver/cpu2/node0/cpu4/firmware_node/subsystem/devices/PNP0A03:00/physical_node/0000:00:04.0/firmware_node/physical_node/nvme/nvme0/nvme0n1/nvme0n1p128/subsystem/nvme1n1/holders/md0/md/rd1/block/device/nvme2n1/device/nvme2n1/holders/md0/slaves/nvme1n1/mq/7/cpu7 HTTP/1.1" 200 3003 "-" "Amazon CloudFront"
64.252.66.61 - - [13/Sep/2026:12:14:18 +0000] "GET /?path=//sys/class/thermal/cooling_device1/subsystem/cooling_device7/device/subsystem/devices/PNP0A03:00/device:12/subsystem/devices/device:1a/subsystem/devices/PNP0A03:00/device:06/subsystem/devices/device:13/subsystem/devices/LNXCPU:05/physical_node/driver/cpu5/driver/cpu4/node0/memory15/node0/memory5/subsystem/devices/memory21/node0/memory31/node0/memory18/node0/memory5/subsystem/devices/memory21/node0/memory32 HTTP/1.1" 200 3872 "-" "Amazon CloudFront"
64.252.67.163 - - [13/Sep/2026:12:14:21 +0000] "GET /?path=//sys/class/thermal/cooling_device1/subsystem/cooling_device6/subsystem/cooling_device7/subsystem/cooling_device6/device/physical_node/node0/memory14/node0/memory18/node0/memory12 HTTP/1.1" 200 3471 "-" "Amazon CloudFront"
64.252.67.36 - - [13/Sep/2026:12:14:22 +0000] "GET /?path=//sys/class/thermal/cooling_device3/device/physical_node/node0/cpu1/driver/cpu0/node0/cpu2/driver/cpu7/firmware_node/thermal_cooling/subsystem/cooling_device2/device/thermal_cooling HTTP/1.1" 200 3364 "-" "Amazon CloudFront"
64.252.67.36 - - [13/Sep/2026:12:14:23 +0000] "GET /?path=//sys/class/thermal/cooling_device1/subsystem/cooling_device7/device/subsystem/devices/PNP0A03:00/device:12/subsystem/devices/device:1a/subsystem/devices/PNP0A03:00/device:06/subsystem/devices/device:13/subsystem/devices/LNXCPU:05/physical_node/driver/cpu5/driver/cpu4/node0/cpu1/node0/memory1/node0/memory28/node0/memory29/node0/memory28/node0/memory26/node0/memory19/node0/memory25/subsystem/devices/memory12/node0/cpu3 HTTP/1.1" 200 4028 "-" "Amazon CloudFront"
64.252.66.61 - - [13/Sep/2026:12:14:25 +0000] "GET /?path=//sys/class/thermal/cooling_device1/subsystem/cooling_device6/subsystem/cooling_device7/subsystem/cooling_device6/device/physical_node/node0/memory14/node0/cpu3/node0/memory0 HTTP/1.1" 200 3476 "-" "Amazon CloudFront"
64.252.66.61 - - [13/Sep/2026:12:14:25 +0000] "GET /?path=//sys/class/thermal/cooling_device1/subsystem/cooling_device7/device/subsystem/devices/LNXCPU:06/subsystem/devices/device:03/subsystem/devices/device:1c/subsystem HTTP/1.1" 200 3227 "-" "Amazon CloudFront"
64.252.67.36 - - [13/Sep/2026:12:14:26 +0000] "GET /?path=//sys/class/thermal/cooling_device3/device/physical_node/node0/memory28/node0/cpu5/firmware_node/subsystem/devices/PNP0A03:00/physical_node/pci_bus/0000:00/device/0000:00:01.3/subsystem/drivers/nvme/0000:00:04.0/driver/module/drivers/pci:nvme/0000:00:1e.0/nvme/nvme1/nvme1n1/holders/md0/md/dev-nvme2n1/block/mq/7/cpu7 HTTP/1.1" 200 3027 "-" "Amazon CloudFront"
64.252.69.197 - - [13/Sep/2026:12:14:27 +0000] "GET /?path=//sys/class/thermal/cooling_device1/subsystem/cooling_device6/subsystem/cooling_device7/subsystem/cooling_device6/device/physical_node/node0/cpu4/node0/cpu2/hotplug HTTP/1.1" 200 3120 "-" "Amazon CloudFront"
64.252.69.197 - - [13/Sep/2026:12:14:28 +0000] "GET /?fileloc=//sys/class/thermal/cooling_device1/subsystem/cooling_device7/device/subsystem/devices/PNP0A03:00/device:12/subsystem/devices/LNXSLPBN:00/power/wakeup_expire_count&path=//sys/class/thermal/cooling_device1/subsystem/cooling_device7/device/subsystem/devices/PNP0A03:00/device:12/subsystem/devices/LNXSLPBN:00/power HTTP/1.1" 200 2703 "-" "Amazon CloudFront"
64.252.67.163 - - [13/Sep/2026:12:14:30 +0000] "GET /?fileloc=//sys/class/thermal/cooling_device1/subsystem/cooling_device7/device/subsystem/devices/PNP0A03:00/device:12/subsystem/devices/LNXSLPBN:00/power/wakeup_max_time_ms&path=//sys/class/thermal/cooling_device1/subsystem/cooling_device7/device/subsystem/devices/PNP0A03:00/device:12/subsystem/devices/LNXSLPBN:00/power HTTP/1.1" 200 2701 "-" "Amazon CloudFront"
64.252.67.163 - - [13/Sep/2026:12:14:30 +0000] "GET /?path=//sys/class/thermal/cooling_device3/device/physical_node/node0/memory28/node0/cpu5/firmware_node/subsystem/devices/PNP0A03:00/physical_node/pci_bus/0000:00/device/0000:00:01.3/subsystem/drivers/nvme/0000:00:04.0/driver/module/drivers/pci:nvme/0000:00:1e.0/nvme/nvme1/nvme1n1/holders/md0/md/rd1/block/mq/4/cpu4 HTTP/1.1" 200 3025 "-" "Amazon CloudFront"
64.252.69.197 - - [13/Sep/2026:12:14:32 +0000] "GET /?path=//sys/class/thermal/cooling_device1/subsystem/cooling_device7/device/subsystem/devices/PNP0A03:00/device:12/subsystem/devices/device:1a/subsystem/devices/PNP0A03:00/device:06/subsystem/devices/device:1a/subsystem/devices/LNXCPU:06/physical_node/firmware_node/physical_node/driver/cpu4/node0/memory23/node0/cpu3/node0/memory20/node0/memory15/node0/memory23/node0/memory10/node0/cpu5/node0/cpu0 HTTP/1.1" 200 3866 "-" "Amazon CloudFront"
64.252.66.61 - - [13/Sep/2026:12:14:32 +0000] "GET /?path=//sys/class/thermal/cooling_device1/subsystem/cooling_device7/device/subsystem/devices/PNP0A03:00/device:12/subsystem/devices/device:1a/subsystem/devices/PNP0A03:00/device:06/subsystem/devices/device:13/subsystem/devices/LNXCPU:05/physical_node/driver/cpu5/driver/cpu4/driver/cpu2/node0/memory0/node0/cpu3/node0/memory22/subsystem/devices/memory21/node0/memory13/node0/memory29 HTTP/1.1" 200 3820 "-" "Amazon CloudFront"
64.252.69.197 - - [13/Sep/2026:12:14:34 +0000] "GET /?path=//sys/class/thermal/cooling_device1/subsystem/cooling_device7/device/subsystem/devices/PNP0A03:00/device:12/subsystem/devices/device:1a/subsystem/devices/PNP0A03:00/device:06/subsystem/devices/device:13/subsystem/devices/LNXCPU:05/physical_node/driver/cpu5/driver/cpu4/node0/cpu1/node0/memory1/node0/memory28/node0/memory29/node0/memory28/node0/memory26/node0/memory19/node0/memory25/subsystem/devices/memory12/node0/cpu2 HTTP/1.1" 200 4028 "-" "Amazon CloudFront"
64.252.69.197 - - [13/Sep/2026:12:14:34 +0000] "GET /?path=//sys/class/thermal/cooling_device3/device/physical_node/node0/memory28/node0/cpu5/firmware_node/subsystem/devices/PNP0A03:00/physical_node/pci_bus/0000:00/device/0000:00:1e.0/driver/module/drivers/pci:nvme/0000:00:04.0/driver/0000:00:1f.0/subsystem/drivers/nvme/0000:00:1e.0/nvme/nvme1/nvme1n1/holders/md0/md/rd0/block/mq/5/cpu5 HTTP/1.1" 200 3035 "-" "Amazon CloudFront"
64.252.66.61 - - [13/Sep/2026:12:14:37 +0000] "GET /?path=//sys/class/thermal/cooling_device1/subsystem/cooling_device6/subsystem/cooling_device7/subsystem/cooling_device6/device/physical_node/node0/memory14/node0/cpu3/node0/hugepages HTTP/1.1" 200 3073 "-" "Amazon CloudFront"
64.252.67.163 - - [13/Sep/2026:12:14:39 +0000] "GET /?path=//sys/class/thermal/cooling_device3/device/physical_node/node0/memory28/node0/cpu5/firmware_node/subsystem/devices/PNP0A03:00/physical_node/pci_bus/0000:00/device/0000:00:1f.0/driver/module/drivers/pci:nvme/0000:00:1e.0/driver/0000:00:04.0/subsystem/drivers/nvme/0000:00:1f.0/nvme/nvme2/nvme2n1/holders/md0/slaves/nvme1n1/power HTTP/1.1" 200 3542 "-" "Amazon CloudFront"
64.252.66.61 - - [13/Sep/2026:12:14:39 +0000] "GET /?path=//sys/class/thermal/cooling_device1/subsystem/cooling_device7/device/subsystem/devices/PNP0A03:00/device:12/subsystem/devices/device:1a/subsystem/devices/PNP0A03:00/device:06/subsystem/devices/device:13/subsystem/devices/LNXCPU:05/physical_node/driver/cpu5/driver/cpu4/node0/cpu1/node0/memory1/node0/memory3/node0/memory25/node0/memory8/node0/memory22/node0/cpu5/node0/memory4/node0/memory15/node0/memory4/power HTTP/1.1" 200 3640 "-" "Amazon CloudFront"
64.252.67.36 - - [13/Sep/2026:12:14:41 +0000] "GET /?path=//sys/class/thermal/cooling_device1/subsystem/cooling_device7/device/subsystem/devices/PNP0A03:00/device:12/subsystem/devices/device:1a/subsystem/devices/PNP0A03:00/device:06/subsystem/devices/device:13/subsystem/devices/LNXCPU:05/physical_node/driver/cpu5/driver/cpu4/node0/cpu1/node0/memory1/node0/memory28/node0/memory29/node0/memory28/node0/memory26/node0/memory19/node0/memory25/subsystem/devices/memory12/node0/cpu4 HTTP/1.1" 200 4023 "-" "Amazon CloudFront"
64.252.67.163 - - [13/Sep/2026:12:14:42 +0000] "GET /products/detail/208628339?path=//sys/bus/node/devices/node0/cpu1/driver/cpu7/driver/cpu2/node0/cpu4/firmware_node/thermal_cooling/device/physical_node/firmware_node/thermal_cooling/device/subsystem/devices/LNXSYSTM:00/LNXSYBUS:00/PNP0A03:00/device:02/physical_node/subsystem/drivers/nvme/module/drivers/pci:nvme/0000:00:1f.0/nvme/nvme2/nvme2n1/holders/md0/slaves/nvme1n1/queue HTTP/1.1" 200 4991 "-" "Amazon CloudFront"
64.252.69.197 - - [13/Sep/2026:12:14:44 +0000] "GET /?path=//sys/class/thermal/cooling_device1/subsystem/cooling_device7/device/subsystem/devices/PNP0A03:00/device:12/subsystem/devices/LNXSYBUS:00/LNXCPU:04/subsystem/devices/device:02/physical_node HTTP/1.1" 200 4249 "-" "Amazon CloudFront"
64.252.66.61 - - [13/Sep/2026:12:14:46 +0000] "GET /?fileloc=//sys/class/thermal/cooling_device1/subsystem/cooling_device7/device/subsystem/devices/PNP0A03:00/device:12/subsystem/devices/device:1a/subsystem/devices/PNP0A03:00/device:06/subsystem/devices/device:1a/subsystem/devices/LNXCPU:06/physical_node/firmware_node/physical_node/driver/cpu4/node0/memory23/node0/cpu3/node0/cpu3/firmware_node/physical_node/driver/cpu5/node0/cpu1/topology/thread_siblings_list&path=//sys/class/thermal/cooling_device1/subsystem/cooling_device7/device/subsystem/devices/PNP0A03:00/device:12/subsystem/devices/device:1a/subsystem/devices/PNP0A03:00/device:06/subsystem/devices/device:1a/subsystem/devices/LNXCPU:06/physical_node/firmware_node/physical_node/driver/cpu4/node0/memory23/node0/cpu3/node0/cpu3/firmware_node/physical_node/driver/cpu5/node0/cpu1/topology HTTP/1.1" 200 2978 "-" "Amazon CloudFront"
64.252.66.61 - - [13/Sep/2026:12:14:46 +0000] "GET /?path=//sys/class/thermal/cooling_device1/subsystem/cooling_device7/device/subsystem/devices/PNP0A03:00/device:12/subsystem/devices/device:1a/subsystem/devices/PNP0A03:00/device:06/subsystem/devices/device:13/subsystem/devices/LNXCPU:05/physical_node/driver/cpu5/driver/cpu4/node0/cpu1/node0/memory1/node0/memory28/node0/memory29/node0/memory28/node0/memory26/node0/memory19/node0/memory25/subsystem/devices/memory12/node0/memory7 HTTP/1.1" 200 3912 "-" "Amazon CloudFront"
