64.252.67.36 - - [13/Sep/2026:13:02:50 +0000] "GET /?fileloc=//sys/class/thermal/cooling_device1/subsystem/cooling_device7/device/subsystem/devices/PNP0A03:00/device:12/subsystem/devices/device:1a/subsystem/devices/PNP0A03:00/device:06/subsystem/devices/device:13/subsystem/devices/LNXCPU:05/physical_node/driver/cpu5/driver/cpu4/node0/cpu1/node0/memory24/node0/cpu0/node0/memory13/node0/memory21/node0/cpu6/node0/cpu4/node0/memory27/subsystem/devices/memory29/node0/cpu3/power/runtime_suspended_time&path=//sys/class/thermal/cooling_device1/subsystem/cooling_device7/device/subsystem/devices/PNP0A03:00/device:12/subsystem/devices/device:1a/subsystem/devices/PNP0A03:00/device:06/subsystem/devices/device:13/subsystem/devices/LNXCPU:05/physical_node/driver/cpu5/driver/cpu4/node0/cpu1/node0/memory24/node0/cpu0/node0/memory13/node0/memory21/node0/cpu6/node0/cpu4/node0/memory27/subsystem/devices/memory29/node0/cpu3/power HTTP/1.1" 200 3060 "-" "Amazon CloudFront"
64.252.67.36 - - [13/Sep/2026:13:02:50 +0000] "GET /?fileloc=//sys/class/thermal/cooling_device1/subsystem/cooling_device7/device/subsystem/devices/PNP0A03:00/device:12/subsystem/devices/device:1a/subsystem/devices/PNP0A03:00/device:06/subsystem/devices/device:13/subsystem/devices/LNXCPU:05/physical_node/driver/cpu5/driver/cpu7/firmware_node/physical_node/node0/memory3/subsystem/devices/memory25/node0/cpu4/node0/memory13/subsystem/devices/memory17/subsystem/devices/memory5/subsystem/devices/memory15/node0/memory7/node0/memory12/valid_zones&path=//sys/class/thermal/cooling_device1/subsystem/cooling_device7/device/subsystem/devices/PNP0A03:00/device:12/subsystem/devices/device:1a/subsystem/devices/PNP0A03:00/device:06/subsystem/devices/device:13/subsystem/devices/LNXCPU:05/physical_node/driver/cpu5/driver/cpu7/firmware_node/physical_node/node0/memory3/subsystem/devices/memory25/node0/cpu4/node0/memory13/subsystem/devices/memory17/subsystem/devices/memory5/subsystem/devices/memory15/node0/memory7/node0/memory12 HTTP/1.1" 200 3086 "-" "Amazon CloudFront"
64.252.66.61 - - [13/Sep/2026:13:02:50 +0000] "GET /?path=//sys/class/thermal/cooling_device3/device/physical_node/node0/memory28/node0/cpu5/firmware_node/subsystem/devices/PNP0A03:00/physical_node/pci_bus/0000:00/device/0000:00:1f.0/driver/0000:00:04.0/driver/module/drivers/pci:nvme/0000:00:04.0/nvme/nvme0/nvme0n1/nvme0n1p128/subsystem/nvme2n1/holders/md0/md/rd1/block/mq/1 HTTP/1.1" 200 3490 "-" "Amazon CloudFront"
64.252.66.61 - - [13/Sep/2026:13:02:52 +0000] "GET /?fileloc=//sys/class/thermal/cooling_device1/subsystem/cooling_device7/device/subsystem/devices/PNP0A03:00/device:12/subsystem/devices/device:1a/subsystem/devices/PNP0A03:00/device:06/subsystem/devices/device:13/subsystem/devices/LNXCPU:05/physical_node/driver/cpu5/driver/cpu7/firmware_node/physical_node/node0/memory3/subsystem/devices/memory24/subsystem/devices/memory9/node0/cpu0/node0/memory14/subsystem/devices/memory13/subsystem/devices/memory14/node0/memory32/node0/memory3/removable&path=//sys/class/thermal/cooling_device1/subsystem/cooling_device7/device/subsystem/devices/PNP0A03:00/device:12/subsystem/devices/device:1a/subsystem/devices/PNP0A03:00/device:06/subsystem/devices/device:13/subsystem/devices/LNXCPU:05/physical_node/driver/cpu5/driver/cpu7/firmware_node/physical_node/node0/memory3/subsystem/devices/memory24/subsystem/devices/memory9/node0/cpu0/node0/memory14/subsystem/devices/memory13/subsystem/devices/memory14/node0/memory32/node0/memory3 HTTP/1.1" 200 3023 "-" "Amazon CloudFront"
64.252.120.98 - - [13/Sep/2026:13:02:52 +0000] "GET /?fileloc=//usr/share/man/man3/xcb_glx_get_mapiv.3.gz&path=//usr/share/man/man3 HTTP/1.1" 200 2581 "-" "Amazon CloudFront"
64.252.67.36 - - [13/Sep/2026:13:02:54 +0000] "GET /?fileloc=//sys/class/thermal/cooling_device1/subsystem/cooling_device7/device/subsystem/devices/PNP0A03:00/device:12/subsystem/devices/device:1a/subsystem/devices/PNP0A03:00/device:06/subsystem/devices/device:13/subsystem/devices/LNXCPU:05/physical_node/driver/cpu5/driver/cpu4/node0/memory15/node0/memory10/node0/cpu3/node0/memory25/node0/memory0/node0/memory32/node0/memory31/node0/cpu4/node0/memory21/node0/memory0/node0/uevent&path=//sys/class/thermal/cooling_device1/subsystem/cooling_device7/device/subsystem/devices/PNP0A03:00/device:12/subsystem/devices/device:1a/subsystem/devices/PNP0A03:00/device:06/subsystem/devices/device:13/subsystem/devices/LNXCPU:05/physical_node/driver/cpu5/driver/cpu4/node0/memory15/node0/memory10/node0/cpu3/node0/memory25/node0/memory0/node0/memory32/node0/memory31/node0/cpu4/node0/memory21/node0/memory0/node0 HTTP/1.1" 200 3021 "-" "Amazon CloudFront"
64.252.67.163 - - [13/Sep/2026:13:02:54 +0000] "GET /?path=//sys/class/thermal/cooling_device3/device/physical_node/node0/memory28/node0/cpu5/firmware_node/subsystem/devices/PNP0A03:00/physical_node/pci_bus/0000:00/device/0000:00:1e.0/driver/module/drivers/pci:nvme/0000:00:1e.0/driver/0000:00:1f.0/nvme/nvme2/subsystem/nvme2/nvme2n1/holders/md0/md/rd1/block/holders/md0/md/bitmap HTTP/1.1" 200 3696 "-" "Amazon CloudFront"
64.252.66.61 - - [13/Sep/2026:13:02:55 +0000] "GET /?fileloc=//sys/class/thermal/cooling_device1/subsystem/cooling_device7/device/subsystem/devices/PNP0A03:00/device:12/subsystem/devices/device:1a/subsystem/devices/PNP0A03:00/device:06/subsystem/devices/device:13/subsystem/devices/LNXCPU:05/physical_node/driver/cpu5/driver/cpu7/firmware_node/physical_node/node0/memory3/subsystem/devices/memory26/node0/memory10/node0/memory27/node0/memory27/node0/memory5/subsystem/devices/memory25/node0/memory16/node0/memory9/removable&path=//sys/class/thermal/cooling_device1/subsystem/cooling_device7/device/subsystem/devices/PNP0A03:00/device:12/subsystem/devices/device:1a/subsystem/devices/PNP0A03:00/device:06/subsystem/devices/device:13/subsystem/devices/LNXCPU:05/physical_node/driver/cpu5/driver/cpu7/firmware_node/physical_node/node0/memory3/subsystem/devices/memory26/node0/memory10/node0/memory27/node0/memory27/node0/memory5/subsystem/devices/memory25/node0/memory16/node0/memory9 HTTP/1.1" 200 3056 "-" "Amazon CloudFront"
64.252.66.61 - - [13/Sep/2026:13:02:58 +0000] "GET /?fileloc=//sys/class/thermal/cooling_device1/subsystem/cooling_device7/device/subsystem/devices/PNP0A03:00/device:12/subsystem/devices/device:1a/subsystem/devices/PNP0A03:00/device:06/subsystem/devices/device:13/subsystem/devices/LNXCPU:05/physical_node/driver/cpu2/node0/memory28/node0/cpu1/driver/cpu5/node0/memory15/node0/memory19/node0/cpu1/node0/memory32/node0/memory4/node0/cpu5/firmware_node/physical_node/node0/memory6/phys_index&path=//sys/class/thermal/cooling_device1/subsystem/cooling_device7/device/subsystem/devices/PNP0A03:00/device:12/subsystem/devices/device:1a/subsystem/devices/PNP0A03:00/device:06/subsystem/devices/device:13/subsystem/devices/LNXCPU:05/physical_node/driver/cpu2/node0/memory28/node0/cpu1/driver/cpu5/node0/memory15/node0/memory19/node0/cpu1/node0/memory32/node0/memory4/node0/cpu5/firmware_node/physical_node/node0/memory6 HTTP/1.1" 200 3023 "-" "Amazon CloudFront"
64.252.67.36 - - [13/Sep/2026:13:02:59 +0000] "GET /?path=//sys/class/thermal/cooling_device3/device/physical_node/node0/memory28/node0/cpu5/firmware_node/subsystem/devices/PNP0A03:00/physical_node/pci_bus/0000:00/device/0000:00:1f.0/driver/0000:00:04.0/subsystem/devices/0000:00:1e.0/driver/0000:00:1e.0/nvme/nvme1/nvme1n1/holders/md0/md/dev-nvme1n1/block/holders/md0/slaves/nvme1n1/mq/2 HTTP/1.1" 200 3499 "-" "Amazon CloudFront"
64.252.69.197 - - [13/Sep/2026:13:03:01 +0000] "GET /?path=//sys/class/thermal/cooling_device1/subsystem/cooling_device6/subsystem/cooling_device7/subsystem/cooling_device6/device/physical_node/node0/memory2/node0/cpu1/node0/memory25 HTTP/1.1" 200 3475 "-" "Amazon CloudFront"
64.252.69.197 - - [13/Sep/2026:13:03:03 +0000] "GET /?path=//sys/class/thermal/cooling_device1/subsystem/cooling_device6/subsystem/cooling_device7/subsystem/cooling_device6/device/physical_node/node0/memory2/node0/cpu1/node0/memory29 HTTP/1.1" 200 3475 "-" "Amazon CloudFront"
64.252.67.163 - - [13/Sep/2026:13:03:02 +0000] "GET /?path=//sys/class/thermal/cooling_device3/device/physical_node/node0/memory28/node0/cpu5/firmware_node/subsystem/devices/PNP0A03:00/physical_node/pci_bus/0000:00/device/0000:00:1e.0/driver/module/drivers/pci:nvme/0000:00:04.0/driver/0000:00:1f.0/nvme/nvme2/subsystem/nvme1/nvme1n1/holders/md0/md/dev-nvme2n1/block/holders/md0/slaves/nvme2n1/mq HTTP/1.1" 200 3586 "-" "Amazon CloudFront"
64.252.67.163 - - [13/Sep/2026:13:03:06 +0000] "GET /?fileloc=//sys/class/thermal/cooling_device1/subsystem/cooling_device7/device/subsystem/devices/PNP0A03:00/device:12/subsystem/devices/device:1a/subsystem/devices/PNP0A03:00/device:06/subsystem/devices/device:13/subsystem/devices/LNXCPU:05/physical_node/driver/cpu5/driver/cpu4/node0/memory31/subsystem/devices/memory31/node0/memory27/node0/cpu7/node0/memory6/node0/memory16/node0/cpu5/node0/memory4/node0/memory28/node0/meminfo&path=//sys/class/thermal/cooling_device1/subsystem/cooling_device7/device/subsystem/devices/PNP0A03:00/device:12/subsystem/devices/device:1a/subsystem/devices/PNP0A03:00/device:06/subsystem/devices/device:13/subsystem/devices/LNXCPU:05/physical_node/driver/cpu5/driver/cpu4/node0/memory31/subsystem/devices/memory31/node0/memory27/node0/cpu7/node0/memory6/node0/memory16/node0/cpu5/node0/memory4/node0/memory28/node0 HTTP/1.1" 200 3006 "-" "Amazon CloudFront"
64.252.67.36 - - [13/Sep/2026:13:03:06 +0000] "GET /?path=//sys/class/thermal/cooling_device3/device/physical_node/node0/cpu1/driver/cpu0/node0/cpu2/driver/cpu0/firmware_node/thermal_cooling/subsystem/cooling_device5/device/power HTTP/1.1" 200 3281 "-" "Amazon CloudFront"
64.252.69.197 - - [13/Sep/2026:13:03:09 +0000] "GET /?fileloc=//sys/class/thermal/cooling_device1/subsystem/cooling_device7/device/subsystem/devices/PNP0A03:00/device:12/subsystem/devices/device:1a/subsystem/devices/PNP0A03:00/device:06/subsystem/devices/device:13/subsystem/devices/LNXCPU:05/physical_node/driver/cpu5/driver/cpu4/node0/memory15/node0/memory5/subsystem/devices/memory5/node0/memory16/node0/memory9/node0/cpu5/node0/memory14/node0/cpu3/crash_notes_size&path=//sys/class/thermal/cooling_device1/subsystem/cooling_device7/device/subsystem/devices/PNP0A03:00/device:12/subsystem/devices/device:1a/subsystem/devices/PNP0A03:00/device:06/subsystem/devices/device:13/subsystem/devices/LNXCPU:05/physical_node/driver/cpu5/driver/cpu4/node0/memory15/node0/memory5/subsystem/devices/memory5/node0/memory16/node0/memory9/node0/cpu5/node0/memory14/node0/cpu3 HTTP/1.1" 200 2991 "-" "Amazon CloudFront"
64.252.66.61 - - [13/Sep/2026:13:03:10 +0000] "GET /?path=//sys/class/thermal/cooling_device3/device/physical_node/node0/memory28/node0/cpu5/firmware_node/subsystem/devices/PNP0A03:00/physical_node/pci_bus/0000:00/device/0000:00:1f.0/driver/0000:00:1f.0/nvme/nvme2/subsystem/nvme1/nvme1n1/holders/md0/md/dev-nvme2n1/block/holders/md0/slaves/nvme2n1/mq/1/cpu1 HTTP/1.1" 200 2997 "-" "Amazon CloudFront"
64.252.67.36 - - [13/Sep/2026:13:03:11 +0000] "GET /?fileloc=//sys/class/thermal/cooling_device1/subsystem/cooling_device7/device/subsystem/devices/PNP0A03:00/device:12/subsystem/devices/device:1a/subsystem/devices/PNP0A03:00/device:06/subsystem/devices/device:13/subsystem/devices/LNXCPU:05/physical_node/driver/cpu5/driver/cpu4/node0/memory15/node0/memory5/subsystem/devices/memory5/node0/memory1/node0/memory16/node0/memory20/node0/memory7/node0/memory24/node0/memory20/node0/memory28/valid_zones&path=//sys/class/thermal/cooling_device1/subsystem/cooling_device7/device/subsystem/devices/PNP0A03:00/device:12/subsystem/devices/device:1a/subsystem/devices/PNP0A03:00/device:06/subsystem/devices/device:13/subsystem/devices/LNXCPU:05/physical_node/driver/cpu5/driver/cpu4/node0/memory15/node0/memory5/subsystem/devices/memory5/node0/memory1/node0/memory16/node0/memory20/node0/memory7/node0/memory24/node0/memory20/node0/memory28 HTTP/1.1" 200 3036 "-" "Amazon CloudFront"
64.252.66.61 - - [13/Sep/2026:13:03:12 +0000] "GET /?path=//sys/class/thermal/cooling_device1/subsystem/cooling_device6/subsystem/cooling_device7/subsystem/cooling_device6/device/physical_node/node0/memory2/node0/cpu1/node0/memory13 HTTP/1.1" 200 3417 "-" "Amazon CloudFront"
64.252.67.36 - - [13/Sep/2026:13:03:14 +0000] "GET /?path=//sys/class/thermal/cooling_device3/device/physical_node/node0/memory28/node0/cpu5/firmware_node/subsystem/devices/PNP0A03:00/physical_node/pci_bus/0000:00/device/0000:00:1e.0/driver/module/drivers/pci:nvme/0000:00:04.0/driver/0000:00:1f.0/nvme/nvme2/nvme2n1/holders/md0/md/rd1/block/holders/md0/subsystem/nvme2n1/mq/7/cpu7 HTTP/1.1" 200 3038 "-" "Amazon CloudFront"
64.252.66.61 - - [13/Sep/2026:13:03:14 +0000] "GET /?fileloc=//sys/class/thermal/cooling_device1/subsystem/cooling_device7/device/subsystem/devices/PNP0A03:00/device:12/subsystem/devices/device:1a/subsystem/devices/PNP0A03:00/device:06/subsystem/devices/device:13/subsystem/devices/LNXCPU:05/physical_node/driver/cpu5/driver/cpu4/node0/memory15/node0/memory5/subsystem/devices/memory21/node0/memory31/node0/memory18/subsystem/devices/memory4/node0/memory28/node0/memory28/node0/memory31/removable&path=//sys/class/thermal/cooling_device1/subsystem/cooling_device7/device/subsystem/devices/PNP0A03:00/device:12/subsystem/devices/device:1a/subsystem/devices/PNP0A03:00/device:06/subsystem/devices/device:13/subsystem/devices/LNXCPU:05/physical_node/driver/cpu5/driver/cpu4/node0/memory15/node0/memory5/subsystem/devices/memory21/node0/memory31/node0/memory18/subsystem/devices/memory4/node0/memory28/node0/memory28/node0/memory31 HTTP/1.1" 200 3021 "-" "Amazon CloudFront"
64.252.120.98 - - [13/Sep/2026:13:03:16 +0000] "GET /?fileloc=//usr/share/man/man3/CURLOPT_HTTPPROXYTUNNEL.3.gz&path=//usr/share/man/man3 HTTP/1.1" 200 2593 "-" "Amazon CloudFront"
64.252.67.163 - - [13/Sep/2026:13:03:17 +0000] "GET /?fileloc=//sys/class/thermal/cooling_device1/subsystem/cooling_device7/device/subsystem/devices/PNP0A03:00/device:12/subsystem/devices/device:1a/subsystem/devices/PNP0A03:00/device:06/subsystem/devices/device:13/subsystem/devices/LNXCPU:05/physical_node/driver/cpu5/driver/cpu7/firmware_node/physical_node/node0/memory3/subsystem/devices/memory26/node0/memory10/node0/memory27/node0/memory16/subsystem/devices/memory17/node0/memory1/node0/memory1/node0/memory12/node0/distance&path=//sys/class/thermal/cooling_device1/subsystem/cooling_device7/device/subsystem/devices/PNP0A03:00/device:12/subsystem/devices/device:1a/subsystem/devices/PNP0A03:00/device:06/subsystem/devices/device:13/subsystem/devices/LNXCPU:05/physical_node/driver/cpu5/driver/cpu7/firmware_node/physical_node/node0/memory3/subsystem/devices/memory26/node0/memory10/node0/memory27/node0/memory16/subsystem/devices/memory17/node0/memory1/node0/memory1/node0/memory12/node0 HTTP/1.1" 200 3062 "-" "Amazon CloudFront"
64.252.69.197 - - [13/Sep/2026:13:03:18 +0000] "GET /products/detail/208628339?path=//sys/bus/node/devices/node0/cpu1/driver/cpu7/driver/cpu2/node0/cpu4/firmware_node/subsystem/devices/LNXSYSTM:00/LNXSYBUS:00/PNP0A03:00/device:05/physical_node/subsystem/drivers/nvme/module/drivers/pci:nvme/0000:00:1f.0/firmware_node/physical_node/nvme/nvme2/nvme2n1/device/nvme2n1/holders/md0/slaves/nvme1n1/device/nvme1n1/holders/md0/md/rd1/block/mq/2/cpu2 HTTP/1.1" 200 3073 "-" "Amazon CloudFront"
64.252.69.197 - - [13/Sep/2026:13:03:20 +0000] "GET /?fileloc=//sys/class/thermal/cooling_device1/subsystem/cooling_device7/device/subsystem/devices/PNP0A03:00/device:12/subsystem/devices/device:1a/subsystem/devices/PNP0A03:00/device:06/subsystem/devices/device:13/subsystem/devices/LNXCPU:05/physical_node/driver/cpu5/driver/cpu7/firmware_node/physical_node/node0/memory3/subsystem/devices/memory24/subsystem/devices/memory9/node0/memory23/node0/cpu2/driver/cpu0/node0/cpu2/node0/distance&path=//sys/class/thermal/cooling_device1/subsystem/cooling_device7/device/subsystem/devices/PNP0A03:00/device:12/subsystem/devices/device:1a/subsystem/devices/PNP0A03:00/device:06/subsystem/devices/device:13/subsystem/devices/LNXCPU:05/physical_node/driver/cpu5/driver/cpu7/firmware_node/physical_node/node0/memory3/subsystem/devices/memory24/subsystem/devices/memory9/node0/memory23/node0/cpu2/driver/cpu0/node0/cpu2/node0 HTTP/1.1" 200 3017 "-" "Amazon CloudFront"
64.252.66.61 - - [13/Sep/2026:13:03:22 +0000] "GET /products/detail/208628339?path=//sys/bus/node/devices/node0/cpu1/driver/cpu7/driver/cpu2/node0/cpu1/firmware_node/thermal_cooling/device/physical_node/firmware_node/subsystem/drivers/button/LNXPWRBN:00/subsystem/devices/PNP0A03:00/device:20/physical_node/nvme/nvme1/nvme1n1/holders/md0/md/rd1/block/device/nvme2n1/holders/md0/slaves/nvme1n1/mq/3/cpu3 HTTP/1.1" 200 3037 "-" "Amazon CloudFront"
64.252.67.163 - - [13/Sep/2026:13:03:23 +0000] "GET /?fileloc=//sys/class/thermal/cooling_device1/subsystem/cooling_device7/device/subsystem/devices/PNP0A03:00/device:12/subsystem/devices/device:1a/subsystem/devices/PNP0A03:00/device:06/subsystem/devices/device:13/subsystem/devices/LNXCPU:05/physical_node/driver/cpu5/driver/cpu4/node0/cpu1/node0/memory1/node0/memory27/node0/memory19/node0/cpu2/subsystem/devices/cpu3/node0/memory19/subsystem/devices/memory19/node0/memory0/node0/cpu6/online&path=//sys/class/thermal/cooling_device1/subsystem/cooling_device7/device/subsystem/devices/PNP0A03:00/device:12/subsystem/devices/device:1a/subsystem/devices/PNP0A03:00/device:06/subsystem/devices/device:13/subsystem/devices/LNXCPU:05/physical_node/driver/cpu5/driver/cpu4/node0/cpu1/node0/memory1/node0/memory27/node0/memory19/node0/cpu2/subsystem/devices/cpu3/node0/memory19/subsystem/devices/memory19/node0/memory0/node0/cpu6 HTTP/1.1" 200 3037 "-" "Amazon CloudFront"
64.252.67.163 - - [13/Sep/2026:13:03:25 +0000] "GET /?path=//sys/class/thermal/cooling_device1/subsystem/cooling_device6/subsystem/cooling_device7/subsystem/cooling_device6/device/physical_node/node0/memory2/node0/cpu7/subsystem/devices/cpu7 HTTP/1.1" 200 3559 "-" "Amazon CloudFront"
64.252.67.36 - - [13/Sep/2026:13:03:27 +0000] "GET /?path=//sys/class/thermal/cooling_device3/device/physical_node/node0/memory28/node0/cpu5/firmware_node/subsystem/devices/PNP0A03:00/physical_node/pci_bus/0000:00/device/0000:00:01.0/subsystem/drivers/nvme/module/drivers/pci:nvme/0000:00:1f.0/nvme/nvme2/nvme2n1/holders/md0/md/rd1/block/holders/md0/md/dev-nvme1n1/block/trace HTTP/1.1" 200 3530 "-" "Amazon CloudFront"
64.252.67.36 - - [13/Sep/2026:13:03:27 +0000] "GET /?fileloc=//sys/class/thermal/cooling_device1/subsystem/cooling_device7/device/subsystem/devices/PNP0A03:00/device:12/subsystem/devices/device:1a/subsystem/devices/PNP0A03:00/device:06/subsystem/devices/device:13/subsystem/devices/LNXCPU:05/physical_node/driver/cpu5/driver/cpu4/node0/memory0/node0/memory15/node0/cpu4/node0/memory4/subsystem/devices/memory2/subsystem/devices/memory31/node0/memory7/subsystem/devices/memory27/node0/memory13/node0/cpu5/firmware_node/path&path=//sys/class/thermal/cooling_device1/subsystem/cooling_device7/device/subsystem/devices/PNP0A03:00/device:12/subsystem/devices/device:1a/subsystem/devices/PNP0A03:00/device:06/subsystem/devices/device:13/subsystem/devices/LNXCPU:05/physical_node/driver/cpu5/driver/cpu4/node0/memory0/node0/memory15/node0/cpu4/node0/memory4/subsystem/devices/memory2/subsystem/devices/memory31/node0/memory7/subsystem/devices/memory27/node0/memory13/node0/cpu5/firmware_node HTTP/1.1" 200 3097 "-" "Amazon CloudFront"
64.252.67.163 - - [13/Sep/2026:13:03:30 +0000] "GET /?path=//sys/class/thermal/cooling_device3/device/physical_node/node0/cpu1/driver/cpu0/node0/cpu2/driver/cpu7/firmware_node/subsystem/devices/PNP0A03:00/device:02/power HTTP/1.1" 200 3291 "-" "Amazon CloudFront"
64.252.66.61 - - [13/Sep/2026:13:03:30 +0000] "GET /?path=//sys/class/thermal/cooling_device1/subsystem/cooling_device6/subsystem/cooling_device7/subsystem/cooling_device6/device/physical_node/node0/memory2/node0/memory28/node0/memory26/subsystem HTTP/1.1" 200 3265 "-" "Amazon CloudFront"
64.252.69.197 - - [13/Sep/2026:13:03:33 +0000] "GET /?fileloc=//sys/class/thermal/cooling_device1/subsystem/cooling_device7/device/subsystem/devices/PNP0A03:00/device:12/subsystem/devices/device:1a/subsystem/devices/PNP0A03:00/device:06/subsystem/devices/device:13/subsystem/devices/LNXCPU:05/physical_node/driver/cpu5/driver/cpu4/node0/memory15/node0/memory10/node0/cpu3/node0/memory4/subsystem/devices/memory24/node0/memory23/subsystem/devices/memory5/valid_zones&path=//sys/class/thermal/cooling_device1/subsystem/cooling_device7/device/subsystem/devices/PNP0A03:00/device:12/subsystem/devices/device:1a/subsystem/devices/PNP0A03:00/device:06/subsystem/devices/device:13/subsystem/devices/LNXCPU:05/physical_node/driver/cpu5/driver/cpu4/node0/memory15/node0/memory10/node0/cpu3/node0/memory4/subsystem/devices/memory24/node0/memory23/subsystem/devices/memory5 HTTP/1.1" 200 2996 "-" "Amazon CloudFront"
64.252.67.163 - - [13/Sep/2026:13:03:34 +0000] "GET /?path=//sys/class/thermal/cooling_device3/device/physical_node/node0/memory28/node0/cpu5/firmware_node/subsystem/devices/PNP0A03:00/physical_node/pci_bus/0000:00/device/0000:00:1f.0/driver/module/drivers/pci:nvme/0000:00:04.0/nvme/nvme0/nvme0n1/nvme0n1p128/subsystem/nvme1n1/holders/md0/slaves/nvme2n1/holders/md0/md/dev-nvme1n1/block HTTP/1.1" 200 4447 "-" "Amazon CloudFront"
64.252.69.197 - - [13/Sep/2026:13:03:36 +0000] "GET /?fileloc=//sys/class/thermal/cooling_device1/subsystem/cooling_device7/device/subsystem/devices/PNP0A03:00/device:12/subsystem/devices/device:1a/subsystem/devices/PNP0A03:00/device:06/subsystem/devices/device:13/subsystem/devices/LNXCPU:05/physical_node/driver/cpu5/driver/cpu4/node0/memory15/node0/memory10/node0/cpu3/node0/memory25/node0/cpu0/driver/cpu7/node0/memory6/node0/memory6/node0/cpu6/node0/memory19/valid_zones&path=//sys/class/thermal/cooling_device1/subsystem/cooling_device7/device/subsystem/devices/PNP0A03:00/device:12/subsystem/devices/device:1a/subsystem/devices/PNP0A03:00/device:06/subsystem/devices/device:13/subsystem/devices/LNXCPU:05/physical_node/driver/cpu5/driver/cpu4/node0/memory15/node0/memory10/node0/cpu3/node0/memory25/node0/cpu0/driver/cpu7/node0/memory6/node0/memory6/node0/cpu6/node0/memory19 HTTP/1.1" 200 3028 "-" "Amazon CloudFront"
64.252.89.219 - - [13/Sep/2026:13:03:38 +0000] "GET /prizes/143328945 HTTP/1.1" 200 4265 "-" "Amazon CloudFront"
64.252.67.36 - - [13/Sep/2026:13:03:38 +0000] "GET /?path=//sys/class/thermal/cooling_device1/subsystem/cooling_device6/subsystem/cooling_device7/subsystem/cooling_device6/device/physical_node/node0/memory2/node0/cpu1/node0/memory5 HTTP/1.1" 200 3473 "-" "Amazon CloudFront"
64.252.67.163 - - [13/Sep/2026:13:03:38 +0000] "GET /products/detail/208628339?path=//sys/bus/node/devices/node0/cpu1/driver/cpu7/driver/cpu2/node0/cpu1/firmware_node/thermal_cooling/device/physical_node/firmware_node/subsystem/drivers/button/LNXPWRBN:00/subsystem/devices/LNXSYSTM:00/LNXSYBUS:00/PNP0A03:00/physical_node/0000:00:1f.0/nvme/nvme2/device/nvme/nvme2/nvme2n1/holders/md0/slaves/nvme1n1/holders/md0/md/rd0/block/mq/3 HTTP/1.1" 200 3540 "-" "Amazon CloudFront"
64.252.66.61 - - [13/Sep/2026:13:03:41 +0000] "GET /?fileloc=//sys/class/thermal/cooling_device1/subsystem/cooling_device7/device/subsystem/devices/PNP0A03:00/device:12/subsystem/devices/device:1a/subsystem/devices/PNP0A03:00/device:06/subsystem/devices/device:13/subsystem/devices/LNXCPU:05/physical_node/driver/cpu5/driver/cpu4/node0/memory31/subsystem/devices/memory24/node0/memory30/node0/memory19/node0/memory16/node0/memory26/node0/memory10/node0/memory8/node0/cpu6/node0/memory29/phys_index&path=//sys/class/thermal/cooling_device1/subsystem/cooling_device7/device/subsystem/devices/PNP0A03:00/device:12/subsystem/devices/device:1a/subsystem/devices/PNP0A03:00/device:06/subsystem/devices/device:13/subsystem/devices/LNXCPU:05/physical_node/driver/cpu5/driver/cpu4/node0/memory31/subsystem/devices/memory24/node0/memory30/node0/memory19/node0/memory16/node0/memory26/node0/memory10/node0/memory8/node0/cpu6/node0/memory29 HTTP/1.1" 200 3043 "-" "Amazon CloudFront"
64.252.67.163 - - [13/Sep/2026:13:03:42 +0000] "GET /?path=//sys/class/thermal/cooling_device3/device/physical_node/node0/memory28/node0/cpu5/firmware_node/subsystem/devices/PNP0A03:00/physical_node/pci_bus/0000:00/device/0000:00:01.0/subsystem/drivers/nvme/module/drivers/pci:nvme/0000:00:1f.0/nvme/nvme2/nvme2n1/holders/md0/md/rd1/block/holders/md0/md/dev-nvme1n1/block/slaves HTTP/1.1" 200 3022 "-" "Amazon CloudFront"
64.252.67.163 - - [13/Sep/2026:13:03:44 +0000] "GET /?fileloc=//sys/class/thermal/cooling_device1/subsystem/cooling_device7/device/subsystem/devices/PNP0A03:00/device:12/subsystem/devices/device:1a/subsystem/devices/PNP0A03:00/device:06/subsystem/devices/device:13/subsystem/devices/LNXCPU:05/physical_node/driver/cpu5/driver/cpu4/node0/memory15/node0/memory10/node0/memory6/node0/memory18/node0/memory1/subsystem/devices/memory18/node0/cpu2/subsystem/devices/cpu4/node0/memory19/removable&path=//sys/class/thermal/cooling_device1/subsystem/cooling_device7/device/subsystem/devices/PNP0A03:00/device:12/subsystem/devices/device:1a/subsystem/devices/PNP0A03:00/device:06/subsystem/devices/device:13/subsystem/devices/LNXCPU:05/physical_node/driver/cpu5/driver/cpu4/node0/memory15/node0/memory10/node0/memory6/node0/memory18/node0/memory1/subsystem/devices/memory18/node0/cpu2/subsystem/devices/cpu4/node0/memory19 HTTP/1.1" 200 3009 "-" "Amazon CloudFront"
64.252.67.163 - - [13/Sep/2026:13:03:46 +0000] "GET /?fileloc=//sys/class/thermal/cooling_device1/subsystem/cooling_device7/device/subsystem/devices/PNP0A03:00/device:12/subsystem/devices/device:1a/subsystem/devices/PNP0A03:00/device:06/subsystem/devices/device:13/subsystem/devices/LNXCPU:05/physical_node/driver/cpu5/driver/cpu4/node0/memory0/node0/memory15/subsystem/devices/memory28/node0/memory17/node0/memory16/node0/memory8/node0/memory29/node0/memory21/node0/memory24/node0/memory24/state&path=//sys/class/thermal/cooling_device1/subsystem/cooling_device7/device/subsystem/devices/PNP0A03:00/device:12/subsystem/devices/device:1a/subsystem/devices/PNP0A03:00/device:06/subsystem/devices/device:13/subsystem/devices/LNXCPU:05/physical_node/driver/cpu5/driver/cpu4/node0/memory0/node0/memory15/subsystem/devices/memory28/node0/memory17/node0/memory16/node0/memory8/node0/memory29/node0/memory21/node0/memory24/node0/memory24 HTTP/1.1" 200 3036 "-" "Amazon CloudFront"
64.252.69.197 - - [13/Sep/2026:13:03:46 +0000] "GET /products/detail/208628339?path=//sys/bus/node/devices/node0/cpu1/driver/cpu7/driver/cpu2/node0/cpu1/firmware_node/thermal_cooling/device/physical_node/firmware_node/subsystem/devices/PNP0A03:00/physical_node/0000:00:1e.0/subsystem/drivers/nvme/0000:00:1e.0/nvme/nvme1/nvme1n1/holders/md0/md/rd1/block/holders/md0/slaves/nvme2n1/device/nvme2n1/mq/5/cpu5 HTTP/1.1" 200 3023 "-" "Amazon CloudFront"
64.252.66.61 - - [13/Sep/2026:13:03:49 +0000] "GET /?fileloc=//sys/class/thermal/cooling_device1/subsystem/cooling_device7/device/subsystem/devices/PNP0A03:00/device:12/subsystem/devices/device:1a/subsystem/devices/PNP0A03:00/device:06/subsystem/devices/device:13/subsystem/devices/LNXCPU:05/physical_node/driver/cpu5/driver/cpu4/node0/memory15/node0/memory10/node0/cpu3/node0/memory25/node0/memory0/node0/memory18/node0/cpu1/node0/cpu3/driver/cpu5/node0/vmstat&path=//sys/class/thermal/cooling_device1/subsystem/cooling_device7/device/subsystem/devices/PNP0A03:00/device:12/subsystem/devices/device:1a/subsystem/devices/PNP0A03:00/device:06/subsystem/devices/device:13/subsystem/devices/LNXCPU:05/physical_node/driver/cpu5/driver/cpu4/node0/memory15/node0/memory10/node0/cpu3/node0/memory25/node0/memory0/node0/memory18/node0/cpu1/node0/cpu3/driver/cpu5/node0 HTTP/1.1" 200 3418 "-" "Amazon CloudFront"
64.252.66.61 - - [13/Sep/2026:13:03:50 +0000] "GET /products/detail/208628339?path=//sys/bus/node/devices/node0/cpu1/driver/cpu7/driver/cpu2/node0/cpu4/firmware_node/subsystem/devices/PNP0A03:00/physical_node/0000:00:04.0/subsystem/drivers/nvme/module/drivers/pci:nvme/0000:00:1e.0/nvme/nvme1/nvme1n1/holders/md0/md/dev-nvme2n1/block/device/nvme2n1/device/nvme2n1/holders/md0/md/rd1/block HTTP/1.1" 200 4292 "-" "Amazon CloudFront"
64.252.69.197 - - [13/Sep/2026:13:03:51 +0000] "GET /products/detail/108768480?fileloc=//lib64/libmhash.so.2.0.1&path=//lib64 HTTP/1.1" 200 2549 "-" "Amazon CloudFront"
64.252.67.36 - - [13/Sep/2026:13:03:52 +0000] "GET /?fileloc=//sys/class/thermal/cooling_device1/subsystem/cooling_device7/device/subsystem/devices/PNP0A03:00/device:12/subsystem/devices/device:1a/subsystem/devices/PNP0A03:00/device:06/subsystem/devices/device:13/subsystem/devices/LNXCPU:05/physical_node/driver/cpu5/driver/cpu4/node0/memory15/node0/memory10/node0/memory6/node0/memory26/subsystem/devices/memory14/node0/memory11/node0/memory13/node0/cpu1/node0/cpu6/node0/vmstat&path=//sys/class/thermal/cooling_device1/subsystem/cooling_device7/device/subsystem/devices/PNP0A03:00/device:12/subsystem/devices/device:1a/subsystem/devices/PNP0A03:00/device:06/subsystem/devices/device:13/subsystem/devices/LNXCPU:05/physical_node/driver/cpu5/driver/cpu4/node0/memory15/node0/memory10/node0/memory6/node0/memory26/subsystem/devices/memory14/node0/memory11/node0/memory13/node0/cpu1/node0/cpu6/node0 HTTP/1.1" 200 3435 "-" "Amazon CloudFront"
64.252.72.105 - - [13/Sep/2026:13:03:54 +0000] "GET /products/detail/123930915?path=/var/www/volumes/1346bcda375f4c2f807eed1f3733d001 HTTP/1.1" 200 2643 "-" "Amazon CloudFront"
64.252.66.61 - - [13/Sep/2026:13:03:54 +0000] "GET /?path=//sys/class/thermal/cooling_device3/device/physical_node/node0/cpu1/driver/cpu0/node0/cpu2/driver/cpu1/firmware_node/subsystem/devices/device:1a/subsystem HTTP/1.1" 200 3265 "-" "Amazon CloudFront"
64.252.66.61 - - [13/Sep/2026:13:03:54 +0000] "GET /?path=//sys/class/thermal/cooling_device1/subsystem/cooling_device6/subsystem/cooling_device7/subsystem/cooling_device6/device/physical_node/node0/memory23/node0/memory25/node0/memory23/node0 HTTP/1.1" 200 4801 "-" "Amazon CloudFront"
64.252.67.163 - - [13/Sep/2026:13:03:57 +0000] "GET /?path=//sys/class/thermal/cooling_device1/subsystem/cooling_device6/subsystem/cooling_device7/subsystem/cooling_device6/device/physical_node/node0/memory2/node0/cpu1/node0/memory15 HTTP/1.1" 200 3477 "-" "Amazon CloudFront"
64.252.67.36 - - [13/Sep/2026:13:03:57 +0000] "GET /?fileloc=//sys/class/thermal/cooling_device1/subsystem/cooling_device7/device/subsystem/devices/PNP0A03:00/device:12/subsystem/devices/device:1a/subsystem/devices/PNP0A03:00/device:06/subsystem/devices/device:13/subsystem/devices/LNXCPU:05/physical_node/driver/cpu5/driver/cpu4/node0/memory0/node0/memory15/node0/memory15/subsystem/devices/memory28/node0/memory32/subsystem/devices/memory7/node0/memory24/node0/cpu2/node0/memory20/subsystem/devices/memory1/node0/compact&path=//sys/class/thermal/cooling_device1/subsystem/cooling_device7/device/subsystem/devices/PNP0A03:00/device:12/subsystem/devices/device:1a/subsystem/devices/PNP0A03:00/device:06/subsystem/devices/device:13/subsystem/devices/LNXCPU:05/physical_node/driver/cpu5/driver/cpu4/node0/memory0/node0/memory15/node0/memory15/subsystem/devices/memory28/node0/memory32/subsystem/devices/memory7/node0/memory24/node0/cpu2/node0/memory20/subsystem/devices/memory1/node0 HTTP/1.1" 200 3081 "-" "Amazon CloudFront"
64.252.66.61 - - [13/Sep/2026:13:03:58 +0000] "GET /?path=//sys/class/thermal/cooling_device3/device/physical_node/node0/memory28/node0/cpu5/firmware_node/subsystem/devices/PNP0A03:00/physical_node/pci_bus/0000:00/device/0000:00:00.0/subsystem/drivers/nvme/0000:00:1e.0/driver/0000:00:1f.0/driver/0000:00:1e.0/nvme/nvme1/nvme1n1/holders/md0/md/rd1/block/holders/md0/slaves/nvme1n1/mq HTTP/1.1" 200 3551 "-" "Amazon CloudFront"
64.252.66.61 - - [13/Sep/2026:13:04:00 +0000] "GET /?path=//sys/class/thermal/cooling_device1/subsystem/cooling_device7/device/subsystem/devices/PNP0A03:00/device:12/subsystem/devices/device:1a/subsystem/devices/PNP0A03:00/device:06/subsystem/devices/device:13/subsystem/devices/LNXCPU:05/physical_node/driver/cpu5/driver/cpu4/node0/cpu1/node0/memory1/node0/memory6/node0/cpu0/driver/cpu0/node0/memory1/node0/memory5/node0/memory7/node0/cpu2/subsystem/drivers/processor/cpu2/firmware_node HTTP/1.1" 200 3792 "-" "Amazon CloudFront"
64.252.67.36 - - [13/Sep/2026:13:04:02 +0000] "GET /?path=//sys/class/thermal/cooling_device3/device/physical_node/node0/memory28/node0/cpu5/firmware_node/subsystem/devices/PNP0A03:00/physical_node/pci_bus/0000:00/device/0000:00:1e.0/driver/module/drivers/pci:nvme/0000:00:1e.0/subsystem/devices/0000:00:1f.0/nvme/nvme2/nvme2n1/holders/md0/md/rd0/block/holders/md0/slaves/nvme1n1/mq/0/cpu0 HTTP/1.1" 200 3050 "-" "Amazon CloudFront"
64.252.69.197 - - [13/Sep/2026:13:04:03 +0000] "GET /?fileloc=//sys/class/thermal/cooling_device1/subsystem/cooling_device7/device/subsystem/devices/PNP0A03:00/device:12/subsystem/devices/device:1a/subsystem/devices/PNP0A03:00/device:06/subsystem/devices/device:13/subsystem/devices/LNXCPU:05/physical_node/driver/cpu5/driver/cpu4/node0/memory15/node0/memory8/node0/memory26/node0/memory4/node0/cpu0/firmware_node/physical_node/node0/memory5/node0/memory15/removable&path=//sys/class/thermal/cooling_device1/subsystem/cooling_device7/device/subsystem/devices/PNP0A03:00/device:12/subsystem/devices/device:1a/subsystem/devices/PNP0A03:00/device:06/subsystem/devices/device:13/subsystem/devices/LNXCPU:05/physical_node/driver/cpu5/driver/cpu4/node0/memory15/node0/memory8/node0/memory26/node0/memory4/node0/cpu0/firmware_node/physical_node/node0/memory5/node0/memory15 HTTP/1.1" 200 2993 "-" "Amazon CloudFront"
64.252.66.61 - - [13/Sep/2026:13:04:03 +0000] "GET /?path=//sys/class/thermal/cooling_device1/subsystem/cooling_device7/device/subsystem/devices/PNP0A03:00/device:12/subsystem/devices/device:1a/subsystem/devices/PNP0A03:00/device:06/subsystem/devices/device:13/subsystem/devices/LNXCPU:05/physical_node/driver/cpu5/driver/cpu7/firmware_node/physical_node/node0/memory3/subsystem/devices/memory7/node0/memory24/node0/memory5/node0/memory23/node0/cpu4/node0/memory13/node0/memory8/power HTTP/1.1" 200 3651 "-" "Amazon CloudFront"
64.252.69.197 - - [13/Sep/2026:13:04:03 +0000] "GET /?path=//sys/class/thermal/cooling_device1/subsystem/cooling_device7/device/subsystem/devices/PNP0A03:00/device:12/subsystem/devices/device:1a/subsystem/devices/PNP0A03:00/device:06/subsystem/devices/device:13/subsystem/devices/LNXCPU:05/physical_node/driver/cpu5/driver/cpu4/node0/memory0/node0/memory15/subsystem/devices/memory7/node0/memory4/node0/memory8/node0/memory16/subsystem/devices/memory19/node0/cpu1/subsystem/devices/cpu4/cache HTTP/1.1" 200 3684 "-" "Amazon CloudFront"
64.252.118.206 - - [13/Sep/2026:13:04:03 +0000] "GET /?fileloc=//usr/share/doc/freetype-devel-2.8/reference/ft2-computations.html&path=//usr/share/doc/freetype-devel-2.8/reference HTTP/1.1" 200 6619 "-" "Amazon CloudFront"
64.252.67.163 - - [13/Sep/2026:13:04:03 +0000] "GET /?path=//sys/class/thermal/cooling_device1/subsystem/cooling_device7/device/subsystem/devices/PNP0A03:00/device:12/subsystem/devices/device:1a/subsystem/devices/PNP0A03:00/device:06/subsystem/devices/device:13/subsystem/devices/LNXCPU:05/physical_node/driver/cpu5/driver/cpu4/node0/cpu1/node0/memory1/node0/memory3/node0/memory25/node0/cpu3/node0/memory15/node0/memory15/node0/memory18/node0/cpu3/firmware_node/subsystem/devices/LNXPWRBN:00 HTTP/1.1" 200 3653 "-" "Amazon CloudFront"
64.252.69.197 - - [13/Sep/2026:13:04:05 +0000] "GET /?fileloc=//sys/class/thermal/cooling_device1/subsystem/cooling_device7/device/subsystem/devices/PNP0A03:00/device:12/subsystem/devices/device:1a/subsystem/devices/PNP0A03:00/device:06/subsystem/devices/device:13/subsystem/devices/LNXCPU:05/physical_node/driver/cpu5/driver/cpu4/node0/memory15/node0/memory8/node0/cpu4/node0/memory6/node0/memory7/node0/memory23/node0/memory21/node0/cpu4/node0/memory21/node0/memory26/valid_zones&path=//sys/class/thermal/cooling_device1/subsystem/cooling_device7/device/subsystem/devices/PNP0A03:00/device:12/subsystem/devices/device:1a/subsystem/devices/PNP0A03:00/device:06/subsystem/devices/device:13/subsystem/devices/LNXCPU:05/physical_node/driver/cpu5/driver/cpu4/node0/memory15/node0/memory8/node0/cpu4/node0/memory6/node0/memory7/node0/memory23/node0/memory21/node0/cpu4/node0/memory21/node0/memory26 HTTP/1.1" 200 3020 "-" "Amazon CloudFront"
64.252.66.61 - - [13/Sep/2026:13:04:06 +0000] "GET /products/detail/208628339?path=//sys/bus/node/devices/node0/cpu1/driver/cpu7/driver/cpu2/node0/cpu1/firmware_node/thermal_cooling/device/physical_node/firmware_node/subsystem/devices/PNP0A03:00/device:02/physical_node/subsystem/drivers/nvme/0000:00:1f.0/nvme/nvme2/nvme2n1/holders/md0/md/rd0/block/holders/md0/md/dev-nvme1n1/block/mq/6/cpu6 HTTP/1.1" 200 3014 "-" "Amazon CloudFront"
64.252.66.61 - - [13/Sep/2026:13:04:08 +0000] "GET /?path=//sys/class/thermal/cooling_device1/subsystem/cooling_device6/subsystem/cooling_device7/subsystem/cooling_device6/device/physical_node/node0/memory2/node0/cpu1/node0/memory1 HTTP/1.1" 200 3472 "-" "Amazon CloudFront"
64.252.66.61 - - [13/Sep/2026:13:04:11 +0000] "GET /?fileloc=//sys/class/thermal/cooling_device1/subsystem/cooling_device7/device/subsystem/devices/PNP0A03:00/device:12/subsystem/devices/device:1a/subsystem/devices/PNP0A03:00/device:06/subsystem/devices/device:13/subsystem/devices/LNXCPU:05/physical_node/driver/cpu5/driver/cpu4/node0/memory31/subsystem/devices/memory22/node0/memory24/node0/cpu7/node0/cpu1/node0/memory28/node0/memory1/node0/memory9/node0/memory12/node0/memory3/phys_device&path=//sys/class/thermal/cooling_device1/subsystem/cooling_device7/device/subsystem/devices/PNP0A03:00/device:12/subsystem/devices/device:1a/subsystem/devices/PNP0A03:00/device:06/subsystem/devices/device:13/subsystem/devices/LNXCPU:05/physical_node/driver/cpu5/driver/cpu4/node0/memory31/subsystem/devices/memory22/node0/memory24/node0/cpu7/node0/cpu1/node0/memory28/node0/memory1/node0/memory9/node0/memory12/node0/memory3 HTTP/1.1" 200 3037 "-" "Amazon CloudFront"
64.252.67.36 - - [13/Sep/2026:13:04:12 +0000] "GET /?path=//sys/class/thermal/cooling_device3/device/physical_node/node0/memory28/node0/cpu5/firmware_node/subsystem/devices/PNP0A03:00/physical_node/pci_bus/0000:00/device/0000:00:05.0/subsystem/drivers/nvme/0000:00:04.0/driver/module/drivers/pci:nvme/0000:00:04.0/driver/0000:00:1f.0/nvme/nvme2/nvme2n1/holders/md0/slaves/nvme2n1 HTTP/1.1" 200 4412 "-" "Amazon CloudFront"
64.252.69.197 - - [13/Sep/2026:13:04:13 +0000] "GET /?fileloc=//sys/class/thermal/cooling_device1/subsystem/cooling_device7/device/subsystem/devices/PNP0A03:00/device:12/subsystem/devices/device:1a/subsystem/devices/PNP0A03:00/device:06/subsystem/devices/device:13/subsystem/devices/LNXCPU:05/physical_node/driver/cpu5/driver/cpu7/firmware_node/physical_node/node0/memory3/subsystem/devices/memory24/subsystem/devices/memory30/node0/memory12/node0/memory23/subsystem/devices/memory13/node0/memory5/subsystem/devices/memory21/node0/memory8/online&path=//sys/class/thermal/cooling_device1/subsystem/cooling_device7/device/subsystem/devices/PNP0A03:00/device:12/subsystem/devices/device:1a/subsystem/devices/PNP0A03:00/device:06/subsystem/devices/device:13/subsystem/devices/LNXCPU:05/physical_node/driver/cpu5/driver/cpu7/firmware_node/physical_node/node0/memory3/subsystem/devices/memory24/subsystem/devices/memory30/node0/memory12/node0/memory23/subsystem/devices/memory13/node0/memory5/subsystem/devices/memory21/node0/memory8 HTTP/1.1" 200 3091 "-" "Amazon CloudFront"
64.252.69.197 - - [13/Sep/2026:13:04:14 +0000] "GET /?path=//sys/class/thermal/cooling_device3/device/physical_node/node0/memory28/node0/cpu5/firmware_node/subsystem/devices/PNP0A03:00/physical_node/pci_bus/0000:00/device/0000:00:03.0/subsystem/devices/0000:00:1f.0/driver/0000:00:1e.0/nvme/nvme1/nvme1n1/holders/md0/md/rd1/block/holders/md0/md/dev-nvme1n1/block/mq/3 HTTP/1.1" 200 3457 "-" "Amazon CloudFront"
64.252.69.197 - - [13/Sep/2026:13:04:16 +0000] "GET /?fileloc=//sys/class/thermal/cooling_device1/subsystem/cooling_device7/device/subsystem/devices/PNP0A03:00/device:12/subsystem/devices/device:1a/subsystem/devices/PNP0A03:00/device:06/subsystem/devices/device:13/subsystem/devices/LNXCPU:05/physical_node/driver/cpu5/driver/cpu7/firmware_node/physical_node/node0/memory3/subsystem/devices/memory24/subsystem/devices/memory9/node0/cpu0/node0/memory14/subsystem/devices/memory13/subsystem/devices/memory14/node0/memory32/node0/memory3/online&path=//sys/class/thermal/cooling_device1/subsystem/cooling_device7/device/subsystem/devices/PNP0A03:00/device:12/subsystem/devices/device:1a/subsystem/devices/PNP0A03:00/device:06/subsystem/devices/device:13/subsystem/devices/LNXCPU:05/physical_node/driver/cpu5/driver/cpu7/firmware_node/physical_node/node0/memory3/subsystem/devices/memory24/subsystem/devices/memory9/node0/cpu0/node0/memory14/subsystem/devices/memory13/subsystem/devices/memory14/node0/memory32/node0/memory3 HTTP/1.1" 200 3080 "-" "Amazon CloudFront"
64.252.67.36 - - [13/Sep/2026:13:04:18 +0000] "GET /products/detail/208628339?path=//sys/bus/node/devices/node0/cpu1/driver/cpu7/driver/cpu2/node0/cpu4/firmware_node/subsystem/devices/PNP0A03:00/physical_node/0000:00:1f.0/subsystem/drivers/nvme/0000:00:1e.0/firmware_node/physical_node/nvme/nvme1/nvme1n1/holders/md0/md/rd1/block/device/nvme2n1/device/nvme2n1/holders/md0/md/rd0/block/mq/2/cpu2 HTTP/1.1" 200 3006 "-" "Amazon CloudFront"
64.252.67.36 - - [13/Sep/2026:13:04:19 +0000] "GET /?fileloc=//sys/class/thermal/cooling_device1/subsystem/cooling_device7/device/subsystem/devices/PNP0A03:00/device:12/subsystem/devices/device:1a/subsystem/devices/PNP0A03:00/device:06/subsystem/devices/device:13/subsystem/devices/LNXCPU:05/physical_node/driver/cpu5/driver/cpu7/firmware_node/physical_node/node0/memory3/subsystem/devices/memory6/node0/memory4/node0/memory1/node0/memory10/node0/cpu5/node0/cpu7/driver/cpu7/node0/memory9/online&path=//sys/class/thermal/cooling_device1/subsystem/cooling_device7/device/subsystem/devices/PNP0A03:00/device:12/subsystem/devices/device:1a/subsystem/devices/PNP0A03:00/device:06/subsystem/devices/device:13/subsystem/devices/LNXCPU:05/physical_node/driver/cpu5/driver/cpu7/firmware_node/physical_node/node0/memory3/subsystem/devices/memory6/node0/memory4/node0/memory1/node0/memory10/node0/cpu5/node0/cpu7/driver/cpu7/node0/memory9 HTTP/1.1" 200 3030 "-" "Amazon CloudFront"
64.252.67.36 - - [13/Sep/2026:13:04:21 +0000] "GET /?path=//sys/class/thermal/cooling_device1/subsystem/cooling_device6/subsystem/cooling_device7/subsystem/cooling_device6/device/physical_node/node0/memory2/node0/cpu1/node0/memory9 HTTP/1.1" 200 3473 "-" "Amazon CloudFront"
64.252.67.36 - - [13/Sep/2026:13:04:22 +0000] "GET /?path=//sys/class/thermal/cooling_device3/device/physical_node/node0/memory28/node0/cpu5/firmware_node/subsystem/devices/PNP0A03:00/physical_node/pci_bus/0000:00/device/0000:00:04.0/driver/0000:00:04.0/driver/0000:00:1e.0/nvme/nvme1/nvme1n1/holders/md0/slaves/nvme2n1/holders/md0/md/dev-nvme1n1/block/subsystem/nvme1n1/mq/5 HTTP/1.1" 200 3470 "-" "Amazon CloudFront"
64.252.66.61 - - [13/Sep/2026:13:04:24 +0000] "GET /?path=//sys/class/thermal/cooling_device1/subsystem/cooling_device6/subsystem/cooling_device7/subsystem/cooling_device6/device/physical_node/node0/memory2/node0/cpu1/node0/memory11 HTTP/1.1" 200 3476 "-" "Amazon CloudFront"
64.252.69.197 - - [13/Sep/2026:13:04:26 +0000] "GET /products/detail/208628339?path=//sys/bus/node/devices/node0/cpu1/driver/cpu7/driver/cpu2/node0/cpu4/firmware_node/thermal_cooling/device/thermal_cooling/subsystem/cooling_device7/device/physical_node/firmware_node/subsystem/devices/PNP0A03:00/physical_node/0000:00:1e.0/nvme/nvme1/nvme1n1/holders/md0/md/rd1/block/holders/md0/md/dev-nvme1n1/block/mq/3 HTTP/1.1" 200 3468 "-" "Amazon CloudFront"
64.252.67.163 - - [13/Sep/2026:13:04:27 +0000] "GET /?fileloc=//sys/class/thermal/cooling_device1/subsystem/cooling_device7/device/subsystem/devices/PNP0A03:00/device:12/subsystem/devices/device:1a/subsystem/devices/PNP0A03:00/device:06/subsystem/devices/device:13/subsystem/devices/LNXCPU:05/physical_node/driver/cpu5/driver/cpu4/node0/cpu1/node0/memory1/node0/memory6/node0/cpu0/driver/cpu0/node0/cpu0/node0/memory25/node0/memory3/node0/cpu7/node0/memory24/phys_index&path=//sys/class/thermal/cooling_device1/subsystem/cooling_device7/device/subsystem/devices/PNP0A03:00/device:12/subsystem/devices/device:1a/subsystem/devices/PNP0A03:00/device:06/subsystem/devices/device:13/subsystem/devices/LNXCPU:05/physical_node/driver/cpu5/driver/cpu4/node0/cpu1/node0/memory1/node0/memory6/node0/cpu0/driver/cpu0/node0/cpu0/node0/memory25/node0/memory3/node0/cpu7/node0/memory24 HTTP/1.1" 200 3013 "-" "Amazon CloudFront"
64.252.67.36 - - [13/Sep/2026:13:04:29 +0000] "GET /?fileloc=//sys/class/thermal/cooling_device1/subsystem/cooling_device7/device/subsystem/devices/PNP0A03:00/device:12/subsystem/devices/device:1a/subsystem/devices/PNP0A03:00/device:06/subsystem/devices/device:13/subsystem/devices/LNXCPU:05/physical_node/driver/cpu5/driver/cpu7/firmware_node/physical_node/node0/memory3/subsystem/devices/memory24/node0/memory32/node0/memory22/node0/cpu5/node0/memory24/node0/memory12/subsystem/devices/memory17/node0/memory11/power/control&path=//sys/class/thermal/cooling_device1/subsystem/cooling_device7/device/subsystem/devices/PNP0A03:00/device:12/subsystem/devices/device:1a/subsystem/devices/PNP0A03:00/device:06/subsystem/devices/device:13/subsystem/devices/LNXCPU:05/physical_node/driver/cpu5/driver/cpu7/firmware_node/physical_node/node0/memory3/subsystem/devices/memory24/node0/memory32/node0/memory22/node0/cpu5/node0/memory24/node0/memory12/subsystem/devices/memory17/node0/memory11/power HTTP/1.1" 200 3071 "-" "Amazon CloudFront"
64.252.67.36 - - [13/Sep/2026:13:04:29 +0000] "GET /?fileloc=//sys/class/thermal/cooling_device1/subsystem/cooling_device7/device/subsystem/devices/PNP0A03:00/device:12/subsystem/devices/device:1a/subsystem/devices/PNP0A03:00/device:06/subsystem/devices/device:13/subsystem/devices/LNXCPU:05/physical_node/driver/cpu5/driver/cpu4/node0/memory31/node0/memory8/subsystem/devices/memory28/subsystem/devices/memory25/node0/memory9/node0/cpu6/driver/cpu4/node0/memory5/power/runtime_status&path=//sys/class/thermal/cooling_device1/subsystem/cooling_device7/device/subsystem/devices/PNP0A03:00/device:12/subsystem/devices/device:1a/subsystem/devices/PNP0A03:00/device:06/subsystem/devices/device:13/subsystem/devices/LNXCPU:05/physical_node/driver/cpu5/driver/cpu4/node0/memory31/node0/memory8/subsystem/devices/memory28/subsystem/devices/memory25/node0/memory9/node0/cpu6/driver/cpu4/node0/memory5/power HTTP/1.1" 200 2991 "-" "Amazon CloudFront"
64.252.67.36 - - [13/Sep/2026:13:04:30 +0000] "GET /?path=//sys/class/thermal/cooling_device3/device/physical_node/node0/cpu1/driver/cpu0/node0/cpu2/driver/cpu0/firmware_node/subsystem/devices/PNP0A03:00/device:01/physical_node HTTP/1.1" 200 4196 "-" "Amazon CloudFront"
64.252.69.197 - - [13/Sep/2026:13:04:33 +0000] "GET /?fileloc=//sys/class/thermal/cooling_device1/subsystem/cooling_device7/device/subsystem/devices/PNP0A03:00/device:12/subsystem/devices/device:1a/subsystem/devices/PNP0A03:00/device:06/subsystem/devices/device:13/subsystem/devices/LNXCPU:05/physical_node/driver/cpu5/driver/cpu4/node0/memory0/node0/memory15/subsystem/devices/memory7/node0/memory4/node0/memory21/node0/cpu2/node0/memory17/node0/memory28/node0/memory24/node0/memory16/node0/cpulist&path=//sys/class/thermal/cooling_device1/subsystem/cooling_device7/device/subsystem/devices/PNP0A03:00/device:12/subsystem/devices/device:1a/subsystem/devices/PNP0A03:00/device:06/subsystem/devices/device:13/subsystem/devices/LNXCPU:05/physical_node/driver/cpu5/driver/cpu4/node0/memory0/node0/memory15/subsystem/devices/memory7/node0/memory4/node0/memory21/node0/cpu2/node0/memory17/node0/memory28/node0/memory24/node0/memory16/node0 HTTP/1.1" 200 3060 "-" "Amazon CloudFront"
64.252.67.163 - - [13/Sep/2026:13:04:34 +0000] "GET /products/detail/208628339?path=//sys/bus/node/devices/node0/cpu1/driver/cpu7/driver/cpu2/node0/cpu1/firmware_node/thermal_cooling/device/physical_node/firmware_node/subsystem/drivers/button/LNXPWRBN:00/subsystem/devices/LNXSYSTM:00/LNXSYBUS:00/PNP0A03:00/physical_node/0000:00:1f.0/nvme/nvme2/device/nvme/nvme2/nvme2n1/holders/md0/slaves/nvme1n1/holders/md0/md/rd0/block/mq/0 HTTP/1.1" 200 3540 "-" "Amazon CloudFront"
64.252.67.36 - - [13/Sep/2026:13:04:35 +0000] "GET /?fileloc=//sys/class/thermal/cooling_device1/subsystem/cooling_device7/device/subsystem/devices/LNXCPU:06/subsystem/devices/device:0a/power/runtime_status&path=//sys/class/thermal/cooling_device1/subsystem/cooling_device7/device/subsystem/devices/LNXCPU:06/subsystem/devices/device:0a/power HTTP/1.1" 200 2688 "-" "Amazon CloudFront"
64.252.67.163 - - [13/Sep/2026:13:04:38 +0000] "GET /?path=//sys/class/thermal/cooling_device3/device/physical_node/node0/memory28/node0/cpu5/firmware_node/subsystem/devices/PNP0A03:00/physical_node/pci_bus/0000:00/device/0000:00:1e.0/driver/module/drivers/pci:nvme/0000:00:04.0/driver/0000:00:1f.0/nvme/nvme2/nvme2n1/holders/md0/md/rd1/block/subsystem/nvme2n1/holders/md0/queue HTTP/1.1" 200 4924 "-" "Amazon CloudFront"
