64.252.67.36 - - [13/Sep/2026:12:35:50 +0000] "GET /?path=//sys/class/thermal/cooling_device3/device/physical_node/node0/memory28/node0/cpu5/firmware_node/subsystem/devices/PNP0A03:00/physical_node/pci_bus/0000:00/device/0000:00:1f.0/driver/0000:00:04.0/driver/0000:00:1f.0/nvme/nvme2/nvme2n1/holders/md0/md/rd0/block/subsystem/nvme1n1/holders/md0/md/rd0/block/mq HTTP/1.1" 200 3483 "-" "Amazon CloudFront"
64.252.66.61 - - [13/Sep/2026:12:35:53 +0000] "GET /?path=//sys/class/thermal/cooling_device1/subsystem/cooling_device7/device/subsystem/devices/PNP0A03:00/device:12/subsystem/devices/device:1a/subsystem/devices/PNP0A03:00/device:06/subsystem/devices/device:1a/subsystem/devices/LNXCPU:06/physical_node/firmware_node/physical_node/driver/cpu3/node0/memory31/node0/cpu5/driver/cpu4/node0/cpu4/node0/cpu0/node0/memory21/node0/memory7/node0/cpu2/cache HTTP/1.1" 200 3598 "-" "Amazon CloudFront"
64.252.69.197 - - [13/Sep/2026:12:35:54 +0000] "GET /?path=//sys/class/thermal/cooling_device1/subsystem/cooling_device7/device/subsystem/devices/PNP0A03:00/device:06/physical_node/subsystem/drivers/nvme/0000:00:04.0/nvme/nvme0 HTTP/1.1" 200 3697 "-" "Amazon CloudFront"
64.252.67.163 - - [13/Sep/2026:12:35:54 +0000] "GET /products/detail/293871501?path=//usr/lib/python2.7/site-packages/awscli/examples/iotthingsgraph HTTP/1.1" 200 4305 "-" "Amazon CloudFront"
64.252.75.204 - - [13/Sep/2026:12:35:54 +0000] "GET /sitemap348.xml?path=%2F%2Fsys%2Fbus%2Fcpu%2Fdevices%2Fcpu6%2Fnode0%2Fmemory2%2Fnode0%2Fcpu2%2Fnode0%2Fcpu3%2Fdriver%2Fcpu4%2Fdriver%2Fcpu2%2Fcache%2Findex2 HTTP/1.1" 200 3509 "-" "Amazon CloudFront"
64.252.67.36 - - [13/Sep/2026:12:35:56 +0000] "GET /?path=//sys/class/thermal/cooling_device1/subsystem/cooling_device7/device/subsystem/devices/PNP0A03:00/device:12/subsystem/devices/LNXCPU:03/physical_node HTTP/1.1" 200 3526 "-" "Amazon CloudFront"
64.252.69.197 - - [13/Sep/2026:12:35:58 +0000] "GET /?path=//sys/class/thermal/cooling_device3/device/physical_node/node0/memory28/node0/cpu5/firmware_node/subsystem/devices/PNP0A03:00/physical_node/pci_bus/0000:00/device/0000:00:04.0/driver/0000:00:04.0/driver/0000:00:1f.0/nvme/nvme2/nvme2n1/subsystem/nvme2n1/holders/md0/md/dev-nvme2n1/block/holders/md0/md HTTP/1.1" 200 4184 "-" "Amazon CloudFront"
64.252.67.163 - - [13/Sep/2026:12:35:59 +0000] "GET /?path=//sys/class/thermal/cooling_device1/subsystem/cooling_device7/device/subsystem/devices/PNP0A03:00/device:12/subsystem/devices/device:1a/subsystem/devices/PNP0A03:00/device:06/subsystem/devices/device:13/subsystem/devices/LNXCPU:05/physical_node/driver/cpu5/driver/cpu4/node0/memory31/node0/memory29/node0/memory32/node0/memory17/subsystem/devices/memory9/node0/memory24/node0/cpu5/driver/cpu0/node0/memory29/node0/memory24 HTTP/1.1" 200 3889 "-" "Amazon CloudFront"
64.252.67.36 - - [13/Sep/2026:12:36:01 +0000] "GET /?path=//sys/class/thermal/cooling_device1/subsystem/cooling_device7/device/subsystem/devices/PNP0A03:00/device:12/subsystem/devices/device:1a/subsystem/devices/PNP0A03:00/device:06/subsystem/devices/device:1a/subsystem/devices/LNXCPU:06/physical_node/firmware_node/physical_node/driver/cpu3/node0/memory31/node0/cpu5/driver/cpu4/node0/cpu4/node0/cpu0/node0/memory21/node0/memory20/node0/memory21/node0/memory32/node0/memory0/power HTTP/1.1" 200 3638 "-" "Amazon CloudFront"
64.252.66.61 - - [13/Sep/2026:12:36:03 +0000] "GET /?path=//sys/class/thermal/cooling_device3/device/physical_node/node0/memory28/node0/cpu5/firmware_node/subsystem/devices/PNP0A03:00/physical_node/pci_bus/0000:00/device/0000:00:1f.0/driver/module/drivers/pci:nvme/0000:00:1f.0/subsystem/drivers/nvme/0000:00:04.0/driver/0000:00:1e.0/nvme/nvme1/nvme1n1/holders/md0/slaves/nvme2n1/mq/0 HTTP/1.1" 200 3488 "-" "Amazon CloudFront"
64.252.67.36 - - [13/Sep/2026:12:36:03 +0000] "GET /?path=//sys/class/thermal/cooling_device1/subsystem/cooling_device7/device/subsystem/devices/PNP0A03:00/device:12/subsystem/devices/device:1a/subsystem/devices/PNP0A03:00/device:06/subsystem/devices/device:1a/subsystem/devices/LNXCPU:06/physical_node/firmware_node/physical_node/driver/cpu3/node0/memory31/node0/cpu5/driver/cpu4/node0/cpu4/node0/cpu0/node0/memory21/node0/memory20/node0/memory30/node0/cpu7/power HTTP/1.1" 200 3702 "-" "Amazon CloudFront"
64.252.66.61 - - [13/Sep/2026:12:36:05 +0000] "GET /?path=//sys/class/thermal/cooling_device1/subsystem/cooling_device7/device/subsystem/devices/PNP0A03:00/device:12/subsystem/devices/device:1a/subsystem/devices/PNP0A03:00/device:06/subsystem/devices/device:1a/subsystem/devices/LNXCPU:06/physical_node/firmware_node/physical_node/driver/cpu3/node0/memory31/node0/memory5/node0/cpu0/node0/cpu3/node0/memory17/node0/memory18/node0/memory1 HTTP/1.1" 200 3794 "-" "Amazon CloudFront"
64.252.66.61 - - [13/Sep/2026:12:36:07 +0000] "GET /?path=//sys/class/thermal/cooling_device3/device/physical_node/node0/memory28/node0/cpu5/firmware_node/subsystem/devices/LNXSYSTM:00/LNXSYBUS:00/PNP0A03:00/device:12/subsystem/devices/LNXSYBUS:00/PNP0A03:00/device:21/physical_node/nvme/nvme2/device/driver/module/drivers/pci:nvme/0000:00:1e.0/driver/module/drivers/pci:nvme/0000:00:1e.0/nvme/nvme1/nvme1n1/holders/md0/md/rd0/block/mq/4/cpu4 HTTP/1.1" 200 3097 "-" "Amazon CloudFront"
64.252.67.163 - - [13/Sep/2026:12:36:08 +0000] "GET /?path=//sys/class/thermal/cooling_device1/subsystem/cooling_device7/device/subsystem/devices/PNP0A03:00/device:12/subsystem/devices/device:1a/subsystem/devices/PNP0A03:00/device:06/subsystem/devices/device:13/subsystem/devices/LNXCPU:05/physical_node/driver/cpu5/driver/cpu4/node0/memory31/node0/memory29/node0/memory32/node0/memory17/subsystem/devices/memory9/node0/memory8/node0/memory19/node0/memory32/subsystem/devices/memory21 HTTP/1.1" 200 3894 "-" "Amazon CloudFront"
64.252.67.163 - - [13/Sep/2026:12:36:10 +0000] "GET /?fileloc=//sys/class/thermal/cooling_device1/subsystem/cooling_device7/device/subsystem/devices/PNP0A03:00/device:12/subsystem/devices/device:1a/subsystem/devices/PNP0A03:00/device:06/subsystem/devices/device:13/subsystem/devices/LNXCPU:05/physical_node/driver/cpu5/driver/cpu4/node0/memory0/node0/memory15/subsystem/devices/memory7/node0/memory4/node0/memory19/node0/cpu4/driver/cpu1/node0/cpu3/driver/cpu7/driver/cpu6/firmware_node/status&path=//sys/class/thermal/cooling_device1/subsystem/cooling_device7/device/subsystem/devices/PNP0A03:00/device:12/subsystem/devices/device:1a/subsystem/devices/PNP0A03:00/device:06/subsystem/devices/device:13/subsystem/devices/LNXCPU:05/physical_node/driver/cpu5/driver/cpu4/node0/memory0/node0/memory15/subsystem/devices/memory7/node0/memory4/node0/memory19/node0/cpu4/driver/cpu1/node0/cpu3/driver/cpu7/driver/cpu6/firmware_node HTTP/1.1" 200 3057 "-" "Amazon CloudFront"
64.252.69.197 - - [13/Sep/2026:12:36:10 +0000] "GET /?fileloc=//sys/class/thermal/cooling_device1/subsystem/cooling_device7/device/subsystem/devices/PNP0A03:00/device:12/subsystem/devices/device:1a/subsystem/devices/PNP0A03:00/device:06/subsystem/devices/device:13/subsystem/devices/LNXCPU:05/physical_node/driver/cpu5/driver/cpu7/driver/cpu5/driver/cpu5/node0/memory1/node0/memory20/node0/cpu0/node0/memory30/node0/memory24/node0/memory13/subsystem/devices/memory18/node0/memory17/node0/uevent&path=//sys/class/thermal/cooling_device1/subsystem/cooling_device7/device/subsystem/devices/PNP0A03:00/device:12/subsystem/devices/device:1a/subsystem/devices/PNP0A03:00/device:06/subsystem/devices/device:13/subsystem/devices/LNXCPU:05/physical_node/driver/cpu5/driver/cpu7/driver/cpu5/driver/cpu5/node0/memory1/node0/memory20/node0/cpu0/node0/memory30/node0/memory24/node0/memory13/subsystem/devices/memory18/node0/memory17/node0 HTTP/1.1" 200 3036 "-" "Amazon CloudFront"
64.252.69.197 - - [13/Sep/2026:12:36:10 +0000] "GET /?path=//sys/class/thermal/cooling_device1/subsystem/cooling_device7/device/physical_node/firmware_node/subsystem/devices/LNXCPU:01/physical_node/node0/cpu4/cache HTTP/1.1" 200 3262 "-" "Amazon CloudFront"
64.252.67.163 - - [13/Sep/2026:12:36:10 +0000] "GET /?path=//sys/class/thermal/cooling_device3/device/physical_node/node0/memory28/node0/cpu5/firmware_node/subsystem/devices/PNP0A03:00/physical_node/pci_bus/0000:00/device/0000:00:05.0/subsystem/devices/0000:00:04.0/driver/0000:00:1e.0/nvme/nvme1/nvme1n1/holders/md0/md/dev-nvme2n1/block/holders/md0/md/rd0/block/slaves HTTP/1.1" 200 3002 "-" "Amazon CloudFront"
64.252.69.197 - - [13/Sep/2026:12:36:12 +0000] "GET /?fileloc=//sys/dev/block/9:0/queue/rq_affinity&path=//sys/dev/block/9:0/queue HTTP/1.1" 200 2583 "-" "Amazon CloudFront"
64.252.67.163 - - [13/Sep/2026:12:36:14 +0000] "GET /?path=//sys/class/thermal/cooling_device3/device/physical_node/node0/memory28/node0/cpu5/firmware_node/subsystem/devices/PNP0A03:00/physical_node/pci_bus/0000:00/device/0000:00:1f.0/driver/0000:00:04.0/subsystem/devices/0000:00:04.0/driver/0000:00:1e.0/nvme/nvme1/nvme1n1/holders/md0/md/rd1/block/holders/md0/md/dev-nvme2n1/block/bdi/power HTTP/1.1" 200 3567 "-" "Amazon CloudFront"
64.252.69.197 - - [13/Sep/2026:12:36:14 +0000] "GET /?path=//sys/class/thermal/cooling_device1/subsystem/cooling_device7/device/subsystem/devices/PNP0A03:00/device:12/subsystem/devices/device:1a/subsystem/devices/PNP0A03:00/device:06/subsystem/devices/device:13/subsystem/devices/LNXCPU:05/physical_node/driver/cpu5/driver/cpu4/node0/memory31/node0/memory8/subsystem/devices/memory28/subsystem/devices/memory3/node0/memory4/node0/cpu5/driver/cpu1/node0/memory6/subsystem/devices/memory25/node0/memory32 HTTP/1.1" 200 3907 "-" "Amazon CloudFront"
64.252.69.197 - - [13/Sep/2026:12:36:17 +0000] "GET /?path=//sys/class/thermal/cooling_device1/subsystem/cooling_device6/subsystem/cooling_device7/subsystem/cooling_device6/device/physical_node/node0/memory14/node0/memory5/power HTTP/1.1" 200 3238 "-" "Amazon CloudFront"
64.252.67.36 - - [13/Sep/2026:12:36:18 +0000] "GET /?path=//sys/class/thermal/cooling_device3/device/physical_node/node0/memory28/node0/cpu5/firmware_node/subsystem/devices/PNP0A03:00/physical_node/pci_bus/0000:00/device/0000:00:04.0/driver/0000:00:04.0/driver/0000:00:1e.0/nvme/nvme1/nvme1n1/holders/md0/slaves/nvme2n1/subsystem/md0/md/dev-nvme2n1/block/mq/1/cpu1 HTTP/1.1" 200 3003 "-" "Amazon CloudFront"
64.252.69.197 - - [13/Sep/2026:12:36:19 +0000] "GET /?path=//sys/class/thermal/cooling_device1/subsystem/cooling_device7/device/subsystem/devices/PNP0A03:00/device:12/subsystem/devices/device:1a/subsystem/devices/PNP0A03:00/device:06/subsystem/devices/device:1a/subsystem/devices/LNXCPU:06/physical_node/firmware_node/physical_node/driver/cpu3/node0/memory31/node0/memory5/node0/cpu0/node0/cpu3/node0/memory17/node0/memory18/node0/cpu4 HTTP/1.1" 200 3901 "-" "Amazon CloudFront"
64.252.66.61 - - [13/Sep/2026:12:36:21 +0000] "GET /?path=//sys/class/vc/vcs2/subsystem/vcs5/subsystem/vcsa1/subsystem HTTP/1.1" 200 3299 "-" "Amazon CloudFront"
64.252.66.61 - - [13/Sep/2026:12:36:22 +0000] "GET /?path=//sys/class/thermal/cooling_device3/device/physical_node/node0/memory28/node0/cpu5/firmware_node/subsystem/devices/PNP0A03:00/physical_node/pci_bus/0000:00/device/0000:00:1f.0/driver/0000:00:04.0/driver/0000:00:1f.0/nvme/nvme2/nvme2n1/holders/md0/md/dev-nvme1n1/block/subsystem/nvme1n1/holders/md0/md/rd0/block/bdi/power HTTP/1.1" 200 3552 "-" "Amazon CloudFront"
64.252.66.61 - - [13/Sep/2026:12:36:23 +0000] "GET /?path=//sys/class/thermal/cooling_device1/subsystem/cooling_device6/subsystem/cooling_device7/subsystem/cooling_device6/device/physical_node/node0/memory23/node0/memory22/subsystem/drivers HTTP/1.1" 200 2751 "-" "Amazon CloudFront"
64.252.66.61 - - [13/Sep/2026:12:36:25 +0000] "GET /?path=//sys/class/thermal/cooling_device1/subsystem/cooling_device7/device/subsystem/devices/PNP0A03:00/device:12/subsystem/devices/device:1a/subsystem/devices/PNP0A03:00/device:06/subsystem/devices/device:13/subsystem/devices/LNXCPU:05/physical_node/driver/cpu5/driver/cpu4/node0/memory31/subsystem/devices/memory2/node0/cpu5/node0/memory22/node0/memory29/node0/memory7/node0/memory19/node0/memory9/node0/memory3 HTTP/1.1" 200 3879 "-" "Amazon CloudFront"
64.252.69.197 - - [13/Sep/2026:12:36:26 +0000] "GET /?path=//sys/class/thermal/cooling_device1/subsystem/cooling_device7/device/subsystem/devices/PNP0A03:00/device:12/subsystem/devices/device:1a/subsystem/devices/PNP0A03:00/device:06/subsystem/devices/device:13/subsystem/devices/LNXCPU:05/physical_node/driver/cpu5/driver/cpu4/node0/memory31/node0/memory29/node0/memory32/node0/memory17/subsystem/devices/memory9/node0/memory8/node0/memory19/node0/memory32/subsystem/devices/memory20 HTTP/1.1" 200 3894 "-" "Amazon CloudFront"
64.252.66.61 - - [13/Sep/2026:12:36:26 +0000] "GET /?path=//sys/class/thermal/cooling_device3/device/physical_node/node0/memory28/node0/cpu5/firmware_node/subsystem/devices/PNP0A03:00/physical_node/pci_bus/0000:00/device/0000:00:1f.0/driver/module/drivers/pci:nvme/0000:00:1f.0/driver/module/drivers/pci:nvme/0000:00:1e.0/firmware_node/subsystem/devices/LNXSYBUS:00/PNP0A03:00/device:03/power HTTP/1.1" 200 3513 "-" "Amazon CloudFront"
64.252.66.61 - - [13/Sep/2026:12:36:28 +0000] "GET /?path=//sys/class/thermal/cooling_device1/subsystem/cooling_device7/device/subsystem/devices/PNP0A03:00/device:12/subsystem/devices/device:1a/subsystem/devices/PNP0A03:00/device:06/subsystem/devices/device:13/subsystem/devices/LNXCPU:05/physical_node/driver/cpu5/driver/cpu4/node0/memory31/node0/memory29/node0/memory32/node0/memory20/node0/memory4/node0/memory27/node0/memory8/node0/memory31/node0/cpu7/node0/memory20 HTTP/1.1" 200 3889 "-" "Amazon CloudFront"
64.252.67.163 - - [13/Sep/2026:12:36:30 +0000] "GET /?fileloc=//sys/class/thermal/cooling_device1/subsystem/cooling_device7/device/subsystem/devices/PNP0A03:00/subsystem/devices/PNP0A03:00/device:06/physical_node/driver/remove_id&path=//sys/class/thermal/cooling_device1/subsystem/cooling_device7/device/subsystem/devices/PNP0A03:00/subsystem/devices/PNP0A03:00/device:06/physical_node/driver HTTP/1.1" 200 2700 "-" "Amazon CloudFront"
64.252.69.197 - - [13/Sep/2026:12:36:30 +0000] "GET /?path=//sys/class/thermal/cooling_device3/device/physical_node/node0/memory28/node0/cpu5/firmware_node/subsystem/devices/PNP0A03:00/physical_node/pci_bus/0000:00/device/0000:00:00.0/subsystem/drivers/nvme/0000:00:1e.0/driver/0000:00:1e.0/nvme/nvme1/nvme1n1/holders/md0/md/dev-nvme2n1/block/holders/md0/slaves/nvme2n1/bdi/power HTTP/1.1" 200 3553 "-" "Amazon CloudFront"
64.252.66.61 - - [13/Sep/2026:12:36:33 +0000] "GET /?fileloc=//sys/class/thermal/cooling_device1/subsystem/cooling_device7/device/subsystem/devices/PNP0A03:00/device:12/subsystem/devices/LNXSYBUS:00/LNXCPU:04/subsystem/devices/PNP0C0F:03/status&path=//sys/class/thermal/cooling_device1/subsystem/cooling_device7/device/subsystem/devices/PNP0A03:00/device:12/subsystem/devices/LNXSYBUS:00/LNXCPU:04/subsystem/devices/PNP0C0F:03 HTTP/1.1" 200 2722 "-" "Amazon CloudFront"
64.252.67.163 - - [13/Sep/2026:12:36:34 +0000] "GET /products/detail/335580642?path=//s3/549dff59c5734c2ba5694d2a15558e6e/wordpress/wp-content/uploads/2023/01 HTTP/1.1" 200 2674 "-" "Amazon CloudFront"
64.252.67.163 - - [13/Sep/2026:12:36:35 +0000] "GET /?path=//sys/class/thermal/cooling_device1/subsystem/cooling_device7/device/physical_node/driver/cpu3/firmware_node/subsystem/devices/PNP0400:00/subsystem/devices HTTP/1.1" 200 4638 "-" "Amazon CloudFront"
64.252.69.197 - - [13/Sep/2026:12:36:37 +0000] "GET /?fileloc=//sys/class/thermal/cooling_device1/subsystem/cooling_device7/device/subsystem/devices/PNP0A03:00/device:12/subsystem/devices/device:1a/subsystem/devices/PNP0A03:00/device:06/subsystem/devices/device:13/subsystem/devices/LNXCPU:05/physical_node/driver/cpu5/driver/cpu7/firmware_node/physical_node/node0/memory3/subsystem/devices/memory7/node0/memory1/node0/memory21/node0/memory19/node0/memory23/subsystem/devices/memory21/node0/memory0/subsystem/devices/memory15/valid_zones&path=//sys/class/thermal/cooling_device1/subsystem/cooling_device7/device/subsystem/devices/PNP0A03:00/device:12/subsystem/devices/device:1a/subsystem/devices/PNP0A03:00/device:06/subsystem/devices/device:13/subsystem/devices/LNXCPU:05/physical_node/driver/cpu5/driver/cpu7/firmware_node/physical_node/node0/memory3/subsystem/devices/memory7/node0/memory1/node0/memory21/node0/memory19/node0/memory23/subsystem/devices/memory21/node0/memory0/subsystem/devices/memory15 HTTP/1.1" 200 3070 "-" "Amazon CloudFront"
64.252.67.36 - - [13/Sep/2026:12:36:37 +0000] "GET /?fileloc=//sys/class/thermal/cooling_device1/subsystem/cooling_device7/device/subsystem/devices/PNP0A03:00/device:12/subsystem/devices/device:1a/subsystem/devices/PNP0A03:00/device:1e/uevent&path=//sys/class/thermal/cooling_device1/subsystem/cooling_device7/device/subsystem/devices/PNP0A03:00/device:12/subsystem/devices/device:1a/subsystem/devices/PNP0A03:00/device:1e HTTP/1.1" 200 2698 "-" "Amazon CloudFront"
64.252.67.163 - - [13/Sep/2026:12:36:38 +0000] "GET /products/detail/335580642?path=//s3/549dff59c5734c2ba5694d2a15558e6e/wordpress/wp-content/uploads/2023/07 HTTP/1.1" 200 2674 "-" "Amazon CloudFront"
64.252.67.163 - - [13/Sep/2026:12:36:40 +0000] "GET /?fileloc=//sys/class/thermal/cooling_device1/subsystem/cooling_device7/device/subsystem/devices/PNP0A03:00/device:06/physical_node/firmware_node/subsystem/devices/LNXCPU:04/thermal_cooling/power/autosuspend_delay_ms&path=//sys/class/thermal/cooling_device1/subsystem/cooling_device7/device/subsystem/devices/PNP0A03:00/device:06/physical_node/firmware_node/subsystem/devices/LNXCPU:04/thermal_cooling/power HTTP/1.1" 200 2747 "-" "Amazon CloudFront"
64.252.67.36 - - [13/Sep/2026:12:36:42 +0000] "GET /?path=//sys/class/thermal/cooling_device1/subsystem/cooling_device6/subsystem/cooling_device7/subsystem/cooling_device6/device/physical_node/node0/cpu3/node0/memory24 HTTP/1.1" 200 3439 "-" "Amazon CloudFront"
64.252.69.197 - - [13/Sep/2026:12:36:42 +0000] "GET /?path=//sys/class/thermal/cooling_device3/device/physical_node/node0/memory28/node0/cpu5/firmware_node/subsystem/devices/PNP0A03:00/physical_node/pci_bus/0000:00/device/0000:00:1f.0/driver/module/drivers/pci:nvme/0000:00:04.0/nvme/nvme0/nvme0n1/nvme0n1p128/subsystem/nvme2n1/holders/md0/slaves/nvme1n1/holders/md0/md/dev-nvme2n1/block/trace HTTP/1.1" 200 3554 "-" "Amazon CloudFront"
64.252.67.163 - - [13/Sep/2026:12:36:44 +0000] "GET /?path=//sys/class/thermal/cooling_device1/subsystem/cooling_device7/device/subsystem/devices/PNP0A03:00/device:12/subsystem/devices/device:1a/subsystem/devices/PNP0A03:00/device:06/subsystem/devices/device:13/subsystem/devices/LNXCPU:05/physical_node/driver/cpu5/driver/cpu4/node0/memory31/subsystem/devices/memory22/node0/memory14/node0/memory10/node0/cpu6/node0/memory6/node0/memory21/node0/memory26/subsystem/devices/memory4/node0/memory32 HTTP/1.1" 200 3927 "-" "Amazon CloudFront"
64.252.66.61 - - [13/Sep/2026:12:36:46 +0000] "GET /?fileloc=//sys/class/thermal/cooling_device1/subsystem/cooling_device7/device/subsystem/devices/PNP0A03:00/device:12/subsystem/devices/device:1a/subsystem/devices/PNP0A03:00/device:06/subsystem/devices/device:1a/subsystem/devices/LNXCPU:06/physical_node/firmware_node/physical_node/driver/cpu4/node0/memory26/node0/memory24/node0/memory19/node0/memory28/node0/memory11/node0/memory16/subsystem/devices/memory24/node0/memory27/node0/memory3/node0/memory20/uevent&path=//sys/class/thermal/cooling_device1/subsystem/cooling_device7/device/subsystem/devices/PNP0A03:00/device:12/subsystem/devices/device:1a/subsystem/devices/PNP0A03:00/device:06/subsystem/devices/device:1a/subsystem/devices/LNXCPU:06/physical_node/firmware_node/physical_node/driver/cpu4/node0/memory26/node0/memory24/node0/memory19/node0/memory28/node0/memory11/node0/memory16/subsystem/devices/memory24/node0/memory27/node0/memory3/node0/memory20 HTTP/1.1" 200 3044 "-" "Amazon CloudFront"
64.252.69.197 - - [13/Sep/2026:12:36:46 +0000] "GET /?path=//sys/class/thermal/cooling_device1/subsystem/cooling_device7/device/subsystem/devices/PNP0A03:00/device:12/subsystem/devices/device:1a/subsystem/devices/PNP0A03:00/device:06/subsystem/devices/device:13/subsystem/devices/LNXCPU:05/physical_node/driver/cpu2/node0/memory28/node0/cpu1/driver/cpu5/node0/memory15/node0/memory19/node0/cpu1/node0/memory18/node0/memory8/node0/memory24/subsystem/devices/memory1/node0/subsystem HTTP/1.1" 200 3631 "-" "Amazon CloudFront"
64.252.67.36 - - [13/Sep/2026:12:36:46 +0000] "GET /?path=//sys/class/thermal/cooling_device3/device/physical_node/node0/memory28/node0/cpu5/firmware_node/subsystem/devices/PNP0A03:00/physical_node/pci_bus/0000:00/device/0000:00:1f.0/driver/module/drivers/pci:nvme/0000:00:1e.0/subsystem/devices/0000:00:1f.0/driver/0000:00:1e.0/nvme/nvme1/nvme1n1/holders/md0/md/rd1/block/queue HTTP/1.1" 200 4959 "-" "Amazon CloudFront"
64.252.67.36 - - [13/Sep/2026:12:36:46 +0000] "GET /?path=//sys/class/thermal/cooling_device1/subsystem/cooling_device6/subsystem/cooling_device7/subsystem/cooling_device6/device/physical_node/node0/memory27/node0/memory12 HTTP/1.1" 200 3439 "-" "Amazon CloudFront"
64.252.67.163 - - [13/Sep/2026:12:36:47 +0000] "GET /?fileloc=//sys/class/thermal/cooling_device1/subsystem/cooling_device7/device/subsystem/devices/PNP0A03:00/device:12/subsystem/devices/device:1a/subsystem/devices/PNP0A03:00/device:06/subsystem/devices/device:13/subsystem/devices/LNXCPU:05/physical_node/driver/cpu5/driver/cpu4/node0/memory31/node0/memory8/subsystem/devices/memory19/node0/memory10/node0/memory25/node0/memory7/node0/memory28/node0/subsystem/devices/node0/cpumap&path=//sys/class/thermal/cooling_device1/subsystem/cooling_device7/device/subsystem/devices/PNP0A03:00/device:12/subsystem/devices/device:1a/subsystem/devices/PNP0A03:00/device:06/subsystem/devices/device:13/subsystem/devices/LNXCPU:05/physical_node/driver/cpu5/driver/cpu4/node0/memory31/node0/memory8/subsystem/devices/memory19/node0/memory10/node0/memory25/node0/memory7/node0/memory28/node0/subsystem/devices/node0 HTTP/1.1" 200 3011 "-" "Amazon CloudFront"
64.252.67.36 - - [13/Sep/2026:12:36:49 +0000] "GET /?path=//sys/class/thermal/cooling_device1/subsystem/cooling_device7/device/subsystem/devices/PNP0A03:00/device:12/subsystem/devices/device:1a/subsystem/devices/PNP0A03:00/device:06/subsystem/devices/device:13/subsystem/devices/LNXCPU:05/physical_node/driver/cpu5/driver/cpu4/node0/memory31/node0/memory29/node0/memory32/node0/cpu5/driver/cpu5/node0/cpu3/node0/cpu6/node0/memory24/subsystem/devices/memory25/node0/memory15 HTTP/1.1" 200 3903 "-" "Amazon CloudFront"
64.252.67.163 - - [13/Sep/2026:12:36:50 +0000] "GET /?path=//sys/class/thermal/cooling_device3/device/physical_node/node0/cpu1/driver/cpu0/node0/cpu2/driver/cpu0/firmware_node/subsystem/devices/device:02/PNP0303:00 HTTP/1.1" 200 3377 "-" "Amazon CloudFront"
64.252.69.197 - - [13/Sep/2026:12:36:51 +0000] "GET /?fileloc=//sys/dev/block/9:0/queue/discard_max_bytes&path=//sys/dev/block/9:0/queue HTTP/1.1" 200 2595 "-" "Amazon CloudFront"
64.252.118.206 - - [13/Sep/2026:12:36:51 +0000] "GET /?fileloc=//usr/share/locale/sw/LC_MESSAGES/index.html&path=//usr/share/locale/sw/LC_MESSAGES HTTP/1.1" 200 3371 "-" "Amazon CloudFront"
64.252.69.197 - - [13/Sep/2026:12:36:53 +0000] "GET /?path=//sys/class/thermal/cooling_device1/subsystem/cooling_device7/device/subsystem/devices/PNP0A03:00/device:12/subsystem/devices/device:1a/subsystem/devices/PNP0A03:00/device:06/subsystem/devices/device:13/subsystem/devices/LNXCPU:05/physical_node/driver/cpu5/driver/cpu4/node0/memory31/node0/memory29/node0/memory32/node0/memory17/subsystem/devices/memory9/node0/memory24/node0/cpu5/driver/cpu0/node0/memory29/node0/memory4 HTTP/1.1" 200 3894 "-" "Amazon CloudFront"
64.252.67.36 - - [13/Sep/2026:12:36:54 +0000] "GET /?path=//sys/class/thermal/cooling_device3/device/physical_node/node0/cpu1/driver/cpu0/node0/cpu2/firmware_node/subsystem/devices/LNXSYSTM:00/LNXSYBUS:00/PNP0C0F:02/subsystem/devices/LNXSYSTM:00/LNXSYBUS:00/PNP0A03:00/physical_node/0000:00:1e.0/driver/module/drivers/pci:nvme/module/drivers/pci:nvme/0000:00:1e.0/nvme/nvme1/nvme1n1/holders/md0/md/rd0/block/device/nvme1n1/holders/md0/md/dev-nvme1n1/block/mq/3/cpu3 HTTP/1.1" 200 3126 "-" "Amazon CloudFront"
64.252.66.61 - - [13/Sep/2026:12:36:55 +0000] "GET /?path=//sys/class/thermal/cooling_device1/subsystem/cooling_device7/device/subsystem/devices/PNP0A03:00/device:12/subsystem/devices/device:1a/subsystem/devices/PNP0A03:00/device:06/subsystem/devices/device:13/subsystem/devices/LNXCPU:05/physical_node/driver/cpu5/driver/cpu4/node0/memory31/node0/memory29/node0/memory32/node0/memory17/subsystem/devices/memory9/node0/memory24/node0/cpu5/driver/cpu0/node0/memory29/node0/memory31 HTTP/1.1" 200 3840 "-" "Amazon CloudFront"
64.252.66.61 - - [13/Sep/2026:12:36:58 +0000] "GET /?fileloc=//sys/class/thermal/cooling_device1/subsystem/cooling_device7/device/subsystem/devices/PNP0A03:00/device:12/subsystem/devices/LNXSYBUS:00/LNXCPU:04/physical_node/node0/memory20/state&path=//sys/class/thermal/cooling_device1/subsystem/cooling_device7/device/subsystem/devices/PNP0A03:00/device:12/subsystem/devices/LNXSYBUS:00/LNXCPU:04/physical_node/node0/memory20 HTTP/1.1" 200 2736 "-" "Amazon CloudFront"
64.252.66.61 - - [13/Sep/2026:12:37:00 +0000] "GET /?path=//sys/class/thermal/cooling_device3/device/physical_node/node0/memory28/node0/cpu5/firmware_node/subsystem/devices/PNP0A03:00/physical_node/pci_bus/0000:00/device/0000:00:00.0/subsystem/drivers/nvme/0000:00:1e.0/driver/0000:00:1f.0/driver/0000:00:1e.0/nvme/nvme1/nvme1n1/holders/md0/slaves/nvme2n1/holders/md0/md/dev-nvme1n1/block HTTP/1.1" 200 4420 "-" "Amazon CloudFront"
64.252.66.61 - - [13/Sep/2026:12:37:00 +0000] "GET /?fileloc=//sys/class/thermal/cooling_device1/subsystem/cooling_device7/device/subsystem/devices/PNP0A03:00/device:06/physical_node/driver/0000:00:1e.0/subsystem/devices/0000:00:01.0/enable&path=//sys/class/thermal/cooling_device1/subsystem/cooling_device7/device/subsystem/devices/PNP0A03:00/device:06/physical_node/driver/0000:00:1e.0/subsystem/devices/0000:00:01.0 HTTP/1.1" 200 2721 "-" "Amazon CloudFront"
64.252.67.163 - - [13/Sep/2026:12:37:02 +0000] "GET /?path=//sys/class/thermal/cooling_device1/subsystem/cooling_device7/device/subsystem/devices/PNP0A03:00/device:12/subsystem/devices/device:1a/subsystem/devices/PNP0A03:00/device:06/subsystem/devices/device:13/subsystem/devices/LNXCPU:05/physical_node/driver/cpu5/driver/cpu4/node0/memory31/node0/memory29/node0/memory32/node0/memory20/node0/memory4/node0/memory27/node0/memory8/node0/memory31/node0/cpu7/node0/cpu6 HTTP/1.1" 200 4002 "-" "Amazon CloudFront"
64.252.67.163 - - [13/Sep/2026:12:37:02 +0000] "GET /?path=//sys/class/thermal/cooling_device3/device/physical_node/node0/memory28/node0/cpu5/firmware_node/subsystem/devices/PNP0A03:00/physical_node/pci_bus/0000:00/device/0000:00:1f.0/driver/module/drivers/pci:nvme/0000:00:1e.0/subsystem/devices/0000:00:04.0/driver/0000:00:1f.0/nvme/nvme2/nvme2n1/holders/md0/slaves/nvme1n1/mq/4 HTTP/1.1" 200 3486 "-" "Amazon CloudFront"
64.252.69.197 - - [13/Sep/2026:12:37:03 +0000] "GET /?path=//sys/class/thermal/cooling_device1/subsystem/cooling_device7/device/subsystem/devices/PNP0A03:00/device:12/subsystem/devices/device:1a/subsystem/devices/PNP0A03:00/device:06/subsystem/devices/device:13/subsystem/devices/LNXCPU:05/physical_node/driver/cpu5/driver/cpu4/node0/memory31/node0/memory29/node0/memory32/node0/memory17/subsystem/devices/memory9/node0/memory3/node0/memory0/node0/memory18/node0/memory27/node0/cpu1/topology HTTP/1.1" 200 3690 "-" "Amazon CloudFront"
64.252.69.197 - - [13/Sep/2026:12:37:05 +0000] "GET /?path=//sys/class/thermal/cooling_device1/subsystem/cooling_device7/device/subsystem/devices/PNP0A03:00/device:12/subsystem/devices/device:1a/subsystem/devices/PNP0A03:00/device:06/subsystem/devices/device:13/subsystem/devices/LNXCPU:05/physical_node/driver/cpu5/driver/cpu4/node0/memory31/node0/memory29/node0/memory32/node0/memory17/subsystem/devices/memory9/node0/memory8/node0/memory19/node0/memory32/subsystem/devices/memory19 HTTP/1.1" 200 3890 "-" "Amazon CloudFront"
64.252.67.36 - - [13/Sep/2026:12:37:07 +0000] "GET /?path=//sys/bus/memory/devices/memory1/node0/memory7/node0/cpu1/subsystem/drivers/processor/cpu5/firmware_node/subsystem/devices/PNP0A03:00/physical_node/firmware_node/physical_node/0000:00:1e.0/driver/0000:00:04.0/driver/module/drivers/pci:nvme/0000:00:1f.0/nvme/nvme2/device/nvme/nvme2/nvme2n1/holders/md0/md/rd0/block/device/nvme1n1/holders/md0/md/rd1/block/mq/6/cpu6 HTTP/1.1" 200 3077 "-" "Amazon CloudFront"
64.252.69.197 - - [13/Sep/2026:12:37:07 +0000] "GET /?fileloc=//sys/class/thermal/cooling_device1/subsystem/cooling_device7/device/subsystem/devices/PNP0A03:00/device:06/physical_node/subsystem/drivers/nvme/0000:00:04.0/driver/remove_id&path=//sys/class/thermal/cooling_device1/subsystem/cooling_device7/device/subsystem/devices/PNP0A03:00/device:06/physical_node/subsystem/drivers/nvme/0000:00:04.0/driver HTTP/1.1" 200 2723 "-" "Amazon CloudFront"
64.252.69.197 - - [13/Sep/2026:12:37:09 +0000] "GET /?path=//sys/class/thermal/cooling_device1/subsystem/cooling_device7/device/subsystem/devices/PNP0A03:00/device:12/subsystem/devices/device:1a/subsystem/devices/PNP0A03:00/device:06/subsystem/devices/device:13/subsystem/devices/LNXCPU:05/physical_node/driver/cpu5/driver/cpu4/node0/memory31/node0/memory29/node0/memory32/node0/memory17/subsystem/devices/memory9/node0/memory24/node0/cpu5/driver/cpu0/node0/memory29/node0/memory5 HTTP/1.1" 200 3895 "-" "Amazon CloudFront"
64.252.69.197 - - [13/Sep/2026:12:37:10 +0000] "GET /?path=//sys/class/thermal/cooling_device3/device/physical_node/node0/cpu1/driver/cpu0/node0/cpu2/driver/cpu3/firmware_node/subsystem/devices/device:12/subsystem HTTP/1.1" 200 3268 "-" "Amazon CloudFront"
64.252.69.197 - - [13/Sep/2026:12:37:11 +0000] "GET /?path=//sys/class/thermal/cooling_device1/subsystem/cooling_device7/device/subsystem/devices/PNP0A03:00/device:12/subsystem/devices/device:1a/subsystem/devices/PNP0A03:00/device:06/subsystem/devices/device:13/subsystem/devices/LNXCPU:05/physical_node/driver/cpu5/driver/cpu4/node0/memory0/node0/memory15/node0/memory8/node0/memory23/node0/memory21/node0/memory12/subsystem/devices/memory10/node0/memory4/node0/memory2/node0/memory20/node0/hugepages/hugepages-1048576kB HTTP/1.1" 200 3563 "-" "Amazon CloudFront"
64.252.74.227 - - [13/Sep/2026:12:37:13 +0000] "GET /sitemap348.xml?path=%2F%2Fsys%2Fbus%2Fcpu%2Fdevices%2Fcpu5%2Fnode0%2Fcpu0%2Fnode0%2Fcpu6%2Fnode0%2Fmemory22%2Fnode0%2Fmemory25%2Fnode0%2Fmemory28%2Fnode0 HTTP/1.1" 200 4513 "-" "Amazon CloudFront"
64.252.69.197 - - [13/Sep/2026:12:37:14 +0000] "GET /?path=//sys/class/thermal/cooling_device1/subsystem/cooling_device7/device/subsystem/devices/PNP0A03:00/device:12/subsystem/devices/device:1a/subsystem/devices/PNP0A03:00/device:06/subsystem/devices/device:13/subsystem/devices/LNXCPU:05/physical_node/driver/cpu5/driver/cpu4/node0/memory31/node0/memory29/node0/memory32/node0/memory17/subsystem/devices/memory9/node0/memory24/node0/cpu5/driver/cpu0/node0/memory29/node0/memory27 HTTP/1.1" 200 3894 "-" "Amazon CloudFront"
64.252.69.197 - - [13/Sep/2026:12:37:14 +0000] "GET /?path=//sys/bus/memory/devices/memory1/node0/memory7/node0/cpu1/subsystem/drivers/processor/cpu5/firmware_node/subsystem/devices/PNP0A03:00/physical_node/firmware_node/physical_node/0000:00:1e.0/driver/module/drivers/pci:nvme/0000:00:1e.0/nvme/nvme1/nvme1n1/holders/md0/md/rd1/block/device/device/driver/0000:00:1f.0/nvme/nvme2/nvme2n1/holders/md0/md/rd1/block/mq/6/cpu6 HTTP/1.1" 200 3072 "-" "Amazon CloudFront"
64.252.72.105 - - [13/Sep/2026:12:37:15 +0000] "GET /prizes/122287511?fileloc=/var/www/volumes/69b4844ae61d4e92bf26ad98af552775/.e01f6dc75668e674dcf4f708e9d863fe33b99775a&path=/var/www/volumes/69b4844ae61d4e92bf26ad98af552775 HTTP/1.1" 200 105647 "-" "Amazon CloudFront"
64.252.72.233 - - [13/Sep/2026:12:37:15 +0000] "GET /prizes/260891228?pilihan&path=/var/mail HTTP/1.1" 200 3443 "-" "Amazon CloudFront"
64.252.69.197 - - [13/Sep/2026:12:37:16 +0000] "GET /?path=//sys/class/thermal/cooling_device1/subsystem/cooling_device7/device/subsystem/devices/PNP0A03:00/device:12/subsystem/devices/device:1a/subsystem/devices/PNP0A03:00/device:06/subsystem/devices/device:13/subsystem/devices/LNXCPU:05/physical_node/driver/cpu5/driver/cpu4/node0/memory31/subsystem/devices/memory2/node0/cpu5/node0/memory22/node0/memory29/node0/memory7/node0/memory19/node0/memory9/node0/memory6 HTTP/1.1" 200 3881 "-" "Amazon CloudFront"
64.252.67.36 - - [13/Sep/2026:12:37:18 +0000] "GET /?path=//sys/class/thermal/cooling_device1/subsystem/cooling_device7/device/subsystem/devices/PNP0A03:00/device:12/subsystem/devices/device:1a/subsystem/devices/PNP0A03:00/device:06/subsystem/devices/device:13/subsystem/devices/LNXCPU:05/physical_node/driver/cpu5/driver/cpu4/node0/memory31/node0/memory8/subsystem/devices/memory19/node0/memory10/node0/memory29/node0/memory30/node0/memory32/node0/cpu7/firmware_node/physical_node/node0/memory26 HTTP/1.1" 200 3925 "-" "Amazon CloudFront"
64.252.69.197 - - [13/Sep/2026:12:37:18 +0000] "GET /products/detail/293871501?fileloc=//usr/lib/python2.7/site-packages/setuptools/command/egg_info.py&path=//usr/lib/python2.7/site-packages/setuptools/command HTTP/1.1" 200 9500 "-" "Amazon CloudFront"
64.252.66.61 - - [13/Sep/2026:12:37:20 +0000] "GET /?fileloc=//sys/class/thermal/cooling_device1/subsystem/cooling_device7/device/subsystem/devices/PNP0A03:00/device:12/subsystem/devices/device:1a/subsystem/devices/PNP0A03:00/device:06/subsystem/devices/device:13/subsystem/devices/LNXCPU:05/physical_node/driver/cpu5/driver/cpu7/firmware_node/physical_node/node0/memory3/subsystem/devices/memory24/node0/memory32/node0/memory18/node0/memory10/node0/memory10/subsystem/devices/memory9/node0/memory8/node0/memory7/node0/uevent&path=//sys/class/thermal/cooling_device1/subsystem/cooling_device7/device/subsystem/devices/PNP0A03:00/device:12/subsystem/devices/device:1a/subsystem/devices/PNP0A03:00/device:06/subsystem/devices/device:13/subsystem/devices/LNXCPU:05/physical_node/driver/cpu5/driver/cpu7/firmware_node/physical_node/node0/memory3/subsystem/devices/memory24/node0/memory32/node0/memory18/node0/memory10/node0/memory10/subsystem/devices/memory9/node0/memory8/node0/memory7/node0 HTTP/1.1" 200 3061 "-" "Amazon CloudFront"
64.252.69.197 - - [13/Sep/2026:12:37:20 +0000] "GET /?fileloc=//sys/class/thermal/cooling_device1/subsystem/cooling_device7/device/subsystem/devices/PNP0A03:00/device:12/subsystem/devices/device:1a/subsystem/devices/PNP0A03:00/device:06/subsystem/devices/device:13/subsystem/devices/LNXCPU:05/physical_node/driver/cpu5/driver/cpu4/driver/cpu0/driver/cpu2/node0/cpu3/node0/memory8/node0/memory22/node0/memory12/node0/memory29/node0/memory11/node0/memory6/phys_index&path=//sys/class/thermal/cooling_device1/subsystem/cooling_device7/device/subsystem/devices/PNP0A03:00/device:12/subsystem/devices/device:1a/subsystem/devices/PNP0A03:00/device:06/subsystem/devices/device:13/subsystem/devices/LNXCPU:05/physical_node/driver/cpu5/driver/cpu4/driver/cpu0/driver/cpu2/node0/cpu3/node0/memory8/node0/memory22/node0/memory12/node0/memory29/node0/memory11/node0/memory6 HTTP/1.1" 200 3013 "-" "Amazon CloudFront"
64.252.67.163 - - [13/Sep/2026:12:37:21 +0000] "GET /?path=//sys/class/thermal/cooling_device1/subsystem/cooling_device7/device/subsystem/devices/PNP0A03:00/device:12/subsystem/devices/device:1a/subsystem/devices/PNP0A03:00/device:06/subsystem/devices/device:13/subsystem/devices/LNXCPU:05/physical_node/driver/cpu5/driver/cpu4/node0/memory31/node0/memory29/node0/memory32/node0/memory20/node0/memory4/node0/memory27/node0/memory8/node0/memory31/node0/cpu7/node0/memory12 HTTP/1.1" 200 3895 "-" "Amazon CloudFront"
64.252.66.61 - - [13/Sep/2026:12:37:23 +0000] "GET /products/detail/208628339?path=//sys/bus/node/devices/node0/cpu1/driver/cpu7/driver/cpu2/node0/cpu4/firmware_node/subsystem/devices/PNP0A03:00/physical_node/0000:00:04.0/subsystem/drivers/nvme/module/drivers/pci:nvme/0000:00:1e.0/nvme/nvme1/nvme1n1/holders/md0/md/dev-nvme2n1/block/device/nvme2n1/holders/md0/md/dev-nvme2n1/block/mq/0 HTTP/1.1" 200 3447 "-" "Amazon CloudFront"
64.252.69.197 - - [13/Sep/2026:12:37:23 +0000] "GET /?path=//sys/class/thermal/cooling_device1/subsystem/cooling_device7/device/subsystem/devices/PNP0A03:00/device:12/subsystem/devices/device:1a/subsystem/devices/PNP0A03:00/device:06/subsystem/devices/device:13/subsystem/devices/LNXCPU:05/physical_node/driver/cpu5/driver/cpu4/node0/memory31/node0/memory8/subsystem/devices/memory28/subsystem/devices/memory8/node0/memory3/subsystem/devices/memory11/node0/memory8/node0/cpu5/firmware_node/subsystem/devices HTTP/1.1" 200 5704 "-" "Amazon CloudFront"
64.252.66.61 - - [13/Sep/2026:12:37:25 +0000] "GET /?path=//sys/class/thermal/cooling_device1/subsystem/cooling_device7/device/subsystem/devices/PNP0A03:00/device:12/subsystem/devices/device:1a/subsystem/devices/PNP0A03:00/device:06/subsystem/devices/device:13/subsystem/devices/LNXCPU:05/physical_node/driver/cpu5/driver/cpu4/node0/memory31/node0/memory29/node0/memory32/node0/cpu5/driver/cpu5/node0/cpu3/node0/cpu6/node0/memory24/subsystem/devices/memory25/node0/memory30 HTTP/1.1" 200 3902 "-" "Amazon CloudFront"
64.252.67.36 - - [13/Sep/2026:12:37:26 +0000] "GET /products/detail/208628339?path=//sys/bus/node/devices/node0/cpu1/driver/cpu7/driver/cpu2/node0/cpu4/firmware_node/subsystem/devices/PNP0A03:00/physical_node/0000:00:04.0/subsystem/drivers/nvme/module/drivers/pci:nvme/0000:00:1e.0/nvme/nvme1/nvme1n1/holders/md0/md/dev-nvme2n1/block/device/nvme2n1/holders/md0/md/dev-nvme2n1/block/mq/4 HTTP/1.1" 200 3447 "-" "Amazon CloudFront"
64.252.67.163 - - [13/Sep/2026:12:37:27 +0000] "GET /?path=//sys/class/thermal/cooling_device1/subsystem/cooling_device7/device/subsystem/devices/PNP0A03:00/device:12/subsystem/devices/device:1a/subsystem/devices/PNP0A03:00/device:06/subsystem/devices/device:13/subsystem/devices/LNXCPU:05/physical_node/driver/cpu5/driver/cpu4/node0/memory31/node0/memory29/node0/memory32/node0/memory17/subsystem/devices/memory9/node0/memory24/node0/cpu5/driver/cpu0/node0/memory29/node0/memory30 HTTP/1.1" 200 3894 "-" "Amazon CloudFront"
64.252.66.61 - - [13/Sep/2026:12:37:30 +0000] "GET /?path=//sys/class/thermal/cooling_device1/subsystem/cooling_device7/device/subsystem/devices/PNP0A03:00/device:12/subsystem/devices/device:1a/subsystem/devices/PNP0A03:00/device:06/subsystem/devices/device:13/subsystem/devices/LNXCPU:05/physical_node/driver/cpu5/driver/cpu4/node0/memory31/node0/memory8/subsystem/devices/memory28/subsystem/devices/memory25/subsystem/devices/memory16/node0/memory13/node0/memory4/node0/memory12/node0/memory21/node0/memory14/subsystem/devices HTTP/1.1" 200 3103 "-" "Amazon CloudFront"
64.252.66.61 - - [13/Sep/2026:12:37:30 +0000] "GET /?path=//sys/class/thermal/cooling_device3/device/physical_node/node0/memory28/node0/cpu5/firmware_node/subsystem/devices/PNP0A03:00/physical_node/pci_bus/0000:00/device/0000:00:04.0/subsystem/drivers/nvme/module/drivers/pci:nvme/0000:00:04.0/driver/0000:00:1e.0/nvme/nvme1/nvme1n1/holders/md0/md/dev-nvme2n1/block/holders/md0/power HTTP/1.1" 200 3552 "-" "Amazon CloudFront"
64.252.66.61 - - [13/Sep/2026:12:37:30 +0000] "GET /?path=//sys/class/thermal/cooling_device1/subsystem/cooling_device6/subsystem/cooling_device7/subsystem/cooling_device6/device/physical_node/node0/memory11/node0/memory11/node0/memory2 HTTP/1.1" 200 3464 "-" "Amazon CloudFront"
64.252.75.204 - - [13/Sep/2026:12:37:32 +0000] "GET /sitemap348.xml?path=%2F%2Fsys%2Fbus%2Fcpu%2Fdevices%2Fcpu5%2Fnode0%2Fcpu4%2Fnode0%2Fmemory31%2Fnode0%2Fcpu7%2Fnode0%2Fmemory17%2Fnode0%2Fmemory17%2Fnode0 HTTP/1.1" 200 4511 "-" "Amazon CloudFront"
64.252.67.163 - - [13/Sep/2026:12:37:32 +0000] "GET /?path=//sys/class/thermal/cooling_device1/subsystem/cooling_device7/device/subsystem/devices/PNP0A03:00/device:12/subsystem/devices/device:1a/subsystem/devices/PNP0A03:00/device:06/subsystem/devices/device:13/subsystem/devices/LNXCPU:05/physical_node/driver/cpu5/driver/cpu4/node0/memory31/node0/memory29/node0/memory32/node0/memory17/subsystem/devices/memory9/node0/memory8/node0/memory19/node0/memory32/subsystem/devices/memory30 HTTP/1.1" 200 3894 "-" "Amazon CloudFront"
64.252.120.98 - - [13/Sep/2026:12:37:33 +0000] "GET /?fileloc=//usr/share/doc/freetype-devel-2.8/reference/ft2-tt_driver.html&path=//usr/share/doc/freetype-devel-2.8/reference HTTP/1.1" 200 8346 "-" "Amazon CloudFront"
64.252.69.197 - - [13/Sep/2026:12:37:34 +0000] "GET /?path=//sys/class/vc/vcs2/subsystem/vcs5/subsystem/vcsa5/subsystem HTTP/1.1" 200 3299 "-" "Amazon CloudFront"
64.252.66.61 - - [13/Sep/2026:12:37:34 +0000] "GET /?path=//sys/class/thermal/cooling_device3/device/physical_node/node0/memory28/node0/cpu5/firmware_node/subsystem/devices/PNP0A03:00/physical_node/pci_bus/0000:00/device/0000:00:00.0/subsystem/devices/0000:00:04.0/driver/0000:00:1f.0/driver/0000:00:1f.0/nvme/nvme2/nvme2n1/holders/md0/md/rd0/block/holders/md0/md/dev-nvme1n1/block/trace HTTP/1.1" 200 3525 "-" "Amazon CloudFront"
64.252.74.227 - - [13/Sep/2026:12:37:36 +0000] "GET /sitemap348.xml?path=%2F%2Fsys%2Fbus%2Fcpu%2Fdevices%2Fcpu4%2Fnode0%2Fcpu7%2Fnode0%2Fmemory21%2Fnode0%2Fcpu1%2Ffirmware_node%2Fthermal_cooling%2Fpower HTTP/1.1" 200 3194 "-" "Amazon CloudFront"
64.252.67.36 - - [13/Sep/2026:12:37:37 +0000] "GET /?path=//sys/class/thermal/cooling_device1/subsystem/cooling_device7/device/subsystem/devices/PNP0A03:00/device:12/subsystem/devices/device:1a/subsystem/devices/PNP0A03:00/device:06/subsystem/devices/device:13/subsystem/devices/LNXCPU:05/physical_node/driver/cpu5/driver/cpu4/node0/memory31/node0/memory29/node0/memory32/node0/cpu4/node0/memory11/node0/memory31/node0/memory13/subsystem/devices/memory18/node0/memory16/node0/hugepages HTTP/1.1" 200 3437 "-" "Amazon CloudFront"
64.252.67.163 - - [13/Sep/2026:12:37:39 +0000] "GET /?path=//sys/class/thermal/cooling_device3/device/physical_node/node0/cpu1/driver/cpu0/node0/cpu2/driver/cpu6/firmware_node/subsystem/devices/device:01 HTTP/1.1" 200 3297 "-" "Amazon CloudFront"
64.252.67.163 - - [13/Sep/2026:12:37:39 +0000] "GET /?path=//sys/class/thermal/cooling_device1/subsystem/cooling_device7/device/subsystem/devices/PNP0A03:00/device:12/subsystem/devices/device:1a/subsystem/devices/PNP0A03:00/device:06/subsystem/devices/device:13/subsystem/devices/LNXCPU:05/physical_node/driver/cpu5/driver/cpu4/node0/memory31/node0/memory29/node0/memory32/node0/memory17/node0/cpu2/node0/cpu5/driver/cpu1/node0/memory7/node0/memory12/node0/memory6/node0/hugepages HTTP/1.1" 200 3446 "-" "Amazon CloudFront"
64.252.67.163 - - [13/Sep/2026:12:37:41 +0000] "GET /?path=//sys/class/thermal/cooling_device1/subsystem/cooling_device7/device/subsystem/devices/PNP0A03:00/device:12/subsystem/devices/device:1a/subsystem/devices/PNP0A03:00/device:06/subsystem/devices/device:13/subsystem/devices/LNXCPU:05/physical_node/driver/cpu5/driver/cpu7/driver/cpu5/driver/cpu5/node0/memory30/subsystem/devices/memory31/node0/memory3/node0/cpu3/driver/cpu6/driver/cpu4/node0/memory8 HTTP/1.1" 200 3854 "-" "Amazon CloudFront"
64.252.67.36 - - [13/Sep/2026:12:37:41 +0000] "GET /?path=//sys/class/thermal/cooling_device1/subsystem/cooling_device7/device/subsystem/devices/PNP0A03:00/device:12/subsystem/devices/device:1a/subsystem/devices/PNP0A03:00/device:1e/subsystem HTTP/1.1" 200 3266 "-" "Amazon CloudFront"
64.252.67.36 - - [13/Sep/2026:12:37:43 +0000] "GET /?path=//sys/class/thermal/cooling_device3/device/physical_node/node0/cpu1/driver/cpu0/node0/cpu2/firmware_node/subsystem/devices/PNP0303:00/subsystem/devices/LNXSYBUS:00/PNP0A03:00/physical_node/0000:00:1e.0/driver/module/drivers/pci:nvme/module/drivers/pci:nvme/0000:00:1f.0/nvme/nvme2/device/nvme/nvme2/nvme2n1/holders/md0/md/dev-nvme1n1/block/holders/md0/md/rd0/block/bdi/power HTTP/1.1" 200 3602 "-" "Amazon CloudFront"
64.252.66.61 - - [13/Sep/2026:12:37:43 +0000] "GET /?fileloc=//sys/class/thermal/cooling_device1/subsystem/cooling_device7/device/subsystem/devices/PNP0A03:00/device:12/subsystem/devices/device:1a/subsystem/devices/PNP0A03:00/device:06/subsystem/devices/device:13/subsystem/devices/LNXCPU:05/physical_node/driver/cpu5/driver/cpu0/driver/cpu3/driver/cpu5/node0/memory1/node0/memory9/node0/memory31/node0/memory6/node0/memory14/node0/memory21/node0/memory32/subsystem/devices/memory3/power/autosuspend_delay_ms&path=//sys/class/thermal/cooling_device1/subsystem/cooling_device7/device/subsystem/devices/PNP0A03:00/device:12/subsystem/devices/device:1a/subsystem/devices/PNP0A03:00/device:06/subsystem/devices/device:13/subsystem/devices/LNXCPU:05/physical_node/driver/cpu5/driver/cpu0/driver/cpu3/driver/cpu5/node0/memory1/node0/memory9/node0/memory31/node0/memory6/node0/memory14/node0/memory21/node0/memory32/subsystem/devices/memory3/power HTTP/1.1" 200 3059 "-" "Amazon CloudFront"
64.252.69.197 - - [13/Sep/2026:12:37:44 +0000] "GET /?path=//sys/class/thermal/cooling_device1/subsystem/cooling_device7/device/subsystem/devices/PNP0A03:00/device:12/subsystem/devices/device:1a/subsystem/devices/PNP0A03:00/device:06/subsystem/devices/device:13/subsystem/devices/LNXCPU:05/physical_node/driver/cpu5/driver/cpu4/node0/memory31/node0/memory29/node0/memory32/node0/memory17/subsystem/devices/memory4/subsystem/devices/memory19/node0/memory7/node0/memory27/node0/memory8/subsystem HTTP/1.1" 200 3634 "-" "Amazon CloudFront"
64.252.67.163 - - [13/Sep/2026:12:37:46 +0000] "GET /?path=//sys/class/thermal/cooling_device1/subsystem/cooling_device7/device/subsystem/devices/PNP0A03:00/device:12/subsystem/devices/device:1a/subsystem/devices/PNP0A03:00/device:06/subsystem/devices/device:13/subsystem/devices/LNXCPU:05/physical_node/driver/cpu5/driver/cpu4/node0/memory31/node0/memory29/node0/cpu6/node0/memory0/subsystem/devices/memory5/node0/memory23/node0/memory22/node0/memory29/node0/cpu6/node0/memory21/subsystem HTTP/1.1" 200 3638 "-" "Amazon CloudFront"
64.252.67.163 - - [13/Sep/2026:12:37:46 +0000] "GET /?path=//sys/class/thermal/cooling_device3/device/physical_node/node0/cpu6/driver/cpu0/node0/cpu5/firmware_node/subsystem/devices/device:12/subsystem/devices/LNXSYSTM:00/LNXSYBUS:00/PNP0A03:00/physical_node/pci_bus/0000:00/device/0000:00:1f.0/driver/module/drivers/pci:nvme/0000:00:1f.0/nvme/nvme2/nvme2n1/holders/md0/md/dev-nvme2n1/block/holders/md0/slaves/nvme2n1/mq/3/cpu3 HTTP/1.1" 200 3096 "-" "Amazon CloudFront"
64.252.67.163 - - [13/Sep/2026:12:37:48 +0000] "GET /?path=//sys/class/thermal/cooling_device1/subsystem/cooling_device7/device/subsystem/devices/PNP0A03:00/device:12/subsystem/devices/device:1a/subsystem/devices/PNP0A03:00/device:06/subsystem/devices/device:13/subsystem/devices/LNXCPU:05/physical_node/driver/cpu5/driver/cpu4/node0/memory31/node0/memory29/node0/cpu6/node0/memory0/subsystem/devices/memory5/node0/memory23/node0/memory22/node0/memory29/node0/cpu6/node0/memory6/subsystem HTTP/1.1" 200 3636 "-" "Amazon CloudFront"
64.252.69.197 - - [13/Sep/2026:12:37:50 +0000] "GET /?path=//sys/class/thermal/cooling_device1/subsystem/cooling_device7/device/subsystem/devices/PNP0A03:00/device:12/subsystem/devices/device:1a/subsystem/devices/PNP0A03:00/device:06/subsystem/devices/device:13/subsystem/devices/LNXCPU:05/physical_node/driver/cpu5/driver/cpu4/node0/memory31/node0/memory29/node0/memory32/node0/cpu5/driver/cpu5/node0/cpu5/firmware_node/subsystem/devices/LNXCPU:03/physical_node/subsystem/devices/cpu1/firmware_node/physical_node/subsystem HTTP/1.1" 200 3645 "-" "Amazon CloudFront"
64.252.66.61 - - [13/Sep/2026:12:37:51 +0000] "GET /?path=//sys/class/thermal/cooling_device3/device/physical_node/node0/memory28/node0/cpu5/firmware_node/subsystem/devices/PNP0A03:00/physical_node/pci_bus/0000:00/device/0000:00:1f.0/driver/0000:00:04.0/driver/0000:00:1f.0/nvme/nvme2/nvme2n1/holders/md0/md/rd0/block/subsystem/nvme1n1/holders/md0/slaves/nvme1n1/mq HTTP/1.1" 200 3486 "-" "Amazon CloudFront"
64.252.66.61 - - [13/Sep/2026:12:37:53 +0000] "GET /?path=//sys/class/thermal/cooling_device1/subsystem/cooling_device7/device/subsystem/devices/PNP0A03:00/device:12/subsystem/devices/device:1a/subsystem/devices/PNP0A03:00/device:06/subsystem/devices/device:13/subsystem/devices/LNXCPU:05/physical_node/driver/cpu5/driver/cpu4/node0/memory31/node0/memory29/node0/memory32/node0/cpu5/driver/cpu5/node0/memory5/node0/memory32/node0/memory28/node0/cpu4/driver/cpu2/cache HTTP/1.1" 200 3652 "-" "Amazon CloudFront"
64.252.67.163 - - [13/Sep/2026:12:37:54 +0000] "GET /?path=//sys/class/thermal/cooling_device3/device/physical_node/node0/memory28/node0/cpu5/firmware_node/subsystem/devices/PNP0A03:00/physical_node/pci_bus/0000:00/device/0000:00:04.0/driver/0000:00:04.0/driver/module/drivers/pci:nvme/0000:00:1f.0/nvme/nvme2/subsystem/nvme2/nvme2n1/holders/md0/md/dev-nvme1n1/block/bdi HTTP/1.1" 200 3610 "-" "Amazon CloudFront"
64.252.67.36 - - [13/Sep/2026:12:37:55 +0000] "GET /?path=//sys/class/thermal/cooling_device1/subsystem/cooling_device7/device/subsystem/devices/PNP0A03:00/device:12/subsystem/devices/device:1a/subsystem/devices/PNP0A03:00/device:06/subsystem/devices/device:13/subsystem/devices/LNXCPU:05/physical_node/driver/cpu5/driver/cpu4/node0/memory31/node0/memory29/node0/cpu6/node0/memory9/node0/cpu1/node0/memory1/node0/memory17/node0/memory0/node0/memory8/node0/cpu2/cache HTTP/1.1" 200 3668 "-" "Amazon CloudFront"
64.252.76.84 - - [13/Sep/2026:12:37:57 +0000] "GET /sitemap348.xml?fileloc=%2F%2Fsys%2Fbus%2Fcpu%2Fdevices%2Fcpu5%2Fnode0%2Fcpu0%2Fnode0%2Fcpu6%2Fnode0%2Fmemory22%2Fnode0%2Fmemory25%2Fnode0%2Fmemory28%2Fstate&path=%2F%2Fsys%2Fbus%2Fcpu%2Fdevices%2Fcpu5%2Fnode0%2Fcpu0%2Fnode0%2Fcpu6%2Fnode0%2Fmemory22%2Fnode0%2Fmemory25%2Fnode0%2Fmemory28 HTTP/1.1" 200 2649 "-" "Amazon CloudFront"
64.252.76.84 - - [13/Sep/2026:12:37:57 +0000] "GET /sitemap348.xml?path=%2F%2Fsys%2Fbus%2Fcpu%2Fdevices%2Fcpu5%2Fnode0%2Fcpu0%2Fnode0%2Fcpu6%2Fnode0%2Fmemory22%2Fnode0%2Fmemory25%2Fnode0%2Fmemory28%2Fpower HTTP/1.1" 200 3183 "-" "Amazon CloudFront"
