64.252.69.197 - - [13/Sep/2026:12:42:42 +0000] "GET /?fileloc=//sys/class/thermal/cooling_device1/subsystem/cooling_device7/device/subsystem/devices/PNP0A03:00/device:12/subsystem/devices/device:1a/subsystem/devices/PNP0A03:00/device:06/subsystem/devices/device:13/subsystem/devices/LNXCPU:05/physical_node/driver/cpu5/driver/cpu0/driver/cpu3/driver/cpu5/node0/memory1/node0/memory31/node0/memory27/node0/cpu2/node0/cpu3/node0/memory3/node0/memory21/node0/memory22/phys_index&path=//sys/class/thermal/cooling_device1/subsystem/cooling_device7/device/subsystem/devices/PNP0A03:00/device:12/subsystem/devices/device:1a/subsystem/devices/PNP0A03:00/device:06/subsystem/devices/device:13/subsystem/devices/LNXCPU:05/physical_node/driver/cpu5/driver/cpu0/driver/cpu3/driver/cpu5/node0/memory1/node0/memory31/node0/memory27/node0/cpu2/node0/cpu3/node0/memory3/node0/memory21/node0/memory22 HTTP/1.1" 200 3019 "-" "Amazon CloudFront"
64.252.67.163 - - [13/Sep/2026:12:42:42 +0000] "GET /?path=//sys/class/thermal/cooling_device1/subsystem/cooling_device7/device/subsystem/devices/PNP0A03:00/device:12/subsystem/devices/device:1a/subsystem/devices/PNP0A03:00/device:06/subsystem/devices/device:13/subsystem/devices/LNXCPU:05/physical_node/driver/cpu5/driver/cpu4/node0/memory31/subsystem/devices/memory31/node0/memory27/node0/memory4/node0/memory31/node0/cpu7/node0/cpu0/node0/memory12/node0/memory20/subsystem/devices/memory2/node0/power HTTP/1.1" 200 3674 "-" "Amazon CloudFront"
64.252.66.61 - - [13/Sep/2026:12:42:42 +0000] "GET /?path=//sys/class/thermal/cooling_device3/device/physical_node/node0/memory28/node0/cpu5/firmware_node/subsystem/devices/PNP0A03:00/physical_node/pci_bus/0000:00/device/0000:00:1f.0/driver/0000:00:04.0/driver/0000:00:1f.0/nvme/nvme2/nvme2n1/holders/md0/md/dev-nvme1n1/block/subsystem/nvme1n1/holders/md0/md/dev-nvme2n1/block/bdi HTTP/1.1" 200 3632 "-" "Amazon CloudFront"
64.252.69.197 - - [13/Sep/2026:12:42:45 +0000] "GET /?path=//sys/class/thermal/cooling_device1/subsystem/cooling_device7/device/subsystem/devices/PNP0A03:00/device:12/subsystem/devices/device:1a/subsystem/devices/PNP0A03:00/device:06/subsystem/devices/device:13/subsystem/devices/LNXCPU:05/physical_node/driver/cpu5/driver/cpu4/node0/memory31/subsystem/devices/memory22/node0/memory24/node0/memory11/node0/memory12/subsystem/devices/memory24/node0/subsystem/devices/node0/memory3/node0/memory27/node0/memory26/power HTTP/1.1" 200 3682 "-" "Amazon CloudFront"
64.252.66.61 - - [13/Sep/2026:12:42:46 +0000] "GET /products/detail/208628339?path=//sys/bus/node/devices/node0/cpu1/driver/cpu7/driver/cpu2/node0/cpu1/firmware_node/thermal_cooling/device/physical_node/firmware_node/subsystem/devices/LNXSYBUS:00/PNP0A03:00/device:06/physical_node/subsystem/drivers/nvme/module/drivers/pci:nvme/0000:00:1e.0/nvme/nvme1/nvme1n1/device/nvme1n1/holders/md0/md/dev-nvme2n1/block/holders/md0/md/rd0/block/bdi HTTP/1.1" 200 3705 "-" "Amazon CloudFront"
64.252.69.197 - - [13/Sep/2026:12:42:49 +0000] "GET /?path=//sys/class/thermal/cooling_device1/subsystem/cooling_device7/device/subsystem/devices/PNP0A03:00/device:12/subsystem/devices/device:1a/subsystem/devices/PNP0A03:00/device:06/subsystem/devices/device:13/subsystem/devices/LNXCPU:05/physical_node/driver/cpu5/driver/cpu4/node0/memory31/subsystem/devices/memory22/node0/memory24/node0/memory28/node0/memory20/node0/memory32/node0/memory21/node0/memory5/node0/memory5/node0/memory23/node0/power HTTP/1.1" 200 3670 "-" "Amazon CloudFront"
64.252.67.163 - - [13/Sep/2026:12:42:49 +0000] "GET /?path=//sys/class/thermal/cooling_device1/subsystem/cooling_device7/device/subsystem/devices/PNP0A03:00/device:12/subsystem/devices/device:1a/subsystem/devices/PNP0A03:00/device:06/subsystem/devices/device:13/subsystem/devices/LNXCPU:05/physical_node/driver/cpu5/driver/cpu4/node0/memory31/subsystem/devices/memory24/node0/memory30/node0/memory19/node0/memory16/node0/memory30/node0/memory9/node0/memory18/power HTTP/1.1" 200 3595 "-" "Amazon CloudFront"
64.252.67.163 - - [13/Sep/2026:12:42:52 +0000] "GET /?path=//sys/class/thermal/cooling_device3/device/physical_node/node0/memory28/node0/cpu5/firmware_node/subsystem/devices/PNP0A03:00/physical_node/pci_bus/0000:00/device/0000:00:04.0/driver/0000:00:04.0/nvme/nvme0/nvme0n1/nvme0n1p128/subsystem/nvme1n1/holders/md0/md/dev-nvme1n1/block/holders/md0/md/rd0/block/mq/6 HTTP/1.1" 200 3460 "-" "Amazon CloudFront"
64.252.66.61 - - [13/Sep/2026:12:42:52 +0000] "GET /?path=//sys/class/thermal/cooling_device1/subsystem/cooling_device7/device/subsystem/devices/PNP0A03:00/device:12/subsystem/devices/device:1a/subsystem/devices/PNP0A03:00/device:06/subsystem/devices/device:13/subsystem/devices/LNXCPU:05/physical_node/driver/cpu5/driver/cpu4/node0/memory31/subsystem/devices/memory22/node0/cpu0/node0/memory1/node0/memory26/node0/memory12/node0/memory17/node0/memory23/node0/memory20/node0/memory25/power HTTP/1.1" 200 3674 "-" "Amazon CloudFront"
64.252.67.163 - - [13/Sep/2026:12:42:54 +0000] "GET /products/detail/208628339?path=//sys/bus/node/devices/node0/cpu1/driver/cpu7/driver/cpu2/node0/cpu4/firmware_node/thermal_cooling/device/physical_node/firmware_node/subsystem/devices/device:20/physical_node/subsystem/drivers/nvme/0000:00:1f.0/nvme/nvme2/nvme2n1/holders/md0/md/rd0/block/device/nvme1n1/holders/md0/slaves/nvme2n1/mq/6 HTTP/1.1" 200 3451 "-" "Amazon CloudFront"
64.252.67.163 - - [13/Sep/2026:12:42:55 +0000] "GET /?path=//sys/class/thermal/cooling_device1/subsystem/cooling_device7/device/subsystem/devices/PNP0A03:00/device:12/subsystem/devices/device:1a/subsystem/devices/PNP0A03:00/device:06/subsystem/devices/device:13/subsystem/devices/LNXCPU:05/physical_node/driver/cpu5/driver/cpu4/node0/memory31/subsystem/devices/memory22/node0/memory29/node0/memory25/node0/memory23/node0/memory29/node0/memory25/node0/memory1/node0/memory8/power HTTP/1.1" 200 3626 "-" "Amazon CloudFront"
64.252.67.163 - - [13/Sep/2026:12:42:56 +0000] "GET /?path=//sys/class/thermal/cooling_device1/subsystem/cooling_device7/device/subsystem/devices/PNP0A03:00/device:12/subsystem/devices/device:1a/subsystem/devices/PNP0A03:00/device:06/subsystem/devices/device:13/subsystem/devices/LNXCPU:05/physical_node/driver/cpu5/driver/cpu4/node0/memory31/subsystem/devices/memory22/node0/memory24/node0/memory11/node0/memory28/node0/memory29/subsystem/devices/memory3/node0/memory9/node0/memory23/node0/memory15/power HTTP/1.1" 200 3674 "-" "Amazon CloudFront"
64.252.67.163 - - [13/Sep/2026:12:42:58 +0000] "GET /?path=//sys/class/thermal/cooling_device1/subsystem/cooling_device7/device/subsystem/devices/PNP0A03:00/device:12/subsystem/devices/device:1a/subsystem/devices/PNP0A03:00/device:06/subsystem/devices/device:13/subsystem/devices/LNXCPU:05/physical_node/driver/cpu5/driver/cpu4/node0/memory31/subsystem/devices/memory22/node0/memory9/node0/memory27/node0/memory26/node0/memory17/node0/cpu2/node0/cpu6/driver/cpu7/driver/cpu5/cache/index1/power HTTP/1.1" 200 3694 "-" "Amazon CloudFront"
64.252.66.61 - - [13/Sep/2026:12:42:58 +0000] "GET /products/detail/208628339?path=//sys/bus/node/devices/node0/cpu1/driver/cpu7/driver/cpu2/node0/cpu4/firmware_node/subsystem/devices/LNXSYSTM:00/LNXSYBUS:00/PNP0A03:00/device:20/physical_node/nvme/nvme1/device/nvme/nvme1/nvme1n1/device/subsystem/nvme2/nvme2n1/holders/md0/slaves/nvme1n1/holders/md0/md/rd0/block/mq/2 HTTP/1.1" 200 3449 "-" "Amazon CloudFront"
64.252.67.36 - - [13/Sep/2026:12:43:01 +0000] "GET /?path=//sys/class/thermal/cooling_device1/subsystem/cooling_device7/device/subsystem/devices/PNP0A03:00/device:12/subsystem/devices/device:1a/subsystem/devices/PNP0A03:00/device:06/subsystem/devices/device:13/subsystem/devices/LNXCPU:05/physical_node/driver/cpu5/driver/cpu4/node0/memory31/subsystem/devices/memory22/node0/cpu0/node0/memory1/node0/memory26/node0/memory12/node0/memory17/node0/memory23/node0/memory20/node0/memory5/node0/power HTTP/1.1" 200 3681 "-" "Amazon CloudFront"
64.252.66.61 - - [13/Sep/2026:12:43:02 +0000] "GET /products/detail/208628339?path=//sys/bus/node/devices/node0/cpu1/driver/cpu7/driver/cpu2/node0/cpu4/firmware_node/subsystem/devices/PNP0A03:00/physical_node/firmware_node/physical_node/0000:00:01.3/subsystem/drivers/nvme/module/drivers/pci:nvme/0000:00:1e.0/nvme/nvme1/nvme1n1/device/nvme1n1/holders/md0/slaves/nvme2n1/device/nvme2n1/mq/5/cpu5 HTTP/1.1" 200 3000 "-" "Amazon CloudFront"
64.252.66.61 - - [13/Sep/2026:12:43:03 +0000] "GET /?path=//sys/class/thermal/cooling_device1/subsystem/cooling_device7/device/subsystem/devices/PNP0A03:00/device:12/subsystem/devices/device:1a/subsystem/devices/PNP0A03:00/device:06/subsystem/devices/device:13/subsystem/devices/LNXCPU:05/physical_node/driver/cpu5/driver/cpu4/node0/memory31/subsystem/devices/memory22/node0/cpu0/node0/memory1/node0/memory1/node0/cpu4/node0/memory16/node0/cpu2/node0/cpu4/firmware_node/subsystem/devices/QEMU0001:00/power HTTP/1.1" 200 3684 "-" "Amazon CloudFront"
64.252.67.163 - - [13/Sep/2026:12:43:05 +0000] "GET /?path=//sys/class/thermal/cooling_device1/subsystem/cooling_device6/subsystem/cooling_device7/subsystem/cooling_device6/device/physical_node/node0/memory14/node0/memory19/node0/memory22 HTTP/1.1" 200 3472 "-" "Amazon CloudFront"
64.252.69.197 - - [13/Sep/2026:12:43:05 +0000] "GET /?path=//sys/class/thermal/cooling_device1/subsystem/cooling_device7/device/subsystem/devices/PNP0A03:00/device:12/subsystem/devices/device:1a/subsystem/devices/PNP0A03:00/device:06/subsystem/devices/device:13/subsystem/devices/LNXCPU:05/physical_node/driver/cpu5/driver/cpu4/node0/memory31/subsystem/devices/memory31/node0/cpu6/node0/memory15/node0/memory7/node0/cpu6/node0/memory21/node0/memory24/node0/memory21/node0/memory19/power HTTP/1.1" 200 3658 "-" "Amazon CloudFront"
64.252.67.163 - - [13/Sep/2026:12:43:06 +0000] "GET /products/detail/293871501?path=//usr/lib/python3.6/site-packages/botocore/data/importexport HTTP/1.1" 200 2925 "-" "Amazon CloudFront"
64.252.67.36 - - [13/Sep/2026:12:43:07 +0000] "GET /?path=//sys/class/thermal/cooling_device1/subsystem/cooling_device7/device/subsystem/devices/PNP0A03:00/device:12/subsystem/devices/PNP0C0F:02/subsystem/devices/PNP0A03:00/physical_node/0000:00:01.3 HTTP/1.1" 200 4254 "-" "Amazon CloudFront"
64.252.67.36 - - [13/Sep/2026:12:43:10 +0000] "GET /?path=//sys/class/thermal/cooling_device1/subsystem/cooling_device7/device/subsystem/devices/PNP0A03:00/device:12/subsystem/devices/device:1a/subsystem/devices/PNP0A03:00/device:06/subsystem/devices/device:13/subsystem/devices/LNXCPU:05/physical_node/driver/cpu5/driver/cpu4/node0/memory31/subsystem/devices/memory2/node0/cpu5/node0/memory22/node0/memory29/node0/memory7/node0/memory19/node0/memory9/node0/memory25 HTTP/1.1" 200 3880 "-" "Amazon CloudFront"
64.252.66.61 - - [13/Sep/2026:12:43:12 +0000] "GET /?path=//sys/class/thermal/cooling_device3/device/physical_node/node0/memory28/node0/cpu5/firmware_node/subsystem/devices/PNP0A03:00/physical_node/pci_bus/0000:00/device/0000:00:1f.0/driver/0000:00:04.0/driver/module/drivers/pci:nvme/0000:00:04.0/nvme/nvme0/nvme0n1/nvme0n1p128/subsystem/nvme2n1/holders/md0/slaves/nvme1n1/mq/1 HTTP/1.1" 200 3484 "-" "Amazon CloudFront"
64.252.67.163 - - [13/Sep/2026:12:43:12 +0000] "GET /?path=//sys/class/thermal/cooling_device1/subsystem/cooling_device7/device/subsystem/devices/PNP0A03:00/device:12/subsystem/devices/device:1a/subsystem/devices/PNP0A03:00/device:06/subsystem/devices/device:13/subsystem/devices/LNXCPU:05/physical_node/driver/cpu5/driver/cpu4/node0/memory31/subsystem/devices/memory22/node0/memory9/node0/memory27/node0/memory26/node0/memory17/node0/memory17/node0/memory10/node0/cpu3/node0/cpu2 HTTP/1.1" 200 4020 "-" "Amazon CloudFront"
64.252.67.163 - - [13/Sep/2026:12:43:14 +0000] "GET /?path=//sys/class/thermal/cooling_device1/subsystem/cooling_device7/device/subsystem/devices/PNP0A03:00/device:12/subsystem/devices/device:1a/subsystem/devices/PNP0A03:00/device:06/subsystem/devices/device:13/subsystem/devices/LNXCPU:05/physical_node/driver/cpu5/driver/cpu0/driver/cpu2/firmware_node/physical_node/node0/memory8/node0/memory21/node0/memory23/subsystem/devices/memory18/subsystem/devices/memory29/node0/memory15/node0/memory5/node0/cpu0/firmware_node/power HTTP/1.1" 200 3697 "-" "Amazon CloudFront"
64.252.69.197 - - [13/Sep/2026:12:43:14 +0000] "GET /?path=//sys/class/thermal/cooling_device3/device/physical_node/node0/memory28/node0/cpu5/firmware_node/subsystem/devices/PNP0A03:00/physical_node/pci_bus/0000:00/device/0000:00:1f.0/driver/module/drivers/pci:nvme/0000:00:1e.0/driver/0000:00:1f.0/nvme/nvme2/nvme2n1/subsystem/md0/md/rd1/block/holders/md0/power HTTP/1.1" 200 3510 "-" "Amazon CloudFront"
64.252.66.61 - - [13/Sep/2026:12:43:16 +0000] "GET /?path=//sys/class/thermal/cooling_device1/subsystem/cooling_device7/device/subsystem/devices/PNP0A03:00/device:12/subsystem/devices/device:1a/subsystem/devices/PNP0A03:00/device:06/subsystem/devices/device:13/subsystem/devices/LNXCPU:05/physical_node/driver/cpu5/driver/cpu4/node0/memory31/node0/memory29/node0/memory32/node0/cpu5/driver/cpu5/node0/memory5/node0/memory32/node0/memory28/node0/cpu4/driver/cpu2/topology HTTP/1.1" 200 3660 "-" "Amazon CloudFront"
64.252.67.36 - - [13/Sep/2026:12:43:18 +0000] "GET /products/detail/208628339?path=//sys/bus/node/devices/node0/cpu1/driver/cpu7/driver/cpu2/node0/cpu1/firmware_node/thermal_cooling/device/physical_node/firmware_node/subsystem/devices/PNP0A03:00/physical_node/0000:00:1e.0/subsystem/drivers/nvme/0000:00:1e.0/nvme/nvme1/nvme1n1/holders/md0/md/rd1/block/device/nvme2n1/holders/md0/md/dev-nvme2n1/block/power HTTP/1.1" 200 3536 "-" "Amazon CloudFront"
64.252.66.61 - - [13/Sep/2026:12:43:19 +0000] "GET /?path=//sys/class/thermal/cooling_device1/subsystem/cooling_device6/subsystem/cooling_device7/subsystem/cooling_device6/device/physical_node/node0/cpu3/node0/power HTTP/1.1" 200 3217 "-" "Amazon CloudFront"
64.252.69.197 - - [13/Sep/2026:12:43:20 +0000] "GET /?fileloc=//sys/class/thermal/cooling_device1/subsystem/cooling_device7/device/subsystem/devices/PNP0A03:00/device:12/subsystem/devices/device:1a/subsystem/devices/PNP0A03:00/device:06/subsystem/devices/device:13/subsystem/devices/LNXCPU:05/physical_node/driver/cpu5/driver/cpu4/driver/cpu0/driver/cpu2/node0/cpu3/node0/memory31/node0/memory4/subsystem/devices/memory3/node0/memory14/subsystem/devices/memory13/node0/memory22/node0/numastat&path=//sys/class/thermal/cooling_device1/subsystem/cooling_device7/device/subsystem/devices/PNP0A03:00/device:12/subsystem/devices/device:1a/subsystem/devices/PNP0A03:00/device:06/subsystem/devices/device:13/subsystem/devices/LNXCPU:05/physical_node/driver/cpu5/driver/cpu4/driver/cpu0/driver/cpu2/node0/cpu3/node0/memory31/node0/memory4/subsystem/devices/memory3/node0/memory14/subsystem/devices/memory13/node0/memory22/node0 HTTP/1.1" 200 3029 "-" "Amazon CloudFront"
64.252.67.36 - - [13/Sep/2026:12:43:21 +0000] "GET /?path=//sys/class/thermal/cooling_device1/subsystem/cooling_device7/device/subsystem/devices/PNP0A03:00/device:12/subsystem/devices/device:1a/subsystem/devices/PNP0A03:00/device:06/subsystem/devices/device:13/subsystem/devices/LNXCPU:05/physical_node/driver/cpu5/driver/cpu0/driver/cpu2/firmware_node/physical_node/node0/cpu2/node0/memory4/subsystem/devices/memory14/node0/memory18/node0/memory0/subsystem HTTP/1.1" 200 3576 "-" "Amazon CloudFront"
64.252.66.61 - - [13/Sep/2026:12:43:22 +0000] "GET /products/detail/293871501?fileloc=//usr/lib/python2.7/site-packages/botocore/docs/client.pyo&path=//usr/lib/python2.7/site-packages/botocore/docs HTTP/1.1" 200 2605 "-" "Amazon CloudFront"
64.252.66.61 - - [13/Sep/2026:12:43:23 +0000] "GET /?path=//sys/class/thermal/cooling_device1/subsystem/cooling_device7/device/subsystem/devices/PNP0A03:00/device:12/subsystem/devices/device:1a/subsystem/devices/PNP0A03:00/device:06/subsystem/devices/device:13/subsystem/devices/LNXCPU:05/physical_node/driver/cpu5/driver/cpu4/node0/memory0/node0/memory8/node0/cpu2/driver/cpu3/subsystem/devices/cpu7/node0/memory22/node0/memory6/node0/memory5/node0/memory18/node0/cpu5/power HTTP/1.1" 200 3727 "-" "Amazon CloudFront"
64.252.66.61 - - [13/Sep/2026:12:43:26 +0000] "GET /?path=//sys/class/thermal/cooling_device1/subsystem/cooling_device7/device/subsystem/devices/PNP0A03:00/device:12/subsystem/devices/device:1a/subsystem/devices/PNP0A03:00/device:06/subsystem/devices/device:13/subsystem/devices/LNXCPU:05/physical_node/driver/cpu5/driver/cpu4/node0/memory31/subsystem/devices/memory24/node0/memory30/node0/memory19/node0/memory16/node0/memory26/node0/subsystem/devices/node0/cpu1/node0/cpu0/node0/cpu4 HTTP/1.1" 200 4026 "-" "Amazon CloudFront"
64.252.67.36 - - [13/Sep/2026:12:43:26 +0000] "GET /products/detail/293871501?path=//usr/lib/python3.6/site-packages/botocore/data/meteringmarketplace HTTP/1.1" 200 2928 "-" "Amazon CloudFront"
64.252.66.61 - - [13/Sep/2026:12:43:28 +0000] "GET /?path=//sys/class/thermal/cooling_device1/subsystem/cooling_device7/device/subsystem/devices/PNP0A03:00/device:12/subsystem/devices/device:1a/subsystem/devices/PNP0A03:00/device:06/subsystem/devices/device:13/subsystem/devices/LNXCPU:05/physical_node/driver/cpu5/driver/cpu4/node0/memory31/subsystem/devices/memory22/node0/memory29/node0/memory2/node0/memory1/node0/memory20/node0/memory25/node0/memory16/node0/cpu4 HTTP/1.1" 200 3968 "-" "Amazon CloudFront"
64.252.67.163 - - [13/Sep/2026:12:43:30 +0000] "GET /?path=//sys/class/thermal/cooling_device1/subsystem/cooling_device7/device/subsystem/devices/PNP0A03:00/device:12/subsystem/devices/device:1a/subsystem/devices/PNP0A03:00/device:06/subsystem/devices/device:13/subsystem/devices/LNXCPU:05/physical_node/driver/cpu5/driver/cpu4/node0/memory31/subsystem/devices/memory22/node0/memory24/node0/memory11/node0/memory28/node0/memory3/node0/cpu3/firmware_node/physical_node/node0/memory7/node0/cpu4 HTTP/1.1" 200 4020 "-" "Amazon CloudFront"
64.252.67.163 - - [13/Sep/2026:12:43:30 +0000] "GET /products/detail/293871501?fileloc=//usr/local/lsws/docs/ja-JP/Servlet_Context.html&path=//usr/local/lsws/docs/ja-JP HTTP/1.1" 200 7257 "-" "Amazon CloudFront"
64.252.67.163 - - [13/Sep/2026:12:43:32 +0000] "GET /?path=//sys/class/thermal/cooling_device1/subsystem/cooling_device7/device/subsystem/devices/PNP0A03:00/device:12/subsystem/devices/device:1a/subsystem/devices/PNP0A03:00/device:06/subsystem/devices/device:13/subsystem/devices/LNXCPU:05/physical_node/driver/cpu5/driver/cpu4/node0/memory31/subsystem/devices/memory22/node0/memory24/node0/memory28/node0/memory20/node0/memory31/node0/cpu6/node0/memory10/node0/memory8/node0/memory0/node0/hugepages/hugepages-2048kB HTTP/1.1" 200 3549 "-" "Amazon CloudFront"
64.252.66.61 - - [13/Sep/2026:12:43:34 +0000] "GET /products/detail/293871501?path=//usr/lib/python3.6/site-packages/botocore/data/mediastore HTTP/1.1" 200 2920 "-" "Amazon CloudFront"
64.252.67.36 - - [13/Sep/2026:12:43:35 +0000] "GET /?path=//sys/class/thermal/cooling_device1/subsystem/cooling_device7/device/subsystem/devices/PNP0A03:00/device:12/subsystem/devices/device:1a/subsystem/devices/PNP0A03:00/device:06/subsystem/devices/device:13/subsystem/devices/LNXCPU:05/physical_node/driver/cpu5/driver/cpu4/node0/memory31/subsystem/devices/memory22/node0/memory24/node0/memory11/node0/memory12/node0/memory21/node0/memory13/node0/memory30/node0/memory8/node0/memory29/node0/hugepages/hugepages-2048kB HTTP/1.1" 200 3558 "-" "Amazon CloudFront"
64.252.66.61 - - [13/Sep/2026:12:43:37 +0000] "GET /?path=//sys/class/vc/vcs4/subsystem/vcsa3/subsystem/vcsa3/subsystem/vcs6/subsystem HTTP/1.1" 200 3295 "-" "Amazon CloudFront"
64.252.67.163 - - [13/Sep/2026:12:43:39 +0000] "GET /products/detail/293871501?fileloc=//usr/lib/gcc/x86_64-redhat-linux/7/libatomic.so&path=//usr/lib/gcc/x86_64-redhat-linux/7 HTTP/1.1" 200 2608 "-" "Amazon CloudFront"
64.252.67.163 - - [13/Sep/2026:12:43:39 +0000] "GET /?path=//sys/class/thermal/cooling_device1/subsystem/cooling_device6/subsystem/cooling_device7/subsystem/cooling_device6/device/physical_node/node0/cpu3/node0/memory19 HTTP/1.1" 200 3439 "-" "Amazon CloudFront"
64.252.66.61 - - [13/Sep/2026:12:43:42 +0000] "GET /?path=//sys/class/thermal/cooling_device1/subsystem/cooling_device6/subsystem/cooling_device7/subsystem/cooling_device6/device/physical_node/node0/cpu3/node0/memory4 HTTP/1.1" 200 3439 "-" "Amazon CloudFront"
64.252.66.61 - - [13/Sep/2026:12:43:42 +0000] "GET /products/detail/293871501?path=//usr/lib/python3.6/site-packages/botocore/data/polly HTTP/1.1" 200 2920 "-" "Amazon CloudFront"
64.252.67.163 - - [13/Sep/2026:12:43:43 +0000] "GET /?fileloc=//sys/class/thermal/cooling_device1/subsystem/cooling_device7/device/subsystem/devices/PNP0A03:00/device:12/subsystem/devices/device:1a/subsystem/devices/PNP0A03:00/device:06/subsystem/devices/device:13/subsystem/devices/LNXCPU:05/physical_node/driver/cpu5/driver/cpu0/driver/cpu5/node0/memory25/node0/memory32/node0/memory12/node0/memory4/subsystem/devices/memory29/node0/memory21/node0/memory32/node0/memory17/subsystem/devices/memory17/removable&path=//sys/class/thermal/cooling_device1/subsystem/cooling_device7/device/subsystem/devices/PNP0A03:00/device:12/subsystem/devices/device:1a/subsystem/devices/PNP0A03:00/device:06/subsystem/devices/device:13/subsystem/devices/LNXCPU:05/physical_node/driver/cpu5/driver/cpu0/driver/cpu5/node0/memory25/node0/memory32/node0/memory12/node0/memory4/subsystem/devices/memory29/node0/memory21/node0/memory32/node0/memory17/subsystem/devices/memory17 HTTP/1.1" 200 3046 "-" "Amazon CloudFront"
64.252.66.61 - - [13/Sep/2026:12:43:44 +0000] "GET /?path=//sys/class/thermal/cooling_device1/subsystem/cooling_device7/device/subsystem/devices/PNP0A03:00/device:12/subsystem/devices/device:1a/subsystem/devices/PNP0A03:00/device:06/subsystem/devices/device:13/subsystem/devices/LNXCPU:05/physical_node/driver/cpu5/driver/cpu4/node0/memory31/node0/memory29/node0/memory32/node0/cpu5/driver/cpu5/node0/cpu3/node0/cpu6/node0/memory24/subsystem/devices/memory25/node0/memory25 HTTP/1.1" 200 3897 "-" "Amazon CloudFront"
64.252.67.163 - - [13/Sep/2026:12:43:44 +0000] "GET /?path=//sys/class/thermal/cooling_device1/subsystem/cooling_device7/device/physical_node/firmware_node/subsystem/devices/LNXCPU:01/physical_node/node0/memory28/node0/memory12/node0/cpu0 HTTP/1.1" 200 3515 "-" "Amazon CloudFront"
64.252.66.61 - - [13/Sep/2026:12:43:46 +0000] "GET /?path=//sys/class/thermal/cooling_device1/subsystem/cooling_device7/device/subsystem/devices/PNP0A03:00/device:12/subsystem/devices/device:1a/subsystem/devices/PNP0A03:00/device:06/subsystem/devices/device:13/subsystem/devices/LNXCPU:05/physical_node/driver/cpu5/driver/cpu4/node0/memory31/subsystem/devices/memory22/node0/memory14/node0/memory8/node0/memory2/node0/memory3/node0/memory20/node0/cpu0 HTTP/1.1" 200 3895 "-" "Amazon CloudFront"
64.252.66.61 - - [13/Sep/2026:12:43:46 +0000] "GET /products/detail/208628339?path=//sys/bus/node/devices/node0/cpu1/driver/cpu7/driver/cpu2/node0/cpu1/firmware_node/thermal_cooling/device/physical_node/firmware_node/subsystem/devices/LNXSYSTM:00/LNXSYBUS:00/PNP0A03:00/device:06/physical_node/nvme/nvme0/nvme0n1/device/nvme0n1/nvme0n1p1/subsystem/nvme2n1/holders/md0/slaves/nvme1n1/holders/md0/md/dev-nvme1n1/block/bdi/power HTTP/1.1" 200 3583 "-" "Amazon CloudFront"
64.252.69.197 - - [13/Sep/2026:12:43:48 +0000] "GET /?fileloc=//sys/class/thermal/cooling_device1/subsystem/cooling_device7/device/subsystem/devices/PNP0A03:00/device:12/subsystem/devices/device:1a/subsystem/devices/PNP0A03:00/device:06/subsystem/devices/device:1a/subsystem/devices/LNXCPU:06/physical_node/firmware_node/physical_node/node0/memory10/node0/memory23/node0/cpu1/node0/memory14/subsystem/devices/memory5/subsystem/devices/memory2/subsystem/devices/memory12/node0/memory29/node0/memory26/removable&path=//sys/class/thermal/cooling_device1/subsystem/cooling_device7/device/subsystem/devices/PNP0A03:00/device:12/subsystem/devices/device:1a/subsystem/devices/PNP0A03:00/device:06/subsystem/devices/device:1a/subsystem/devices/LNXCPU:06/physical_node/firmware_node/physical_node/node0/memory10/node0/memory23/node0/cpu1/node0/memory14/subsystem/devices/memory5/subsystem/devices/memory2/subsystem/devices/memory12/node0/memory29/node0/memory26 HTTP/1.1" 200 3001 "-" "Amazon CloudFront"
64.252.120.98 - - [13/Sep/2026:12:43:48 +0000] "GET /?fileloc=//usr/share/locale/zbl/LC_MESSAGES/index.html&path=//usr/share/locale/zbl/LC_MESSAGES HTTP/1.1" 200 3373 "-" "Amazon CloudFront"
64.252.67.36 - - [13/Sep/2026:12:43:48 +0000] "GET /?path=//sys/class/thermal/cooling_device1/subsystem/cooling_device7/device/subsystem/devices/PNP0A03:00/device:12/subsystem/devices/device:1a/subsystem/devices/PNP0A03:00/device:06/subsystem/devices/device:13/subsystem/devices/LNXCPU:05/physical_node/driver/cpu5/driver/cpu4/node0/memory31/subsystem/devices/memory22/node0/memory14/node0/memory10/node0/cpu6/node0/memory6/node0/memory21/node0/memory26/subsystem/devices/memory4/node0/cpu0 HTTP/1.1" 200 3956 "-" "Amazon CloudFront"
64.252.66.61 - - [13/Sep/2026:12:43:50 +0000] "GET /products/detail/167571450?path=//proc/22213/root/proc/2793/attr HTTP/1.1" 200 2633 "-" "Amazon CloudFront"
64.252.66.61 - - [13/Sep/2026:12:43:51 +0000] "GET /?path=//sys/class/thermal/cooling_device1/subsystem/cooling_device7/device/subsystem/devices/PNP0A03:00/device:12/subsystem/devices/device:1a/subsystem/devices/PNP0A03:00/device:06/subsystem/devices/device:13/subsystem/devices/LNXCPU:05/physical_node/driver/cpu5/driver/cpu4/node0/memory31/subsystem/devices/memory24/node0/memory30/node0/memory19/node0/memory16/node0/memory26/node0/subsystem/devices/node0/cpu1/node0/cpu0/node0/cpu0 HTTP/1.1" 200 3945 "-" "Amazon CloudFront"
64.252.67.36 - - [13/Sep/2026:12:43:53 +0000] "GET /?fileloc=//sys/class/thermal/cooling_device1/subsystem/cooling_device7/device/subsystem/devices/PNP0A03:00/device:12/subsystem/devices/LNXSYBUS:00/LNXCPU:04/subsystem/devices/PNP0103:00/status&path=//sys/class/thermal/cooling_device1/subsystem/cooling_device7/device/subsystem/devices/PNP0A03:00/device:12/subsystem/devices/LNXSYBUS:00/LNXCPU:04/subsystem/devices/PNP0103:00 HTTP/1.1" 200 2717 "-" "Amazon CloudFront"
64.252.69.197 - - [13/Sep/2026:12:43:55 +0000] "GET /products/detail/293871501?fileloc=//usr/lib/python2.7/site-packages/botocore/docs/waiter.pyo&path=//usr/lib/python2.7/site-packages/botocore/docs HTTP/1.1" 200 2604 "-" "Amazon CloudFront"
64.252.69.197 - - [13/Sep/2026:12:43:55 +0000] "GET /?fileloc=//sys/class/thermal/cooling_device1/subsystem/cooling_device7/device/subsystem/devices/PNP0A03:00/device:12/subsystem/devices/device:1c/power/autosuspend_delay_ms&path=//sys/class/thermal/cooling_device1/subsystem/cooling_device7/device/subsystem/devices/PNP0A03:00/device:12/subsystem/devices/device:1c/power HTTP/1.1" 200 2693 "-" "Amazon CloudFront"
64.252.66.61 - - [13/Sep/2026:12:43:57 +0000] "GET /?path=//sys/class/thermal/cooling_device1/subsystem/cooling_device6/subsystem/cooling_device7/subsystem/cooling_device6/device/physical_node/node0/memory14/node0/cpu3/hotplug HTTP/1.1" 200 3130 "-" "Amazon CloudFront"
64.252.66.61 - - [13/Sep/2026:12:43:58 +0000] "GET /?path=//sys/class/thermal/cooling_device1/subsystem/cooling_device6/subsystem/cooling_device7/subsystem/cooling_device6/device/physical_node/node0/cpu3/node0/cpu3 HTTP/1.1" 200 3476 "-" "Amazon CloudFront"
64.252.67.163 - - [13/Sep/2026:12:43:59 +0000] "GET /products/detail/293871501?fileloc=//usr/share/gcc-7/python/libstdcxx/v6/index.html&path=//usr/share/gcc-7/python/libstdcxx/v6 HTTP/1.1" 200 3381 "-" "Amazon CloudFront"
64.252.66.61 - - [13/Sep/2026:12:44:00 +0000] "GET /?path=//sys/class/thermal/cooling_device1/subsystem/cooling_device7/device/subsystem/devices/PNP0A03:00/device:12/subsystem/devices/device:1a/subsystem/devices/PNP0A03:00/device:06/subsystem/devices/device:13/subsystem/devices/LNXCPU:05/physical_node/driver/cpu5/driver/cpu4/node0/memory31/subsystem/devices/memory2/node0/memory8/subsystem/devices/memory14/node0/memory11/node0/memory8/node0/memory13/node0/memory11/node0/memory7/node0/cpu5 HTTP/1.1" 200 4021 "-" "Amazon CloudFront"
64.252.66.61 - - [13/Sep/2026:12:44:02 +0000] "GET /?path=//sys/class/thermal/cooling_device1/subsystem/cooling_device7/device/subsystem/devices/PNP0A03:00/device:12/subsystem/devices/device:1a/subsystem/devices/PNP0A03:00/device:06/subsystem/devices/device:13/subsystem/devices/LNXCPU:05/physical_node/driver/cpu5/driver/cpu4/node0/memory31/subsystem/devices/memory31/node0/memory27/node0/cpu7/node0/memory6/node0/memory15/node0/cpu2/node0/cpu1/driver/cpu0/firmware_node/thermal_cooling/device HTTP/1.1" 200 3791 "-" "Amazon CloudFront"
64.252.67.36 - - [13/Sep/2026:12:44:03 +0000] "GET /products/detail/208628339?path=//sys/bus/node/devices/node0/cpu1/driver/cpu7/driver/cpu2/node0/cpu4/firmware_node/subsystem/devices/LNXSYSTM:00/LNXSYBUS:00/PNP0A03:00/device:05/physical_node/subsystem/drivers/nvme/module/drivers/pci:nvme/0000:00:1f.0/firmware_node/physical_node/nvme/nvme2/nvme2n1/device/nvme2n1/holders/md0/slaves/nvme1n1/device/nvme1n1/holders/md0/md/rd0/block/mq/5 HTTP/1.1" 200 3535 "-" "Amazon CloudFront"
64.252.66.61 - - [13/Sep/2026:12:44:04 +0000] "GET /?path=//sys/class/thermal/cooling_device1/subsystem/cooling_device7/device/subsystem/devices/PNP0A03:00/device:12/subsystem/devices/LNXSYBUS:00/LNXCPU:04/subsystem/devices/PNP0B00:00/power HTTP/1.1" 200 3278 "-" "Amazon CloudFront"
64.252.69.197 - - [13/Sep/2026:12:44:07 +0000] "GET /products/detail/208628339?path=//sys/bus/node/devices/node0/cpu1/driver/cpu7/driver/cpu2/node0/cpu4/firmware_node/subsystem/devices/PNP0A03:00/physical_node/0000:00:04.0/firmware_node/physical_node/nvme/nvme0/nvme0n1/nvme0n1p128/subsystem/nvme1n1/holders/md0/md/rd1/block/holders/md0/md/rd0/block/device/nvme1n1/mq/5/cpu5 HTTP/1.1" 200 2991 "-" "Amazon CloudFront"
64.252.67.163 - - [13/Sep/2026:12:44:07 +0000] "GET /?path=//sys/class/thermal/cooling_device1/subsystem/cooling_device6/subsystem/cooling_device7/subsystem/cooling_device6/device/physical_node/node0/cpu7/driver HTTP/1.1" 200 3381 "-" "Amazon CloudFront"
64.252.67.163 - - [13/Sep/2026:12:44:10 +0000] "GET /?path=//sys/class/thermal/cooling_device1/subsystem/cooling_device6/subsystem/cooling_device7/subsystem/cooling_device6/device/physical_node/node0/cpu3/node0/cpu6 HTTP/1.1" 200 3481 "-" "Amazon CloudFront"
64.252.67.163 - - [13/Sep/2026:12:44:10 +0000] "GET /products/detail/167571450?fileloc=//proc/22213/root/usr/lib64/libmhash.so.2.0.1&path=//proc/22213/root/usr/lib64 HTTP/1.1" 200 2585 "-" "Amazon CloudFront"
64.252.67.36 - - [13/Sep/2026:12:44:11 +0000] "GET /?path=//sys/class/thermal/cooling_device1/subsystem/cooling_device6/subsystem/cooling_device7/subsystem/cooling_device6/device/physical_node/node0/cpu3/node0/memory6 HTTP/1.1" 200 3439 "-" "Amazon CloudFront"
64.252.67.36 - - [13/Sep/2026:12:44:14 +0000] "GET /?path=//sys/class/thermal/cooling_device1/subsystem/cooling_device7/device/subsystem/devices/PNP0A03:00/device:12/subsystem/devices/device:1a/subsystem/devices/PNP0A03:00/device:06/subsystem/devices/device:13/subsystem/devices/LNXCPU:05/physical_node/driver/cpu5/driver/cpu7/driver/cpu5/driver/cpu5/node0/memory30/subsystem/devices/memory17/node0/memory6/subsystem/devices/memory3/node0/memory6/node0/memory4/node0/cpu5/firmware_node HTTP/1.1" 200 3891 "-" "Amazon CloudFront"
64.252.67.163 - - [13/Sep/2026:12:44:14 +0000] "GET /products/detail/293871501?fileloc=//usr/lib/gcc/x86_64-redhat-linux/7/libmpx.so&path=//usr/lib/gcc/x86_64-redhat-linux/7 HTTP/1.1" 200 2606 "-" "Amazon CloudFront"
64.252.67.36 - - [13/Sep/2026:12:44:16 +0000] "GET /?path=//sys/class/thermal/cooling_device1/subsystem/cooling_device7/device/subsystem/devices/PNP0A03:00/device:12/subsystem/devices/device:1a/subsystem/devices/PNP0A03:00/device:06/subsystem/devices/device:13/subsystem/devices/LNXCPU:05/physical_node/driver/cpu5/driver/cpu4/node0/memory31/node0/memory8/subsystem/devices/memory28/node0/memory32/subsystem/devices/memory12/subsystem/devices/memory20/node0/memory22/node0/memory0/node0/memory10/node0/memory7/subsystem/drivers HTTP/1.1" 200 3114 "-" "Amazon CloudFront"
64.252.67.36 - - [13/Sep/2026:12:44:18 +0000] "GET /?path=//sys/class/thermal/cooling_device1/subsystem/cooling_device7/device/subsystem/devices/PNP0A03:00/device:12/subsystem/devices/device:1a/subsystem/devices/PNP0A03:00/device:06/subsystem/devices/device:13/subsystem/devices/LNXCPU:05/physical_node/driver/cpu5/driver/cpu4/node0/memory31/node0/memory8/subsystem/devices/memory28/subsystem/devices/memory25/node0/memory9/node0/cpu6/node0/memory1/node0/memory11/node0/memory4/node0/memory17/subsystem/drivers HTTP/1.1" 200 3136 "-" "Amazon CloudFront"
64.252.69.197 - - [13/Sep/2026:12:44:18 +0000] "GET /products/detail/293871501?fileloc=//usr/lib/python2.7/site-packages/botocore/docs/shape.py&path=//usr/lib/python2.7/site-packages/botocore/docs HTTP/1.1" 200 4149 "-" "Amazon CloudFront"
64.252.66.61 - - [13/Sep/2026:12:44:20 +0000] "GET /?path=//sys/class/thermal/cooling_device1/subsystem/cooling_device7/device/subsystem/devices/PNP0A03:00/device:12/subsystem/devices/device:1a/subsystem/devices/PNP0A03:00/device:06/subsystem/devices/device:13/subsystem/devices/LNXCPU:05/physical_node/driver/cpu5/driver/cpu4/node0/memory31/node0/memory8/subsystem/devices/memory19/node0/memory2/node0/memory6/subsystem/devices/memory7/node0/memory14/node0/cpu6/node0/memory22/subsystem/drivers HTTP/1.1" 200 3105 "-" "Amazon CloudFront"
64.252.67.163 - - [13/Sep/2026:12:44:22 +0000] "GET /products/detail/293871501?path=//usr/lib/python3.6/site-packages/botocore/data/mq HTTP/1.1" 200 2917 "-" "Amazon CloudFront"
64.252.67.36 - - [13/Sep/2026:12:44:23 +0000] "GET /?path=//sys/class/vc/vcs4/subsystem/vcsa3/subsystem/vcsa3/subsystem/vcsa2/subsystem/vcsa2/subsystem HTTP/1.1" 200 3273 "-" "Amazon CloudFront"
64.252.66.61 - - [13/Sep/2026:12:44:25 +0000] "GET /?path=//sys/class/thermal/cooling_device1/subsystem/cooling_device6/subsystem/cooling_device7/subsystem/cooling_device6/device/physical_node/node0/memory31/node0/cpu4/driver HTTP/1.1" 200 3390 "-" "Amazon CloudFront"
64.252.118.206 - - [13/Sep/2026:12:44:27 +0000] "GET /?fileloc=//usr/share/man/man3/ExtUtils::MM_NW5.3pm.gz&path=//usr/share/man/man3 HTTP/1.1" 200 2585 "-" "Amazon CloudFront"
64.252.66.61 - - [13/Sep/2026:12:44:27 +0000] "GET /?path=//sys/class/thermal/cooling_device1/subsystem/cooling_device7/device/subsystem/devices/PNP0A03:00/device:12/subsystem/devices/device:1a/subsystem/devices/PNP0A03:00/device:06/subsystem/devices/device:13/subsystem/devices/LNXCPU:05/physical_node/driver/cpu5/driver/cpu0/driver/cpu5/node0/memory25/node0/memory20/node0/cpu1/node0/memory19/node0/memory28/node0/cpu2/driver/cpu4/driver/cpu3/node0 HTTP/1.1" 200 5508 "-" "Amazon CloudFront"
64.252.66.61 - - [13/Sep/2026:12:44:28 +0000] "GET /products/detail/208628339?path=//sys/bus/node/devices/node0/cpu1/driver/cpu7/driver/cpu2/node0/cpu1/firmware_node/thermal_cooling/device/physical_node/firmware_node/subsystem/drivers/button/LNXSLPBN:00/subsystem/devices/PNP0A03:00/device:20/physical_node/nvme/nvme1/nvme1n1/device/nvme1n1/holders/md0/slaves/nvme2n1/holders/md0/md/dev-nvme2n1/block/mq/2 HTTP/1.1" 200 3501 "-" "Amazon CloudFront"
64.252.67.163 - - [13/Sep/2026:12:44:30 +0000] "GET /?path=//sys/class/thermal/cooling_device1/subsystem/cooling_device7/device/subsystem/devices/PNP0A03:00/device:12/subsystem/devices/device:1a/subsystem/devices/PNP0A03:00/device:06/subsystem/devices/device:13/subsystem/devices/LNXCPU:05/physical_node/driver/cpu5/driver/cpu0/driver/cpu5/node0/memory25/node0/memory20/node0/cpu1/node0/memory19/node0/memory28/node0/cpu2/node0/cpu4/node0/memory22/subsystem/devices/memory29/node0 HTTP/1.1" 200 3925 "-" "Amazon CloudFront"
64.252.67.163 - - [13/Sep/2026:12:44:30 +0000] "GET /products/detail/208628339?path=//sys/bus/node/devices/node0/cpu1/driver/cpu7/driver/cpu2/node0/cpu1/firmware_node/thermal_cooling/device/physical_node/firmware_node/subsystem/drivers/button/LNXSLPBN:00/subsystem/devices/PNP0A03:00/device:20/physical_node/nvme/nvme1/nvme1n1/device/nvme1n1/holders/md0/slaves/nvme2n1/holders/md0/md/dev-nvme1n1/block/mq/4 HTTP/1.1" 200 3502 "-" "Amazon CloudFront"
64.252.66.61 - - [13/Sep/2026:12:44:32 +0000] "GET /?path=//sys/class/thermal/cooling_device1/subsystem/cooling_device7/device/subsystem/devices/PNP0A03:00/device:12/subsystem/devices/device:1a/subsystem/devices/PNP0A03:00/device:06/subsystem/devices/device:13/subsystem/devices/LNXCPU:05/physical_node/driver/cpu5/driver/cpu0/driver/cpu5/node0/memory25/node0/memory32/node0/memory12/node0/memory4/subsystem/devices/memory29/node0/cpu2/driver/cpu5/node0 HTTP/1.1" 200 5505 "-" "Amazon CloudFront"
64.252.66.61 - - [13/Sep/2026:12:44:34 +0000] "GET /?path=//sys/class/thermal/cooling_device1/subsystem/cooling_device7/device/subsystem/devices/PNP0A03:00/device:12/subsystem/devices/device:1a/subsystem/devices/PNP0A03:00/device:06/subsystem/devices/device:13/subsystem/devices/LNXCPU:05/physical_node/driver/cpu5/driver/cpu4/node0/memory31/subsystem/devices/memory31/node0/cpu6/node0/memory25/node0/cpu0/node0/memory17/node0/cpu5/subsystem/devices/cpu1 HTTP/1.1" 200 3938 "-" "Amazon CloudFront"
64.252.67.36 - - [13/Sep/2026:12:44:35 +0000] "GET /products/detail/208628339?path=//sys/bus/node/devices/node0/cpu1/driver/cpu7/driver/cpu2/node0/cpu1/firmware_node/thermal_cooling/device/physical_node/firmware_node/subsystem/devices/LNXSYSTM:00/LNXSYBUS:00/PNP0A03:00/device:06/physical_node/nvme/nvme0/device/nvme/nvme0/subsystem/nvme2/nvme2n1/holders/md0/slaves/nvme2n1/holders/md0/md/dev-nvme2n1/block/power HTTP/1.1" 200 3558 "-" "Amazon CloudFront"
64.252.67.163 - - [13/Sep/2026:12:44:35 +0000] "GET /?path=//sys/class/thermal/cooling_device1/subsystem/cooling_device7/device/subsystem/devices/PNP0A03:00/device:12/subsystem/devices/device:1a/subsystem/devices/PNP0A03:00/device:06/subsystem/devices/device:13/subsystem/devices/LNXCPU:05/physical_node/driver/cpu5/driver/cpu4/driver/cpu0/driver/cpu2/node0/cpu3/node0/memory8/node0/memory22/node0/memory12/node0/memory29/node0/memory11/node0/memory21/node0 HTTP/1.1" 200 5536 "-" "Amazon CloudFront"
64.252.67.163 - - [13/Sep/2026:12:44:36 +0000] "GET /?path=//sys/class/thermal/cooling_device1/subsystem/cooling_device7/device/subsystem/devices/PNP0A03:00/device:12/subsystem/devices/device:1a/subsystem/devices/PNP0A03:00/device:06/subsystem/devices/device:13/subsystem/devices/LNXCPU:05/physical_node/driver/cpu5/driver/cpu4/node0/memory31/subsystem/devices/memory24/node0/memory30/node0/memory19/node0/memory8/node0/cpu1/driver/cpu3/node0/cpu1 HTTP/1.1" 200 3945 "-" "Amazon CloudFront"
64.252.69.197 - - [13/Sep/2026:12:44:38 +0000] "GET /products/detail/208628339?path=//sys/bus/node/devices/node0/cpu1/driver/cpu7/driver/cpu2/node0/cpu1/firmware_node/thermal_cooling/device/physical_node/firmware_node/subsystem/devices/LNXSYSTM:00/LNXSYBUS:00/PNP0A03:00/device:06/physical_node/nvme/nvme0/device/nvme/nvme0/subsystem/nvme2/nvme2n1/holders/md0/slaves/nvme2n1/holders/md0/md/dev-nvme2n1/block/trace HTTP/1.1" 200 3532 "-" "Amazon CloudFront"
64.252.67.163 - - [13/Sep/2026:12:44:39 +0000] "GET /?path=//sys/class/thermal/cooling_device1/subsystem/cooling_device7/device/subsystem/devices/PNP0A03:00/device:12/subsystem/devices/device:1a/subsystem/devices/PNP0A03:00/device:06/subsystem/devices/device:13/subsystem/devices/LNXCPU:05/physical_node/driver/cpu5/driver/cpu7/driver/cpu5/driver/cpu5/node0/memory8/node0/memory26/node0/memory13/subsystem/devices/memory21/node0/memory11/subsystem/devices/memory9/node0/memory0/node0/memory24/subsystem/devices HTTP/1.1" 200 3104 "-" "Amazon CloudFront"
64.252.67.163 - - [13/Sep/2026:12:44:41 +0000] "GET /?path=//sys/class/thermal/cooling_device1/subsystem/cooling_device7/device/subsystem/devices/PNP0A03:00/device:12/subsystem/devices/device:1a/subsystem/devices/PNP0A03:00/device:06/subsystem/devices/device:13/subsystem/devices/LNXCPU:05/physical_node/driver/cpu5/driver/cpu4/node0/memory31/node0/memory29/node0/memory32/node0/memory17/subsystem/devices/memory9/node0/memory3/node0/memory29/node0/memory19/node0/cpu2/hotplug HTTP/1.1" 200 3502 "-" "Amazon CloudFront"
64.252.67.36 - - [13/Sep/2026:12:44:42 +0000] "GET /products/detail/293871501?fileloc=//usr/lib/python2.7/site-packages/pkg_resources/_vendor/appdirs.pyo&path=//usr/lib/python2.7/site-packages/pkg_resources/_vendor HTTP/1.1" 200 2612 "-" "Amazon CloudFront"
64.252.69.197 - - [13/Sep/2026:12:44:43 +0000] "GET /?path=//sys/class/thermal/cooling_device1/subsystem/cooling_device7/device/subsystem/devices/PNP0A03:00/device:12/subsystem/devices/device:1a/subsystem/devices/PNP0A03:00/device:06/subsystem/devices/device:13/subsystem/devices/LNXCPU:05/physical_node/driver/cpu5/driver/cpu4/node0/memory31/node0/memory29/node0/memory32/node0/memory17/subsystem/devices/memory9/node0/memory8/node0/cpu0/node0/cpu2/driver/cpu0/node0/cpu1/hotplug HTTP/1.1" 200 3516 "-" "Amazon CloudFront"
64.252.66.61 - - [13/Sep/2026:12:44:46 +0000] "GET /?path=//sys/class/thermal/cooling_device1/subsystem/cooling_device6/subsystem/cooling_device7/subsystem/cooling_device6/device/physical_node/node0/memory31/node0/cpu4/cache HTTP/1.1" 200 3248 "-" "Amazon CloudFront"
64.252.66.61 - - [13/Sep/2026:12:44:46 +0000] "GET /products/detail/293871501?fileloc=//usr/lib/python2.7/site-packages/botocore/docs/sharedexample.pyo&path=//usr/lib/python2.7/site-packages/botocore/docs HTTP/1.1" 200 2606 "-" "Amazon CloudFront"
64.252.67.163 - - [13/Sep/2026:12:44:48 +0000] "GET /?path=//sys/class/thermal/cooling_device1/subsystem/cooling_device7/device/subsystem/devices/PNP0A03:00/device:12/subsystem/devices/device:1a/subsystem/devices/PNP0A03:00/device:06/subsystem/devices/device:13/subsystem/devices/LNXCPU:05/physical_node/driver/cpu5/driver/cpu4/node0/memory31/node0/memory8/subsystem/devices/memory19/node0/memory10/node0/memory29/node0/memory4/node0/memory5/node0/memory11/node0/cpu7/cache/index0 HTTP/1.1" 200 4085 "-" "Amazon CloudFront"
64.252.69.197 - - [13/Sep/2026:12:44:50 +0000] "GET /?path=//sys/class/thermal/cooling_device1/subsystem/cooling_device6/subsystem/cooling_device7/subsystem/cooling_device6/device/physical_node/node0/cpu3/node0/memory21 HTTP/1.1" 200 3439 "-" "Amazon CloudFront"
64.252.69.197 - - [13/Sep/2026:12:44:50 +0000] "GET /products/detail/208628339?path=//sys/bus/node/devices/node0/cpu1/driver/cpu7/driver/cpu2/node0/cpu4/firmware_node/subsystem/devices/PNP0A03:00/physical_node/0000:00:04.0/nvme/nvme0/device/nvme/nvme0/nvme0n1/device/nvme0n1/nvme0n1p128/subsystem/nvme2n1/holders/md0/md/rd0/block/holders/md0/md/dev-nvme1n1/block/mq/4 HTTP/1.1" 200 3435 "-" "Amazon CloudFront"
64.252.120.98 - - [13/Sep/2026:12:44:52 +0000] "GET /?fileloc=//usr/share/locale/nl/LC_MESSAGES/yum.mo&path=//usr/share/locale/nl/LC_MESSAGES HTTP/1.1" 200 2591 "-" "Amazon CloudFront"
64.252.67.36 - - [13/Sep/2026:12:44:52 +0000] "GET /?path=//sys/class/thermal/cooling_device1/subsystem/cooling_device7/device/subsystem/devices/PNP0A03:00/device:12/subsystem/devices/device:1a/subsystem/devices/PNP0A03:00/device:06/subsystem/devices/device:13/subsystem/devices/LNXCPU:05/physical_node/driver/cpu5/driver/cpu4/node0/memory31/subsystem/devices/memory22/node0/memory24/node0/cpu7/node0/memory13/node0/memory31/node0/cpu7/node0/memory22/node0/memory11/node0/memory27/subsystem/drivers HTTP/1.1" 200 3095 "-" "Amazon CloudFront"
64.252.66.61 - - [13/Sep/2026:12:44:55 +0000] "GET /?path=//sys/class/thermal/cooling_device1/subsystem/cooling_device7/device/subsystem/devices/PNP0A03:00/device:12/subsystem/devices/device:1a/subsystem/devices/PNP0A03:00/device:06/subsystem/devices/device:13/subsystem/devices/LNXCPU:05/physical_node/driver/cpu5/driver/cpu4/node0/memory31/subsystem/devices/memory22/node0/memory14/node0/cpu6/subsystem/devices/cpu3/node0/cpu0/node0/memory22/node0/memory14/subsystem/devices/memory27/node0/memory9/subsystem/drivers HTTP/1.1" 200 3133 "-" "Amazon CloudFront"
64.252.67.163 - - [13/Sep/2026:12:44:55 +0000] "GET /products/detail/167571450?path=//proc/22213/root/proc/15081/ns HTTP/1.1" 200 2633 "-" "Amazon CloudFront"
64.252.67.36 - - [13/Sep/2026:12:44:57 +0000] "GET /?path=//sys/class/thermal/cooling_device1/subsystem/cooling_device7/device/subsystem/devices/PNP0A03:00/device:12/subsystem/devices/device:1a/subsystem/devices/PNP0A03:00/device:06/subsystem/devices/device:13/subsystem/devices/LNXCPU:05/physical_node/driver/cpu5/driver/cpu4/node0/memory31/subsystem/devices/memory31/node0/cpu6/node0/memory25/node0/cpu0/node0/cpu0/node0/memory5/node0/memory28/subsystem/drivers HTTP/1.1" 200 3046 "-" "Amazon CloudFront"
64.252.69.197 - - [13/Sep/2026:12:44:58 +0000] "GET /products/detail/293871501?fileloc=//usr/share/gcc-7/python/libstdcxx/v6/__init__.py&path=//usr/share/gcc-7/python/libstdcxx/v6 HTTP/1.1" 200 3160 "-" "Amazon CloudFront"
64.252.67.163 - - [13/Sep/2026:12:44:59 +0000] "GET /?path=//sys/class/thermal/cooling_device1/subsystem/cooling_device7/device/subsystem/devices/PNP0A03:00/device:12/subsystem/devices/device:1a/subsystem/devices/PNP0A03:00/device:06/subsystem/devices/device:13/subsystem/devices/LNXCPU:05/physical_node/driver/cpu5/driver/cpu4/node0/memory31/subsystem/devices/memory22/node0/memory14/node0/memory8/node0/memory2/node0/memory3/node0/memory20/node0/cpu7 HTTP/1.1" 200 3948 "-" "Amazon CloudFront"
64.252.67.36 - - [13/Sep/2026:12:45:02 +0000] "GET /?fileloc=//sys/dev/block/9:0/queue/minimum_io_size&path=//sys/dev/block/9:0/queue HTTP/1.1" 200 2589 "-" "Amazon CloudFront"
64.252.67.36 - - [13/Sep/2026:12:45:02 +0000] "GET /?path=//sys/class/thermal/cooling_device3/device/physical_node/node0/cpu1/driver/cpu0/node0/cpu2/driver/cpu5/firmware_node/physical_node/cache/index0 HTTP/1.1" 200 3551 "-" "Amazon CloudFront"
64.252.66.61 - - [13/Sep/2026:12:45:04 +0000] "GET /?fileloc=//sys/dev/block/9:0/queue/nomerges&path=//sys/dev/block/9:0/queue HTTP/1.1" 200 2579 "-" "Amazon CloudFront"
64.252.67.163 - - [13/Sep/2026:12:45:06 +0000] "GET /products/detail/167571450?path=//proc/22213/root/proc/31063/ns HTTP/1.1" 200 2633 "-" "Amazon CloudFront"
64.252.67.36 - - [13/Sep/2026:12:45:06 +0000] "GET /?path=//sys/class/thermal/cooling_device1/subsystem/cooling_device7/device/subsystem/devices/PNP0A03:00/device:12/subsystem/devices/device:1a/subsystem/devices/PNP0A03:00/device:06/subsystem/devices/device:13/subsystem/devices/LNXCPU:05/physical_node/driver/cpu5/driver/cpu7/driver/cpu5/driver/cpu5/node0/memory31/node0/memory26/subsystem/devices/memory17/node0/memory12/node0/memory31/node0/cpu0/node0/memory20/subsystem/devices/memory20 HTTP/1.1" 200 3901 "-" "Amazon CloudFront"
64.252.67.163 - - [13/Sep/2026:12:45:07 +0000] "GET /?path=//sys/class/thermal/cooling_device1/subsystem/cooling_device7/device/subsystem/devices/PNP0A03:00/device:12/subsystem/devices/device:1a/subsystem/devices/PNP0A03:00/device:06/subsystem/devices/device:13/subsystem/devices/LNXCPU:05/physical_node/driver/cpu5/driver/cpu7/firmware_node/physical_node/node0/memory3/subsystem/devices/memory25/node0/cpu4/node0/memory3/node0/memory11/node0/memory30/node0/memory25/node0/cpu3/node0/memory25/subsystem/devices HTTP/1.1" 200 3099 "-" "Amazon CloudFront"
64.252.67.163 - - [13/Sep/2026:12:45:07 +0000] "GET /?path=//sys/class/thermal/cooling_device1/subsystem/cooling_device7/device/subsystem/devices/PNP0A03:00/device:12/subsystem/devices/device:1a/subsystem/devices/PNP0A03:00/device:06/subsystem/devices/device:13/subsystem/devices/LNXCPU:05/physical_node/driver/cpu5/driver/cpu7/driver/cpu5/driver/cpu5/node0/memory8/node0/memory23/node0/memory9/node0/memory4/node0/memory18/subsystem/devices/memory3/node0/memory5/node0/memory12 HTTP/1.1" 200 3903 "-" "Amazon CloudFront"
64.252.69.197 - - [13/Sep/2026:12:45:07 +0000] "GET /?fileloc=//sys/class/thermal/cooling_device1/subsystem/cooling_device7/device/subsystem/devices/PNP0A03:00/device:12/subsystem/devices/device:1a/subsystem/devices/PNP0A03:00/device:1d/subsystem/devices/device:10/subsystem/devices/device:06/subsystem/devices/device:00/subsystem/devices/device:02/PNP0F13:00/subsystem/devices/LNXCPU:03/subsystem/devices/LNXCPU:05/subsystem/devices/LNXCPU:03/physical_node/node0/memory15/node0/memory11/node0/memory16/node0/memory16/node0/memory11/subsystem/devices/memory20/node0/memory24/valid_zones&path=//sys/class/thermal/cooling_device1/subsystem/cooling_device7/device/subsystem/devices/PNP0A03:00/device:12/subsystem/devices/device:1a/subsystem/devices/PNP0A03:00/device:1d/subsystem/devices/device:10/subsystem/devices/device:06/subsystem/devices/device:00/subsystem/devices/device:02/PNP0F13:00/subsystem/devices/LNXCPU:03/subsystem/devices/LNXCPU:05/subsystem/devices/LNXCPU:03/physical_node/node0/memory15/node0/memory11/node0/memory16/node0/memory16/node0/memory11/subsystem/devices/memory20/node0/memory24 HTTP/1.1" 200 3084 "-" "Amazon CloudFront"
64.252.66.61 - - [13/Sep/2026:12:45:08 +0000] "GET /?fileloc=//sys/class/thermal/cooling_device1/subsystem/cooling_device7/device/subsystem/devices/PNP0A03:00/device:12/subsystem/devices/device:1a/subsystem/devices/PNP0A03:00/device:06/subsystem/devices/device:13/subsystem/devices/LNXCPU:05/physical_node/driver/cpu5/driver/cpu0/driver/cpu3/driver/cpu5/node0/memory5/node0/memory14/node0/memory3/node0/cpu2/driver/cpu5/driver/cpu5/node0/memory8/subsystem/uevent&path=//sys/class/thermal/cooling_device1/subsystem/cooling_device7/device/subsystem/devices/PNP0A03:00/device:12/subsystem/devices/device:1a/subsystem/devices/PNP0A03:00/device:06/subsystem/devices/device:13/subsystem/devices/LNXCPU:05/physical_node/driver/cpu5/driver/cpu0/driver/cpu3/driver/cpu5/node0/memory5/node0/memory14/node0/memory3/node0/cpu2/driver/cpu5/driver/cpu5/node0/memory8/subsystem HTTP/1.1" 200 2998 "-" "Amazon CloudFront"
