64.252.66.61 - - [13/Sep/2026:12:10:38 +0000] "GET /?path=//sys/class/thermal/cooling_device3/device/physical_node/node0/memory28/node0/cpu5/firmware_node/subsystem/devices/PNP0A03:00/physical_node/pci_bus/0000:00/device/0000:00:01.0/subsystem/drivers/nvme/0000:00:04.0/driver/0000:00:1e.0/driver/0000:00:1f.0/nvme/nvme2/nvme2n1/holders/md0/md/rd1/block/power HTTP/1.1" 200 3499 "-" "Amazon CloudFront"
64.252.69.197 - - [13/Sep/2026:12:10:39 +0000] "GET /?fileloc=//sys/class/thermal/cooling_device1/subsystem/cooling_device7/device/subsystem/devices/LNXCPU:06/subsystem/devices/device:0c/subsystem/devices/device:14/sun&path=//sys/class/thermal/cooling_device1/subsystem/cooling_device7/device/subsystem/devices/LNXCPU:06/subsystem/devices/device:0c/subsystem/devices/device:14 HTTP/1.1" 200 2682 "-" "Amazon CloudFront"
64.252.67.163 - - [13/Sep/2026:12:10:41 +0000] "GET /?path=//sys/class/thermal/cooling_device1/subsystem/cooling_device7/device/subsystem/devices/PNP0A03:00/device:12/subsystem/devices/device:1a/subsystem/devices/PNP0A03:00/device:06/subsystem/devices/device:13/subsystem/devices/LNXCPU:05/physical_node/driver/cpu5/driver/cpu4/node0/memory0/node0/memory15/node0/cpu4/node0/cpu3/node0/memory16/node0/memory10/node0/cpu6/node0/memory21/node0/memory1/node0/cpu3/firmware_node HTTP/1.1" 200 3764 "-" "Amazon CloudFront"
64.252.67.163 - - [13/Sep/2026:12:10:42 +0000] "GET /?path=//sys/class/thermal/cooling_device1/subsystem/cooling_device6/subsystem/cooling_device7/subsystem/cooling_device6/device/physical_node/node0/memory14/node0/memory23/node0 HTTP/1.1" 200 4631 "-" "Amazon CloudFront"
64.252.71.147 - - [13/Sep/2026:12:10:44 +0000] "GET /prizes/79237814?fileloc=/var/www/volumes/69b4844ae61d4e92bf26ad98af552775/wordpress/wp-admin/theme-editor.php&path=/var/www/volumes/69b4844ae61d4e92bf26ad98af552775/wordpress/wp-admin HTTP/1.1" 200 7703 "-" "Amazon CloudFront"
64.252.69.197 - - [13/Sep/2026:12:10:44 +0000] "GET /?path=//sys/class/thermal/cooling_device1/subsystem/cooling_device6/subsystem/cooling_device7/subsystem/cooling_device6/device/physical_node/node0/memory9/node0/memory15/node0/memory23 HTTP/1.1" 200 3473 "-" "Amazon CloudFront"
64.252.66.61 - - [13/Sep/2026:12:10:44 +0000] "GET /products/detail/208628339?path=//sys/bus/node/devices/node0/cpu1/driver/cpu7/driver/cpu2/node0/cpu4/firmware_node/subsystem/devices/PNP0A03:00/physical_node/firmware_node/physical_node/0000:00:01.3/subsystem/drivers/nvme/module/drivers/pci:nvme/0000:00:1f.0/nvme/nvme2/nvme2n1/holders/md0/md/rd0/block/holders/md0/md/rd0/block/device/nvme1n1/mq/5 HTTP/1.1" 200 3497 "-" "Amazon CloudFront"
64.252.120.98 - - [13/Sep/2026:12:10:46 +0000] "GET /?fileloc=//usr/share/doc/freetype-devel-2.8/reference/ft2-bzip2.html&path=//usr/share/doc/freetype-devel-2.8/reference HTTP/1.1" 200 4459 "-" "Amazon CloudFront"
64.252.69.197 - - [13/Sep/2026:12:10:47 +0000] "GET /products/detail/208628339?path=//sys/bus/node/devices/node0/cpu1/driver/cpu7/driver/cpu2/node0/cpu1/firmware_node/thermal_cooling/device/physical_node/firmware_node/subsystem/drivers/button/LNXPWRBN:00/subsystem/devices/LNXSYSTM:00/LNXSYBUS:00/PNP0A03:00/physical_node/0000:00:1f.0/nvme/nvme2/nvme2n1/holders/md0/md/rd1/block/device/nvme2n1/holders/md0/md/rd0/block/mq/5 HTTP/1.1" 200 3538 "-" "Amazon CloudFront"
64.252.67.163 - - [13/Sep/2026:12:10:48 +0000] "GET /?fileloc=//sys/class/thermal/cooling_device1/subsystem/cooling_device7/device/subsystem/devices/PNP0A03:00/device:12/subsystem/devices/device:1a/subsystem/devices/PNP0A03:00/device:06/subsystem/devices/device:13/subsystem/devices/LNXCPU:05/physical_node/driver/cpu5/driver/cpu7/driver/cpu5/driver/cpu5/node0/memory31/node0/memory7/node0/memory8/subsystem/devices/memory27/subsystem/devices/memory5/node0/memory19/node0/memory5/node0/memory29/removable&path=//sys/class/thermal/cooling_device1/subsystem/cooling_device7/device/subsystem/devices/PNP0A03:00/device:12/subsystem/devices/device:1a/subsystem/devices/PNP0A03:00/device:06/subsystem/devices/device:13/subsystem/devices/LNXCPU:05/physical_node/driver/cpu5/driver/cpu7/driver/cpu5/driver/cpu5/node0/memory31/node0/memory7/node0/memory8/subsystem/devices/memory27/subsystem/devices/memory5/node0/memory19/node0/memory5/node0/memory29 HTTP/1.1" 200 3035 "-" "Amazon CloudFront"
64.252.72.233 - - [13/Sep/2026:12:10:50 +0000] "GET /prizes/62967834?path=/var/www/volumes/a127e9dfe0124d30b4edfeb39c796b32 HTTP/1.1" 200 2643 "-" "Amazon CloudFront"
64.252.69.197 - - [13/Sep/2026:12:10:50 +0000] "GET /?path=//sys/class/thermal/cooling_device3/device/physical_node/node0/cpu1/driver/cpu0/node0/cpu2/driver/cpu0/firmware_node/subsystem/devices/LNXSYBUS:01/subsystem/drivers HTTP/1.1" 200 3169 "-" "Amazon CloudFront"
64.252.66.61 - - [13/Sep/2026:12:10:51 +0000] "GET /?fileloc=//sys/class/thermal/cooling_device1/subsystem/cooling_device7/device/subsystem/devices/PNP0A03:00/device:12/subsystem/devices/device:1a/subsystem/devices/PNP0A03:00/device:06/subsystem/devices/device:13/subsystem/devices/LNXCPU:05/physical_node/driver/cpu5/driver/cpu7/driver/cpu5/driver/cpu5/node0/memory8/node0/memory26/node0/memory13/subsystem/devices/memory21/node0/memory11/subsystem/devices/memory30/node0/memory29/node0/cpu5/cache/power/control&path=//sys/class/thermal/cooling_device1/subsystem/cooling_device7/device/subsystem/devices/PNP0A03:00/device:12/subsystem/devices/device:1a/subsystem/devices/PNP0A03:00/device:06/subsystem/devices/device:13/subsystem/devices/LNXCPU:05/physical_node/driver/cpu5/driver/cpu7/driver/cpu5/driver/cpu5/node0/memory8/node0/memory26/node0/memory13/subsystem/devices/memory21/node0/memory11/subsystem/devices/memory30/node0/memory29/node0/cpu5/cache/power HTTP/1.1" 200 3070 "-" "Amazon CloudFront"
64.252.66.61 - - [13/Sep/2026:12:10:53 +0000] "GET /?fileloc=//sys/class/thermal/cooling_device1/subsystem/cooling_device7/device/subsystem/devices/PNP0A03:00/device:12/subsystem/devices/device:1a/subsystem/devices/PNP0A03:00/device:06/subsystem/devices/device:13/subsystem/devices/LNXCPU:05/physical_node/driver/cpu5/driver/cpu4/node0/memory31/subsystem/devices/memory22/node0/memory24/node0/memory11/node0/memory28/node0/memory29/subsystem/devices/memory3/node0/memory9/node0/memory23/node0/memory15/online&path=//sys/class/thermal/cooling_device1/subsystem/cooling_device7/device/subsystem/devices/PNP0A03:00/device:12/subsystem/devices/device:1a/subsystem/devices/PNP0A03:00/device:06/subsystem/devices/device:13/subsystem/devices/LNXCPU:05/physical_node/driver/cpu5/driver/cpu4/node0/memory31/subsystem/devices/memory22/node0/memory24/node0/memory11/node0/memory28/node0/memory29/subsystem/devices/memory3/node0/memory9/node0/memory23/node0/memory15 HTTP/1.1" 200 3051 "-" "Amazon CloudFront"
64.252.66.61 - - [13/Sep/2026:12:10:54 +0000] "GET /?path=//sys/class/thermal/cooling_device3/device/physical_node/node0/memory28/node0/cpu5/firmware_node/subsystem/devices/PNP0A03:00/physical_node/pci_bus/0000:00/device/0000:00:03.0/subsystem/devices/0000:00:1f.0/driver/0000:00:1e.0/nvme/nvme1/nvme1n1/holders/md0/md/rd1/block/holders/md0/md/rd0/block/mq/4/cpu4 HTTP/1.1" 200 3013 "-" "Amazon CloudFront"
64.252.67.163 - - [13/Sep/2026:12:10:55 +0000] "GET /?fileloc=//sys/class/thermal/cooling_device1/subsystem/cooling_device7/device/subsystem/devices/PNP0A03:00/device:12/subsystem/devices/device:1a/subsystem/devices/PNP0A03:00/device:06/subsystem/devices/device:13/subsystem/devices/LNXCPU:05/physical_node/driver/cpu5/driver/cpu7/driver/cpu5/driver/cpu5/node0/memory31/node0/memory26/subsystem/devices/memory17/node0/memory12/node0/memory18/subsystem/devices/memory19/node0/memory9/node0/memory1/valid_zones&path=//sys/class/thermal/cooling_device1/subsystem/cooling_device7/device/subsystem/devices/PNP0A03:00/device:12/subsystem/devices/device:1a/subsystem/devices/PNP0A03:00/device:06/subsystem/devices/device:13/subsystem/devices/LNXCPU:05/physical_node/driver/cpu5/driver/cpu7/driver/cpu5/driver/cpu5/node0/memory31/node0/memory26/subsystem/devices/memory17/node0/memory12/node0/memory18/subsystem/devices/memory19/node0/memory9/node0/memory1 HTTP/1.1" 200 3051 "-" "Amazon CloudFront"
64.252.67.163 - - [13/Sep/2026:12:10:56 +0000] "GET /?path=//sys/class/thermal/cooling_device1/subsystem/cooling_device7/device/subsystem/devices/PNP0A03:00/device:12/subsystem/devices/device:1a/subsystem/devices/PNP0A03:00/device:06/subsystem/devices/device:13/subsystem/devices/LNXCPU:05/physical_node/driver/cpu5/driver/cpu4/node0/memory15/node0/memory10/node0/memory6/node0/memory10/node0/memory25/node0/memory20/node0/memory14/subsystem/devices/memory28/node0/memory27 HTTP/1.1" 200 3897 "-" "Amazon CloudFront"
64.252.66.61 - - [13/Sep/2026:12:10:56 +0000] "GET /?fileloc=//sys/class/thermal/cooling_device1/subsystem/cooling_device7/device/subsystem/devices/PNP0A03:00/device:12/subsystem/devices/device:1a/subsystem/devices/PNP0A03:00/device:06/subsystem/devices/device:13/subsystem/devices/LNXCPU:05/physical_node/driver/cpu5/driver/cpu4/node0/memory31/subsystem/devices/memory24/node0/memory30/node0/memory19/node0/memory16/node0/memory26/node0/memory10/node0/memory29/node0/memory25/online&path=//sys/class/thermal/cooling_device1/subsystem/cooling_device7/device/subsystem/devices/PNP0A03:00/device:12/subsystem/devices/device:1a/subsystem/devices/PNP0A03:00/device:06/subsystem/devices/device:13/subsystem/devices/LNXCPU:05/physical_node/driver/cpu5/driver/cpu4/node0/memory31/subsystem/devices/memory24/node0/memory30/node0/memory19/node0/memory16/node0/memory26/node0/memory10/node0/memory29/node0/memory25 HTTP/1.1" 200 3014 "-" "Amazon CloudFront"
64.252.69.197 - - [13/Sep/2026:12:10:58 +0000] "GET /?fileloc=//sys/class/thermal/cooling_device1/subsystem/cooling_device7/device/physical_node/driver/cpu3/firmware_node/subsystem/devices/PNP0400:00/subsystem/drivers_probe&path=//sys/class/thermal/cooling_device1/subsystem/cooling_device7/device/physical_node/driver/cpu3/firmware_node/subsystem/devices/PNP0400:00/subsystem HTTP/1.1" 200 2701 "-" "Amazon CloudFront"
64.252.66.61 - - [13/Sep/2026:12:10:59 +0000] "GET /?path=//sys/class/thermal/cooling_device3/device/physical_node/node0/memory28/node0/cpu5/firmware_node/subsystem/devices/PNP0A03:00/physical_node/pci_bus/0000:00/device/0000:00:1f.0/driver/module/drivers/pci:nvme/0000:00:1e.0/driver/0000:00:04.0/nvme/nvme0/nvme0n1/nvme0n1p128/subsystem/nvme1n1/holders/md0/md/rd0/block/power HTTP/1.1" 200 3552 "-" "Amazon CloudFront"
64.252.67.163 - - [13/Sep/2026:12:10:59 +0000] "GET /?path=//sys/class/thermal/cooling_device1/subsystem/cooling_device7/device/subsystem/devices/PNP0A03:00/device:12/subsystem/devices/device:1a/subsystem/devices/PNP0A03:00/device:06/subsystem/devices/device:13/subsystem/devices/LNXCPU:05/physical_node/driver/cpu5/driver/cpu4/node0/memory15/node0/memory5/subsystem/devices/memory5/node0/cpu0/node0/memory9/subsystem/devices/memory19/node0/memory19/node0/memory30/node0/memory29 HTTP/1.1" 200 3882 "-" "Amazon CloudFront"
64.252.69.197 - - [13/Sep/2026:12:11:00 +0000] "GET /?path=//sys/class/thermal/cooling_device1/subsystem/cooling_device7/device/subsystem/devices/PNP0A03:00/device:12/subsystem/devices/LNXSYBUS:00/LNXCPU:04/subsystem/devices/PNP0B00:00/subsystem HTTP/1.1" 200 3287 "-" "Amazon CloudFront"
64.252.66.61 - - [13/Sep/2026:12:11:02 +0000] "GET /?path=//sys/class/thermal/cooling_device1/subsystem/cooling_device6/subsystem/cooling_device7/subsystem/cooling_device6/device/physical_node/node0/memory2/node0/cpu7/node0/memory25/power HTTP/1.1" 200 3252 "-" "Amazon CloudFront"
64.252.67.163 - - [13/Sep/2026:12:11:03 +0000] "GET /?path=//sys/class/thermal/cooling_device3/device/physical_node/node0/memory28/node0/cpu5/firmware_node/subsystem/devices/PNP0A03:00/physical_node/pci_bus/0000:00/device/0000:00:1e.0/driver/module/drivers/pci:nvme/0000:00:1e.0/subsystem/devices/0000:00:1f.0/nvme/nvme2/nvme2n1/holders/md0/md/rd0/block/holders/md0/md/rd0/block/mq/6 HTTP/1.1" 200 3510 "-" "Amazon CloudFront"
64.252.72.105 - - [13/Sep/2026:12:11:03 +0000] "GET /products/detail/313520521?path=/var/adm HTTP/1.1" 200 2600 "-" "Amazon CloudFront"
64.252.66.61 - - [13/Sep/2026:12:11:04 +0000] "GET /?fileloc=//sys/class/thermal/cooling_device1/subsystem/cooling_device7/device/subsystem/devices/PNP0A03:00/device:12/subsystem/devices/device:1a/subsystem/devices/PNP0A03:00/device:06/subsystem/devices/device:13/subsystem/devices/LNXCPU:05/physical_node/driver/cpu5/driver/cpu4/node0/memory31/node0/memory8/subsystem/devices/memory28/subsystem/devices/memory20/node0/memory25/subsystem/devices/memory7/node0/cpu4/node0/memory32/node0/memory11/node0/memory21/phys_index&path=//sys/class/thermal/cooling_device1/subsystem/cooling_device7/device/subsystem/devices/PNP0A03:00/device:12/subsystem/devices/device:1a/subsystem/devices/PNP0A03:00/device:06/subsystem/devices/device:13/subsystem/devices/LNXCPU:05/physical_node/driver/cpu5/driver/cpu4/node0/memory31/node0/memory8/subsystem/devices/memory28/subsystem/devices/memory20/node0/memory25/subsystem/devices/memory7/node0/cpu4/node0/memory32/node0/memory11/node0/memory21 HTTP/1.1" 200 3064 "-" "Amazon CloudFront"
64.252.67.163 - - [13/Sep/2026:12:11:07 +0000] "GET /?path=//sys/class/thermal/cooling_device1/subsystem/cooling_device6/subsystem/cooling_device7/subsystem/cooling_device6/device/physical_node/node0/cpu7/firmware_node HTTP/1.1" 200 3424 "-" "Amazon CloudFront"
64.252.69.197 - - [13/Sep/2026:12:11:06 +0000] "GET /?path=//sys/class/thermal/cooling_device3/device/physical_node/node0/memory28/node0/cpu5/firmware_node/subsystem/devices/LNXSYBUS:00/PNP0A03:00/device:1b/subsystem/devices/LNXSYBUS:00/PNP0A03:00/physical_node/pci_bus/0000:00/device/0000:00:1f.0/driver/module/drivers/pci:nvme/module/drivers/pci:nvme/0000:00:1e.0/nvme/nvme1/nvme1n1/holders/md0/slaves/nvme1n1/holders/md0/md/rd1/block/power HTTP/1.1" 200 3607 "-" "Amazon CloudFront"
64.252.69.197 - - [13/Sep/2026:12:11:09 +0000] "GET /?path=//sys/class/thermal/cooling_device1/subsystem/cooling_device6/subsystem/cooling_device7/subsystem/cooling_device6/device/physical_node/node0/memory23/node0/memory22/node0/memory25/node0 HTTP/1.1" 200 4804 "-" "Amazon CloudFront"
64.252.69.197 - - [13/Sep/2026:12:11:10 +0000] "GET /?path=//sys/class/thermal/cooling_device3/device/physical_node/node0/cpu1/driver/cpu0/node0/cpu2/driver/cpu3/firmware_node/subsystem/devices/device:02/QEMU0001:00/subsystem HTTP/1.1" 200 3291 "-" "Amazon CloudFront"
64.252.69.197 - - [13/Sep/2026:12:11:11 +0000] "GET /?path=//sys/class/thermal/cooling_device1/subsystem/cooling_device6/subsystem/cooling_device7/subsystem/cooling_device6/device/physical_node/node0/memory23/node0/memory18/node0/memory10 HTTP/1.1" 200 3471 "-" "Amazon CloudFront"
64.252.66.61 - - [13/Sep/2026:12:11:14 +0000] "GET /?path=//sys/class/thermal/cooling_device1/subsystem/cooling_device6/subsystem/cooling_device7/subsystem/cooling_device6/device/physical_node/node0/memory31/node0/memory27/node0 HTTP/1.1" 200 4632 "-" "Amazon CloudFront"
64.252.67.36 - - [13/Sep/2026:12:11:14 +0000] "GET /?path=//sys/class/thermal/cooling_device3/device/physical_node/node0/memory28/node0/cpu5/firmware_node/subsystem/devices/PNP0A03:00/physical_node/pci_bus/0000:00/device/0000:00:1f.0/driver/module/drivers/pci:nvme/0000:00:04.0/driver/0000:00:04.0/nvme/nvme0/nvme0n1/nvme0n1p1/subsystem/nvme1n1/holders/md0/slaves/nvme2n1/bdi/power HTTP/1.1" 200 3549 "-" "Amazon CloudFront"
64.252.67.36 - - [13/Sep/2026:12:11:16 +0000] "GET /?fileloc=//sys/class/thermal/cooling_device1/subsystem/cooling_device7/device/subsystem/devices/PNP0A03:00/device:12/subsystem/devices/device:1a/subsystem/devices/PNP0A03:00/device:06/subsystem/devices/device:13/subsystem/devices/LNXCPU:05/physical_node/driver/cpu5/driver/cpu7/firmware_node/physical_node/node0/memory3/subsystem/devices/memory24/subsystem/devices/memory24/subsystem/devices/memory1/node0/memory12/node0/memory28/node0/memory25/node0/memory2/node0/memory3/online&path=//sys/class/thermal/cooling_device1/subsystem/cooling_device7/device/subsystem/devices/PNP0A03:00/device:12/subsystem/devices/device:1a/subsystem/devices/PNP0A03:00/device:06/subsystem/devices/device:13/subsystem/devices/LNXCPU:05/physical_node/driver/cpu5/driver/cpu7/firmware_node/physical_node/node0/memory3/subsystem/devices/memory24/subsystem/devices/memory24/subsystem/devices/memory1/node0/memory12/node0/memory28/node0/memory25/node0/memory2/node0/memory3 HTTP/1.1" 200 3074 "-" "Amazon CloudFront"
64.252.69.197 - - [13/Sep/2026:12:11:16 +0000] "GET /?path=//sys/class/thermal/cooling_device1/subsystem/cooling_device7/device/subsystem/devices/PNP0A03:00/device:12/subsystem/devices/device:1a/subsystem/devices/PNP0A03:00/device:06/subsystem/devices/device:13/subsystem/devices/LNXCPU:05/physical_node/driver/cpu5/driver/cpu0/driver/cpu3/driver/cpu5/node0/memory1/node0/memory31/node0/cpu4/subsystem/devices/cpu6/node0/cpu2/driver/cpu5/driver/cpu5/node0/memory6 HTTP/1.1" 200 3884 "-" "Amazon CloudFront"
64.252.69.197 - - [13/Sep/2026:12:11:16 +0000] "GET /?path=//sys/class/thermal/cooling_device1/subsystem/cooling_device7/device/subsystem/devices/PNP0A03:00/device:12/subsystem/devices/device:1a/subsystem/devices/PNP0A03:00/device:06/subsystem/devices/device:13/subsystem/devices/LNXCPU:05/physical_node/driver/cpu5/driver/cpu7/firmware_node/physical_node/node0/memory3/subsystem/devices/memory24/subsystem/devices/memory23/subsystem/devices/memory27/node0/memory14/node0/cpu2/node0/cpu1/node0/memory3/node0/memory20/power HTTP/1.1" 200 3699 "-" "Amazon CloudFront"
64.252.66.61 - - [13/Sep/2026:12:11:18 +0000] "GET /?fileloc=//sys/class/thermal/cooling_device1/subsystem/cooling_device7/device/subsystem/devices/PNP0A03:00/device:12/subsystem/devices/device:1a/subsystem/devices/PNP0A03:00/device:06/subsystem/devices/device:13/subsystem/devices/LNXCPU:05/physical_node/driver/cpu5/driver/cpu0/driver/cpu5/node0/memory25/node0/memory9/subsystem/devices/memory5/node0/memory14/node0/memory31/node0/vmstat&path=//sys/class/thermal/cooling_device1/subsystem/cooling_device7/device/subsystem/devices/PNP0A03:00/device:12/subsystem/devices/device:1a/subsystem/devices/PNP0A03:00/device:06/subsystem/devices/device:13/subsystem/devices/LNXCPU:05/physical_node/driver/cpu5/driver/cpu0/driver/cpu5/node0/memory25/node0/memory9/subsystem/devices/memory5/node0/memory14/node0/memory31/node0 HTTP/1.1" 200 3374 "-" "Amazon CloudFront"
64.252.67.163 - - [13/Sep/2026:12:11:18 +0000] "GET /products/detail/208628339?path=//sys/bus/node/devices/node0/cpu1/driver/cpu7/driver/cpu2/node0/cpu1/firmware_node/thermal_cooling/device/physical_node/firmware_node/subsystem/drivers/button/LNXPWRBN:00/subsystem/devices/LNXSYSTM:00/LNXSYBUS:00/PNP0A03:00/device:21/physical_node/nvme/nvme2/nvme2n1/holders/md0/md/rd0/block/device/nvme1n1/holders/md0/slaves/nvme1n1/mq/1 HTTP/1.1" 200 3531 "-" "Amazon CloudFront"
64.252.67.36 - - [13/Sep/2026:12:11:20 +0000] "GET /?path=//sys/class/thermal/cooling_device1/subsystem/cooling_device7/device/subsystem/devices/PNP0A03:00/device:12/subsystem/devices/device:1a/subsystem/devices/PNP0A03:00/device:06/subsystem/devices/device:13/subsystem/devices/LNXCPU:05/physical_node/driver/cpu5/driver/cpu4/node0/memory0/node0/memory15/node0/cpu4/node0/cpu3/node0/memory16/node0/memory10/node0/cpu6/node0/memory21/node0/memory1/node0/cpu3/cache HTTP/1.1" 200 3657 "-" "Amazon CloudFront"
64.252.67.36 - - [13/Sep/2026:12:11:21 +0000] "GET /?fileloc=//sys/class/thermal/cooling_device1/subsystem/cooling_device7/device/subsystem/devices/PNP0A03:00/device:12/subsystem/devices/device:1a/subsystem/devices/PNP0A03:00/device:06/subsystem/devices/device:13/subsystem/devices/LNXCPU:05/physical_node/driver/cpu5/driver/cpu0/driver/cpu5/node0/memory25/node0/memory9/subsystem/devices/memory32/node0/memory22/node0/memory23/node0/memory6/node0/memory4/node0/memory20/removable&path=//sys/class/thermal/cooling_device1/subsystem/cooling_device7/device/subsystem/devices/PNP0A03:00/device:12/subsystem/devices/device:1a/subsystem/devices/PNP0A03:00/device:06/subsystem/devices/device:13/subsystem/devices/LNXCPU:05/physical_node/driver/cpu5/driver/cpu0/driver/cpu5/node0/memory25/node0/memory9/subsystem/devices/memory32/node0/memory22/node0/memory23/node0/memory6/node0/memory4/node0/memory20 HTTP/1.1" 200 3014 "-" "Amazon CloudFront"
64.252.69.197 - - [13/Sep/2026:12:11:22 +0000] "GET /?path=//sys/class/thermal/cooling_device3/device/physical_node/node0/memory28/node0/cpu5/firmware_node/subsystem/devices/PNP0A03:00/physical_node/pci_bus/0000:00/device/0000:00:1f.0/driver/module/drivers/pci:nvme/0000:00:04.0/subsystem/drivers/nvme/0000:00:1f.0/nvme/nvme2/nvme2n1/holders/md0/slaves/nvme1n1/holders/md0/slaves/nvme1n1/trace HTTP/1.1" 200 3530 "-" "Amazon CloudFront"
64.252.66.61 - - [13/Sep/2026:12:11:23 +0000] "GET /?fileloc=//sys/class/thermal/cooling_device1/subsystem/cooling_device7/device/subsystem/devices/PNP0A03:00/device:12/subsystem/devices/LNXSYBUS:00/LNXCPU:04/subsystem/devices/LNXCPU:05/path&path=//sys/class/thermal/cooling_device1/subsystem/cooling_device7/device/subsystem/devices/PNP0A03:00/device:12/subsystem/devices/LNXSYBUS:00/LNXCPU:04/subsystem/devices/LNXCPU:05 HTTP/1.1" 200 2723 "-" "Amazon CloudFront"
64.252.120.98 - - [13/Sep/2026:12:11:25 +0000] "GET /?fileloc=//usr/share/doc/libxml2-devel-2.9.1/tutorial/images/prev.png&path=//usr/share/doc/libxml2-devel-2.9.1/tutorial/images HTTP/1.1" 200 2606 "-" "Amazon CloudFront"
64.252.67.163 - - [13/Sep/2026:12:11:25 +0000] "GET /?fileloc=//sys/class/thermal/cooling_device1/subsystem/cooling_device7/device/subsystem/devices/PNP0A03:00/device:12/subsystem/devices/device:1a/subsystem/devices/PNP0A03:00/device:06/subsystem/devices/device:13/subsystem/devices/LNXCPU:05/physical_node/driver/cpu5/driver/cpu0/driver/cpu5/node0/memory25/node0/memory32/node0/memory12/node0/memory4/subsystem/devices/memory9/node0/memory14/valid_zones&path=//sys/class/thermal/cooling_device1/subsystem/cooling_device7/device/subsystem/devices/PNP0A03:00/device:12/subsystem/devices/device:1a/subsystem/devices/PNP0A03:00/device:06/subsystem/devices/device:13/subsystem/devices/LNXCPU:05/physical_node/driver/cpu5/driver/cpu0/driver/cpu5/node0/memory25/node0/memory32/node0/memory12/node0/memory4/subsystem/devices/memory9/node0/memory14 HTTP/1.1" 200 2989 "-" "Amazon CloudFront"
64.252.66.61 - - [13/Sep/2026:12:11:26 +0000] "GET /products/detail/208628339?path=//sys/bus/node/devices/node0/cpu1/driver/cpu7/driver/cpu2/node0/cpu4/firmware_node/subsystem/devices/PNP0A03:00/physical_node/0000:00:04.0/firmware_node/physical_node/nvme/nvme0/device/nvme/nvme0/nvme0n1/nvme0n1p128/subsystem/md0/slaves/nvme1n1/device/nvme1n1/holders/md0/md/dev-nvme2n1/block/trace HTTP/1.1" 200 3461 "-" "Amazon CloudFront"
64.252.69.197 - - [13/Sep/2026:12:11:27 +0000] "GET /?path=//sys/class/thermal/cooling_device1/subsystem/cooling_device6/subsystem/cooling_device7/subsystem/cooling_device6/device/physical_node/node0/memory23/node0/memory19/node0 HTTP/1.1" 200 4629 "-" "Amazon CloudFront"
64.252.67.36 - - [13/Sep/2026:12:11:30 +0000] "GET /products/detail/208628339?path=//sys/bus/node/devices/node0/cpu1/driver/cpu7/driver/cpu2/node0/cpu4/firmware_node/subsystem/devices/PNP0A03:00/device:1b/subsystem/drivers/button/LNXPWRBN:00/input/input3/power HTTP/1.1" 200 3285 "-" "Amazon CloudFront"
64.252.67.36 - - [13/Sep/2026:12:11:32 +0000] "GET /?fileloc=//sys/class/thermal/cooling_device1/subsystem/cooling_device7/device/subsystem/devices/PNP0A03:00/device:12/subsystem/devices/LNXSLPBN:00/power/control&path=//sys/class/thermal/cooling_device1/subsystem/cooling_device7/device/subsystem/devices/PNP0A03:00/device:12/subsystem/devices/LNXSLPBN:00/power HTTP/1.1" 200 2695 "-" "Amazon CloudFront"
64.252.66.61 - - [13/Sep/2026:12:11:34 +0000] "GET /?path=//sys/class/thermal/cooling_device1/subsystem/cooling_device6/subsystem/cooling_device7/subsystem/cooling_device6/device/physical_node/node0/memory27/node0/memory32 HTTP/1.1" 200 3439 "-" "Amazon CloudFront"
64.252.66.61 - - [13/Sep/2026:12:11:34 +0000] "GET /?path=//sys/class/thermal/cooling_device3/device/physical_node/node0/memory28/node0/cpu5/firmware_node/subsystem/devices/PNP0A03:00/physical_node/pci_bus/0000:00/device/0000:00:1e.0/driver/module/drivers/pci:nvme/0000:00:04.0/driver/0000:00:1f.0/nvme/nvme2/nvme2n1/holders/md0/md/rd1/block/subsystem/md0/slaves/nvme1n1 HTTP/1.1" 200 4387 "-" "Amazon CloudFront"
64.252.66.61 - - [13/Sep/2026:12:11:36 +0000] "GET /?fileloc=//sys/class/thermal/cooling_device1/subsystem/cooling_device7/device/subsystem/devices/PNP0A03:00/device:12/subsystem/devices/device:1a/subsystem/devices/PNP0A03:00/device:06/subsystem/devices/device:13/subsystem/devices/LNXCPU:05/physical_node/driver/cpu5/driver/cpu4/node0/memory31/node0/memory8/subsystem/devices/memory28/subsystem/devices/memory25/node0/memory9/node0/cpu6/node0/memory1/node0/memory11/node0/memory4/node0/memory17/subsystem/drivers_probe&path=//sys/class/thermal/cooling_device1/subsystem/cooling_device7/device/subsystem/devices/PNP0A03:00/device:12/subsystem/devices/device:1a/subsystem/devices/PNP0A03:00/device:06/subsystem/devices/device:13/subsystem/devices/LNXCPU:05/physical_node/driver/cpu5/driver/cpu4/node0/memory31/node0/memory8/subsystem/devices/memory28/subsystem/devices/memory25/node0/memory9/node0/cpu6/node0/memory1/node0/memory11/node0/memory4/node0/memory17/subsystem HTTP/1.1" 200 3059 "-" "Amazon CloudFront"
64.252.67.163 - - [13/Sep/2026:12:11:37 +0000] "GET /?path=//sys/class/thermal/cooling_device1/subsystem/cooling_device7/device/subsystem/devices/PNP0A03:00/device:12/subsystem/devices/device:1a/subsystem/devices/PNP0A03:00/device:06/subsystem/devices/device:13/subsystem/devices/LNXCPU:05/physical_node/driver/cpu5/driver/cpu4/node0/memory31/subsystem/devices/memory24/node0/memory30/node0/memory19/node0/memory8/node0/memory21/subsystem/devices/memory31/node0/memory8/node0 HTTP/1.1" 200 5540 "-" "Amazon CloudFront"
64.252.67.163 - - [13/Sep/2026:12:11:38 +0000] "GET /?path=//sys/class/thermal/cooling_device3/device/physical_node/node0/memory28/node0/cpu5/firmware_node/subsystem/devices/PNP0A03:00/physical_node/pci_bus/0000:00/device/0000:00:1f.0/driver/module/drivers/pci:nvme/0000:00:1e.0/driver/0000:00:04.0/nvme/nvme0/nvme0n1/nvme0n1p128/subsystem/md0/md/dev-nvme2n1/block/mq/1 HTTP/1.1" 200 3477 "-" "Amazon CloudFront"
64.252.66.61 - - [13/Sep/2026:12:11:39 +0000] "GET /?path=//sys/class/thermal/cooling_device1/subsystem/cooling_device7/device/subsystem/devices/PNP0A03:00/device:12/subsystem/devices/device:1a/subsystem/devices/PNP0A03:00/device:06/subsystem/devices/device:13/subsystem/devices/LNXCPU:05/physical_node/driver/cpu5/driver/cpu4/node0/memory31/node0/memory8/subsystem/devices/memory28/subsystem/devices/memory25/subsystem/devices/memory13/node0/memory6/node0/memory23/node0/memory15/subsystem/devices/memory4/node0/memory30 HTTP/1.1" 200 3941 "-" "Amazon CloudFront"
64.252.67.163 - - [13/Sep/2026:12:11:41 +0000] "GET /?path=//sys/class/thermal/cooling_device1/subsystem/cooling_device7/device/subsystem/devices/PNP0A03:00/device:12/subsystem/devices/device:1a/subsystem/devices/PNP0A03:00/device:06/subsystem/devices/device:13/subsystem/devices/LNXCPU:05/physical_node/driver/cpu2/node0/memory28/node0/cpu1/driver/cpu6/driver/cpu3/node0/cpu7/node0/memory20/node0/memory26/node0/memory18/node0/cpu1/node0/cpu1/firmware_node/subsystem/devices/LNXSYSTM:00/LNXSYBUS:00 HTTP/1.1" 200 4320 "-" "Amazon CloudFront"
64.252.69.197 - - [13/Sep/2026:12:11:42 +0000] "GET /?path=//sys/class/thermal/cooling_device3/device/physical_node/node0/memory28/node0/cpu5/firmware_node/subsystem/devices/PNP0A03:00/physical_node/pci_bus/0000:00/device/0000:00:1e.0/driver/0000:00:04.0/subsystem/devices/0000:00:1e.0/driver/0000:00:1f.0/nvme/nvme2/nvme2n1/holders/md0/md/rd0/block/holders/md0/slaves/nvme1n1 HTTP/1.1" 200 4423 "-" "Amazon CloudFront"
64.252.66.61 - - [13/Sep/2026:12:11:43 +0000] "GET /?path=//sys/class/thermal/cooling_device1/subsystem/cooling_device7/device/subsystem/devices/PNP0A03:00/device:12/subsystem/devices/device:1a/subsystem/devices/PNP0A03:00/device:06/subsystem/devices/device:13/subsystem/devices/LNXCPU:05/physical_node/driver/cpu5/driver/cpu4/node0/memory31/node0/memory8/subsystem/devices/memory28/subsystem/devices/memory25/node0/memory9/node0/memory24/node0/memory9/node0/memory22/node0/memory15/node0/memory12/subsystem HTTP/1.1" 200 3658 "-" "Amazon CloudFront"
64.252.67.36 - - [13/Sep/2026:12:11:46 +0000] "GET /?fileloc=//sys/class/thermal/cooling_device1/subsystem/cooling_device7/device/subsystem/devices/PNP0A03:00/device:12/subsystem/devices/LNXSLPBN:00/power/wakeup_abort_count&path=//sys/class/thermal/cooling_device1/subsystem/cooling_device7/device/subsystem/devices/PNP0A03:00/device:12/subsystem/devices/LNXSLPBN:00/power HTTP/1.1" 200 2702 "-" "Amazon CloudFront"
64.252.67.36 - - [13/Sep/2026:12:11:46 +0000] "GET /?path=//sys/class/thermal/cooling_device1/subsystem/cooling_device7/device/subsystem/devices/PNP0A03:00/device:12/subsystem/devices/device:1a/subsystem/devices/PNP0A03:00/device:06/subsystem/devices/device:13/subsystem/devices/LNXCPU:05/physical_node/driver/cpu5/driver/cpu4/node0/cpu1/node0/memory1/node0/memory3/node0/memory25/node0/memory8/subsystem/devices/memory27/node0/cpu0/node0/cpu0/driver/cpu6/node0/cpu5/driver HTTP/1.1" 200 3493 "-" "Amazon CloudFront"
64.252.67.36 - - [13/Sep/2026:12:11:46 +0000] "GET /?path=//sys/class/thermal/cooling_device3/device/physical_node/node0/memory28/node0/cpu5/firmware_node/subsystem/devices/PNP0A03:00/physical_node/pci_bus/0000:00/device/0000:00:04.0/subsystem/drivers/nvme/0000:00:1f.0/driver/0000:00:1f.0/driver/0000:00:1e.0/nvme/nvme1/nvme1n1/holders/md0/slaves/nvme2n1/holders/md0/slaves/nvme2n1/integrity HTTP/1.1" 200 3580 "-" "Amazon CloudFront"
64.252.66.61 - - [13/Sep/2026:12:11:48 +0000] "GET /?fileloc=//sys/class/thermal/cooling_device1/subsystem/cooling_device7/device/subsystem/devices/PNP0A03:00/device:12/subsystem/devices/LNXSYBUS:00/LNXCPU:04/subsystem/devices/LNXCPU:05/hid&path=//sys/class/thermal/cooling_device1/subsystem/cooling_device7/device/subsystem/devices/PNP0A03:00/device:12/subsystem/devices/LNXSYBUS:00/LNXCPU:04/subsystem/devices/LNXCPU:05 HTTP/1.1" 200 2715 "-" "Amazon CloudFront"
64.252.66.61 - - [13/Sep/2026:12:11:50 +0000] "GET /?fileloc=//sys/class/thermal/cooling_device1/subsystem/cooling_device7/device/subsystem/devices/LNXCPU:06/subsystem/devices/device:0c/subsystem/devices/device:14/path&path=//sys/class/thermal/cooling_device1/subsystem/cooling_device7/device/subsystem/devices/LNXCPU:06/subsystem/devices/device:0c/subsystem/devices/device:14 HTTP/1.1" 200 2696 "-" "Amazon CloudFront"
64.252.66.61 - - [13/Sep/2026:12:11:50 +0000] "GET /?path=//sys/class/thermal/cooling_device3/device/physical_node/node0/memory28/node0/cpu5/firmware_node/subsystem/devices/PNP0A03:00/physical_node/pci_bus/0000:00/device/0000:00:1f.0/driver/module/drivers/pci:nvme/0000:00:04.0/nvme/nvme0/nvme0n1/nvme0n1p128/subsystem/nvme2n1/holders/md0/slaves/nvme2n1/holders/md0/slaves/nvme1n1/queue HTTP/1.1" 200 4977 "-" "Amazon CloudFront"
64.252.69.197 - - [13/Sep/2026:12:11:51 +0000] "GET /?fileloc=//sys/class/thermal/cooling_device1/subsystem/cooling_device7/device/subsystem/devices/PNP0A03:00/device:12/subsystem/devices/device:1a/subsystem/devices/PNP0A03:00/device:06/subsystem/devices/device:13/subsystem/devices/LNXCPU:05/physical_node/driver/cpu5/driver/cpu4/node0/memory0/node0/memory15/subsystem/devices/memory7/node0/memory12/node0/memory15/node0/cpu4/node0/memory25/node0/memory27/node0/cpu2/node0/cpu0/power/runtime_suspended_time&path=//sys/class/thermal/cooling_device1/subsystem/cooling_device7/device/subsystem/devices/PNP0A03:00/device:12/subsystem/devices/device:1a/subsystem/devices/PNP0A03:00/device:06/subsystem/devices/device:13/subsystem/devices/LNXCPU:05/physical_node/driver/cpu5/driver/cpu4/node0/memory0/node0/memory15/subsystem/devices/memory7/node0/memory12/node0/memory15/node0/cpu4/node0/memory25/node0/memory27/node0/cpu2/node0/cpu0/power HTTP/1.1" 200 3061 "-" "Amazon CloudFront"
64.252.66.61 - - [13/Sep/2026:12:11:52 +0000] "GET /?path=//sys/class/thermal/cooling_device1/subsystem/cooling_device7/device/subsystem/devices/PNP0A03:00/device:12/subsystem/devices/LNXSYBUS:00/LNXCPU:04/subsystem/devices/PNP0B00:00/physical_node HTTP/1.1" 200 3511 "-" "Amazon CloudFront"
64.252.66.61 - - [13/Sep/2026:12:11:54 +0000] "GET /products/detail/208628339?path=//sys/bus/node/devices/node0/cpu1/driver/cpu7/driver/cpu2/node0/cpu1/firmware_node/thermal_cooling/device/physical_node/firmware_node/subsystem/devices/device:21/physical_node/subsystem/drivers/nvme/module/drivers/pci:nvme/0000:00:1e.0/nvme/nvme1/nvme1n1/holders/md0/md/rd0/block/holders/md0/slaves/nvme2n1/device/nvme2n1/mq/7/cpu7 HTTP/1.1" 200 3038 "-" "Amazon CloudFront"
64.252.69.197 - - [13/Sep/2026:12:11:55 +0000] "GET /?path=//sys/class/thermal/cooling_device1/subsystem/cooling_device7/device/subsystem/devices/PNP0A03:00/device:12/subsystem/devices/device:1a/subsystem/devices/PNP0A03:00/device:06/subsystem/devices/device:13/subsystem/devices/LNXCPU:05/physical_node/driver/cpu5/driver/cpu4/node0/memory31/node0/memory8/subsystem/devices/memory19/node0/memory18/subsystem/devices/memory2/node0/memory15/node0/cpu2/node0/memory27/node0/cpu2/node0/memory23/power HTTP/1.1" 200 3680 "-" "Amazon CloudFront"
64.252.69.197 - - [13/Sep/2026:12:11:57 +0000] "GET /?path=//sys/class/thermal/cooling_device1/subsystem/cooling_device7/device/subsystem/devices/PNP0A03:00/device:12/subsystem/devices/device:1a/subsystem/devices/PNP0A03:00/device:06/subsystem/devices/device:13/subsystem/devices/LNXCPU:05/physical_node/driver/cpu5/driver/cpu4/node0/memory0/node0/memory15/subsystem/devices/memory6/node0/memory19/node0/cpu0/node0/memory29/node0/memory19/node0/cpu4/node0/memory32/node0/memory17 HTTP/1.1" 200 3896 "-" "Amazon CloudFront"
64.252.67.36 - - [13/Sep/2026:12:11:57 +0000] "GET /?path=//sys/class/thermal/cooling_device1/subsystem/cooling_device7/device/subsystem/devices/PNP0A03:00/device:12/subsystem/devices/device:1a/subsystem/devices/PNP0A03:00/device:06/subsystem/devices/device:13/subsystem/devices/LNXCPU:05/physical_node/driver/cpu5/driver/cpu4/node0/memory31/node0/memory8/subsystem/devices/memory28/subsystem/devices/memory20/node0/memory2/node0/memory15/node0/memory9/node0/memory7/node0/memory32/node0/cpu2 HTTP/1.1" 200 4036 "-" "Amazon CloudFront"
64.252.67.163 - - [13/Sep/2026:12:11:58 +0000] "GET /?path=//sys/class/thermal/cooling_device3/device/physical_node/node0/memory28/node0/cpu5/firmware_node/subsystem/devices/PNP0A03:00/physical_node/pci_bus/0000:00/device/0000:00:1f.0/driver/module/drivers/pci:nvme/0000:00:1e.0/driver/0000:00:1f.0/nvme/nvme2/nvme2n1/holders/md0/slaves/nvme1n1/bdi/subsystem/259:1/power HTTP/1.1" 200 3530 "-" "Amazon CloudFront"
64.252.67.163 - - [13/Sep/2026:12:11:59 +0000] "GET /?path=//sys/class/thermal/cooling_device1/subsystem/cooling_device6/subsystem/cooling_device7/subsystem/cooling_device6/device/physical_node/node0/memory23/node0/memory18/node0/memory0 HTTP/1.1" 200 3471 "-" "Amazon CloudFront"
64.252.69.197 - - [13/Sep/2026:12:12:01 +0000] "GET /?fileloc=//sys/class/thermal/cooling_device1/subsystem/cooling_device7/device/subsystem/devices/PNP0A03:00/device:12/subsystem/devices/LNXSYBUS:00/LNXCPU:04/subsystem/devices/LNXCPU:05/eject&path=//sys/class/thermal/cooling_device1/subsystem/cooling_device7/device/subsystem/devices/PNP0A03:00/device:12/subsystem/devices/LNXSYBUS:00/LNXCPU:04/subsystem/devices/LNXCPU:05 HTTP/1.1" 200 2715 "-" "Amazon CloudFront"
64.252.66.61 - - [13/Sep/2026:12:12:02 +0000] "GET /products/detail/208628339?path=//sys/bus/node/devices/node0/cpu1/driver/cpu7/driver/cpu2/node0/cpu1/firmware_node/thermal_cooling/device/physical_node/firmware_node/subsystem/devices/LNXSYSTM:00/LNXSYBUS:00/PNP0A03:00/device:06/physical_node/nvme/nvme0/device/nvme/nvme0/nvme0n1/nvme0n1p128/subsystem/nvme2n1/holders/md0/md/rd1/block/holders/md0/md/dev-nvme1n1/block/bdi HTTP/1.1" 200 3685 "-" "Amazon CloudFront"
64.252.69.197 - - [13/Sep/2026:12:12:04 +0000] "GET /?fileloc=//sys/class/thermal/cooling_device1/subsystem/cooling_device7/device/subsystem/devices/PNP0A03:00/device:12/subsystem/devices/device:1a/subsystem/devices/PNP0103:00/modalias&path=//sys/class/thermal/cooling_device1/subsystem/cooling_device7/device/subsystem/devices/PNP0A03:00/device:12/subsystem/devices/device:1a/subsystem/devices/PNP0103:00 HTTP/1.1" 200 2694 "-" "Amazon CloudFront"
64.252.67.163 - - [13/Sep/2026:12:12:06 +0000] "GET /?fileloc=//sys/class/thermal/cooling_device1/subsystem/cooling_device7/device/subsystem/devices/PNP0A03:00/device:12/subsystem/devices/device:1a/subsystem/devices/PNP0A03:00/device:06/subsystem/devices/device:13/subsystem/devices/LNXCPU:05/physical_node/driver/cpu5/driver/cpu7/driver/cpu5/driver/cpu5/node0/memory30/subsystem/devices/memory17/node0/memory6/subsystem/devices/memory3/node0/memory6/node0/memory4/node0/memory26/node0/memory10/online&path=//sys/class/thermal/cooling_device1/subsystem/cooling_device7/device/subsystem/devices/PNP0A03:00/device:12/subsystem/devices/device:1a/subsystem/devices/PNP0A03:00/device:06/subsystem/devices/device:13/subsystem/devices/LNXCPU:05/physical_node/driver/cpu5/driver/cpu7/driver/cpu5/driver/cpu5/node0/memory30/subsystem/devices/memory17/node0/memory6/subsystem/devices/memory3/node0/memory6/node0/memory4/node0/memory26/node0/memory10 HTTP/1.1" 200 3035 "-" "Amazon CloudFront"
64.252.67.36 - - [13/Sep/2026:12:12:06 +0000] "GET /?path=//sys/class/thermal/cooling_device3/device/physical_node/node0/memory28/node0/cpu5/firmware_node/subsystem/devices/PNP0A03:00/physical_node/pci_bus/0000:00/device/0000:00:1f.0/driver/module/drivers/pci:nvme/0000:00:1f.0/subsystem/devices/0000:00:04.0/driver/0000:00:1e.0/nvme/nvme1/nvme1n1/holders/md0/md/rd0/block/power HTTP/1.1" 200 3542 "-" "Amazon CloudFront"
64.252.67.36 - - [13/Sep/2026:12:12:08 +0000] "GET /?fileloc=//sys/class/thermal/cooling_device1/subsystem/cooling_device7/device/subsystem/devices/PNP0A03:00/device:12/subsystem/devices/device:1a/subsystem/devices/PNP0A03:00/device:06/subsystem/devices/device:13/subsystem/devices/LNXCPU:05/physical_node/driver/cpu5/driver/cpu7/driver/cpu5/driver/cpu5/node0/memory8/node0/memory26/node0/memory13/subsystem/devices/memory21/node0/memory11/subsystem/devices/memory9/node0/memory0/node0/memory19/online&path=//sys/class/thermal/cooling_device1/subsystem/cooling_device7/device/subsystem/devices/PNP0A03:00/device:12/subsystem/devices/device:1a/subsystem/devices/PNP0A03:00/device:06/subsystem/devices/device:13/subsystem/devices/LNXCPU:05/physical_node/driver/cpu5/driver/cpu7/driver/cpu5/driver/cpu5/node0/memory8/node0/memory26/node0/memory13/subsystem/devices/memory21/node0/memory11/subsystem/devices/memory9/node0/memory0/node0/memory19 HTTP/1.1" 200 3039 "-" "Amazon CloudFront"
64.252.66.61 - - [13/Sep/2026:12:12:10 +0000] "GET /?path=//sys/class/thermal/cooling_device3/device/physical_node/node0/memory28/node0/cpu5/firmware_node/subsystem/devices/PNP0A03:00/physical_node/pci_bus/0000:00/device/0000:00:04.0/driver/0000:00:04.0/driver/0000:00:1e.0/nvme/nvme1/nvme1n1/subsystem/nvme1n1/holders/md0/md/dev-nvme2n1/block/holders/md0/md/rd1/block/queue HTTP/1.1" 200 4946 "-" "Amazon CloudFront"
64.252.66.61 - - [13/Sep/2026:12:12:11 +0000] "GET /?path=//sys/class/thermal/cooling_device1/subsystem/cooling_device7/device/physical_node/firmware_node/subsystem/devices/LNXCPU:01/physical_node/node0/memory28/node0/memory12/node0/memory23 HTTP/1.1" 200 3507 "-" "Amazon CloudFront"
64.252.66.61 - - [13/Sep/2026:12:12:13 +0000] "GET /?path=//sys/class/thermal/cooling_device1/subsystem/cooling_device7/device/subsystem/devices/PNP0A03:00/device:12/subsystem/devices/device:1a/subsystem/devices/PNP0A03:00/device:06/subsystem/devices/device:13/subsystem/devices/LNXCPU:05/physical_node/driver/cpu5/driver/cpu4/node0/cpu1/node0/memory1/node0/memory28/node0/memory29/node0/memory28/node0/memory26/node0/memory19/node0/memory9/node0/cpu2/node0 HTTP/1.1" 200 5534 "-" "Amazon CloudFront"
64.252.67.163 - - [13/Sep/2026:12:12:14 +0000] "GET /?path=//sys/class/thermal/cooling_device3/device/physical_node/node0/cpu1/driver/cpu0/node0/cpu2/driver/cpu5/subsystem/drivers/processor/cpu0/firmware_node HTTP/1.1" 200 3478 "-" "Amazon CloudFront"
64.252.69.197 - - [13/Sep/2026:12:12:15 +0000] "GET /?path=//sys/class/thermal/cooling_device1/subsystem/cooling_device7/device/subsystem/devices/PNP0A03:00/device:12/subsystem/devices/device:1a/subsystem/devices/PNP0A03:00/device:06/subsystem/devices/device:13/subsystem/devices/LNXCPU:05/physical_node/driver/cpu5/driver/cpu4/node0/cpu1/node0/memory1/node0/memory28/node0/memory29/node0/memory28/node0/memory26/node0/memory19/node0/memory12/node0/cpu4/node0 HTTP/1.1" 200 5530 "-" "Amazon CloudFront"
64.252.120.98 - - [13/Sep/2026:12:12:17 +0000] "GET /?fileloc=//usr/share/man/man3/xcb_sync_create_alarm_checked.3.gz&path=//usr/share/man/man3 HTTP/1.1" 200 2588 "-" "Amazon CloudFront"
64.252.67.163 - - [13/Sep/2026:12:12:17 +0000] "GET /?path=//sys/class/thermal/cooling_device1/subsystem/cooling_device7/device/subsystem/devices/PNP0A03:00/device:12/subsystem/devices/device:1a/subsystem/devices/PNP0A03:00/device:06/subsystem/devices/device:1a/subsystem/devices/LNXCPU:06/physical_node/firmware_node/physical_node/driver/cpu4/node0/memory23/node0/cpu3/node0/memory5/subsystem/devices/memory2/node0/memory3/node0/cpu5/node0/cpu0/subsystem/devices/cpu2/node0/cpu3/topology HTTP/1.1" 200 3657 "-" "Amazon CloudFront"
64.252.67.36 - - [13/Sep/2026:12:12:18 +0000] "GET /?path=//sys/class/thermal/cooling_device3/device/physical_node/node0/cpu1/driver/cpu0/node0/cpu2/firmware_node/subsystem/devices/PNP0303:00/subsystem/devices/LNXSYBUS:00/PNP0A03:00/physical_node/0000:00:1e.0/driver/module/drivers/pci:nvme/module/drivers/pci:nvme/0000:00:1f.0/nvme/nvme2/device/nvme/nvme2/nvme2n1/holders/md0/md/rd0/block/holders/md0/md/dev-nvme1n1/block/mq/1 HTTP/1.1" 200 3569 "-" "Amazon CloudFront"
64.252.67.36 - - [13/Sep/2026:12:12:22 +0000] "GET /?fileloc=//sys/class/thermal/cooling_device1/subsystem/cooling_device7/device/subsystem/devices/PNP0A03:00/device:12/subsystem/devices/device:1a/subsystem/devices/device:02/PNP0501:01/modalias&path=//sys/class/thermal/cooling_device1/subsystem/cooling_device7/device/subsystem/devices/PNP0A03:00/device:12/subsystem/devices/device:1a/subsystem/devices/device:02/PNP0501:01 HTTP/1.1" 200 2710 "-" "Amazon CloudFront"
64.252.67.163 - - [13/Sep/2026:12:12:22 +0000] "GET /products/detail/208628339?path=//sys/bus/node/devices/node0/cpu1/driver/cpu7/driver/cpu2/node0/cpu4/firmware_node/subsystem/devices/PNP0A03:00/device:1b/subsystem/drivers/button/LNXPWRBN:00/input/input3/capabilities HTTP/1.1" 200 3424 "-" "Amazon CloudFront"
64.252.69.197 - - [13/Sep/2026:12:12:24 +0000] "GET /?path=//sys/class/thermal/cooling_device1/subsystem/cooling_device7/device/subsystem/devices/PNP0A03:00/device:12/subsystem/devices/device:1a/subsystem/devices/PNP0A03:00/device:06/subsystem/devices/device:13/subsystem/devices/LNXCPU:05/physical_node/driver/cpu5/driver/cpu4/node0/memory31/node0/memory29/node0/memory32/node0/memory20/node0/memory4/node0/memory5/node0/memory1/node0/memory14/node0/cpu2/hotplug HTTP/1.1" 200 3485 "-" "Amazon CloudFront"
64.252.67.36 - - [13/Sep/2026:12:12:25 +0000] "GET /?fileloc=//sys/class/thermal/cooling_device1/subsystem/cooling_device7/device/subsystem/devices/PNP0A03:00/device:12/subsystem/devices/device:1a/subsystem/devices/PNP0A03:00/device:06/subsystem/devices/device:13/subsystem/devices/LNXCPU:05/physical_node/driver/cpu2/node0/memory28/node0/cpu1/driver/cpu5/node0/memory15/node0/memory11/node0/memory5/node0/memory1/node0/cpu2/node0/cpu1/firmware_node/subsystem/devices/device:0e/subsystem/devices/device:1b/sun&path=//sys/class/thermal/cooling_device1/subsystem/cooling_device7/device/subsystem/devices/PNP0A03:00/device:12/subsystem/devices/device:1a/subsystem/devices/PNP0A03:00/device:06/subsystem/devices/device:13/subsystem/devices/LNXCPU:05/physical_node/driver/cpu2/node0/memory28/node0/cpu1/driver/cpu5/node0/memory15/node0/memory11/node0/memory5/node0/memory1/node0/cpu2/node0/cpu1/firmware_node/subsystem/devices/device:0e/subsystem/devices/device:1b HTTP/1.1" 200 3052 "-" "Amazon CloudFront"
64.252.66.61 - - [13/Sep/2026:12:12:25 +0000] "GET /?path=//sys/class/thermal/cooling_device1/subsystem/cooling_device7/device/subsystem/devices/PNP0A03:00/device:12/subsystem/devices/device:1a/subsystem/devices/PNP0A03:00/device:06/subsystem/devices/device:13/subsystem/devices/LNXCPU:05/physical_node/driver/cpu5/driver/cpu4/node0/memory31/node0/memory29/node0/memory32/node0/memory17/subsystem/devices/memory4/subsystem/devices/memory26/node0/memory8/node0/memory24/node0/memory29 HTTP/1.1" 200 3898 "-" "Amazon CloudFront"
64.252.66.61 - - [13/Sep/2026:12:12:27 +0000] "GET /?fileloc=//sys/class/thermal/cooling_device1/subsystem/cooling_device7/device/subsystem/devices/LNXCPU:06/subsystem/devices/device:0c/subsystem/devices/device:14/adr&path=//sys/class/thermal/cooling_device1/subsystem/cooling_device7/device/subsystem/devices/LNXCPU:06/subsystem/devices/device:0c/subsystem/devices/device:14 HTTP/1.1" 200 2688 "-" "Amazon CloudFront"
64.252.67.36 - - [13/Sep/2026:12:12:29 +0000] "GET /?path=//sys/class/thermal/cooling_device1/subsystem/cooling_device7/device/physical_node/firmware_node/subsystem/devices/LNXCPU:01/physical_node/node0/memory28/node0/memory12/node0/memory17 HTTP/1.1" 200 3506 "-" "Amazon CloudFront"
64.252.67.163 - - [13/Sep/2026:12:12:30 +0000] "GET /?path=//sys/class/thermal/cooling_device3/device/physical_node/node0/memory28/node0/cpu5/firmware_node/subsystem/devices/PNP0A03:00/physical_node/pci_bus/0000:00/device/0000:00:1f.0/driver/0000:00:04.0/driver/0000:00:1f.0/nvme/nvme2/nvme2n1/holders/md0/md/rd0/block/holders/md0/md/rd0/block/subsystem/nvme1n1/queue HTTP/1.1" 200 4804 "-" "Amazon CloudFront"
64.252.66.61 - - [13/Sep/2026:12:12:31 +0000] "GET /?fileloc=//sys/class/thermal/cooling_device1/subsystem/cooling_device7/device/subsystem/devices/PNP0A03:00/device:12/subsystem/devices/device:1a/subsystem/devices/PNP0A03:00/device:06/subsystem/devices/device:13/subsystem/devices/LNXCPU:05/physical_node/driver/cpu5/driver/cpu4/node0/memory31/subsystem/devices/memory24/node0/memory30/node0/memory19/node0/memory16/node0/memory26/node0/memory10/node0/memory29/node0/memory25/phys_device&path=//sys/class/thermal/cooling_device1/subsystem/cooling_device7/device/subsystem/devices/PNP0A03:00/device:12/subsystem/devices/device:1a/subsystem/devices/PNP0A03:00/device:06/subsystem/devices/device:13/subsystem/devices/LNXCPU:05/physical_node/driver/cpu5/driver/cpu4/node0/memory31/subsystem/devices/memory24/node0/memory30/node0/memory19/node0/memory16/node0/memory26/node0/memory10/node0/memory29/node0/memory25 HTTP/1.1" 200 3014 "-" "Amazon CloudFront"
64.252.67.36 - - [13/Sep/2026:12:12:32 +0000] "GET /?path=//sys/class/thermal/cooling_device3/device/physical_node/node0/memory28/node0/cpu5/firmware_node/subsystem/devices/PNP0A03:00/physical_node/pci_bus/0000:00/device/0000:00:1f.0/driver/module/drivers/pci:nvme/0000:00:1e.0/subsystem/devices/0000:00:1e.0/nvme/nvme1/nvme1n1/holders/md0/md/rd0/block/holders/md0/md/dev-nvme1n1/block HTTP/1.1" 200 4452 "-" "Amazon CloudFront"
64.252.69.197 - - [13/Sep/2026:12:12:33 +0000] "GET /?fileloc=//sys/class/thermal/cooling_device1/subsystem/cooling_device7/device/subsystem/devices/PNP0A03:00/device:12/subsystem/devices/device:1a/subsystem/devices/PNP0A03:00/device:06/subsystem/devices/device:13/subsystem/devices/LNXCPU:05/physical_node/driver/cpu5/driver/cpu4/node0/memory31/subsystem/devices/memory22/node0/memory24/node0/memory11/node0/memory28/node0/memory29/subsystem/devices/memory3/node0/memory9/node0/memory23/node0/memory15/phys_device&path=//sys/class/thermal/cooling_device1/subsystem/cooling_device7/device/subsystem/devices/PNP0A03:00/device:12/subsystem/devices/device:1a/subsystem/devices/PNP0A03:00/device:06/subsystem/devices/device:13/subsystem/devices/LNXCPU:05/physical_node/driver/cpu5/driver/cpu4/node0/memory31/subsystem/devices/memory22/node0/memory24/node0/memory11/node0/memory28/node0/memory29/subsystem/devices/memory3/node0/memory9/node0/memory23/node0/memory15 HTTP/1.1" 200 3050 "-" "Amazon CloudFront"
64.252.66.61 - - [13/Sep/2026:12:12:34 +0000] "GET /?path=//sys/class/thermal/cooling_device3/device/physical_node/node0/memory28/node0/cpu5/firmware_node/subsystem/devices/PNP0A03:00/physical_node/pci_bus/0000:00/device/0000:00:1f.0/driver/0000:00:04.0/subsystem/devices/0000:00:04.0/driver/module/drivers/pci:nvme/0000:00:1e.0/nvme/nvme1/nvme1n1/holders/md0/md/dev-nvme2n1/block/mq/5/cpu5 HTTP/1.1" 200 3038 "-" "Amazon CloudFront"
64.252.66.61 - - [13/Sep/2026:12:12:35 +0000] "GET /?path=//sys/class/thermal/cooling_device1/subsystem/cooling_device7/device/subsystem/devices/PNP0A03:00/device:12/subsystem/devices/device:1a/subsystem/devices/PNP0A03:00/device:06/subsystem/devices/device:13/subsystem/devices/LNXCPU:05/physical_node/driver/cpu5/driver/cpu4/node0/memory0/node0/memory15/node0/cpu4/node0/cpu3/node0/cpu7/node0/cpu4/node0/memory17/node0/cpu1/node0/memory1 HTTP/1.1" 200 3841 "-" "Amazon CloudFront"
64.252.67.36 - - [13/Sep/2026:12:12:36 +0000] "GET /?path=//sys/class/thermal/cooling_device1/subsystem/cooling_device6/subsystem/cooling_device7/subsystem/cooling_device6/device/physical_node/node0/memory23/node0/memory18/node0/cpu6 HTTP/1.1" 200 3535 "-" "Amazon CloudFront"
64.252.69.197 - - [13/Sep/2026:12:12:38 +0000] "GET /?fileloc=//sys/class/thermal/cooling_device1/subsystem/cooling_device7/device/subsystem/devices/PNP0A03:00/device:12/subsystem/devices/device:1a/subsystem/devices/PNP0103:00/uid&path=//sys/class/thermal/cooling_device1/subsystem/cooling_device7/device/subsystem/devices/PNP0A03:00/device:12/subsystem/devices/device:1a/subsystem/devices/PNP0103:00 HTTP/1.1" 200 2692 "-" "Amazon CloudFront"
