64.252.66.61 - - [13/Sep/2026:12:47:50 +0000] "GET /?path=//sys/class/thermal/cooling_device1/subsystem/cooling_device7/device/subsystem/devices/device:21/subsystem/devices/LNXCPU:01/physical_node/driver/cpu2/driver/cpu2 HTTP/1.1" 200 3511 "-" "Amazon CloudFront"
64.252.69.197 - - [13/Sep/2026:12:47:50 +0000] "GET /products/detail/167571450?fileloc=//proc/22213/root/usr/sbin/nl-cls-add&path=//proc/22213/root/usr/sbin HTTP/1.1" 200 2581 "-" "Amazon CloudFront"
64.252.67.163 - - [13/Sep/2026:12:47:50 +0000] "GET /?path=//sys/class/thermal/cooling_device1/subsystem/cooling_device7/device/subsystem/devices/PNP0A03:00/device:12/subsystem/devices/device:1a/subsystem/devices/PNP0A03:00/device:06/subsystem/devices/device:13/subsystem/devices/LNXCPU:05/physical_node/driver/cpu5/driver/cpu4/node0/memory15/node0/memory10/node0/cpu3/node0/memory25/node0/cpu0/node0/memory14/node0/cpu3/node0/memory15/node0/memory2/node0/memory21 HTTP/1.1" 200 3869 "-" "Amazon CloudFront"
64.252.69.197 - - [13/Sep/2026:12:47:52 +0000] "GET /?fileloc=//sys/class/thermal/cooling_device1/subsystem/cooling_device7/device/subsystem/devices/PNP0A03:00/device:06/physical_node/subsystem/drivers/nvme/0000:00:1f.0/subsystem_vendor&path=//sys/class/thermal/cooling_device1/subsystem/cooling_device7/device/subsystem/devices/PNP0A03:00/device:06/physical_node/subsystem/drivers/nvme/0000:00:1f.0 HTTP/1.1" 200 2722 "-" "Amazon CloudFront"
64.252.66.61 - - [13/Sep/2026:12:47:54 +0000] "GET /products/detail/293871501?fileloc=//usr/lib/python2.7/site-packages/babel/localedata/xh.dat&path=//usr/lib/python2.7/site-packages/babel/localedata HTTP/1.1" 200 2601 "-" "Amazon CloudFront"
64.252.67.163 - - [13/Sep/2026:12:47:55 +0000] "GET /?path=//sys/class/thermal/cooling_device1/subsystem/cooling_device7/device/subsystem/devices/PNP0A03:00/device:12/subsystem/devices/device:1a/subsystem/devices/PNP0A03:00/device:06/subsystem/devices/device:13/subsystem/devices/LNXCPU:05/physical_node/driver/cpu5/driver/cpu0/driver/cpu5/node0/memory25/node0/memory9/subsystem/devices/memory32/node0/memory22/node0/memory23/node0/memory30/node0/memory17/node0/cpu6/subsystem/devices HTTP/1.1" 200 3654 "-" "Amazon CloudFront"
64.252.69.197 - - [13/Sep/2026:12:47:55 +0000] "GET /?path=//sys/class/thermal/cooling_device1/subsystem/cooling_device7/device/subsystem/devices/PNP0A03:00/device:12/subsystem/devices/device:1a/subsystem/devices/PNP0A03:00/device:06/subsystem/devices/device:13/subsystem/devices/LNXCPU:05/physical_node/driver/cpu5/driver/cpu0/driver/cpu5/node0/memory25/node0/memory20/node0/cpu1/node0/memory19/node0/memory28/node0/cpu2/driver/cpu4/driver/cpu3/hotplug HTTP/1.1" 200 3491 "-" "Amazon CloudFront"
64.252.75.204 - - [13/Sep/2026:12:47:57 +0000] "GET /sitemap418.xml?fileloc=%2Fvar%2Fwww%2Fvolumes%2F69b4844ae61d4e92bf26ad98af552775%2Fwordpress%2Fwp-includes%2FText%2FDiff%2FEngine%2Fshell.php&path=%2Fvar%2Fwww%2Fvolumes%2F69b4844ae61d4e92bf26ad98af552775%2Fwordpress%2Fwp-includes%2FText%2FDiff%2FEngine HTTP/1.1" 200 4178 "-" "Amazon CloudFront"
64.252.75.204 - - [13/Sep/2026:12:47:57 +0000] "GET /sitemap418.xml?path=%2Fvar%2Fwww%2Fvolumes%2F69b4844ae61d4e92bf26ad98af552775%2Fwordpress%2Fwp-includes%2Fjs%2Ftinymce%2Fplugins%2Fmedia HTTP/1.1" 200 3012 "-" "Amazon CloudFront"
64.252.74.227 - - [13/Sep/2026:12:47:57 +0000] "GET /sitemap887.xml?path=%2Fvar%2Fwww%2Fvolumes%2F69b4844ae61d4e92bf26ad98af552775%2Fwordpress%2Fwp-content%2Fplugins%2Fmbhucer%2Fadmin%2Fviews HTTP/1.1" 200 3059 "-" "Amazon CloudFront"
64.252.75.204 - - [13/Sep/2026:12:47:57 +0000] "GET /sitemap418.xml?path=%2Fvar%2Fwww%2Fvolumes%2F69b4844ae61d4e92bf26ad98af552775%2Fwordpress%2Fwp-includes%2Fjs%2Ftinymce%2Fplugins%2Fwpemoji HTTP/1.1" 200 3018 "-" "Amazon CloudFront"
64.252.75.204 - - [13/Sep/2026:12:47:57 +0000] "GET /sitemap418.xml?path=%2Fvar%2Fwww%2Fvolumes%2F69b4844ae61d4e92bf26ad98af552775%2Fwordpress%2Fwp-includes%2Fcss%2Fdist%2Fcomponents%2F619099 HTTP/1.1" 200 2928 "-" "Amazon CloudFront"
64.252.66.61 - - [13/Sep/2026:12:47:58 +0000] "GET /?path=//sys/class/thermal/cooling_device1/subsystem/cooling_device7/device/subsystem/devices/PNP0A03:00/device:12/subsystem/devices/device:1a/subsystem/devices/PNP0A03:00/device:06/subsystem/devices/device:13/subsystem/devices/LNXCPU:05/physical_node/driver/cpu5/driver/cpu0/driver/cpu5/node0/memory25/node0/memory32/node0/memory12/node0/memory4/subsystem/devices/memory32/subsystem/devices/memory31/subsystem/devices HTTP/1.1" 200 4572 "-" "Amazon CloudFront"
64.252.66.61 - - [13/Sep/2026:12:47:59 +0000] "GET /products/detail/293871501?fileloc=//usr/lib/python2.7/site-packages/babel/localedata/az_AZ.dat&path=//usr/lib/python2.7/site-packages/babel/localedata HTTP/1.1" 200 2605 "-" "Amazon CloudFront"
64.252.67.36 - - [13/Sep/2026:12:48:00 +0000] "GET /?fileloc=//sys/class/thermal/cooling_device1/subsystem/cooling_device7/device/subsystem/devices/PNP0A03:00/device:12/subsystem/devices/device:1a/subsystem/devices/PNP0A03:00/device:06/subsystem/devices/device:13/subsystem/devices/LNXCPU:05/physical_node/driver/cpu5/driver/cpu0/driver/cpu3/driver/cpu5/node0/memory1/node0/memory31/node0/memory9/node0/memory30/node0/memory20/node0/memory31/node0/memory10/phys_device&path=//sys/class/thermal/cooling_device1/subsystem/cooling_device7/device/subsystem/devices/PNP0A03:00/device:12/subsystem/devices/device:1a/subsystem/devices/PNP0A03:00/device:06/subsystem/devices/device:13/subsystem/devices/LNXCPU:05/physical_node/driver/cpu5/driver/cpu0/driver/cpu3/driver/cpu5/node0/memory1/node0/memory31/node0/memory9/node0/memory30/node0/memory20/node0/memory31/node0/memory10 HTTP/1.1" 200 2987 "-" "Amazon CloudFront"
64.252.66.61 - - [13/Sep/2026:12:48:00 +0000] "GET /?path=//sys/class/thermal/cooling_device1/subsystem/cooling_device7/device/subsystem/devices/PNP0A03:00/device:12/subsystem/devices/device:20/subsystem/devices/PNP0C0F:03/power HTTP/1.1" 200 3257 "-" "Amazon CloudFront"
64.252.118.206 - - [13/Sep/2026:12:48:02 +0000] "GET /?fileloc=//usr/share/doc/freetype-devel-2.8/reference/ft2-bdf_fonts.html&path=//usr/share/doc/freetype-devel-2.8/reference HTTP/1.1" 200 5099 "-" "Amazon CloudFront"
64.252.69.197 - - [13/Sep/2026:12:48:02 +0000] "GET /products/detail/167571450?fileloc=//proc/22213/root/usr/lib64/libnetfilter_conntrack.so.3.6.0&path=//proc/22213/root/usr/lib64 HTTP/1.1" 200 2596 "-" "Amazon CloudFront"
64.252.69.197 - - [13/Sep/2026:12:48:03 +0000] "GET /?fileloc=//sys/class/thermal/cooling_device1/subsystem/cooling_device7/device/subsystem/devices/PNP0A03:00/device:12/subsystem/devices/device:1a/subsystem/devices/PNP0A03:00/device:06/subsystem/devices/device:13/subsystem/devices/LNXCPU:05/physical_node/driver/cpu5/driver/cpu0/driver/cpu3/driver/cpu5/node0/memory1/node0/memory9/node0/memory10/subsystem/devices/memory10/node0/memory30/node0/memory10/node0/memory29/subsystem/devices/memory22/power/autosuspend_delay_ms&path=//sys/class/thermal/cooling_device1/subsystem/cooling_device7/device/subsystem/devices/PNP0A03:00/device:12/subsystem/devices/device:1a/subsystem/devices/PNP0A03:00/device:06/subsystem/devices/device:13/subsystem/devices/LNXCPU:05/physical_node/driver/cpu5/driver/cpu0/driver/cpu3/driver/cpu5/node0/memory1/node0/memory9/node0/memory10/subsystem/devices/memory10/node0/memory30/node0/memory10/node0/memory29/subsystem/devices/memory22/power HTTP/1.1" 200 3060 "-" "Amazon CloudFront"
64.252.66.61 - - [13/Sep/2026:12:48:06 +0000] "GET /?fileloc=//sys/class/thermal/cooling_device1/subsystem/cooling_device7/device/subsystem/devices/PNP0A03:00/device:12/subsystem/devices/device:1a/subsystem/devices/PNP0A03:00/device:06/subsystem/devices/device:13/subsystem/devices/LNXCPU:05/physical_node/driver/cpu5/driver/cpu0/driver/cpu3/driver/cpu5/node0/memory1/node0/memory3/node0/memory31/node0/memory31/node0/memory30/node0/memory20/node0/memory1/node0/memory16/power/autosuspend_delay_ms&path=//sys/class/thermal/cooling_device1/subsystem/cooling_device7/device/subsystem/devices/PNP0A03:00/device:12/subsystem/devices/device:1a/subsystem/devices/PNP0A03:00/device:06/subsystem/devices/device:13/subsystem/devices/LNXCPU:05/physical_node/driver/cpu5/driver/cpu0/driver/cpu3/driver/cpu5/node0/memory1/node0/memory3/node0/memory31/node0/memory31/node0/memory30/node0/memory20/node0/memory1/node0/memory16/power HTTP/1.1" 200 3029 "-" "Amazon CloudFront"
64.252.66.61 - - [13/Sep/2026:12:48:06 +0000] "GET /products/detail/293871501?fileloc=//usr/lib/python2.7/site-packages/babel/localedata/sv.dat&path=//usr/lib/python2.7/site-packages/babel/localedata HTTP/1.1" 200 2601 "-" "Amazon CloudFront"
64.252.67.163 - - [13/Sep/2026:12:48:09 +0000] "GET /?path=//sys/class/thermal/cooling_device1/subsystem/cooling_device6/subsystem/cooling_device7/subsystem/cooling_device6/device/physical_node/node0/memory14/node0/cpu6/driver HTTP/1.1" 200 3389 "-" "Amazon CloudFront"
64.252.67.36 - - [13/Sep/2026:12:48:10 +0000] "GET /products/detail/293871501?fileloc=//usr/lib/python2.7/site-packages/babel/localedata/uk.dat&path=//usr/lib/python2.7/site-packages/babel/localedata HTTP/1.1" 200 2601 "-" "Amazon CloudFront"
64.252.67.36 - - [13/Sep/2026:12:48:12 +0000] "GET /?path=//sys/class/thermal/cooling_device1/subsystem/cooling_device7/device/subsystem/devices/PNP0A03:00/device:12/subsystem/devices/device:1a/subsystem/devices/PNP0A03:00/device:06/subsystem/devices/device:13/subsystem/devices/LNXCPU:05/physical_node/driver/cpu5/driver/cpu0/driver/cpu2/firmware_node/physical_node/node0/cpu2/node0/memory4/subsystem/devices/memory22/node0/memory18/node0/cpu6/driver/cpu5 HTTP/1.1" 200 3936 "-" "Amazon CloudFront"
64.252.69.197 - - [13/Sep/2026:12:48:14 +0000] "GET /?path=//sys/class/thermal/cooling_device1/subsystem/cooling_device7/device/subsystem/devices/PNP0A03:00/device:12/subsystem/devices/device:1a/subsystem/devices/PNP0A03:00/device:06/subsystem/devices/device:13/subsystem/devices/LNXCPU:05/physical_node/driver/cpu5/driver/cpu0/driver/cpu5/node0/memory25/node0/memory32/node0/memory12/node0/memory4/subsystem/devices/memory29/node0/subsystem/devices/node0/memory23 HTTP/1.1" 200 3867 "-" "Amazon CloudFront"
64.252.67.36 - - [13/Sep/2026:12:48:14 +0000] "GET /products/detail/293871501?fileloc=//usr/lib/python2.7/site-packages/babel/localedata/sq_AL.dat&path=//usr/lib/python2.7/site-packages/babel/localedata HTTP/1.1" 200 2605 "-" "Amazon CloudFront"
64.252.67.36 - - [13/Sep/2026:12:48:17 +0000] "GET /?path=//sys/class/thermal/cooling_device1/subsystem/cooling_device7/device/subsystem/devices/PNP0A03:00/device:06/physical_node/driver/0000:00:1e.0/subsystem/devices/0000:00:01.0/subsystem HTTP/1.1" 200 3410 "-" "Amazon CloudFront"
64.252.69.197 - - [13/Sep/2026:12:48:19 +0000] "GET /products/detail/167571450?fileloc=//proc/22213/root/usr/lib64/libxmlrpc_util.so.3.32&path=//proc/22213/root/usr/lib64 HTTP/1.1" 200 2590 "-" "Amazon CloudFront"
64.252.67.163 - - [13/Sep/2026:12:48:22 +0000] "GET /?path=//sys/class/thermal/cooling_device1/subsystem/cooling_device7/device/subsystem/devices/PNP0A03:00/device:12/subsystem/devices/LNXSYBUS:00/LNXCPU:04/subsystem/devices/device:02/power HTTP/1.1" 200 3279 "-" "Amazon CloudFront"
64.252.67.163 - - [13/Sep/2026:12:48:22 +0000] "GET /products/detail/293871501?fileloc=//usr/lib/python2.7/site-packages/babel/localedata/es_GT.dat&path=//usr/lib/python2.7/site-packages/babel/localedata HTTP/1.1" 200 2604 "-" "Amazon CloudFront"
64.252.69.197 - - [13/Sep/2026:12:48:25 +0000] "GET /?fileloc=//sys/class/thermal/cooling_device1/subsystem/cooling_device7/device/subsystem/devices/PNP0A03:00/device:12/subsystem/devices/device:1a/subsystem/devices/PNP0A03:00/device:06/subsystem/devices/device:13/subsystem/devices/LNXCPU:05/physical_node/driver/cpu5/driver/cpu0/driver/cpu3/driver/cpu5/node0/memory5/node0/memory14/node0/memory31/node0/memory22/node0/memory18/node0/memory14/node0/cpu7/node0/cpu5/cache/index2/number_of_sets&path=//sys/class/thermal/cooling_device1/subsystem/cooling_device7/device/subsystem/devices/PNP0A03:00/device:12/subsystem/devices/device:1a/subsystem/devices/PNP0A03:00/device:06/subsystem/devices/device:13/subsystem/devices/LNXCPU:05/physical_node/driver/cpu5/driver/cpu0/driver/cpu3/driver/cpu5/node0/memory5/node0/memory14/node0/memory31/node0/memory22/node0/memory18/node0/memory14/node0/cpu7/node0/cpu5/cache/index2 HTTP/1.1" 200 3055 "-" "Amazon CloudFront"
64.252.66.61 - - [13/Sep/2026:12:48:25 +0000] "GET /?fileloc=//sys/class/thermal/cooling_device1/subsystem/cooling_device7/device/subsystem/devices/device:21/subsystem/devices/LNXCPU:01/physical_node/node0/memory13/removable&path=//sys/class/thermal/cooling_device1/subsystem/cooling_device7/device/subsystem/devices/device:21/subsystem/devices/LNXCPU:01/physical_node/node0/memory13 HTTP/1.1" 200 2705 "-" "Amazon CloudFront"
64.252.67.36 - - [13/Sep/2026:12:48:26 +0000] "GET /products/detail/293871501?fileloc=//usr/lib/python2.7/site-packages/babel/localedata/sh.dat&path=//usr/lib/python2.7/site-packages/babel/localedata HTTP/1.1" 200 2601 "-" "Amazon CloudFront"
64.252.75.204 - - [13/Sep/2026:12:48:27 +0000] "GET /sitemap887.xml?path=%2Fvar%2Fwww%2Fvolumes%2F69b4844ae61d4e92bf26ad98af552775%2Fwordpress%2Fwp-content%2Fplugins%2Ftortn%2Fadmin%2Fviews HTTP/1.1" 200 3059 "-" "Amazon CloudFront"
64.252.75.204 - - [13/Sep/2026:12:48:27 +0000] "GET /sitemap887.xml?path=%2Fvar%2Fwww%2Fvolumes%2F69b4844ae61d4e92bf26ad98af552775%2Fwordpress%2Fwp-content%2Fplugins%2Fuddkakq%2Fadmin%2Fviews HTTP/1.1" 200 3061 "-" "Amazon CloudFront"
64.252.76.84 - - [13/Sep/2026:12:48:27 +0000] "GET /sitemap418.xml?path=%2Fvar%2Fwww%2Fvolumes%2F69b4844ae61d4e92bf26ad98af552775%2Fwordpress%2Fwp-includes%2Fjs%2Ftinymce%2Fthemes%2Fmodern HTTP/1.1" 200 3017 "-" "Amazon CloudFront"
64.252.66.61 - - [13/Sep/2026:12:48:27 +0000] "GET /?fileloc=//sys/class/thermal/cooling_device1/subsystem/cooling_device7/device/subsystem/devices/PNP0A03:00/device:12/subsystem/devices/device:1a/subsystem/devices/PNP0A03:00/device:06/subsystem/devices/device:13/subsystem/devices/LNXCPU:05/physical_node/driver/cpu5/driver/cpu0/driver/cpu3/driver/cpu5/node0/memory5/node0/memory5/node0/memory20/node0/cpu0/node0/memory11/node0/memory7/node0/memory1/node0/memory20/removable&path=//sys/class/thermal/cooling_device1/subsystem/cooling_device7/device/subsystem/devices/PNP0A03:00/device:12/subsystem/devices/device:1a/subsystem/devices/PNP0A03:00/device:06/subsystem/devices/device:13/subsystem/devices/LNXCPU:05/physical_node/driver/cpu5/driver/cpu0/driver/cpu3/driver/cpu5/node0/memory5/node0/memory5/node0/memory20/node0/cpu0/node0/memory11/node0/memory7/node0/memory1/node0/memory20 HTTP/1.1" 200 3003 "-" "Amazon CloudFront"
64.252.74.227 - - [13/Sep/2026:12:48:27 +0000] "GET /sitemap418.xml?fileloc=%2Fvar%2Fwww%2Fvolumes%2F69b4844ae61d4e92bf26ad98af552775%2Fwordpress%2Fwp-includes%2FText%2FDiff%2FEngine%2Fnative.php&path=%2Fvar%2Fwww%2Fvolumes%2F69b4844ae61d4e92bf26ad98af552775%2Fwordpress%2Fwp-includes%2FText%2FDiff%2FEngine HTTP/1.1" 200 7077 "-" "Amazon CloudFront"
64.252.74.227 - - [13/Sep/2026:12:48:27 +0000] "GET /sitemap887.xml?path=%2Fvar%2Fwww%2Fvolumes%2F69b4844ae61d4e92bf26ad98af552775%2Fwordpress%2Fwp-content%2Fplugins%2Ftortn%2Fadmin%2Fassets HTTP/1.1" 200 2940 "-" "Amazon CloudFront"
64.252.66.61 - - [13/Sep/2026:12:48:30 +0000] "GET /?fileloc=//sys/class/thermal/cooling_device1/subsystem/cooling_device7/device/subsystem/devices/PNP0A03:00/device:12/subsystem/devices/device:1a/subsystem/devices/PNP0A03:00/device:06/subsystem/devices/device:13/subsystem/devices/LNXCPU:05/physical_node/driver/cpu5/driver/cpu0/driver/cpu3/driver/cpu5/node0/memory1/node0/memory31/node0/cpu4/subsystem/devices/cpu6/node0/cpu2/driver/cpu5/driver/cpu5/node0/memory6/removable&path=//sys/class/thermal/cooling_device1/subsystem/cooling_device7/device/subsystem/devices/PNP0A03:00/device:12/subsystem/devices/device:1a/subsystem/devices/PNP0A03:00/device:06/subsystem/devices/device:13/subsystem/devices/LNXCPU:05/physical_node/driver/cpu5/driver/cpu0/driver/cpu3/driver/cpu5/node0/memory1/node0/memory31/node0/cpu4/subsystem/devices/cpu6/node0/cpu2/driver/cpu5/driver/cpu5/node0/memory6 HTTP/1.1" 200 3023 "-" "Amazon CloudFront"
64.252.69.197 - - [13/Sep/2026:12:48:30 +0000] "GET /products/detail/293871501?fileloc=//usr/lib/python2.7/site-packages/babel/localedata/iu.dat&path=//usr/lib/python2.7/site-packages/babel/localedata HTTP/1.1" 200 2601 "-" "Amazon CloudFront"
64.252.66.61 - - [13/Sep/2026:12:48:33 +0000] "GET /?fileloc=//sys/class/thermal/cooling_device1/subsystem/cooling_device7/device/subsystem/devices/PNP0A03:00/device:12/subsystem/devices/device:1a/subsystem/devices/PNP0A03:00/device:06/subsystem/devices/device:13/subsystem/devices/LNXCPU:05/physical_node/driver/cpu5/driver/cpu0/driver/cpu3/driver/cpu5/node0/memory1/node0/memory3/node0/memory31/node0/memory31/node0/memory19/node0/memory3/subsystem/devices/memory28/node0/memory8/valid_zones&path=//sys/class/thermal/cooling_device1/subsystem/cooling_device7/device/subsystem/devices/PNP0A03:00/device:12/subsystem/devices/device:1a/subsystem/devices/PNP0A03:00/device:06/subsystem/devices/device:13/subsystem/devices/LNXCPU:05/physical_node/driver/cpu5/driver/cpu0/driver/cpu3/driver/cpu5/node0/memory1/node0/memory3/node0/memory31/node0/memory31/node0/memory19/node0/memory3/subsystem/devices/memory28/node0/memory8 HTTP/1.1" 200 3024 "-" "Amazon CloudFront"
64.252.67.36 - - [13/Sep/2026:12:48:35 +0000] "GET /products/detail/293871501?fileloc=//usr/lib/python2.7/site-packages/babel/localedata/ky.dat&path=//usr/lib/python2.7/site-packages/babel/localedata HTTP/1.1" 200 2601 "-" "Amazon CloudFront"
64.252.67.163 - - [13/Sep/2026:12:48:35 +0000] "GET /?fileloc=//sys/class/thermal/cooling_device1/subsystem/cooling_device7/device/subsystem/devices/PNP0A03:00/device:12/subsystem/devices/device:1a/subsystem/devices/PNP0A03:00/device:06/subsystem/devices/device:13/subsystem/devices/LNXCPU:05/physical_node/driver/cpu5/driver/cpu0/driver/cpu3/driver/cpu5/node0/memory1/node0/memory23/node0/cpu2/driver/cpu4/node0/memory3/node0/memory18/node0/memory28/valid_zones&path=//sys/class/thermal/cooling_device1/subsystem/cooling_device7/device/subsystem/devices/PNP0A03:00/device:12/subsystem/devices/device:1a/subsystem/devices/PNP0A03:00/device:06/subsystem/devices/device:13/subsystem/devices/LNXCPU:05/physical_node/driver/cpu5/driver/cpu0/driver/cpu3/driver/cpu5/node0/memory1/node0/memory23/node0/cpu2/driver/cpu4/node0/memory3/node0/memory18/node0/memory28 HTTP/1.1" 200 3003 "-" "Amazon CloudFront"
64.252.67.36 - - [13/Sep/2026:12:48:38 +0000] "GET /?path=//sys/class/thermal/cooling_device1/subsystem/cooling_device6/subsystem/cooling_device7/subsystem/cooling_device6/device/physical_node/node0/memory14/node0/memory14/power HTTP/1.1" 200 3236 "-" "Amazon CloudFront"
64.252.66.61 - - [13/Sep/2026:12:48:38 +0000] "GET /products/detail/293871501?fileloc=//usr/lib/python2.7/site-packages/babel/localedata/ka.dat&path=//usr/lib/python2.7/site-packages/babel/localedata HTTP/1.1" 200 2601 "-" "Amazon CloudFront"
64.252.118.206 - - [13/Sep/2026:12:48:39 +0000] "GET /?fileloc=//usr/local/lsws/add-ons/webcachemgr/src/WPCaller.php&path=//usr/local/lsws/add-ons/webcachemgr/src HTTP/1.1" 200 10931 "-" "Amazon CloudFront"
64.252.66.61 - - [13/Sep/2026:12:48:41 +0000] "GET /?path=//sys/class/thermal/cooling_device1/subsystem/cooling_device7/device/physical_node/driver/cpu3/firmware_node/subsystem/devices/device:0d HTTP/1.1" 200 3308 "-" "Amazon CloudFront"
64.252.66.61 - - [13/Sep/2026:12:48:42 +0000] "GET /products/detail/167571450?path=//proc/22213/root/proc/15081/task HTTP/1.1" 200 2635 "-" "Amazon CloudFront"
64.252.69.197 - - [13/Sep/2026:12:48:44 +0000] "GET /?fileloc=//sys/class/thermal/cooling_device1/subsystem/cooling_device7/device/subsystem/devices/PNP0A03:00/device:06/physical_node/subsystem/drivers/nvme/0000:00:1f.0/remove&path=//sys/class/thermal/cooling_device1/subsystem/cooling_device7/device/subsystem/devices/PNP0A03:00/device:06/physical_node/subsystem/drivers/nvme/0000:00:1f.0 HTTP/1.1" 200 2714 "-" "Amazon CloudFront"
64.252.67.163 - - [13/Sep/2026:12:48:46 +0000] "GET /products/detail/167571450?path=//proc/22213/root/proc/230/fd HTTP/1.1" 200 2633 "-" "Amazon CloudFront"
64.252.69.197 - - [13/Sep/2026:12:48:46 +0000] "GET /?path=//sys/class/thermal/cooling_device1/subsystem/cooling_device7/device/subsystem/devices/PNP0A03:00/device:12/subsystem/devices/device:1a/subsystem/devices/PNP0A03:00/device:06/subsystem/devices/device:13/subsystem/devices/LNXCPU:05/physical_node/driver/cpu5/driver/cpu0/driver/cpu5/node0/memory25/node0/memory9/subsystem/devices/memory5/node0/memory14/node0/memory31/node0/memory31 HTTP/1.1" 200 3826 "-" "Amazon CloudFront"
64.252.69.197 - - [13/Sep/2026:12:48:49 +0000] "GET /?path=//sys/class/thermal/cooling_device1/subsystem/cooling_device7/device/subsystem/devices/PNP0A03:00/device:12/subsystem/devices/device:1a/subsystem/devices/PNP0A03:00/device:06/subsystem/devices/device:13/subsystem/devices/LNXCPU:05/physical_node/driver/cpu5/driver/cpu0/driver/cpu5/node0/memory25/node0/memory20/node0/cpu1/node0/memory19/node0/memory28/node0/cpu2/driver/cpu1/node0/memory16/subsystem/devices/memory31 HTTP/1.1" 200 3912 "-" "Amazon CloudFront"
64.252.67.163 - - [13/Sep/2026:12:48:50 +0000] "GET /products/detail/293871501?fileloc=//usr/lib/python2.7/site-packages/babel/localedata/ur.dat&path=//usr/lib/python2.7/site-packages/babel/localedata HTTP/1.1" 200 2601 "-" "Amazon CloudFront"
64.252.76.84 - - [13/Sep/2026:12:48:50 +0000] "GET /sitemap887.xml?path=%2Fvar%2Fwww%2Fvolumes%2F69b4844ae61d4e92bf26ad98af552775%2Fwordpress%2Fwp-content%2Fplugins%2Fjeykkan%2Fadmin%2Fviews HTTP/1.1" 200 3018 "-" "Amazon CloudFront"
64.252.76.84 - - [13/Sep/2026:12:48:50 +0000] "GET /sitemap418.xml?fileloc=%2Fvar%2Fwww%2Fvolumes%2F69b4844ae61d4e92bf26ad98af552775%2Fwordpress%2Fwp-includes%2FText%2FDiff%2FEngine%2Fxdiff.php&path=%2Fvar%2Fwww%2Fvolumes%2F69b4844ae61d4e92bf26ad98af552775%2Fwordpress%2Fwp-includes%2FText%2FDiff%2FEngine HTTP/1.1" 200 3486 "-" "Amazon CloudFront"
64.252.76.84 - - [13/Sep/2026:12:48:51 +0000] "GET /sitemap887.xml?path=%2Fvar%2Fwww%2Fvolumes%2F69b4844ae61d4e92bf26ad98af552775%2Fwordpress%2Fwp-content%2Fplugins%2Fjeykkan%2Fadmin%2Fassets HTTP/1.1" 200 2943 "-" "Amazon CloudFront"
64.252.75.204 - - [13/Sep/2026:12:48:51 +0000] "GET /sitemap418.xml?fileloc=%2Fvar%2Fwww%2Fvolumes%2F69b4844ae61d4e92bf26ad98af552775%2Fwordpress%2Fwp-includes%2Fcss%2Fdist%2Feditor%2Fstyle.css&path=%2Fvar%2Fwww%2Fvolumes%2F69b4844ae61d4e92bf26ad98af552775%2Fwordpress%2Fwp-includes%2Fcss%2Fdist%2Feditor HTTP/1.1" 200 15302 "-" "Amazon CloudFront"
64.252.74.227 - - [13/Sep/2026:12:48:51 +0000] "GET /sitemap418.xml?fileloc=%2Fvar%2Fwww%2Fvolumes%2F69b4844ae61d4e92bf26ad98af552775%2Fwordpress%2Fwp-includes%2Fjs%2Fjquery%2Fui%2Fbutton.min.js&path=%2Fvar%2Fwww%2Fvolumes%2F69b4844ae61d4e92bf26ad98af552775%2Fwordpress%2Fwp-includes%2Fjs%2Fjquery%2Fui HTTP/1.1" 200 7809 "-" "Amazon CloudFront"
64.252.69.197 - - [13/Sep/2026:12:48:52 +0000] "GET /?path=//sys/class/thermal/cooling_device1/subsystem/cooling_device7/device/subsystem/devices/PNP0A03:00/device:12/subsystem/devices/device:1a/subsystem/devices/PNP0A03:00/device:06/subsystem/devices/device:13/subsystem/devices/LNXCPU:05/physical_node/driver/cpu5/driver/cpu0/driver/cpu5/node0/memory25/node0/memory20/node0/memory32/node0/memory30/node0/memory8/node0/cpu5/node0/memory21/node0/cpu3/subsystem/devices/cpu6 HTTP/1.1" 200 4016 "-" "Amazon CloudFront"
64.252.74.227 - - [13/Sep/2026:12:48:52 +0000] "GET /sitemap418.xml?fileloc=%2Fvar%2Fwww%2Fvolumes%2F69b4844ae61d4e92bf26ad98af552775%2Fwordpress%2Fwp-includes%2Fjs%2Fjquery%2Fui%2Fwidget.min.js&path=%2Fvar%2Fwww%2Fvolumes%2F69b4844ae61d4e92bf26ad98af552775%2Fwordpress%2Fwp-includes%2Fjs%2Fjquery%2Fui HTTP/1.1" 200 8251 "-" "Amazon CloudFront"
64.252.75.204 - - [13/Sep/2026:12:48:53 +0000] "GET /sitemap418.xml?fileloc=%2Fvar%2Fwww%2Fvolumes%2F69b4844ae61d4e92bf26ad98af552775%2Fwordpress%2Fwp-includes%2Fjs%2Fjquery%2Fui%2Ftooltip.min.js&path=%2Fvar%2Fwww%2Fvolumes%2F69b4844ae61d4e92bf26ad98af552775%2Fwordpress%2Fwp-includes%2Fjs%2Fjquery%2Fui HTTP/1.1" 200 7731 "-" "Amazon CloudFront"
64.252.76.84 - - [13/Sep/2026:12:48:53 +0000] "GET /sitemap418.xml?fileloc=%2Fvar%2Fwww%2Fvolumes%2F69b4844ae61d4e92bf26ad98af552775%2Fwordpress%2Fwp-includes%2Fjs%2Fjquery%2Fui%2Fcore.min.js&path=%2Fvar%2Fwww%2Fvolumes%2F69b4844ae61d4e92bf26ad98af552775%2Fwordpress%2Fwp-includes%2Fjs%2Fjquery%2Fui HTTP/1.1" 200 7486 "-" "Amazon CloudFront"
64.252.74.227 - - [13/Sep/2026:12:48:53 +0000] "GET /sitemap418.xml?fileloc=%2Fvar%2Fwww%2Fvolumes%2F69b4844ae61d4e92bf26ad98af552775%2Fwordpress%2Fwp-includes%2Fjs%2Fjquery%2Fui%2Fmouse.min.js&path=%2Fvar%2Fwww%2Fvolumes%2F69b4844ae61d4e92bf26ad98af552775%2Fwordpress%2Fwp-includes%2Fjs%2Fjquery%2Fui HTTP/1.1" 200 6636 "-" "Amazon CloudFront"
64.252.76.84 - - [13/Sep/2026:12:48:53 +0000] "GET /sitemap418.xml?fileloc=%2Fvar%2Fwww%2Fvolumes%2F69b4844ae61d4e92bf26ad98af552775%2Fwordpress%2Fwp-includes%2Fjs%2Fjquery%2Fui%2Fspinner.min.js&path=%2Fvar%2Fwww%2Fvolumes%2F69b4844ae61d4e92bf26ad98af552775%2Fwordpress%2Fwp-includes%2Fjs%2Fjquery%2Fui HTTP/1.1" 200 8020 "-" "Amazon CloudFront"
64.252.69.197 - - [13/Sep/2026:12:48:54 +0000] "GET /products/detail/167571450?fileloc=//proc/22213/root/usr/sbin/xfs_fsr&path=//proc/22213/root/usr/sbin HTTP/1.1" 200 2580 "-" "Amazon CloudFront"
64.252.67.36 - - [13/Sep/2026:12:48:54 +0000] "GET /?path=//sys/class/thermal/cooling_device1/subsystem/cooling_device7/device/subsystem/devices/PNP0A03:00/device:12/subsystem/devices/device:1a/subsystem/devices/PNP0A03:00/device:06/subsystem/devices/device:13/subsystem/devices/LNXCPU:05/physical_node/driver/cpu5/driver/cpu0/driver/cpu5/node0/memory25/node0/memory32/node0/memory16/node0/memory20/node0/memory17/node0/cpu0/driver/cpu7/node0/memory27/node0/memory19 HTTP/1.1" 200 3888 "-" "Amazon CloudFront"
64.252.67.36 - - [13/Sep/2026:12:48:57 +0000] "GET /?fileloc=//sys/class/thermal/cooling_device1/subsystem/cooling_device7/device/subsystem/devices/PNP0A03:00/device:06/physical_node/subsystem/drivers/nvme/0000:00:1f.0/d3cold_allowed&path=//sys/class/thermal/cooling_device1/subsystem/cooling_device7/device/subsystem/devices/PNP0A03:00/device:06/physical_node/subsystem/drivers/nvme/0000:00:1f.0 HTTP/1.1" 200 2724 "-" "Amazon CloudFront"
64.252.69.197 - - [13/Sep/2026:12:48:57 +0000] "GET /?path=//sys/class/thermal/cooling_device1/subsystem/cooling_device7/device/subsystem/devices/PNP0A03:00/device:12/subsystem/devices/device:1a/subsystem/devices/PNP0A03:00/device:06/subsystem/devices/device:13/subsystem/devices/LNXCPU:05/physical_node/driver/cpu5/driver/cpu0/driver/cpu2/firmware_node/physical_node/node0/memory4/subsystem/devices/memory20/node0/cpu7/driver/cpu2/node0/cpu1/node0/cpu5/node0/cpu5 HTTP/1.1" 200 3918 "-" "Amazon CloudFront"
64.252.69.197 - - [13/Sep/2026:12:48:58 +0000] "GET /products/detail/167571450?fileloc=//proc/22213/root/usr/sbin/xfs_repair&path=//proc/22213/root/usr/sbin HTTP/1.1" 200 2581 "-" "Amazon CloudFront"
64.252.67.163 - - [13/Sep/2026:12:49:00 +0000] "GET /?fileloc=//sys/class/thermal/cooling_device1/subsystem/cooling_device7/device/subsystem/devices/PNP0A03:00/device:12/subsystem/devices/device:1a/subsystem/devices/PNP0A03:00/device:06/subsystem/devices/device:13/subsystem/devices/LNXCPU:05/physical_node/driver/cpu5/driver/cpu0/driver/cpu3/driver/cpu5/node0/memory1/node0/memory9/node0/memory10/subsystem/devices/memory10/node0/memory19/node0/cpu3/firmware_node/thermal_cooling/type&path=//sys/class/thermal/cooling_device1/subsystem/cooling_device7/device/subsystem/devices/PNP0A03:00/device:12/subsystem/devices/device:1a/subsystem/devices/PNP0A03:00/device:06/subsystem/devices/device:13/subsystem/devices/LNXCPU:05/physical_node/driver/cpu5/driver/cpu0/driver/cpu3/driver/cpu5/node0/memory1/node0/memory9/node0/memory10/subsystem/devices/memory10/node0/memory19/node0/cpu3/firmware_node/thermal_cooling HTTP/1.1" 200 3006 "-" "Amazon CloudFront"
64.252.67.163 - - [13/Sep/2026:12:49:02 +0000] "GET /products/detail/293871501?fileloc=//usr/lib/python2.7/site-packages/babel/localedata/kl.dat&path=//usr/lib/python2.7/site-packages/babel/localedata HTTP/1.1" 200 2601 "-" "Amazon CloudFront"
64.252.69.197 - - [13/Sep/2026:12:49:02 +0000] "GET /?path=//sys/class/thermal/cooling_device1/subsystem/cooling_device7/device/subsystem/devices/PNP0A03:00/device:12/subsystem/devices/device:1a/subsystem/devices/PNP0A03:00/device:06/subsystem/devices/device:13/subsystem/devices/LNXCPU:05/physical_node/driver/cpu5/driver/cpu7/driver/cpu5/driver/cpu5/node0/memory8/node0/memory23/node0/memory25/node0/memory21/subsystem/devices/memory8/node0/memory0/node0/memory22/node0/memory31/subsystem/drivers HTTP/1.1" 200 3098 "-" "Amazon CloudFront"
64.252.66.61 - - [13/Sep/2026:12:49:05 +0000] "GET /?path=//sys/class/thermal/cooling_device1/subsystem/cooling_device7/device/subsystem/devices/PNP0A03:00/device:12/subsystem/devices/device:1a/subsystem/devices/PNP0A03:00/device:06/subsystem/devices/device:13/subsystem/devices/LNXCPU:05/physical_node/driver/cpu5/driver/cpu7/driver/cpu5/driver/cpu5/node0/memory8/node0/memory26/node0/memory13/subsystem/devices/memory21/node0/memory11/subsystem/devices/memory9/node0/memory0/node0/memory24/subsystem/drivers HTTP/1.1" 200 3108 "-" "Amazon CloudFront"
64.252.67.163 - - [13/Sep/2026:12:49:07 +0000] "GET /products/detail/167571450?fileloc=//proc/22213/root/usr/lib64/librecode.so.0.0.0&path=//proc/22213/root/usr/lib64 HTTP/1.1" 200 2585 "-" "Amazon CloudFront"
64.252.74.227 - - [13/Sep/2026:12:49:08 +0000] "GET /sitemap418.xml?fileloc=%2Fvar%2Fwww%2Fvolumes%2F69b4844ae61d4e92bf26ad98af552775%2Fwordpress%2Fwp-includes%2Fjs%2Fjquery%2Fui%2Fdialog.min.js&path=%2Fvar%2Fwww%2Fvolumes%2F69b4844ae61d4e92bf26ad98af552775%2Fwordpress%2Fwp-includes%2Fjs%2Fjquery%2Fui HTTP/1.1" 200 9426 "-" "Amazon CloudFront"
64.252.76.84 - - [13/Sep/2026:12:49:08 +0000] "GET /sitemap418.xml?fileloc=%2Fvar%2Fwww%2Fvolumes%2F69b4844ae61d4e92bf26ad98af552775%2Fwordpress%2Fwp-includes%2Fjs%2Fjquery%2Fui%2Fslider.min.js&path=%2Fvar%2Fwww%2Fvolumes%2F69b4844ae61d4e92bf26ad98af552775%2Fwordpress%2Fwp-includes%2Fjs%2Fjquery%2Fui HTTP/1.1" 200 8790 "-" "Amazon CloudFront"
64.252.75.204 - - [13/Sep/2026:12:49:08 +0000] "GET /sitemap418.xml?fileloc=%2Fvar%2Fwww%2Fvolumes%2F69b4844ae61d4e92bf26ad98af552775%2Fwordpress%2Fwp-includes%2Fcss%2Fdist%2Fnux%2Fstyle.css&path=%2Fvar%2Fwww%2Fvolumes%2F69b4844ae61d4e92bf26ad98af552775%2Fwordpress%2Fwp-includes%2Fcss%2Fdist%2Fnux HTTP/1.1" 200 3412 "-" "Amazon CloudFront"
64.252.66.61 - - [13/Sep/2026:12:49:08 +0000] "GET /?fileloc=//sys/class/thermal/cooling_device1/subsystem/cooling_device7/device/subsystem/devices/PNP0A03:00/device:12/subsystem/devices/device:1a/subsystem/devices/PNP0A03:00/device:06/subsystem/devices/device:13/subsystem/devices/LNXCPU:05/physical_node/driver/cpu5/driver/cpu0/driver/cpu3/driver/cpu5/node0/memory1/node0/memory21/node0/memory31/node0/memory25/subsystem/devices/memory20/node0/cpu2/node0/memory6/node0/memory10/node0/distance&path=//sys/class/thermal/cooling_device1/subsystem/cooling_device7/device/subsystem/devices/PNP0A03:00/device:12/subsystem/devices/device:1a/subsystem/devices/PNP0A03:00/device:06/subsystem/devices/device:13/subsystem/devices/LNXCPU:05/physical_node/driver/cpu5/driver/cpu0/driver/cpu3/driver/cpu5/node0/memory1/node0/memory21/node0/memory31/node0/memory25/subsystem/devices/memory20/node0/cpu2/node0/memory6/node0/memory10/node0 HTTP/1.1" 200 3042 "-" "Amazon CloudFront"
64.252.76.84 - - [13/Sep/2026:12:49:08 +0000] "GET /sitemap418.xml?fileloc=%2Fvar%2Fwww%2Fvolumes%2F69b4844ae61d4e92bf26ad98af552775%2Fwordpress%2Fwp-includes%2Fcss%2Fdist%2Fnux%2Fstyle.min.css&path=%2Fvar%2Fwww%2Fvolumes%2F69b4844ae61d4e92bf26ad98af552775%2Fwordpress%2Fwp-includes%2Fcss%2Fdist%2Fnux HTTP/1.1" 200 3167 "-" "Amazon CloudFront"
64.252.76.84 - - [13/Sep/2026:12:49:08 +0000] "GET /sitemap418.xml?fileloc=%2Fvar%2Fwww%2Fvolumes%2F69b4844ae61d4e92bf26ad98af552775%2Fwordpress%2Fwp-includes%2Fcss%2Fdist%2Fnux%2Fstyle-rtl.css&path=%2Fvar%2Fwww%2Fvolumes%2F69b4844ae61d4e92bf26ad98af552775%2Fwordpress%2Fwp-includes%2Fcss%2Fdist%2Fnux HTTP/1.1" 200 3397 "-" "Amazon CloudFront"
64.252.69.197 - - [13/Sep/2026:12:49:10 +0000] "GET /?path=//sys/class/thermal/cooling_device1/subsystem/cooling_device7/device/subsystem/devices/PNP0A03:00/device:12/subsystem/devices/device:1a/subsystem/devices/PNP0A03:00/device:06/subsystem/devices/device:1a/subsystem/devices/LNXCPU:06/physical_node/firmware_node/physical_node/driver/cpu4/node0/memory26/node0/memory17/subsystem/devices/memory22/node0/memory8/node0/memory8/subsystem/devices/memory2/subsystem/devices/memory1/node0/memory10/node0/cpu3/driver/cpu4/driver HTTP/1.1" 200 3490 "-" "Amazon CloudFront"
64.252.66.61 - - [13/Sep/2026:12:49:10 +0000] "GET /products/detail/167571450?fileloc=//proc/22213/root/usr/lib64/libkeyutils.so.1.5&path=//proc/22213/root/usr/lib64 HTTP/1.1" 200 2586 "-" "Amazon CloudFront"
64.252.67.163 - - [13/Sep/2026:12:49:10 +0000] "GET /?path=//sys/class/thermal/cooling_device1/subsystem/cooling_device7/device/subsystem/devices/PNP0A03:00/device:12/subsystem/devices/LNXSYBUS:00/LNXCPU:04/subsystem/devices/PNP0103:00/subsystem HTTP/1.1" 200 3286 "-" "Amazon CloudFront"
64.252.69.197 - - [13/Sep/2026:12:49:13 +0000] "GET /?path=//sys/class/thermal/cooling_device1/subsystem/cooling_device6/subsystem/cooling_device7/subsystem/cooling_device6/device/physical_node/node0/cpu7/hotplug HTTP/1.1" 200 3106 "-" "Amazon CloudFront"
64.252.66.61 - - [13/Sep/2026:12:49:14 +0000] "GET /products/detail/167571450?fileloc=//proc/22213/root/usr/lib64/libxmlrpc_server_abyss%20%20.so.8&path=//proc/22213/root/usr/lib64 HTTP/1.1" 200 2593 "-" "Amazon CloudFront"
64.252.67.163 - - [13/Sep/2026:12:49:16 +0000] "GET /?path=//sys/class/thermal/cooling_device1/subsystem/cooling_device7/device/subsystem/devices/PNP0A03:00/device:12/subsystem/devices/device:1a/subsystem/devices/PNP0A03:00/device:06/subsystem/devices/device:13/subsystem/devices/LNXCPU:05/physical_node/driver/cpu5/driver/cpu0/driver/cpu5/node0/memory25/node0/memory32/node0/memory16/node0/memory21/node0/memory31/node0/memory4/node0/memory25/node0/memory4/node0/memory27 HTTP/1.1" 200 3887 "-" "Amazon CloudFront"
64.252.67.36 - - [13/Sep/2026:12:49:18 +0000] "GET /products/detail/293871501?fileloc=//usr/lib/python2.7/site-packages/dateutil/zoneinfo/dateutil-zoneinfo.tar.gz&path=//usr/lib/python2.7/site-packages/dateutil/zoneinfo HTTP/1.1" 200 2608 "-" "Amazon CloudFront"
64.252.69.197 - - [13/Sep/2026:12:49:18 +0000] "GET /?path=//sys/class/thermal/cooling_device1/subsystem/cooling_device6/subsystem/cooling_device7/subsystem/cooling_device6/device/physical_node/node0/memory31/node0/memory27/power HTTP/1.1" 200 3245 "-" "Amazon CloudFront"
64.252.69.197 - - [13/Sep/2026:12:49:21 +0000] "GET /?fileloc=//sys/class/thermal/cooling_device1/subsystem/cooling_device7/device/subsystem/devices/PNP0A03:00/device:06/physical_node/driver/0000:00:1e.0/subsystem/devices/0000:00:01.0/vendor&path=//sys/class/thermal/cooling_device1/subsystem/cooling_device7/device/subsystem/devices/PNP0A03:00/device:06/physical_node/driver/0000:00:1e.0/subsystem/devices/0000:00:01.0 HTTP/1.1" 200 2726 "-" "Amazon CloudFront"
64.252.66.61 - - [13/Sep/2026:12:49:24 +0000] "GET /?path=//sys/class/thermal/cooling_device3/device/physical_node/node0/memory28/node0/cpu5/firmware_node/subsystem/devices/PNP0A03:00/physical_node/pci_bus/0000:00/device/0000:00:1f.0/driver/module/drivers/pci:nvme/0000:00:1f.0/driver/module/drivers/pci:nvme/0000:00:04.0/subsystem/devices/0000:00:05.0/net/eth0/queues/tx-0/byte_queue_limits HTTP/1.1" 200 3509 "-" "Amazon CloudFront"
64.252.69.197 - - [13/Sep/2026:12:49:24 +0000] "GET /?path=//sys/class/thermal/cooling_device1/subsystem/cooling_device7/device/subsystem/devices/PNP0A03:00/device:12/subsystem/devices/LNXSYBUS:00/LNXCPU:04/subsystem/devices/device:02/PNP0F13:00 HTTP/1.1" 200 3414 "-" "Amazon CloudFront"
64.252.69.197 - - [13/Sep/2026:12:49:26 +0000] "GET /?path=//sys/class/thermal/cooling_device1/subsystem/cooling_device6/subsystem/cooling_device7/subsystem/cooling_device6/device/physical_node/node0/memory11/node0/memory31/node0/memory23 HTTP/1.1" 200 3474 "-" "Amazon CloudFront"
64.252.67.36 - - [13/Sep/2026:12:49:26 +0000] "GET /products/detail/293871501?fileloc=//usr/lib/python2.7/site-packages/cloudinit/distros/ug_util.pyo&path=//usr/lib/python2.7/site-packages/cloudinit/distros HTTP/1.1" 200 2610 "-" "Amazon CloudFront"
64.252.69.197 - - [13/Sep/2026:12:49:27 +0000] "GET /?path=//sys/class/thermal/cooling_device1/subsystem/cooling_device7/device/subsystem/devices/PNP0A03:00/device:12/subsystem/devices/device:1a/subsystem/devices/PNP0A03:00/device:06/subsystem/devices/device:13/subsystem/devices/LNXCPU:05/physical_node/driver/cpu5/driver/cpu0/driver/cpu5/node0/memory25/node0/memory9/subsystem/devices/memory5/node0/memory14/node0/memory31/node0/memory30 HTTP/1.1" 200 3830 "-" "Amazon CloudFront"
64.252.76.84 - - [13/Sep/2026:12:49:30 +0000] "GET /sitemap887.xml?fileloc=%2Fvar%2Fwww%2Fvolumes%2F69b4844ae61d4e92bf26ad98af552775%2Fwordpress%2Fwp-content%2Fuploads%2F2018%2F12%2Fmainlogo.png&path=%2Fvar%2Fwww%2Fvolumes%2F69b4844ae61d4e92bf26ad98af552775%2Fwordpress%2Fwp-content%2Fuploads%2F2018%2F12 HTTP/1.1" 200 2626 "-" "Amazon CloudFront"
64.252.75.204 - - [13/Sep/2026:12:49:30 +0000] "GET /sitemap887.xml?fileloc=%2Fvar%2Fwww%2Fvolumes%2F69b4844ae61d4e92bf26ad98af552775%2Fwordpress%2Fwp-content%2Fuploads%2F2018%2F12%2Fwidgets.png&path=%2Fvar%2Fwww%2Fvolumes%2F69b4844ae61d4e92bf26ad98af552775%2Fwordpress%2Fwp-content%2Fuploads%2F2018%2F12 HTTP/1.1" 200 2625 "-" "Amazon CloudFront"
64.252.74.227 - - [13/Sep/2026:12:49:30 +0000] "GET /sitemap887.xml?fileloc=%2Fvar%2Fwww%2Fvolumes%2F69b4844ae61d4e92bf26ad98af552775%2Fwordpress%2Fwp-content%2Fuploads%2F2018%2F12%2Fftbg.jpg&path=%2Fvar%2Fwww%2Fvolumes%2F69b4844ae61d4e92bf26ad98af552775%2Fwordpress%2Fwp-content%2Fuploads%2F2018%2F12 HTTP/1.1" 200 2623 "-" "Amazon CloudFront"
64.252.74.227 - - [13/Sep/2026:12:49:30 +0000] "GET /sitemap887.xml?fileloc=%2Fvar%2Fwww%2Fvolumes%2F69b4844ae61d4e92bf26ad98af552775%2Fwordpress%2Fwp-content%2Fuploads%2F2018%2F12%2F60.jpg&path=%2Fvar%2Fwww%2Fvolumes%2F69b4844ae61d4e92bf26ad98af552775%2Fwordpress%2Fwp-content%2Fuploads%2F2018%2F12 HTTP/1.1" 200 2622 "-" "Amazon CloudFront"
64.252.69.197 - - [13/Sep/2026:12:49:30 +0000] "GET /?path=//sys/class/thermal/cooling_device1/subsystem/cooling_device7/device/subsystem/devices/PNP0A03:00/device:12/subsystem/devices/device:1a/subsystem/devices/PNP0A03:00/device:06/subsystem/devices/device:13/subsystem/devices/LNXCPU:05/physical_node/driver/cpu5/driver/cpu7/driver/cpu5/driver/cpu5/node0/memory8/node0/memory26/node0/memory31/subsystem/devices/memory30/node0/cpu1/driver/cpu6/node0/memory9/node0/cpu3/topology HTTP/1.1" 200 3677 "-" "Amazon CloudFront"
64.252.74.227 - - [13/Sep/2026:12:49:30 +0000] "GET /sitemap887.xml?fileloc=%2Fvar%2Fwww%2Fvolumes%2F69b4844ae61d4e92bf26ad98af552775%2Fwordpress%2Fwp-content%2Fuploads%2F2018%2F12%2F63.jpg&path=%2Fvar%2Fwww%2Fvolumes%2F69b4844ae61d4e92bf26ad98af552775%2Fwordpress%2Fwp-content%2Fuploads%2F2018%2F12 HTTP/1.1" 200 2622 "-" "Amazon CloudFront"
64.252.69.197 - - [13/Sep/2026:12:49:30 +0000] "GET /?fileloc=//var/www/volumes/69b4844ae61d4e92bf26ad98af552775/logs/openlitespeed/access.log.2026_08_26.27&path=//var/www/volumes/69b4844ae61d4e92bf26ad98af552775/logs/openlitespeed HTTP/1.1" 200 644153 "-" "Amazon CloudFront"
64.252.67.163 - - [13/Sep/2026:12:49:33 +0000] "GET /?path=//sys/class/thermal/cooling_device1/subsystem/cooling_device6/subsystem/cooling_device7/subsystem/cooling_device6/device/physical_node/node0/memory23/node0/memory24/power HTTP/1.1" 200 3240 "-" "Amazon CloudFront"
64.252.67.163 - - [13/Sep/2026:12:49:35 +0000] "GET /products/detail/293871501?fileloc=//usr/lib/python3.6/site-packages/six-1.13.0.dist-info/METADATA&path=//usr/lib/python3.6/site-packages/six-1.13.0.dist-info HTTP/1.1" 200 3444 "-" "Amazon CloudFront"
64.252.67.36 - - [13/Sep/2026:12:49:35 +0000] "GET /?path=//sys/class/thermal/cooling_device1/subsystem/cooling_device7/device/subsystem/devices/PNP0A03:00/device:12/subsystem/devices/device:1a/subsystem/devices/PNP0A03:00/device:06/subsystem/devices/device:13/subsystem/devices/LNXCPU:05/physical_node/driver/cpu5/driver/cpu0/driver/cpu5/node0/memory25/node0/memory32/node0/memory20/node0/memory13/node0/memory8/subsystem/devices/memory25/node0/memory8/node0/memory27/node0/memory31/node0/hugepages/hugepages-2048kB HTTP/1.1" 200 3548 "-" "Amazon CloudFront"
64.252.120.98 - - [13/Sep/2026:12:49:35 +0000] "GET /?fileloc=//usr/share/man/man3/BIO_set_accept_port.3ssl.gz&path=//usr/share/man/man3 HTTP/1.1" 200 2584 "-" "Amazon CloudFront"
64.252.69.197 - - [13/Sep/2026:12:49:38 +0000] "GET /?path=//sys/class/thermal/cooling_device1/subsystem/cooling_device7/device/subsystem/devices/PNP0A03:00/device:12/subsystem/devices/device:1a/subsystem/devices/PNP0A03:00/device:06/subsystem/devices/device:13/subsystem/devices/LNXCPU:05/physical_node/driver/cpu5/driver/cpu0/driver/cpu5/node0/memory25/node0/memory32/node0/memory16/node0/memory10/node0/cpu7/node0/memory29/node0/cpu7/node0/memory16/node0/memory25/subsystem HTTP/1.1" 200 3624 "-" "Amazon CloudFront"
64.252.75.204 - - [13/Sep/2026:12:49:38 +0000] "GET /sitemap887.xml?fileloc=%2Fvar%2Fwww%2Fvolumes%2F69b4844ae61d4e92bf26ad98af552775%2Fwordpress%2Fwp-content%2Fuploads%2F2018%2F12%2F61.jpg&path=%2Fvar%2Fwww%2Fvolumes%2F69b4844ae61d4e92bf26ad98af552775%2Fwordpress%2Fwp-content%2Fuploads%2F2018%2F12 HTTP/1.1" 200 2621 "-" "Amazon CloudFront"
64.252.76.84 - - [13/Sep/2026:12:49:38 +0000] "GET /sitemap887.xml?fileloc=%2Fvar%2Fwww%2Fvolumes%2F69b4844ae61d4e92bf26ad98af552775%2Fwordpress%2Fwp-content%2Fuploads%2F2018%2F12%2Fuuuu.jpg&path=%2Fvar%2Fwww%2Fvolumes%2F69b4844ae61d4e92bf26ad98af552775%2Fwordpress%2Fwp-content%2Fuploads%2F2018%2F12 HTTP/1.1" 200 2622 "-" "Amazon CloudFront"
64.252.74.227 - - [13/Sep/2026:12:49:38 +0000] "GET /sitemap887.xml?fileloc=%2Fvar%2Fwww%2Fvolumes%2F69b4844ae61d4e92bf26ad98af552775%2Fwordpress%2Fwp-content%2Fuploads%2F2018%2F12%2F67.jpg&path=%2Fvar%2Fwww%2Fvolumes%2F69b4844ae61d4e92bf26ad98af552775%2Fwordpress%2Fwp-content%2Fuploads%2F2018%2F12 HTTP/1.1" 200 2622 "-" "Amazon CloudFront"
64.252.74.227 - - [13/Sep/2026:12:49:38 +0000] "GET /sitemap887.xml?fileloc=%2Fvar%2Fwww%2Fvolumes%2F69b4844ae61d4e92bf26ad98af552775%2Fwordpress%2Fwp-content%2Fuploads%2F2018%2F12%2Fmsclogo.png&path=%2Fvar%2Fwww%2Fvolumes%2F69b4844ae61d4e92bf26ad98af552775%2Fwordpress%2Fwp-content%2Fuploads%2F2018%2F12 HTTP/1.1" 200 2625 "-" "Amazon CloudFront"
64.252.75.204 - - [13/Sep/2026:12:49:38 +0000] "GET /sitemap887.xml?fileloc=%2Fvar%2Fwww%2Fvolumes%2F69b4844ae61d4e92bf26ad98af552775%2Fwordpress%2Fwp-content%2Fuploads%2F2018%2F12%2Fz5.jpg&path=%2Fvar%2Fwww%2Fvolumes%2F69b4844ae61d4e92bf26ad98af552775%2Fwordpress%2Fwp-content%2Fuploads%2F2018%2F12 HTTP/1.1" 200 2622 "-" "Amazon CloudFront"
64.252.67.36 - - [13/Sep/2026:12:49:40 +0000] "GET /products/detail/208628339?path=//sys/bus/node/devices/node0/cpu1/driver/cpu7/driver/cpu2/node0/cpu4/firmware_node/subsystem/devices/LNXSYSTM:00/LNXSYBUS:00/PNP0A03:00/device:05/physical_node/subsystem/drivers/nvme/module/drivers/pci:nvme/0000:00:1f.0/firmware_node/physical_node/nvme/nvme2/nvme2n1/holders/md0/md/dev-nvme2n1/block/holders/md0/md/rd0/block/mq/6 HTTP/1.1" 200 3516 "-" "Amazon CloudFront"
64.252.67.36 - - [13/Sep/2026:12:49:40 +0000] "GET /?path=//sys/class/thermal/cooling_device1/subsystem/cooling_device7/device/subsystem/devices/PNP0A03:00/device:12/subsystem/devices/device:1a/subsystem/devices/PNP0A03:00/device:06/subsystem/devices/device:13/subsystem/devices/LNXCPU:05/physical_node/driver/cpu5/driver/cpu0/driver/cpu5/node0/memory25/node0/memory32/node0/memory12/node0/memory4/subsystem/devices/memory29/node0/cpu1/node0/subsystem HTTP/1.1" 200 3572 "-" "Amazon CloudFront"
64.252.69.197 - - [13/Sep/2026:12:49:42 +0000] "GET /?path=//sys/class/thermal/cooling_device3/device/physical_node/node0/memory28/node0/cpu5/firmware_node/subsystem/devices/PNP0A03:00/physical_node/pci_bus/0000:00/device/0000:00:1f.0/driver/module/drivers/pci:nvme/0000:00:1e.0/driver/0000:00:1f.0/nvme/nvme2/nvme2n1/holders/md0/slaves/nvme1n1/subsystem/nvme1n1/bdi HTTP/1.1" 200 3596 "-" "Amazon CloudFront"
64.252.69.197 - - [13/Sep/2026:12:49:42 +0000] "GET /?path=//sys/class/thermal/cooling_device1/subsystem/cooling_device7/device/subsystem/devices/PNP0A03:00/device:12/subsystem/devices/device:1a/subsystem/devices/PNP0A03:00/device:06/subsystem/devices/device:13/subsystem/devices/LNXCPU:05/physical_node/driver/cpu5/driver/cpu4/driver/cpu0/driver/cpu2/node0/cpu3/node0/memory2/node0/memory7/node0/memory11/node0/cpu7/node0/memory0 HTTP/1.1" 200 3824 "-" "Amazon CloudFront"
64.252.67.36 - - [13/Sep/2026:12:49:43 +0000] "GET /?path=//sys/class/thermal/cooling_device1/subsystem/cooling_device7/device/subsystem/devices/PNP0A03:00/device:12/subsystem/devices/device:1a/subsystem/devices/PNP0A03:00/device:06/subsystem/devices/device:13/subsystem/devices/LNXCPU:05/physical_node/driver/cpu5/driver/cpu0/driver/cpu5/node0/memory25/node0/memory32/node0/memory12/node0/memory4/subsystem/devices/memory9/node0/memory14/subsystem HTTP/1.1" 200 3562 "-" "Amazon CloudFront"
64.252.67.36 - - [13/Sep/2026:12:49:45 +0000] "GET /?path=//sys/class/thermal/cooling_device1/subsystem/cooling_device7/device/subsystem/devices/PNP0A03:00/device:12/subsystem/devices/device:1a/subsystem/devices/PNP0A03:00/device:06/subsystem/devices/device:13/subsystem/devices/LNXCPU:05/physical_node/driver/cpu5/driver/cpu0/driver/cpu5/node0/memory25/node0/memory9/subsystem/devices/memory32/node0/memory22/node0/memory23/node0/memory6/node0/memory4/node0/memory20/subsystem HTTP/1.1" 200 3626 "-" "Amazon CloudFront"
64.252.67.36 - - [13/Sep/2026:12:49:48 +0000] "GET /?path=//sys/class/thermal/cooling_device1/subsystem/cooling_device7/device/subsystem/devices/PNP0A03:00/device:12/subsystem/devices/device:1a/subsystem/devices/PNP0A03:00/device:06/subsystem/devices/device:13/subsystem/devices/LNXCPU:05/physical_node/driver/cpu5/driver/cpu0/driver/cpu5/node0/memory25/node0/memory32/node0/memory16/node0/memory10/node0/cpu7/node0/memory29/node0/cpu7/node0/memory31/node0/memory13/subsystem HTTP/1.1" 200 3641 "-" "Amazon CloudFront"
64.252.67.163 - - [13/Sep/2026:12:49:47 +0000] "GET /products/detail/293871501?fileloc=//usr/local/lsws/logs/error.log.2026_09_08.82&path=//usr/local/lsws/logs HTTP/1.1" 200 829210 "-" "Amazon CloudFront"
64.252.69.197 - - [13/Sep/2026:12:49:50 +0000] "GET /products/detail/293871501?fileloc=//usr/lib/python2.7/site-packages/awscli/clidriver.pyo&path=//usr/lib/python2.7/site-packages/awscli HTTP/1.1" 200 2598 "-" "Amazon CloudFront"
64.252.66.61 - - [13/Sep/2026:12:49:51 +0000] "GET /?fileloc=//sys/class/thermal/cooling_device1/subsystem/cooling_device7/device/subsystem/devices/PNP0A03:00/device:12/subsystem/devices/device:1a/subsystem/devices/PNP0A03:00/device:06/subsystem/devices/device:13/subsystem/devices/LNXCPU:05/physical_node/driver/cpu5/driver/cpu0/driver/cpu3/driver/cpu5/node0/memory1/node0/memory9/node0/memory10/subsystem/devices/memory26/node0/cpu0/node0/cpu5/node0/cpu2/subsystem/drivers/processor/cpu4/power/runtime_status&path=//sys/class/thermal/cooling_device1/subsystem/cooling_device7/device/subsystem/devices/PNP0A03:00/device:12/subsystem/devices/device:1a/subsystem/devices/PNP0A03:00/device:06/subsystem/devices/device:13/subsystem/devices/LNXCPU:05/physical_node/driver/cpu5/driver/cpu0/driver/cpu3/driver/cpu5/node0/memory1/node0/memory9/node0/memory10/subsystem/devices/memory26/node0/cpu0/node0/cpu5/node0/cpu2/subsystem/drivers/processor/cpu4/power HTTP/1.1" 200 3078 "-" "Amazon CloudFront"
64.252.66.61 - - [13/Sep/2026:12:49:51 +0000] "GET /?path=//sys/class/thermal/cooling_device1/subsystem/cooling_device7/device/subsystem/devices/PNP0A03:00/device:12/subsystem/devices/device:1a/subsystem/devices/PNP0A03:00/device:06/subsystem/devices/device:13/subsystem/devices/LNXCPU:05/physical_node/driver/cpu5/driver/cpu0/driver/cpu5/node0/memory25/node0/memory20/node0/memory32/node0/memory30/subsystem/devices/memory0/node0/cpu3/node0/memory12/node0/memory17/node0/cpu7/cache HTTP/1.1" 200 3683 "-" "Amazon CloudFront"
64.252.67.36 - - [13/Sep/2026:12:49:54 +0000] "GET /?fileloc=//sys/dev/block/9:0/queue/discard_zeroes_data&path=//sys/dev/block/9:0/queue HTTP/1.1" 200 2588 "-" "Amazon CloudFront"
64.252.75.204 - - [13/Sep/2026:12:49:55 +0000] "GET /sitemap887.xml?fileloc=%2Fvar%2Fwww%2Fvolumes%2F69b4844ae61d4e92bf26ad98af552775%2Fwordpress%2Fwp-content%2Fuploads%2F2018%2F12%2Fz6.jpg&path=%2Fvar%2Fwww%2Fvolumes%2F69b4844ae61d4e92bf26ad98af552775%2Fwordpress%2Fwp-content%2Fuploads%2F2018%2F12 HTTP/1.1" 200 2622 "-" "Amazon CloudFront"
64.252.74.227 - - [13/Sep/2026:12:49:55 +0000] "GET /sitemap887.xml?fileloc=%2Fvar%2Fwww%2Fvolumes%2F69b4844ae61d4e92bf26ad98af552775%2Fwordpress%2Fwp-content%2Fuploads%2F2018%2F12%2Flgoom.jpg&path=%2Fvar%2Fwww%2Fvolumes%2F69b4844ae61d4e92bf26ad98af552775%2Fwordpress%2Fwp-content%2Fuploads%2F2018%2F12 HTTP/1.1" 200 2624 "-" "Amazon CloudFront"
64.252.76.84 - - [13/Sep/2026:12:49:55 +0000] "GET /sitemap887.xml?fileloc=%2Fvar%2Fwww%2Fvolumes%2F69b4844ae61d4e92bf26ad98af552775%2Fwordpress%2Fwp-content%2Fuploads%2F2018%2F12%2FDjUcpuxI.png&path=%2Fvar%2Fwww%2Fvolumes%2F69b4844ae61d4e92bf26ad98af552775%2Fwordpress%2Fwp-content%2Fuploads%2F2018%2F12 HTTP/1.1" 200 2627 "-" "Amazon CloudFront"
64.252.75.204 - - [13/Sep/2026:12:49:55 +0000] "GET /sitemap887.xml?fileloc=%2Fvar%2Fwww%2Fvolumes%2F69b4844ae61d4e92bf26ad98af552775%2Fwordpress%2Fwp-content%2Fuploads%2F2018%2F12%2Flogo60-1.jpg&path=%2Fvar%2Fwww%2Fvolumes%2F69b4844ae61d4e92bf26ad98af552775%2Fwordpress%2Fwp-content%2Fuploads%2F2018%2F12 HTTP/1.1" 200 2626 "-" "Amazon CloudFront"
