64.252.69.197 - - [13/Sep/2026:13:14:55 +0000] "GET /?fileloc=//sys/class/thermal/cooling_device1/subsystem/cooling_device7/device/subsystem/devices/LNXCPU:06/subsystem/devices/device:0c/subsystem/devices/device:20/subsystem/drivers_probe&path=//sys/class/thermal/cooling_device1/subsystem/cooling_device7/device/subsystem/devices/LNXCPU:06/subsystem/devices/device:0c/subsystem/devices/device:20/subsystem HTTP/1.1" 200 2693 "-" "Amazon CloudFront"
64.252.67.163 - - [13/Sep/2026:13:14:58 +0000] "GET /?fileloc=//sys/class/thermal/cooling_device1/subsystem/cooling_device7/device/subsystem/devices/PNP0A03:00/device:12/subsystem/devices/device:1a/subsystem/devices/PNP0A03:00/device:06/subsystem/devices/device:13/subsystem/devices/LNXCPU:05/physical_node/driver/cpu5/driver/cpu7/driver/cpu5/driver/cpu5/node0/memory31/node0/memory7/node0/memory7/node0/memory23/node0/memory25/node0/memory0/node0/memory14/node0/cpu4/node0/cpumap&path=//sys/class/thermal/cooling_device1/subsystem/cooling_device7/device/subsystem/devices/PNP0A03:00/device:12/subsystem/devices/device:1a/subsystem/devices/PNP0A03:00/device:06/subsystem/devices/device:13/subsystem/devices/LNXCPU:05/physical_node/driver/cpu5/driver/cpu7/driver/cpu5/driver/cpu5/node0/memory31/node0/memory7/node0/memory7/node0/memory23/node0/memory25/node0/memory0/node0/memory14/node0/cpu4/node0 HTTP/1.1" 200 3019 "-" "Amazon CloudFront"
64.252.69.197 - - [13/Sep/2026:13:14:58 +0000] "GET /?path=//sys/class/thermal/cooling_device3/device/physical_node/node0/memory28/node0/cpu5/firmware_node/subsystem/devices/PNP0A03:00/physical_node/pci_bus/0000:00/device/0000:00:1f.0/driver/module/drivers/pci:nvme/0000:00:04.0/driver/0000:00:1e.0/subsystem/devices/0000:00:1f.0/nvme/nvme2/nvme2n1/holders/md0/slaves/nvme2n1/mq/6 HTTP/1.1" 200 3480 "-" "Amazon CloudFront"
64.252.120.98 - - [13/Sep/2026:13:15:00 +0000] "GET /?fileloc=//usr/share/doc/freetype-devel-2.8/reference/ft2-sfnt_names.html&path=//usr/share/doc/freetype-devel-2.8/reference HTTP/1.1" 200 5899 "-" "Amazon CloudFront"
64.252.66.61 - - [13/Sep/2026:13:15:00 +0000] "GET /?path=//sys/class/thermal/cooling_device1/subsystem/cooling_device6/subsystem/cooling_device7/subsystem/cooling_device6/device/physical_node/node0/memory2/node0/cpu1/node0/memory22 HTTP/1.1" 200 3474 "-" "Amazon CloudFront"
64.252.66.61 - - [13/Sep/2026:13:15:03 +0000] "GET /?path=//sys/class/thermal/cooling_device3/device/physical_node/node0/memory28/node0/cpu5/firmware_node/subsystem/devices/PNP0A03:00/physical_node/pci_bus/0000:00/device/0000:00:1f.0/driver/0000:00:1f.0/nvme/nvme2/nvme2n1/subsystem/nvme1n1/holders/md0/md/dev-nvme2n1/block/holders/md0/md/rd0/block HTTP/1.1" 200 4269 "-" "Amazon CloudFront"
64.252.67.163 - - [13/Sep/2026:13:15:03 +0000] "GET /?path=//sys/class/thermal/cooling_device1/subsystem/cooling_device7/device/subsystem/devices/PNP0A03:00/device:12/subsystem/devices/LNXCPU:01/power HTTP/1.1" 200 3231 "-" "Amazon CloudFront"
64.252.67.36 - - [13/Sep/2026:13:15:03 +0000] "GET /?path=//sys/class/thermal/cooling_device1/subsystem/cooling_device6/subsystem/cooling_device7/subsystem/cooling_device6/device/physical_node/node0/memory27/node0/memory23/node0/hugepages HTTP/1.1" 200 3072 "-" "Amazon CloudFront"
64.252.67.163 - - [13/Sep/2026:13:15:06 +0000] "GET /?path=//sys/class/thermal/cooling_device1/subsystem/cooling_device7/device/subsystem/devices/PNP0A03:00/device:12/subsystem/devices/device:1a/subsystem/devices/PNP0A03:00/device:06/subsystem/devices/device:13/subsystem/devices/LNXCPU:05/physical_node/driver/cpu5/driver/cpu4/node0/memory31/node0/memory8/subsystem/devices/memory28/subsystem/devices/memory8/node0/memory19/node0/memory0/node0/memory22/node0/cpu0/driver/cpu5/node0/cpu6/cache/power HTTP/1.1" 200 3692 "-" "Amazon CloudFront"
64.252.67.163 - - [13/Sep/2026:13:15:06 +0000] "GET /?path=//sys/class/thermal/cooling_device3/device/physical_node/node0/memory28/node0/cpu5/firmware_node/subsystem/devices/PNP0A03:00/physical_node/pci_bus/0000:00/device/0000:00:1e.0/driver/0000:00:1f.0/subsystem/drivers/nvme/module/drivers/pci:nvme/0000:00:1f.0/nvme/nvme2/nvme2n1/holders/md0/slaves/nvme2n1/holders/md0/bdi HTTP/1.1" 200 3628 "-" "Amazon CloudFront"
64.252.69.197 - - [13/Sep/2026:13:15:08 +0000] "GET /?path=//sys/class/thermal/cooling_device1/subsystem/cooling_device6/subsystem/cooling_device7/subsystem/cooling_device6/device/physical_node/node0/memory2/node0/cpu1/node0/cpu0 HTTP/1.1" 200 3486 "-" "Amazon CloudFront"
64.252.66.61 - - [13/Sep/2026:13:15:10 +0000] "GET /products/detail/208628339?path=//sys/bus/node/devices/node0/cpu1/driver/cpu7/driver/cpu2/node0/cpu1/firmware_node/thermal_cooling/device/physical_node/firmware_node/subsystem/devices/LNXSYBUS:00/PNP0A03:00/device:06/physical_node/subsystem/drivers/nvme/module/drivers/pci:nvme/0000:00:1e.0/nvme/nvme1/nvme1n1/holders/md0/md/rd1/block/holders/md0/md/dev-nvme1n1/block/mq/1 HTTP/1.1" 200 3528 "-" "Amazon CloudFront"
64.252.69.197 - - [13/Sep/2026:13:15:11 +0000] "GET /?path=//sys/class/thermal/cooling_device1/subsystem/cooling_device7/device/subsystem/devices/PNP0A03:00/device:12/subsystem/devices/device:1a/subsystem/devices/PNP0A03:00/device:06/subsystem/devices/device:1a/subsystem/devices/LNXCPU:06/physical_node/firmware_node/physical_node/driver/cpu3/node0/cpu6/subsystem/devices/cpu5/node0/memory31/subsystem/devices/memory19/node0/memory23/node0/memory15/node0/memory20/node0 HTTP/1.1" 200 5532 "-" "Amazon CloudFront"
64.252.69.197 - - [13/Sep/2026:13:15:12 +0000] "GET /?path=//sys/class/thermal/cooling_device1/subsystem/cooling_device7/device/subsystem/devices/PNP0A03:00/device:12/subsystem/devices/device:1a/subsystem/devices/PNP0A03:00/device:06/subsystem/devices/device:13/subsystem/devices/LNXCPU:05/physical_node/driver/cpu5/driver/cpu4/node0/cpu1/node0/memory1/node0/memory6/node0/cpu0/driver/cpu0/node0/cpu0/node0/memory25/node0/memory7/node0/cpu0/driver/cpu0/topology HTTP/1.1" 200 3659 "-" "Amazon CloudFront"
64.252.67.163 - - [13/Sep/2026:13:15:14 +0000] "GET /?path=//sys/class/thermal/cooling_device1/subsystem/cooling_device7/device/subsystem/devices/PNP0A03:00/device:12/subsystem/devices/device:1a/subsystem/devices/PNP0A03:00/device:06/subsystem/devices/device:13/subsystem/devices/LNXCPU:05/physical_node/driver/cpu5/driver/cpu4/node0/memory0/node0/memory15/subsystem/devices/memory6/node0/memory19/node0/memory24/node0/memory26/node0/memory9/node0/cpu4/node0/cpu4 HTTP/1.1" 200 3955 "-" "Amazon CloudFront"
64.252.67.36 - - [13/Sep/2026:13:15:15 +0000] "GET /?path=//sys/class/thermal/cooling_device3/device/physical_node/node0/memory28/node0/cpu5/firmware_node/subsystem/devices/PNP0A03:00/physical_node/pci_bus/0000:00/device/0000:00:1f.0/driver/module/drivers/pci:nvme/0000:00:1e.0/driver/0000:00:04.0/nvme/nvme0/nvme0n1/subsystem/md0/slaves/nvme2n1/holders/md0/md/dev-nvme1n1 HTTP/1.1" 200 3880 "-" "Amazon CloudFront"
64.252.67.36 - - [13/Sep/2026:13:15:16 +0000] "GET /?fileloc=//sys/class/thermal/cooling_device1/subsystem/cooling_device7/device/subsystem/devices/PNP0A03:00/device:12/subsystem/devices/device:1a/subsystem/devices/PNP0A03:00/device:06/subsystem/devices/device:13/subsystem/devices/LNXCPU:05/physical_node/driver/cpu5/driver/cpu1/driver/cpu2/driver/cpu5/node0/cpu6/node0/memory6/node0/cpu1/firmware_node/physical_node/firmware_node/physical_node/node0/memory0/node0/memory20/node0/memory1/removable&path=//sys/class/thermal/cooling_device1/subsystem/cooling_device7/device/subsystem/devices/PNP0A03:00/device:12/subsystem/devices/device:1a/subsystem/devices/PNP0A03:00/device:06/subsystem/devices/device:13/subsystem/devices/LNXCPU:05/physical_node/driver/cpu5/driver/cpu1/driver/cpu2/driver/cpu5/node0/cpu6/node0/memory6/node0/cpu1/firmware_node/physical_node/firmware_node/physical_node/node0/memory0/node0/memory20/node0/memory1 HTTP/1.1" 200 3013 "-" "Amazon CloudFront"
64.252.66.61 - - [13/Sep/2026:13:15:19 +0000] "GET /?path=//sys/class/thermal/cooling_device3/device/physical_node/node0/memory28/node0/cpu5/firmware_node/subsystem/devices/PNP0A03:00/physical_node/pci_bus/0000:00/device/0000:00:04.0/driver/0000:00:04.0/nvme/nvme0/nvme0n1/subsystem/nvme1n1/holders/md0/md/dev-nvme1n1/block/holders/md0/md/rd1/block/power HTTP/1.1" 200 3492 "-" "Amazon CloudFront"
64.252.67.36 - - [13/Sep/2026:13:15:19 +0000] "GET /?fileloc=//sys/class/thermal/cooling_device1/subsystem/cooling_device7/device/subsystem/devices/PNP0A03:00/device:12/subsystem/devices/device:1a/subsystem/devices/PNP0A03:00/device:06/subsystem/devices/device:13/subsystem/devices/LNXCPU:05/physical_node/driver/cpu5/driver/cpu7/driver/cpu5/driver/cpu5/node0/memory8/node0/memory26/node0/memory7/node0/memory11/subsystem/devices/memory11/node0/memory25/node0/memory1/online&path=//sys/class/thermal/cooling_device1/subsystem/cooling_device7/device/subsystem/devices/PNP0A03:00/device:12/subsystem/devices/device:1a/subsystem/devices/PNP0A03:00/device:06/subsystem/devices/device:13/subsystem/devices/LNXCPU:05/physical_node/driver/cpu5/driver/cpu7/driver/cpu5/driver/cpu5/node0/memory8/node0/memory26/node0/memory7/node0/memory11/subsystem/devices/memory11/node0/memory25/node0/memory1 HTTP/1.1" 200 3003 "-" "Amazon CloudFront"
64.252.69.197 - - [13/Sep/2026:13:15:22 +0000] "GET /?path=//sys/class/thermal/cooling_device1/subsystem/cooling_device7/device/subsystem/devices/PNP0A03:00/device:12/subsystem/devices/device:1a/subsystem/devices/PNP0A03:00/device:06/subsystem/devices/device:13/subsystem/devices/LNXCPU:05/physical_node/driver/cpu5/driver/cpu4/node0/cpu1/node0/memory1/node0/memory6/node0/cpu0/driver/cpu0/node0/memory1/node0/memory21/node0/memory12/node0/memory0/node0/memory15/node0 HTTP/1.1" 200 3901 "-" "Amazon CloudFront"
64.252.67.36 - - [13/Sep/2026:13:15:23 +0000] "GET /?path=//sys/class/thermal/cooling_device3/device/physical_node/node0/memory28/node0/cpu5/firmware_node/subsystem/devices/PNP0A03:00/physical_node/pci_bus/0000:00/device/0000:00:05.0/subsystem/devices/0000:00:04.0/driver/module/drivers/pci:nvme/module/drivers/pci:nvme/0000:00:1e.0/nvme/nvme1/nvme1n1/holders/md0/md/dev-nvme2n1/block/mq/1/cpu1 HTTP/1.1" 200 3043 "-" "Amazon CloudFront"
64.252.67.36 - - [13/Sep/2026:13:15:24 +0000] "GET /?path=//sys/class/thermal/cooling_device1/subsystem/cooling_device7/device/subsystem/devices/PNP0A03:00/device:12/subsystem/devices/device:1a/subsystem/devices/PNP0A03:00/device:06/subsystem/devices/device:13/subsystem/devices/LNXCPU:05/physical_node/driver/cpu5/driver/cpu4/node0/cpu1/node0/memory1/node0/memory6/node0/cpu0/driver/cpu6/node0/memory10/node0/memory7/node0/cpu5/node0/memory16/node0/memory15/node0 HTTP/1.1" 200 3907 "-" "Amazon CloudFront"
64.252.67.36 - - [13/Sep/2026:13:15:27 +0000] "GET /products/detail/208628339?path=//sys/bus/node/devices/node0/cpu1/driver/cpu7/driver/cpu2/node0/cpu1/firmware_node/thermal_cooling/device/physical_node/firmware_node/subsystem/devices/LNXSYSTM:00/LNXSYBUS:00/PNP0A03:00/device:06/physical_node/nvme/nvme0/nvme0n1/device/subsystem/nvme1/nvme1n1/holders/md0/slaves/nvme1n1/holders/md0/md/rd1/block/mq/3 HTTP/1.1" 200 3502 "-" "Amazon CloudFront"
64.252.66.61 - - [13/Sep/2026:13:15:27 +0000] "GET /?path=//sys/class/thermal/cooling_device1/subsystem/cooling_device7/device/subsystem/devices/PNP0A03:00/device:12/subsystem/devices/device:1a/subsystem/devices/PNP0A03:00/device:06/subsystem/devices/device:1a/subsystem/devices/LNXCPU:06/physical_node/firmware_node/physical_node/driver/cpu4/node0/memory23/node0/cpu3/node0/memory17/subsystem/devices/memory22/node0/memory31/node0/memory30/subsystem/devices/memory3/subsystem/devices/memory26/node0/memory3/node0/cpu0/topology HTTP/1.1" 200 3704 "-" "Amazon CloudFront"
64.252.66.61 - - [13/Sep/2026:13:15:30 +0000] "GET /?path=//sys/class/thermal/cooling_device1/subsystem/cooling_device7/device/subsystem/devices/PNP0A03:00/device:12/subsystem/devices/device:1a/subsystem/devices/PNP0A03:00/device:06/subsystem/devices/device:13/subsystem/devices/LNXCPU:05/physical_node/driver/cpu5/driver/cpu7/firmware_node/physical_node/node0/memory3/subsystem/devices/memory24/subsystem/devices/memory9/node0/memory23/node0/memory15/node0/cpu2/node0/memory1/subsystem/drivers HTTP/1.1" 200 3086 "-" "Amazon CloudFront"
64.252.66.61 - - [13/Sep/2026:13:15:30 +0000] "GET /?path=//sys/class/thermal/cooling_device3/device/physical_node/node0/memory28/node0/cpu5/firmware_node/subsystem/devices/PNP0A03:00/physical_node/pci_bus/0000:00/device/0000:00:1e.0/driver/module/drivers/pci:nvme/0000:00:1e.0/driver/0000:00:1f.0/nvme/nvme2/subsystem/nvme2/nvme2n1/holders/md0/md/rd0/block/holders/md0/slaves/nvme1n1/slaves HTTP/1.1" 200 3030 "-" "Amazon CloudFront"
64.252.69.197 - - [13/Sep/2026:13:15:31 +0000] "GET /?fileloc=//sys/class/thermal/cooling_device1/subsystem/cooling_device7/device/subsystem/devices/PNP0A03:00/device:12/subsystem/devices/device:1a/subsystem/devices/PNP0A03:00/device:06/subsystem/devices/device:13/subsystem/devices/LNXCPU:05/physical_node/driver/cpu5/driver/cpu4/node0/memory0/node0/memory15/node0/memory16/node0/memory5/node0/memory18/node0/memory31/node0/memory13/node0/memory26/node0/memory17/subsystem/devices/memory17/uevent&path=//sys/class/thermal/cooling_device1/subsystem/cooling_device7/device/subsystem/devices/PNP0A03:00/device:12/subsystem/devices/device:1a/subsystem/devices/PNP0A03:00/device:06/subsystem/devices/device:13/subsystem/devices/LNXCPU:05/physical_node/driver/cpu5/driver/cpu4/node0/memory0/node0/memory15/node0/memory16/node0/memory5/node0/memory18/node0/memory31/node0/memory13/node0/memory26/node0/memory17/subsystem/devices/memory17 HTTP/1.1" 200 3042 "-" "Amazon CloudFront"
64.252.67.163 - - [13/Sep/2026:13:15:32 +0000] "GET /?path=//sys/class/thermal/cooling_device1/subsystem/cooling_device7/device/subsystem/devices/PNP0A03:00/device:12/subsystem/devices/device:1a/subsystem/devices/PNP0A03:00/device:06/subsystem/devices/device:13/subsystem/devices/LNXCPU:05/physical_node/driver/cpu5/driver/cpu7/firmware_node/physical_node/node0/memory3/subsystem/devices/memory7/node0/memory1/node0/cpu5/subsystem/devices/cpu1/node0/memory29/node0/memory12/node0/memory24/node0/cpu5/cache/index2 HTTP/1.1" 200 4104 "-" "Amazon CloudFront"
64.252.66.61 - - [13/Sep/2026:13:15:35 +0000] "GET /?path=//sys/class/thermal/cooling_device3/device/physical_node/node0/memory28/node0/cpu5/firmware_node/subsystem/devices/PNP0A03:00/physical_node/pci_bus/0000:00/device/0000:00:04.0/driver/0000:00:04.0/driver/module/drivers/pci:nvme/module/drivers/pci:nvme/0000:00:1f.0/nvme/nvme2/nvme2n1/subsystem/nvme1n1/holders/md0/bdi HTTP/1.1" 200 3616 "-" "Amazon CloudFront"
64.252.69.197 - - [13/Sep/2026:13:15:38 +0000] "GET /?path=//sys/class/thermal/cooling_device3/device/physical_node/node0/memory28/node0/cpu5/firmware_node/subsystem/devices/PNP0A03:00/physical_node/pci_bus/0000:00/device/0000:00:03.0/subsystem/devices/0000:00:1f.0/driver/0000:00:1f.0/nvme/nvme2/nvme2n1/holders/md0/md/dev-nvme1n1/block/holders/md0/md/rd1/block/mq/5 HTTP/1.1" 200 3457 "-" "Amazon CloudFront"
64.252.67.163 - - [13/Sep/2026:13:15:38 +0000] "GET /?path=//sys/class/thermal/cooling_device1/subsystem/cooling_device7/device/subsystem/devices/PNP0A03:00/device:12/subsystem/devices/device:10/subsystem/devices/PNP0501:00/subsystem HTTP/1.1" 200 3254 "-" "Amazon CloudFront"
64.252.69.197 - - [13/Sep/2026:13:15:39 +0000] "GET /?path=//sys/class/thermal/cooling_device1/subsystem/cooling_device7/device/subsystem/devices/PNP0A03:00/device:12/subsystem/devices/device:1a/subsystem/devices/PNP0A03:00/device:06/subsystem/devices/device:13/subsystem/devices/LNXCPU:05/physical_node/driver/cpu5/driver/cpu0/driver/cpu3/driver/cpu5/node0/memory1/node0/memory9/node0/memory10/subsystem/devices/memory10/node0/memory30/node0/memory12/subsystem/devices/memory2 HTTP/1.1" 200 3884 "-" "Amazon CloudFront"
64.252.69.197 - - [13/Sep/2026:13:15:41 +0000] "GET /?path=//sys/class/thermal/cooling_device1/subsystem/cooling_device7/device/subsystem/devices/PNP0A03:00/device:12/subsystem/devices/device:1a/subsystem/devices/PNP0A03:00/device:06/subsystem/devices/device:13/subsystem/devices/LNXCPU:05/physical_node/driver/cpu2/node0/memory28/node0/cpu1/driver/cpu5/node0/memory15/node0/memory17/node0/memory18/node0/memory12/subsystem/devices/memory22/node0/memory31/node0/memory10/node0/cpu6/cache HTTP/1.1" 200 3688 "-" "Amazon CloudFront"
64.252.69.197 - - [13/Sep/2026:13:15:44 +0000] "GET /?fileloc=//sys/class/thermal/cooling_device1/subsystem/cooling_device7/device/subsystem/devices/PNP0A03:00/device:12/subsystem/devices/device:1a/subsystem/devices/PNP0A03:00/device:06/subsystem/devices/device:13/subsystem/devices/LNXCPU:05/physical_node/driver/cpu5/driver/cpu4/node0/memory31/subsystem/devices/memory24/node0/memory30/node0/memory19/node0/memory16/node0/memory26/node0/memory10/node0/memory30/node0/memory12/phys_device&path=//sys/class/thermal/cooling_device1/subsystem/cooling_device7/device/subsystem/devices/PNP0A03:00/device:12/subsystem/devices/device:1a/subsystem/devices/PNP0A03:00/device:06/subsystem/devices/device:13/subsystem/devices/LNXCPU:05/physical_node/driver/cpu5/driver/cpu4/node0/memory31/subsystem/devices/memory24/node0/memory30/node0/memory19/node0/memory16/node0/memory26/node0/memory10/node0/memory30/node0/memory12 HTTP/1.1" 200 3005 "-" "Amazon CloudFront"
64.252.66.61 - - [13/Sep/2026:13:15:44 +0000] "GET /?path=//sys/class/thermal/cooling_device3/device/physical_node/node0/memory28/node0/cpu5/firmware_node/subsystem/devices/PNP0A03:00/physical_node/pci_bus/0000:00/device/0000:00:04.0/driver/0000:00:04.0/nvme/nvme0/nvme0n1/subsystem/nvme1n1/holders/md0/md/rd0/block/holders/md0/slaves/nvme1n1/queue HTTP/1.1" 200 4778 "-" "Amazon CloudFront"
64.252.120.98 - - [13/Sep/2026:13:15:46 +0000] "GET /?fileloc=//usr/local/lsws/add-ons/webcachemgr/src/WPInstall.php&path=//usr/local/lsws/add-ons/webcachemgr/src HTTP/1.1" 200 5801 "-" "Amazon CloudFront"
64.252.67.163 - - [13/Sep/2026:13:15:46 +0000] "GET /?path=//sys/class/thermal/cooling_device3/device/physical_node/node0/cpu1/driver/cpu0/node0/cpu2/firmware_node/subsystem/devices/PNP0303:00/subsystem/devices/LNXSYBUS:00/PNP0A03:00/physical_node/0000:00:1e.0/driver/module/drivers/pci:nvme/module/drivers/pci:nvme/0000:00:1f.0/nvme/nvme2/device/nvme/nvme2/nvme2n1/holders/md0/slaves/nvme1n1/holders/md0/md/rd1/block/mq/7 HTTP/1.1" 200 3571 "-" "Amazon CloudFront"
64.252.69.197 - - [13/Sep/2026:13:15:47 +0000] "GET /?fileloc=//sys/class/thermal/cooling_device1/subsystem/cooling_device7/device/subsystem/devices/PNP0A03:00/device:12/subsystem/devices/device:1a/subsystem/devices/PNP0A03:00/device:06/subsystem/devices/device:13/subsystem/devices/LNXCPU:05/physical_node/driver/cpu5/driver/cpu4/node0/memory31/subsystem/devices/memory22/node0/memory24/node0/memory28/node0/memory20/node0/memory5/subsystem/devices/memory2/node0/memory13/node0/memory16/subsystem/devices/memory23/phys_device&path=//sys/class/thermal/cooling_device1/subsystem/cooling_device7/device/subsystem/devices/PNP0A03:00/device:12/subsystem/devices/device:1a/subsystem/devices/PNP0A03:00/device:06/subsystem/devices/device:13/subsystem/devices/LNXCPU:05/physical_node/driver/cpu5/driver/cpu4/node0/memory31/subsystem/devices/memory22/node0/memory24/node0/memory28/node0/memory20/node0/memory5/subsystem/devices/memory2/node0/memory13/node0/memory16/subsystem/devices/memory23 HTTP/1.1" 200 3054 "-" "Amazon CloudFront"
64.252.67.163 - - [13/Sep/2026:13:15:49 +0000] "GET /?fileloc=//sys/class/thermal/cooling_device1/subsystem/cooling_device7/device/subsystem/devices/PNP0A03:00/device:12/subsystem/devices/device:1a/subsystem/devices/PNP0A03:00/device:06/subsystem/devices/device:13/subsystem/devices/LNXCPU:05/physical_node/driver/cpu5/driver/cpu4/node0/memory31/subsystem/devices/memory31/node0/memory27/node0/memory4/node0/memory31/node0/cpu7/node0/cpu0/node0/memory18/node0/memory5/node0/memory31/phys_device&path=//sys/class/thermal/cooling_device1/subsystem/cooling_device7/device/subsystem/devices/PNP0A03:00/device:12/subsystem/devices/device:1a/subsystem/devices/PNP0A03:00/device:06/subsystem/devices/device:13/subsystem/devices/LNXCPU:05/physical_node/driver/cpu5/driver/cpu4/node0/memory31/subsystem/devices/memory31/node0/memory27/node0/memory4/node0/memory31/node0/cpu7/node0/cpu0/node0/memory18/node0/memory5/node0/memory31 HTTP/1.1" 200 3021 "-" "Amazon CloudFront"
64.252.67.163 - - [13/Sep/2026:13:15:51 +0000] "GET /?path=//sys/class/thermal/cooling_device3/device/physical_node/node0/cpu1/driver/cpu0/node0/cpu2/driver/cpu7/firmware_node/subsystem/devices/device:01/physical_node/power HTTP/1.1" 200 3284 "-" "Amazon CloudFront"
64.252.67.163 - - [13/Sep/2026:13:15:54 +0000] "GET /?path=//sys/class/thermal/cooling_device1/subsystem/cooling_device7/device/subsystem/devices/PNP0A03:00/device:12/subsystem/devices/device:1a/subsystem/devices/PNP0A03:00/device:06/subsystem/devices/device:13/subsystem/devices/LNXCPU:05/physical_node/driver/cpu5/driver/cpu7/firmware_node/physical_node/node0/memory3/subsystem/devices/memory26/node0/memory10/node0/memory25/node0/memory21/node0/memory25/node0/memory22/subsystem/devices/memory1/node0/memory2/node0 HTTP/1.1" 200 3930 "-" "Amazon CloudFront"
64.252.67.163 - - [13/Sep/2026:13:15:54 +0000] "GET /?path=//sys/class/thermal/cooling_device3/device/physical_node/node0/memory28/node0/cpu5/firmware_node/subsystem/devices/PNP0A03:00/physical_node/pci_bus/0000:00/device/0000:00:1f.0/driver/0000:00:1f.0/driver/0000:00:1e.0/nvme/nvme1/nvme1n1/holders/md0/md/rd0/block/subsystem/md0/md/dev-nvme1n1/block/mq/5/cpu5 HTTP/1.1" 200 2998 "-" "Amazon CloudFront"
64.252.67.163 - - [13/Sep/2026:13:15:57 +0000] "GET /?path=//sys/class/thermal/cooling_device1/subsystem/cooling_device7/device/subsystem/devices/PNP0A03:00/device:12/subsystem/devices/device:1a/subsystem/devices/PNP0A03:00/device:06/subsystem/devices/device:13/subsystem/devices/LNXCPU:05/physical_node/driver/cpu5/driver/cpu7/firmware_node/physical_node/node0/memory3/subsystem/devices/memory24/subsystem/devices/memory9/node0/cpu0/node0/memory14/subsystem/devices/memory13/subsystem/devices/memory15/node0/memory32/node0/memory26/node0 HTTP/1.1" 200 3926 "-" "Amazon CloudFront"
64.252.66.61 - - [13/Sep/2026:13:15:58 +0000] "GET /?path=//sys/class/thermal/cooling_device1/subsystem/cooling_device7/device/subsystem/devices/PNP0A03:00/device:12/subsystem/devices/device:1a/subsystem/devices/PNP0A03:00/device:06/subsystem/devices/device:13/subsystem/devices/LNXCPU:05/physical_node/driver/cpu5/driver/cpu4/node0/memory15/node0/memory5/subsystem/devices/memory5/node0/memory16/node0/memory27/node0/memory4/node0/memory26/node0/memory24/node0/memory14/node0/memory4/power HTTP/1.1" 200 3663 "-" "Amazon CloudFront"
64.252.67.163 - - [13/Sep/2026:13:15:58 +0000] "GET /products/detail/208628339?path=//sys/bus/node/devices/node0/cpu1/driver/cpu7/driver/cpu2/node0/cpu1/firmware_node/thermal_cooling/subsystem/cooling_device7/device/physical_node/firmware_node/subsystem/devices/LNXSYSTM:00/LNXSYBUS:00/PNP0A03:00/physical_node/0000:00:1f.0/nvme/nvme2/device/nvme/nvme2/nvme2n1/holders/md0/md/rd0/block/holders/md0/md/dev-nvme1n1/block/bdi HTTP/1.1" 200 3680 "-" "Amazon CloudFront"
64.252.67.163 - - [13/Sep/2026:13:15:59 +0000] "GET /?path=//sys/class/thermal/cooling_device1/subsystem/cooling_device7/device/subsystem/devices/PNP0A03:00/device:12/subsystem/devices/device:1a/subsystem/devices/PNP0A03:00/device:06/subsystem/devices/device:13/subsystem/devices/LNXCPU:05/physical_node/driver/cpu5/driver/cpu7/firmware_node/physical_node/node0/memory3/subsystem/devices/memory24/subsystem/devices/memory30/node0/memory12/node0/memory23/subsystem/devices/memory13/node0/memory5/subsystem/devices/memory21/node0/memory8/node0 HTTP/1.1" 200 3947 "-" "Amazon CloudFront"
64.252.67.163 - - [13/Sep/2026:13:16:02 +0000] "GET /?path=//sys/class/thermal/cooling_device1/subsystem/cooling_device7/device/subsystem/devices/PNP0A03:00/device:12/subsystem/devices/device:1a/subsystem/devices/PNP0A03:00/device:06/subsystem/devices/device:13/subsystem/devices/LNXCPU:05/physical_node/driver/cpu5/driver/cpu7/firmware_node/physical_node/node0/memory3/subsystem/devices/memory24/subsystem/devices/memory9/node0/cpu0/node0/memory14/subsystem/devices/memory13/subsystem/devices/memory14/node0/memory32/node0/memory3/node0 HTTP/1.1" 200 3914 "-" "Amazon CloudFront"
64.252.69.197 - - [13/Sep/2026:13:16:02 +0000] "GET /?path=//sys/class/thermal/cooling_device3/device/physical_node/node0/cpu1/driver/cpu0/node0/cpu2/firmware_node/subsystem/devices/PNP0303:00/subsystem/devices/LNXSYBUS:00/PNP0A03:00/physical_node/0000:00:1e.0/driver/module/drivers/pci:nvme/module/drivers/pci:nvme/0000:00:1f.0/nvme/nvme2/device/nvme/nvme2/nvme2n1/holders/md0/slaves/nvme1n1/holders/md0/md/rd1/block/mq/6 HTTP/1.1" 200 3570 "-" "Amazon CloudFront"
64.252.67.36 - - [13/Sep/2026:13:16:05 +0000] "GET /?path=//sys/class/thermal/cooling_device1/subsystem/cooling_device7/device/subsystem/devices/PNP0A03:00/device:12/subsystem/devices/device:1a/subsystem/devices/PNP0A03:00/device:1d/subsystem/devices/device:10/subsystem/devices/device:06/subsystem/devices/device:00/subsystem/devices/device:02/PNP0F13:00/subsystem/devices/LNXCPU:03/subsystem/devices/LNXCPU:05/subsystem/devices/LNXCPU:03/physical_node/node0/memory12/node0/memory20/node0/cpu3/node0/memory9/node0/memory24/node0/memory12/node0 HTTP/1.1" 200 5540 "-" "Amazon CloudFront"
64.252.67.163 - - [13/Sep/2026:13:16:07 +0000] "GET /?path=//sys/class/thermal/cooling_device3/device/physical_node/node0/memory28/node0/cpu5/firmware_node/subsystem/devices/PNP0A03:00/physical_node/pci_bus/0000:00/device/0000:00:05.0/subsystem/drivers/nvme/0000:00:04.0/driver/0000:00:1e.0/driver/module/drivers/pci:nvme/0000:00:1f.0/nvme/nvme2/nvme2n1/holders/md0/md/dev-nvme2n1/block/holders/md0/queue HTTP/1.1" 200 4947 "-" "Amazon CloudFront"
64.252.66.61 - - [13/Sep/2026:13:16:08 +0000] "GET /?fileloc=//sys/class/thermal/cooling_device1/subsystem/cooling_device7/device/subsystem/devices/PNP0A03:00/device:12/subsystem/devices/device:10/subsystem/devices/LNXCPU:04/uevent&path=//sys/class/thermal/cooling_device1/subsystem/cooling_device7/device/subsystem/devices/PNP0A03:00/device:12/subsystem/devices/device:10/subsystem/devices/LNXCPU:04 HTTP/1.1" 200 2719 "-" "Amazon CloudFront"
64.252.69.197 - - [13/Sep/2026:13:16:10 +0000] "GET /?path=//sys/class/thermal/cooling_device1/subsystem/cooling_device7/device/subsystem/devices/PNP0A03:00/device:12/subsystem/devices/device:1a/subsystem/devices/PNP0A03:00/device:06/subsystem/devices/device:13/subsystem/devices/LNXCPU:05/physical_node/driver/cpu5/driver/cpu7/firmware_node/physical_node/node0/memory3/subsystem/devices/memory25/node0/cpu4/node0/memory3/node0/memory17/node0/cpu1/node0/memory17/node0/memory23 HTTP/1.1" 200 3891 "-" "Amazon CloudFront"
64.252.67.163 - - [13/Sep/2026:13:16:10 +0000] "GET /?path=//sys/class/thermal/cooling_device3/device/physical_node/node0/memory28/node0/cpu5/firmware_node/subsystem/devices/PNP0A03:00/physical_node/pci_bus/0000:00/device/0000:00:1f.0/driver/0000:00:1f.0/driver/0000:00:1e.0/nvme/nvme1/nvme1n1/holders/md0/md/rd0/block/subsystem/md0/md/rd1/block/mq/1/cpu1 HTTP/1.1" 200 2995 "-" "Amazon CloudFront"
64.252.66.61 - - [13/Sep/2026:13:16:13 +0000] "GET /?fileloc=//sys/class/thermal/cooling_device1/subsystem/cooling_device7/device/subsystem/devices/PNP0A03:00/device:12/subsystem/devices/device:1a/subsystem/devices/PNP0A03:00/device:06/subsystem/devices/device:13/subsystem/devices/LNXCPU:05/physical_node/driver/cpu5/driver/cpu4/node0/memory31/node0/memory29/node0/memory32/node0/memory20/node0/memory4/node0/memory27/node0/memory20/node0/memory17/node0/memory6/node0/memory18/phys_index&path=//sys/class/thermal/cooling_device1/subsystem/cooling_device7/device/subsystem/devices/PNP0A03:00/device:12/subsystem/devices/device:1a/subsystem/devices/PNP0A03:00/device:06/subsystem/devices/device:13/subsystem/devices/LNXCPU:05/physical_node/driver/cpu5/driver/cpu4/node0/memory31/node0/memory29/node0/memory32/node0/memory20/node0/memory4/node0/memory27/node0/memory20/node0/memory17/node0/memory6/node0/memory18 HTTP/1.1" 200 3025 "-" "Amazon CloudFront"
64.252.67.163 - - [13/Sep/2026:13:16:14 +0000] "GET /?path=//sys/class/thermal/cooling_device1/subsystem/cooling_device6/subsystem/cooling_device7/subsystem/cooling_device6/device/physical_node/node0/memory2/node0/cpu1/node0/memory27 HTTP/1.1" 200 3475 "-" "Amazon CloudFront"
64.252.67.163 - - [13/Sep/2026:13:16:14 +0000] "GET /?path=//sys/class/thermal/cooling_device3/device/physical_node/node0/memory28/node0/cpu5/firmware_node/subsystem/devices/PNP0A03:00/physical_node/pci_bus/0000:00/device/0000:00:1f.0/driver/0000:00:04.0/driver/module/drivers/pci:nvme/0000:00:04.0/subsystem/devices/0000:00:1e.0/nvme/nvme1/nvme1n1/holders/md0/md/dev-nvme1n1/block/mq/4 HTTP/1.1" 200 3487 "-" "Amazon CloudFront"
64.252.69.197 - - [13/Sep/2026:13:16:16 +0000] "GET /?path=//sys/class/thermal/cooling_device1/subsystem/cooling_device6/subsystem/cooling_device7/subsystem/cooling_device6/device/physical_node/node0/memory27/node0/memory23/node0/memory5 HTTP/1.1" 200 3470 "-" "Amazon CloudFront"
64.252.67.163 - - [13/Sep/2026:13:16:18 +0000] "GET /?path=//sys/class/thermal/cooling_device1/subsystem/cooling_device7/device/subsystem/devices/PNP0A03:00/device:12/subsystem/devices/device:1a/subsystem/devices/PNP0A03:00/device:06/subsystem/devices/device:13/subsystem/devices/LNXCPU:05/physical_node/driver/cpu5/driver/cpu4/node0/memory31/subsystem/devices/memory22/node0/memory14/node0/memory10/node0/cpu3/node0/memory20/subsystem/devices/memory28/node0/memory6/subsystem/devices/memory7/node0/memory5/subsystem/devices HTTP/1.1" 200 3097 "-" "Amazon CloudFront"
64.252.67.163 - - [13/Sep/2026:13:16:18 +0000] "GET /?path=//sys/class/thermal/cooling_device3/device/physical_node/node0/memory28/node0/cpu5/firmware_node/subsystem/devices/PNP0A03:00/physical_node/pci_bus/0000:00/device/0000:00:00.0/subsystem/devices/0000:00:04.0/driver/0000:00:1f.0/driver/0000:00:1f.0/nvme/nvme2/nvme2n1/holders/md0/md/dev-nvme2n1/block/holders/md0/slaves/nvme2n1/mq/0/cpu0 HTTP/1.1" 200 3028 "-" "Amazon CloudFront"
64.252.118.206 - - [13/Sep/2026:13:16:21 +0000] "GET /?fileloc=//usr/local/lsws/add-ons/webcachemgr/src/Util.php&path=//usr/local/lsws/add-ons/webcachemgr/src HTTP/1.1" 200 5512 "-" "Amazon CloudFront"
64.252.67.36 - - [13/Sep/2026:13:16:22 +0000] "GET /?path=//sys/class/thermal/cooling_device3/device/physical_node/node0/memory28/node0/cpu5/firmware_node/subsystem/devices/PNP0A03:00/physical_node/pci_bus/0000:00/device/0000:00:05.0/subsystem/drivers/nvme/0000:00:04.0/driver/0000:00:1e.0/driver/module/drivers/pci:nvme/0000:00:1f.0/nvme/nvme2/nvme2n1/holders/md0/slaves/nvme2n1/mq/4/cpu4 HTTP/1.1" 200 3033 "-" "Amazon CloudFront"
64.252.69.197 - - [13/Sep/2026:13:16:24 +0000] "GET /?fileloc=//sys/class/thermal/cooling_device1/subsystem/cooling_device7/device/subsystem/devices/PNP0A03:00/device:12/subsystem/devices/device:1a/subsystem/devices/PNP0A03:00/device:06/subsystem/devices/device:13/subsystem/devices/LNXCPU:05/physical_node/driver/cpu5/driver/cpu0/driver/cpu5/node0/memory25/node0/memory11/node0/cpu0/node0/cpu7/subsystem/devices/cpu1/node0/memory14/node0/memory12/subsystem/devices/memory23/online&path=//sys/class/thermal/cooling_device1/subsystem/cooling_device7/device/subsystem/devices/PNP0A03:00/device:12/subsystem/devices/device:1a/subsystem/devices/PNP0A03:00/device:06/subsystem/devices/device:13/subsystem/devices/LNXCPU:05/physical_node/driver/cpu5/driver/cpu0/driver/cpu5/node0/memory25/node0/memory11/node0/cpu0/node0/cpu7/subsystem/devices/cpu1/node0/memory14/node0/memory12/subsystem/devices/memory23 HTTP/1.1" 200 3013 "-" "Amazon CloudFront"
64.252.67.163 - - [13/Sep/2026:13:16:26 +0000] "GET /?fileloc=//sys/class/thermal/cooling_device1/subsystem/cooling_device7/device/subsystem/devices/PNP0A03:00/device:12/subsystem/devices/device:1a/subsystem/devices/PNP0A03:00/device:06/subsystem/devices/device:13/subsystem/devices/LNXCPU:05/physical_node/driver/cpu5/driver/cpu0/driver/cpu5/node0/memory25/node0/memory32/node0/memory12/node0/memory31/subsystem/devices/memory13/subsystem/devices/memory32/node0/memory29/node0/memory29/node0/memory19/online&path=//sys/class/thermal/cooling_device1/subsystem/cooling_device7/device/subsystem/devices/PNP0A03:00/device:12/subsystem/devices/device:1a/subsystem/devices/PNP0A03:00/device:06/subsystem/devices/device:13/subsystem/devices/LNXCPU:05/physical_node/driver/cpu5/driver/cpu0/driver/cpu5/node0/memory25/node0/memory32/node0/memory12/node0/memory31/subsystem/devices/memory13/subsystem/devices/memory32/node0/memory29/node0/memory29/node0/memory19 HTTP/1.1" 200 3039 "-" "Amazon CloudFront"
64.252.69.197 - - [13/Sep/2026:13:16:27 +0000] "GET /?path=//sys/class/thermal/cooling_device3/device/physical_node/node0/memory28/node0/cpu5/firmware_node/subsystem/devices/PNP0A03:00/physical_node/pci_bus/0000:00/device/0000:00:1f.0/driver/module/drivers/pci:nvme/0000:00:04.0/nvme/nvme0/nvme0n1/nvme0n1p1/subsystem/md0/md/rd1/block/holders/md0/md/dev-nvme2n1/block/trace HTTP/1.1" 200 3526 "-" "Amazon CloudFront"
64.252.67.163 - - [13/Sep/2026:13:16:29 +0000] "GET /?path=//sys/class/thermal/cooling_device1/subsystem/cooling_device7/device/subsystem/devices/PNP0A03:00/device:12/subsystem/devices/device:1a/subsystem/devices/PNP0A03:00/device:06/subsystem/devices/device:13/subsystem/devices/LNXCPU:05/physical_node/driver/cpu5/driver/cpu4/node0/memory31/node0/memory8/subsystem/devices/memory28/subsystem/devices/memory8/node0/memory19/node0/memory0/node0/memory22/node0/cpu0/driver/cpu5/node0/cpu6/cache/index2 HTTP/1.1" 200 4092 "-" "Amazon CloudFront"
64.252.67.36 - - [13/Sep/2026:13:16:30 +0000] "GET /?path=//sys/class/thermal/cooling_device3/device/physical_node/node0/memory28/node0/cpu5/firmware_node/subsystem/devices/PNP0A03:00/physical_node/pci_bus/0000:00/device/0000:00:1e.0/driver/0000:00:1f.0/subsystem/devices/0000:00:1f.0/driver/0000:00:1e.0/nvme/nvme1/nvme1n1/holders/md0/slaves/nvme2n1/holders/md0/md/dev-nvme1n1/block/mq/0/cpu0 HTTP/1.1" 200 3033 "-" "Amazon CloudFront"
64.252.69.197 - - [13/Sep/2026:13:16:32 +0000] "GET /?path=//sys/class/thermal/cooling_device1/subsystem/cooling_device6/subsystem/cooling_device7/subsystem/cooling_device6/device/physical_node/node0/memory25/node0/memory21/node0/cpu0/firmware_node HTTP/1.1" 200 3486 "-" "Amazon CloudFront"
64.252.72.233 - - [13/Sep/2026:13:16:32 +0000] "GET /products/detail/313520521?path=/var/www/volumes/b40c922220cb4253a33f9ee1ad8e35a2 HTTP/1.1" 200 2642 "-" "Amazon CloudFront"
64.252.69.197 - - [13/Sep/2026:13:16:33 +0000] "GET /products/detail/269627632?fileloc=//lib64/libpq.so.5&path=//lib64 HTTP/1.1" 200 2544 "-" "Amazon CloudFront"
64.252.72.105 - - [13/Sep/2026:13:16:34 +0000] "GET /prizes/104823672?path=/s3/d23df92113774bf0a10c772fbede7cf4 HTTP/1.1" 200 2876 "-" "Amazon CloudFront"
64.252.67.163 - - [13/Sep/2026:13:16:34 +0000] "GET /?fileloc=//sys/class/thermal/cooling_device1/subsystem/cooling_device7/device/subsystem/devices/PNP0A03:00/device:12/subsystem/devices/device:1a/subsystem/devices/PNP0A03:00/device:06/subsystem/devices/device:13/subsystem/devices/LNXCPU:05/physical_node/driver/cpu5/driver/cpu7/driver/cpu5/driver/cpu5/node0/memory31/node0/memory26/subsystem/devices/memory17/node0/memory12/node0/memory18/subsystem/devices/memory19/node0/memory9/node0/memory13/phys_index&path=//sys/class/thermal/cooling_device1/subsystem/cooling_device7/device/subsystem/devices/PNP0A03:00/device:12/subsystem/devices/device:1a/subsystem/devices/PNP0A03:00/device:06/subsystem/devices/device:13/subsystem/devices/LNXCPU:05/physical_node/driver/cpu5/driver/cpu7/driver/cpu5/driver/cpu5/node0/memory31/node0/memory26/subsystem/devices/memory17/node0/memory12/node0/memory18/subsystem/devices/memory19/node0/memory9/node0/memory13 HTTP/1.1" 200 3046 "-" "Amazon CloudFront"
64.252.69.197 - - [13/Sep/2026:13:16:35 +0000] "GET /?path=//sys/class/thermal/cooling_device3/device/physical_node/node0/memory28/node0/cpu5/firmware_node/subsystem/devices/PNP0A03:00/physical_node/pci_bus/0000:00/device/0000:00:00.0/subsystem/devices/0000:00:04.0/driver/0000:00:1f.0/driver/module/drivers/pci:nvme/module/drivers/pci:nvme/0000:00:1e.0/nvme/nvme1/nvme1n1/bdi/power HTTP/1.1" 200 3523 "-" "Amazon CloudFront"
64.252.69.197 - - [13/Sep/2026:13:16:37 +0000] "GET /?fileloc=//sys/class/thermal/cooling_device1/subsystem/cooling_device7/device/subsystem/devices/PNP0A03:00/device:12/subsystem/devices/device:1a/subsystem/devices/PNP0A03:00/device:06/subsystem/devices/device:13/subsystem/devices/LNXCPU:05/physical_node/driver/cpu5/driver/cpu7/driver/cpu5/driver/cpu5/node0/memory8/node0/memory26/node0/memory7/node0/memory9/node0/cpu6/firmware_node/physical_node/node0/memory29/phys_index&path=//sys/class/thermal/cooling_device1/subsystem/cooling_device7/device/subsystem/devices/PNP0A03:00/device:12/subsystem/devices/device:1a/subsystem/devices/PNP0A03:00/device:06/subsystem/devices/device:13/subsystem/devices/LNXCPU:05/physical_node/driver/cpu5/driver/cpu7/driver/cpu5/driver/cpu5/node0/memory8/node0/memory26/node0/memory7/node0/memory9/node0/cpu6/firmware_node/physical_node/node0/memory29 HTTP/1.1" 200 3001 "-" "Amazon CloudFront"
64.252.69.197 - - [13/Sep/2026:13:16:38 +0000] "GET /?path=//sys/class/thermal/cooling_device3/device/physical_node/node0/memory28/node0/cpu5/firmware_node/subsystem/devices/PNP0A03:00/physical_node/pci_bus/0000:00/device/0000:00:01.0/subsystem/drivers/nvme/0000:00:1f.0/driver/module/drivers/pci:nvme/0000:00:04.0/driver/0000:00:1f.0/nvme/nvme2/nvme2n1/holders/md0/md/rd1/block/bdi/power HTTP/1.1" 200 3563 "-" "Amazon CloudFront"
64.252.67.163 - - [13/Sep/2026:13:16:40 +0000] "GET /?path=//sys/class/thermal/cooling_device1/subsystem/cooling_device7/device/subsystem/devices/PNP0A03:00/device:12/subsystem/devices/device:1a/subsystem/devices/PNP0A03:00/device:06/subsystem/devices/device:13/subsystem/devices/LNXCPU:05/physical_node/driver/cpu5/driver/cpu4/node0/memory31/subsystem/devices/memory31/node0/memory27/node0/cpu7/node0/memory6/node0/memory16/node0/cpu5/node0/memory4/node0/memory28/node0/memory15 HTTP/1.1" 200 3893 "-" "Amazon CloudFront"
64.252.67.163 - - [13/Sep/2026:13:16:42 +0000] "GET /?path=//sys/class/thermal/cooling_device3/device/physical_node/node0/memory28/node0/cpu5/firmware_node/subsystem/devices/PNP0A03:00/physical_node/pci_bus/0000:00/device/0000:00:05.0/subsystem/drivers/nvme/module/drivers/pci:nvme/0000:00:1f.0/driver/0000:00:04.0/driver/0000:00:1e.0/nvme/nvme1/nvme1n1/holders/md0/md/rd0/block/mq/6 HTTP/1.1" 200 3505 "-" "Amazon CloudFront"
64.252.66.61 - - [13/Sep/2026:13:16:42 +0000] "GET /?path=//sys/class/thermal/cooling_device1/subsystem/cooling_device7/device/subsystem/devices/PNP0A03:00/device:12/subsystem/devices/device:1a/subsystem/devices/PNP0A03:00/device:1d/subsystem/devices/device:10/subsystem/devices/device:06/subsystem/devices/device:00/subsystem/devices/device:02/PNP0F13:00/subsystem/devices/LNXCPU:03/subsystem/devices/LNXCPU:05/subsystem/devices/LNXCPU:03/physical_node/node0/memory15/node0/memory3/node0/memory25/subsystem/devices/memory12/node0/memory17/node0/memory10 HTTP/1.1" 200 3940 "-" "Amazon CloudFront"
64.252.67.163 - - [13/Sep/2026:13:16:43 +0000] "GET /?path=//sys/class/thermal/cooling_device1/subsystem/cooling_device7/device/subsystem/devices/PNP0A03:00/device:12/subsystem/devices/device:1a/subsystem/devices/PNP0A03:00/device:06/subsystem/devices/device:13/subsystem/devices/LNXCPU:05/physical_node/driver/cpu5/driver/cpu4/node0/memory31/subsystem/devices/memory31/node0/memory27/node0/cpu7/node0/memory6/node0/memory16/node0/cpu5/node0/memory4/node0/memory28/node0/memory23 HTTP/1.1" 200 3893 "-" "Amazon CloudFront"
64.252.66.61 - - [13/Sep/2026:13:16:45 +0000] "GET /?path=//sys/class/thermal/cooling_device1/subsystem/cooling_device7/device/subsystem/devices/PNP0A03:00/device:12/subsystem/devices/device:10/subsystem/devices/LNXCPU:04/subsystem HTTP/1.1" 200 3262 "-" "Amazon CloudFront"
64.252.66.61 - - [13/Sep/2026:13:16:46 +0000] "GET /products/detail/208628339?path=//sys/bus/node/devices/node0/cpu1/driver/cpu7/driver/cpu2/node0/cpu1/firmware_node/thermal_cooling/device/physical_node/firmware_node/subsystem/devices/PNP0A03:00/physical_node/0000:00:1e.0/nvme/nvme1/nvme1n1/holders/md0/md/dev-nvme2n1/block/device/subsystem/nvme2/nvme2n1/holders/md0/md/rd0/block/mq/5 HTTP/1.1" 200 3448 "-" "Amazon CloudFront"
64.252.67.163 - - [13/Sep/2026:13:16:48 +0000] "GET /?path=//sys/class/thermal/cooling_device1/subsystem/cooling_device7/device/subsystem/devices/PNP0A03:00/device:12/subsystem/devices/device:1a/subsystem/devices/PNP0A03:00/device:06/subsystem/devices/device:13/subsystem/devices/LNXCPU:05/physical_node/driver/cpu5/driver/cpu7/firmware_node/physical_node/node0/memory3/subsystem/devices/memory25/node0/cpu4/node0/memory3/node0/memory17/node0/cpu1/node0/memory17/node0/memory23/node0/memory4/node0/hugepages/hugepages-1048576kB HTTP/1.1" 200 3531 "-" "Amazon CloudFront"
64.252.67.36 - - [13/Sep/2026:13:16:50 +0000] "GET /?path=//sys/class/thermal/cooling_device3/device/physical_node/node0/memory28/node0/cpu5/firmware_node/subsystem/devices/PNP0A03:00/physical_node/pci_bus/0000:00/device/0000:00:05.0/subsystem/devices/0000:00:1f.0/driver/0000:00:1f.0/nvme/nvme2/nvme2n1/holders/md0/md/dev-nvme1n1/block/holders/md0/md/rd0/block/mq HTTP/1.1" 200 3483 "-" "Amazon CloudFront"
64.252.66.61 - - [13/Sep/2026:13:16:51 +0000] "GET /?path=//sys/class/thermal/cooling_device1/subsystem/cooling_device7/device/subsystem/devices/PNP0A03:00/device:12/subsystem/devices/device:1a/subsystem/devices/PNP0A03:00/device:06/subsystem/devices/device:13/subsystem/devices/LNXCPU:05/physical_node/driver/cpu5/driver/cpu4/node0/memory31/subsystem/devices/memory22/node0/memory24/node0/memory11/node0/memory12/node0/memory21/node0/memory13/node0/memory5/node0/cpu6/node0/memory16 HTTP/1.1" 200 3902 "-" "Amazon CloudFront"
64.252.67.163 - - [13/Sep/2026:13:16:53 +0000] "GET /?fileloc=//sys/class/thermal/cooling_device1/subsystem/cooling_device7/device/subsystem/devices/PNP0A03:00/device:12/subsystem/devices/LNXSYBUS:00/LNXCPU:04/subsystem/devices/device:0c/eject&path=//sys/class/thermal/cooling_device1/subsystem/cooling_device7/device/subsystem/devices/PNP0A03:00/device:12/subsystem/devices/LNXSYBUS:00/LNXCPU:04/subsystem/devices/device:0c HTTP/1.1" 200 2716 "-" "Amazon CloudFront"
64.252.67.163 - - [13/Sep/2026:13:16:56 +0000] "GET /products/detail/208628339?path=//sys/bus/node/devices/node0/cpu1/driver/cpu7/driver/cpu2/node0/cpu1/firmware_node/thermal_cooling/device/physical_node/firmware_node/subsystem/devices/LNXSYSTM:00/LNXSYBUS:00/PNP0A03:00/device:06/physical_node/nvme/nvme0/nvme0n1/subsystem/nvme1n1/holders/md0/md/dev-nvme1n1/block/device/nvme1n1/holders/md0/md/rd1/block/mq/0/cpu0 HTTP/1.1" 200 3039 "-" "Amazon CloudFront"
64.252.67.163 - - [13/Sep/2026:13:16:56 +0000] "GET /?fileloc=//sys/class/thermal/cooling_device1/subsystem/cooling_device7/device/subsystem/devices/PNP0A03:00/device:12/subsystem/devices/device:10/subsystem/devices/LNXCPU:04/status&path=//sys/class/thermal/cooling_device1/subsystem/cooling_device7/device/subsystem/devices/PNP0A03:00/device:12/subsystem/devices/device:10/subsystem/devices/LNXCPU:04 HTTP/1.1" 200 2705 "-" "Amazon CloudFront"
64.252.66.61 - - [13/Sep/2026:13:16:57 +0000] "GET /products/detail/190370258?path=/var HTTP/1.1" 200 3567 "-" "Amazon CloudFront"
64.252.66.61 - - [13/Sep/2026:13:16:59 +0000] "GET /?path=//sys/class/thermal/cooling_device1/subsystem/cooling_device7/device/subsystem/devices/PNP0A03:00/device:12/subsystem/devices/device:1a/subsystem/devices/PNP0A03:00/device:06/subsystem/devices/device:13/subsystem/devices/LNXCPU:05/physical_node/driver/cpu5/driver/cpu4/node0/memory31/node0/memory8/subsystem/devices/memory28/subsystem/devices/memory8/node0/memory19/node0/memory0/node0/memory22/node0/cpu0/driver/cpu5/node0/cpu6/cache/index1 HTTP/1.1" 200 4087 "-" "Amazon CloudFront"
64.252.67.36 - - [13/Sep/2026:13:16:59 +0000] "GET /?path=//sys/class/thermal/cooling_device3/device/physical_node/node0/memory28/node0/cpu5/firmware_node/subsystem/devices/PNP0A03:00/physical_node/pci_bus/0000:00/device/0000:00:1e.0/driver/0000:00:1f.0/subsystem/drivers/nvme/module/drivers/pci:nvme/0000:00:1f.0/driver/0000:00:1e.0/nvme/nvme1/nvme1n1/holders/md0/slaves/nvme1n1/holders/md0 HTTP/1.1" 200 4287 "-" "Amazon CloudFront"
64.252.69.197 - - [13/Sep/2026:13:17:02 +0000] "GET /?path=//sys/class/thermal/cooling_device1/subsystem/cooling_device7/device/subsystem/devices/LNXCPU:06/subsystem/devices/device:0c/subsystem/devices/LNXCPU:07/physical_node/topology HTTP/1.1" 200 3273 "-" "Amazon CloudFront"
64.252.67.36 - - [13/Sep/2026:13:17:02 +0000] "GET /?path=//sys/class/thermal/cooling_device3/device/physical_node/node0/memory28/node0/cpu5/firmware_node/subsystem/devices/PNP0A03:00/physical_node/pci_bus/0000:00/device/0000:00:1f.0/driver/0000:00:04.0/subsystem/devices/0000:00:1e.0/driver/0000:00:1e.0/nvme/nvme1/nvme1n1/holders/md0/md/dev-nvme1n1/block/holders/md0/md/dev-nvme2n1/block/trace HTTP/1.1" 200 3530 "-" "Amazon CloudFront"
64.252.67.36 - - [13/Sep/2026:13:17:06 +0000] "GET /products/detail/208628339?path=//sys/bus/node/devices/node0/cpu1/driver/cpu7/driver/cpu2/node0/cpu4/firmware_node/subsystem/devices/PNP0A03:00/device:07/physical_node/net/eth0/device/net/eth0/device/subsystem/drivers/nvme/0000:00:1e.0/nvme/nvme1/nvme1n1/holders/md0/md/dev-nvme1n1/block/holders/md0/slaves/nvme2n1/mq/7/cpu7 HTTP/1.1" 200 3010 "-" "Amazon CloudFront"
64.252.67.36 - - [13/Sep/2026:13:17:08 +0000] "GET /?fileloc=//sys/class/thermal/cooling_device1/subsystem/cooling_device7/device/subsystem/devices/PNP0A03:00/device:12/subsystem/devices/device:1a/subsystem/devices/PNP0A03:00/device:06/subsystem/devices/device:13/subsystem/devices/LNXCPU:05/physical_node/driver/cpu5/driver/cpu4/driver/cpu0/driver/cpu2/node0/cpu3/node0/memory2/node0/memory7/node0/memory2/node0/memory21/state&path=//sys/class/thermal/cooling_device1/subsystem/cooling_device7/device/subsystem/devices/PNP0A03:00/device:12/subsystem/devices/device:1a/subsystem/devices/PNP0A03:00/device:06/subsystem/devices/device:13/subsystem/devices/LNXCPU:05/physical_node/driver/cpu5/driver/cpu4/driver/cpu0/driver/cpu2/node0/cpu3/node0/memory2/node0/memory7/node0/memory2/node0/memory21 HTTP/1.1" 200 2972 "-" "Amazon CloudFront"
64.252.66.61 - - [13/Sep/2026:13:17:10 +0000] "GET /?path=//sys/class/thermal/cooling_device3/device/physical_node/node0/memory28/node0/cpu5/firmware_node/subsystem/devices/PNP0A03:00/physical_node/pci_bus/0000:00/device/0000:00:1f.0/driver/0000:00:1f.0/nvme/nvme2/nvme2n1/subsystem/md0/md/rd0/block/holders/md0/slaves/nvme1n1/mq/6/cpu6 HTTP/1.1" 200 2994 "-" "Amazon CloudFront"
64.252.69.197 - - [13/Sep/2026:13:17:12 +0000] "GET /?path=//sys/class/thermal/cooling_device1/subsystem/cooling_device6/subsystem/cooling_device7/subsystem/cooling_device6/device/physical_node/node0/memory27/node0/memory23/node0/memory15 HTTP/1.1" 200 3473 "-" "Amazon CloudFront"
64.252.67.163 - - [13/Sep/2026:13:17:14 +0000] "GET /?path=//sys/class/thermal/cooling_device1/subsystem/cooling_device7/device/subsystem/devices/PNP0A03:00/device:12/subsystem/devices/device:1a/subsystem/devices/PNP0A03:00/device:06/subsystem/devices/device:13/subsystem/devices/LNXCPU:05/physical_node/driver/cpu5/driver/cpu4/node0/memory15/node0/memory5/subsystem/devices/memory5/node0/memory16/node0/memory9/node0/cpu6/node0/memory8/node0/memory9/node0/cpu5/node0/memory16/node0 HTTP/1.1" 200 3902 "-" "Amazon CloudFront"
64.252.67.36 - - [13/Sep/2026:13:17:15 +0000] "GET /?path=//sys/class/thermal/cooling_device3/device/physical_node/node0/memory28/node0/cpu5/firmware_node/subsystem/devices/PNP0A03:00/physical_node/pci_bus/0000:00/device/0000:00:1f.0/driver/module/drivers/pci:nvme/0000:00:04.0/driver/0000:00:04.0/nvme/nvme0/nvme0n1/nvme0n1p1/subsystem/nvme2n1/holders/md0/slaves/nvme2n1/mq/6/cpu6 HTTP/1.1" 200 3024 "-" "Amazon CloudFront"
64.252.66.61 - - [13/Sep/2026:13:17:15 +0000] "GET /?path=//sys/class/thermal/cooling_device1/subsystem/cooling_device7/device/subsystem/devices/PNP0A03:00/device:12/subsystem/devices/device:1a/subsystem/devices/PNP0A03:00/device:06/subsystem/devices/device:1a/subsystem/devices/LNXCPU:06/physical_node/firmware_node/physical_node/driver/cpu3/node0/memory31/node0/memory5/node0/cpu0/node0/cpu3/node0/memory17/node0/memory18/node0/memory5 HTTP/1.1" 200 3792 "-" "Amazon CloudFront"
64.252.67.36 - - [13/Sep/2026:13:17:15 +0000] "GET /?fileloc=//sys/class/thermal/cooling_device1/subsystem/cooling_device7/device/subsystem/devices/PNP0A03:00/device:12/subsystem/devices/device:1a/subsystem/devices/PNP0A03:00/device:06/subsystem/devices/device:1a/subsystem/devices/LNXCPU:06/physical_node/firmware_node/physical_node/node0/memory10/node0/memory23/node0/memory21/node0/memory17/node0/memory15/node0/memory17/node0/cpu5/node0/memory13/node0/memory28/subsystem/devices/memory24/node0/memory28/node0/vmstat&path=//sys/class/thermal/cooling_device1/subsystem/cooling_device7/device/subsystem/devices/PNP0A03:00/device:12/subsystem/devices/device:1a/subsystem/devices/PNP0A03:00/device:06/subsystem/devices/device:1a/subsystem/devices/LNXCPU:06/physical_node/firmware_node/physical_node/node0/memory10/node0/memory23/node0/memory21/node0/memory17/node0/memory15/node0/memory17/node0/cpu5/node0/memory13/node0/memory28/subsystem/devices/memory24/node0/memory28/node0 HTTP/1.1" 200 3461 "-" "Amazon CloudFront"
64.252.69.197 - - [13/Sep/2026:13:17:15 +0000] "GET /products/detail/333925086?fileloc=//lib64/libfastjson.so.4&path=//lib64 HTTP/1.1" 200 2548 "-" "Amazon CloudFront"
