64.252.66.61 - - [13/Sep/2026:12:06:34 +0000] "GET /products/detail/167571450?fileloc=//proc/22213/root/usr/sbin/authconfig-tui&path=//proc/22213/root/usr/sbin HTTP/1.1" 200 2584 "-" "Amazon CloudFront"
64.252.67.36 - - [13/Sep/2026:12:06:35 +0000] "GET /?fileloc=//sys/class/thermal/cooling_device1/subsystem/cooling_device7/device/subsystem/devices/PNP0A03:00/device:12/subsystem/devices/device:1a/subsystem/devices/PNP0A03:00/device:06/subsystem/devices/device:13/subsystem/devices/LNXCPU:05/physical_node/driver/cpu5/driver/cpu4/node0/memory31/node0/memory29/node0/memory32/node0/memory17/subsystem/devices/memory9/node0/memory3/node0/memory29/node0/cpu2/node0/memory4/uevent&path=//sys/class/thermal/cooling_device1/subsystem/cooling_device7/device/subsystem/devices/PNP0A03:00/device:12/subsystem/devices/device:1a/subsystem/devices/PNP0A03:00/device:06/subsystem/devices/device:13/subsystem/devices/LNXCPU:05/physical_node/driver/cpu5/driver/cpu4/node0/memory31/node0/memory29/node0/memory32/node0/memory17/subsystem/devices/memory9/node0/memory3/node0/memory29/node0/cpu2/node0/memory4 HTTP/1.1" 200 3009 "-" "Amazon CloudFront"
64.252.118.206 - - [13/Sep/2026:12:06:36 +0000] "GET /?fileloc=//usr/share/doc/freetype-devel-2.8/reference/ft2-cid_fonts.html&path=//usr/share/doc/freetype-devel-2.8/reference HTTP/1.1" 200 4509 "-" "Amazon CloudFront"
64.252.67.163 - - [13/Sep/2026:12:06:37 +0000] "GET /?fileloc=//sys/class/thermal/cooling_device1/subsystem/cooling_device7/device/subsystem/devices/PNP0A03:00/device:12/subsystem/devices/device:1a/subsystem/devices/PNP0A03:00/device:06/subsystem/devices/device:13/subsystem/devices/LNXCPU:05/physical_node/driver/cpu5/driver/cpu4/node0/memory31/node0/memory29/node0/memory32/node0/memory17/subsystem/devices/memory4/subsystem/devices/memory19/node0/memory7/node0/memory27/node0/memory8/uevent&path=//sys/class/thermal/cooling_device1/subsystem/cooling_device7/device/subsystem/devices/PNP0A03:00/device:12/subsystem/devices/device:1a/subsystem/devices/PNP0A03:00/device:06/subsystem/devices/device:13/subsystem/devices/LNXCPU:05/physical_node/driver/cpu5/driver/cpu4/node0/memory31/node0/memory29/node0/memory32/node0/memory17/subsystem/devices/memory4/subsystem/devices/memory19/node0/memory7/node0/memory27/node0/memory8 HTTP/1.1" 200 3027 "-" "Amazon CloudFront"
64.252.67.163 - - [13/Sep/2026:12:06:39 +0000] "GET /products/detail/167571450?fileloc=//proc/22213/root/usr/lib64/libgdbm_compat.so&path=//proc/22213/root/usr/lib64 HTTP/1.1" 200 2586 "-" "Amazon CloudFront"
64.252.66.61 - - [13/Sep/2026:12:06:40 +0000] "GET /?path=//sys/class/thermal/cooling_device1/subsystem/cooling_device7/device/subsystem/devices/PNP0A03:00/device:12/subsystem/devices/device:1a/subsystem/devices/PNP0A03:00/device:06/subsystem/devices/device:13/subsystem/devices/LNXCPU:05/physical_node/driver/cpu2/node0/memory28/node0/cpu1/driver/cpu5/node0/memory15/node0/cpu2/driver/cpu4/node0/cpu5/node0/memory17/node0/memory15/node0/memory30/node0/memory18/node0/hugepages/hugepages-2048kB HTTP/1.1" 200 3532 "-" "Amazon CloudFront"
64.252.67.36 - - [13/Sep/2026:12:06:42 +0000] "GET /?path=//sys/class/thermal/cooling_device1/subsystem/cooling_device7/device/subsystem/devices/PNP0A03:00/device:12/subsystem/devices/device:1a/subsystem/devices/PNP0A03:00/device:06/subsystem/devices/device:1a/subsystem/devices/LNXCPU:06/physical_node/firmware_node/physical_node/node0/memory10/node0/memory23/node0/memory21/node0/memory17/node0/memory7/node0/memory32/node0/memory7/node0/cpu2/driver/cpu4/firmware_node/subsystem/devices/device:01/physical_node HTTP/1.1" 200 4780 "-" "Amazon CloudFront"
64.252.67.163 - - [13/Sep/2026:12:06:42 +0000] "GET /products/detail/167571450?fileloc=//proc/22213/root/usr/lib64/libseaudit.so.4.5&path=//proc/22213/root/usr/lib64 HTTP/1.1" 200 2585 "-" "Amazon CloudFront"
64.252.67.36 - - [13/Sep/2026:12:06:44 +0000] "GET /?fileloc=//sys/class/thermal/cooling_device1/subsystem/cooling_device7/device/subsystem/devices/PNP0A03:00/device:12/subsystem/devices/LNXSYBUS:00/LNXCPU:04/subsystem/devices/PNP0B00:00/hid&path=//sys/class/thermal/cooling_device1/subsystem/cooling_device7/device/subsystem/devices/PNP0A03:00/device:12/subsystem/devices/LNXSYBUS:00/LNXCPU:04/subsystem/devices/PNP0B00:00 HTTP/1.1" 200 2720 "-" "Amazon CloudFront"
64.252.67.163 - - [13/Sep/2026:12:06:46 +0000] "GET /products/detail/167571450?fileloc=//proc/22213/root/usr/sbin/mkfs.ext3&path=//proc/22213/root/usr/sbin HTTP/1.1" 200 2581 "-" "Amazon CloudFront"
64.252.67.163 - - [13/Sep/2026:12:06:47 +0000] "GET /?path=//sys/class/thermal/cooling_device1/subsystem/cooling_device7/device/subsystem/devices/PNP0A03:00/device:12/subsystem/devices/device:1a/subsystem/devices/PNP0A03:00/device:06/subsystem/devices/device:13/subsystem/devices/LNXCPU:05/physical_node/driver/cpu5/driver/cpu4/node0/memory15/node0/memory5/subsystem/devices/memory28/node0/memory10/node0/memory28/node0/memory11/node0/memory9/node0/cpu0/node0/memory10/node0/cpu2/power HTTP/1.1" 200 3725 "-" "Amazon CloudFront"
64.252.69.197 - - [13/Sep/2026:12:06:49 +0000] "GET /?fileloc=//sys/class/thermal/cooling_device1/subsystem/cooling_device7/device/subsystem/devices/PNP0A03:00/device:12/subsystem/devices/device:1a/subsystem/devices/PNP0A03:00/device:06/subsystem/devices/device:13/subsystem/devices/LNXCPU:05/physical_node/driver/cpu5/driver/cpu4/node0/memory31/node0/memory8/subsystem/devices/memory28/node0/memory32/subsystem/devices/memory26/subsystem/devices/memory17/node0/memory26/node0/memory31/node0/memory12/subsystem/devices/memory28/node0/numastat&path=//sys/class/thermal/cooling_device1/subsystem/cooling_device7/device/subsystem/devices/PNP0A03:00/device:12/subsystem/devices/device:1a/subsystem/devices/PNP0A03:00/device:06/subsystem/devices/device:13/subsystem/devices/LNXCPU:05/physical_node/driver/cpu5/driver/cpu4/node0/memory31/node0/memory8/subsystem/devices/memory28/node0/memory32/subsystem/devices/memory26/subsystem/devices/memory17/node0/memory26/node0/memory31/node0/memory12/subsystem/devices/memory28/node0 HTTP/1.1" 200 3051 "-" "Amazon CloudFront"
64.252.66.61 - - [13/Sep/2026:12:06:50 +0000] "GET /?fileloc=//sys/class/thermal/cooling_device1/subsystem/cooling_device7/device/subsystem/devices/PNP0A03:00/device:12/subsystem/devices/device:1a/subsystem/devices/PNP0A03:00/device:06/subsystem/devices/device:13/subsystem/devices/LNXCPU:05/physical_node/driver/cpu5/driver/cpu7/firmware_node/physical_node/node0/memory3/subsystem/devices/memory24/subsystem/devices/memory9/node0/memory7/node0/memory7/node0/memory10/node0/memory3/subsystem/devices/memory15/node0/memory1/uevent&path=//sys/class/thermal/cooling_device1/subsystem/cooling_device7/device/subsystem/devices/PNP0A03:00/device:12/subsystem/devices/device:1a/subsystem/devices/PNP0A03:00/device:06/subsystem/devices/device:13/subsystem/devices/LNXCPU:05/physical_node/driver/cpu5/driver/cpu7/firmware_node/physical_node/node0/memory3/subsystem/devices/memory24/subsystem/devices/memory9/node0/memory7/node0/memory7/node0/memory10/node0/memory3/subsystem/devices/memory15/node0/memory1 HTTP/1.1" 200 3054 "-" "Amazon CloudFront"
64.252.67.163 - - [13/Sep/2026:12:06:50 +0000] "GET /products/detail/167571450?path=//proc/22213/root/proc/239/task HTTP/1.1" 200 2634 "-" "Amazon CloudFront"
64.252.67.163 - - [13/Sep/2026:12:06:51 +0000] "GET /?fileloc=//sys/class/thermal/cooling_device1/subsystem/cooling_device7/device/subsystem/devices/PNP0A03:00/device:12/subsystem/devices/device:1a/subsystem/devices/PNP0A03:00/device:06/subsystem/devices/device:13/subsystem/devices/LNXCPU:05/physical_node/driver/cpu5/driver/cpu4/node0/memory15/node0/memory5/subsystem/devices/memory28/node0/memory30/node0/cpu5/node0/memory1/node0/memory30/node0/cpu7/node0/memory11/phys_device&path=//sys/class/thermal/cooling_device1/subsystem/cooling_device7/device/subsystem/devices/PNP0A03:00/device:12/subsystem/devices/device:1a/subsystem/devices/PNP0A03:00/device:06/subsystem/devices/device:13/subsystem/devices/LNXCPU:05/physical_node/driver/cpu5/driver/cpu4/node0/memory15/node0/memory5/subsystem/devices/memory28/node0/memory30/node0/cpu5/node0/memory1/node0/memory30/node0/cpu7/node0/memory11 HTTP/1.1" 200 3005 "-" "Amazon CloudFront"
64.252.66.61 - - [13/Sep/2026:12:06:53 +0000] "GET /?path=//sys/class/thermal/cooling_device1/subsystem/cooling_device6/subsystem/cooling_device7/subsystem/cooling_device6/device/physical_node/node0/memory23/node0/memory18/node0/memory18 HTTP/1.1" 200 3412 "-" "Amazon CloudFront"
64.252.67.163 - - [13/Sep/2026:12:06:54 +0000] "GET /products/detail/167571450?path=//proc/22213/root/proc/1264/map_files HTTP/1.1" 200 2638 "-" "Amazon CloudFront"
64.252.69.197 - - [13/Sep/2026:12:06:56 +0000] "GET /?path=//sys/class/thermal/cooling_device1/subsystem/cooling_device7/device/subsystem/devices/PNP0A03:00/device:12/subsystem/devices/device:1a/subsystem/devices/PNP0A03:00/device:06/subsystem/devices/device:13/subsystem/devices/LNXCPU:05/physical_node/driver/cpu5/driver/cpu7/firmware_node/physical_node/node0/memory3/subsystem/devices/memory7/node0/memory1/node0/memory21/node0/memory19/node0/memory3/node0/memory30/node0/memory1/node0/memory30/node0/hugepages/hugepages-1048576kB HTTP/1.1" 200 3552 "-" "Amazon CloudFront"
64.252.69.197 - - [13/Sep/2026:12:06:56 +0000] "GET /?fileloc=//sys/class/thermal/cooling_device1/subsystem/cooling_device7/device/subsystem/devices/PNP0A03:00/device:12/subsystem/devices/device:1a/subsystem/devices/PNP0A03:00/device:06/subsystem/devices/device:1a/subsystem/devices/LNXCPU:06/physical_node/firmware_node/physical_node/driver/cpu4/node0/memory26/node0/memory17/subsystem/devices/memory0/node0/memory23/node0/cpu2/node0/cpu7/node0/memory2/node0/memory10/node0/memory3/node0/memory21/online&path=//sys/class/thermal/cooling_device1/subsystem/cooling_device7/device/subsystem/devices/PNP0A03:00/device:12/subsystem/devices/device:1a/subsystem/devices/PNP0A03:00/device:06/subsystem/devices/device:1a/subsystem/devices/LNXCPU:06/physical_node/firmware_node/physical_node/driver/cpu4/node0/memory26/node0/memory17/subsystem/devices/memory0/node0/memory23/node0/cpu2/node0/cpu7/node0/memory2/node0/memory10/node0/memory3/node0/memory21 HTTP/1.1" 200 3037 "-" "Amazon CloudFront"
64.252.69.197 - - [13/Sep/2026:12:06:58 +0000] "GET /?path=//sys/class/thermal/cooling_device1/subsystem/cooling_device7/device/subsystem/devices/PNP0A03:00/device:12/subsystem/devices/device:1a/subsystem/devices/PNP0A03:00/device:06/subsystem/devices/device:13/subsystem/devices/LNXCPU:05/physical_node/driver/cpu5/driver/cpu4/node0/cpu1/node0/memory1/node0/memory3/node0/memory25/node0/memory29/node0/cpu3/subsystem/devices/cpu2/node0/memory7/power HTTP/1.1" 200 3589 "-" "Amazon CloudFront"
64.252.67.163 - - [13/Sep/2026:12:06:59 +0000] "GET /products/detail/167571450?fileloc=//proc/22213/root/usr/lib64/libxml2.so&path=//proc/22213/root/usr/lib64 HTTP/1.1" 200 2580 "-" "Amazon CloudFront"
64.252.69.197 - - [13/Sep/2026:12:07:00 +0000] "GET /?fileloc=//sys/class/thermal/cooling_device1/subsystem/cooling_device7/device/subsystem/devices/PNP0A03:00/device:12/subsystem/devices/device:1a/subsystem/devices/PNP0A03:00/device:06/subsystem/devices/device:13/subsystem/devices/LNXCPU:05/physical_node/driver/cpu5/driver/cpu4/node0/memory31/node0/memory29/node0/memory32/node0/memory17/subsystem/devices/memory9/node0/memory24/node0/cpu5/driver/cpu0/node0/memory29/node0/cpulist&path=//sys/class/thermal/cooling_device1/subsystem/cooling_device7/device/subsystem/devices/PNP0A03:00/device:12/subsystem/devices/device:1a/subsystem/devices/PNP0A03:00/device:06/subsystem/devices/device:13/subsystem/devices/LNXCPU:05/physical_node/driver/cpu5/driver/cpu4/node0/memory31/node0/memory29/node0/memory32/node0/memory17/subsystem/devices/memory9/node0/memory24/node0/cpu5/driver/cpu0/node0/memory29/node0 HTTP/1.1" 200 3016 "-" "Amazon CloudFront"
64.252.66.61 - - [13/Sep/2026:12:07:04 +0000] "GET /products/detail/167571450?fileloc=//proc/22213/root/usr/sbin/t1libconfig&path=//proc/22213/root/usr/sbin HTTP/1.1" 200 2582 "-" "Amazon CloudFront"
64.252.67.163 - - [13/Sep/2026:12:07:06 +0000] "GET /?fileloc=//sys/class/thermal/cooling_device1/subsystem/cooling_device7/device/subsystem/devices/PNP0A03:00/device:12/subsystem/devices/device:1a/subsystem/devices/PNP0A03:00/device:06/subsystem/devices/device:13/subsystem/devices/LNXCPU:05/physical_node/driver/cpu5/driver/cpu0/driver/cpu5/node0/memory25/node0/memory20/node0/memory32/node0/memory30/subsystem/devices/memory0/node0/memory1/node0/memory12/power/runtime_active_time&path=//sys/class/thermal/cooling_device1/subsystem/cooling_device7/device/subsystem/devices/PNP0A03:00/device:12/subsystem/devices/device:1a/subsystem/devices/PNP0A03:00/device:06/subsystem/devices/device:13/subsystem/devices/LNXCPU:05/physical_node/driver/cpu5/driver/cpu0/driver/cpu5/node0/memory25/node0/memory20/node0/memory32/node0/memory30/subsystem/devices/memory0/node0/memory1/node0/memory12/power HTTP/1.1" 200 3018 "-" "Amazon CloudFront"
64.252.69.197 - - [13/Sep/2026:12:07:07 +0000] "GET /products/detail/167571450?fileloc=//proc/22213/root/usr/sbin/pm-suspend-hybrid&path=//proc/22213/root/usr/sbin HTTP/1.1" 200 2587 "-" "Amazon CloudFront"
64.252.69.197 - - [13/Sep/2026:12:07:07 +0000] "GET /?fileloc=//sys/class/thermal/cooling_device1/subsystem/cooling_device7/device/subsystem/devices/PNP0A03:00/device:12/subsystem/devices/device:1a/subsystem/devices/PNP0A03:00/device:06/subsystem/devices/device:13/subsystem/devices/LNXCPU:05/physical_node/driver/cpu5/driver/cpu4/node0/memory31/node0/memory8/subsystem/devices/memory19/node0/memory2/node0/memory6/subsystem/devices/memory7/node0/memory14/node0/memory3/node0/memory16/subsystem/devices/memory30/uevent&path=//sys/class/thermal/cooling_device1/subsystem/cooling_device7/device/subsystem/devices/PNP0A03:00/device:12/subsystem/devices/device:1a/subsystem/devices/PNP0A03:00/device:06/subsystem/devices/device:13/subsystem/devices/LNXCPU:05/physical_node/driver/cpu5/driver/cpu4/node0/memory31/node0/memory8/subsystem/devices/memory19/node0/memory2/node0/memory6/subsystem/devices/memory7/node0/memory14/node0/memory3/node0/memory16/subsystem/devices/memory30 HTTP/1.1" 200 3062 "-" "Amazon CloudFront"
64.252.67.36 - - [13/Sep/2026:12:07:10 +0000] "GET /products/detail/167571450?fileloc=//proc/22213/root/usr/lib64/libqrencode.so.3.4.1&path=//proc/22213/root/usr/lib64 HTTP/1.1" 200 2590 "-" "Amazon CloudFront"
64.252.67.36 - - [13/Sep/2026:12:07:10 +0000] "GET /?path=//sys/class/thermal/cooling_device1/subsystem/cooling_device7/device/subsystem/devices/PNP0A03:00/device:12/subsystem/devices/device:1a/subsystem/devices/PNP0A03:00/device:06/subsystem/devices/device:13/subsystem/devices/LNXCPU:05/physical_node/driver/cpu5/driver/cpu4/node0/memory15/node0/memory10/node0/memory6/node0/memory10/node0/memory25/node0/memory20/node0/memory21/node0/memory29/node0/memory7/node0/cpu5/power HTTP/1.1" 200 3634 "-" "Amazon CloudFront"
64.252.66.61 - - [13/Sep/2026:12:07:12 +0000] "GET /?fileloc=//sys/class/thermal/cooling_device1/subsystem/cooling_device7/device/subsystem/devices/PNP0A03:00/device:12/subsystem/devices/device:1a/subsystem/devices/PNP0A03:00/device:06/subsystem/devices/device:13/subsystem/devices/LNXCPU:05/physical_node/driver/cpu5/driver/cpu4/node0/memory15/node0/memory8/node0/memory25/node0/cpu2/node0/memory19/subsystem/devices/memory15/subsystem/devices/memory2/node0/cpu4/node0/memory13/phys_index&path=//sys/class/thermal/cooling_device1/subsystem/cooling_device7/device/subsystem/devices/PNP0A03:00/device:12/subsystem/devices/device:1a/subsystem/devices/PNP0A03:00/device:06/subsystem/devices/device:13/subsystem/devices/LNXCPU:05/physical_node/driver/cpu5/driver/cpu4/node0/memory15/node0/memory8/node0/memory25/node0/cpu2/node0/memory19/subsystem/devices/memory15/subsystem/devices/memory2/node0/cpu4/node0/memory13 HTTP/1.1" 200 3012 "-" "Amazon CloudFront"
64.252.67.36 - - [13/Sep/2026:12:07:14 +0000] "GET /products/detail/167571450?fileloc=//proc/22213/root/usr/lib64/libcgroup.so.1.0.41&path=//proc/22213/root/usr/lib64 HTTP/1.1" 200 2588 "-" "Amazon CloudFront"
64.252.67.163 - - [13/Sep/2026:12:07:14 +0000] "GET /?path=//sys/class/thermal/cooling_device1/subsystem/cooling_device6/subsystem/cooling_device7/subsystem/cooling_device6/device/physical_node/node0/memory31/node0/cpu4/subsystem HTTP/1.1" 200 3243 "-" "Amazon CloudFront"
64.252.66.61 - - [13/Sep/2026:12:07:18 +0000] "GET /products/detail/167571450?fileloc=//proc/22213/root/usr/sbin/biosdecode&path=//proc/22213/root/usr/sbin HTTP/1.1" 200 2580 "-" "Amazon CloudFront"
64.252.69.197 - - [13/Sep/2026:12:07:19 +0000] "GET /?fileloc=//sys/class/thermal/cooling_device1/subsystem/cooling_device7/device/subsystem/devices/PNP0A03:00/device:12/subsystem/devices/device:1a/subsystem/devices/PNP0A03:00/device:06/subsystem/devices/device:13/subsystem/devices/LNXCPU:05/physical_node/driver/cpu5/driver/cpu4/node0/memory0/node0/memory15/node0/cpu4/node0/memory4/subsystem/devices/memory2/subsystem/devices/memory1/node0/memory4/node0/memory4/node0/memory28/node0/memory28/online&path=//sys/class/thermal/cooling_device1/subsystem/cooling_device7/device/subsystem/devices/PNP0A03:00/device:12/subsystem/devices/device:1a/subsystem/devices/PNP0A03:00/device:06/subsystem/devices/device:13/subsystem/devices/LNXCPU:05/physical_node/driver/cpu5/driver/cpu4/node0/memory0/node0/memory15/node0/cpu4/node0/memory4/subsystem/devices/memory2/subsystem/devices/memory1/node0/memory4/node0/memory4/node0/memory28/node0/memory28 HTTP/1.1" 200 3027 "-" "Amazon CloudFront"
64.252.67.163 - - [13/Sep/2026:12:07:21 +0000] "GET /?path=//sys/class/thermal/cooling_device1/subsystem/cooling_device6/subsystem/cooling_device7/subsystem/cooling_device6/device/physical_node/node0/memory23/node0/memory6/subsystem/devices/memory3 HTTP/1.1" 200 3482 "-" "Amazon CloudFront"
64.252.67.36 - - [13/Sep/2026:12:07:23 +0000] "GET /?fileloc=//sys/class/thermal/cooling_device1/subsystem/cooling_device7/device/subsystem/devices/PNP0A03:00/device:12/subsystem/devices/device:1a/subsystem/devices/PNP0A03:00/device:06/subsystem/devices/device:13/subsystem/devices/LNXCPU:05/physical_node/driver/cpu5/driver/cpu4/node0/memory31/node0/memory29/node0/memory32/node0/cpu4/node0/memory11/node0/memory31/node0/memory8/subsystem/devices/memory13/subsystem/devices/memory1/node0/memory31/removable&path=//sys/class/thermal/cooling_device1/subsystem/cooling_device7/device/subsystem/devices/PNP0A03:00/device:12/subsystem/devices/device:1a/subsystem/devices/PNP0A03:00/device:06/subsystem/devices/device:13/subsystem/devices/LNXCPU:05/physical_node/driver/cpu5/driver/cpu4/node0/memory31/node0/memory29/node0/memory32/node0/cpu4/node0/memory11/node0/memory31/node0/memory8/subsystem/devices/memory13/subsystem/devices/memory1/node0/memory31 HTTP/1.1" 200 3041 "-" "Amazon CloudFront"
64.252.67.36 - - [13/Sep/2026:12:07:23 +0000] "GET /products/detail/293871501?fileloc=//usr/lib/python2.7/site-packages/babel/localedata/sr_Latn.dat&path=//usr/lib/python2.7/site-packages/babel/localedata HTTP/1.1" 200 2604 "-" "Amazon CloudFront"
64.252.67.36 - - [13/Sep/2026:12:07:25 +0000] "GET /?fileloc=//sys/class/thermal/cooling_device1/subsystem/cooling_device7/device/subsystem/devices/PNP0A03:00/device:12/subsystem/devices/device:1a/subsystem/devices/PNP0A03:00/device:06/subsystem/devices/device:13/subsystem/devices/LNXCPU:05/physical_node/driver/cpu5/driver/cpu4/node0/memory31/node0/memory29/node0/memory32/node0/memory17/subsystem/devices/memory9/node0/memory3/node0/memory29/node0/cpu2/node0/memory4/removable&path=//sys/class/thermal/cooling_device1/subsystem/cooling_device7/device/subsystem/devices/PNP0A03:00/device:12/subsystem/devices/device:1a/subsystem/devices/PNP0A03:00/device:06/subsystem/devices/device:13/subsystem/devices/LNXCPU:05/physical_node/driver/cpu5/driver/cpu4/node0/memory31/node0/memory29/node0/memory32/node0/memory17/subsystem/devices/memory9/node0/memory3/node0/memory29/node0/cpu2/node0/memory4 HTTP/1.1" 200 3014 "-" "Amazon CloudFront"
64.252.66.61 - - [13/Sep/2026:12:07:27 +0000] "GET /products/detail/167571450?fileloc=//proc/22213/root/usr/lib64/libxcb-randr.so.0.1.0&path=//proc/22213/root/usr/lib64 HTTP/1.1" 200 2589 "-" "Amazon CloudFront"
64.252.67.163 - - [13/Sep/2026:12:07:28 +0000] "GET /?fileloc=//sys/class/thermal/cooling_device1/subsystem/cooling_device7/device/subsystem/devices/PNP0A03:00/device:12/subsystem/devices/device:1a/subsystem/devices/PNP0A03:00/device:06/subsystem/devices/device:13/subsystem/devices/LNXCPU:05/physical_node/driver/cpu5/driver/cpu4/node0/memory31/node0/memory29/node0/cpu6/node0/memory9/node0/memory12/subsystem/devices/memory4/node0/memory29/node0/memory18/node0/memory10/subsystem/devices/memory25/node0/power/control&path=//sys/class/thermal/cooling_device1/subsystem/cooling_device7/device/subsystem/devices/PNP0A03:00/device:12/subsystem/devices/device:1a/subsystem/devices/PNP0A03:00/device:06/subsystem/devices/device:13/subsystem/devices/LNXCPU:05/physical_node/driver/cpu5/driver/cpu4/node0/memory31/node0/memory29/node0/cpu6/node0/memory9/node0/memory12/subsystem/devices/memory4/node0/memory29/node0/memory18/node0/memory10/subsystem/devices/memory25/node0/power HTTP/1.1" 200 3090 "-" "Amazon CloudFront"
64.252.120.98 - - [13/Sep/2026:12:07:29 +0000] "GET /?fileloc=//usr/share/doc/freetype-devel-2.8/reference/ft2-font_formats.html&path=//usr/share/doc/freetype-devel-2.8/reference HTTP/1.1" 200 4287 "-" "Amazon CloudFront"
64.252.69.197 - - [13/Sep/2026:12:07:29 +0000] "GET /?path=//sys/class/thermal/cooling_device1/subsystem/cooling_device7/device/subsystem/devices/PNP0A03:00/device:12/subsystem/devices/device:1a/subsystem/devices/PNP0A03:00/device:06/subsystem/devices/device:13/subsystem/devices/LNXCPU:05/physical_node/driver/cpu5/driver/cpu4/node0/cpu1/node0/memory1/node0/memory3/node0/memory25/node0/cpu3/node0/memory15/node0/memory4/node0/memory13/subsystem/devices/memory3/node0/memory31 HTTP/1.1" 200 3905 "-" "Amazon CloudFront"
64.252.67.163 - - [13/Sep/2026:12:07:29 +0000] "GET /?path=//sys/class/thermal/cooling_device1/subsystem/cooling_device7/device/subsystem/devices/PNP0A03:00/device:12/subsystem/devices/device:1a/subsystem/devices/PNP0A03:00/device:06/subsystem/devices/device:13/subsystem/devices/LNXCPU:05/physical_node/driver/cpu5/driver/cpu7/firmware_node/physical_node/node0/memory3/subsystem/devices/memory25/node0/cpu4/node0/memory13/node0/cpu3/node0/memory29/node0/memory23/subsystem/devices/memory19/node0/memory19/subsystem/drivers HTTP/1.1" 200 3111 "-" "Amazon CloudFront"
64.252.67.163 - - [13/Sep/2026:12:07:30 +0000] "GET /?fileloc=//sys/class/thermal/cooling_device1/subsystem/cooling_device7/device/subsystem/devices/PNP0A03:00/device:12/subsystem/devices/device:1a/subsystem/devices/PNP0A03:00/device:06/subsystem/devices/device:13/subsystem/devices/LNXCPU:05/physical_node/driver/cpu5/driver/cpu4/node0/memory31/subsystem/devices/memory2/node0/cpu5/node0/memory22/node0/memory29/node0/memory7/node0/memory19/node0/cpu0/node0/memory22/state&path=//sys/class/thermal/cooling_device1/subsystem/cooling_device7/device/subsystem/devices/PNP0A03:00/device:12/subsystem/devices/device:1a/subsystem/devices/PNP0A03:00/device:06/subsystem/devices/device:13/subsystem/devices/LNXCPU:05/physical_node/driver/cpu5/driver/cpu4/node0/memory31/subsystem/devices/memory2/node0/cpu5/node0/memory22/node0/memory29/node0/memory7/node0/memory19/node0/cpu0/node0/memory22 HTTP/1.1" 200 3004 "-" "Amazon CloudFront"
64.252.67.36 - - [13/Sep/2026:12:07:31 +0000] "GET /products/detail/167571450?fileloc=//proc/22213/root/usr/lib64/libxcb-xv.so.0.0.0&path=//proc/22213/root/usr/lib64 HTTP/1.1" 200 2586 "-" "Amazon CloudFront"
64.252.67.36 - - [13/Sep/2026:12:07:32 +0000] "GET /?fileloc=//sys/class/thermal/cooling_device1/subsystem/cooling_device7/device/subsystem/devices/PNP0A03:00/device:12/subsystem/devices/device:1a/subsystem/devices/PNP0A03:00/device:06/subsystem/devices/device:13/subsystem/devices/LNXCPU:05/physical_node/driver/cpu5/driver/cpu0/driver/cpu2/firmware_node/physical_node/node0/cpu2/node0/memory4/subsystem/devices/memory30/node0/memory12/node0/cpu3/node0/cpu3/driver/cpu6/node0/memory16/valid_zones&path=//sys/class/thermal/cooling_device1/subsystem/cooling_device7/device/subsystem/devices/PNP0A03:00/device:12/subsystem/devices/device:1a/subsystem/devices/PNP0A03:00/device:06/subsystem/devices/device:13/subsystem/devices/LNXCPU:05/physical_node/driver/cpu5/driver/cpu0/driver/cpu2/firmware_node/physical_node/node0/cpu2/node0/memory4/subsystem/devices/memory30/node0/memory12/node0/cpu3/node0/cpu3/driver/cpu6/node0/memory16 HTTP/1.1" 200 3045 "-" "Amazon CloudFront"
64.252.69.197 - - [13/Sep/2026:12:07:33 +0000] "GET /?fileloc=//sys/class/thermal/cooling_device1/subsystem/cooling_device7/device/subsystem/devices/PNP0A03:00/subsystem/devices/PNP0A03:00/device:06/physical_node/subsystem/devices/0000:00:04.0/uevent&path=//sys/class/thermal/cooling_device1/subsystem/cooling_device7/device/subsystem/devices/PNP0A03:00/subsystem/devices/PNP0A03:00/device:06/physical_node/subsystem/devices/0000:00:04.0 HTTP/1.1" 200 2812 "-" "Amazon CloudFront"
64.252.67.163 - - [13/Sep/2026:12:07:34 +0000] "GET /?path=//sys/class/thermal/cooling_device1/subsystem/cooling_device6/subsystem/cooling_device7/subsystem/cooling_device6/device/physical_node/node0/memory2/node0/cpu7/node0/memory2 HTTP/1.1" 200 3467 "-" "Amazon CloudFront"
64.252.67.163 - - [13/Sep/2026:12:07:36 +0000] "GET /products/detail/167571450?fileloc=//proc/22213/root/usr/lib64/libreadline.so&path=//proc/22213/root/usr/lib64 HTTP/1.1" 200 2584 "-" "Amazon CloudFront"
64.252.67.163 - - [13/Sep/2026:12:07:37 +0000] "GET /?fileloc=//sys/class/thermal/cooling_device1/subsystem/cooling_device7/device/subsystem/devices/PNP0A03:00/device:12/subsystem/devices/device:1a/subsystem/devices/PNP0A03:00/device:06/subsystem/devices/device:13/subsystem/devices/LNXCPU:05/physical_node/driver/cpu5/driver/cpu0/driver/cpu2/firmware_node/physical_node/node0/cpu2/node0/memory4/subsystem/devices/memory30/node0/memory12/node0/cpu3/node0/cpu3/driver/cpu6/node0/memory16/removable&path=//sys/class/thermal/cooling_device1/subsystem/cooling_device7/device/subsystem/devices/PNP0A03:00/device:12/subsystem/devices/device:1a/subsystem/devices/PNP0A03:00/device:06/subsystem/devices/device:13/subsystem/devices/LNXCPU:05/physical_node/driver/cpu5/driver/cpu0/driver/cpu2/firmware_node/physical_node/node0/cpu2/node0/memory4/subsystem/devices/memory30/node0/memory12/node0/cpu3/node0/cpu3/driver/cpu6/node0/memory16 HTTP/1.1" 200 3038 "-" "Amazon CloudFront"
64.252.66.61 - - [13/Sep/2026:12:07:38 +0000] "GET /products/detail/167571450?fileloc=//proc/22213/root/usr/lib64/libncurses%20%20.so.6&path=//proc/22213/root/usr/lib64 HTTP/1.1" 200 2584 "-" "Amazon CloudFront"
64.252.67.36 - - [13/Sep/2026:12:07:39 +0000] "GET /?fileloc=//sys/class/thermal/cooling_device1/subsystem/cooling_device7/device/subsystem/devices/PNP0A03:00/device:12/subsystem/devices/device:1a/subsystem/devices/PNP0A03:00/device:06/subsystem/devices/device:13/subsystem/devices/LNXCPU:05/physical_node/driver/cpu5/driver/cpu4/node0/memory31/subsystem/devices/memory22/node0/memory14/node0/cpu6/subsystem/devices/cpu2/driver/cpu7/node0/cpu6/node0/cpu4/node0/memory15/node0/cpu6/uevent&path=//sys/class/thermal/cooling_device1/subsystem/cooling_device7/device/subsystem/devices/PNP0A03:00/device:12/subsystem/devices/device:1a/subsystem/devices/PNP0A03:00/device:06/subsystem/devices/device:13/subsystem/devices/LNXCPU:05/physical_node/driver/cpu5/driver/cpu4/node0/memory31/subsystem/devices/memory22/node0/memory14/node0/cpu6/subsystem/devices/cpu2/driver/cpu7/node0/cpu6/node0/cpu4/node0/memory15/node0/cpu6 HTTP/1.1" 200 3317 "-" "Amazon CloudFront"
64.252.69.197 - - [13/Sep/2026:12:07:41 +0000] "GET /?path=//sys/class/thermal/cooling_device1/subsystem/cooling_device6/subsystem/cooling_device7/subsystem/cooling_device6/device/physical_node/node0/memory14/node0/memory23/subsystem HTTP/1.1" 200 3244 "-" "Amazon CloudFront"
64.252.66.61 - - [13/Sep/2026:12:07:42 +0000] "GET /products/detail/293871501?fileloc=//usr/local/lsws/docs/zh-CN/Rewrite_Help.html&path=//usr/local/lsws/docs/zh-CN HTTP/1.1" 200 6301 "-" "Amazon CloudFront"
64.252.66.61 - - [13/Sep/2026:12:07:44 +0000] "GET /?fileloc=//sys/class/thermal/cooling_device1/subsystem/cooling_device7/device/subsystem/devices/PNP0A03:00/device:12/subsystem/devices/device:1a/subsystem/devices/PNP0A03:00/device:06/subsystem/devices/device:13/subsystem/devices/LNXCPU:05/physical_node/driver/cpu5/driver/cpu4/node0/memory15/node0/memory8/node0/memory25/node0/cpu2/node0/memory19/subsystem/devices/memory16/phys_device&path=//sys/class/thermal/cooling_device1/subsystem/cooling_device7/device/subsystem/devices/PNP0A03:00/device:12/subsystem/devices/device:1a/subsystem/devices/PNP0A03:00/device:06/subsystem/devices/device:13/subsystem/devices/LNXCPU:05/physical_node/driver/cpu5/driver/cpu4/node0/memory15/node0/memory8/node0/memory25/node0/cpu2/node0/memory19/subsystem/devices/memory16 HTTP/1.1" 200 2968 "-" "Amazon CloudFront"
64.252.66.61 - - [13/Sep/2026:12:07:46 +0000] "GET /?fileloc=//sys/class/thermal/cooling_device1/subsystem/cooling_device7/device/subsystem/devices/PNP0A03:00/device:12/subsystem/devices/device:1a/subsystem/devices/PNP0A03:00/device:1d/subsystem/devices/device:10/subsystem/devices/device:06/subsystem/devices/device:00/subsystem/devices/device:02/PNP0F13:00/subsystem/devices/LNXCPU:03/subsystem/devices/LNXCPU:05/subsystem/devices/LNXCPU:03/physical_node/node0/memory15/node0/memory5/node0/memory14/node0/cpu7/driver/cpu3/node0/cpu6/node0/memory20/phys_device&path=//sys/class/thermal/cooling_device1/subsystem/cooling_device7/device/subsystem/devices/PNP0A03:00/device:12/subsystem/devices/device:1a/subsystem/devices/PNP0A03:00/device:1d/subsystem/devices/device:10/subsystem/devices/device:06/subsystem/devices/device:00/subsystem/devices/device:02/PNP0F13:00/subsystem/devices/LNXCPU:03/subsystem/devices/LNXCPU:05/subsystem/devices/LNXCPU:03/physical_node/node0/memory15/node0/memory5/node0/memory14/node0/cpu7/driver/cpu3/node0/cpu6/node0/memory20 HTTP/1.1" 200 3080 "-" "Amazon CloudFront"
64.252.67.163 - - [13/Sep/2026:12:07:46 +0000] "GET /products/detail/167571450?fileloc=//proc/22213/root/usr/lib64/libtirpc.so.1&path=//proc/22213/root/usr/lib64 HTTP/1.1" 200 2582 "-" "Amazon CloudFront"
64.252.69.197 - - [13/Sep/2026:12:07:48 +0000] "GET /?path=//sys/class/thermal/cooling_device1/subsystem/cooling_device6/subsystem/cooling_device7/subsystem/cooling_device6/device/physical_node/node0/memory23/node0/memory18/node0/cpu5 HTTP/1.1" 200 3536 "-" "Amazon CloudFront"
64.252.66.61 - - [13/Sep/2026:12:07:50 +0000] "GET /products/detail/167571450?fileloc=//proc/22213/root/usr/lib64/libdmraid-events-isw.so&path=//proc/22213/root/usr/lib64 HTTP/1.1" 200 2592 "-" "Amazon CloudFront"
64.252.67.163 - - [13/Sep/2026:12:07:51 +0000] "GET /?path=//sys/class/thermal/cooling_device1/subsystem/cooling_device6/subsystem/cooling_device7/subsystem/cooling_device6/device/physical_node/node0/memory23/node0/memory18/node0/memory3 HTTP/1.1" 200 3470 "-" "Amazon CloudFront"
64.252.66.61 - - [13/Sep/2026:12:07:53 +0000] "GET /?fileloc=//sys/class/thermal/cooling_device1/subsystem/cooling_device7/device/subsystem/devices/PNP0A03:00/device:12/subsystem/devices/device:1a/subsystem/devices/PNP0A03:00/device:06/subsystem/devices/device:13/subsystem/devices/LNXCPU:05/physical_node/driver/cpu5/driver/cpu4/node0/memory31/node0/memory8/subsystem/devices/memory28/subsystem/devices/memory8/node0/memory19/node0/memory0/node0/subsystem/devices/node0/cpu4/node0/memory27/node0/cpu5/cache/index3/level&path=//sys/class/thermal/cooling_device1/subsystem/cooling_device7/device/subsystem/devices/PNP0A03:00/device:12/subsystem/devices/device:1a/subsystem/devices/PNP0A03:00/device:06/subsystem/devices/device:13/subsystem/devices/LNXCPU:05/physical_node/driver/cpu5/driver/cpu4/node0/memory31/node0/memory8/subsystem/devices/memory28/subsystem/devices/memory8/node0/memory19/node0/memory0/node0/subsystem/devices/node0/cpu4/node0/memory27/node0/cpu5/cache/index3 HTTP/1.1" 200 3055 "-" "Amazon CloudFront"
64.252.67.36 - - [13/Sep/2026:12:07:54 +0000] "GET /products/detail/167571450?fileloc=//proc/22213/root/usr/lib64/libip4tc.so.0&path=//proc/22213/root/usr/lib64 HTTP/1.1" 200 2582 "-" "Amazon CloudFront"
64.252.67.36 - - [13/Sep/2026:12:07:55 +0000] "GET /?fileloc=//sys/class/thermal/cooling_device1/subsystem/cooling_device7/device/subsystem/devices/PNP0A03:00/device:12/subsystem/devices/device:1a/subsystem/devices/PNP0A03:00/device:06/subsystem/devices/device:13/subsystem/devices/LNXCPU:05/physical_node/driver/cpu5/driver/cpu4/node0/memory31/node0/memory29/node0/memory32/node0/memory17/subsystem/devices/memory9/node0/memory24/node0/cpu5/driver/cpu0/node0/memory29/node0/distance&path=//sys/class/thermal/cooling_device1/subsystem/cooling_device7/device/subsystem/devices/PNP0A03:00/device:12/subsystem/devices/device:1a/subsystem/devices/PNP0A03:00/device:06/subsystem/devices/device:13/subsystem/devices/LNXCPU:05/physical_node/driver/cpu5/driver/cpu4/node0/memory31/node0/memory29/node0/memory32/node0/memory17/subsystem/devices/memory9/node0/memory24/node0/cpu5/driver/cpu0/node0/memory29/node0 HTTP/1.1" 200 3013 "-" "Amazon CloudFront"
64.252.69.197 - - [13/Sep/2026:12:07:57 +0000] "GET /?fileloc=//sys/class/thermal/cooling_device1/subsystem/cooling_device7/device/subsystem/devices/PNP0A03:00/device:12/subsystem/devices/device:1a/subsystem/devices/PNP0A03:00/device:06/subsystem/devices/device:13/subsystem/devices/LNXCPU:05/physical_node/driver/cpu5/driver/cpu4/node0/memory31/node0/memory8/subsystem/devices/memory30/node0/memory0/node0/memory15/node0/memory12/subsystem/devices/memory28/node0/memory11/node0/cpu7/node0/vmstat&path=//sys/class/thermal/cooling_device1/subsystem/cooling_device7/device/subsystem/devices/PNP0A03:00/device:12/subsystem/devices/device:1a/subsystem/devices/PNP0A03:00/device:06/subsystem/devices/device:13/subsystem/devices/LNXCPU:05/physical_node/driver/cpu5/driver/cpu4/node0/memory31/node0/memory8/subsystem/devices/memory30/node0/memory0/node0/memory15/node0/memory12/subsystem/devices/memory28/node0/memory11/node0/cpu7/node0 HTTP/1.1" 200 3036 "-" "Amazon CloudFront"
64.252.69.197 - - [13/Sep/2026:12:07:58 +0000] "GET /products/detail/167571450?fileloc=//proc/22213/root/usr/lib64/libkeyutils.so&path=//proc/22213/root/usr/lib64 HTTP/1.1" 200 2583 "-" "Amazon CloudFront"
64.252.67.163 - - [13/Sep/2026:12:08:00 +0000] "GET /?path=//sys/class/thermal/cooling_device1/subsystem/cooling_device6/subsystem/cooling_device7/subsystem/cooling_device6/device/physical_node/node0/memory23/node0/memory18/node0/memory2 HTTP/1.1" 200 3470 "-" "Amazon CloudFront"
64.252.67.36 - - [13/Sep/2026:12:08:02 +0000] "GET /?path=//sys/class/thermal/cooling_device1/subsystem/cooling_device6/subsystem/cooling_device7/subsystem/cooling_device6/device/physical_node/node0/memory23/node0/memory18/node0/memory25 HTTP/1.1" 200 3472 "-" "Amazon CloudFront"
64.252.67.36 - - [13/Sep/2026:12:08:03 +0000] "GET /products/detail/167571450?fileloc=//proc/22213/root/bin/sha384sum&path=//proc/22213/root/bin HTTP/1.1" 200 2572 "-" "Amazon CloudFront"
64.252.67.163 - - [13/Sep/2026:12:08:04 +0000] "GET /?path=//sys/class/thermal/cooling_device1/subsystem/cooling_device7/device/subsystem/devices/PNP0A03:00/device:12/subsystem/devices/device:1a/subsystem/devices/PNP0A03:00/device:06/subsystem/devices/device:1a/subsystem/devices/LNXCPU:06/physical_node/firmware_node/physical_node/node0/memory10/node0/memory23/node0/memory21/node0/memory11/node0/memory28/node0/cpu0/node0/memory28/node0/memory24/node0/memory11/node0/memory6/node0/memory24 HTTP/1.1" 200 3881 "-" "Amazon CloudFront"
64.252.67.163 - - [13/Sep/2026:12:08:06 +0000] "GET /?path=//sys/class/thermal/cooling_device1/subsystem/cooling_device6/subsystem/cooling_device7/subsystem/cooling_device6/device/physical_node/node0/cpu7/subsystem HTTP/1.1" 200 3208 "-" "Amazon CloudFront"
64.252.67.163 - - [13/Sep/2026:12:08:06 +0000] "GET /products/detail/293871501?fileloc=//usr/share/vim/vim81/indent/gitconfig.vim&path=//usr/share/vim/vim81/indent HTTP/1.1" 200 3022 "-" "Amazon CloudFront"
64.252.66.61 - - [13/Sep/2026:12:08:09 +0000] "GET /?path=//sys/class/thermal/cooling_device1/subsystem/cooling_device6/subsystem/cooling_device7/subsystem/cooling_device6/device/physical_node/node0/memory23/node0/memory18/node0/hugepages HTTP/1.1" 200 3073 "-" "Amazon CloudFront"
64.252.66.61 - - [13/Sep/2026:12:08:10 +0000] "GET /?fileloc=//var/www/volumes/69b4844ae61d4e92bf26ad98af552775/wordpress/wp-admin/admin-ajax.php&path=//var/www/volumes/69b4844ae61d4e92bf26ad98af552775/wordpress/wp-admin HTTP/1.1" 200 4184 "-" "Amazon CloudFront"
64.252.67.36 - - [13/Sep/2026:12:08:11 +0000] "GET /?path=//sys/class/thermal/cooling_device1/subsystem/cooling_device6/subsystem/cooling_device7/subsystem/cooling_device6/device/physical_node/node0/cpu3/node0/memory30 HTTP/1.1" 200 3439 "-" "Amazon CloudFront"
64.252.120.98 - - [13/Sep/2026:12:08:11 +0000] "GET /?fileloc=//usr/share/locale/nl/LC_MESSAGES/sed.mo&path=//usr/share/locale/nl/LC_MESSAGES HTTP/1.1" 200 2590 "-" "Amazon CloudFront"
64.252.67.163 - - [13/Sep/2026:12:08:11 +0000] "GET /?path=//sys/class/thermal/cooling_device1/subsystem/cooling_device7/device/subsystem/devices/PNP0A03:00/device:12/subsystem/devices/device:1a/subsystem/devices/PNP0A03:00/device:06/subsystem/devices/device:13/subsystem/devices/LNXCPU:05/physical_node/driver/cpu5/driver/cpu4/node0/memory0/node0/memory15/node0/memory16/node0/memory5/node0/memory18/node0/memory31/node0/cpu5/node0/memory3/node0/memory0/node0/memory10 HTTP/1.1" 200 3882 "-" "Amazon CloudFront"
64.252.67.36 - - [13/Sep/2026:12:08:13 +0000] "GET /?fileloc=//sys/class/thermal/cooling_device1/subsystem/cooling_device7/device/subsystem/devices/PNP0A03:00/device:12/subsystem/devices/LNXSLPBN:00/power/runtime_status&path=//sys/class/thermal/cooling_device1/subsystem/cooling_device7/device/subsystem/devices/PNP0A03:00/device:12/subsystem/devices/LNXSLPBN:00/power HTTP/1.1" 200 2705 "-" "Amazon CloudFront"
64.252.66.61 - - [13/Sep/2026:12:08:14 +0000] "GET /?fileloc=//var/www/volumes/69b4844ae61d4e92bf26ad98af552775/logs/openlitespeed/access.log.2026_08_20.14&path=//var/www/volumes/69b4844ae61d4e92bf26ad98af552775/logs/openlitespeed HTTP/1.1" 200 647614 "-" "Amazon CloudFront"
64.252.67.163 - - [13/Sep/2026:12:08:17 +0000] "GET /?fileloc=//sys/class/thermal/cooling_device1/subsystem/cooling_device7/device/subsystem/devices/PNP0A03:00/device:12/subsystem/devices/device:20/subsystem/devices/PNP0C0F:03/hid&path=//sys/class/thermal/cooling_device1/subsystem/cooling_device7/device/subsystem/devices/PNP0A03:00/device:12/subsystem/devices/device:20/subsystem/devices/PNP0C0F:03 HTTP/1.1" 200 2654 "-" "Amazon CloudFront"
64.252.67.163 - - [13/Sep/2026:12:08:17 +0000] "GET /?path=//sys/class/thermal/cooling_device1/subsystem/cooling_device7/device/subsystem/devices/PNP0A03:00/device:12/subsystem/devices/device:1a/subsystem/devices/PNP0A03:00/device:06/subsystem/devices/device:13/subsystem/devices/LNXCPU:05/physical_node/driver/cpu5/driver/cpu4/node0/memory15/node0/memory8/node0/memory25/node0/cpu2/node0/memory19/subsystem/devices/memory20/node0/cpu3/driver/cpu6/node0/memory2/node0 HTTP/1.1" 200 5379 "-" "Amazon CloudFront"
64.252.69.197 - - [13/Sep/2026:12:08:18 +0000] "GET /?path=//sys/class/thermal/cooling_device1/subsystem/cooling_device6/subsystem/cooling_device7/subsystem/cooling_device6/device/physical_node/node0/memory31/node0/memory27/subsystem HTTP/1.1" 200 3246 "-" "Amazon CloudFront"
64.252.67.36 - - [13/Sep/2026:12:08:18 +0000] "GET /?path=//sys/class/thermal/cooling_device3/device/physical_node/node0/memory28/node0/cpu5/firmware_node/subsystem/devices/PNP0A03:00/physical_node/pci_bus/0000:00/device/0000:00:1f.0/driver/0000:00:04.0/driver/0000:00:1f.0/nvme/nvme2/nvme2n1/holders/md0/slaves/nvme2n1/holders/md0/slaves/nvme1n1/subsystem/nvme1n1/bdi HTTP/1.1" 200 3594 "-" "Amazon CloudFront"
64.252.69.197 - - [13/Sep/2026:12:08:20 +0000] "GET /?path=//sys/class/thermal/cooling_device1/subsystem/cooling_device7/device/subsystem/devices/PNP0A03:00/device:12/subsystem/devices/device:1a/subsystem/devices/PNP0A03:00/device:06/subsystem/devices/device:1a/subsystem/devices/LNXCPU:06/physical_node/firmware_node/physical_node/node0/memory10/node0/memory23/node0/cpu1/node0/cpu1/node0/memory31/node0/memory4/node0/memory8/node0/cpu0/node0/memory4 HTTP/1.1" 200 3816 "-" "Amazon CloudFront"
64.252.67.36 - - [13/Sep/2026:12:08:22 +0000] "GET /?fileloc=//var/www/volumes/69b4844ae61d4e92bf26ad98af552775/logs/openlitespeed/access.log.2026_08_12.11&path=//var/www/volumes/69b4844ae61d4e92bf26ad98af552775/logs/openlitespeed HTTP/1.1" 200 2607 "-" "Amazon CloudFront"
64.252.67.163 - - [13/Sep/2026:12:08:22 +0000] "GET /?fileloc=//sys/class/thermal/cooling_device1/subsystem/cooling_device7/device/subsystem/devices/PNP0A03:00/device:12/subsystem/devices/device:1a/subsystem/devices/PNP0A03:00/device:06/subsystem/devices/device:13/subsystem/devices/LNXCPU:05/physical_node/driver/cpu5/driver/cpu4/node0/memory0/node0/memory8/node0/cpu2/driver/cpu3/subsystem/devices/cpu7/node0/memory22/node0/cpu5/node0/cpu4/driver/cpu5/cache/index3/id&path=//sys/class/thermal/cooling_device1/subsystem/cooling_device7/device/subsystem/devices/PNP0A03:00/device:12/subsystem/devices/device:1a/subsystem/devices/PNP0A03:00/device:06/subsystem/devices/device:13/subsystem/devices/LNXCPU:05/physical_node/driver/cpu5/driver/cpu4/node0/memory0/node0/memory8/node0/cpu2/driver/cpu3/subsystem/devices/cpu7/node0/memory22/node0/cpu5/node0/cpu4/driver/cpu5/cache/index3 HTTP/1.1" 200 3031 "-" "Amazon CloudFront"
64.252.69.197 - - [13/Sep/2026:12:08:25 +0000] "GET /?fileloc=//sys/class/thermal/cooling_device1/subsystem/cooling_device7/device/subsystem/devices/PNP0A03:00/device:12/subsystem/devices/device:1a/subsystem/devices/PNP0A03:00/device:06/subsystem/devices/device:13/subsystem/devices/LNXCPU:05/physical_node/driver/cpu5/driver/cpu4/node0/memory0/node0/memory15/subsystem/devices/memory28/node0/memory17/node0/memory18/subsystem/devices/memory11/subsystem/devices/memory9/node0/memory21/node0/memory1/phys_device&path=//sys/class/thermal/cooling_device1/subsystem/cooling_device7/device/subsystem/devices/PNP0A03:00/device:12/subsystem/devices/device:1a/subsystem/devices/PNP0A03:00/device:06/subsystem/devices/device:13/subsystem/devices/LNXCPU:05/physical_node/driver/cpu5/driver/cpu4/node0/memory0/node0/memory15/subsystem/devices/memory28/node0/memory17/node0/memory18/subsystem/devices/memory11/subsystem/devices/memory9/node0/memory21/node0/memory1 HTTP/1.1" 200 3035 "-" "Amazon CloudFront"
64.252.67.36 - - [13/Sep/2026:12:08:26 +0000] "GET /products/detail/167571450?fileloc=//proc/22213/root/bin/python3.7&path=//proc/22213/root/bin HTTP/1.1" 200 2572 "-" "Amazon CloudFront"
64.252.67.163 - - [13/Sep/2026:12:08:27 +0000] "GET /?fileloc=//sys/class/thermal/cooling_device1/subsystem/cooling_device7/device/subsystem/devices/PNP0A03:00/device:12/subsystem/devices/device:1a/subsystem/devices/PNP0A03:00/device:06/subsystem/devices/device:13/subsystem/devices/LNXCPU:05/physical_node/driver/cpu5/driver/cpu4/node0/memory0/node0/memory15/subsystem/devices/memory7/node0/memory4/node0/memory11/node0/memory24/node0/cpu0/node0/memory27/subsystem/devices/memory21/node0/memory6/phys_device&path=//sys/class/thermal/cooling_device1/subsystem/cooling_device7/device/subsystem/devices/PNP0A03:00/device:12/subsystem/devices/device:1a/subsystem/devices/PNP0A03:00/device:06/subsystem/devices/device:13/subsystem/devices/LNXCPU:05/physical_node/driver/cpu5/driver/cpu4/node0/memory0/node0/memory15/subsystem/devices/memory7/node0/memory4/node0/memory11/node0/memory24/node0/cpu0/node0/memory27/subsystem/devices/memory21/node0/memory6 HTTP/1.1" 200 3055 "-" "Amazon CloudFront"
64.252.67.163 - - [13/Sep/2026:12:08:29 +0000] "GET /?fileloc=//sys/class/thermal/cooling_device1/subsystem/cooling_device7/device/subsystem/devices/PNP0A03:00/device:12/subsystem/devices/device:20/subsystem/devices/PNP0C0F:03/path&path=//sys/class/thermal/cooling_device1/subsystem/cooling_device7/device/subsystem/devices/PNP0A03:00/device:12/subsystem/devices/device:20/subsystem/devices/PNP0C0F:03 HTTP/1.1" 200 2710 "-" "Amazon CloudFront"
64.252.67.36 - - [13/Sep/2026:12:08:30 +0000] "GET /products/detail/293871501?fileloc=//usr/local/lsws/logs/error.log.2026_09_08.65&path=//usr/local/lsws/logs HTTP/1.1" 200 777555 "-" "Amazon CloudFront"
64.252.67.36 - - [13/Sep/2026:12:08:32 +0000] "GET /?fileloc=//sys/class/thermal/cooling_device1/subsystem/cooling_device7/device/subsystem/devices/PNP0A03:00/device:12/subsystem/devices/device:1a/subsystem/devices/PNP0A03:00/device:06/subsystem/devices/device:13/subsystem/devices/LNXCPU:05/physical_node/driver/cpu5/driver/cpu4/node0/memory31/subsystem/devices/memory22/node0/memory14/node0/memory8/node0/memory2/node0/memory6/node0/memory1/node0/memory17/subsystem/devices/memory32/removable&path=//sys/class/thermal/cooling_device1/subsystem/cooling_device7/device/subsystem/devices/PNP0A03:00/device:12/subsystem/devices/device:1a/subsystem/devices/PNP0A03:00/device:06/subsystem/devices/device:13/subsystem/devices/LNXCPU:05/physical_node/driver/cpu5/driver/cpu4/node0/memory31/subsystem/devices/memory22/node0/memory14/node0/memory8/node0/memory2/node0/memory6/node0/memory1/node0/memory17/subsystem/devices/memory32 HTTP/1.1" 200 3023 "-" "Amazon CloudFront"
64.252.69.197 - - [13/Sep/2026:12:08:34 +0000] "GET /?fileloc=//sys/class/thermal/cooling_device1/subsystem/cooling_device7/device/physical_node/driver/cpu3/firmware_node/subsystem/devices/PNP0400:00/subsystem/drivers_autoprobe&path=//sys/class/thermal/cooling_device1/subsystem/cooling_device7/device/physical_node/driver/cpu3/firmware_node/subsystem/devices/PNP0400:00/subsystem HTTP/1.1" 200 2706 "-" "Amazon CloudFront"
64.252.67.36 - - [13/Sep/2026:12:08:36 +0000] "GET /?fileloc=//sys/class/thermal/cooling_device1/subsystem/cooling_device7/device/subsystem/devices/PNP0A03:00/device:12/subsystem/devices/device:1a/subsystem/devices/PNP0A03:00/device:06/subsystem/devices/device:13/subsystem/devices/LNXCPU:05/physical_node/driver/cpu5/driver/cpu4/node0/memory31/subsystem/devices/memory31/node0/memory27/node0/cpu7/node0/memory6/node0/memory18/node0/memory31/node0/cpu5/driver/cpu6/node0/memory16/valid_zones&path=//sys/class/thermal/cooling_device1/subsystem/cooling_device7/device/subsystem/devices/PNP0A03:00/device:12/subsystem/devices/device:1a/subsystem/devices/PNP0A03:00/device:06/subsystem/devices/device:13/subsystem/devices/LNXCPU:05/physical_node/driver/cpu5/driver/cpu4/node0/memory31/subsystem/devices/memory31/node0/memory27/node0/cpu7/node0/memory6/node0/memory18/node0/memory31/node0/cpu5/driver/cpu6/node0/memory16 HTTP/1.1" 200 3032 "-" "Amazon CloudFront"
64.252.67.36 - - [13/Sep/2026:12:08:38 +0000] "GET /products/detail/167571450?path=//proc/22213/root/proc/net HTTP/1.1" 200 2624 "-" "Amazon CloudFront"
64.252.67.36 - - [13/Sep/2026:12:08:40 +0000] "GET /?path=//sys/class/thermal/cooling_device1/subsystem/cooling_device7/device/subsystem/devices/PNP0A03:00/device:12/subsystem/devices/device:1a/subsystem/devices/PNP0A03:00/device:06/subsystem/devices/device:13/subsystem/devices/LNXCPU:05/physical_node/driver/cpu5/driver/cpu4/node0/memory31/node0/memory8/subsystem/devices/memory28/subsystem/devices/memory25/node0/memory9/node0/memory24/node0/memory9/node0/memory22/node0/memory15/node0/memory12/node0 HTTP/1.1" 200 3823 "-" "Amazon CloudFront"
64.252.66.61 - - [13/Sep/2026:12:08:37 +0000] "GET /products/detail/293871501?fileloc=//usr/local/lsws/logs/error.log.2026_08_26.101&path=//usr/local/lsws/logs HTTP/1.1" 200 926219 "-" "Amazon CloudFront"
64.252.66.61 - - [13/Sep/2026:12:08:41 +0000] "GET /?path=//sys/class/thermal/cooling_device1/subsystem/cooling_device6/subsystem/cooling_device7/subsystem/cooling_device6/device/physical_node/node0/memory23/node0/memory18/node0/memory13 HTTP/1.1" 200 3472 "-" "Amazon CloudFront"
64.252.69.197 - - [13/Sep/2026:12:08:42 +0000] "GET /?path=//sys/class/thermal/cooling_device3/device/physical_node/node0/memory28/node0/cpu5/firmware_node/subsystem/devices/PNP0A03:00/physical_node/pci_bus/0000:00/device/0000:00:1e.0/driver/module/drivers/pci:nvme/0000:00:1f.0/nvme/nvme2/nvme2n1/subsystem/md0/md/rd1/block/holders/md0/slaves/nvme2n1/mq/3 HTTP/1.1" 200 3463 "-" "Amazon CloudFront"
64.252.66.61 - - [13/Sep/2026:12:08:43 +0000] "GET /?fileloc=//sys/class/thermal/cooling_device1/subsystem/cooling_device7/device/subsystem/devices/PNP0A03:00/device:12/subsystem/devices/device:1a/subsystem/devices/PNP0A03:00/device:06/subsystem/devices/device:13/subsystem/devices/LNXCPU:05/physical_node/driver/cpu5/driver/cpu4/node0/memory31/subsystem/devices/memory22/node0/memory24/node0/memory11/node0/memory12/node0/memory32/node0/cpu7/node0/cpu2/firmware_node/subsystem/devices/LNXCPU:02/physical_node/crash_notes_size&path=//sys/class/thermal/cooling_device1/subsystem/cooling_device7/device/subsystem/devices/PNP0A03:00/device:12/subsystem/devices/device:1a/subsystem/devices/PNP0A03:00/device:06/subsystem/devices/device:13/subsystem/devices/LNXCPU:05/physical_node/driver/cpu5/driver/cpu4/node0/memory31/subsystem/devices/memory22/node0/memory24/node0/memory11/node0/memory12/node0/memory32/node0/cpu7/node0/cpu2/firmware_node/subsystem/devices/LNXCPU:02/physical_node HTTP/1.1" 200 3069 "-" "Amazon CloudFront"
