64.252.76.84 - - [13/Sep/2026:12:37:57 +0000] "GET /sitemap348.xml?path=%2F%2Fsys%2Fbus%2Fcpu%2Fdevices%2Fcpu5%2Fnode0%2Fcpu4%2Fnode0%2Fmemory31%2Fnode0%2Fcpu7%2Fnode0%2Fmemory17%2Fnode0%2Fmemory17%2Fpower HTTP/1.1" 200 3123 "-" "Amazon CloudFront"
64.252.67.163 - - [13/Sep/2026:12:37:57 +0000] "GET /?path=//sys/class/thermal/cooling_device1/subsystem/cooling_device6/subsystem/cooling_device7/subsystem/cooling_device6/device/physical_node/node0/cpu3/node0/memory0 HTTP/1.1" 200 3438 "-" "Amazon CloudFront"
64.252.67.163 - - [13/Sep/2026:12:37:58 +0000] "GET /?path=//sys/class/thermal/cooling_device3/device/physical_node/node0/memory28/node0/cpu5/firmware_node/subsystem/devices/PNP0A03:00/physical_node/pci_bus/0000:00/device/0000:00:00.0/subsystem/drivers/nvme/0000:00:1f.0/driver/0000:00:1f.0/nvme/nvme2/nvme2n1/holders/md0/md/dev-nvme1n1/block/holders/md0/slaves/nvme2n1/trace HTTP/1.1" 200 3508 "-" "Amazon CloudFront"
64.252.67.163 - - [13/Sep/2026:12:37:59 +0000] "GET /?path=//sys/class/thermal/cooling_device1/subsystem/cooling_device7/device/subsystem/devices/PNP0A03:00/device:12/subsystem/devices/device:1a/subsystem/devices/PNP0A03:00/device:06/subsystem/devices/device:13/subsystem/devices/LNXCPU:05/physical_node/driver/cpu5/driver/cpu4/node0/memory31/node0/memory29/node0/memory32/node0/cpu5/driver/cpu5/node0/cpu3/node0/cpu6/node0/memory24/subsystem/devices/memory25/node0/memory14 HTTP/1.1" 200 3903 "-" "Amazon CloudFront"
64.252.67.163 - - [13/Sep/2026:12:38:02 +0000] "GET /?path=//sys/class/thermal/cooling_device1/subsystem/cooling_device7/device/subsystem/devices/PNP0A03:00/device:12/subsystem/devices/device:1a/subsystem/devices/PNP0103:00/subsystem HTTP/1.1" 200 3252 "-" "Amazon CloudFront"
64.252.67.36 - - [13/Sep/2026:12:38:02 +0000] "GET /?path=//sys/class/thermal/cooling_device3/device/physical_node/node0/memory28/node0/cpu5/firmware_node/subsystem/devices/PNP0A03:00/physical_node/pci_bus/0000:00/device/0000:00:1f.0/driver/0000:00:04.0/driver/0000:00:1f.0/nvme/nvme2/nvme2n1/holders/md0/slaves/nvme2n1/holders/md0/subsystem/nvme1n1/mq/3/cpu3 HTTP/1.1" 200 2988 "-" "Amazon CloudFront"
64.252.69.197 - - [13/Sep/2026:12:38:04 +0000] "GET /?path=//sys/class/thermal/cooling_device1/subsystem/cooling_device7/device/subsystem/devices/PNP0A03:00/device:12/subsystem/devices/device:1a/subsystem/devices/PNP0A03:00/device:06/subsystem/devices/device:13/subsystem/devices/LNXCPU:05/physical_node/driver/cpu5/driver/cpu4/node0/memory31/subsystem/devices/memory31/node0/memory27/node0/memory4/node0/cpu5/node0/memory32/node0/memory29/node0/memory15/node0/memory25/node0/cpu3/firmware_node HTTP/1.1" 200 3782 "-" "Amazon CloudFront"
64.252.66.61 - - [13/Sep/2026:12:38:06 +0000] "GET /?fileloc=//sys/class/thermal/cooling_device1/subsystem/cooling_device7/device/subsystem/devices/LNXCPU:06/subsystem/drivers/button/bind&path=//sys/class/thermal/cooling_device1/subsystem/cooling_device7/device/subsystem/devices/LNXCPU:06/subsystem/drivers/button HTTP/1.1" 200 2667 "-" "Amazon CloudFront"
64.252.67.36 - - [13/Sep/2026:12:38:06 +0000] "GET /?path=//sys/class/thermal/cooling_device3/device/physical_node/node0/memory28/node0/cpu5/firmware_node/subsystem/devices/PNP0A03:00/physical_node/pci_bus/0000:00/device/0000:00:04.0/driver/0000:00:04.0/driver/0000:00:1e.0/subsystem/devices/0000:00:1e.0/nvme/nvme1/nvme1n1/holders/md0/slaves/nvme2n1/holders/md0/md/rd1/block/power HTTP/1.1" 200 3541 "-" "Amazon CloudFront"
64.252.67.163 - - [13/Sep/2026:12:38:08 +0000] "GET /?path=//sys/class/thermal/cooling_device1/subsystem/cooling_device7/device/subsystem/devices/PNP0A03:00/device:12/subsystem/devices/device:1a/subsystem/devices/PNP0A03:00/device:06/subsystem/devices/device:13/subsystem/devices/LNXCPU:05/physical_node/driver/cpu5/driver/cpu4/node0/memory31/node0/memory29/node0/cpu6/node0/memory0/subsystem/devices/memory8/node0/cpu6/node0/memory2/node0/cpu0/firmware_node/thermal_cooling HTTP/1.1" 200 3739 "-" "Amazon CloudFront"
64.252.69.197 - - [13/Sep/2026:12:38:11 +0000] "GET /?path=//sys/class/thermal/cooling_device1/subsystem/cooling_device7/device/subsystem/devices/PNP0A03:00/device:12/subsystem/devices/device:1a/subsystem/devices/PNP0A03:00/device:06/subsystem/devices/device:13/subsystem/devices/LNXCPU:05/physical_node/driver/cpu5/driver/cpu4/node0/memory31/node0/memory29/node0/cpu6/node0/memory0/subsystem/devices/memory5/node0/memory23/node0/memory22/node0/memory29/node0/cpu6/node0/memory6/power HTTP/1.1" 200 3594 "-" "Amazon CloudFront"
64.252.67.163 - - [13/Sep/2026:12:38:11 +0000] "GET /?fileloc=//sys/class/thermal/cooling_device1/subsystem/cooling_device7/device/subsystem/devices/PNP0A03:00/device:12/subsystem/devices/device:1a/subsystem/devices/PNP0A03:00/device:06/subsystem/devices/device:13/subsystem/devices/LNXCPU:05/physical_node/driver/cpu5/driver/cpu4/node0/memory31/node0/memory8/subsystem/devices/memory28/subsystem/devices/memory20/node0/memory23/node0/memory30/node0/memory12/node0/memory32/node0/cpu7/driver/cpu6/driver/bind&path=//sys/class/thermal/cooling_device1/subsystem/cooling_device7/device/subsystem/devices/PNP0A03:00/device:12/subsystem/devices/device:1a/subsystem/devices/PNP0A03:00/device:06/subsystem/devices/device:13/subsystem/devices/LNXCPU:05/physical_node/driver/cpu5/driver/cpu4/node0/memory31/node0/memory8/subsystem/devices/memory28/subsystem/devices/memory20/node0/memory23/node0/memory30/node0/memory12/node0/memory32/node0/cpu7/driver/cpu6/driver HTTP/1.1" 200 3057 "-" "Amazon CloudFront"
64.252.66.61 - - [13/Sep/2026:12:38:12 +0000] "GET /products/detail/208628339?path=//sys/bus/node/devices/node0/cpu1/driver/cpu7/driver/cpu2/node0/cpu1/firmware_node/thermal_cooling/subsystem/cooling_device1/device/subsystem/devices/LNXSYSTM:00/LNXSYBUS:00/PNP0A03:00/physical_node/firmware_node/device:21/physical_node/nvme/nvme2/device/nvme/nvme2/nvme2n1/holders/md0/md/rd1/block/holders/md0/md/dev-nvme1n1/block/integrity HTTP/1.1" 200 3613 "-" "Amazon CloudFront"
64.252.67.36 - - [13/Sep/2026:12:38:13 +0000] "GET /?path=//sys/class/thermal/cooling_device1/subsystem/cooling_device7/device/subsystem/devices/PNP0A03:00/device:12/subsystem/devices/device:1a/subsystem/devices/PNP0A03:00/device:06/subsystem/devices/device:13/subsystem/devices/LNXCPU:05/physical_node/driver/cpu5/driver/cpu4/node0/memory31/node0/memory29/node0/memory32/node0/memory23/node0/memory0/node0/memory21/subsystem/devices/memory5/subsystem/devices/memory24/node0/cpu0/node0/memory19/power HTTP/1.1" 200 3676 "-" "Amazon CloudFront"
64.252.67.36 - - [13/Sep/2026:12:38:15 +0000] "GET /products/detail/293871501?path=//usr/lib/python2.7/site-packages/botocore/data/cur HTTP/1.1" 200 2916 "-" "Amazon CloudFront"
64.252.75.204 - - [13/Sep/2026:12:38:15 +0000] "GET /sitemap348.xml?fileloc=%2F%2Fsys%2Fbus%2Fcpu%2Fdevices%2Fcpu5%2Fnode0%2Fcpu4%2Fnode0%2Fmemory31%2Fnode0%2Fcpu7%2Fnode0%2Fmemory17%2Fnode0%2Fmemory17%2Fstate&path=%2F%2Fsys%2Fbus%2Fcpu%2Fdevices%2Fcpu5%2Fnode0%2Fcpu4%2Fnode0%2Fmemory31%2Fnode0%2Fcpu7%2Fnode0%2Fmemory17%2Fnode0%2Fmemory17 HTTP/1.1" 200 2647 "-" "Amazon CloudFront"
64.252.67.163 - - [13/Sep/2026:12:38:15 +0000] "GET /?path=//sys/class/thermal/cooling_device1/subsystem/cooling_device7/device/subsystem/devices/PNP0A03:00/device:12/subsystem/devices/device:1a/subsystem/devices/PNP0A03:00/device:06/subsystem/devices/device:13/subsystem/devices/LNXCPU:05/physical_node/driver/cpu5/driver/cpu4/node0/memory31/node0/memory29/node0/memory32/node0/memory8/node0/memory4/node0/cpu1/node0/memory11/node0/memory28/node0/memory2/node0/cpu4/cache/power HTTP/1.1" 200 3660 "-" "Amazon CloudFront"
64.252.69.197 - - [13/Sep/2026:12:38:18 +0000] "GET /?path=//sys/class/thermal/cooling_device1/subsystem/cooling_device7/device/subsystem/devices/PNP0A03:00/device:12/subsystem/devices/device:1a/subsystem/devices/PNP0A03:00/device:06/subsystem/devices/device:13/subsystem/devices/LNXCPU:05/physical_node/driver/cpu5/driver/cpu4/node0/memory31/node0/memory29/node0/memory32/node0/cpu5/driver/cpu5/node0/cpu5/node0/memory1/node0/memory16/node0/memory2/subsystem/devices/memory30/power HTTP/1.1" 200 3652 "-" "Amazon CloudFront"
64.252.69.197 - - [13/Sep/2026:12:38:18 +0000] "GET /?path=//sys/class/thermal/cooling_device3/device/physical_node/node0/memory28/node0/cpu5/firmware_node/subsystem/devices/PNP0A03:00/physical_node/pci_bus/0000:00/device/0000:00:00.0/subsystem/devices/0000:00:04.0/driver/0000:00:1e.0/driver/module/drivers/pci:nvme/0000:00:1e.0/nvme/nvme1/nvme1n1/holders/md0/md/rd0/block/power HTTP/1.1" 200 3539 "-" "Amazon CloudFront"
64.252.66.61 - - [13/Sep/2026:12:38:18 +0000] "GET /?fileloc=//sys/class/thermal/cooling_device1/subsystem/cooling_device7/device/subsystem/devices/PNP0A03:00/device:12/subsystem/devices/device:1a/subsystem/devices/PNP0A03:00/device:06/subsystem/devices/device:13/subsystem/devices/LNXCPU:05/physical_node/driver/cpu5/driver/cpu0/driver/cpu3/driver/cpu5/node0/memory1/node0/memory21/node0/memory31/node0/memory25/subsystem/devices/memory20/node0/cpu2/node0/memory6/node0/memory10/node0/numastat&path=//sys/class/thermal/cooling_device1/subsystem/cooling_device7/device/subsystem/devices/PNP0A03:00/device:12/subsystem/devices/device:1a/subsystem/devices/PNP0A03:00/device:06/subsystem/devices/device:13/subsystem/devices/LNXCPU:05/physical_node/driver/cpu5/driver/cpu0/driver/cpu3/driver/cpu5/node0/memory1/node0/memory21/node0/memory31/node0/memory25/subsystem/devices/memory20/node0/cpu2/node0/memory6/node0/memory10/node0 HTTP/1.1" 200 3041 "-" "Amazon CloudFront"
64.252.67.36 - - [13/Sep/2026:12:38:20 +0000] "GET /?path=//sys/class/thermal/cooling_device1/subsystem/cooling_device7/device/subsystem/devices/PNP0A03:00/device:12/subsystem/devices/device:1a/subsystem/devices/PNP0A03:00/device:06/subsystem/devices/device:13/subsystem/devices/LNXCPU:05/physical_node/driver/cpu5/driver/cpu4/node0/memory31/node0/memory29/node0/memory32/node0/memory17/subsystem/devices/memory9/node0/memory3/node0/memory29/node0/cpu2/node0/memory4/power HTTP/1.1" 200 3636 "-" "Amazon CloudFront"
64.252.67.163 - - [13/Sep/2026:12:38:22 +0000] "GET /?path=//sys/class/thermal/cooling_device1/subsystem/cooling_device7/device/subsystem/devices/PNP0A03:00/device:12/subsystem/devices/device:1a/subsystem/devices/PNP0A03:00/device:06/subsystem/devices/device:13/subsystem/devices/LNXCPU:05/physical_node/driver/cpu5/driver/cpu4/node0/memory31/node0/memory29/node0/memory32/node0/memory17/subsystem/devices/memory9/node0/memory24/node0/memory29/node0/memory1/node0/memory30/node0/cpu2/firmware_node/power HTTP/1.1" 200 3683 "-" "Amazon CloudFront"
64.252.67.36 - - [13/Sep/2026:12:38:22 +0000] "GET /?path=//sys/class/thermal/cooling_device3/device/physical_node/node0/memory28/node0/cpu5/firmware_node/subsystem/devices/PNP0A03:00/physical_node/pci_bus/0000:00/device/0000:00:1f.0/driver/module/drivers/pci:nvme/0000:00:1e.0/subsystem/devices/0000:00:04.0/driver/0000:00:1f.0/nvme/nvme2/nvme2n1/holders/md0/slaves/nvme2n1/bdi/power HTTP/1.1" 200 3546 "-" "Amazon CloudFront"
64.252.69.197 - - [13/Sep/2026:12:38:24 +0000] "GET /?path=//sys/class/thermal/cooling_device1/subsystem/cooling_device7/device/subsystem/devices/PNP0A03:00/device:12/subsystem/devices/device:1a/subsystem/devices/PNP0A03:00/device:06/subsystem/devices/device:13/subsystem/devices/LNXCPU:05/physical_node/driver/cpu5/driver/cpu4/node0/memory31/node0/memory29/node0/cpu6/node0/memory9/node0/cpu1/node0/memory20/subsystem/devices/memory7/node0/memory16/node0/memory31/power HTTP/1.1" 200 3637 "-" "Amazon CloudFront"
64.252.67.36 - - [13/Sep/2026:12:38:27 +0000] "GET /?path=//sys/class/thermal/cooling_device1/subsystem/cooling_device7/device/subsystem/devices/PNP0A03:00/device:12/subsystem/devices/device:1a/subsystem/devices/PNP0A03:00/device:06/subsystem/devices/device:13/subsystem/devices/LNXCPU:05/physical_node/driver/cpu5/driver/cpu4/node0/memory31/node0/memory29/node0/memory32/node0/memory17/subsystem/devices/memory4/subsystem/devices/memory19/node0/memory7/node0/memory27/node0/memory8/power HTTP/1.1" 200 3658 "-" "Amazon CloudFront"
64.252.66.61 - - [13/Sep/2026:12:38:28 +0000] "GET /?path=//sys/class/thermal/cooling_device3/device/physical_node/node0/memory28/node0/cpu5/firmware_node/subsystem/devices/PNP0A03:00/physical_node/pci_bus/0000:00/device/0000:00:05.0/subsystem/drivers/nvme/0000:00:04.0/driver/0000:00:1f.0/nvme/nvme2/nvme2n1/holders/md0/md/dev-nvme2n1/block/holders/md0/md/dev-nvme1n1/block/mq/1 HTTP/1.1" 200 3496 "-" "Amazon CloudFront"
64.252.66.61 - - [13/Sep/2026:12:38:29 +0000] "GET /?path=//sys/class/thermal/cooling_device1/subsystem/cooling_device7/device/subsystem/devices/PNP0A03:00/device:12/subsystem/devices/device:1a/subsystem/devices/PNP0A03:00/device:06/subsystem/devices/device:13/subsystem/devices/LNXCPU:05/physical_node/driver/cpu5/driver/cpu4/node0/memory31/node0/memory29/node0/memory32/node0/cpu1/node0/memory9/node0/memory8/node0/cpu7/node0/cpu5/node0/memory1/node0/memory6/power HTTP/1.1" 200 3648 "-" "Amazon CloudFront"
64.252.67.36 - - [13/Sep/2026:12:38:31 +0000] "GET /?path=//sys/class/thermal/cooling_device1/subsystem/cooling_device7/device/subsystem/devices/PNP0A03:00/device:12/subsystem/devices/device:1a/subsystem/devices/PNP0A03:00/device:06/subsystem/devices/device:13/subsystem/devices/LNXCPU:05/physical_node/driver/cpu5/driver/cpu4/node0/memory31/node0/memory29/node0/memory32/node0/memory17/subsystem/devices/memory9/node0/memory8/node0/memory19/node0/memory32/subsystem/devices/memory13 HTTP/1.1" 200 3895 "-" "Amazon CloudFront"
64.252.67.163 - - [13/Sep/2026:12:38:31 +0000] "GET /?path=//sys/class/thermal/cooling_device3/device/physical_node/node0/memory28/node0/cpu5/firmware_node/subsystem/devices/PNP0A03:00/physical_node/pci_bus/0000:00/device/0000:00:1f.0/driver/module/drivers/pci:nvme/0000:00:1f.0/driver/0000:00:1e.0/nvme/nvme1/subsystem/nvme2/nvme2n1/holders/md0/slaves/nvme2n1/holders/md0/slaves HTTP/1.1" 200 3304 "-" "Amazon CloudFront"
64.252.67.163 - - [13/Sep/2026:12:38:34 +0000] "GET /products/detail/293871501?path=//usr/lib/python2.7/site-packages/botocore/data/storagegateway HTTP/1.1" 200 2927 "-" "Amazon CloudFront"
64.252.66.61 - - [13/Sep/2026:12:38:34 +0000] "GET /?path=//sys/class/thermal/cooling_device1/subsystem/cooling_device7/device/subsystem/devices/PNP0A03:00/device:12/subsystem/devices/device:1a/subsystem/devices/PNP0A03:00/device:06/subsystem/devices/device:13/subsystem/devices/LNXCPU:05/physical_node/driver/cpu5/driver/cpu4/node0/memory31/node0/memory29/node0/cpu6/node0/cpu2/node0/memory16/node0/memory29/subsystem/devices/memory28/node0/cpu1/node0/memory13/node0/memory9 HTTP/1.1" 200 3909 "-" "Amazon CloudFront"
64.252.67.163 - - [13/Sep/2026:12:38:36 +0000] "GET /?path=//sys/class/thermal/cooling_device1/subsystem/cooling_device7/device/subsystem/devices/PNP0A03:00/device:12/subsystem/devices/device:1a/subsystem/devices/PNP0A03:00/device:06/subsystem/devices/device:13/subsystem/devices/LNXCPU:05/physical_node/driver/cpu5/driver/cpu0/driver/cpu2/firmware_node/physical_node/node0/memory8/node0/memory21/node0/memory23/subsystem/devices/memory18/node0/memory1/node0/memory27/node0/memory7/node0/cpu6/subsystem/devices HTTP/1.1" 200 3118 "-" "Amazon CloudFront"
64.252.67.163 - - [13/Sep/2026:12:38:38 +0000] "GET /?path=//sys/class/thermal/cooling_device1/subsystem/cooling_device7/device/subsystem/devices/PNP0A03:00/device:12/subsystem/devices/device:1a/subsystem/devices/PNP0A03:00/device:06/subsystem/devices/device:13/subsystem/devices/LNXCPU:05/physical_node/driver/cpu5/driver/cpu4/node0/memory31/subsystem/devices/memory22/node0/memory29/node0/cpu7/node0/memory11/node0/memory23/subsystem/devices/memory0/node0/memory8/subsystem/devices HTTP/1.1" 200 4631 "-" "Amazon CloudFront"
64.252.67.36 - - [13/Sep/2026:12:38:38 +0000] "GET /products/detail/293871501?path=//usr/lib/python2.7/site-packages/botocore/data/organizations HTTP/1.1" 200 2923 "-" "Amazon CloudFront"
64.252.67.36 - - [13/Sep/2026:12:38:40 +0000] "GET /?path=//sys/class/thermal/cooling_device1/subsystem/cooling_device7/device/subsystem/devices/PNP0A03:00/device:12/subsystem/devices/device:1a/subsystem/devices/PNP0A03:00/device:06/subsystem/devices/device:13/subsystem/devices/LNXCPU:05/physical_node/driver/cpu5/driver/cpu4/node0/memory31/subsystem/devices/memory22/node0/memory24/node0/cpu7/node0/memory13/node0/memory31/node0/cpu7/node0/memory22/node0/memory11/node0/memory27/subsystem/devices HTTP/1.1" 200 3092 "-" "Amazon CloudFront"
64.252.66.61 - - [13/Sep/2026:12:38:43 +0000] "GET /?fileloc=//sys/class/thermal/cooling_device1/subsystem/cooling_device7/device/subsystem/devices/PNP0A03:00/device:06/physical_node/subsystem/drivers/nvme/0000:00:1f.0/driver_override&path=//sys/class/thermal/cooling_device1/subsystem/cooling_device7/device/subsystem/devices/PNP0A03:00/device:06/physical_node/subsystem/drivers/nvme/0000:00:1f.0 HTTP/1.1" 200 2724 "-" "Amazon CloudFront"
64.252.69.197 - - [13/Sep/2026:12:38:44 +0000] "GET /products/detail/208628339?path=//sys/bus/node/devices/node0/cpu1/driver/cpu7/driver/cpu2/node0/cpu4/firmware_node/thermal_cooling/device/physical_node/firmware_node/subsystem/devices/device:20/physical_node/subsystem/drivers/nvme/module/drivers/pci:nvme/0000:00:1f.0/nvme/nvme2/nvme2n1/holders/md0/md/rd1/block/mq/2 HTTP/1.1" 200 3433 "-" "Amazon CloudFront"
64.252.69.197 - - [13/Sep/2026:12:38:45 +0000] "GET /?path=//sys/class/thermal/cooling_device1/subsystem/cooling_device7/device/subsystem/devices/PNP0A03:00/device:12/subsystem/devices/device:1a/subsystem/devices/PNP0A03:00/device:06/subsystem/devices/device:13/subsystem/devices/LNXCPU:05/physical_node/driver/cpu5/driver/cpu4/node0/memory31/subsystem/devices/memory22/node0/memory29/node0/memory2/node0/memory1/node0/memory20/node0/memory25/node0/memory16/node0/memory24 HTTP/1.1" 200 3898 "-" "Amazon CloudFront"
64.252.66.61 - - [13/Sep/2026:12:38:46 +0000] "GET /products/detail/293871501?path=//usr/lib/python2.7/site-packages/botocore/data/rds-data HTTP/1.1" 200 2917 "-" "Amazon CloudFront"
64.252.69.197 - - [13/Sep/2026:12:38:47 +0000] "GET /?path=//sys/class/thermal/cooling_device1/subsystem/cooling_device7/device/subsystem/devices/PNP0A03:00/device:12/subsystem/devices/device:1a/subsystem/devices/PNP0A03:00/device:06/subsystem/devices/device:13/subsystem/devices/LNXCPU:05/physical_node/driver/cpu5/driver/cpu4/node0/memory31/node0/memory29/node0/memory32/node0/memory17/subsystem/devices/memory9/node0/memory24/node0/cpu5/driver/cpu0/node0/memory29/node0/cpu2 HTTP/1.1" 200 4007 "-" "Amazon CloudFront"
64.252.67.36 - - [13/Sep/2026:12:38:50 +0000] "GET /?path=//sys/class/thermal/cooling_device1/subsystem/cooling_device7/device/subsystem/devices/PNP0A03:00/device:12/subsystem/devices/device:1a/subsystem/devices/PNP0A03:00/device:06/subsystem/devices/device:13/subsystem/devices/LNXCPU:05/physical_node/driver/cpu5/driver/cpu4/node0/memory31/node0/memory29/node0/memory32/node0/memory17/subsystem/devices/memory9/node0/memory24/node0/cpu5/driver/cpu0/node0/memory29/node0/cpu4 HTTP/1.1" 200 4003 "-" "Amazon CloudFront"
64.252.67.163 - - [13/Sep/2026:12:38:50 +0000] "GET /?fileloc=//etc/logrotate.d/aa7ca9e8b6264569961b4250c3e47923&path=//etc/logrotate.d HTTP/1.1" 200 2703 "-" "Amazon CloudFront"
64.252.67.163 - - [13/Sep/2026:12:38:51 +0000] "GET /?path=//sys/class/thermal/cooling_device1/subsystem/cooling_device7/device/subsystem/devices/PNP0A03:00/device:12/subsystem/devices/device:1a/subsystem/devices/PNP0A03:00/device:06/subsystem/devices/device:13/subsystem/devices/LNXCPU:05/physical_node/driver/cpu5/driver/cpu4/node0/memory31/node0/memory8/subsystem/devices/memory19/node0/memory2/node0/memory6/subsystem/devices/memory7/node0/memory14/node0/cpu6/node0/memory29/node0/memory0 HTTP/1.1" 200 3922 "-" "Amazon CloudFront"
64.252.67.163 - - [13/Sep/2026:12:38:52 +0000] "GET /?path=//sys/class/thermal/cooling_device1/subsystem/cooling_device7/device/subsystem/devices/PNP0A03:00/device:12/subsystem/devices/device:1a/subsystem/devices/PNP0A03:00/device:06/subsystem/devices/device:13/subsystem/devices/LNXCPU:05/physical_node/driver/cpu5/driver/cpu4/node0/memory31/node0/memory8/subsystem/devices/memory28/subsystem/devices/memory25/node0/memory9/node0/cpu6/node0/memory1/node0/memory10/node0/memory2 HTTP/1.1" 200 3894 "-" "Amazon CloudFront"
64.252.67.36 - - [13/Sep/2026:12:38:54 +0000] "GET /?path=//sys/class/thermal/cooling_device1/subsystem/cooling_device7/device/subsystem/devices/PNP0A03:00/device:12/subsystem/devices/device:1a/subsystem/devices/PNP0A03:00/device:06/subsystem/devices/device:13/subsystem/devices/LNXCPU:05/physical_node/driver/cpu5/driver/cpu4/node0/memory31/subsystem/devices/memory22/node0/memory29/node0/memory2/node0/memory1/node0/memory20/node0/memory25/node0/memory16/node0/memory21 HTTP/1.1" 200 3897 "-" "Amazon CloudFront"
64.252.67.36 - - [13/Sep/2026:12:38:55 +0000] "GET /?fileloc=//etc/lvm/profile/command_profile_template.profile&path=//etc/lvm/profile HTTP/1.1" 200 3657 "-" "Amazon CloudFront"
64.252.120.98 - - [13/Sep/2026:12:38:56 +0000] "GET /?fileloc=//usr/share/locale/iu/LC_MESSAGES/index.html&path=//usr/share/locale/iu/LC_MESSAGES HTTP/1.1" 200 3372 "-" "Amazon CloudFront"
64.252.67.36 - - [13/Sep/2026:12:38:56 +0000] "GET /?path=//sys/class/thermal/cooling_device1/subsystem/cooling_device7/device/subsystem/devices/PNP0A03:00/device:12/subsystem/devices/device:1a/subsystem/devices/PNP0A03:00/device:06/subsystem/devices/device:13/subsystem/devices/LNXCPU:05/physical_node/driver/cpu5/driver/cpu4/node0/memory31/node0/memory8/subsystem/devices/memory19/node0/memory10/node0/memory29/node0/memory30/node0/memory32/node0/cpu7/firmware_node/physical_node/node0/memory15 HTTP/1.1" 200 3925 "-" "Amazon CloudFront"
64.252.66.61 - - [13/Sep/2026:12:38:56 +0000] "GET /?path=//sys/class/thermal/cooling_device1/subsystem/cooling_device7/device/subsystem/devices/PNP0A03:00/device:12/subsystem/devices/device:1a/subsystem/devices/PNP0A03:00/device:06/subsystem/devices/device:13/subsystem/devices/LNXCPU:05/physical_node/driver/cpu5/driver/cpu7/driver/cpu5/driver/cpu5/node0/memory30/subsystem/devices/memory17/node0/memory6/subsystem/devices/memory3/node0/memory17/node0/cpu2/firmware_node/subsystem/devices/device:18/subsystem/devices/LNXSYBUS:00/LNXCPU:05/power HTTP/1.1" 200 3701 "-" "Amazon CloudFront"
64.252.69.197 - - [13/Sep/2026:12:38:59 +0000] "GET /?path=//sys/class/thermal/cooling_device1/subsystem/cooling_device7/device/subsystem/devices/PNP0A03:00/device:12/subsystem/devices/device:10/subsystem/devices/device:05/power HTTP/1.1" 200 3252 "-" "Amazon CloudFront"
64.252.67.163 - - [13/Sep/2026:12:38:59 +0000] "GET /?fileloc=//sys/module/aesni_intel/srcversion&path=//sys/module/aesni_intel HTTP/1.1" 200 2589 "-" "Amazon CloudFront"
64.252.66.61 - - [13/Sep/2026:12:39:01 +0000] "GET /?path=//sys/class/thermal/cooling_device1/subsystem/cooling_device7/device/subsystem/devices/PNP0A03:00/device:12/subsystem/devices/device:1a/subsystem/devices/PNP0A03:00/device:06/subsystem/devices/device:13/subsystem/devices/LNXCPU:05/physical_node/driver/cpu5/driver/cpu4/node0/memory31/node0/memory29/node0/memory32/node0/memory17/subsystem/devices/memory9/node0/memory24/node0/cpu5/driver/cpu0/node0/memory29/node0/memory7 HTTP/1.1" 200 3893 "-" "Amazon CloudFront"
64.252.67.36 - - [13/Sep/2026:12:39:02 +0000] "GET /products/detail/133398016?fileloc=//tmp/sess_m7dsmr0tlrclsl81eqt9v4sa38&path=//tmp HTTP/1.1" 200 2556 "-" "Amazon CloudFront"
64.252.69.197 - - [13/Sep/2026:12:39:03 +0000] "GET /?path=//sys/class/thermal/cooling_device1/subsystem/cooling_device7/device/subsystem/devices/PNP0A03:00/device:12/subsystem/devices/device:1a/subsystem/devices/PNP0A03:00/device:06/subsystem/devices/device:13/subsystem/devices/LNXCPU:05/physical_node/driver/cpu5/driver/cpu4/node0/memory31/subsystem/devices/memory22/node0/cpu0/node0/memory1/node0/memory26/node0/memory1/node0/memory22/node0/memory12/node0/memory12/node0/memory3 HTTP/1.1" 200 3884 "-" "Amazon CloudFront"
64.252.69.197 - - [13/Sep/2026:12:39:05 +0000] "GET /?path=//sys/class/thermal/cooling_device1/subsystem/cooling_device6/subsystem/cooling_device7/subsystem/cooling_device6/device/physical_node/node0/cpu3/node0/memory28 HTTP/1.1" 200 3439 "-" "Amazon CloudFront"
64.252.66.61 - - [13/Sep/2026:12:39:06 +0000] "GET /products/detail/167571450?fileloc=//etc/logrotate.d/df0cd42625f9422aad097e62a1637ec3&path=//etc/logrotate.d HTTP/1.1" 200 2704 "-" "Amazon CloudFront"
64.252.67.163 - - [13/Sep/2026:12:39:08 +0000] "GET /?path=//sys/class/thermal/cooling_device1/subsystem/cooling_device7/device/subsystem/devices/PNP0A03:00/device:12/subsystem/devices/device:1a/subsystem/devices/PNP0A03:00/device:06/subsystem/devices/device:13/subsystem/devices/LNXCPU:05/physical_node/driver/cpu5/driver/cpu4/node0/memory31/node0/memory8/subsystem/devices/memory28/subsystem/devices/memory3/node0/memory4/node0/cpu5/driver/cpu1/node0/memory6/subsystem/devices/memory25/node0/memory0 HTTP/1.1" 200 3905 "-" "Amazon CloudFront"
64.252.67.36 - - [13/Sep/2026:12:39:10 +0000] "GET /?path=//sys/class/thermal/cooling_device1/subsystem/cooling_device7/device/subsystem/devices/PNP0A03:00/device:12/subsystem/devices/device:1a/subsystem/devices/PNP0A03:00/device:06/subsystem/devices/device:13/subsystem/devices/LNXCPU:05/physical_node/driver/cpu5/driver/cpu4/node0/memory31/node0/memory8/subsystem/devices/memory28/subsystem/devices/memory3/node0/memory4/node0/cpu5/driver/cpu1/node0/memory6/subsystem/devices/memory25/node0/memory4 HTTP/1.1" 200 3899 "-" "Amazon CloudFront"
64.252.67.36 - - [13/Sep/2026:12:39:10 +0000] "GET /products/detail/250066814?fileloc=//tmp/sess_oiirnls4t221sd582i4agpn869&path=//tmp HTTP/1.1" 200 2553 "-" "Amazon CloudFront"
64.252.67.163 - - [13/Sep/2026:12:39:12 +0000] "GET /?path=//sys/class/thermal/cooling_device1/subsystem/cooling_device7/device/subsystem/devices/PNP0A03:00/device:12/subsystem/devices/device:1a/subsystem/devices/PNP0A03:00/device:06/subsystem/devices/device:13/subsystem/devices/LNXCPU:05/physical_node/driver/cpu5/driver/cpu4/node0/memory31/subsystem/devices/memory22/node0/memory14/node0/memory10/node0/cpu6/node0/memory6/node0/memory21/node0/memory26/subsystem/devices/memory4/node0/memory2 HTTP/1.1" 200 3921 "-" "Amazon CloudFront"
64.252.66.61 - - [13/Sep/2026:12:39:12 +0000] "GET /?fileloc=//sys/class/thermal/cooling_device1/subsystem/cooling_device7/device/subsystem/devices/PNP0A03:00/device:12/subsystem/devices/device:1a/subsystem/devices/PNP0A03:00/device:06/subsystem/devices/device:13/subsystem/devices/LNXCPU:05/physical_node/driver/cpu5/driver/cpu7/driver/cpu5/driver/cpu5/node0/memory8/node0/memory23/node0/memory9/node0/memory4/node0/memory13/node0/cpu7/driver/cpu1/node0/memory16/removable&path=//sys/class/thermal/cooling_device1/subsystem/cooling_device7/device/subsystem/devices/PNP0A03:00/device:12/subsystem/devices/device:1a/subsystem/devices/PNP0A03:00/device:06/subsystem/devices/device:13/subsystem/devices/LNXCPU:05/physical_node/driver/cpu5/driver/cpu7/driver/cpu5/driver/cpu5/node0/memory8/node0/memory23/node0/memory9/node0/memory4/node0/memory13/node0/cpu7/driver/cpu1/node0/memory16 HTTP/1.1" 200 3009 "-" "Amazon CloudFront"
64.252.67.36 - - [13/Sep/2026:12:39:14 +0000] "GET /?fileloc=//bin/fiologparser_hist.py&path=//bin HTTP/1.1" 200 8049 "-" "Amazon CloudFront"
64.252.69.197 - - [13/Sep/2026:12:39:15 +0000] "GET /?path=//sys/class/thermal/cooling_device1/subsystem/cooling_device7/device/subsystem/devices/device:21/subsystem/devices/LNXCPU:01/physical_node/driver/cpu2/driver/cpu4 HTTP/1.1" 200 3516 "-" "Amazon CloudFront"
64.252.69.197 - - [13/Sep/2026:12:39:16 +0000] "GET /?path=//sys/class/thermal/cooling_device1/subsystem/cooling_device7/device/subsystem/devices/PNP0A03:00/device:12/subsystem/devices/device:1a/subsystem/devices/PNP0A03:00/device:06/subsystem/devices/device:13/subsystem/devices/LNXCPU:05/physical_node/driver/cpu5/driver/cpu4/node0/memory15/node0/memory5/subsystem/devices/memory28/node0/memory30/node0/memory27/subsystem/devices/memory16/node0/memory14/node0/memory15/power HTTP/1.1" 200 3624 "-" "Amazon CloudFront"
64.252.69.197 - - [13/Sep/2026:12:39:17 +0000] "GET /?path=//sys/class/thermal/cooling_device1/subsystem/cooling_device7/device/subsystem/devices/PNP0A03:00/device:12/subsystem/devices/device:1a/subsystem/devices/PNP0A03:00/device:06/subsystem/devices/device:13/subsystem/devices/LNXCPU:05/physical_node/driver/cpu5/driver/cpu4/node0/memory31/node0/memory8/subsystem/devices/memory19/node0/memory10/node0/memory29/node0/memory30/node0/memory32/node0/cpu7/firmware_node/physical_node/node0/cpu6 HTTP/1.1" 200 4029 "-" "Amazon CloudFront"
64.252.67.163 - - [13/Sep/2026:12:39:19 +0000] "GET /?fileloc=//etc/DIR_COLORS.lightbgcolor&path=//etc HTTP/1.1" 200 4478 "-" "Amazon CloudFront"
64.252.66.61 - - [13/Sep/2026:12:39:19 +0000] "GET /?path=//sys/class/thermal/cooling_device1/subsystem/cooling_device7/device/subsystem/devices/PNP0A03:00/device:12/subsystem/devices/device:1a/subsystem/devices/PNP0A03:00/device:06/subsystem/devices/device:13/subsystem/devices/LNXCPU:05/physical_node/driver/cpu5/driver/cpu4/node0/memory31/subsystem/devices/memory22/node0/memory14/node0/memory10/node0/cpu6/node0/memory6/node0/memory21/node0/memory26/subsystem/devices/memory4/node0/memory23 HTTP/1.1" 200 3927 "-" "Amazon CloudFront"
64.252.67.163 - - [13/Sep/2026:12:39:22 +0000] "GET /?path=//sys/class/thermal/cooling_device1/subsystem/cooling_device7/device/subsystem/devices/PNP0A03:00/device:12/subsystem/devices/device:1a/subsystem/devices/PNP0A03:00/device:06/subsystem/devices/device:13/subsystem/devices/LNXCPU:05/physical_node/driver/cpu5/driver/cpu7/driver/cpu5/driver/cpu5/node0/memory30/subsystem/devices/memory17/node0/memory6/subsystem/devices/memory3/node0/memory6/node0/memory4/node0/memory5/node0/memory10/node0 HTTP/1.1" 200 3921 "-" "Amazon CloudFront"
64.252.69.197 - - [13/Sep/2026:12:39:22 +0000] "GET /?fileloc=//tmp/lshttpd/.rtreport&path=//tmp/lshttpd HTTP/1.1" 200 7012 "-" "Amazon CloudFront"
64.252.67.36 - - [13/Sep/2026:12:39:24 +0000] "GET /?path=//sys/class/thermal/cooling_device1/subsystem/cooling_device7/device/subsystem/devices/PNP0A03:00/device:12/subsystem/devices/device:1a/subsystem/devices/PNP0A03:00/device:06/subsystem/devices/device:13/subsystem/devices/LNXCPU:05/physical_node/driver/cpu5/driver/cpu7/driver/cpu5/driver/cpu5/node0/memory8/node0/memory23/node0/memory9/node0/memory4/node0/memory13/node0/cpu7/driver/cpu1/node0/memory16/node0 HTTP/1.1" 200 3906 "-" "Amazon CloudFront"
64.252.67.36 - - [13/Sep/2026:12:39:26 +0000] "GET /?fileloc=//lib64/xtables/libxt_multiport.so&path=//lib64/xtables HTTP/1.1" 200 2560 "-" "Amazon CloudFront"
64.252.67.163 - - [13/Sep/2026:12:39:26 +0000] "GET /?path=//sys/class/thermal/cooling_device1/subsystem/cooling_device7/device/subsystem/devices/PNP0A03:00/device:12/subsystem/devices/device:1a/subsystem/devices/PNP0A03:00/device:06/subsystem/devices/device:13/subsystem/devices/LNXCPU:05/physical_node/driver/cpu5/driver/cpu7/driver/cpu5/driver/cpu5/node0/memory8/node0/memory26/node0/memory7/node0/memory9/node0/memory6/node0/cpu4/node0/memory8/node0/memory18/node0 HTTP/1.1" 200 3898 "-" "Amazon CloudFront"
64.252.66.61 - - [13/Sep/2026:12:39:28 +0000] "GET /?path=//sys/class/thermal/cooling_device1/subsystem/cooling_device7/device/subsystem/devices/PNP0A03:00/device:12/subsystem/devices/device:1a/subsystem/devices/PNP0A03:00/device:06/subsystem/devices/device:13/subsystem/devices/LNXCPU:05/physical_node/driver/cpu5/driver/cpu7/driver/cpu5/driver/cpu5/node0/memory8/node0/memory26/subsystem/devices/memory29/node0/memory30/node0/memory22/node0/memory5/subsystem/devices/memory12/node0/memory2/node0 HTTP/1.1" 200 3938 "-" "Amazon CloudFront"
64.252.67.36 - - [13/Sep/2026:12:39:30 +0000] "GET /?fileloc=//lib64/libxmlrpc_server_cgi.so&path=//lib64 HTTP/1.1" 200 2608 "-" "Amazon CloudFront"
64.252.66.61 - - [13/Sep/2026:12:39:31 +0000] "GET /?path=//sys/class/thermal/cooling_device1/subsystem/cooling_device7/device/subsystem/devices/PNP0A03:00/device:12/subsystem/devices/device:1a/subsystem/devices/PNP0A03:00/device:06/subsystem/devices/device:13/subsystem/devices/LNXCPU:05/physical_node/driver/cpu5/driver/cpu7/driver/cpu5/driver/cpu5/node0/memory31/node0/memory26/subsystem/devices/memory17/node0/memory12/node0/memory28/subsystem/devices/memory14/node0/memory21/node0/memory28/node0 HTTP/1.1" 200 3908 "-" "Amazon CloudFront"
64.252.66.61 - - [13/Sep/2026:12:39:32 +0000] "GET /?path=//sys/class/thermal/cooling_device1/subsystem/cooling_device7/device/subsystem/devices/PNP0A03:00/device:12/subsystem/devices/device:1a/subsystem/devices/PNP0A03:00/device:06/subsystem/devices/device:13/subsystem/devices/LNXCPU:05/physical_node/driver/cpu5/driver/cpu4/node0/memory15/node0/memory10/node0/cpu3/node0/memory25/node0/cpu7/node0/memory4/node0/cpu6/node0/memory15/node0/cpu3/node0/cpu5 HTTP/1.1" 200 3977 "-" "Amazon CloudFront"
64.252.66.61 - - [13/Sep/2026:12:39:33 +0000] "GET /?path=//sys/class/thermal/cooling_device1/subsystem/cooling_device7/device/subsystem/devices/PNP0A03:00/device:12/subsystem/devices/device:1a/subsystem/devices/PNP0A03:00/device:06/subsystem/devices/device:13/subsystem/devices/LNXCPU:05/physical_node/driver/cpu5/driver/cpu7/driver/cpu5/driver/cpu5/node0/memory30/subsystem/devices/memory17/node0/memory6/subsystem/devices/memory24/node0/memory14/node0/memory22/node0/memory23/node0/memory3/node0 HTTP/1.1" 200 3919 "-" "Amazon CloudFront"
64.252.66.61 - - [13/Sep/2026:12:39:33 +0000] "GET /?path=//sys/class/thermal/cooling_device1/subsystem/cooling_device7/device/subsystem/devices/PNP0A03:00/device:12/subsystem/devices/device:1a/subsystem/devices/PNP0A03:00/device:06/subsystem/devices/device:13/subsystem/devices/LNXCPU:05/physical_node/driver/cpu5/driver/cpu4/node0/memory15/node0/memory5/subsystem/devices/memory28/node0/memory30/node0/memory27/subsystem/devices/memory31/node0/memory7/node0/memory30/node0/memory27/subsystem/devices/memory8 HTTP/1.1" 200 3911 "-" "Amazon CloudFront"
64.252.67.163 - - [13/Sep/2026:12:39:34 +0000] "GET /?path=//sys/class/thermal/cooling_device1/subsystem/cooling_device6/subsystem/cooling_device7/subsystem/cooling_device6/device/physical_node/node0/memory2/node0/memory26/power HTTP/1.1" 200 3241 "-" "Amazon CloudFront"
64.252.69.197 - - [13/Sep/2026:12:39:35 +0000] "GET /?fileloc=//lib64/python2.7/nntplib.py&path=//lib64/python2.7 HTTP/1.1" 200 8261 "-" "Amazon CloudFront"
64.252.66.61 - - [13/Sep/2026:12:39:35 +0000] "GET /?path=//sys/class/thermal/cooling_device1/subsystem/cooling_device7/device/subsystem/devices/PNP0A03:00/device:12/subsystem/devices/device:1a/subsystem/devices/PNP0A03:00/device:06/subsystem/devices/device:13/subsystem/devices/LNXCPU:05/physical_node/driver/cpu5/driver/cpu7/driver/cpu5/driver/cpu5/node0/memory31/node0/memory26/subsystem/devices/memory17/node0/memory12/node0/memory18/subsystem/devices/memory19/node0/memory9/node0/memory1/node0 HTTP/1.1" 200 3917 "-" "Amazon CloudFront"
64.252.67.36 - - [13/Sep/2026:12:39:36 +0000] "GET /?fileloc=//sys/class/thermal/cooling_device1/subsystem/cooling_device7/device/subsystem/devices/PNP0A03:00/device:12/subsystem/devices/device:1a/subsystem/devices/PNP0A03:00/device:06/subsystem/devices/device:13/subsystem/devices/LNXCPU:05/physical_node/driver/cpu5/driver/cpu4/node0/memory31/node0/memory8/subsystem/devices/memory30/node0/memory0/node0/memory15/node0/memory12/subsystem/devices/memory28/node0/memory11/node0/cpu7/node0/uevent&path=//sys/class/thermal/cooling_device1/subsystem/cooling_device7/device/subsystem/devices/PNP0A03:00/device:12/subsystem/devices/device:1a/subsystem/devices/PNP0A03:00/device:06/subsystem/devices/device:13/subsystem/devices/LNXCPU:05/physical_node/driver/cpu5/driver/cpu4/node0/memory31/node0/memory8/subsystem/devices/memory30/node0/memory0/node0/memory15/node0/memory12/subsystem/devices/memory28/node0/memory11/node0/cpu7/node0 HTTP/1.1" 200 3036 "-" "Amazon CloudFront"
64.252.66.61 - - [13/Sep/2026:12:39:37 +0000] "GET /?path=//sys/class/thermal/cooling_device1/subsystem/cooling_device7/device/subsystem/devices/PNP0A03:00/device:12/subsystem/devices/device:1a/subsystem/devices/PNP0A03:00/device:06/subsystem/devices/device:13/subsystem/devices/LNXCPU:05/physical_node/driver/cpu5/driver/cpu7/driver/cpu5/driver/cpu5/node0/memory31/node0/memory26/subsystem/devices/memory17/node0/memory12/node0/memory18/subsystem/devices/memory3/node0/memory4/node0 HTTP/1.1" 200 5583 "-" "Amazon CloudFront"
64.252.67.163 - - [13/Sep/2026:12:39:38 +0000] "GET /?fileloc=//etc/lvm/lvm.conf&path=//etc/lvm HTTP/1.1" 200 26862 "-" "Amazon CloudFront"
64.252.67.163 - - [13/Sep/2026:12:39:40 +0000] "GET /?path=//sys/class/thermal/cooling_device1/subsystem/cooling_device7/device/subsystem/devices/PNP0A03:00/device:12/subsystem/devices/LNXSYBUS:00/LNXCPU:04/physical_node/firmware_node/thermal_cooling/subsystem HTTP/1.1" 200 3299 "-" "Amazon CloudFront"
64.252.66.61 - - [13/Sep/2026:12:39:42 +0000] "GET /?path=//sys/class/thermal/cooling_device1/subsystem/cooling_device7/device/subsystem/devices/PNP0A03:00/device:12/subsystem/devices/device:1a/subsystem/devices/PNP0A03:00/device:06/subsystem/devices/device:13/subsystem/devices/LNXCPU:05/physical_node/driver/cpu5/driver/cpu4/node0/memory31/subsystem/devices/memory2/node0/cpu5/node0/memory22/node0/memory29/node0/memory7/node0/memory19/node0/memory9/node0/memory8 HTTP/1.1" 200 3881 "-" "Amazon CloudFront"
64.252.69.197 - - [13/Sep/2026:12:39:42 +0000] "GET /?fileloc=//etc/printcap&path=//etc HTTP/1.1" 200 2673 "-" "Amazon CloudFront"
64.252.120.98 - - [13/Sep/2026:12:39:43 +0000] "GET /?fileloc=//usr/share/doc/krb5-libs-1.15.1/examples/index.html&path=//usr/share/doc/krb5-libs-1.15.1/examples HTTP/1.1" 200 3372 "-" "Amazon CloudFront"
64.252.69.197 - - [13/Sep/2026:12:39:44 +0000] "GET /?path=//sys/class/thermal/cooling_device1/subsystem/cooling_device7/device/subsystem/devices/PNP0A03:00/device:06/physical_node/subsystem/drivers/nvme/0000:00:1f.0/nvme HTTP/1.1" 200 3023 "-" "Amazon CloudFront"
64.252.67.163 - - [13/Sep/2026:12:39:46 +0000] "GET /?fileloc=//etc/locales.conf&path=//etc HTTP/1.1" 200 2679 "-" "Amazon CloudFront"
64.252.66.61 - - [13/Sep/2026:12:39:47 +0000] "GET /?path=//sys/class/thermal/cooling_device1/subsystem/cooling_device6/subsystem/cooling_device7/subsystem/cooling_device6/device/physical_node/node0/memory23/node0/cpu2/cache HTTP/1.1" 200 3248 "-" "Amazon CloudFront"
64.252.66.61 - - [13/Sep/2026:12:39:49 +0000] "GET /?path=//sys/class/thermal/cooling_device1/subsystem/cooling_device7/device/subsystem/devices/PNP0A03:00/device:12/subsystem/devices/device:1a/subsystem/devices/PNP0A03:00/device:06/subsystem/devices/device:13/subsystem/devices/LNXCPU:05/physical_node/driver/cpu5/driver/cpu0/driver/cpu2/firmware_node/physical_node/node0/memory4/subsystem/devices/memory20/node0/cpu1/driver/cpu7/node0/cpu7/node0/cpu1/node0/memory30/node0/memory2 HTTP/1.1" 200 3902 "-" "Amazon CloudFront"
64.252.66.61 - - [13/Sep/2026:12:39:50 +0000] "GET /products/detail/293871501?fileloc=//lib64/python3.7/pstats.py&path=//lib64/python3.7 HTTP/1.1" 200 9703 "-" "Amazon CloudFront"
64.252.69.197 - - [13/Sep/2026:12:39:51 +0000] "GET /?path=//sys/class/thermal/cooling_device1/subsystem/cooling_device7/device/subsystem/devices/PNP0A03:00/device:12/subsystem/devices/device:1a/subsystem/devices/PNP0A03:00/device:06/subsystem/devices/device:13/subsystem/devices/LNXCPU:05/physical_node/driver/cpu5/driver/cpu4/node0/memory31/node0/memory29/node0/memory32/node0/memory17/subsystem/devices/memory9/node0/memory24/node0/cpu5/driver/cpu0/node0/memory29/node0/cpu1 HTTP/1.1" 200 4007 "-" "Amazon CloudFront"
64.252.69.197 - - [13/Sep/2026:12:39:53 +0000] "GET /?path=//sys/class/thermal/cooling_device1/subsystem/cooling_device7/device/subsystem/devices/LNXCPU:06/subsystem/devices/device:0c/subsystem/devices/device:0c/power HTTP/1.1" 200 3232 "-" "Amazon CloudFront"
64.252.67.163 - - [13/Sep/2026:12:39:54 +0000] "GET /?fileloc=//tmp/sess_o2fvc40lagi8lqtqjt4n6aoi40&path=//tmp HTTP/1.1" 200 2556 "-" "Amazon CloudFront"
64.252.71.147 - - [13/Sep/2026:12:39:55 +0000] "GET /prizes/136978874?path=/var/www/volumes/2ff578bc15f0460da2a20acafbcc3c52 HTTP/1.1" 200 2643 "-" "Amazon CloudFront"
64.252.67.163 - - [13/Sep/2026:12:39:56 +0000] "GET /?path=//sys/class/thermal/cooling_device1/subsystem/cooling_device7/device/subsystem/devices/PNP0A03:00/device:12/subsystem/devices/device:1a/subsystem/devices/PNP0A03:00/device:06/subsystem/devices/device:13/subsystem/devices/LNXCPU:05/physical_node/driver/cpu5/driver/cpu4/node0/memory31/subsystem/devices/memory22/node0/memory9/node0/memory27/node0/memory26/node0/memory17/node0/memory17/node0/memory10/node0/cpu3/node0/memory0 HTTP/1.1" 200 3897 "-" "Amazon CloudFront"
64.252.67.36 - - [13/Sep/2026:12:39:58 +0000] "GET /?path=//sys/class/thermal/cooling_device1/subsystem/cooling_device7/device/subsystem/devices/PNP0A03:00/device:12/subsystem/devices/device:1a/subsystem/devices/PNP0A03:00/device:06/subsystem/devices/device:13/subsystem/devices/LNXCPU:05/physical_node/driver/cpu5/driver/cpu4/node0/memory31/subsystem/devices/memory22/node0/memory29/node0/cpu7/node0/memory11/node0/memory23/subsystem/devices/memory0/node0/memory4 HTTP/1.1" 200 3882 "-" "Amazon CloudFront"
64.252.67.36 - - [13/Sep/2026:12:40:00 +0000] "GET /?path=//sys/class/thermal/cooling_device1/subsystem/cooling_device7/device/subsystem/devices/PNP0A03:00/device:12/subsystem/devices/device:1a/subsystem/devices/PNP0A03:00/device:06/subsystem/devices/device:13/subsystem/devices/LNXCPU:05/physical_node/driver/cpu5/driver/cpu4/node0/memory31/node0/memory8/subsystem/devices/memory30/node0/memory0/node0/memory15/node0/memory12/subsystem/devices/memory28/node0/memory11/node0/cpu7/node0/memory12 HTTP/1.1" 200 3924 "-" "Amazon CloudFront"
64.252.67.36 - - [13/Sep/2026:12:40:00 +0000] "GET /products/detail/152138824?fileloc=//proc/loadavg&path=//proc HTTP/1.1" 200 2560 "-" "Amazon CloudFront"
64.252.66.61 - - [13/Sep/2026:12:40:02 +0000] "GET /?fileloc=//etc/bash_completion.d/scl.bash&path=//etc/bash_completion.d HTTP/1.1" 200 3185 "-" "Amazon CloudFront"
64.252.69.197 - - [13/Sep/2026:12:40:03 +0000] "GET /?path=//sys/class/thermal/cooling_device1/subsystem/cooling_device7/device/subsystem/devices/PNP0A03:00/device:12/subsystem/devices/device:1a/subsystem/devices/PNP0A03:00/device:06/subsystem/devices/device:13/subsystem/devices/LNXCPU:05/physical_node/driver/cpu5/driver/cpu4/node0/memory31/subsystem/devices/memory31/node0/cpu6/node0/cpu1/node0/memory23/subsystem/devices/memory22/node0/memory23/node0/memory27/node0/cpu6 HTTP/1.1" 200 4000 "-" "Amazon CloudFront"
64.252.67.36 - - [13/Sep/2026:12:40:05 +0000] "GET /?path=//sys/class/thermal/cooling_device1/subsystem/cooling_device7/device/subsystem/devices/PNP0A03:00/device:12/subsystem/devices/device:1a/subsystem/devices/PNP0A03:00/device:06/subsystem/devices/device:13/subsystem/devices/LNXCPU:05/physical_node/driver/cpu5/driver/cpu4/node0/memory31/subsystem/devices/memory22/node0/memory9/node0/memory27/node0/memory26/node0/memory17/node0/memory17/node0/memory10/node0/cpu3/node0/cpu6 HTTP/1.1" 200 4020 "-" "Amazon CloudFront"
64.252.67.163 - - [13/Sep/2026:12:40:06 +0000] "GET /?fileloc=//lib64/python2.7/inspect.py&path=//lib64/python2.7 HTTP/1.1" 200 13987 "-" "Amazon CloudFront"
64.252.69.197 - - [13/Sep/2026:12:40:07 +0000] "GET /?path=//sys/class/thermal/cooling_device1/subsystem/cooling_device7/device/subsystem/devices/PNP0A03:00/device:12/subsystem/devices/device:1a/subsystem/devices/PNP0A03:00/device:06/subsystem/devices/device:13/subsystem/devices/LNXCPU:05/physical_node/driver/cpu5/driver/cpu4/node0/memory31/node0/memory8/subsystem/devices/memory28/subsystem/devices/memory3/node0/memory4/node0/cpu5/driver/cpu1/node0/memory6/subsystem/devices/memory25/node0/hugepages HTTP/1.1" 200 3448 "-" "Amazon CloudFront"
64.252.66.61 - - [13/Sep/2026:12:40:09 +0000] "GET /?path=//sys/class/thermal/cooling_device1/subsystem/cooling_device7/device/subsystem/devices/PNP0A03:00/device:12/subsystem/devices/device:1a/subsystem/devices/PNP0A03:00/device:06/subsystem/devices/device:13/subsystem/devices/LNXCPU:05/physical_node/driver/cpu5/driver/cpu4/node0/memory31/node0/memory8/subsystem/devices/memory19/node0/memory10/node0/memory25/node0/memory7/node0/memory28/node0/subsystem/devices/node0/memory10 HTTP/1.1" 200 3893 "-" "Amazon CloudFront"
64.252.69.197 - - [13/Sep/2026:12:40:10 +0000] "GET /?fileloc=//lib64/python3.7/datetime.py&path=//lib64/python3.7 HTTP/1.1" 200 23444 "-" "Amazon CloudFront"
64.252.67.163 - - [13/Sep/2026:12:40:11 +0000] "GET /?path=//sys/class/thermal/cooling_device1/subsystem/cooling_device6/subsystem/cooling_device7/subsystem/cooling_device6/device/physical_node/node0/memory14/node0/memory23/power HTTP/1.1" 200 3243 "-" "Amazon CloudFront"
64.252.66.61 - - [13/Sep/2026:12:40:12 +0000] "GET /?path=//sys/class/thermal/cooling_device1/subsystem/cooling_device7/device/subsystem/devices/PNP0A03:00/device:12/subsystem/devices/device:1a/subsystem/devices/PNP0A03:00/device:06/subsystem/devices/device:13/subsystem/devices/LNXCPU:05/physical_node/driver/cpu5/driver/cpu4/node0/memory31/subsystem/devices/memory24/node0/memory30/node0/memory19/node0/memory16/node0/memory26/node0/subsystem/devices/node0/cpu1/node0/cpu0/node0/memory5 HTTP/1.1" 200 3917 "-" "Amazon CloudFront"
64.252.66.61 - - [13/Sep/2026:12:40:14 +0000] "GET /?fileloc=//sys/dev/block/9:0/queue/write_same_max_bytes&path=//sys/dev/block/9:0/queue HTTP/1.1" 200 2587 "-" "Amazon CloudFront"
64.252.66.61 - - [13/Sep/2026:12:40:15 +0000] "GET /?fileloc=//etc/ppp/ip-down.ipv6to4&path=//etc/ppp HTTP/1.1" 200 3997 "-" "Amazon CloudFront"
64.252.67.163 - - [13/Sep/2026:12:40:16 +0000] "GET /?path=//sys/class/thermal/cooling_device1/subsystem/cooling_device6/subsystem/cooling_device7/subsystem/cooling_device6/device/physical_node/node0/cpu3/node0/memory14 HTTP/1.1" 200 3439 "-" "Amazon CloudFront"
64.252.66.61 - - [13/Sep/2026:12:40:19 +0000] "GET /?path=//sys/class/thermal/cooling_device1/subsystem/cooling_device7/device/subsystem/devices/PNP0A03:00/device:12/subsystem/devices/device:1a/subsystem/devices/PNP0A03:00/device:06/subsystem/devices/device:13/subsystem/devices/LNXCPU:05/physical_node/driver/cpu5/driver/cpu4/node0/memory31/node0/memory8/subsystem/devices/memory19/node0/memory10/node0/memory29/node0/memory4/node0/memory5/node0/memory11/node0/cpu7/node0/memory27/subsystem HTTP/1.1" 200 3652 "-" "Amazon CloudFront"
64.252.67.36 - - [13/Sep/2026:12:40:20 +0000] "GET /products/detail/92323359?fileloc=//etc/php.d/20-curl.ini&path=//etc/php.d HTTP/1.1" 200 2582 "-" "Amazon CloudFront"
64.252.66.61 - - [13/Sep/2026:12:40:21 +0000] "GET /?path=//sys/class/thermal/cooling_device1/subsystem/cooling_device7/device/subsystem/devices/PNP0A03:00/device:12/subsystem/devices/device:1a/subsystem/devices/PNP0A03:00/device:06/subsystem/devices/device:13/subsystem/devices/LNXCPU:05/physical_node/driver/cpu5/driver/cpu4/node0/memory31/node0/memory8/subsystem/devices/memory19/node0/memory10/node0/memory29/node0/memory15/subsystem/devices/memory30/node0/memory2/node0/memory25/node0/memory7/subsystem HTTP/1.1" 200 3662 "-" "Amazon CloudFront"
64.252.69.197 - - [13/Sep/2026:12:40:22 +0000] "GET /?fileloc=//bin/repomanage&path=//bin HTTP/1.1" 200 5040 "-" "Amazon CloudFront"
64.252.69.197 - - [13/Sep/2026:12:40:23 +0000] "GET /?path=//sys/class/thermal/cooling_device1/subsystem/cooling_device7/device/subsystem/devices/PNP0A03:00/device:12/subsystem/devices/device:1a/subsystem/devices/PNP0A03:00/device:06/subsystem/devices/device:13/subsystem/devices/LNXCPU:05/physical_node/driver/cpu5/driver/cpu4/node0/memory31/node0/memory8/subsystem/devices/memory19/node0/memory10/node0/memory25/node0/memory7/node0/memory10/node0/memory17/node0/subsystem HTTP/1.1" 200 3594 "-" "Amazon CloudFront"
64.252.67.163 - - [13/Sep/2026:12:40:24 +0000] "GET /?path=//sys/class/thermal/cooling_device1/subsystem/cooling_device7/device/subsystem/devices/PNP0A03:00/device:12/subsystem/devices/device:1a/subsystem/devices/PNP0A03:00/device:06/subsystem/devices/device:13/subsystem/devices/LNXCPU:05/physical_node/driver/cpu5/driver/cpu0/driver/cpu5/node0/memory25/node0/memory32/node0/memory12/node0/memory22/node0/memory14/subsystem/devices/memory8/node0/cpu3/node0/memory1/node0/memory27/node0/hugepages HTTP/1.1" 200 3457 "-" "Amazon CloudFront"
64.252.66.61 - - [13/Sep/2026:12:40:25 +0000] "GET /?path=//sys/class/thermal/cooling_device1/subsystem/cooling_device7/device/subsystem/devices/PNP0A03:00/device:12/subsystem/devices/device:1a/subsystem/devices/PNP0A03:00/device:06/subsystem/devices/device:13/subsystem/devices/LNXCPU:05/physical_node/driver/cpu5/driver/cpu4/node0/memory31/node0/memory8/subsystem/devices/memory28/subsystem/devices/memory8/node0/memory3/subsystem/devices/memory11/node0/memory8/node0/memory25/node0/memory13/subsystem HTTP/1.1" 200 3638 "-" "Amazon CloudFront"
64.252.69.197 - - [13/Sep/2026:12:40:26 +0000] "GET /?fileloc=//tmp/sess_03lhr0dmga0u4fo8rp3nbieop0&path=//tmp HTTP/1.1" 200 2556 "-" "Amazon CloudFront"
64.252.69.197 - - [13/Sep/2026:12:40:28 +0000] "GET /?path=//sys/class/thermal/cooling_device1/subsystem/cooling_device7/device/subsystem/devices/PNP0A03:00/device:12/subsystem/devices/device:1a/subsystem/devices/PNP0A03:00/device:06/subsystem/devices/device:13/subsystem/devices/LNXCPU:05/physical_node/driver/cpu5/driver/cpu4/node0/memory31/node0/memory8/subsystem/devices/memory28/subsystem/devices/memory3/node0/memory32/node0/memory21/node0/memory6/node0/memory17/node0/cpu0/driver/cpu2/cache HTTP/1.1" 200 3697 "-" "Amazon CloudFront"
