64.252.69.197 - - [13/Sep/2026:12:31:54 +0000] "GET /products/detail/208628339?path=//sys/bus/node/devices/node0/cpu1/driver/cpu7/driver/cpu2/node0/cpu4/firmware_node/subsystem/devices/PNP0A03:00/device:05/physical_node/subsystem/slots/20/module HTTP/1.1" 200 3159 "-" "Amazon CloudFront"
64.252.69.197 - - [13/Sep/2026:12:31:57 +0000] "GET /?path=//sys/class/thermal/cooling_device1/subsystem/cooling_device7/device/subsystem/devices/PNP0A03:00/device:12/subsystem/devices/device:1a/subsystem/devices/PNP0A03:00/device:06/subsystem/devices/device:13/subsystem/devices/LNXCPU:05/physical_node/driver/cpu5/driver/cpu4/node0/memory31/subsystem/devices/memory2/node0/cpu5/node0/memory22/node0/memory19/node0/memory28/node0/memory18 HTTP/1.1" 200 3821 "-" "Amazon CloudFront"
64.252.69.197 - - [13/Sep/2026:12:31:59 +0000] "GET /?path=//sys/class/thermal/cooling_device1/subsystem/cooling_device7/device/subsystem/devices/PNP0A03:00/device:12/subsystem/devices/device:1a/subsystem/devices/PNP0A03:00/device:06/subsystem/devices/device:13/subsystem/devices/LNXCPU:05/physical_node/driver/cpu5/driver/cpu7/firmware_node/physical_node/node0/memory3/subsystem/devices/memory6/node0/memory4/node0/memory1/node0/memory10/node0/cpu5/node0/cpu7/driver/cpu7/node0/cpu5/firmware_node HTTP/1.1" 200 3766 "-" "Amazon CloudFront"
64.252.69.197 - - [13/Sep/2026:12:31:59 +0000] "GET /products/detail/208628339?path=//sys/bus/node/devices/node0/cpu1/driver/cpu7/driver/cpu2/node0/cpu1/firmware_node/thermal_cooling/device/physical_node/firmware_node/subsystem/devices/LNXSYBUS:00/PNP0A03:00/device:06/physical_node/subsystem/drivers/nvme/module/drivers/pci:nvme/0000:00:1e.0/nvme/nvme1/nvme1n1/holders/md0/md/dev-nvme1n1/block/holders/md0/md/rd0/block/mq/5/cpu5 HTTP/1.1" 200 3060 "-" "Amazon CloudFront"
64.252.69.197 - - [13/Sep/2026:12:32:01 +0000] "GET /?path=//sys/class/thermal/cooling_device1/subsystem/cooling_device7/device/subsystem/devices/PNP0A03:00/device:12/subsystem/devices/device:1a/subsystem/devices/PNP0A03:00/device:06/subsystem/devices/device:13/subsystem/devices/LNXCPU:05/physical_node/driver/cpu5/driver/cpu4/node0/memory15/node0/memory5/subsystem/devices/memory21/node0/memory31/node0/memory18/subsystem/devices/memory4/node0/memory29/node0/memory1/node0 HTTP/1.1" 200 5550 "-" "Amazon CloudFront"
64.252.67.163 - - [13/Sep/2026:12:32:02 +0000] "GET /products/detail/208628339?path=//sys/bus/node/devices/node0/cpu1/driver/cpu7/driver/cpu2/node0/cpu1/firmware_node/thermal_cooling/device/physical_node/firmware_node/subsystem/devices/LNXSYSTM:00/LNXSYBUS:00/PNP0A03:00/device:06/physical_node/nvme/nvme0/nvme0n1/device/nvme0n1/subsystem/nvme1n1/holders/md0/md/dev-nvme1n1/block/holders/md0/md/dev-nvme2n1/block/mq/4 HTTP/1.1" 200 3505 "-" "Amazon CloudFront"
64.252.66.61 - - [13/Sep/2026:12:32:02 +0000] "GET /?fileloc=//sys/class/thermal/cooling_device1/subsystem/cooling_device7/device/subsystem/devices/PNP0A03:00/device:12/subsystem/devices/device:1a/subsystem/devices/PNP0A03:00/device:06/subsystem/devices/device:13/subsystem/devices/LNXCPU:05/physical_node/driver/cpu5/driver/cpu4/node0/memory31/subsystem/devices/memory2/node0/memory8/subsystem/devices/memory14/node0/memory11/node0/memory8/node0/memory13/node0/memory5/node0/memory13/node0/memory10/phys_index&path=//sys/class/thermal/cooling_device1/subsystem/cooling_device7/device/subsystem/devices/PNP0A03:00/device:12/subsystem/devices/device:1a/subsystem/devices/PNP0A03:00/device:06/subsystem/devices/device:13/subsystem/devices/LNXCPU:05/physical_node/driver/cpu5/driver/cpu4/node0/memory31/subsystem/devices/memory2/node0/memory8/subsystem/devices/memory14/node0/memory11/node0/memory8/node0/memory13/node0/memory5/node0/memory13/node0/memory10 HTTP/1.1" 200 3041 "-" "Amazon CloudFront"
64.252.69.197 - - [13/Sep/2026:12:32:03 +0000] "GET /?path=//sys/class/thermal/cooling_device1/subsystem/cooling_device7/device/subsystem/devices/PNP0A03:00/device:12/subsystem/devices/device:1a/subsystem/devices/PNP0A03:00/device:06/subsystem/devices/device:13/subsystem/devices/LNXCPU:05/physical_node/driver/cpu5/driver/cpu4/node0/memory31/subsystem/devices/memory22/node0/memory29/node0/cpu7/node0/memory11/node0/memory23/subsystem/devices/memory0/node0/memory22/subsystem/devices/memory10 HTTP/1.1" 200 3904 "-" "Amazon CloudFront"
64.252.67.36 - - [13/Sep/2026:12:32:07 +0000] "GET /?path=//sys/class/thermal/cooling_device1/subsystem/cooling_device7/device/subsystem/devices/PNP0A03:00/device:12/subsystem/devices/device:1a/subsystem/devices/PNP0A03:00/device:06/subsystem/devices/device:13/subsystem/devices/LNXCPU:05/physical_node/driver/cpu5/driver/cpu4/node0/memory31/subsystem/devices/memory22/node0/memory24/node0/memory11/node0/memory28/node0/memory29/subsystem/devices/memory15/node0/cpu5/node0/memory11 HTTP/1.1" 200 3891 "-" "Amazon CloudFront"
64.252.66.61 - - [13/Sep/2026:12:32:07 +0000] "GET /products/detail/208628339?path=//sys/bus/node/devices/node0/cpu1/driver/cpu7/driver/cpu2/node0/cpu1/firmware_node/thermal_cooling/subsystem/cooling_device1/device/subsystem/devices/LNXSYSTM:00/LNXSYBUS:00/PNP0A03:00/physical_node/firmware_node/device:21/physical_node/nvme/nvme2/device/nvme/nvme2/nvme2n1/holders/md0/md/rd0/block/holders/md0/slaves/nvme1n1/mq/1 HTTP/1.1" 200 3512 "-" "Amazon CloudFront"
64.252.67.163 - - [13/Sep/2026:12:32:08 +0000] "GET /?fileloc=//sys/class/thermal/cooling_device1/subsystem/cooling_device7/device/subsystem/devices/PNP0A03:00/device:12/subsystem/devices/device:1a/subsystem/devices/PNP0A03:00/device:06/subsystem/devices/device:13/subsystem/devices/LNXCPU:05/physical_node/driver/cpu5/driver/cpu0/driver/cpu2/firmware_node/physical_node/node0/cpu2/node0/memory6/node0/cpu2/node0/memory13/node0/memory18/subsystem/devices/memory18/node0/memory23/node0/cpu5/firmware_node/path&path=//sys/class/thermal/cooling_device1/subsystem/cooling_device7/device/subsystem/devices/PNP0A03:00/device:12/subsystem/devices/device:1a/subsystem/devices/PNP0A03:00/device:06/subsystem/devices/device:13/subsystem/devices/LNXCPU:05/physical_node/driver/cpu5/driver/cpu0/driver/cpu2/firmware_node/physical_node/node0/cpu2/node0/memory6/node0/cpu2/node0/memory13/node0/memory18/subsystem/devices/memory18/node0/memory23/node0/cpu5/firmware_node HTTP/1.1" 200 3035 "-" "Amazon CloudFront"
64.252.67.163 - - [13/Sep/2026:12:32:10 +0000] "GET /?path=//sys/class/thermal/cooling_device1/subsystem/cooling_device6/subsystem/cooling_device7/subsystem/cooling_device6/device/physical_node/node0/memory27/node0/memory23/node0/memory8 HTTP/1.1" 200 3470 "-" "Amazon CloudFront"
64.252.66.61 - - [13/Sep/2026:12:32:10 +0000] "GET /products/detail/208628339?path=//sys/bus/node/devices/node0/cpu1/driver/cpu7/driver/cpu2/node0/cpu1/firmware_node/thermal_cooling/device/physical_node/firmware_node/subsystem/devices/LNXSYSTM:00/LNXSYBUS:00/PNP0A03:00/device:05/physical_node/subsystem/drivers/nvme/0000:00:1f.0/nvme/nvme2/nvme2n1/holders/md0/md/dev-nvme1n1/block/device/nvme1n1/holders/md0/md/rd1/block/bdi HTTP/1.1" 200 3692 "-" "Amazon CloudFront"
64.252.67.36 - - [13/Sep/2026:12:32:13 +0000] "GET /?fileloc=//sys/class/thermal/cooling_device1/subsystem/cooling_device7/device/subsystem/devices/PNP0A03:00/device:12/subsystem/devices/device:1a/subsystem/devices/PNP0A03:00/device:06/subsystem/devices/device:13/subsystem/devices/LNXCPU:05/physical_node/driver/cpu5/driver/cpu0/driver/cpu2/firmware_node/physical_node/node0/memory4/subsystem/devices/memory20/node0/memory21/node0/memory16/node0/memory28/node0/memory24/node0/memory8/subsystem/devices/memory20/state&path=//sys/class/thermal/cooling_device1/subsystem/cooling_device7/device/subsystem/devices/PNP0A03:00/device:12/subsystem/devices/device:1a/subsystem/devices/PNP0A03:00/device:06/subsystem/devices/device:13/subsystem/devices/LNXCPU:05/physical_node/driver/cpu5/driver/cpu0/driver/cpu2/firmware_node/physical_node/node0/memory4/subsystem/devices/memory20/node0/memory21/node0/memory16/node0/memory28/node0/memory24/node0/memory8/subsystem/devices/memory20 HTTP/1.1" 200 3056 "-" "Amazon CloudFront"
64.252.67.36 - - [13/Sep/2026:12:32:15 +0000] "GET /products/detail/208628339?path=//sys/bus/node/devices/node0/cpu1/driver/cpu7/driver/cpu2/node0/cpu4/firmware_node/thermal_cooling/device/physical_node/firmware_node/thermal_cooling/device/subsystem/devices/LNXSYSTM:00/LNXSYBUS:00/PNP0A03:00/device:21/physical_node/nvme/nvme2/nvme2n1/holders/md0/md/dev-nvme1n1/block/holders/md0/md/rd0/block/subsystem/nvme0n1/mq/1/cpu7 HTTP/1.1" 200 3039 "-" "Amazon CloudFront"
64.252.67.163 - - [13/Sep/2026:12:32:15 +0000] "GET /?path=//sys/class/thermal/cooling_device1/subsystem/cooling_device7/device/subsystem/devices/PNP0A03:00/device:12/subsystem/devices/device:1a/subsystem/devices/PNP0A03:00/device:06/subsystem/devices/device:13/subsystem/devices/LNXCPU:05/physical_node/driver/cpu5/driver/cpu4/node0/memory31/subsystem/devices/memory22/node0/memory29/node0/cpu7/node0/memory11/node0/memory23/subsystem/devices/memory0/node0/memory22/subsystem/devices/memory1 HTTP/1.1" 200 3903 "-" "Amazon CloudFront"
64.252.67.36 - - [13/Sep/2026:12:32:17 +0000] "GET /?path=//sys/class/thermal/cooling_device1/subsystem/cooling_device7/device/subsystem/devices/PNP0A03:00/device:12/subsystem/devices/device:1a/subsystem/devices/PNP0A03:00/device:06/subsystem/devices/device:13/subsystem/devices/LNXCPU:05/physical_node/driver/cpu5/driver/cpu4/node0/memory31/subsystem/devices/memory2/node0/cpu5/node0/memory22/node0/memory19/node0/memory28/node0/cpu3 HTTP/1.1" 200 3919 "-" "Amazon CloudFront"
64.252.69.197 - - [13/Sep/2026:12:32:18 +0000] "GET /products/detail/208628339?path=//sys/bus/node/devices/node0/cpu1/driver/cpu7/driver/cpu2/node0/cpu4/firmware_node/subsystem/devices/PNP0A03:00/device:07/physical_node/net/eth0/device/net/eth0/device/subsystem/drivers/nvme/0000:00:1e.0/nvme/nvme1/nvme1n1/holders/md0/md/dev-nvme2n1/block/holders/md0/md/rd0/block/mq/3 HTTP/1.1" 200 3445 "-" "Amazon CloudFront"
64.252.66.61 - - [13/Sep/2026:12:32:19 +0000] "GET /?path=//sys/class/thermal/cooling_device1/subsystem/cooling_device7/device/subsystem/devices/PNP0A03:00/device:12/subsystem/devices/device:1a/subsystem/devices/PNP0A03:00/device:06/subsystem/devices/device:13/subsystem/devices/LNXCPU:05/physical_node/driver/cpu5/driver/cpu4/node0/memory31/subsystem/devices/memory22/node0/memory29/node0/cpu7/node0/memory11/node0/memory23/subsystem/devices/memory0/node0/memory22/subsystem/devices/memory28 HTTP/1.1" 200 3906 "-" "Amazon CloudFront"
64.252.69.197 - - [13/Sep/2026:12:32:22 +0000] "GET /?path=//sys/class/thermal/cooling_device1/subsystem/cooling_device7/device/subsystem/devices/PNP0A03:00/device:12/subsystem/devices/device:1a/subsystem/devices/PNP0A03:00/device:06/subsystem/devices/device:13/subsystem/devices/LNXCPU:05/physical_node/driver/cpu5/driver/cpu4/node0/memory31/subsystem/devices/memory2/node0/cpu5/node0/memory22/node0/memory19/node0/memory28/node0/subsystem HTTP/1.1" 200 3548 "-" "Amazon CloudFront"
64.252.69.197 - - [13/Sep/2026:12:32:22 +0000] "GET /products/detail/208628339?path=//sys/bus/node/devices/node0/cpu1/driver/cpu7/driver/cpu2/node0/cpu4/firmware_node/thermal_cooling/device/thermal_cooling/subsystem/cooling_device7/device/physical_node/firmware_node/subsystem/devices/PNP0A03:00/physical_node/0000:00:1e.0/nvme/nvme1/nvme1n1/holders/md0/md/rd0/block/holders/md0/md/dev-nvme1n1/block/mq/2/cpu2 HTTP/1.1" 200 3009 "-" "Amazon CloudFront"
64.252.66.61 - - [13/Sep/2026:12:32:22 +0000] "GET /?path=//sys/class/thermal/cooling_device1/subsystem/cooling_device7/device/subsystem/devices/PNP0A03:00/device:12/subsystem/devices/device:1a/subsystem/devices/PNP0A03:00/device:06/subsystem/devices/device:1a/subsystem/devices/LNXCPU:06/physical_node/firmware_node/physical_node/driver/cpu4/node0/memory23/node0/cpu3/node0/memory5/subsystem/devices/memory17/node0/memory8/node0/memory0/node0/cpu5/node0/cpu1/node0/memory24/node0/memory5 HTTP/1.1" 200 3909 "-" "Amazon CloudFront"
64.252.120.98 - - [13/Sep/2026:12:32:23 +0000] "GET /?fileloc=//usr/share/locale/sl/LC_MESSAGES/rpm.mo&path=//usr/share/locale/sl/LC_MESSAGES HTTP/1.1" 200 2590 "-" "Amazon CloudFront"
64.252.67.163 - - [13/Sep/2026:12:32:24 +0000] "GET /?path=//sys/class/thermal/cooling_device1/subsystem/cooling_device7/device/subsystem/devices/PNP0A03:00/device:12/subsystem/devices/device:1a/subsystem/devices/PNP0A03:00/device:06/subsystem/devices/device:13/subsystem/devices/LNXCPU:05/physical_node/driver/cpu5/driver/cpu4/node0/memory31/subsystem/devices/memory22/node0/cpu0/node0/memory1/node0/memory26/node0/memory12/node0/memory17/node0/memory23/node0/memory20/node0/memory15/subsystem HTTP/1.1" 200 3653 "-" "Amazon CloudFront"
64.252.66.61 - - [13/Sep/2026:12:32:26 +0000] "GET /?path=//sys/class/thermal/cooling_device1/subsystem/cooling_device7/device/subsystem/devices/PNP0A03:00/device:12/subsystem/devices/device:1a/subsystem/devices/PNP0A03:00/device:06/subsystem/devices/device:13/subsystem/devices/LNXCPU:05/physical_node/driver/cpu5/driver/cpu4/node0/memory31/subsystem/devices/memory22/node0/memory29/node0/cpu7/node0/memory11/node0/memory23/subsystem/devices/memory0/node0/memory22/subsystem/devices/memory25 HTTP/1.1" 200 3906 "-" "Amazon CloudFront"
64.252.69.197 - - [13/Sep/2026:12:32:26 +0000] "GET /products/detail/208628339?path=//sys/bus/node/devices/node0/cpu1/driver/cpu7/driver/cpu2/node0/cpu4/firmware_node/thermal_cooling/device/physical_node/firmware_node/thermal_cooling/device/subsystem/devices/PNP0A03:00/physical_node/0000:00:1f.0/nvme/nvme2/nvme2n1/holders/md0/md/dev-nvme1n1/block/subsystem/md0/md/dev-nvme1n1/block/mq/3/cpu3 HTTP/1.1" 200 2992 "-" "Amazon CloudFront"
64.252.67.36 - - [13/Sep/2026:12:32:28 +0000] "GET /?path=//sys/class/thermal/cooling_device1/subsystem/cooling_device7/device/subsystem/devices/PNP0A03:00/device:12/subsystem/devices/device:1a/subsystem/devices/PNP0A03:00/device:06/subsystem/devices/device:1a/subsystem/devices/LNXCPU:06/physical_node/firmware_node/physical_node/driver/cpu4/node0/memory26/node0/memory17/subsystem/devices/memory15/subsystem/devices/memory14/subsystem/devices/memory29/node0/cpu5/node0/memory14 HTTP/1.1" 200 3874 "-" "Amazon CloudFront"
64.252.67.36 - - [13/Sep/2026:12:32:31 +0000] "GET /?path=//sys/class/thermal/cooling_device1/subsystem/cooling_device6/subsystem/cooling_device7/subsystem/cooling_device6/device/physical_node/node0/memory27/node0/memory23/node0/memory23 HTTP/1.1" 200 3465 "-" "Amazon CloudFront"
64.252.66.61 - - [13/Sep/2026:12:32:32 +0000] "GET /products/detail/208628339?path=//sys/bus/node/devices/node0/cpu1/driver/cpu7/driver/cpu2/node0/cpu4/firmware_node/subsystem/devices/LNXSYSTM:00/LNXSYBUS:00/PNP0A03:00/device:05/physical_node/subsystem/drivers/nvme/module/drivers/pci:nvme/0000:00:1f.0/firmware_node/physical_node/nvme/nvme2/nvme2n1/device/nvme2n1/holders/md0/md/rd0/block/device/nvme1n1/holders/md0/slaves/nvme1n1/mq/0/cpu0 HTTP/1.1" 200 3075 "-" "Amazon CloudFront"
64.252.66.61 - - [13/Sep/2026:12:32:33 +0000] "GET /?path=//sys/class/thermal/cooling_device1/subsystem/cooling_device7/device/subsystem/devices/PNP0A03:00/device:12/subsystem/devices/device:1a/subsystem/devices/PNP0A03:00/device:06/subsystem/devices/device:13/subsystem/devices/LNXCPU:05/physical_node/driver/cpu5/driver/cpu4/node0/memory15/node0/memory10/node0/cpu3/node0/memory1/node0/cpu7/node0/memory11/node0/cpu4/node0/memory11/node0/memory17/node0 HTTP/1.1" 200 5508 "-" "Amazon CloudFront"
64.252.66.61 - - [13/Sep/2026:12:32:34 +0000] "GET /products/detail/231063642?fileloc=//s3/3b1bb0cdf63a4f5db01023e1b0c3a216/wordpress/wp-content/uploads/2019/12/48fd0e1f3edcb4c5848a1f6be16567ff-150x150.jpg&path=//s3/3b1bb0cdf63a4f5db01023e1b0c3a216/wordpress/wp-content/uploads/2019/12 HTTP/1.1" 200 2650 "-" "Amazon CloudFront"
64.252.66.61 - - [13/Sep/2026:12:32:35 +0000] "GET /?path=//sys/class/thermal/cooling_device1/subsystem/cooling_device7/device/subsystem/devices/PNP0A03:00/device:12/subsystem/devices/device:1a/subsystem/devices/PNP0A03:00/device:06/subsystem/devices/device:13/subsystem/devices/LNXCPU:05/physical_node/driver/cpu5/driver/cpu4/node0/memory31/subsystem/devices/memory22/node0/memory24/node0/memory11/node0/memory28/node0/memory29/subsystem/devices/memory15/node0/cpu5/node0/cpu0 HTTP/1.1" 200 3929 "-" "Amazon CloudFront"
64.252.67.163 - - [13/Sep/2026:12:32:36 +0000] "GET /?fileloc=//sys/class/thermal/cooling_device1/subsystem/cooling_device7/device/subsystem/devices/PNP0A03:00/device:12/subsystem/devices/device:1a/subsystem/devices/PNP0A03:00/device:06/subsystem/devices/device:13/subsystem/devices/LNXCPU:05/physical_node/driver/cpu5/driver/cpu4/node0/cpu1/node0/memory24/node0/cpu0/node0/memory13/node0/memory21/node0/memory24/node0/memory22/node0/memory21/node0/memory23/node0/memory8/valid_zones&path=//sys/class/thermal/cooling_device1/subsystem/cooling_device7/device/subsystem/devices/PNP0A03:00/device:12/subsystem/devices/device:1a/subsystem/devices/PNP0A03:00/device:06/subsystem/devices/device:13/subsystem/devices/LNXCPU:05/physical_node/driver/cpu5/driver/cpu4/node0/cpu1/node0/memory24/node0/cpu0/node0/memory13/node0/memory21/node0/memory24/node0/memory22/node0/memory21/node0/memory23/node0/memory8 HTTP/1.1" 200 3016 "-" "Amazon CloudFront"
64.252.66.61 - - [13/Sep/2026:12:32:38 +0000] "GET /?fileloc=//sys/class/thermal/cooling_device1/subsystem/cooling_device7/device/subsystem/devices/PNP0A03:00/device:12/subsystem/devices/LNXSYBUS:00/LNXCPU:04/subsystem/devices/device:13/uevent&path=//sys/class/thermal/cooling_device1/subsystem/cooling_device7/device/subsystem/devices/PNP0A03:00/device:12/subsystem/devices/LNXSYBUS:00/LNXCPU:04/subsystem/devices/device:13 HTTP/1.1" 200 2715 "-" "Amazon CloudFront"
64.252.67.163 - - [13/Sep/2026:12:32:38 +0000] "GET /?fileloc=//proc/20256/attr/prev&path=//proc/20256/attr HTTP/1.1" 200 2557 "-" "Amazon CloudFront"
64.252.66.61 - - [13/Sep/2026:12:32:39 +0000] "GET /?fileloc=//sys/class/thermal/cooling_device1/subsystem/cooling_device7/device/subsystem/devices/PNP0A03:00/device:12/subsystem/devices/device:1a/subsystem/devices/PNP0A03:00/device:06/subsystem/devices/device:13/subsystem/devices/LNXCPU:05/physical_node/driver/cpu5/driver/cpu0/driver/cpu5/node0/memory25/node0/memory20/node0/memory32/node0/memory30/node0/memory3/node0/memory28/node0/memory28/subsystem/devices/memory13/node0/memory23/subsystem/drivers_autoprobe&path=//sys/class/thermal/cooling_device1/subsystem/cooling_device7/device/subsystem/devices/PNP0A03:00/device:12/subsystem/devices/device:1a/subsystem/devices/PNP0A03:00/device:06/subsystem/devices/device:13/subsystem/devices/LNXCPU:05/physical_node/driver/cpu5/driver/cpu0/driver/cpu5/node0/memory25/node0/memory20/node0/memory32/node0/memory30/node0/memory3/node0/memory28/node0/memory28/subsystem/devices/memory13/node0/memory23/subsystem HTTP/1.1" 200 3046 "-" "Amazon CloudFront"
64.252.67.163 - - [13/Sep/2026:12:32:40 +0000] "GET /?path=//sys/class/thermal/cooling_device1/subsystem/cooling_device7/device/subsystem/devices/PNP0A03:00/device:12/subsystem/devices/device:1a/subsystem/devices/PNP0A03:00/device:06/subsystem/devices/device:13/subsystem/devices/LNXCPU:05/physical_node/driver/cpu5/driver/cpu4/node0/cpu1/node0/memory1/node0/memory3/node0/memory16/node0/memory27/node0/memory9/node0/memory3/subsystem/devices/memory5/node0/memory9/node0/cpu2/cache HTTP/1.1" 200 3682 "-" "Amazon CloudFront"
64.252.69.197 - - [13/Sep/2026:12:32:42 +0000] "GET /?path=//sys/class/thermal/cooling_device1/subsystem/cooling_device7/device/subsystem/devices/PNP0A03:00/device:12/subsystem/devices/device:1a/subsystem/devices/PNP0A03:00/device:06/subsystem/devices/device:13/subsystem/devices/LNXCPU:05/physical_node/driver/cpu5/driver/cpu7/firmware_node/physical_node/node0/memory3/subsystem/devices/memory24/node0/memory32/node0/memory18/node0/memory10/node0/memory23/node0/cpu0/subsystem/devices/cpu1 HTTP/1.1" 200 4019 "-" "Amazon CloudFront"
64.252.69.197 - - [13/Sep/2026:12:32:42 +0000] "GET /products/detail/208628339?path=//sys/bus/node/devices/node0/cpu1/driver/cpu7/driver/cpu2/node0/cpu1/firmware_node/thermal_cooling/device/physical_node/firmware_node/subsystem/devices/LNXSYSTM:00/LNXSYBUS:00/PNP0A03:00/device:06/physical_node/nvme/nvme0/nvme0n1/subsystem/nvme1n1/holders/md0/md/dev-nvme1n1/block/holders/md0/md/rd0/block/device/nvme1n1/integrity HTTP/1.1" 200 3601 "-" "Amazon CloudFront"
64.252.67.163 - - [13/Sep/2026:12:32:42 +0000] "GET /?path=//sys/class/thermal/cooling_device1/subsystem/cooling_device6/subsystem/cooling_device7/subsystem/cooling_device6/device/physical_node/node0/memory27/node0/memory23/node0/memory17 HTTP/1.1" 200 3472 "-" "Amazon CloudFront"
64.252.67.163 - - [13/Sep/2026:12:32:45 +0000] "GET /?fileloc=//sys/class/thermal/cooling_device1/subsystem/cooling_device7/device/subsystem/devices/PNP0A03:00/device:12/subsystem/devices/device:1a/subsystem/devices/PNP0A03:00/device:06/subsystem/devices/device:13/subsystem/devices/LNXCPU:05/physical_node/driver/cpu5/driver/cpu4/driver/cpu2/node0/memory0/node0/cpu3/node0/memory22/subsystem/devices/memory21/node0/memory6/node0/memory11/state&path=//sys/class/thermal/cooling_device1/subsystem/cooling_device7/device/subsystem/devices/PNP0A03:00/device:12/subsystem/devices/device:1a/subsystem/devices/PNP0A03:00/device:06/subsystem/devices/device:13/subsystem/devices/LNXCPU:05/physical_node/driver/cpu5/driver/cpu4/driver/cpu2/node0/memory0/node0/cpu3/node0/memory22/subsystem/devices/memory21/node0/memory6/node0/memory11 HTTP/1.1" 200 2983 "-" "Amazon CloudFront"
64.252.66.61 - - [13/Sep/2026:12:32:47 +0000] "GET /products/detail/208628339?path=//sys/bus/node/devices/node0/cpu1/driver/cpu7/driver/cpu2/node0/cpu1/firmware_node/thermal_cooling/device/physical_node/firmware_node/subsystem/devices/LNXSYSTM:00/LNXSYBUS:00/PNP0A03:00/device:06/physical_node/nvme/nvme0/nvme0n1/subsystem/nvme1n1/holders/md0/md/dev-nvme1n1/block/holders/md0/md/rd0/block/device/nvme1n1/bdi HTTP/1.1" 200 3665 "-" "Amazon CloudFront"
64.252.66.61 - - [13/Sep/2026:12:32:49 +0000] "GET /?path=//sys/class/thermal/cooling_device1/subsystem/cooling_device7/device/subsystem/devices/PNP0A03:00/device:12/subsystem/devices/device:1a/subsystem/devices/PNP0A03:00/device:06/subsystem/devices/device:13/subsystem/devices/LNXCPU:05/physical_node/driver/cpu5/driver/cpu4/node0/cpu1/node0/memory1/node0/memory27/node0/memory19/node0/memory24/node0/cpu0/firmware_node/physical_node/node0/memory9/node0/memory29/subsystem/devices/memory28 HTTP/1.1" 200 3917 "-" "Amazon CloudFront"
64.252.67.163 - - [13/Sep/2026:12:32:50 +0000] "GET /products/detail/208628339?path=//sys/bus/node/devices/node0/cpu1/driver/cpu7/driver/cpu2/node0/cpu4/firmware_node/thermal_cooling/device/physical_node/firmware_node/thermal_cooling/device/subsystem/devices/LNXSYSTM:00/LNXSYBUS:00/PNP0A03:00/device:21/physical_node/nvme/nvme2/nvme2n1/holders/md0/md/dev-nvme1n1/block/holders/md0/md/dev-nvme1n1/block/subsystem/nvme2n1/mq/6/cpu6 HTTP/1.1" 200 3034 "-" "Amazon CloudFront"
64.252.66.61 - - [13/Sep/2026:12:32:51 +0000] "GET /?path=//sys/class/thermal/cooling_device1/subsystem/cooling_device7/device/subsystem/devices/PNP0A03:00/device:12/subsystem/devices/device:10/subsystem/devices/PNP0A03:00/device:01/subsystem HTTP/1.1" 200 3267 "-" "Amazon CloudFront"
64.252.69.197 - - [13/Sep/2026:12:32:54 +0000] "GET /?path=//sys/class/thermal/cooling_device3/device/physical_node/node0/memory28/node0/cpu5/firmware_node/subsystem/devices/PNP0A03:00/physical_node/pci_bus/0000:00/device/0000:00:1e.0/driver/module/drivers/pci:nvme/0000:00:04.0/driver/0000:00:1f.0/nvme/nvme2/nvme2n1/subsystem/md0/md/rd1/block/holders/md0/slaves/nvme1n1/holders HTTP/1.1" 200 3283 "-" "Amazon CloudFront"
64.252.66.61 - - [13/Sep/2026:12:32:54 +0000] "GET /?path=//sys/class/thermal/cooling_device1/subsystem/cooling_device7/device/subsystem/devices/PNP0A03:00/device:12/subsystem/devices/device:1a/subsystem/devices/PNP0A03:00/device:06/subsystem/devices/device:13/subsystem/devices/LNXCPU:05/physical_node/driver/cpu5/driver/cpu4/node0/cpu1/node0/memory1/node0/memory3/node0/memory25/node0/memory8/subsystem/devices/memory27/node0/memory7/node0/cpu1/driver HTTP/1.1" 200 3822 "-" "Amazon CloudFront"
64.252.67.36 - - [13/Sep/2026:12:32:56 +0000] "GET /?path=//sys/class/thermal/cooling_device1/subsystem/cooling_device7/device/physical_node/firmware_node/subsystem/devices/LNXCPU:01/physical_node/node0/memory11/subsystem/drivers HTTP/1.1" 200 2771 "-" "Amazon CloudFront"
64.252.69.197 - - [13/Sep/2026:12:32:58 +0000] "GET /?path=//sys/class/thermal/cooling_device1/subsystem/cooling_device7/device/subsystem/devices/PNP0A03:00/device:12/subsystem/devices/device:1a/subsystem/devices/PNP0A03:00/device:06/subsystem/devices/device:13/subsystem/devices/LNXCPU:05/physical_node/driver/cpu5/driver/cpu4/node0/memory15/node0/memory10/node0/cpu3/node0/memory1/node0/memory26/node0/memory19/subsystem/devices/memory11/node0/memory15/node0/memory14/subsystem/devices/memory32 HTTP/1.1" 200 3922 "-" "Amazon CloudFront"
64.252.67.36 - - [13/Sep/2026:12:32:59 +0000] "GET /?path=//sys/class/thermal/cooling_device3/device/physical_node/node0/memory28/node0/cpu5/firmware_node/subsystem/devices/PNP0A03:00/physical_node/pci_bus/0000:00/device/0000:00:1f.0/driver/0000:00:04.0/driver/module/drivers/pci:nvme/0000:00:04.0/subsystem/drivers/nvme/0000:00:1f.0/nvme/nvme2/nvme2n1/holders/md0/md/dev-nvme2n1/block/holders HTTP/1.1" 200 3267 "-" "Amazon CloudFront"
64.252.66.61 - - [13/Sep/2026:12:33:00 +0000] "GET /?path=//sys/class/thermal/cooling_device1/subsystem/cooling_device6/subsystem/cooling_device7/subsystem/cooling_device6/device/physical_node/node0/memory27/node0/memory23/node0/memory10 HTTP/1.1" 200 3471 "-" "Amazon CloudFront"
64.252.67.163 - - [13/Sep/2026:12:33:02 +0000] "GET /?path=//sys/class/thermal/cooling_device3/device/physical_node/node0/memory28/node0/cpu5/firmware_node/subsystem/devices/PNP0A03:00/physical_node/pci_bus/0000:00/device/0000:00:1f.0/driver/0000:00:04.0/driver/module/drivers/pci:nvme/0000:00:04.0/subsystem/drivers/nvme/0000:00:1f.0/nvme/nvme2/nvme2n1/holders/md0/md/dev-nvme2n1/block/queue HTTP/1.1" 200 4968 "-" "Amazon CloudFront"
64.252.69.197 - - [13/Sep/2026:12:33:03 +0000] "GET /?path=//sys/class/thermal/cooling_device1/subsystem/cooling_device7/device/subsystem/devices/PNP0A03:00/device:12/subsystem/devices/device:1a/subsystem/devices/PNP0A03:00/device:06/subsystem/devices/device:13/subsystem/devices/LNXCPU:05/physical_node/driver/cpu5/driver/cpu0/driver/cpu5/node0/memory25/node0/memory32/node0/memory16/node0/memory5/node0/memory5/node0/memory11/node0/memory21/node0/cpu4/node0/memory3 HTTP/1.1" 200 3885 "-" "Amazon CloudFront"
64.252.66.61 - - [13/Sep/2026:12:33:05 +0000] "GET /?path=//sys/class/thermal/cooling_device1/subsystem/cooling_device7/device/subsystem/devices/PNP0A03:00/device:12/subsystem/devices/device:1a/subsystem/devices/PNP0A03:00/device:06/subsystem/devices/device:13/subsystem/devices/LNXCPU:05/physical_node/driver/cpu5/driver/cpu4/node0/memory31/subsystem/devices/memory22/node0/memory24/node0/memory11/node0/memory28/node0/memory29/subsystem/devices/memory15/node0/cpu5/node0/cpu7 HTTP/1.1" 200 4011 "-" "Amazon CloudFront"
64.252.69.197 - - [13/Sep/2026:12:33:07 +0000] "GET /?path=//sys/class/thermal/cooling_device1/subsystem/cooling_device6/subsystem/cooling_device7/subsystem/cooling_device6/device/physical_node/node0/memory27/node0/memory23/node0/memory24 HTTP/1.1" 200 3471 "-" "Amazon CloudFront"
64.252.67.36 - - [13/Sep/2026:12:33:07 +0000] "GET /?path=//sys/class/thermal/cooling_device3/device/physical_node/node0/memory28/node0/cpu5/firmware_node/subsystem/devices/PNP0A03:00/physical_node/pci_bus/0000:00/device/0000:00:1f.0/driver/0000:00:1f.0/nvme/nvme2/nvme2n1/subsystem/nvme1n1/holders/md0/md/rd0/block/holders/md0/slaves/nvme1n1 HTTP/1.1" 200 4273 "-" "Amazon CloudFront"
64.252.66.61 - - [13/Sep/2026:12:33:10 +0000] "GET /?path=//sys/class/thermal/cooling_device1/subsystem/cooling_device7/device/subsystem/devices/PNP0A03:00/device:12/subsystem/devices/device:1a/subsystem/devices/PNP0A03:00/device:06/subsystem/devices/device:13/subsystem/devices/LNXCPU:05/physical_node/driver/cpu5/driver/cpu4/node0/memory31/subsystem/devices/memory22/node0/memory24/node0/memory28/node0/memory20/node0/memory31/node0/cpu6/node0/memory23/node0/memory18/node0/cpu0/cache/index0 HTTP/1.1" 200 4098 "-" "Amazon CloudFront"
64.252.67.163 - - [13/Sep/2026:12:33:10 +0000] "GET /products/detail/208628339?path=//sys/bus/node/devices/node0/cpu1/driver/cpu7/driver/cpu2/node0/cpu4/firmware_node/thermal_cooling/device/physical_node/firmware_node/thermal_cooling/device/subsystem/devices/PNP0A03:00/device:21/physical_node/subsystem/drivers/nvme/module/drivers/pci:nvme/0000:00:1f.0/nvme/nvme2/nvme2n1/holders/md0/md/dev-nvme2n1/block/holders/md0/slaves/nvme2n1/power HTTP/1.1" 200 3572 "-" "Amazon CloudFront"
64.252.67.36 - - [13/Sep/2026:12:33:12 +0000] "GET /?path=//sys/class/thermal/cooling_device1/subsystem/cooling_device7/device/subsystem/devices/PNP0A03:00/device:12/subsystem/devices/device:1a/subsystem/devices/PNP0A03:00/device:06/subsystem/devices/device:13/subsystem/devices/LNXCPU:05/physical_node/driver/cpu5/driver/cpu7/firmware_node/physical_node/node0/memory3/subsystem/devices/memory25/node0/cpu4/node0/cpu6/node0/memory32/node0/cpu6/driver/cpu3/firmware_node/subsystem/devices/LNXSYBUS:00/PNP0A03:00/device:06/subsystem HTTP/1.1" 200 3690 "-" "Amazon CloudFront"
64.252.66.61 - - [13/Sep/2026:12:33:14 +0000] "GET /?path=//sys/class/thermal/cooling_device1/subsystem/cooling_device7/device/subsystem/devices/PNP0A03:00/device:12/subsystem/devices/device:1a/subsystem/devices/PNP0A03:00/device:06/subsystem/devices/device:13/subsystem/devices/LNXCPU:05/physical_node/driver/cpu5/driver/cpu4/node0/memory15/node0/memory5/subsystem/devices/memory28/node0/memory30/node0/memory27/subsystem/devices/memory31/node0/memory7/node0/memory30/node0/memory27/subsystem/devices/memory2 HTTP/1.1" 200 3909 "-" "Amazon CloudFront"
64.252.67.163 - - [13/Sep/2026:12:33:14 +0000] "GET /?path=//sys/class/thermal/cooling_device3/device/physical_node/node0/cpu1/driver/cpu0/node0/cpu2/driver/cpu0/firmware_node/subsystem/devices/PNP0B00:00/physical_node/rtc HTTP/1.1" 200 3047 "-" "Amazon CloudFront"
64.252.67.163 - - [13/Sep/2026:12:33:16 +0000] "GET /?path=//sys/class/thermal/cooling_device1/subsystem/cooling_device7/device/subsystem/devices/PNP0A03:00/device:12/subsystem/devices/device:1a/subsystem/devices/PNP0A03:00/device:06/subsystem/devices/device:13/subsystem/devices/LNXCPU:05/physical_node/driver/cpu5/driver/cpu0/driver/cpu5/node0/memory25/node0/memory32/node0/memory16/node0/memory5/node0/memory5/node0/memory11/node0/memory21/node0/cpu4/node0/memory18 HTTP/1.1" 200 3888 "-" "Amazon CloudFront"
64.252.69.197 - - [13/Sep/2026:12:33:16 +0000] "GET /?path=//sys/class/thermal/cooling_device1/subsystem/cooling_device7/device/subsystem/devices/PNP0A03:00/device:12/subsystem/devices/device:1a/subsystem/devices/PNP0A03:00/device:06/subsystem/devices/device:13/subsystem/devices/LNXCPU:05/physical_node/driver/cpu5/driver/cpu4/node0/memory31/node0/memory29/node0/memory32/node0/memory23/node0/memory0/node0/memory21/subsystem/devices/memory5/subsystem/devices/memory24/node0/cpu0/node0/memory22/node0 HTTP/1.1" 200 3917 "-" "Amazon CloudFront"
64.252.66.61 - - [13/Sep/2026:12:33:17 +0000] "GET /?path=//sys/class/thermal/cooling_device1/subsystem/cooling_device7/device/subsystem/devices/PNP0A03:00/device:12/subsystem/devices/device:1a/subsystem/devices/PNP0A03:00/device:06/subsystem/devices/device:13/subsystem/devices/LNXCPU:05/physical_node/driver/cpu5/driver/cpu4/node0/memory31/subsystem/devices/memory22/node0/memory14/node0/memory31/node0/memory3/node0/memory15/node0/cpu0/driver/cpu4/node0/memory6/subsystem/devices/memory24/subsystem HTTP/1.1" 200 3648 "-" "Amazon CloudFront"
64.252.67.163 - - [13/Sep/2026:12:33:18 +0000] "GET /?path=//sys/class/thermal/cooling_device3/device/physical_node/node0/cpu1/driver/cpu0/node0/cpu2/driver/cpu1/subsystem/devices/cpu2/firmware_node/physical_node/cache HTTP/1.1" 200 3274 "-" "Amazon CloudFront"
64.252.66.61 - - [13/Sep/2026:12:33:19 +0000] "GET /?path=//sys/class/thermal/cooling_device1/subsystem/cooling_device7/device/subsystem/devices/PNP0A03:00/device:12/subsystem/devices/device:1a/subsystem/devices/PNP0A03:00/device:06/subsystem/devices/device:13/subsystem/devices/LNXCPU:05/physical_node/driver/cpu5/driver/cpu7/firmware_node/physical_node/node0/memory3/subsystem/devices/memory24/subsystem/devices/memory9/node0/cpu0/node0/memory14/subsystem/devices/memory13/subsystem/devices/memory18/node0/cpu4/node0/memory27/power HTTP/1.1" 200 3666 "-" "Amazon CloudFront"
64.252.67.36 - - [13/Sep/2026:12:33:21 +0000] "GET /?path=//sys/class/thermal/cooling_device1/subsystem/cooling_device7/device/subsystem/devices/PNP0A03:00/device:12/subsystem/devices/device:1a/subsystem/devices/PNP0A03:00/device:06/subsystem/devices/device:13/subsystem/devices/LNXCPU:05/physical_node/driver/cpu5/driver/cpu7/firmware_node/physical_node/node0/memory3/subsystem/devices/memory7/node0/memory1/node0/memory21/node0/memory19/node0/memory23/subsystem/devices/memory21/node0/memory0/subsystem/devices/memory15/power HTTP/1.1" 200 3697 "-" "Amazon CloudFront"
64.252.67.36 - - [13/Sep/2026:12:33:22 +0000] "GET /products/detail/231063642?fileloc=//s3/3b1bb0cdf63a4f5db01023e1b0c3a216/wordpress/wp-content/uploads/2019/12/820600-1536x864.png&path=//s3/3b1bb0cdf63a4f5db01023e1b0c3a216/wordpress/wp-content/uploads/2019/12 HTTP/1.1" 200 2632 "-" "Amazon CloudFront"
64.252.69.197 - - [13/Sep/2026:12:33:23 +0000] "GET /?path=//sys/class/thermal/cooling_device1/subsystem/cooling_device7/device/subsystem/devices/PNP0A03:00/device:12/subsystem/devices/device:1a/subsystem/devices/PNP0A03:00/device:06/subsystem/devices/device:13/subsystem/devices/LNXCPU:05/physical_node/driver/cpu5/driver/cpu0/driver/cpu5/node0/memory25/node0/memory32/node0/memory16/node0/memory5/node0/memory5/node0/memory11/node0/memory21/node0/cpu4/node0/memory5 HTTP/1.1" 200 3881 "-" "Amazon CloudFront"
64.252.67.36 - - [13/Sep/2026:12:33:25 +0000] "GET /?fileloc=//sys/class/thermal/cooling_device1/subsystem/cooling_device7/device/subsystem/devices/PNP0A03:00/device:12/subsystem/devices/device:1a/subsystem/devices/PNP0A03:00/device:06/subsystem/devices/device:1a/subsystem/devices/LNXCPU:06/physical_node/firmware_node/physical_node/driver/cpu3/node0/cpu6/subsystem/devices/cpu5/node0/memory31/subsystem/devices/memory4/node0/memory3/node0/memory1/node0/memory29/node0/memory6/node0/memory10/uevent&path=//sys/class/thermal/cooling_device1/subsystem/cooling_device7/device/subsystem/devices/PNP0A03:00/device:12/subsystem/devices/device:1a/subsystem/devices/PNP0A03:00/device:06/subsystem/devices/device:1a/subsystem/devices/LNXCPU:06/physical_node/firmware_node/physical_node/driver/cpu3/node0/cpu6/subsystem/devices/cpu5/node0/memory31/subsystem/devices/memory4/node0/memory3/node0/memory1/node0/memory29/node0/memory6/node0/memory10 HTTP/1.1" 200 3021 "-" "Amazon CloudFront"
64.252.69.197 - - [13/Sep/2026:12:33:26 +0000] "GET /?path=//sys/class/thermal/cooling_device1/subsystem/cooling_device7/device/subsystem/devices/PNP0A03:00/device:12/subsystem/devices/device:1a/subsystem/devices/PNP0A03:00/device:06/subsystem/devices/device:13/subsystem/devices/LNXCPU:05/physical_node/driver/cpu5/driver/cpu4/node0/memory15/node0/memory5/subsystem/devices/memory28/node0/memory30/node0/memory27/subsystem/devices/memory31/node0/memory7/node0/memory30/node0/memory27/subsystem/devices/memory4 HTTP/1.1" 200 3911 "-" "Amazon CloudFront"
64.252.67.36 - - [13/Sep/2026:12:33:26 +0000] "GET /products/detail/293871501?fileloc=//usr/lib/python2.7/site-packages/setuptools/command/bdist_rpm.pyc&path=//usr/lib/python2.7/site-packages/setuptools/command HTTP/1.1" 200 2611 "-" "Amazon CloudFront"
64.252.66.61 - - [13/Sep/2026:12:33:28 +0000] "GET /?path=//sys/class/thermal/cooling_device1/subsystem/cooling_device7/device/subsystem/devices/PNP0A03:00/device:12/subsystem/devices/device:1a/subsystem/devices/PNP0A03:00/device:06/subsystem/devices/device:13/subsystem/devices/LNXCPU:05/physical_node/driver/cpu5/driver/cpu4/node0/memory15/node0/memory5/subsystem/devices/memory28/node0/memory30/node0/memory27/subsystem/devices/memory31/node0/memory7/node0/memory30/node0/memory27/subsystem/devices/memory31 HTTP/1.1" 200 3906 "-" "Amazon CloudFront"
64.252.76.84 - - [13/Sep/2026:12:33:28 +0000] "GET /sitemap348.xml?path=%2F%2Fsys%2Fbus%2Fcpu%2Fdevices%2Fcpu4%2Fnode0%2Fmemory22%2Fnode0%2Fmemory31%2Fnode0%2Fcpu1%2Fnode0%2Fcpu0%2Fnode0%2Fmemory19%2Fnode0 HTTP/1.1" 200 4515 "-" "Amazon CloudFront"
64.252.76.84 - - [13/Sep/2026:12:33:28 +0000] "GET /sitemap348.xml?path=%2F%2Fsys%2Fbus%2Fcpu%2Fdevices%2Fcpu1%2Fnode0%2Fmemory19%2Fnode0%2Fcpu2%2Fnode0%2Fcpu0%2Fnode0%2Fmemory13%2Fnode0%2Fmemory10%2Fnode0 HTTP/1.1" 200 4510 "-" "Amazon CloudFront"
64.252.75.204 - - [13/Sep/2026:12:33:28 +0000] "GET /sitemap348.xml?path=%2F%2Fsys%2Fbus%2Fcpu%2Fdevices%2Fcpu4%2Fnode0%2Fcpu7%2Fnode0%2Fmemory21%2Fnode0%2Fcpu3%2Fnode0%2Fcpu0%2Fnode0%2Fmemory20%2Fnode0 HTTP/1.1" 200 4494 "-" "Amazon CloudFront"
64.252.75.204 - - [13/Sep/2026:12:33:28 +0000] "GET /sitemap348.xml?path=%2F%2Fsys%2Fbus%2Fcpu%2Fdevices%2Fcpu5%2Fnode0%2Fmemory24%2Fnode0%2Fcpu3%2Fnode0%2Fcpu1%2Fnode0%2Fmemory17%2Fnode0%2Fmemory31%2Fnode0 HTTP/1.1" 200 4519 "-" "Amazon CloudFront"
64.252.71.147 - - [13/Sep/2026:12:33:29 +0000] "GET /prizes/202181521?path=/var/www/volumes/7490d757f4114bdfb617afaf2ddfa6c5 HTTP/1.1" 200 2643 "-" "Amazon CloudFront"
64.252.67.163 - - [13/Sep/2026:12:33:30 +0000] "GET /?fileloc=//sys/class/thermal/cooling_device1/subsystem/cooling_device7/device/subsystem/devices/PNP0A03:00/device:12/subsystem/devices/device:1a/subsystem/devices/PNP0A03:00/device:06/subsystem/devices/device:13/subsystem/devices/LNXCPU:05/physical_node/driver/cpu5/driver/cpu0/driver/cpu2/firmware_node/physical_node/node0/memory4/subsystem/devices/memory20/node0/cpu6/driver/cpu7/node0/memory23/node0/memory3/node0/memory9/node0/distance&path=//sys/class/thermal/cooling_device1/subsystem/cooling_device7/device/subsystem/devices/PNP0A03:00/device:12/subsystem/devices/device:1a/subsystem/devices/PNP0A03:00/device:06/subsystem/devices/device:13/subsystem/devices/LNXCPU:05/physical_node/driver/cpu5/driver/cpu0/driver/cpu2/firmware_node/physical_node/node0/memory4/subsystem/devices/memory20/node0/cpu6/driver/cpu7/node0/memory23/node0/memory3/node0/memory9/node0 HTTP/1.1" 200 3041 "-" "Amazon CloudFront"
64.252.67.36 - - [13/Sep/2026:12:33:30 +0000] "GET /products/detail/293871501?path=//usr/lib/python2.7/site-packages/awscli/examples/cloud9 HTTP/1.1" 200 3323 "-" "Amazon CloudFront"
64.252.67.163 - - [13/Sep/2026:12:33:32 +0000] "GET /?path=//sys/class/thermal/cooling_device1/subsystem/cooling_device7/device/subsystem/devices/PNP0A03:00/device:12/subsystem/devices/device:1a/subsystem/devices/PNP0A03:00/device:06/subsystem/devices/device:13/subsystem/devices/LNXCPU:05/physical_node/driver/cpu5/driver/cpu4/node0/memory15/node0/memory10/node0/memory6/node0/memory10/node0/memory25/node0/memory20/node0/memory21/node0/memory18/subsystem/devices/memory24 HTTP/1.1" 200 3900 "-" "Amazon CloudFront"
64.252.67.36 - - [13/Sep/2026:12:33:34 +0000] "GET /?path=//sys/class/thermal/cooling_device3/device/physical_node/node0/memory28/node0/cpu5/firmware_node/subsystem/devices/PNP0A03:00/physical_node/pci_bus/0000:00/device/0000:00:1f.0/driver/0000:00:04.0/driver/module/drivers/pci:nvme/0000:00:1e.0/nvme/nvme1/nvme1n1/subsystem/nvme1n1/holders/md0/slaves/nvme2n1/holders/md0/md/dev-nvme2n1/block HTTP/1.1" 200 4466 "-" "Amazon CloudFront"
64.252.67.36 - - [13/Sep/2026:12:33:35 +0000] "GET /?path=//sys/class/thermal/cooling_device1/subsystem/cooling_device7/device/subsystem/devices/PNP0A03:00/device:12/subsystem/devices/device:1a/subsystem/devices/PNP0A03:00/device:06/subsystem/devices/device:13/subsystem/devices/LNXCPU:05/physical_node/driver/cpu5/driver/cpu0/driver/cpu5/node0/memory25/node0/memory32/node0/memory16/node0/memory5/node0/memory5/node0/memory11/node0/memory21/node0/cpu4/node0/memory10 HTTP/1.1" 200 3884 "-" "Amazon CloudFront"
64.252.75.204 - - [13/Sep/2026:12:33:38 +0000] "GET /sitemap348.xml?path=%2F%2Fsys%2Fbus%2Fcpu%2Fdevices%2Fcpu4%2Fnode0%2Fcpu7%2Fnode0%2Fmemory21%2Fnode0%2Fmemory14%2Fnode0%2Fcpu4%2Fnode0%2Fmemory27%2Fnode0 HTTP/1.1" 200 4517 "-" "Amazon CloudFront"
64.252.76.84 - - [13/Sep/2026:12:33:38 +0000] "GET /sitemap348.xml?path=%2F%2Fsys%2Fbus%2Fcpu%2Fdevices%2Fcpu1%2Fnode0%2Fmemory18%2Fnode0%2Fcpu3%2Fnode0%2Fcpu2%2Fdriver%2Fcpu1%2Fnode0%2Fmemory3%2Fnode0 HTTP/1.1" 200 4505 "-" "Amazon CloudFront"
64.252.74.227 - - [13/Sep/2026:12:33:38 +0000] "GET /sitemap348.xml?path=%2F%2Fsys%2Fbus%2Fcpu%2Fdevices%2Fcpu4%2Fnode0%2Fcpu7%2Fnode0%2Fmemory21%2Fnode0%2Fcpu3%2Fnode0%2Fcpu0%2Fnode0%2Fmemory20%2Fsubsystem HTTP/1.1" 200 3186 "-" "Amazon CloudFront"
64.252.76.84 - - [13/Sep/2026:12:33:38 +0000] "GET /sitemap348.xml?path=%2F%2Fsys%2Fbus%2Fcpu%2Fdevices%2Fcpu1%2Fnode0%2Fmemory18%2Fnode0%2Fcpu3%2Fnode0%2Fcpu2%2Fdriver%2Fcpu1%2Fnode0%2Fmemory3%2Fsubsystem HTTP/1.1" 200 3196 "-" "Amazon CloudFront"
64.252.120.98 - - [13/Sep/2026:12:33:38 +0000] "GET /?fileloc=//usr/share/locale/nl/LC_MESSAGES/sudo.mo&path=//usr/share/locale/nl/LC_MESSAGES HTTP/1.1" 200 2591 "-" "Amazon CloudFront"
64.252.66.61 - - [13/Sep/2026:12:33:38 +0000] "GET /?path=//sys/class/thermal/cooling_device3/device/physical_node/node0/memory28/node0/cpu5/firmware_node/subsystem/devices/PNP0A03:00/physical_node/pci_bus/0000:00/device/0000:00:1f.0/driver/module/drivers/pci:nvme/0000:00:1f.0/driver/0000:00:1e.0/nvme/nvme1/nvme1n1/subsystem/nvme2n1/holders/md0/md/rd1/block/trace HTTP/1.1" 200 3488 "-" "Amazon CloudFront"
64.252.67.163 - - [13/Sep/2026:12:33:39 +0000] "GET /?path=//sys/class/thermal/cooling_device1/subsystem/cooling_device7/device/subsystem/devices/PNP0A03:00/device:12/subsystem/devices/device:1a/subsystem/devices/PNP0A03:00/device:06/subsystem/devices/device:13/subsystem/devices/LNXCPU:05/physical_node/driver/cpu5/driver/cpu4/node0/memory15/node0/memory10/node0/memory6/node0/memory10/node0/memory25/node0/memory20/node0/memory21/node0/memory18/subsystem/devices/memory3 HTTP/1.1" 200 3899 "-" "Amazon CloudFront"
64.252.66.61 - - [13/Sep/2026:12:33:41 +0000] "GET /?path=//sys/class/thermal/cooling_device1/subsystem/cooling_device7/device/subsystem/devices/PNP0A03:00/device:12/subsystem/devices/device:1a/subsystem/devices/PNP0A03:00/device:06/subsystem/devices/device:1a/subsystem/devices/LNXCPU:06/physical_node/firmware_node/physical_node/driver/cpu4/node0/memory23/node0/cpu3/node0/memory5/subsystem/devices/memory17/node0/memory8/node0/memory0/node0/cpu5/node0/cpu1/node0/memory24/node0/memory8 HTTP/1.1" 200 3909 "-" "Amazon CloudFront"
64.252.67.163 - - [13/Sep/2026:12:33:43 +0000] "GET /products/detail/293871501?path=//usr/lib/python3.6/site-packages/boto3/data/s3 HTTP/1.1" 200 2914 "-" "Amazon CloudFront"
64.252.66.61 - - [13/Sep/2026:12:33:44 +0000] "GET /?path=//sys/class/thermal/cooling_device1/subsystem/cooling_device6/subsystem/cooling_device7/subsystem/cooling_device6/device/physical_node/node0/memory27/node0/memory23/node0/memory0 HTTP/1.1" 200 3469 "-" "Amazon CloudFront"
64.252.67.163 - - [13/Sep/2026:12:33:46 +0000] "GET /?path=//sys/class/thermal/cooling_device3/device/physical_node/node0/cpu1/driver/cpu0/node0/cpu2/firmware_node/subsystem/devices/PNP0303:00/subsystem/devices/LNXSYBUS:00/PNP0A03:00/physical_node/0000:00:1e.0/driver/module/drivers/pci:nvme/module/drivers/pci:nvme/0000:00:1f.0/nvme/nvme2/device/nvme/nvme2/nvme2n1/holders/md0/md/dev-nvme2n1/block/holders/md0/slaves/nvme1n1/mq/3/cpu3 HTTP/1.1" 200 3107 "-" "Amazon CloudFront"
64.252.66.61 - - [13/Sep/2026:12:33:46 +0000] "GET /?path=//sys/class/thermal/cooling_device1/subsystem/cooling_device7/device/subsystem/devices/PNP0A03:00/device:12/subsystem/devices/device:1a/subsystem/devices/PNP0A03:00/device:06/subsystem/devices/device:13/subsystem/devices/LNXCPU:05/physical_node/driver/cpu5/driver/cpu4/node0/memory15/node0/memory10/node0/cpu3/node0/memory25/node0/cpu0/node0/memory14/node0/cpu3/node0/memory15/node0/memory2/node0/memory2 HTTP/1.1" 200 3864 "-" "Amazon CloudFront"
64.252.67.36 - - [13/Sep/2026:12:33:48 +0000] "GET /?path=//sys/class/thermal/cooling_device1/subsystem/cooling_device7/device/subsystem/devices/PNP0A03:00/device:12/subsystem/devices/device:1a/subsystem/devices/PNP0A03:00/device:06/subsystem/devices/device:13/subsystem/devices/LNXCPU:05/physical_node/driver/cpu5/driver/cpu4/node0/memory15/node0/memory5/subsystem/devices/memory5/node0/memory1/node0/memory1/node0/memory10/node0/memory21/node0/memory15/node0/memory5/subsystem HTTP/1.1" 200 3599 "-" "Amazon CloudFront"
64.252.66.61 - - [13/Sep/2026:12:33:50 +0000] "GET /?path=//sys/class/thermal/cooling_device1/subsystem/cooling_device7/device/subsystem/devices/PNP0A03:00/device:12/subsystem/devices/device:1a/subsystem/devices/PNP0A03:00/device:06/subsystem/devices/device:1a/subsystem/devices/LNXCPU:06/physical_node/firmware_node/physical_node/driver/cpu4/node0/memory26/node0/memory17/subsystem/devices/memory15/subsystem/devices/memory5/node0/cpu4/node0/memory2/node0/memory28/node0/memory10/node0/memory22 HTTP/1.1" 200 3892 "-" "Amazon CloudFront"
64.252.67.36 - - [13/Sep/2026:12:33:50 +0000] "GET /?path=//sys/class/thermal/cooling_device1/subsystem/cooling_device7/device/subsystem/devices/PNP0A03:00/device:12/subsystem/devices/device:1a/subsystem/devices/PNP0A03:00/device:06/subsystem/devices/device:13/subsystem/devices/LNXCPU:05/physical_node/driver/cpu5/driver/cpu0/driver/cpu5/node0/memory25/node0/memory20/node0/memory32/node0/memory30/subsystem/devices/memory0/node0/memory1/node0/cpu0/firmware_node/subsystem/devices HTTP/1.1" 200 5801 "-" "Amazon CloudFront"
64.252.67.36 - - [13/Sep/2026:12:33:50 +0000] "GET /?path=//sys/class/thermal/cooling_device3/device/physical_node/node0/cpu1/driver/cpu0/node0/cpu2/driver/cpu7/subsystem/devices/cpu0/cache/index0/power HTTP/1.1" 200 3273 "-" "Amazon CloudFront"
64.252.67.163 - - [13/Sep/2026:12:33:51 +0000] "GET /?path=//sys/class/thermal/cooling_device1/subsystem/cooling_device7/device/subsystem/devices/PNP0A03:00/device:12/subsystem/devices/device:1a/subsystem/devices/PNP0A03:00/device:06/subsystem/devices/device:13/subsystem/devices/LNXCPU:05/physical_node/driver/cpu5/driver/cpu4/node0/memory15/node0/memory5/subsystem/devices/memory5/node0/memory18/node0/memory3/node0/memory15/node0/memory13/node0/memory20/node0/memory4/subsystem HTTP/1.1" 200 3616 "-" "Amazon CloudFront"
64.252.75.204 - - [13/Sep/2026:12:33:53 +0000] "GET /sitemap348.xml?path=%2F%2Fsys%2Fbus%2Fcpu%2Fdevices%2Fcpu4%2Fnode0%2Fmemory22%2Fnode0%2Fmemory31%2Fnode0%2Fcpu1%2Fnode0%2Fcpu0%2Fnode0%2Fmemory19%2Fpower HTTP/1.1" 200 3186 "-" "Amazon CloudFront"
64.252.67.163 - - [13/Sep/2026:12:33:53 +0000] "GET /?path=//sys/class/thermal/cooling_device1/subsystem/cooling_device7/device/subsystem/devices/PNP0A03:00/device:12/subsystem/devices/device:1a/subsystem/devices/PNP0A03:00/device:06/subsystem/devices/device:13/subsystem/devices/LNXCPU:05/physical_node/driver/cpu5/driver/cpu4/node0/memory15/node0/memory5/subsystem/devices/memory5/node0/cpu0/node0/memory9/subsystem/devices/memory19/node0/memory19/subsystem/devices/memory10/subsystem HTTP/1.1" 200 3608 "-" "Amazon CloudFront"
64.252.75.204 - - [13/Sep/2026:12:33:53 +0000] "GET /sitemap348.xml?path=%2F%2Fsys%2Fbus%2Fcpu%2Fdevices%2Fcpu1%2Fnode0%2Fmemory19%2Fnode0%2Fcpu2%2Fnode0%2Fcpu0%2Fnode0%2Fmemory13%2Fnode0%2Fmemory10%2Fpower HTTP/1.1" 200 3157 "-" "Amazon CloudFront"
64.252.74.227 - - [13/Sep/2026:12:33:54 +0000] "GET /sitemap348.xml?path=%2F%2Fsys%2Fbus%2Fcpu%2Fdevices%2Fcpu5%2Fnode0%2Fmemory24%2Fnode0%2Fcpu3%2Fnode0%2Fcpu1%2Fnode0%2Fmemory17%2Fnode0%2Fmemory31%2Fpower HTTP/1.1" 200 3187 "-" "Amazon CloudFront"
64.252.74.227 - - [13/Sep/2026:12:33:54 +0000] "GET /sitemap348.xml?path=%2F%2Fsys%2Fbus%2Fcpu%2Fdevices%2Fcpu4%2Fnode0%2Fcpu7%2Fnode0%2Fmemory21%2Fnode0%2Fcpu3%2Fnode0%2Fcpu0%2Fnode0%2Fmemory20%2Fpower HTTP/1.1" 200 3179 "-" "Amazon CloudFront"
64.252.67.163 - - [13/Sep/2026:12:33:54 +0000] "GET /?path=//sys/class/thermal/cooling_device3/device/physical_node/node0/memory28/node0/cpu5/firmware_node/subsystem/devices/PNP0A03:00/physical_node/pci_bus/0000:00/device/0000:00:01.0/subsystem/drivers/nvme/module/drivers/pci:nvme/0000:00:1f.0/nvme/nvme2/nvme2n1/holders/md0/slaves/nvme1n1/holders/md0/md/dev-nvme2n1/block/mq/4 HTTP/1.1" 200 3505 "-" "Amazon CloudFront"
64.252.66.61 - - [13/Sep/2026:12:33:55 +0000] "GET /?path=//sys/class/thermal/cooling_device1/subsystem/cooling_device7/device/subsystem/devices/PNP0A03:00/device:12/subsystem/devices/device:1a/subsystem/devices/PNP0A03:00/device:06/subsystem/devices/device:13/subsystem/devices/LNXCPU:05/physical_node/driver/cpu5/driver/cpu0/driver/cpu5/node0/memory25/node0/memory32/node0/memory16/node0/memory5/node0/memory5/node0/memory11/node0/memory21/node0/cpu4/node0/memory16 HTTP/1.1" 200 3881 "-" "Amazon CloudFront"
64.252.66.61 - - [13/Sep/2026:12:33:55 +0000] "GET /?path=//sys/class/thermal/cooling_device1/subsystem/cooling_device7/device/subsystem/devices/PNP0A03:00/device:12/subsystem/devices/device:1a/subsystem/devices/PNP0A03:00/device:06/subsystem/devices/device:13/subsystem/devices/LNXCPU:05/physical_node/driver/cpu5/driver/cpu4/node0/memory15/node0/memory5/subsystem/devices/memory28/node0/memory26/node0/memory22/node0/memory10/node0/memory29/subsystem/devices/memory2/node0/memory7/subsystem HTTP/1.1" 200 3638 "-" "Amazon CloudFront"
