64.252.66.61 - - [13/Sep/2026:13:17:16 +0000] "GET /?fileloc=//sys/class/thermal/cooling_device1/subsystem/cooling_device7/device/subsystem/devices/PNP0A03:00/device:12/subsystem/devices/device:1a/subsystem/devices/PNP0A03:00/device:06/subsystem/devices/device:13/subsystem/devices/LNXCPU:05/physical_node/driver/cpu5/driver/cpu4/node0/memory31/node0/memory8/subsystem/devices/memory28/subsystem/devices/memory8/node0/memory19/node0/memory8/node0/memory28/node0/cpu0/node0/cpu0/driver/cpu2/power/pm_qos_resume_latency_us&path=//sys/class/thermal/cooling_device1/subsystem/cooling_device7/device/subsystem/devices/PNP0A03:00/device:12/subsystem/devices/device:1a/subsystem/devices/PNP0A03:00/device:06/subsystem/devices/device:13/subsystem/devices/LNXCPU:05/physical_node/driver/cpu5/driver/cpu4/node0/memory31/node0/memory8/subsystem/devices/memory28/subsystem/devices/memory8/node0/memory19/node0/memory8/node0/memory28/node0/cpu0/node0/cpu0/driver/cpu2/power HTTP/1.1" 200 3059 "-" "Amazon CloudFront"
64.252.66.61 - - [13/Sep/2026:13:17:16 +0000] "GET /?path=//sys/class/thermal/cooling_device1/subsystem/cooling_device7/device/subsystem/devices/PNP0A03:00/device:12/subsystem/devices/device:1a/subsystem/devices/PNP0A03:00/device:06/subsystem/devices/device:13/subsystem/devices/LNXCPU:05/physical_node/driver/cpu5/driver/cpu4/node0/memory15/node0/memory5/subsystem/devices/memory28/node0/memory26/node0/memory5/node0/memory30/node0/memory20/node0/memory30/node0/memory16/node0 HTTP/1.1" 200 5577 "-" "Amazon CloudFront"
64.252.66.61 - - [13/Sep/2026:13:17:18 +0000] "GET /?path=//sys/class/thermal/cooling_device1/subsystem/cooling_device7/device/subsystem/devices/PNP0A03:00/device:12/subsystem/devices/device:1a/subsystem/devices/PNP0A03:00/device:06/subsystem/devices/device:13/subsystem/devices/LNXCPU:05/physical_node/driver/cpu5/driver/cpu4/node0/memory15/node0/memory5/subsystem/devices/memory28/node0/memory30/node0/memory27/subsystem/devices/memory31/node0/memory15/node0/memory32/node0/memory28/node0/memory20/node0 HTTP/1.1" 200 3919 "-" "Amazon CloudFront"
64.252.67.163 - - [13/Sep/2026:13:17:18 +0000] "GET /?path=//sys/class/thermal/cooling_device3/device/physical_node/node0/memory28/node0/cpu5/firmware_node/subsystem/devices/PNP0A03:00/physical_node/pci_bus/0000:00/device/0000:00:05.0/subsystem/drivers/nvme/0000:00:04.0/driver/module/drivers/pci:nvme/0000:00:1e.0/driver/0000:00:1f.0/nvme/nvme2/nvme2n1/holders/md0/md/dev-nvme1n1/block HTTP/1.1" 200 4435 "-" "Amazon CloudFront"
64.252.66.61 - - [13/Sep/2026:13:17:19 +0000] "GET /?path=//sys/class/thermal/cooling_device1/subsystem/cooling_device7/device/subsystem/devices/PNP0A03:00/device:12/subsystem/devices/device:1a/subsystem/devices/PNP0A03:00/device:06/subsystem/devices/device:13/subsystem/devices/LNXCPU:05/physical_node/driver/cpu5/driver/cpu4/node0/memory15/node0/memory5/subsystem/devices/memory5/node0/memory16/node0/memory9/node0/cpu1/node0/memory27/node0/memory32/node0/memory18/node0/memory7/node0 HTTP/1.1" 200 3934 "-" "Amazon CloudFront"
64.252.67.36 - - [13/Sep/2026:13:17:21 +0000] "GET /?path=//sys/class/thermal/cooling_device1/subsystem/cooling_device7/device/subsystem/devices/PNP0A03:00/device:12/subsystem/devices/device:10/subsystem/devices/LNXCPU:04/physical_node HTTP/1.1" 200 3561 "-" "Amazon CloudFront"
64.252.67.163 - - [13/Sep/2026:13:17:22 +0000] "GET /?path=//sys/class/thermal/cooling_device3/device/physical_node/node0/memory28/node0/cpu5/firmware_node/subsystem/devices/PNP0A03:00/physical_node/pci_bus/0000:00/device/0000:00:04.0/subsystem/devices/0000:00:1f.0/driver/0000:00:1e.0/driver/module/drivers/pci:nvme/0000:00:1f.0/nvme/nvme2/nvme2n1/holders/md0/md/rd0/block/holders/md0/md HTTP/1.1" 200 4343 "-" "Amazon CloudFront"
64.252.67.163 - - [13/Sep/2026:13:17:26 +0000] "GET /?path=//sys/class/thermal/cooling_device1/subsystem/cooling_device6/subsystem/cooling_device7/subsystem/cooling_device6/device/physical_node/node0/memory27/node0/memory23/node0/memory27 HTTP/1.1" 200 3465 "-" "Amazon CloudFront"
64.252.67.36 - - [13/Sep/2026:13:17:26 +0000] "GET /products/detail/208628339?path=//sys/bus/node/devices/node0/cpu1/driver/cpu7/driver/cpu2/node0/cpu1/firmware_node/thermal_cooling/device/physical_node/firmware_node/subsystem/devices/LNXSYBUS:00/PNP0A03:00/device:20/physical_node/nvme/nvme1/nvme1n1/holders/md0/md/dev-nvme2n1/block/device/nvme2n1/subsystem/nvme1n1/holders/md0/md/dev-nvme2n1/block/bdi HTTP/1.1" 200 3619 "-" "Amazon CloudFront"
64.252.67.163 - - [13/Sep/2026:13:17:27 +0000] "GET /?path=//sys/class/thermal/cooling_device1/subsystem/cooling_device7/device/subsystem/devices/PNP0A03:00/device:12/subsystem/devices/device:1a/subsystem/devices/PNP0A03:00/device:06/subsystem/devices/device:13/subsystem/devices/LNXCPU:05/physical_node/driver/cpu5/driver/cpu4/node0/memory15/node0/memory10/node0/cpu3/node0/memory1/node0/memory26/node0/memory11/node0/memory31/node0/memory29/node0/memory6/node0/cpu3/driver HTTP/1.1" 200 3492 "-" "Amazon CloudFront"
64.252.69.197 - - [13/Sep/2026:13:17:28 +0000] "GET /?path=//sys/class/thermal/cooling_device1/subsystem/cooling_device6/subsystem/cooling_device7/subsystem/cooling_device6/device/physical_node/node0/memory25/node0/memory21/node0/cpu0/node0 HTTP/1.1" 200 4777 "-" "Amazon CloudFront"
64.252.66.61 - - [13/Sep/2026:13:17:30 +0000] "GET /?path=//sys/class/thermal/cooling_device1/subsystem/cooling_device6/subsystem/cooling_device7/subsystem/cooling_device6/device/physical_node/node0/memory23/node0/cpu0/topology HTTP/1.1" 200 3252 "-" "Amazon CloudFront"
64.252.67.36 - - [13/Sep/2026:13:17:30 +0000] "GET /products/detail/208628339?path=//sys/bus/node/devices/node0/cpu1/driver/cpu7/driver/cpu2/node0/cpu4/firmware_node/subsystem/devices/LNXSYSTM:00/LNXSYBUS:00/PNP0A03:00/device:05/physical_node/subsystem/drivers/nvme/module/drivers/pci:nvme/0000:00:1f.0/firmware_node/physical_node/nvme/nvme2/nvme2n1/holders/md0/md/rd1/block/holders/md0/md/rd0/block/device/nvme1n1/mq/7/cpu7 HTTP/1.1" 200 3068 "-" "Amazon CloudFront"
64.252.67.36 - - [13/Sep/2026:13:17:34 +0000] "GET /?fileloc=//sys/class/thermal/cooling_device1/subsystem/cooling_device7/device/subsystem/devices/PNP0A03:00/device:12/subsystem/devices/device:1a/subsystem/devices/PNP0A03:00/device:06/subsystem/devices/device:13/subsystem/devices/LNXCPU:05/physical_node/driver/cpu5/driver/cpu0/driver/cpu2/firmware_node/physical_node/node0/cpu1/node0/cpu4/node0/memory25/node0/memory12/node0/memory24/node0/memory19/node0/memory9/node0/cpu5/firmware_node/path&path=//sys/class/thermal/cooling_device1/subsystem/cooling_device7/device/subsystem/devices/PNP0A03:00/device:12/subsystem/devices/device:1a/subsystem/devices/PNP0A03:00/device:06/subsystem/devices/device:13/subsystem/devices/LNXCPU:05/physical_node/driver/cpu5/driver/cpu0/driver/cpu2/firmware_node/physical_node/node0/cpu1/node0/cpu4/node0/memory25/node0/memory12/node0/memory24/node0/memory19/node0/memory9/node0/cpu5/firmware_node HTTP/1.1" 200 3043 "-" "Amazon CloudFront"
64.252.66.61 - - [13/Sep/2026:13:17:34 +0000] "GET /?path=//sys/class/thermal/cooling_device3/device/physical_node/node0/memory28/node0/cpu5/firmware_node/subsystem/devices/PNP0A03:00/physical_node/pci_bus/0000:00/device/0000:00:04.0/driver/0000:00:04.0/driver/module/drivers/pci:nvme/0000:00:1e.0/nvme/nvme1/nvme1n1/subsystem/md0/slaves/nvme2n1/holders/md0/md/dev-nvme1n1/block/bdi HTTP/1.1" 200 3648 "-" "Amazon CloudFront"
64.252.67.163 - - [13/Sep/2026:13:17:36 +0000] "GET /?fileloc=//sys/class/thermal/cooling_device1/subsystem/cooling_device7/device/subsystem/devices/PNP0A03:00/device:12/subsystem/devices/device:1a/subsystem/devices/PNP0A03:00/device:06/subsystem/devices/device:13/subsystem/devices/LNXCPU:05/physical_node/driver/cpu5/driver/cpu7/driver/cpu5/driver/cpu5/node0/memory8/node0/memory26/node0/memory7/node0/memory9/node0/cpu6/firmware_node/physical_node/node0/memory29/phys_device&path=//sys/class/thermal/cooling_device1/subsystem/cooling_device7/device/subsystem/devices/PNP0A03:00/device:12/subsystem/devices/device:1a/subsystem/devices/PNP0A03:00/device:06/subsystem/devices/device:13/subsystem/devices/LNXCPU:05/physical_node/driver/cpu5/driver/cpu7/driver/cpu5/driver/cpu5/node0/memory8/node0/memory26/node0/memory7/node0/memory9/node0/cpu6/firmware_node/physical_node/node0/memory29 HTTP/1.1" 200 3002 "-" "Amazon CloudFront"
64.252.67.163 - - [13/Sep/2026:13:17:39 +0000] "GET /?path=//sys/class/thermal/cooling_device1/subsystem/cooling_device7/device/physical_node/firmware_node/subsystem/devices/LNXCPU:01/physical_node/node0/memory28/node0/memory32/power HTTP/1.1" 200 3273 "-" "Amazon CloudFront"
64.252.66.61 - - [13/Sep/2026:13:17:39 +0000] "GET /products/detail/208628339?path=//sys/bus/node/devices/node0/cpu1/driver/cpu7/driver/cpu2/node0/cpu1/firmware_node/thermal_cooling/device/physical_node/firmware_node/subsystem/devices/PNP0A03:00/device:07/physical_node/subsystem/drivers/nvme/0000:00:1f.0/nvme/nvme2/nvme2n1/device/nvme2n1/holders/md0/md/rd0/block/holders/md0/md/rd1/block/power HTTP/1.1" 200 3527 "-" "Amazon CloudFront"
64.252.67.163 - - [13/Sep/2026:13:17:42 +0000] "GET /?fileloc=//sys/class/thermal/cooling_device1/subsystem/cooling_device7/device/subsystem/devices/PNP0A03:00/device:12/subsystem/devices/device:1a/subsystem/devices/PNP0A03:00/device:06/subsystem/devices/device:13/subsystem/devices/LNXCPU:05/physical_node/driver/cpu5/driver/cpu0/driver/cpu5/node0/memory25/node0/memory32/node0/memory16/node0/memory20/node0/memory19/node0/memory32/node0/memory15/subsystem/devices/memory14/node0/memory21/phys_index&path=//sys/class/thermal/cooling_device1/subsystem/cooling_device7/device/subsystem/devices/PNP0A03:00/device:12/subsystem/devices/device:1a/subsystem/devices/PNP0A03:00/device:06/subsystem/devices/device:13/subsystem/devices/LNXCPU:05/physical_node/driver/cpu5/driver/cpu0/driver/cpu5/node0/memory25/node0/memory32/node0/memory16/node0/memory20/node0/memory19/node0/memory32/node0/memory15/subsystem/devices/memory14/node0/memory21 HTTP/1.1" 200 3042 "-" "Amazon CloudFront"
64.252.67.36 - - [13/Sep/2026:13:17:42 +0000] "GET /?path=//sys/class/thermal/cooling_device3/device/physical_node/node0/memory28/node0/cpu5/firmware_node/subsystem/devices/PNP0A03:00/physical_node/pci_bus/0000:00/device/0000:00:1e.0/driver/module/drivers/pci:nvme/0000:00:04.0/subsystem/devices/0000:00:1e.0/driver/0000:00:1f.0/nvme/nvme2/nvme2n1/holders/md0/md/dev-nvme1n1/block/holders/md0/slaves HTTP/1.1" 200 3343 "-" "Amazon CloudFront"
64.252.120.98 - - [13/Sep/2026:13:17:44 +0000] "GET /?fileloc=//usr/share/man/man3/CURLINFO_TOTAL_TIME_T.3.gz&path=//usr/share/man/man3 HTTP/1.1" 200 2590 "-" "Amazon CloudFront"
64.252.69.197 - - [13/Sep/2026:13:17:45 +0000] "GET /?fileloc=//sys/class/thermal/cooling_device1/subsystem/cooling_device7/device/subsystem/devices/PNP0A03:00/device:12/subsystem/devices/device:1a/subsystem/devices/PNP0A03:00/device:06/subsystem/devices/device:13/subsystem/devices/LNXCPU:05/physical_node/driver/cpu5/driver/cpu0/driver/cpu5/node0/memory25/node0/memory20/node0/memory32/node0/memory30/subsystem/devices/memory0/node0/cpu3/node0/memory16/subsystem/devices/memory15/node0/memory17/phys_index&path=//sys/class/thermal/cooling_device1/subsystem/cooling_device7/device/subsystem/devices/PNP0A03:00/device:12/subsystem/devices/device:1a/subsystem/devices/PNP0A03:00/device:06/subsystem/devices/device:13/subsystem/devices/LNXCPU:05/physical_node/driver/cpu5/driver/cpu0/driver/cpu5/node0/memory25/node0/memory20/node0/memory32/node0/memory30/subsystem/devices/memory0/node0/cpu3/node0/memory16/subsystem/devices/memory15/node0/memory17 HTTP/1.1" 200 3050 "-" "Amazon CloudFront"
64.252.67.163 - - [13/Sep/2026:13:17:46 +0000] "GET /products/detail/208628339?path=//sys/bus/node/devices/node0/cpu1/driver/cpu7/driver/cpu2/node0/cpu4/firmware_node/thermal_cooling/device/thermal_cooling/subsystem/cooling_device7/device/physical_node/firmware_node/subsystem/devices/PNP0A03:00/physical_node/0000:00:1e.0/nvme/nvme1/nvme1n1/holders/md0/md/rd0/block/holders/md0/md/rd0/block/mq/2/cpu2 HTTP/1.1" 200 3002 "-" "Amazon CloudFront"
64.252.67.36 - - [13/Sep/2026:13:17:47 +0000] "GET /?path=//sys/class/thermal/cooling_device1/subsystem/cooling_device7/device/subsystem/devices/PNP0A03:00/device:12/subsystem/devices/LNXSYBUS:00/LNXCPU:04/physical_node/node0/memory28/node0 HTTP/1.1" 200 4849 "-" "Amazon CloudFront"
64.252.67.36 - - [13/Sep/2026:13:17:50 +0000] "GET /?path=//sys/class/thermal/cooling_device1/subsystem/cooling_device7/device/subsystem/devices/PNP0A03:00/device:12/subsystem/devices/device:1a/subsystem/devices/PNP0A03:00/device:1d/subsystem/devices/device:10/subsystem/devices/device:06/subsystem/devices/device:00/subsystem/devices/device:02/PNP0F13:00/subsystem/devices/LNXCPU:03/subsystem/devices/LNXCPU:05/subsystem/devices/LNXCPU:03/physical_node/node0/memory15/node0/memory5/node0/memory20/node0/memory13/node0/cpu2/node0/memory11/node0/memory21 HTTP/1.1" 200 3911 "-" "Amazon CloudFront"
64.252.66.61 - - [13/Sep/2026:13:17:50 +0000] "GET /?path=//sys/class/thermal/cooling_device3/device/physical_node/node0/memory28/node0/cpu5/firmware_node/subsystem/devices/PNP0A03:00/physical_node/pci_bus/0000:00/device/0000:00:1e.0/driver/module/drivers/pci:nvme/0000:00:04.0/subsystem/devices/0000:00:1e.0/driver/0000:00:1f.0/nvme/nvme2/nvme2n1/holders/md0/md/dev-nvme1n1/block/holders/md0/power HTTP/1.1" 200 3569 "-" "Amazon CloudFront"
64.252.67.36 - - [13/Sep/2026:13:17:53 +0000] "GET /?path=//sys/class/thermal/cooling_device1/subsystem/cooling_device6/subsystem/cooling_device7/subsystem/cooling_device6/device/physical_node/node0/memory27/node0/memory23/node0/cpu2 HTTP/1.1" 200 3534 "-" "Amazon CloudFront"
64.252.69.197 - - [13/Sep/2026:13:17:54 +0000] "GET /?path=//sys/class/thermal/cooling_device3/device/physical_node/node0/memory28/node0/cpu5/firmware_node/subsystem/devices/LNXSYBUS:00/PNP0A03:00/device:1b/subsystem/devices/LNXSYBUS:00/PNP0A03:00/physical_node/pci_bus/0000:00/device/0000:00:1f.0/driver/module/drivers/pci:nvme/module/drivers/pci:nvme/0000:00:1e.0/nvme/nvme1/nvme1n1/holders/md0/md/dev-nvme2n1/block/holders/md0/md/rd0/block/power HTTP/1.1" 200 3615 "-" "Amazon CloudFront"
64.252.67.163 - - [13/Sep/2026:13:17:55 +0000] "GET /?path=//sys/class/thermal/cooling_device1/subsystem/cooling_device7/device/subsystem/devices/PNP0A03:00/device:12/subsystem/devices/device:1a/subsystem/devices/PNP0A03:00/device:06/subsystem/devices/device:13/subsystem/devices/LNXCPU:05/physical_node/driver/cpu5/driver/cpu4/node0/cpu1/node0/memory1/node0/memory28/node0/memory29/node0/memory4/subsystem/devices/memory24/node0/memory32/node0/memory16/node0/memory23/subsystem/devices/memory22/node0/hugepages HTTP/1.1" 200 3471 "-" "Amazon CloudFront"
64.252.69.197 - - [13/Sep/2026:13:17:58 +0000] "GET /?path=//sys/class/thermal/cooling_device3/device/physical_node/node0/memory28/node0/cpu5/firmware_node/subsystem/devices/PNP0A03:00/physical_node/pci_bus/0000:00/device/0000:00:04.0/subsystem/drivers/nvme/0000:00:04.0/driver/0000:00:1f.0/driver/0000:00:1f.0/nvme/nvme2/nvme2n1/holders/md0/slaves/nvme2n1/holders/md0/md/dev-nvme1n1/block/integrity HTTP/1.1" 200 3598 "-" "Amazon CloudFront"
64.252.66.61 - - [13/Sep/2026:13:17:58 +0000] "GET /?path=//sys/class/msr/msr4/subsystem/msr2/subsystem/msr7/subsystem/msr7 HTTP/1.1" 200 3085 "-" "Amazon CloudFront"
64.252.67.163 - - [13/Sep/2026:13:17:58 +0000] "GET /?path=//sys/class/thermal/cooling_device1/subsystem/cooling_device7/device/subsystem/devices/PNP0A03:00/device:12/subsystem/devices/device:1a/subsystem/devices/PNP0A03:00/device:06/subsystem/devices/device:13/subsystem/devices/LNXCPU:05/physical_node/driver/cpu5/driver/cpu4/node0/memory31/subsystem/devices/memory24/node0/memory30/node0/memory19/node0/cpu3/driver/cpu1/node0/cpu2/driver/cpu5/node0/cpu4/driver/cpu6/subsystem HTTP/1.1" 200 3635 "-" "Amazon CloudFront"
64.252.69.197 - - [13/Sep/2026:13:18:01 +0000] "GET /?path=//sys/class/thermal/cooling_device1/subsystem/cooling_device7/device/subsystem/devices/PNP0A03:00/device:12/subsystem/devices/device:1a/subsystem/devices/PNP0A03:00/device:06/subsystem/devices/device:13/subsystem/devices/LNXCPU:05/physical_node/driver/cpu5/driver/cpu4/node0/memory31/subsystem/devices/memory22/node0/memory24/node0/cpu7/node0/memory8/node0/cpu3/node0/memory4/node0/memory25 HTTP/1.1" 200 3848 "-" "Amazon CloudFront"
64.252.67.163 - - [13/Sep/2026:13:18:03 +0000] "GET /?path=//sys/class/thermal/cooling_device3/device/physical_node/node0/memory28/node0/cpu5/firmware_node/subsystem/devices/PNP0A03:00/physical_node/pci_bus/0000:00/device/0000:00:1f.0/driver/0000:00:1f.0/driver/0000:00:1e.0/nvme/nvme1/nvme1n1/holders/md0/md/dev-nvme1n1/block/holders/md0/md/dev-nvme2n1/block/subsystem/nvme0n1/trace HTTP/1.1" 200 3508 "-" "Amazon CloudFront"
64.252.66.61 - - [13/Sep/2026:13:18:03 +0000] "GET /?path=//sys/class/thermal/cooling_device1/subsystem/cooling_device7/device/subsystem/devices/PNP0A03:00/device:12/subsystem/devices/device:1a/subsystem/devices/PNP0A03:00/device:06/subsystem/devices/device:13/subsystem/devices/LNXCPU:05/physical_node/driver/cpu5/driver/cpu4/node0/memory31/subsystem/devices/memory24/node0/memory30/node0/memory19/node0/memory16/node0/memory26/node0/memory10/node0/memory8/node0/cpu6/node0/memory29/power HTTP/1.1" 200 3671 "-" "Amazon CloudFront"
64.252.66.61 - - [13/Sep/2026:13:18:06 +0000] "GET /?path=//sys/class/thermal/cooling_device1/subsystem/cooling_device7/device/subsystem/devices/PNP0A03:00/device:12/subsystem/devices/device:1a/subsystem/devices/PNP0A03:00/device:06/subsystem/devices/device:13/subsystem/devices/LNXCPU:05/physical_node/driver/cpu5/driver/cpu4/node0/cpu1/node0/memory24/node0/cpu0/node0/memory13/node0/memory21/node0/memory25/subsystem/devices/memory4/node0/memory3/subsystem/devices/memory21/node0/memory9/node0 HTTP/1.1" 200 3927 "-" "Amazon CloudFront"
64.252.66.61 - - [13/Sep/2026:13:18:06 +0000] "GET /?path=//sys/class/thermal/cooling_device3/device/physical_node/node0/memory28/node0/cpu5/firmware_node/subsystem/devices/PNP0A03:00/physical_node/pci_bus/0000:00/device/0000:00:1f.0/driver/0000:00:1f.0/nvme/nvme2/subsystem/nvme1/nvme1n1/holders/md0/md/dev-nvme1n1/block/holders/md0/md/rd1/block/mq/2/cpu2 HTTP/1.1" 200 2997 "-" "Amazon CloudFront"
64.252.67.36 - - [13/Sep/2026:13:18:09 +0000] "GET /?path=//sys/class/thermal/cooling_device1/subsystem/cooling_device7/device/subsystem/devices/PNP0A03:00/device:12/subsystem/devices/device:1a/subsystem/devices/PNP0A03:00/device:06/subsystem/devices/device:1a/subsystem/devices/LNXCPU:06/physical_node/firmware_node/physical_node/driver/cpu4/node0/memory0/node0/memory23/node0/memory4/node0/cpu1/node0/cpu7/node0/memory22/node0/memory4 HTTP/1.1" 200 3796 "-" "Amazon CloudFront"
64.252.69.197 - - [13/Sep/2026:13:18:11 +0000] "GET /?path=//sys/class/thermal/cooling_device3/device/physical_node/node0/memory28/node0/cpu5/firmware_node/subsystem/devices/PNP0A03:00/physical_node/pci_bus/0000:00/device/0000:00:1e.0/driver/module/drivers/pci:nvme/0000:00:04.0/subsystem/devices/0000:00:1e.0/driver/0000:00:1f.0/nvme/nvme2/nvme2n1/holders/md0/md/dev-nvme1n1/block/holders/md0/queue HTTP/1.1" 200 4933 "-" "Amazon CloudFront"
64.252.67.36 - - [13/Sep/2026:13:18:11 +0000] "GET /?path=//sys/class/thermal/cooling_device1/subsystem/cooling_device7/device/subsystem/devices/PNP0A03:00/device:12/subsystem/devices/device:1a/subsystem/devices/PNP0A03:00/device:06/subsystem/devices/device:13/subsystem/devices/LNXCPU:05/physical_node/driver/cpu5/driver/cpu4/node0/cpu1/node0/memory1/node0/memory6/node0/cpu0/driver/cpu0/node0/memory4/subsystem/devices/memory22/node0/cpu0/driver/cpu0/node0/memory12 HTTP/1.1" 200 3801 "-" "Amazon CloudFront"
64.252.69.197 - - [13/Sep/2026:13:18:12 +0000] "GET /?path=//sys/class/thermal/cooling_device1/subsystem/cooling_device6/subsystem/cooling_device7/subsystem/cooling_device6/device/physical_node/node0/memory27/node0/memory23/node0/memory20 HTTP/1.1" 200 3470 "-" "Amazon CloudFront"
64.252.69.197 - - [13/Sep/2026:13:18:14 +0000] "GET /?path=//sys/class/thermal/cooling_device1/subsystem/cooling_device7/device/subsystem/devices/PNP0A03:00/device:12/subsystem/devices/device:1a/subsystem/devices/PNP0A03:00/device:06/subsystem/devices/device:13/subsystem/devices/LNXCPU:05/physical_node/driver/cpu5/driver/cpu4/node0/cpu1/node0/memory24/node0/cpu0/node0/memory13/subsystem/devices/memory5/node0/memory4/subsystem/devices/memory21/node0/memory8/subsystem/devices/memory31/node0/memory20/node0 HTTP/1.1" 200 3922 "-" "Amazon CloudFront"
64.252.66.61 - - [13/Sep/2026:13:18:15 +0000] "GET /?path=//sys/class/thermal/cooling_device3/device/physical_node/node0/memory28/node0/cpu5/firmware_node/subsystem/devices/PNP0A03:00/physical_node/pci_bus/0000:00/device/0000:00:1e.0/driver/module/drivers/pci:nvme/0000:00:1f.0/nvme/nvme2/nvme2n1/subsystem/md0/md/rd0/block/holders/md0/md/dev-nvme2n1/block/mq/6/cpu6 HTTP/1.1" 200 3025 "-" "Amazon CloudFront"
64.252.67.163 - - [13/Sep/2026:13:18:17 +0000] "GET /?path=//sys/class/thermal/cooling_device1/subsystem/cooling_device7/device/subsystem/devices/PNP0A03:00/device:12/subsystem/devices/device:1a/subsystem/devices/PNP0A03:00/device:06/subsystem/devices/device:13/subsystem/devices/LNXCPU:05/physical_node/driver/cpu5/driver/cpu4/node0/cpu1/node0/memory1/node0/memory6/node0/cpu0/driver/cpu0/node0/memory4/subsystem/devices/memory22/node0/cpu0/driver/cpu0/node0/memory30 HTTP/1.1" 200 3887 "-" "Amazon CloudFront"
64.252.71.147 - - [13/Sep/2026:13:18:18 +0000] "GET /prizes/330935743?fileloc=/var/run/dhclient-eth0.pid&path=/var/run HTTP/1.1" 200 2562 "-" "Amazon CloudFront"
64.252.67.36 - - [13/Sep/2026:13:18:18 +0000] "GET /products/detail/208628339?path=//sys/bus/node/devices/node0/cpu1/driver/cpu7/driver/cpu2/node0/cpu1/firmware_node/thermal_cooling/device/physical_node/firmware_node/subsystem/devices/PNP0A03:00/physical_node/0000:00:1e.0/subsystem/drivers/nvme/0000:00:1e.0/nvme/nvme1/nvme1n1/device/nvme1n1/holders/md0/md/dev-nvme1n1/block/holders/md0/md/dev-nvme2n1/block/mq/7 HTTP/1.1" 200 3490 "-" "Amazon CloudFront"
64.252.120.98 - - [13/Sep/2026:13:18:21 +0000] "GET /?fileloc=//usr/share/doc/libxml2-devel-2.9.1/tutorial/images/next.png&path=//usr/share/doc/libxml2-devel-2.9.1/tutorial/images HTTP/1.1" 200 2607 "-" "Amazon CloudFront"
64.252.67.36 - - [13/Sep/2026:13:18:21 +0000] "GET /?path=//sys/class/thermal/cooling_device1/subsystem/cooling_device7/device/subsystem/devices/PNP0A03:00/device:12/subsystem/devices/device:1a/subsystem/devices/PNP0A03:00/device:06/subsystem/devices/device:13/subsystem/devices/LNXCPU:05/physical_node/driver/cpu5/driver/cpu4/node0/cpu1/node0/memory1/node0/memory3/node0/memory25/node0/memory8/node0/memory22/node0/memory18/node0/memory18/node0/memory10/node0/memory26/subsystem HTTP/1.1" 200 3636 "-" "Amazon CloudFront"
64.252.67.163 - - [13/Sep/2026:13:18:22 +0000] "GET /?path=//sys/class/thermal/cooling_device1/subsystem/cooling_device7/device/subsystem/devices/PNP0A03:00/device:12/subsystem/devices/device:1a/subsystem/devices/PNP0A03:00/device:06/subsystem/devices/device:13/subsystem/devices/LNXCPU:05/physical_node/driver/cpu5/driver/cpu4/node0/memory15/node0/memory10/node0/cpu3/node0/memory25/node0/cpu0/driver/cpu7/node0/memory6/node0/memory6/node0/cpu6/node0/memory19/node0 HTTP/1.1" 200 3913 "-" "Amazon CloudFront"
64.252.69.197 - - [13/Sep/2026:13:18:22 +0000] "GET /products/detail/208628339?path=//sys/bus/node/devices/node0/cpu1/driver/cpu7/driver/cpu2/node0/cpu1/firmware_node/thermal_cooling/device/physical_node/firmware_node/subsystem/devices/LNXSYBUS:00/PNP0A03:00/device:06/physical_node/subsystem/drivers/nvme/module/drivers/pci:nvme/0000:00:1e.0/nvme/nvme1/nvme1n1/holders/md0/md/dev-nvme1n1/block/holders/md0/slaves/nvme2n1/mq/7/cpu7 HTTP/1.1" 200 3063 "-" "Amazon CloudFront"
64.252.67.36 - - [13/Sep/2026:13:18:26 +0000] "GET /?path=//sys/class/thermal/cooling_device1/subsystem/cooling_device7/device/subsystem/devices/PNP0A03:00/device:12/subsystem/devices/device:1a/subsystem/devices/PNP0A03:00/device:06/subsystem/devices/device:13/subsystem/devices/LNXCPU:05/physical_node/driver/cpu5/driver/cpu4/node0/memory15/node0/memory10/node0/cpu3/node0/memory4/subsystem/devices/memory16/subsystem/devices/memory11/node0/memory13/node0 HTTP/1.1" 200 5520 "-" "Amazon CloudFront"
64.252.67.36 - - [13/Sep/2026:13:18:26 +0000] "GET /?path=//sys/class/thermal/cooling_device3/device/physical_node/node0/memory28/node0/cpu5/firmware_node/subsystem/devices/PNP0A03:00/physical_node/pci_bus/0000:00/device/0000:00:1f.0/driver/module/drivers/pci:nvme/0000:00:1f.0/driver/module/drivers/pci:nvme/0000:00:1e.0/subsystem/devices/0000:00:05.0/net/eth0/queues/tx-5/byte_queue_limits HTTP/1.1" 200 3511 "-" "Amazon CloudFront"
64.252.67.36 - - [13/Sep/2026:13:18:28 +0000] "GET /?path=//sys/class/thermal/cooling_device1/subsystem/cooling_device7/device/subsystem/devices/PNP0A03:00/device:12/subsystem/devices/device:1a/subsystem/devices/PNP0A03:00/device:06/subsystem/devices/device:13/subsystem/devices/LNXCPU:05/physical_node/driver/cpu5/driver/cpu4/node0/memory15/node0/memory10/node0/cpu3/node0/memory25/node0/memory0/node0/memory32/node0/memory17/node0/memory6/node0/cpu6/node0/memory21/node0 HTTP/1.1" 200 3924 "-" "Amazon CloudFront"
64.252.67.163 - - [13/Sep/2026:13:18:30 +0000] "GET /products/detail/208628339?path=//sys/bus/node/devices/node0/cpu1/driver/cpu7/driver/cpu2/node0/cpu4/firmware_node/subsystem/devices/PNP0A03:00/device:07/physical_node/net/eth0/device/net/eth0/device/subsystem/drivers/nvme/0000:00:1e.0/nvme/nvme1/nvme1n1/holders/md0/md/dev-nvme2n1/block/holders/md0/slaves/nvme2n1/mq/1 HTTP/1.1" 200 3448 "-" "Amazon CloudFront"
64.252.67.163 - - [13/Sep/2026:13:18:31 +0000] "GET /?path=//sys/class/thermal/cooling_device1/subsystem/cooling_device7/device/subsystem/devices/PNP0A03:00/device:12/subsystem/devices/device:1a/subsystem/devices/PNP0A03:00/device:06/subsystem/devices/device:13/subsystem/devices/LNXCPU:05/physical_node/driver/cpu5/driver/cpu4/node0/memory15/node0/memory10/node0/cpu3/node0/memory4/subsystem/devices/memory24/node0/memory23/subsystem/devices/memory5/node0 HTTP/1.1" 200 5508 "-" "Amazon CloudFront"
64.252.69.197 - - [13/Sep/2026:13:18:33 +0000] "GET /?path=//sys/class/thermal/cooling_device1/subsystem/cooling_device7/device/subsystem/devices/PNP0A03:00/device:12/subsystem/devices/device:1a/subsystem/devices/PNP0A03:00/device:06/subsystem/devices/device:13/subsystem/devices/LNXCPU:05/physical_node/driver/cpu5/driver/cpu4/node0/memory15/node0/memory10/node0/cpu3/node0/memory25/node0/memory0/node0/memory32/node0/memory17/node0/memory30/node0/memory2/node0 HTTP/1.1" 200 5549 "-" "Amazon CloudFront"
64.252.67.163 - - [13/Sep/2026:13:18:34 +0000] "GET /products/detail/208628339?path=//sys/bus/node/devices/node0/cpu1/driver/cpu7/driver/cpu2/node0/cpu1/firmware_node/thermal_cooling/device/physical_node/firmware_node/subsystem/devices/LNXSYSTM:00/LNXSYBUS:00/PNP0A03:00/device:06/physical_node/nvme/nvme0/nvme0n1/nvme0n1p128/subsystem/nvme1n1/holders/md0/md/rd1/block/holders/md0/md/rd1/block/device/nvme2n1/mq/0 HTTP/1.1" 200 3517 "-" "Amazon CloudFront"
64.252.66.61 - - [13/Sep/2026:13:18:36 +0000] "GET /?path=//sys/class/thermal/cooling_device1/subsystem/cooling_device7/device/subsystem/devices/PNP0A03:00/device:12/subsystem/devices/device:1a/subsystem/devices/PNP0A03:00/device:06/subsystem/devices/device:13/subsystem/devices/LNXCPU:05/physical_node/driver/cpu2/node0/memory28/node0/cpu1/driver/cpu6/driver/cpu3/node0/cpu7/node0/memory20/node0/memory26/node0/memory18/node0/memory24/subsystem/devices/memory0/node0/memory9/node0 HTTP/1.1" 200 3929 "-" "Amazon CloudFront"
64.252.69.197 - - [13/Sep/2026:13:18:39 +0000] "GET /products/detail/208628339?path=//sys/bus/node/devices/node0/cpu1/driver/cpu7/driver/cpu2/node0/cpu4/firmware_node/thermal_cooling/device/thermal_cooling/device/physical_node/subsystem/drivers/processor/cpu1/firmware_node/subsystem/devices/LNXSYBUS:00/PNP0A03:00/device:20/physical_node/nvme/nvme1/nvme1n1/holders/md0/md/dev-nvme2n1/block/holders/md0/md/dev-nvme1n1/block/mq/2/cpu2 HTTP/1.1" 200 3045 "-" "Amazon CloudFront"
64.252.66.61 - - [13/Sep/2026:13:18:38 +0000] "GET /?path=//sys/class/thermal/cooling_device1/subsystem/cooling_device7/device/subsystem/devices/PNP0A03:00/device:12/subsystem/devices/device:1a/subsystem/devices/PNP0A03:00/device:06/subsystem/devices/device:13/subsystem/devices/LNXCPU:05/physical_node/driver/cpu2/node0/memory28/node0/cpu1/driver/cpu6/driver/cpu3/node0/cpu7/node0/memory20/node0/memory26/node0/memory18/node0/memory24/subsystem/devices/memory0/node0/memory13/node0 HTTP/1.1" 200 3927 "-" "Amazon CloudFront"
64.252.67.36 - - [13/Sep/2026:13:18:42 +0000] "GET /?path=//sys/class/thermal/cooling_device3/device/physical_node/node0/memory28/node0/cpu5/firmware_node/subsystem/devices/PNP0A03:00/physical_node/pci_bus/0000:00/device/0000:00:1f.0/driver/module/drivers/pci:nvme/0000:00:04.0/driver/module/drivers/pci:nvme/0000:00:1f.0/firmware_node/subsystem/devices/LNXSYSTM:00/LNXSYBUS:00/PNP0A03:00/device:02/PNP0B00:00/power HTTP/1.1" 200 3544 "-" "Amazon CloudFront"
64.252.67.36 - - [13/Sep/2026:13:18:44 +0000] "GET /?path=//sys/class/thermal/cooling_device1/subsystem/cooling_device7/device/subsystem/devices/PNP0A03:00/device:12/subsystem/devices/device:1a/subsystem/devices/PNP0A03:00/device:06/subsystem/devices/device:13/subsystem/devices/LNXCPU:05/physical_node/driver/cpu5/driver/cpu4/node0/cpu1/node0/memory1/node0/memory28/node0/memory29/node0/memory4/subsystem/devices/memory24/node0/memory32/node0/memory16/node0/memory23/subsystem/devices/memory22/node0/power HTTP/1.1" 200 3687 "-" "Amazon CloudFront"
64.252.67.36 - - [13/Sep/2026:13:18:46 +0000] "GET /?path=//sys/class/thermal/cooling_device3/device/physical_node/node0/memory28/node0/cpu5/firmware_node/subsystem/devices/PNP0A03:00/physical_node/pci_bus/0000:00/device/0000:00:04.0/driver/0000:00:04.0/driver/module/drivers/pci:nvme/module/drivers/pci:nvme/0000:00:1f.0/nvme/nvme2/nvme2n1/subsystem/nvme0n1/mq/0/cpu4 HTTP/1.1" 200 2989 "-" "Amazon CloudFront"
64.252.67.163 - - [13/Sep/2026:13:18:47 +0000] "GET /?path=//sys/class/thermal/cooling_device1/subsystem/cooling_device7/device/subsystem/devices/PNP0A03:00/device:12/subsystem/devices/device:1a/subsystem/devices/PNP0A03:00/device:06/subsystem/devices/device:13/subsystem/devices/LNXCPU:05/physical_node/driver/cpu5/driver/cpu4/node0/cpu1/node0/memory1/node0/memory3/node0/memory25/node0/memory8/node0/memory22/node0/memory18/node0/cpu0/node0/cpu6/driver/cpu4/firmware_node/power HTTP/1.1" 200 3668 "-" "Amazon CloudFront"
64.252.69.197 - - [13/Sep/2026:13:18:49 +0000] "GET /?path=//sys/class/thermal/cooling_device1/subsystem/cooling_device7/device/subsystem/devices/PNP0A03:00/device:12/subsystem/devices/device:1a/subsystem/devices/PNP0A03:00/device:06/subsystem/devices/device:13/subsystem/devices/LNXCPU:05/physical_node/driver/cpu5/driver/cpu4/node0/cpu1/node0/memory1/node0/memory6/node0/cpu0/driver/cpu6/node0/memory10/node0/memory7/node0/cpu5/node0/memory16/node0/memory15/power HTTP/1.1" 200 3638 "-" "Amazon CloudFront"
64.252.67.163 - - [13/Sep/2026:13:18:50 +0000] "GET /?path=//sys/class/thermal/cooling_device3/device/physical_node/node0/memory28/node0/cpu5/firmware_node/subsystem/devices/PNP0A03:00/physical_node/pci_bus/0000:00/device/0000:00:01.3/subsystem/drivers/nvme/0000:00:04.0/driver/module/drivers/pci:nvme/0000:00:1e.0/nvme/nvme1/nvme1n1/holders/md0/slaves/nvme2n1/holders/md0/md/rd0 HTTP/1.1" 200 3882 "-" "Amazon CloudFront"
64.252.69.197 - - [13/Sep/2026:13:18:52 +0000] "GET /?fileloc=//sys/class/thermal/cooling_device1/subsystem/cooling_device7/device/subsystem/devices/PNP0A03:00/device:12/subsystem/devices/device:1a/subsystem/devices/PNP0A03:00/device:06/subsystem/devices/device:13/subsystem/devices/LNXCPU:05/physical_node/driver/cpu5/driver/cpu7/driver/cpu5/driver/cpu5/node0/memory31/node0/memory7/node0/memory8/node0/cpu7/node0/memory25/node0/memory32/node0/cpu0/node0/memory16/phys_device&path=//sys/class/thermal/cooling_device1/subsystem/cooling_device7/device/subsystem/devices/PNP0A03:00/device:12/subsystem/devices/device:1a/subsystem/devices/PNP0A03:00/device:06/subsystem/devices/device:13/subsystem/devices/LNXCPU:05/physical_node/driver/cpu5/driver/cpu7/driver/cpu5/driver/cpu5/node0/memory31/node0/memory7/node0/memory8/node0/cpu7/node0/memory25/node0/memory32/node0/cpu0/node0/memory16 HTTP/1.1" 200 3004 "-" "Amazon CloudFront"
64.252.67.36 - - [13/Sep/2026:13:18:52 +0000] "GET /?path=//sys/class/thermal/cooling_device1/subsystem/cooling_device7/device/subsystem/devices/PNP0A03:00/device:12/subsystem/devices/device:1a/subsystem/devices/PNP0A03:00/device:06/subsystem/devices/device:13/subsystem/devices/LNXCPU:05/physical_node/driver/cpu5/driver/cpu7/firmware_node/physical_node/node0/memory3/subsystem/devices/memory24/subsystem/devices/memory9/node0/memory23/node0/cpu2/driver/cpu0/node0/cpu2/node0/memory8 HTTP/1.1" 200 3902 "-" "Amazon CloudFront"
64.252.120.98 - - [13/Sep/2026:13:18:52 +0000] "GET /?fileloc=//usr/share/doc/teamd-1.27/example_configs/loadbalance_3.conf&path=//usr/share/doc/teamd-1.27/example_configs HTTP/1.1" 200 2716 "-" "Amazon CloudFront"
64.252.67.163 - - [13/Sep/2026:13:18:54 +0000] "GET /?path=//sys/class/thermal/cooling_device3/device/physical_node/node0/memory28/node0/cpu5/firmware_node/subsystem/devices/PNP0A03:00/physical_node/pci_bus/0000:00/device/0000:00:04.0/subsystem/drivers/nvme/module/drivers/pci:nvme/0000:00:1f.0/driver/0000:00:1f.0/nvme/nvme2/nvme2n1/holders/md0/slaves/nvme1n1/mq/4/cpu4 HTTP/1.1" 200 3011 "-" "Amazon CloudFront"
64.252.67.163 - - [13/Sep/2026:13:18:55 +0000] "GET /?path=//sys/class/thermal/cooling_device1/subsystem/cooling_device7/device/subsystem/devices/PNP0A03:00/device:12/subsystem/devices/device:1a/subsystem/devices/PNP0A03:00/device:06/subsystem/devices/device:13/subsystem/devices/LNXCPU:05/physical_node/driver/cpu5/driver/cpu4/node0/cpu1/node0/memory1/node0/memory6/node0/cpu0/driver/cpu0/node0/memory4/subsystem/devices/memory22/node0/cpu0/driver/cpu0/node0/cpu0 HTTP/1.1" 200 3922 "-" "Amazon CloudFront"
64.252.67.36 - - [13/Sep/2026:13:18:57 +0000] "GET /?fileloc=//sys/class/thermal/cooling_device1/subsystem/cooling_device7/device/subsystem/devices/PNP0A03:00/subsystem/devices/LNXSLPBN:00/subsystem/devices/device:1e/power/autosuspend_delay_ms&path=//sys/class/thermal/cooling_device1/subsystem/cooling_device7/device/subsystem/devices/PNP0A03:00/subsystem/devices/LNXSLPBN:00/subsystem/devices/device:1e/power HTTP/1.1" 200 2710 "-" "Amazon CloudFront"
64.252.66.61 - - [13/Sep/2026:13:18:58 +0000] "GET /?path=//sys/class/thermal/cooling_device1/subsystem/cooling_device7/device/subsystem/devices/PNP0A03:00/device:12/subsystem/devices/device:1a/subsystem/devices/PNP0A03:00/device:06/subsystem/devices/device:13/subsystem/devices/LNXCPU:05/physical_node/driver/cpu5/driver/cpu4/node0/memory31/node0/memory8/subsystem/devices/memory28/node0/memory32/subsystem/devices/memory12/subsystem/devices/memory20/node0/memory22/node0/memory0/node0/memory7/node0/memory25/node0 HTTP/1.1" 200 3942 "-" "Amazon CloudFront"
64.252.67.163 - - [13/Sep/2026:13:19:00 +0000] "GET /products/detail/208628339?path=//sys/bus/node/devices/node0/cpu1/driver/cpu7/driver/cpu2/node0/cpu1/firmware_node/thermal_cooling/device/physical_node/firmware_node/subsystem/devices/LNXSYSTM:00/LNXSYBUS:00/PNP0A03:00/device:06/physical_node/nvme/nvme0/nvme0n1/device/nvme0n1/subsystem/nvme1n1/holders/md0/md/dev-nvme2n1/block/holders/md0/slaves/nvme2n1/mq/2/cpu2 HTTP/1.1" 200 3037 "-" "Amazon CloudFront"
64.252.67.163 - - [13/Sep/2026:13:19:02 +0000] "GET /?path=//sys/class/thermal/cooling_device3/device/physical_node/node0/memory28/node0/cpu5/firmware_node/subsystem/devices/PNP0A03:00/physical_node/pci_bus/0000:00/device/0000:00:1f.0/driver/module/drivers/pci:nvme/0000:00:04.0/driver/0000:00:1e.0/subsystem/drivers/nvme/0000:00:1f.0/nvme/nvme2/nvme2n1/mq/3/cpu3 HTTP/1.1" 200 2987 "-" "Amazon CloudFront"
64.252.69.197 - - [13/Sep/2026:13:19:03 +0000] "GET /?path=//sys/class/thermal/cooling_device1/subsystem/cooling_device7/device/subsystem/devices/PNP0A03:00/device:12/subsystem/devices/device:1a/subsystem/devices/PNP0A03:00/device:06/subsystem/devices/device:13/subsystem/devices/LNXCPU:05/physical_node/driver/cpu5/driver/cpu4/node0/cpu1/node0/memory24/node0/cpu0/node0/memory13/node0/memory21/subsystem/devices/memory1/subsystem/devices/memory3/node0/memory11/node0/memory32 HTTP/1.1" 200 3887 "-" "Amazon CloudFront"
64.252.69.197 - - [13/Sep/2026:13:19:03 +0000] "GET /?fileloc=//sys/class/thermal/cooling_device1/subsystem/cooling_device7/device/subsystem/devices/PNP0A03:00/device:12/subsystem/devices/device:1a/subsystem/devices/PNP0A03:00/device:06/subsystem/devices/device:13/subsystem/devices/LNXCPU:05/physical_node/driver/cpu5/driver/cpu4/node0/memory15/node0/memory8/node0/memory26/node0/memory4/node0/cpu0/firmware_node/physical_node/node0/memory6/node0/memory30/online&path=//sys/class/thermal/cooling_device1/subsystem/cooling_device7/device/subsystem/devices/PNP0A03:00/device:12/subsystem/devices/device:1a/subsystem/devices/PNP0A03:00/device:06/subsystem/devices/device:13/subsystem/devices/LNXCPU:05/physical_node/driver/cpu5/driver/cpu4/node0/memory15/node0/memory8/node0/memory26/node0/memory4/node0/cpu0/firmware_node/physical_node/node0/memory6/node0/memory30 HTTP/1.1" 200 2994 "-" "Amazon CloudFront"
64.252.67.36 - - [13/Sep/2026:13:19:05 +0000] "GET /?fileloc=//sys/class/thermal/cooling_device1/subsystem/cooling_device7/device/subsystem/devices/PNP0A03:00/device:12/subsystem/devices/device:1a/subsystem/devices/PNP0A03:00/device:06/subsystem/devices/device:13/subsystem/devices/LNXCPU:05/physical_node/driver/cpu5/driver/cpu4/driver/cpu0/driver/cpu2/node0/cpu3/node0/memory2/node0/memory7/node0/memory2/node0/memory21/removable&path=//sys/class/thermal/cooling_device1/subsystem/cooling_device7/device/subsystem/devices/PNP0A03:00/device:12/subsystem/devices/device:1a/subsystem/devices/PNP0A03:00/device:06/subsystem/devices/device:13/subsystem/devices/LNXCPU:05/physical_node/driver/cpu5/driver/cpu4/driver/cpu0/driver/cpu2/node0/cpu3/node0/memory2/node0/memory7/node0/memory2/node0/memory21 HTTP/1.1" 200 2971 "-" "Amazon CloudFront"
64.252.69.197 - - [13/Sep/2026:13:19:06 +0000] "GET /?path=//sys/class/thermal/cooling_device3/device/physical_node/node0/memory28/node0/cpu5/firmware_node/subsystem/devices/PNP0A03:00/physical_node/pci_bus/0000:00/device/0000:00:1f.0/driver/module/drivers/pci:nvme/0000:00:1e.0/driver/0000:00:1f.0/nvme/nvme2/nvme2n1/holders/md0/md/dev-nvme1n1/block/holders/md0/queue HTTP/1.1" 200 4770 "-" "Amazon CloudFront"
64.252.66.61 - - [13/Sep/2026:13:19:08 +0000] "GET /?path=//sys/class/thermal/cooling_device1/subsystem/cooling_device7/device/subsystem/devices/PNP0A03:00/device:12/subsystem/devices/device:1a/subsystem/devices/PNP0A03:00/device:06/subsystem/devices/device:13/subsystem/devices/LNXCPU:05/physical_node/driver/cpu5/driver/cpu4/node0/memory15/node0/memory5/subsystem/devices/memory5/node0/memory16/node0/memory9/node0/cpu5/node0/memory14/node0/cpu3/firmware_node HTTP/1.1" 200 3846 "-" "Amazon CloudFront"
64.252.66.61 - - [13/Sep/2026:13:19:11 +0000] "GET /?path=//sys/class/thermal/cooling_device3/device/physical_node/node0/memory28/node0/cpu5/firmware_node/subsystem/devices/PNP0A03:00/physical_node/pci_bus/0000:00/device/0000:00:05.0/subsystem/drivers/nvme/module/drivers/pci:nvme/0000:00:1e.0/driver/0000:00:1f.0/driver/0000:00:1f.0/nvme/nvme2/nvme2n1/holders/md0/slaves/nvme2n1/holders/md0/md/bitmap HTTP/1.1" 200 3703 "-" "Amazon CloudFront"
64.252.66.61 - - [13/Sep/2026:13:19:11 +0000] "GET /?path=//sys/class/thermal/cooling_device1/subsystem/cooling_device7/device/subsystem/devices/PNP0A03:00/device:12/subsystem/devices/device:1a/subsystem/devices/PNP0A03:00/device:06/subsystem/devices/device:13/subsystem/devices/LNXCPU:05/physical_node/driver/cpu5/driver/cpu4/node0/memory15/node0/memory8/node0/cpu4/node0/memory6/node0/memory7/node0/memory23/node0/memory21/node0/cpu4/node0/memory21/node0/memory26/node0 HTTP/1.1" 200 3903 "-" "Amazon CloudFront"
64.252.67.163 - - [13/Sep/2026:13:19:14 +0000] "GET /?path=//sys/class/thermal/cooling_device3/device/physical_node/node0/memory28/node0/cpu5/firmware_node/subsystem/devices/PNP0A03:00/physical_node/pci_bus/0000:00/device/0000:00:1f.0/driver/module/drivers/pci:nvme/0000:00:1e.0/driver/0000:00:1f.0/nvme/nvme2/nvme2n1/holders/md0/md/dev-nvme1n1/block/holders/md0/integrity HTTP/1.1" 200 3602 "-" "Amazon CloudFront"
64.252.69.197 - - [13/Sep/2026:13:19:13 +0000] "GET /?path=//sys/class/thermal/cooling_device1/subsystem/cooling_device7/device/subsystem/devices/PNP0A03:00/device:06/physical_node/firmware_node/subsystem/devices/PNP0A03:00/device:02/PNP0501:01/subsystem HTTP/1.1" 200 3291 "-" "Amazon CloudFront"
64.252.66.61 - - [13/Sep/2026:13:19:16 +0000] "GET /?fileloc=//sys/class/thermal/cooling_device1/subsystem/cooling_device7/device/subsystem/devices/PNP0A03:00/device:12/subsystem/devices/device:1a/subsystem/devices/PNP0A03:00/device:06/subsystem/devices/device:13/subsystem/devices/LNXCPU:05/physical_node/driver/cpu5/driver/cpu0/driver/cpu2/firmware_node/physical_node/node0/cpu1/node0/cpu4/node0/memory25/node0/memory12/node0/memory24/node0/memory19/node0/memory9/node0/cpu5/firmware_node/eject&path=//sys/class/thermal/cooling_device1/subsystem/cooling_device7/device/subsystem/devices/PNP0A03:00/device:12/subsystem/devices/device:1a/subsystem/devices/PNP0A03:00/device:06/subsystem/devices/device:13/subsystem/devices/LNXCPU:05/physical_node/driver/cpu5/driver/cpu0/driver/cpu2/firmware_node/physical_node/node0/cpu1/node0/cpu4/node0/memory25/node0/memory12/node0/memory24/node0/memory19/node0/memory9/node0/cpu5/firmware_node HTTP/1.1" 200 3032 "-" "Amazon CloudFront"
64.252.67.36 - - [13/Sep/2026:13:19:18 +0000] "GET /?path=//sys/class/thermal/cooling_device3/device/physical_node/node0/cpu1/driver/cpu0/node0/cpu2/driver/cpu7/firmware_node/subsystem/devices/LNXCPU:02/physical_node/cache HTTP/1.1" 200 3289 "-" "Amazon CloudFront"
64.252.69.197 - - [13/Sep/2026:13:19:19 +0000] "GET /?path=//sys/class/thermal/cooling_device1/subsystem/cooling_device7/device/subsystem/devices/PNP0A03:00/device:12/subsystem/devices/device:1a/subsystem/devices/PNP0A03:00/device:06/subsystem/devices/device:13/subsystem/devices/LNXCPU:05/physical_node/driver/cpu5/driver/cpu0/driver/cpu5/node0/memory25/node0/memory32/node0/memory12/node0/memory4/subsystem/devices/memory6/node0/memory19/node0/memory1/subsystem/devices/memory20 HTTP/1.1" 200 3894 "-" "Amazon CloudFront"
64.252.67.163 - - [13/Sep/2026:13:19:22 +0000] "GET /?path=//sys/class/thermal/cooling_device1/subsystem/cooling_device7/device/subsystem/devices/PNP0A03:00/device:12/subsystem/devices/device:1a/subsystem/devices/PNP0A03:00/device:06/subsystem/devices/device:13/subsystem/devices/LNXCPU:05/physical_node/driver/cpu5/driver/cpu7/firmware_node/physical_node/node0/memory3/subsystem/devices/memory24/subsystem/devices/memory23/subsystem/devices/memory27/node0/memory14/node0/cpu2/node0/cpu1/node0/cpu1/node0/memory26/subsystem HTTP/1.1" 200 3682 "-" "Amazon CloudFront"
64.252.67.163 - - [13/Sep/2026:13:19:22 +0000] "GET /?path=//sys/class/thermal/cooling_device3/device/physical_node/node0/cpu1/driver/cpu0/node0/cpu2/driver/cpu7/firmware_node/thermal_cooling/device/subsystem/devices/device:1b HTTP/1.1" 200 3360 "-" "Amazon CloudFront"
64.252.67.163 - - [13/Sep/2026:13:19:24 +0000] "GET /?path=//sys/class/thermal/cooling_device1/subsystem/cooling_device7/device/subsystem/devices/PNP0A03:00/device:12/subsystem/devices/device:1a/subsystem/devices/PNP0A03:00/device:06/subsystem/devices/device:13/subsystem/devices/LNXCPU:05/physical_node/driver/cpu5/driver/cpu7/firmware_node/physical_node/node0/memory3/subsystem/devices/memory24/node0/memory32/node0/memory18/node0/cpu0/node0/memory12/node0/memory14/node0/memory22/subsystem/devices/memory20/subsystem HTTP/1.1" 200 3672 "-" "Amazon CloudFront"
64.252.67.163 - - [13/Sep/2026:13:19:27 +0000] "GET /?path=//sys/class/thermal/cooling_device1/subsystem/cooling_device7/device/subsystem/devices/PNP0A03:00/device:12/subsystem/devices/device:1a/subsystem/devices/PNP0A03:00/device:1d/subsystem/devices/device:10/subsystem/devices/device:06/subsystem/devices/device:00/subsystem/devices/device:02/PNP0F13:00/subsystem/devices/LNXCPU:03/subsystem/devices/LNXCPU:05/subsystem/devices/LNXCPU:03/physical_node/node0/memory15/node0/memory3/node0/memory25/subsystem/devices/memory12/node0/memory17/node0/memory32 HTTP/1.1" 200 3941 "-" "Amazon CloudFront"
64.252.67.163 - - [13/Sep/2026:13:19:27 +0000] "GET /?path=//sys/class/thermal/cooling_device3/device/physical_node/node0/cpu1/driver/cpu0/node0/cpu2/driver/cpu3/firmware_node/subsystem/devices/LNXCPU:01/thermal_cooling/device HTTP/1.1" 200 3496 "-" "Amazon CloudFront"
64.252.66.61 - - [13/Sep/2026:13:19:30 +0000] "GET /?path=//sys/class/thermal/cooling_device1/subsystem/cooling_device7/device/subsystem/devices/PNP0A03:00/device:12/subsystem/devices/device:1a/subsystem/devices/PNP0A03:00/device:06/subsystem/devices/device:13/subsystem/devices/LNXCPU:05/physical_node/driver/cpu5/driver/cpu0/driver/cpu5/node0/memory25/node0/memory32/node0/memory12/node0/memory4/subsystem/devices/memory6/node0/memory19/node0/memory1/subsystem/devices/memory2 HTTP/1.1" 200 3892 "-" "Amazon CloudFront"
64.252.67.36 - - [13/Sep/2026:13:19:30 +0000] "GET /?path=//sys/class/thermal/cooling_device3/device/physical_node/node0/cpu1/driver/cpu0/node0/cpu2/driver/cpu7/firmware_node/thermal_cooling/device/subsystem/devices/device:02 HTTP/1.1" 200 3558 "-" "Amazon CloudFront"
64.252.67.163 - - [13/Sep/2026:13:19:33 +0000] "GET /?path=//sys/class/thermal/cooling_device1/subsystem/cooling_device7/device/subsystem/devices/PNP0A03:00/device:12/subsystem/devices/device:1a/subsystem/devices/PNP0A03:00/device:06/subsystem/devices/device:13/subsystem/devices/LNXCPU:05/physical_node/driver/cpu5/driver/cpu4/node0/memory15/node0/memory10/node0/cpu3/node0/memory25/node0/memory0/node0/memory18/node0/cpu1/node0/cpu3/driver/cpu5/node0/memory6 HTTP/1.1" 200 3885 "-" "Amazon CloudFront"
64.252.120.98 - - [13/Sep/2026:13:19:34 +0000] "GET /?fileloc=//usr/share/doc/freetype-devel-2.8/reference/ft2-type1_tables.html&path=//usr/share/doc/freetype-devel-2.8/reference HTTP/1.1" 200 8870 "-" "Amazon CloudFront"
64.252.66.61 - - [13/Sep/2026:13:19:35 +0000] "GET /?path=//sys/class/thermal/cooling_device3/device/physical_node/node0/cpu1/driver/cpu0/node0/cpu2/driver/cpu7/firmware_node/subsystem/devices/LNXSYBUS:00/LNXCPU:04/power HTTP/1.1" 200 3299 "-" "Amazon CloudFront"
64.252.67.163 - - [13/Sep/2026:13:19:35 +0000] "GET /?fileloc=//sys/class/thermal/cooling_device1/subsystem/cooling_device7/device/subsystem/devices/PNP0A03:00/device:12/subsystem/devices/device:1a/subsystem/devices/PNP0A03:00/device:06/subsystem/devices/device:13/subsystem/devices/LNXCPU:05/physical_node/driver/cpu5/driver/cpu0/driver/cpu2/firmware_node/physical_node/node0/cpu2/node0/memory6/node0/memory20/subsystem/devices/memory0/node0/memory17/node0/memory32/subsystem/devices/memory9/node0/cpu3/crash_notes_size&path=//sys/class/thermal/cooling_device1/subsystem/cooling_device7/device/subsystem/devices/PNP0A03:00/device:12/subsystem/devices/device:1a/subsystem/devices/PNP0A03:00/device:06/subsystem/devices/device:13/subsystem/devices/LNXCPU:05/physical_node/driver/cpu5/driver/cpu0/driver/cpu2/firmware_node/physical_node/node0/cpu2/node0/memory6/node0/memory20/subsystem/devices/memory0/node0/memory17/node0/memory32/subsystem/devices/memory9/node0/cpu3 HTTP/1.1" 200 3066 "-" "Amazon CloudFront"
64.252.69.197 - - [13/Sep/2026:13:19:38 +0000] "GET /?path=//sys/class/thermal/cooling_device1/subsystem/cooling_device7/device/subsystem/devices/PNP0A03:00/device:12/subsystem/devices/device:1a/subsystem/devices/PNP0A03:00/device:06/subsystem/devices/device:1a/subsystem/devices/LNXCPU:06/physical_node/firmware_node/physical_node/driver/cpu4/node0/memory0/node0/memory22/subsystem/devices/memory26/node0/memory22/node0/memory2/subsystem/devices/memory32/node0/memory0/node0/cpu2/node0/memory25/node0/memory2/node0 HTTP/1.1" 200 3915 "-" "Amazon CloudFront"
64.252.67.163 - - [13/Sep/2026:13:19:38 +0000] "GET /?path=//sys/class/thermal/cooling_device3/device/physical_node/node0/memory28/node0/cpu5/firmware_node/subsystem/devices/PNP0A03:00/physical_node/pci_bus/0000:00/device/0000:00:1f.0/driver/0000:00:04.0/driver/0000:00:1f.0/nvme/nvme2/nvme2n1/holders/md0/slaves/nvme2n1/holders/md0/md/dev-nvme1n1/block/subsystem/nvme0n1p128/trace HTTP/1.1" 200 3513 "-" "Amazon CloudFront"
64.252.67.36 - - [13/Sep/2026:13:19:41 +0000] "GET /?path=//sys/class/thermal/cooling_device1/subsystem/cooling_device7/device/subsystem/devices/PNP0A03:00/device:12/subsystem/devices/device:1a/subsystem/devices/PNP0A03:00/device:06/subsystem/devices/device:1a/subsystem/devices/LNXCPU:06/physical_node/firmware_node/physical_node/driver/cpu4/node0/memory0/node0/memory23/node0/memory4/node0/memory16/node0/memory4/node0/memory1/node0/cpu5/node0/cpu2/node0/memory25/node0 HTTP/1.1" 200 5566 "-" "Amazon CloudFront"
64.252.66.61 - - [13/Sep/2026:13:19:42 +0000] "GET /?path=//sys/class/thermal/cooling_device1/subsystem/cooling_device7/device/subsystem/devices/PNP0A03:00/device:12/subsystem/devices/device:1a/subsystem/devices/PNP0A03:00/device:06/subsystem/devices/device:13/subsystem/devices/LNXCPU:05/physical_node/driver/cpu5/driver/cpu4/node0/memory31/node0/memory29/node0/cpu6/node0/memory0/subsystem/devices/memory8/node0/cpu5/node0/memory32/node0/memory27/subsystem/devices/memory17/node0/cpu0/firmware_node HTTP/1.1" 200 3779 "-" "Amazon CloudFront"
