64.252.66.61 - - [13/Sep/2026:12:52:27 +0000] "GET /products/detail/293871501?fileloc=//usr/local/lsws/logs/error.log.2026_09_11.34&path=//usr/local/lsws/logs HTTP/1.1" 200 875239 "-" "Amazon CloudFront"
64.252.69.197 - - [13/Sep/2026:12:52:30 +0000] "GET /?path=//sys/class/vc/vcsa4/subsystem/vcs4/subsystem/vcs2 HTTP/1.1" 200 3070 "-" "Amazon CloudFront"
64.252.69.197 - - [13/Sep/2026:12:52:30 +0000] "GET /products/detail/167571450?path=//proc/22213/root/sys/module HTTP/1.1" 200 2629 "-" "Amazon CloudFront"
64.252.67.163 - - [13/Sep/2026:12:52:33 +0000] "GET /?path=//sys/class/thermal/cooling_device1/subsystem/cooling_device6/subsystem/cooling_device7/subsystem/cooling_device6/device/physical_node/node0/cpu7/subsystem/devices HTTP/1.1" 200 3186 "-" "Amazon CloudFront"
64.252.69.197 - - [13/Sep/2026:12:52:33 +0000] "GET /?fileloc=//sys/class/thermal/cooling_device1/subsystem/cooling_device7/device/subsystem/devices/PNP0A03:00/device:12/subsystem/devices/device:1a/subsystem/devices/PNP0A03:00/device:06/subsystem/devices/device:13/subsystem/devices/LNXCPU:05/physical_node/driver/cpu5/driver/cpu0/driver/cpu3/driver/cpu5/node0/memory5/node0/memory5/node0/memory20/node0/cpu0/node0/memory11/node0/memory7/node0/memory1/node0/memory20/phys_device&path=//sys/class/thermal/cooling_device1/subsystem/cooling_device7/device/subsystem/devices/PNP0A03:00/device:12/subsystem/devices/device:1a/subsystem/devices/PNP0A03:00/device:06/subsystem/devices/device:13/subsystem/devices/LNXCPU:05/physical_node/driver/cpu5/driver/cpu0/driver/cpu3/driver/cpu5/node0/memory5/node0/memory5/node0/memory20/node0/cpu0/node0/memory11/node0/memory7/node0/memory1/node0/memory20 HTTP/1.1" 200 2999 "-" "Amazon CloudFront"
64.252.118.206 - - [13/Sep/2026:12:52:34 +0000] "GET /?fileloc=//usr/share/doc/python2-simplejson-3.10.0/docs/searchindex.js&path=//usr/share/doc/python2-simplejson-3.10.0/docs HTTP/1.1" 200 5498 "-" "Amazon CloudFront"
64.252.66.61 - - [13/Sep/2026:12:52:35 +0000] "GET /products/detail/208628339?path=//sys/bus/node/devices/node0/cpu1/driver/cpu7/driver/cpu2/node0/cpu4/firmware_node/subsystem/devices/PNP0A03:00/device:20/physical_node/firmware_node/physical_node/nvme/nvme1/subsystem/nvme2/device/nvme/nvme2/nvme2n1/device/nvme2n1/holders/md0/md/rd1/block/holders/md0/md/rd0/block/mq/0/cpu0 HTTP/1.1" 200 2990 "-" "Amazon CloudFront"
64.252.67.163 - - [13/Sep/2026:12:52:35 +0000] "GET /?fileloc=//sys/class/thermal/cooling_device1/subsystem/cooling_device7/device/subsystem/devices/PNP0A03:00/device:12/subsystem/devices/device:1a/subsystem/devices/PNP0A03:00/device:06/subsystem/devices/device:13/subsystem/devices/LNXCPU:05/physical_node/driver/cpu5/driver/cpu0/driver/cpu3/driver/cpu5/node0/memory5/node0/memory5/node0/cpu1/node0/memory13/node0/memory8/node0/memory14/node0/memory1/node0/memory20/phys_device&path=//sys/class/thermal/cooling_device1/subsystem/cooling_device7/device/subsystem/devices/PNP0A03:00/device:12/subsystem/devices/device:1a/subsystem/devices/PNP0A03:00/device:06/subsystem/devices/device:13/subsystem/devices/LNXCPU:05/physical_node/driver/cpu5/driver/cpu0/driver/cpu3/driver/cpu5/node0/memory5/node0/memory5/node0/cpu1/node0/memory13/node0/memory8/node0/memory14/node0/memory1/node0/memory20 HTTP/1.1" 200 3008 "-" "Amazon CloudFront"
64.252.67.163 - - [13/Sep/2026:12:52:38 +0000] "GET /products/detail/87908854?fileloc=//proc/20256/net/rpc/nfs&path=//proc/20256/net/rpc HTTP/1.1" 200 2690 "-" "Amazon CloudFront"
64.252.66.61 - - [13/Sep/2026:12:52:38 +0000] "GET /?fileloc=//sys/class/thermal/cooling_device1/subsystem/cooling_device7/device/subsystem/devices/PNP0A03:00/device:12/subsystem/devices/device:1a/subsystem/devices/PNP0A03:00/device:06/subsystem/devices/device:13/subsystem/devices/LNXCPU:05/physical_node/driver/cpu5/driver/cpu4/driver/cpu0/driver/cpu2/node0/cpu3/node0/cpu6/node0/memory7/power/autosuspend_delay_ms&path=//sys/class/thermal/cooling_device1/subsystem/cooling_device7/device/subsystem/devices/PNP0A03:00/device:12/subsystem/devices/device:1a/subsystem/devices/PNP0A03:00/device:06/subsystem/devices/device:13/subsystem/devices/LNXCPU:05/physical_node/driver/cpu5/driver/cpu4/driver/cpu0/driver/cpu2/node0/cpu3/node0/cpu6/node0/memory7/power HTTP/1.1" 200 2961 "-" "Amazon CloudFront"
64.252.69.197 - - [13/Sep/2026:12:52:41 +0000] "GET /?path=//sys/class/thermal/cooling_device1/subsystem/cooling_device7/device/subsystem/devices/PNP0A03:00/device:12/subsystem/devices/device:1a/subsystem/devices/PNP0A03:00/device:06/subsystem/devices/device:13/subsystem/devices/LNXCPU:05/physical_node/driver/cpu5/driver/cpu4/driver/cpu0/driver/cpu2/node0/cpu3/node0/memory8/node0/memory22/node0/memory12/node0/memory31/subsystem/devices/memory0/node0/memory12/node0/memory1/node0 HTTP/1.1" 200 3922 "-" "Amazon CloudFront"
64.252.67.36 - - [13/Sep/2026:12:52:42 +0000] "GET /products/detail/167571450?fileloc=//proc/22213/root/usr/lib64/libuuid.so.1&path=//proc/22213/root/usr/lib64 HTTP/1.1" 200 2581 "-" "Amazon CloudFront"
64.252.67.163 - - [13/Sep/2026:12:52:44 +0000] "GET /?fileloc=//sys/class/thermal/cooling_device1/subsystem/cooling_device7/device/subsystem/devices/PNP0A03:00/device:12/subsystem/devices/device:1a/subsystem/devices/PNP0A03:00/device:06/subsystem/devices/device:13/subsystem/devices/LNXCPU:05/physical_node/driver/cpu5/driver/cpu4/driver/cpu0/driver/cpu2/node0/cpu3/node0/memory31/node0/memory23/node0/memory7/node0/cpu4/crash_notes_size&path=//sys/class/thermal/cooling_device1/subsystem/cooling_device7/device/subsystem/devices/PNP0A03:00/device:12/subsystem/devices/device:1a/subsystem/devices/PNP0A03:00/device:06/subsystem/devices/device:13/subsystem/devices/LNXCPU:05/physical_node/driver/cpu5/driver/cpu4/driver/cpu0/driver/cpu2/node0/cpu3/node0/memory31/node0/memory23/node0/memory7/node0/cpu4 HTTP/1.1" 200 2977 "-" "Amazon CloudFront"
64.252.67.36 - - [13/Sep/2026:12:52:44 +0000] "GET /?path=//sys/class/thermal/cooling_device1/subsystem/cooling_device7/device/subsystem/devices/PNP0A03:00/device:12/subsystem/devices/device:1a/subsystem/devices/PNP0A03:00/device:06/subsystem/devices/device:13/subsystem/devices/LNXCPU:05/physical_node/driver/cpu5/driver/cpu0/driver/cpu2/firmware_node/physical_node/node0/cpu2/node0/memory4/subsystem/devices/memory22/node0/memory18/node0/cpu6/cache/index3 HTTP/1.1" 200 4032 "-" "Amazon CloudFront"
64.252.66.61 - - [13/Sep/2026:12:52:46 +0000] "GET /?path=//sys/class/thermal/cooling_device1/subsystem/cooling_device7/device/subsystem/devices/PNP0A03:00/device:12/subsystem/devices/device:1a/subsystem/devices/PNP0A03:00/device:06/subsystem/devices/device:13/subsystem/devices/LNXCPU:05/physical_node/driver/cpu5/driver/cpu0/driver/cpu3/driver/cpu5/node0/memory5/node0/memory5/node0/memory5/subsystem/devices/memory12/node0/memory29/node0/memory29/node0/memory15/node0/memory32 HTTP/1.1" 200 3888 "-" "Amazon CloudFront"
64.252.67.163 - - [13/Sep/2026:12:52:46 +0000] "GET /products/detail/293871501?fileloc=//usr/local/lsws/logs/error.log.2026_09_03.07&path=//usr/local/lsws/logs HTTP/1.1" 200 1195623 "-" "Amazon CloudFront"
64.252.67.163 - - [13/Sep/2026:12:52:49 +0000] "GET /?path=//sys/class/thermal/cooling_device1/subsystem/cooling_device7/device/subsystem/devices/device:21/subsystem/devices/LNXCPU:01/physical_node/driver/cpu2/driver/cpu3 HTTP/1.1" 200 3516 "-" "Amazon CloudFront"
64.252.67.163 - - [13/Sep/2026:12:52:51 +0000] "GET /?fileloc=//sys/class/thermal/cooling_device1/subsystem/cooling_device7/device/subsystem/devices/PNP0A03:00/device:12/subsystem/devices/device:1a/subsystem/devices/PNP0A03:00/device:06/subsystem/devices/device:13/subsystem/devices/LNXCPU:05/physical_node/driver/cpu5/driver/cpu4/driver/cpu0/driver/cpu2/node0/cpu3/node0/memory2/node0/memory7/node0/memory11/subsystem/devices/memory23/node0/memory30/removable&path=//sys/class/thermal/cooling_device1/subsystem/cooling_device7/device/subsystem/devices/PNP0A03:00/device:12/subsystem/devices/device:1a/subsystem/devices/PNP0A03:00/device:06/subsystem/devices/device:13/subsystem/devices/LNXCPU:05/physical_node/driver/cpu5/driver/cpu4/driver/cpu0/driver/cpu2/node0/cpu3/node0/memory2/node0/memory7/node0/memory11/subsystem/devices/memory23/node0/memory30 HTTP/1.1" 200 3006 "-" "Amazon CloudFront"
64.252.67.163 - - [13/Sep/2026:12:52:50 +0000] "GET /?fileloc=//var/www/volumes/69b4844ae61d4e92bf26ad98af552775/logs/openlitespeed/access.log.2026_08_26.16&path=//var/www/volumes/69b4844ae61d4e92bf26ad98af552775/logs/openlitespeed HTTP/1.1" 200 656154 "-" "Amazon CloudFront"
64.252.67.163 - - [13/Sep/2026:12:52:54 +0000] "GET /?fileloc=//sys/class/thermal/cooling_device1/subsystem/cooling_device7/device/subsystem/devices/PNP0A03:00/device:12/subsystem/devices/device:1a/subsystem/devices/PNP0A03:00/device:06/subsystem/devices/device:13/subsystem/devices/LNXCPU:05/physical_node/driver/cpu5/driver/cpu4/driver/cpu0/driver/cpu2/node0/cpu3/node0/memory2/node0/memory7/node0/memory11/subsystem/devices/memory23/node0/memory23/removable&path=//sys/class/thermal/cooling_device1/subsystem/cooling_device7/device/subsystem/devices/PNP0A03:00/device:12/subsystem/devices/device:1a/subsystem/devices/PNP0A03:00/device:06/subsystem/devices/device:13/subsystem/devices/LNXCPU:05/physical_node/driver/cpu5/driver/cpu4/driver/cpu0/driver/cpu2/node0/cpu3/node0/memory2/node0/memory7/node0/memory11/subsystem/devices/memory23/node0/memory23 HTTP/1.1" 200 3002 "-" "Amazon CloudFront"
64.252.66.61 - - [13/Sep/2026:12:52:54 +0000] "GET /products/detail/208628339?path=//sys/bus/node/devices/node0/cpu1/driver/cpu7/driver/cpu2/node0/cpu4/firmware_node/thermal_cooling/device/physical_node/firmware_node/subsystem/devices/PNP0A03:00/device:20/physical_node/nvme/nvme1/nvme1n1/subsystem/nvme2n1/device/nvme2n1/holders/md0/md/rd1/block/holders/md0/slaves/nvme1n1/mq/1 HTTP/1.1" 200 3439 "-" "Amazon CloudFront"
64.252.67.163 - - [13/Sep/2026:12:52:55 +0000] "GET /?fileloc=//sys/class/thermal/cooling_device1/subsystem/cooling_device7/device/subsystem/devices/PNP0A03:00/device:12/subsystem/devices/device:1a/subsystem/devices/PNP0A03:00/device:06/subsystem/devices/device:13/subsystem/devices/LNXCPU:05/physical_node/driver/cpu5/driver/cpu4/driver/cpu0/driver/cpu2/node0/cpu3/node0/memory31/node0/memory4/subsystem/devices/memory3/node0/memory2/subsystem/devices/memory0/node0/memory7/phys_index&path=//sys/class/thermal/cooling_device1/subsystem/cooling_device7/device/subsystem/devices/PNP0A03:00/device:12/subsystem/devices/device:1a/subsystem/devices/PNP0A03:00/device:06/subsystem/devices/device:13/subsystem/devices/LNXCPU:05/physical_node/driver/cpu5/driver/cpu4/driver/cpu0/driver/cpu2/node0/cpu3/node0/memory31/node0/memory4/subsystem/devices/memory3/node0/memory2/subsystem/devices/memory0/node0/memory7 HTTP/1.1" 200 3021 "-" "Amazon CloudFront"
64.252.67.36 - - [13/Sep/2026:12:52:57 +0000] "GET /?fileloc=//sys/class/thermal/cooling_device1/subsystem/cooling_device7/device/subsystem/devices/PNP0A03:00/device:12/subsystem/devices/device:1a/subsystem/devices/PNP0A03:00/device:06/subsystem/devices/device:13/subsystem/devices/LNXCPU:05/physical_node/driver/cpu5/driver/cpu4/driver/cpu0/driver/cpu2/node0/cpu3/node0/memory8/node0/memory18/node0/memory10/node0/memory22/node0/memory7/subsystem/devices/memory25/node0/memory18/valid_zones&path=//sys/class/thermal/cooling_device1/subsystem/cooling_device7/device/subsystem/devices/PNP0A03:00/device:12/subsystem/devices/device:1a/subsystem/devices/PNP0A03:00/device:06/subsystem/devices/device:13/subsystem/devices/LNXCPU:05/physical_node/driver/cpu5/driver/cpu4/driver/cpu0/driver/cpu2/node0/cpu3/node0/memory8/node0/memory18/node0/memory10/node0/memory22/node0/memory7/subsystem/devices/memory25/node0/memory18 HTTP/1.1" 200 3046 "-" "Amazon CloudFront"
64.252.69.197 - - [13/Sep/2026:12:52:58 +0000] "GET /?path=//sys/class/thermal/cooling_device3/device/physical_node/node0/memory28/node0/cpu5/firmware_node/subsystem/devices/PNP0A03:00/physical_node/pci_bus/0000:00/device/0000:00:1e.0/driver/module/drivers/pci:nvme/0000:00:1e.0/subsystem/devices/0000:00:1f.0/nvme/nvme2/nvme2n1/holders/md0/slaves/nvme1n1/holders/md0/slaves/nvme1n1/mq/7 HTTP/1.1" 200 3499 "-" "Amazon CloudFront"
64.252.69.197 - - [13/Sep/2026:12:53:00 +0000] "GET /?fileloc=//sys/class/thermal/cooling_device1/subsystem/cooling_device7/device/subsystem/devices/PNP0A03:00/device:12/subsystem/devices/device:1a/subsystem/devices/PNP0A03:00/device:06/subsystem/devices/device:13/subsystem/devices/LNXCPU:05/physical_node/driver/cpu5/driver/cpu4/driver/cpu0/driver/cpu2/node0/cpu3/node0/memory2/node0/memory7/node0/memory11/subsystem/devices/memory23/node0/memory23/valid_zones&path=//sys/class/thermal/cooling_device1/subsystem/cooling_device7/device/subsystem/devices/PNP0A03:00/device:12/subsystem/devices/device:1a/subsystem/devices/PNP0A03:00/device:06/subsystem/devices/device:13/subsystem/devices/LNXCPU:05/physical_node/driver/cpu5/driver/cpu4/driver/cpu0/driver/cpu2/node0/cpu3/node0/memory2/node0/memory7/node0/memory11/subsystem/devices/memory23/node0/memory23 HTTP/1.1" 200 3007 "-" "Amazon CloudFront"
64.252.67.163 - - [13/Sep/2026:12:53:02 +0000] "GET /?fileloc=//sys/class/thermal/cooling_device1/subsystem/cooling_device7/device/subsystem/devices/PNP0A03:00/device:12/subsystem/devices/device:1a/subsystem/devices/PNP0A03:00/device:06/subsystem/devices/device:13/subsystem/devices/LNXCPU:05/physical_node/driver/cpu5/driver/cpu4/driver/cpu0/driver/cpu2/node0/cpu3/node0/memory8/node0/memory22/node0/cpu4/node0/memory16/valid_zones&path=//sys/class/thermal/cooling_device1/subsystem/cooling_device7/device/subsystem/devices/PNP0A03:00/device:12/subsystem/devices/device:1a/subsystem/devices/PNP0A03:00/device:06/subsystem/devices/device:13/subsystem/devices/LNXCPU:05/physical_node/driver/cpu5/driver/cpu4/driver/cpu0/driver/cpu2/node0/cpu3/node0/memory8/node0/memory22/node0/cpu4/node0/memory16 HTTP/1.1" 200 2979 "-" "Amazon CloudFront"
64.252.69.197 - - [13/Sep/2026:12:53:03 +0000] "GET /products/detail/293871501?fileloc=//usr/include/linux/netfilter/xt_mark.h&path=//usr/include/linux/netfilter HTTP/1.1" 200 2733 "-" "Amazon CloudFront"
64.252.67.163 - - [13/Sep/2026:12:53:05 +0000] "GET /?fileloc=//sys/class/thermal/cooling_device1/subsystem/cooling_device7/device/subsystem/devices/PNP0A03:00/device:12/subsystem/devices/device:1a/subsystem/devices/PNP0A03:00/device:06/subsystem/devices/device:13/subsystem/devices/LNXCPU:05/physical_node/driver/cpu5/driver/cpu4/driver/cpu0/driver/cpu2/node0/cpu3/node0/cpu1/cache/index2/power/control&path=//sys/class/thermal/cooling_device1/subsystem/cooling_device7/device/subsystem/devices/PNP0A03:00/device:12/subsystem/devices/device:1a/subsystem/devices/PNP0A03:00/device:06/subsystem/devices/device:13/subsystem/devices/LNXCPU:05/physical_node/driver/cpu5/driver/cpu4/driver/cpu0/driver/cpu2/node0/cpu3/node0/cpu1/cache/index2/power HTTP/1.1" 200 2963 "-" "Amazon CloudFront"
64.252.69.197 - - [13/Sep/2026:12:53:06 +0000] "GET /products/detail/208628339?path=//sys/bus/node/devices/node0/cpu1/driver/cpu7/driver/cpu2/node0/cpu1/firmware_node/thermal_cooling/device/physical_node/firmware_node/subsystem/devices/LNXSYSTM:00/LNXSYBUS:00/PNP0A03:00/device:06/physical_node/nvme/nvme0/device/nvme/nvme0/nvme0n1/nvme0n1p1/subsystem/nvme1n1/holders/md0/md/rd1/block/holders/md0/md/rd0/block/bdi/power HTTP/1.1" 200 3566 "-" "Amazon CloudFront"
64.252.69.197 - - [13/Sep/2026:12:53:08 +0000] "GET /?path=//sys/class/thermal/cooling_device1/subsystem/cooling_device7/device/subsystem/devices/PNP0A03:00/device:12/subsystem/devices/device:1a/subsystem/devices/PNP0A03:00/device:06/subsystem/devices/device:13/subsystem/devices/LNXCPU:05/physical_node/driver/cpu5/driver/cpu0/driver/cpu2/firmware_node/physical_node/node0/cpu1/node0/cpu4/node0/memory25/node0/memory20/subsystem/devices/memory30/node0/memory3/node0/cpu6/node0/cpu1/firmware_node HTTP/1.1" 200 3781 "-" "Amazon CloudFront"
64.252.69.197 - - [13/Sep/2026:12:53:10 +0000] "GET /products/detail/167571450?fileloc=//proc/22213/root/bin/easy_install-2.7&path=//proc/22213/root/bin HTTP/1.1" 200 2577 "-" "Amazon CloudFront"
64.252.67.163 - - [13/Sep/2026:12:53:10 +0000] "GET /?path=//sys/class/thermal/cooling_device1/subsystem/cooling_device7/device/subsystem/devices/PNP0A03:00/device:12/subsystem/devices/device:1a/subsystem/devices/PNP0A03:00/device:06/subsystem/devices/device:13/subsystem/devices/LNXCPU:05/physical_node/driver/cpu5/driver/cpu0/driver/cpu2/firmware_node/physical_node/node0/memory4/subsystem/devices/memory20/node0/memory21/node0/memory16/node0/memory21/node0/memory9/node0/cpu7/firmware_node HTTP/1.1" 200 3912 "-" "Amazon CloudFront"
64.252.67.163 - - [13/Sep/2026:12:53:13 +0000] "GET /?path=//sys/class/thermal/cooling_device1/subsystem/cooling_device7/device/subsystem/devices/PNP0A03:00/device:12/subsystem/devices/LNXSYBUS:00/LNXCPU:04/subsystem/devices/LNXCPU:05/power HTTP/1.1" 200 3276 "-" "Amazon CloudFront"
64.252.67.36 - - [13/Sep/2026:12:53:14 +0000] "GET /products/detail/167571450?fileloc=//proc/22213/root/tmp/sess_c0a133mc6e8bb96dqlroq37v6d&path=//proc/22213/root/tmp HTTP/1.1" 200 2589 "-" "Amazon CloudFront"
64.252.66.61 - - [13/Sep/2026:12:53:14 +0000] "GET /?path=//sys/class/thermal/cooling_device1/subsystem/cooling_device7/device/subsystem/devices/PNP0A03:00/device:12/subsystem/devices/device:1a/subsystem/devices/PNP0A03:00/device:06/subsystem/devices/device:13/subsystem/devices/LNXCPU:05/physical_node/driver/cpu5/driver/cpu4/node0/memory0/node0/memory15/node0/memory16/node0/memory5/node0/memory18/node0/memory31/node0/memory32/node0/memory3/node0/memory18/node0/memory14/node0/hugepages HTTP/1.1" 200 3443 "-" "Amazon CloudFront"
64.252.67.163 - - [13/Sep/2026:12:53:16 +0000] "GET /?path=//sys/class/thermal/cooling_device1/subsystem/cooling_device7/device/subsystem/devices/PNP0A03:00/device:12/subsystem/devices/device:1a/subsystem/devices/PNP0A03:00/device:06/subsystem/devices/device:13/subsystem/devices/LNXCPU:05/physical_node/driver/cpu5/driver/cpu0/driver/cpu3/driver/cpu5/node0/memory1/node0/memory31/node0/memory27/node0/cpu2/node0/cpu3/node0/memory3/node0/cpu5/node0/memory32 HTTP/1.1" 200 3872 "-" "Amazon CloudFront"
64.252.66.61 - - [13/Sep/2026:12:53:19 +0000] "GET /?path=//sys/bus/memory/devices/memory8/node0/cpu4/node0/cpu2/firmware_node/subsystem/devices/PNP0A03:00/physical_node/0000:00:05.0/net/eth0/device/driver/0000:00:05.0/net/eth0/device/firmware_node/physical_node/subsystem/drivers/nvme/0000:00:1e.0/driver/module/drivers/pci:nvme/0000:00:1f.0/nvme/nvme2/nvme2n1/holders/md0/md/rd0/block/holders/md0/md/dev-nvme2n1/block/mq/1 HTTP/1.1" 200 3552 "-" "Amazon CloudFront"
64.252.67.36 - - [13/Sep/2026:12:53:18 +0000] "GET /?fileloc=//sys/class/thermal/cooling_device1/subsystem/cooling_device7/device/subsystem/devices/PNP0A03:00/device:12/subsystem/devices/device:1a/subsystem/devices/PNP0A03:00/device:06/subsystem/devices/device:13/subsystem/devices/LNXCPU:05/physical_node/driver/cpu5/driver/cpu4/driver/cpu0/driver/cpu2/node0/cpu3/node0/memory8/node0/memory22/node0/cpu4/node0/memory6/node0/memory27/node0/cpu3/cache/index3/physical_line_partition&path=//sys/class/thermal/cooling_device1/subsystem/cooling_device7/device/subsystem/devices/PNP0A03:00/device:12/subsystem/devices/device:1a/subsystem/devices/PNP0A03:00/device:06/subsystem/devices/device:13/subsystem/devices/LNXCPU:05/physical_node/driver/cpu5/driver/cpu4/driver/cpu0/driver/cpu2/node0/cpu3/node0/memory8/node0/memory22/node0/cpu4/node0/memory6/node0/memory27/node0/cpu3/cache/index3 HTTP/1.1" 200 3027 "-" "Amazon CloudFront"
64.252.67.163 - - [13/Sep/2026:12:53:21 +0000] "GET /?path=//sys/class/thermal/cooling_device1/subsystem/cooling_device7/device/subsystem/devices/PNP0A03:00/device:06/physical_node/firmware_node/subsystem/devices/PNP0A03:00/device:02/PNP0501:01/power HTTP/1.1" 200 3292 "-" "Amazon CloudFront"
64.252.69.197 - - [13/Sep/2026:12:53:22 +0000] "GET /products/detail/167571450?path=//proc/22213/root/proc/1267 HTTP/1.1" 200 2625 "-" "Amazon CloudFront"
64.252.67.36 - - [13/Sep/2026:12:53:24 +0000] "GET /?path=//sys/class/thermal/cooling_device1/subsystem/cooling_device7/device/subsystem/devices/PNP0A03:00/device:12/subsystem/devices/LNXSYBUS:00/LNXCPU:04/subsystem/devices/device:16/power HTTP/1.1" 200 3276 "-" "Amazon CloudFront"
64.252.120.98 - - [13/Sep/2026:12:53:25 +0000] "GET /?fileloc=//usr/share/locale/en_NZ/LC_MESSAGES/index.html&path=//usr/share/locale/en_NZ/LC_MESSAGES HTTP/1.1" 200 3377 "-" "Amazon CloudFront"
64.252.67.36 - - [13/Sep/2026:12:53:26 +0000] "GET /products/detail/167571450?path=//proc/22213/root/proc/10 HTTP/1.1" 200 2623 "-" "Amazon CloudFront"
64.252.67.163 - - [13/Sep/2026:12:53:26 +0000] "GET /?path=//sys/class/thermal/cooling_device1/subsystem/cooling_device7/device/subsystem/devices/LNXCPU:06/subsystem/drivers/button/LNXSLPBN:00 HTTP/1.1" 200 3295 "-" "Amazon CloudFront"
64.252.66.61 - - [13/Sep/2026:12:53:27 +0000] "GET /?path=//sys/class/thermal/cooling_device1/subsystem/cooling_device7/device/subsystem/devices/PNP0A03:00/device:12/subsystem/devices/device:1a/subsystem/devices/PNP0A03:00/device:06/subsystem/devices/device:13/subsystem/devices/LNXCPU:05/physical_node/driver/cpu5/driver/cpu0/driver/cpu2/firmware_node/physical_node/node0/cpu1/node0/cpu6/node0/memory26/node0/memory21/node0/memory9/node0/cpu0/node0/subsystem/devices/node0/cpu1/cache/index2 HTTP/1.1" 200 4094 "-" "Amazon CloudFront"
64.252.67.163 - - [13/Sep/2026:12:53:30 +0000] "GET /?fileloc=//var/www/volumes/69b4844ae61d4e92bf26ad98af552775/logs/openlitespeed/access.log.2026_08_20.16&path=//var/www/volumes/69b4844ae61d4e92bf26ad98af552775/logs/openlitespeed HTTP/1.1" 200 657401 "-" "Amazon CloudFront"
64.252.69.197 - - [13/Sep/2026:12:53:32 +0000] "GET /?fileloc=//sys/class/thermal/cooling_device1/subsystem/cooling_device7/device/subsystem/devices/PNP0A03:00/device:12/subsystem/devices/device:1a/subsystem/devices/PNP0A03:00/device:06/subsystem/devices/device:13/subsystem/devices/LNXCPU:05/physical_node/driver/cpu5/driver/cpu4/driver/cpu0/driver/cpu2/node0/cpu3/node0/memory8/node0/memory22/node0/memory12/node0/memory31/subsystem/devices/memory0/node0/memory1/node0/compact&path=//sys/class/thermal/cooling_device1/subsystem/cooling_device7/device/subsystem/devices/PNP0A03:00/device:12/subsystem/devices/device:1a/subsystem/devices/PNP0A03:00/device:06/subsystem/devices/device:13/subsystem/devices/LNXCPU:05/physical_node/driver/cpu5/driver/cpu4/driver/cpu0/driver/cpu2/node0/cpu3/node0/memory8/node0/memory22/node0/memory12/node0/memory31/subsystem/devices/memory0/node0/memory1/node0 HTTP/1.1" 200 2989 "-" "Amazon CloudFront"
64.252.69.197 - - [13/Sep/2026:12:53:34 +0000] "GET /?path=//sys/class/thermal/cooling_device3/device/physical_node/node0/memory28/node0/cpu5/firmware_node/subsystem/devices/PNP0A03:00/physical_node/pci_bus/0000:00/device/0000:00:1f.0/driver/0000:00:1f.0/nvme/nvme2/subsystem/nvme1/nvme1n1/holders/md0/md/dev-nvme2n1/block/holders/md0/md/dev-nvme2n1/block/mq/2 HTTP/1.1" 200 3434 "-" "Amazon CloudFront"
64.252.67.36 - - [13/Sep/2026:12:53:35 +0000] "GET /?fileloc=//sys/dev/block/9:0/queue/read_ahead_kb&path=//sys/dev/block/9:0/queue HTTP/1.1" 200 2585 "-" "Amazon CloudFront"
64.252.67.36 - - [13/Sep/2026:12:53:35 +0000] "GET /?path=//sys/class/thermal/cooling_device1/subsystem/cooling_device7/device/subsystem/devices/PNP0A03:00/device:12/subsystem/devices/device:1a/subsystem/devices/PNP0A03:00/device:06/subsystem/devices/device:13/subsystem/devices/LNXCPU:05/physical_node/driver/cpu5/driver/cpu7/driver/cpu5/driver/cpu5/node0/memory31/node0/memory26/subsystem/devices/memory17/node0/memory12/node0/memory28/node0/memory14/node0/memory25/node0/memory10/node0 HTTP/1.1" 200 3926 "-" "Amazon CloudFront"
64.252.67.36 - - [13/Sep/2026:12:53:37 +0000] "GET /?path=//sys/class/thermal/cooling_device1/subsystem/cooling_device7/device/subsystem/devices/PNP0A03:00/device:12/subsystem/devices/LNXSYBUS:00/LNXCPU:04/subsystem/devices/device:02/PNP0303:00 HTTP/1.1" 200 3412 "-" "Amazon CloudFront"
64.252.67.36 - - [13/Sep/2026:12:53:39 +0000] "GET /products/detail/293871501?fileloc=//usr/share/vim/vim81/doc/version8.txt&path=//usr/share/vim/vim81/doc HTTP/1.1" 200 322522 "-" "Amazon CloudFront"
64.252.69.197 - - [13/Sep/2026:12:53:40 +0000] "GET /?path=//sys/class/thermal/cooling_device1/subsystem/cooling_device6/subsystem/cooling_device7/subsystem/cooling_device6/device/physical_node/node0/memory14/node0/memory21/power HTTP/1.1" 200 3243 "-" "Amazon CloudFront"
64.252.67.163 - - [13/Sep/2026:12:53:42 +0000] "GET /?path=//sys/class/thermal/cooling_device3/device/physical_node/node0/memory28/node0/cpu5/firmware_node/subsystem/devices/PNP0A03:00/physical_node/pci_bus/0000:00/device/0000:00:04.0/driver/0000:00:04.0/driver/0000:00:1e.0/nvme/nvme1/nvme1n1/holders/md0/slaves/nvme2n1/holders/md0/md/rd0/block/subsystem/nvme1n1/integrity HTTP/1.1" 200 3587 "-" "Amazon CloudFront"
64.252.67.36 - - [13/Sep/2026:12:53:43 +0000] "GET /?path=//sys/class/thermal/cooling_device1/subsystem/cooling_device7/device/subsystem/devices/PNP0A03:00/device:12/subsystem/devices/device:1a/subsystem/devices/PNP0A03:00/device:06/subsystem/devices/device:13/subsystem/devices/LNXCPU:05/physical_node/driver/cpu5/driver/cpu0/driver/cpu2/firmware_node/physical_node/node0/memory4/subsystem/devices/memory20/node0/cpu6/driver/cpu7/node0/memory23/node0/memory3/node0/memory9/node0/memory24 HTTP/1.1" 200 3922 "-" "Amazon CloudFront"
64.252.67.36 - - [13/Sep/2026:12:53:45 +0000] "GET /?path=//sys/class/thermal/cooling_device1/subsystem/cooling_device7/device/subsystem/devices/PNP0A03:00/device:12/subsystem/devices/device:1a/subsystem/devices/PNP0A03:00/device:06/subsystem/devices/device:13/subsystem/devices/LNXCPU:05/physical_node/driver/cpu5/driver/cpu0/driver/cpu2/firmware_node/physical_node/node0/cpu1/node0/cpu0/driver/cpu2/node0/memory12/subsystem/devices/memory20/subsystem/devices/memory29/node0/memory27/node0/memory13/subsystem/devices HTTP/1.1" 200 3132 "-" "Amazon CloudFront"
64.252.69.197 - - [13/Sep/2026:12:53:46 +0000] "GET /products/detail/293871501?fileloc=//usr/share/vim/vim81/syntax/plsql.vim&path=//usr/share/vim/vim81/syntax HTTP/1.1" 200 6968 "-" "Amazon CloudFront"
64.252.66.61 - - [13/Sep/2026:12:53:48 +0000] "GET /?path=//sys/class/thermal/cooling_device1/subsystem/cooling_device6/subsystem/cooling_device7/subsystem/cooling_device6/device/physical_node/node0/cpu3/node0/cpu0 HTTP/1.1" 200 3440 "-" "Amazon CloudFront"
64.252.66.61 - - [13/Sep/2026:12:53:51 +0000] "GET /?path=//sys/class/thermal/cooling_device3/device/physical_node/node0/memory28/node0/cpu5/firmware_node/subsystem/devices/PNP0A03:00/physical_node/pci_bus/0000:00/device/0000:00:1e.0/driver/module/drivers/pci:nvme/0000:00:1e.0/subsystem/drivers/nvme/0000:00:04.0/driver/0000:00:1f.0/nvme/nvme2/nvme2n1/holders/md0/slaves HTTP/1.1" 200 3297 "-" "Amazon CloudFront"
64.252.67.163 - - [13/Sep/2026:12:53:51 +0000] "GET /?path=//sys/class/thermal/cooling_device1/subsystem/cooling_device7/device/subsystem/devices/PNP0A03:00/device:12/subsystem/devices/device:1a/subsystem/devices/PNP0A03:00/device:06/subsystem/devices/device:13/subsystem/devices/LNXCPU:05/physical_node/driver/cpu5/driver/cpu0/driver/cpu2/firmware_node/physical_node/node0/memory4/subsystem/devices/memory20/node0/cpu6/driver/cpu7/node0/memory23/node0/memory3/node0/memory9/node0/memory3 HTTP/1.1" 200 3916 "-" "Amazon CloudFront"
64.252.67.163 - - [13/Sep/2026:12:53:53 +0000] "GET /?fileloc=//sys/dev/block/9:0/queue/max_segments&path=//sys/dev/block/9:0/queue HTTP/1.1" 200 2584 "-" "Amazon CloudFront"
64.252.66.61 - - [13/Sep/2026:12:53:54 +0000] "GET /?path=//sys/class/thermal/cooling_device3/device/physical_node/node0/memory28/node0/cpu5/firmware_node/subsystem/devices/PNP0A03:00/physical_node/pci_bus/0000:00/device/0000:00:1e.0/driver/module/drivers/pci:nvme/module/drivers/pci:nvme/0000:00:1e.0/driver/0000:00:04.0/nvme/nvme0/nvme0n1/nvme0n1p1/subsystem/md0/md/dev-nvme2n1/block HTTP/1.1" 200 4423 "-" "Amazon CloudFront"
64.252.67.36 - - [13/Sep/2026:12:53:56 +0000] "GET /?path=//sys/class/thermal/cooling_device1/subsystem/cooling_device7/device/subsystem/devices/PNP0A03:00/device:12/subsystem/devices/LNXSYBUS:00/LNXCPU:04/subsystem/devices/LNXCPU:03/power HTTP/1.1" 200 3277 "-" "Amazon CloudFront"
64.252.66.61 - - [13/Sep/2026:12:53:58 +0000] "GET /?path=//var/www/volumes/69b4844ae61d4e92bf26ad98af552775/wordpress/wp-content/uploads/2017/11 HTTP/1.1" 200 5195 "-" "Amazon CloudFront"
64.252.118.206 - - [13/Sep/2026:12:53:58 +0000] "GET /?fileloc=//usr/share/locale/alt/LC_MESSAGES/index.html&path=//usr/share/locale/alt/LC_MESSAGES HTTP/1.1" 200 3372 "-" "Amazon CloudFront"
64.252.67.36 - - [13/Sep/2026:12:53:59 +0000] "GET /?path=//sys/class/thermal/cooling_device1/subsystem/cooling_device6/subsystem/cooling_device7/subsystem/cooling_device6/device/physical_node/node0/memory20/node0/memory28/power HTTP/1.1" 200 3240 "-" "Amazon CloudFront"
64.252.69.197 - - [13/Sep/2026:12:54:02 +0000] "GET /?path=//sys/class/thermal/cooling_device1/subsystem/cooling_device7/device/subsystem/devices/PNP0A03:00/device:12/subsystem/devices/device:1a/subsystem/devices/PNP0A03:00/device:06/subsystem/devices/device:13/subsystem/devices/LNXCPU:05/physical_node/driver/cpu5/driver/cpu4/driver/cpu2/node0/memory0/node0/cpu3/node0/memory22/subsystem/devices/memory21/node0/memory13/node0/memory3 HTTP/1.1" 200 3816 "-" "Amazon CloudFront"
64.252.69.197 - - [13/Sep/2026:12:54:02 +0000] "GET /?fileloc=//var/www/volumes/69b4844ae61d4e92bf26ad98af552775/logs/openlitespeed/access.log.2026_08_12.12&path=//var/www/volumes/69b4844ae61d4e92bf26ad98af552775/logs/openlitespeed HTTP/1.1" 200 2607 "-" "Amazon CloudFront"
64.252.69.197 - - [13/Sep/2026:12:54:04 +0000] "GET /?fileloc=//sys/class/thermal/cooling_device1/subsystem/cooling_device6/subsystem/cooling_device7/subsystem/cooling_device6/device/physical_node/node0/memory27/node0/memory23/node0/cpulist&path=//sys/class/thermal/cooling_device1/subsystem/cooling_device6/subsystem/cooling_device7/subsystem/cooling_device6/device/physical_node/node0/memory27/node0/memory23/node0 HTTP/1.1" 200 2691 "-" "Amazon CloudFront"
64.252.66.61 - - [13/Sep/2026:12:54:04 +0000] "GET /?fileloc=//sys/class/thermal/cooling_device1/subsystem/cooling_device7/device/subsystem/devices/device:21/subsystem/devices/LNXCPU:01/physical_node/node0/memory30/online&path=//sys/class/thermal/cooling_device1/subsystem/cooling_device7/device/subsystem/devices/device:21/subsystem/devices/LNXCPU:01/physical_node/node0/memory30 HTTP/1.1" 200 2702 "-" "Amazon CloudFront"
64.252.67.36 - - [13/Sep/2026:12:54:06 +0000] "GET /products/detail/293871501?fileloc=//usr/share/vim/vim81/syntax/cl.vim&path=//usr/share/vim/vim81/syntax HTTP/1.1" 200 4396 "-" "Amazon CloudFront"
64.252.67.163 - - [13/Sep/2026:12:54:07 +0000] "GET /?fileloc=//sys/class/thermal/cooling_device1/subsystem/cooling_device6/subsystem/cooling_device7/subsystem/cooling_device6/device/physical_node/node0/memory27/node0/memory23/node0/memory13/removable&path=//sys/class/thermal/cooling_device1/subsystem/cooling_device6/subsystem/cooling_device7/subsystem/cooling_device6/device/physical_node/node0/memory27/node0/memory23/node0/memory13 HTTP/1.1" 200 2698 "-" "Amazon CloudFront"
64.252.66.61 - - [13/Sep/2026:12:54:10 +0000] "GET /?fileloc=//sys/class/thermal/cooling_device1/subsystem/cooling_device6/subsystem/cooling_device7/subsystem/cooling_device6/device/physical_node/node0/memory27/node0/memory31/removable&path=//sys/class/thermal/cooling_device1/subsystem/cooling_device6/subsystem/cooling_device7/subsystem/cooling_device6/device/physical_node/node0/memory27/node0/memory31 HTTP/1.1" 200 2688 "-" "Amazon CloudFront"
64.252.67.163 - - [13/Sep/2026:12:54:10 +0000] "GET /products/detail/167571450?fileloc=//proc/3263/net/rpc/nfsd.fh/flush&path=//proc/3263/net/rpc/nfsd.fh HTTP/1.1" 200 2580 "-" "Amazon CloudFront"
64.252.66.61 - - [13/Sep/2026:12:54:12 +0000] "GET /?fileloc=//sys/class/thermal/cooling_device1/subsystem/cooling_device6/subsystem/cooling_device7/subsystem/cooling_device6/device/physical_node/node0/memory23/node0/memory18/node0/memory28/phys_device&path=//sys/class/thermal/cooling_device1/subsystem/cooling_device6/subsystem/cooling_device7/subsystem/cooling_device6/device/physical_node/node0/memory23/node0/memory18/node0/memory28 HTTP/1.1" 200 2698 "-" "Amazon CloudFront"
64.252.66.61 - - [13/Sep/2026:12:54:13 +0000] "GET /?fileloc=//sys/class/thermal/cooling_device1/subsystem/cooling_device7/device/subsystem/devices/PNP0A03:00/device:12/subsystem/devices/device:1a/subsystem/devices/PNP0A03:00/device:06/subsystem/devices/device:13/subsystem/devices/LNXCPU:05/physical_node/driver/cpu5/driver/cpu4/node0/cpu1/node0/memory1/node0/memory3/node0/memory25/node0/memory29/node0/memory4/node0/memory8/node0/memory7/node0/memory32/node0/cpu4/power/control&path=//sys/class/thermal/cooling_device1/subsystem/cooling_device7/device/subsystem/devices/PNP0A03:00/device:12/subsystem/devices/device:1a/subsystem/devices/PNP0A03:00/device:06/subsystem/devices/device:13/subsystem/devices/LNXCPU:05/physical_node/driver/cpu5/driver/cpu4/node0/cpu1/node0/memory1/node0/memory3/node0/memory25/node0/memory29/node0/memory4/node0/memory8/node0/memory7/node0/memory32/node0/cpu4/power HTTP/1.1" 200 3038 "-" "Amazon CloudFront"
64.252.67.163 - - [13/Sep/2026:12:54:14 +0000] "GET /products/detail/167571450?fileloc=//proc/22213/root/run/awslogs.pid&path=//proc/22213/root/run HTTP/1.1" 200 2573 "-" "Amazon CloudFront"
64.252.67.36 - - [13/Sep/2026:12:54:15 +0000] "GET /?fileloc=//sys/class/thermal/cooling_device1/subsystem/cooling_device6/subsystem/cooling_device7/subsystem/cooling_device6/device/physical_node/node0/memory23/node0/memory18/node0/memory23/phys_device&path=//sys/class/thermal/cooling_device1/subsystem/cooling_device6/subsystem/cooling_device7/subsystem/cooling_device6/device/physical_node/node0/memory23/node0/memory18/node0/memory23 HTTP/1.1" 200 2694 "-" "Amazon CloudFront"
64.252.66.61 - - [13/Sep/2026:12:54:17 +0000] "GET /?path=//sys/class/thermal/cooling_device1/subsystem/cooling_device7/device/subsystem/devices/PNP0A03:00/device:12/subsystem/devices/device:1a/subsystem/devices/PNP0A03:00/device:06/subsystem/devices/device:13/subsystem/devices/LNXCPU:05/physical_node/driver/cpu5/driver/cpu4/node0/cpu1/node0/memory24/node0/cpu0/node0/memory13/subsystem/devices/memory12/node0/memory1/node0/memory32/subsystem/devices/memory7/node0/memory19/node0 HTTP/1.1" 200 5589 "-" "Amazon CloudFront"
64.252.67.163 - - [13/Sep/2026:12:54:18 +0000] "GET /?fileloc=//sys/class/thermal/cooling_device1/subsystem/cooling_device7/device/physical_node/firmware_node/subsystem/devices/LNXCPU:01/physical_node/node0/memory28/node0/memory32/phys_device&path=//sys/class/thermal/cooling_device1/subsystem/cooling_device7/device/physical_node/firmware_node/subsystem/devices/LNXCPU:01/physical_node/node0/memory28/node0/memory32 HTTP/1.1" 200 2718 "-" "Amazon CloudFront"
64.252.66.61 - - [13/Sep/2026:12:54:20 +0000] "GET /products/detail/167571450?fileloc=//proc/22213/root/tmp/sess_k8cbftlkjoucrijqadp044v2no&path=//proc/22213/root/tmp HTTP/1.1" 200 2590 "-" "Amazon CloudFront"
64.252.67.36 - - [13/Sep/2026:12:54:20 +0000] "GET /?fileloc=//sys/class/thermal/cooling_device1/subsystem/cooling_device6/subsystem/cooling_device7/subsystem/cooling_device6/device/physical_node/node0/memory31/node0/memory8/phys_index&path=//sys/class/thermal/cooling_device1/subsystem/cooling_device6/subsystem/cooling_device7/subsystem/cooling_device6/device/physical_node/node0/memory31/node0/memory8 HTTP/1.1" 200 2688 "-" "Amazon CloudFront"
64.252.69.197 - - [13/Sep/2026:12:54:22 +0000] "GET /products/detail/167571450?fileloc=//proc/22213/root/lib64/libitm.so.1.0.0&path=//proc/22213/root/lib64 HTTP/1.1" 200 2576 "-" "Amazon CloudFront"
64.252.69.197 - - [13/Sep/2026:12:54:23 +0000] "GET /?fileloc=//sys/class/thermal/cooling_device1/subsystem/cooling_device6/subsystem/cooling_device7/subsystem/cooling_device6/device/physical_node/node0/memory23/node0/memory6/power/runtime_status&path=//sys/class/thermal/cooling_device1/subsystem/cooling_device6/subsystem/cooling_device7/subsystem/cooling_device6/device/physical_node/node0/memory23/node0/memory6/power HTTP/1.1" 200 2709 "-" "Amazon CloudFront"
64.252.66.61 - - [13/Sep/2026:12:54:26 +0000] "GET /?fileloc=//sys/class/thermal/cooling_device1/subsystem/cooling_device6/subsystem/cooling_device7/subsystem/cooling_device6/device/physical_node/node0/memory31/node0/memory8/uevent&path=//sys/class/thermal/cooling_device1/subsystem/cooling_device6/subsystem/cooling_device7/subsystem/cooling_device6/device/physical_node/node0/memory31/node0/memory8 HTTP/1.1" 200 2684 "-" "Amazon CloudFront"
64.252.67.36 - - [13/Sep/2026:12:54:26 +0000] "GET /?fileloc=//var/www/volumes/69b4844ae61d4e92bf26ad98af552775/logs/openlitespeed/access.log.2026_08_25&path=//var/www/volumes/69b4844ae61d4e92bf26ad98af552775/logs/openlitespeed HTTP/1.1" 200 716846 "-" "Amazon CloudFront"
64.252.66.61 - - [13/Sep/2026:12:54:29 +0000] "GET /?fileloc=//sys/class/thermal/cooling_device1/subsystem/cooling_device7/device/subsystem/devices/PNP0A03:00/device:12/subsystem/devices/device:1a/subsystem/devices/PNP0A03:00/device:06/subsystem/devices/device:13/subsystem/devices/LNXCPU:05/physical_node/driver/cpu5/driver/cpu4/node0/cpu1/node0/memory1/node0/memory3/node0/memory25/node0/cpu3/node0/memory17/node0/cpu7/driver/cpu4/firmware_node/physical_node/node0/cpu2/topology/physical_package_id&path=//sys/class/thermal/cooling_device1/subsystem/cooling_device7/device/subsystem/devices/PNP0A03:00/device:12/subsystem/devices/device:1a/subsystem/devices/PNP0A03:00/device:06/subsystem/devices/device:13/subsystem/devices/LNXCPU:05/physical_node/driver/cpu5/driver/cpu4/node0/cpu1/node0/memory1/node0/memory3/node0/memory25/node0/cpu3/node0/memory17/node0/cpu7/driver/cpu4/firmware_node/physical_node/node0/cpu2/topology HTTP/1.1" 200 3051 "-" "Amazon CloudFront"
64.252.67.163 - - [13/Sep/2026:12:54:30 +0000] "GET /products/detail/167571450?fileloc=//proc/22213/root/usr/lib64/libmenuw.so.6.0&path=//proc/22213/root/usr/lib64 HTTP/1.1" 200 2584 "-" "Amazon CloudFront"
64.252.67.36 - - [13/Sep/2026:12:54:31 +0000] "GET /?fileloc=//sys/class/thermal/cooling_device1/subsystem/cooling_device6/subsystem/cooling_device7/subsystem/cooling_device6/device/physical_node/node0/memory11/node0/memory31/node0/memory23/online&path=//sys/class/thermal/cooling_device1/subsystem/cooling_device6/subsystem/cooling_device7/subsystem/cooling_device6/device/physical_node/node0/memory11/node0/memory31/node0/memory23 HTTP/1.1" 200 2699 "-" "Amazon CloudFront"
64.252.67.163 - - [13/Sep/2026:12:54:34 +0000] "GET /?fileloc=//sys/class/thermal/cooling_device1/subsystem/cooling_device7/device/subsystem/devices/PNP0A03:00/device:12/subsystem/devices/device:1a/subsystem/devices/PNP0A03:00/device:06/subsystem/devices/device:13/subsystem/devices/LNXCPU:05/physical_node/driver/cpu5/driver/cpu4/node0/memory15/node0/memory10/node0/cpu3/node0/memory25/node0/cpu0/node0/cpu2/driver/cpu1/driver/cpu5/cache/uevent&path=//sys/class/thermal/cooling_device1/subsystem/cooling_device7/device/subsystem/devices/PNP0A03:00/device:12/subsystem/devices/device:1a/subsystem/devices/PNP0A03:00/device:06/subsystem/devices/device:13/subsystem/devices/LNXCPU:05/physical_node/driver/cpu5/driver/cpu4/node0/memory15/node0/memory10/node0/cpu3/node0/memory25/node0/cpu0/node0/cpu2/driver/cpu1/driver/cpu5/cache HTTP/1.1" 200 2997 "-" "Amazon CloudFront"
64.252.67.36 - - [13/Sep/2026:12:54:36 +0000] "GET /products/detail/167571450?fileloc=//proc/22213/root/tmp/sess_1gn6onuve5uk05d6bj2hnperm3&path=//proc/22213/root/tmp HTTP/1.1" 200 2589 "-" "Amazon CloudFront"
64.252.67.163 - - [13/Sep/2026:12:54:37 +0000] "GET /?fileloc=//sys/class/thermal/cooling_device1/subsystem/cooling_device7/device/subsystem/devices/PNP0A03:00/device:12/subsystem/devices/device:1a/subsystem/devices/PNP0A03:00/device:06/subsystem/devices/device:1a/subsystem/devices/LNXCPU:06/physical_node/firmware_node/physical_node/node0/memory10/node0/memory23/node0/memory21/node0/memory26/node0/memory27/node0/memory2/node0/memory21/node0/memory27/node0/cpu1/node0/memory17/node0/cpu3/cache/index2/type&path=//sys/class/thermal/cooling_device1/subsystem/cooling_device7/device/subsystem/devices/PNP0A03:00/device:12/subsystem/devices/device:1a/subsystem/devices/PNP0A03:00/device:06/subsystem/devices/device:1a/subsystem/devices/LNXCPU:06/physical_node/firmware_node/physical_node/node0/memory10/node0/memory23/node0/memory21/node0/memory26/node0/memory27/node0/memory2/node0/memory21/node0/memory27/node0/cpu1/node0/memory17/node0/cpu3/cache/index2 HTTP/1.1" 200 3047 "-" "Amazon CloudFront"
64.252.67.36 - - [13/Sep/2026:12:54:39 +0000] "GET /products/detail/167571450?fileloc=//proc/22213/root/bin/hibinit-agent&path=//proc/22213/root/bin HTTP/1.1" 200 2574 "-" "Amazon CloudFront"
64.252.66.61 - - [13/Sep/2026:12:54:39 +0000] "GET /?fileloc=//sys/class/thermal/cooling_device1/subsystem/cooling_device7/device/physical_node/firmware_node/subsystem/devices/PNP0303:00/physical_node/driver/00:01/driver/00:01/options&path=//sys/class/thermal/cooling_device1/subsystem/cooling_device7/device/physical_node/firmware_node/subsystem/devices/PNP0303:00/physical_node/driver/00:01/driver/00:01 HTTP/1.1" 200 2709 "-" "Amazon CloudFront"
64.252.69.197 - - [13/Sep/2026:12:54:42 +0000] "GET /?fileloc=//sys/class/thermal/cooling_device1/subsystem/cooling_device7/device/subsystem/devices/PNP0A03:00/device:12/subsystem/devices/device:1a/subsystem/devices/PNP0A03:00/device:06/subsystem/devices/device:13/subsystem/devices/LNXCPU:05/physical_node/driver/cpu5/driver/cpu4/node0/memory0/node0/memory15/node0/memory16/node0/memory5/node0/memory18/node0/memory31/node0/cpu5/node0/memory3/node0/memory8/node0/memory5/uevent&path=//sys/class/thermal/cooling_device1/subsystem/cooling_device7/device/subsystem/devices/PNP0A03:00/device:12/subsystem/devices/device:1a/subsystem/devices/PNP0A03:00/device:06/subsystem/devices/device:13/subsystem/devices/LNXCPU:05/physical_node/driver/cpu5/driver/cpu4/node0/memory0/node0/memory15/node0/memory16/node0/memory5/node0/memory18/node0/memory31/node0/cpu5/node0/memory3/node0/memory8/node0/memory5 HTTP/1.1" 200 3009 "-" "Amazon CloudFront"
64.252.66.61 - - [13/Sep/2026:12:54:42 +0000] "GET /products/detail/167571450?fileloc=//proc/22213/root/usr/lib64/libdrm_nouveau.so.2&path=//proc/22213/root/usr/lib64 HTTP/1.1" 200 2587 "-" "Amazon CloudFront"
64.252.67.163 - - [13/Sep/2026:12:54:45 +0000] "GET /?fileloc=//sys/class/thermal/cooling_device1/subsystem/cooling_device7/device/subsystem/devices/PNP0A03:00/device:12/subsystem/devices/device:1a/subsystem/devices/PNP0A03:00/device:06/subsystem/devices/device:13/subsystem/devices/LNXCPU:05/physical_node/driver/cpu5/driver/cpu4/node0/cpu1/node0/memory1/node0/memory3/node0/memory25/node0/memory29/node0/cpu3/subsystem/devices/cpu2/node0/memory11/node0/memory21/power/runtime_suspended_time&path=//sys/class/thermal/cooling_device1/subsystem/cooling_device7/device/subsystem/devices/PNP0A03:00/device:12/subsystem/devices/device:1a/subsystem/devices/PNP0A03:00/device:06/subsystem/devices/device:13/subsystem/devices/LNXCPU:05/physical_node/driver/cpu5/driver/cpu4/node0/cpu1/node0/memory1/node0/memory3/node0/memory25/node0/memory29/node0/cpu3/subsystem/devices/cpu2/node0/memory11/node0/memory21/power HTTP/1.1" 200 3039 "-" "Amazon CloudFront"
64.252.66.61 - - [13/Sep/2026:12:54:46 +0000] "GET /products/detail/293871501?fileloc=//usr/lib/python2.7/site-packages/awscli/help.py&path=//usr/lib/python2.7/site-packages/awscli HTTP/1.1" 200 6535 "-" "Amazon CloudFront"
64.252.67.36 - - [13/Sep/2026:12:54:47 +0000] "GET /?path=//sys/class/thermal/cooling_device1/subsystem/cooling_device6/subsystem/cooling_device7/subsystem/cooling_device6/device/physical_node/node0/memory2/node0/cpu1/node0/subsystem HTTP/1.1" 200 3249 "-" "Amazon CloudFront"
64.252.67.163 - - [13/Sep/2026:12:54:49 +0000] "GET /?path=//sys/class/thermal/cooling_device1/subsystem/cooling_device7/device/physical_node/firmware_node/subsystem/devices/LNXCPU:01/physical_node/firmware_node/power HTTP/1.1" 200 3240 "-" "Amazon CloudFront"
64.252.67.36 - - [13/Sep/2026:12:54:50 +0000] "GET /?fileloc=//sys/class/thermal/cooling_device1/subsystem/cooling_device7/device/subsystem/devices/PNP0A03:00/device:12/subsystem/devices/device:1a/subsystem/devices/PNP0A03:00/device:06/subsystem/devices/device:1a/subsystem/devices/LNXCPU:06/physical_node/firmware_node/physical_node/driver/cpu4/node0/memory23/node0/cpu3/node0/memory17/subsystem/devices/memory22/node0/memory31/node0/memory30/subsystem/devices/memory17/node0/memory14/node0/memory3/node0/memory18/uevent&path=//sys/class/thermal/cooling_device1/subsystem/cooling_device7/device/subsystem/devices/PNP0A03:00/device:12/subsystem/devices/device:1a/subsystem/devices/PNP0A03:00/device:06/subsystem/devices/device:1a/subsystem/devices/LNXCPU:06/physical_node/firmware_node/physical_node/driver/cpu4/node0/memory23/node0/cpu3/node0/memory17/subsystem/devices/memory22/node0/memory31/node0/memory30/subsystem/devices/memory17/node0/memory14/node0/memory3/node0/memory18 HTTP/1.1" 200 3050 "-" "Amazon CloudFront"
64.252.69.197 - - [13/Sep/2026:12:54:50 +0000] "GET /?path=//sys/class/thermal/cooling_device3/device/physical_node/node0/memory28/node0/cpu5/firmware_node/subsystem/devices/PNP0A03:00/physical_node/pci_bus/0000:00/device/0000:00:1f.0/driver/module/drivers/pci:nvme/0000:00:04.0/driver/0000:00:04.0/nvme/nvme0/nvme0n1/nvme0n1p1/subsystem/nvme2n1/holders/md0/md/dev-nvme1n1/block/trace HTTP/1.1" 200 3526 "-" "Amazon CloudFront"
64.252.66.61 - - [13/Sep/2026:12:54:53 +0000] "GET /?fileloc=//sys/class/thermal/cooling_device1/subsystem/cooling_device7/device/subsystem/devices/PNP0A03:00/device:12/subsystem/devices/device:1a/subsystem/devices/PNP0A03:00/device:06/subsystem/devices/device:13/subsystem/devices/LNXCPU:05/physical_node/driver/cpu5/driver/cpu4/node0/memory15/node0/memory5/subsystem/devices/memory28/node0/memory10/node0/memory28/node0/cpu5/driver/cpu3/node0/cpu3/node0/memory20/online&path=//sys/class/thermal/cooling_device1/subsystem/cooling_device7/device/subsystem/devices/PNP0A03:00/device:12/subsystem/devices/device:1a/subsystem/devices/PNP0A03:00/device:06/subsystem/devices/device:13/subsystem/devices/LNXCPU:05/physical_node/driver/cpu5/driver/cpu4/node0/memory15/node0/memory5/subsystem/devices/memory28/node0/memory10/node0/memory28/node0/cpu5/driver/cpu3/node0/cpu3/node0/memory20 HTTP/1.1" 200 2998 "-" "Amazon CloudFront"
64.252.67.163 - - [13/Sep/2026:12:54:54 +0000] "GET /products/detail/167571450?fileloc=//proc/22213/root/tmp/sess_6r0smdkrk5coq5hl8ddhsm91n0&path=//proc/22213/root/tmp HTTP/1.1" 200 2589 "-" "Amazon CloudFront"
64.252.72.233 - - [13/Sep/2026:12:54:54 +0000] "GET /prizes/64789329?path=/var/www/volumes/ba62cb32c368459098ca6f26c2ca3bd1 HTTP/1.1" 200 2642 "-" "Amazon CloudFront"
64.252.67.163 - - [13/Sep/2026:12:54:56 +0000] "GET /?fileloc=//sys/class/thermal/cooling_device1/subsystem/cooling_device7/device/subsystem/devices/PNP0A03:00/device:12/subsystem/devices/device:1a/subsystem/devices/PNP0A03:00/device:06/subsystem/devices/device:13/subsystem/devices/LNXCPU:05/physical_node/driver/cpu5/driver/cpu7/firmware_node/physical_node/node0/memory3/subsystem/devices/memory7/node0/memory1/node0/memory21/node0/memory19/node0/memory23/subsystem/devices/memory32/node0/cpu5/node0/memory22/uevent&path=//sys/class/thermal/cooling_device1/subsystem/cooling_device7/device/subsystem/devices/PNP0A03:00/device:12/subsystem/devices/device:1a/subsystem/devices/PNP0A03:00/device:06/subsystem/devices/device:13/subsystem/devices/LNXCPU:05/physical_node/driver/cpu5/driver/cpu7/firmware_node/physical_node/node0/memory3/subsystem/devices/memory7/node0/memory1/node0/memory21/node0/memory19/node0/memory23/subsystem/devices/memory32/node0/cpu5/node0/memory22 HTTP/1.1" 200 3058 "-" "Amazon CloudFront"
64.252.69.197 - - [13/Sep/2026:12:54:58 +0000] "GET /?path=//sys/class/thermal/cooling_device1/subsystem/cooling_device6/subsystem/cooling_device7/subsystem/cooling_device6/device/physical_node/node0/memory27/node0/memory23/node0/subsystem HTTP/1.1" 200 3251 "-" "Amazon CloudFront"
64.252.67.36 - - [13/Sep/2026:12:54:59 +0000] "GET /?fileloc=//sys/class/thermal/cooling_device1/subsystem/cooling_device7/device/subsystem/devices/PNP0A03:00/device:12/subsystem/devices/device:1a/subsystem/devices/PNP0A03:00/device:06/subsystem/devices/device:13/subsystem/devices/LNXCPU:05/physical_node/driver/cpu5/driver/cpu4/node0/memory31/node0/memory8/subsystem/devices/memory19/node0/memory10/node0/memory25/node0/memory7/node0/memory28/node0/memory12/node0/memory30/node0/cpu6/firmware_node/uevent&path=//sys/class/thermal/cooling_device1/subsystem/cooling_device7/device/subsystem/devices/PNP0A03:00/device:12/subsystem/devices/device:1a/subsystem/devices/PNP0A03:00/device:06/subsystem/devices/device:13/subsystem/devices/LNXCPU:05/physical_node/driver/cpu5/driver/cpu4/node0/memory31/node0/memory8/subsystem/devices/memory19/node0/memory10/node0/memory25/node0/memory7/node0/memory28/node0/memory12/node0/memory30/node0/cpu6/firmware_node HTTP/1.1" 200 3087 "-" "Amazon CloudFront"
64.252.67.163 - - [13/Sep/2026:12:54:59 +0000] "GET /?path=//sys/class/thermal/cooling_device3/device/physical_node/node0/memory28/node0/cpu5/firmware_node/subsystem/devices/PNP0A03:00/physical_node/pci_bus/0000:00/device/0000:00:1f.0/driver/module/drivers/pci:nvme/0000:00:04.0/driver/0000:00:04.0/nvme/nvme0/nvme0n1/nvme0n1p1/subsystem/md0/md/dev-nvme1n1/block/holders/md0/queue HTTP/1.1" 200 4911 "-" "Amazon CloudFront"
