64.252.75.236 - - [27/Aug/2026:22:28:16 +0000] "GET /assets/vendor/glightbox/css/glightbox.min.css?path=%2F%2Fsys%2Fdev%2Fchar%2F4%3A46%2Fsubsystem%2Ftty33%2Fsubsystem%2Ftty47%2Fsubsystem%2Ftty36 HTTP/1.1" 200 3094 "-" "Amazon CloudFront"
64.252.74.195 - - [27/Aug/2026:22:28:16 +0000] "GET /assets/vendor/glightbox/css/glightbox.min.css?path=%2F%2Fsys%2Fdev%2Fchar%2F4%3A1%2Fsubsystem%2Ftty40%2Fsubsystem%2Ftty32%2Fsubsystem%2Ftty49 HTTP/1.1" 200 3093 "-" "Amazon CloudFront"
64.252.74.195 - - [27/Aug/2026:22:28:16 +0000] "GET /assets/vendor/glightbox/css/glightbox.min.css?path=%2F%2Fsys%2Fdev%2Fchar%2F4%3A46%2Fsubsystem%2Ftty49%2Fsubsystem%2Ftty38%2Fsubsystem%2Ftty48%2Fsubsystem HTTP/1.1" 200 4806 "-" "Amazon CloudFront"
64.252.75.236 - - [27/Aug/2026:22:28:16 +0000] "GET /assets/vendor/glightbox/css/glightbox.min.css?path=%2F%2Fsys%2Fdev%2Fchar%2F4%3A1%2Fsubsystem%2Ftty40%2Fsubsystem%2Ftty41%2Fsubsystem%2Ftty25 HTTP/1.1" 200 3094 "-" "Amazon CloudFront"
64.252.75.204 - - [27/Aug/2026:22:28:16 +0000] "GET /assets/vendor/glightbox/css/glightbox.min.css?path=%2F%2Fsys%2Fdev%2Fchar%2F4%3A1%2Fsubsystem%2Ftty41%2Fsubsystem%2Ftty59%2Fsubsystem%2Ftty47 HTTP/1.1" 200 3089 "-" "Amazon CloudFront"
64.252.75.236 - - [27/Aug/2026:22:28:17 +0000] "GET /assets/vendor/glightbox/css/glightbox.min.css?path=%2F%2Fsys%2Fdev%2Fchar%2F4%3A1%2Fsubsystem%2Ftty40%2Fsubsystem%2Ftty7%2Fsubsystem%2Ftty37 HTTP/1.1" 200 3096 "-" "Amazon CloudFront"
64.252.75.204 - - [27/Aug/2026:22:28:17 +0000] "GET /cdn-cgi/l/email-protection?path=%2F%2Fsys%2Fclass%2Ftty%2Ftty0%2Fsubsystem HTTP/1.1" 200 4530 "-" "Amazon CloudFront"
64.252.67.164 - - [27/Aug/2026:22:28:17 +0000] "GET /?path=//sys/bus/node/devices/node0/memory2/node0/cpu7/driver/cpu1/firmware_node/subsystem/devices/PNP0A03:00/physical_node/0000:00:04.0/firmware_node/physical_node/nvme/nvme0/device/nvme/nvme0/nvme0n1/nvme0n1p128/subsystem/md0/md/rd0/block/holders/md0/md/rd1/block/device/nvme2n1/mq/7/cpu7 HTTP/1.1" 200 2985 "-" "Amazon CloudFront"
64.252.74.195 - - [27/Aug/2026:22:28:17 +0000] "GET /assets/vendor/glightbox/css/glightbox.min.css?path=%2F%2Fsys%2Fdev%2Fchar%2F5%3A1%2Fsubsystem%2Ftty35%2Fsubsystem%2Ftty56%2Fsubsystem%2Ftty4 HTTP/1.1" 200 3096 "-" "Amazon CloudFront"
64.252.75.204 - - [27/Aug/2026:22:28:17 +0000] "GET /assets/vendor/glightbox/css/glightbox.min.css?path=%2F%2Fsys%2Fclass%2Ftty%2Ftty63%2Fsubsystem%2Ftty3%2Fsubsystem%2Ftty13%2Fsubsystem HTTP/1.1" 200 4775 "-" "Amazon CloudFront"
64.252.74.195 - - [27/Aug/2026:22:28:17 +0000] "GET /assets/vendor/glightbox/css/glightbox.min.css?path=%2F%2Fsys%2Fdev%2Fchar%2F4%3A1%2Fsubsystem%2Ftty35%2Fsubsystem%2Ftty57%2Fsubsystem%2Ftty48%2Fsubsystem HTTP/1.1" 200 4808 "-" "Amazon CloudFront"
64.252.75.204 - - [27/Aug/2026:22:28:17 +0000] "GET /assets/vendor/glightbox/css/glightbox.min.css?path=%2F%2Fsys%2Fdev%2Fchar%2F4%3A1%2Fsubsystem%2Ftty40%2Fsubsystem%2Ftty40%2Fsubsystem%2Ftty47 HTTP/1.1" 200 3086 "-" "Amazon CloudFront"
64.252.74.195 - - [27/Aug/2026:22:28:17 +0000] "GET /assets/css/main.css?path=%2F%2Fproc%2Fself%2Froot%2Fusr%2Fshare%2Flocale%2Fnog%2FLC_MESSAGES HTTP/1.1" 200 2944 "-" "Amazon CloudFront"
64.252.75.236 - - [27/Aug/2026:22:28:17 +0000] "GET /assets/vendor/bootstrap/js/bootstrap.bundle.min.js?fileloc=%2F%2Fusr%2Finclude%2Fnet%2Fif_shaper.h&path=%2F%2Fusr%2Finclude%2Fnet HTTP/1.1" 200 3402 "-" "Amazon CloudFront"
64.252.74.195 - - [27/Aug/2026:22:28:17 +0000] "GET /assets/vendor/glightbox/css/glightbox.min.css?path=%2F%2Fsys%2Fdev%2Fchar%2F4%3A1%2Fsubsystem%2Ftty33%2Fsubsystem%2Ftty44%2Fsubsystem%2Ftty34 HTTP/1.1" 200 3092 "-" "Amazon CloudFront"
64.252.74.195 - - [27/Aug/2026:22:28:17 +0000] "GET /assets/vendor/glightbox/css/glightbox.min.css?path=%2F%2Fsys%2Fdev%2Fchar%2F5%3A1%2Fsubsystem%2Ftty3%2Fsubsystem%2Ftty59%2Fsubsystem%2Ftty47 HTTP/1.1" 200 3098 "-" "Amazon CloudFront"
64.252.74.195 - - [27/Aug/2026:22:28:17 +0000] "GET /assets/vendor/glightbox/css/glightbox.min.css?path=%2F%2Fsys%2Fdev%2Fchar%2F4%3A1%2Fsubsystem%2Ftty35%2Fsubsystem%2Ftty8%2Fsubsystem%2FttyS0 HTTP/1.1" 200 3697 "-" "Amazon CloudFront"
64.252.75.204 - - [27/Aug/2026:22:28:18 +0000] "GET /assets/vendor/glightbox/css/glightbox.min.css?path=%2F%2Fsys%2Fdev%2Fchar%2F4%3A1%2Fsubsystem%2Ftty48%2Fsubsystem%2Ftty26%2Fsubsystem%2Ftty3 HTTP/1.1" 200 3097 "-" "Amazon CloudFront"
64.252.75.204 - - [27/Aug/2026:22:28:18 +0000] "GET /assets/vendor/glightbox/css/glightbox.min.css?path=%2F%2Fsys%2Fdev%2Fchar%2F4%3A1%2Fsubsystem%2Ftty37%2Fsubsystem%2Ftty15%2Fsubsystem%2FttyS2 HTTP/1.1" 200 3647 "-" "Amazon CloudFront"
64.252.75.204 - - [27/Aug/2026:22:28:18 +0000] "GET /assets/vendor/glightbox/css/glightbox.min.css?fileloc=%2F%2Fusr%2Fshare%2Fdoc%2Frecode-3.6%2FTHANKS&path=%2F%2Fusr%2Fshare%2Fdoc%2Frecode-3.6 HTTP/1.1" 200 2576 "-" "Amazon CloudFront"
64.252.74.195 - - [27/Aug/2026:22:28:18 +0000] "GET /assets/vendor/glightbox/css/glightbox.min.css?path=%2F%2Fsys%2Fdev%2Fchar%2F4%3A1%2Fsubsystem%2Ftty35%2Fsubsystem%2Ftty41%2Fsubsystem%2Ftty17 HTTP/1.1" 200 3096 "-" "Amazon CloudFront"
64.252.74.195 - - [27/Aug/2026:22:28:18 +0000] "GET /assets/vendor/glightbox/css/glightbox.min.css?path=%2F%2Fsys%2Fdev%2Fchar%2F4%3A1%2Fsubsystem%2Ftty28%2Fsubsystem%2Ftty5%2Fsubsystem%2Ftty43 HTTP/1.1" 200 3097 "-" "Amazon CloudFront"
64.252.75.236 - - [27/Aug/2026:22:28:18 +0000] "GET /assets/css/main.css?fileloc=%2F%2Fsys%2Fclass%2Ftty%2Ftty46%2Fsubsystem%2Ftty14%2Fsubsystem%2Ftty49%2Fdev&path=%2F%2Fsys%2Fclass%2Ftty%2Ftty46%2Fsubsystem%2Ftty14%2Fsubsystem%2Ftty49 HTTP/1.1" 200 2603 "-" "Amazon CloudFront"
64.252.75.204 - - [27/Aug/2026:22:28:18 +0000] "GET /assets/vendor/glightbox/css/glightbox.min.css?path=%2F%2Fsys%2Fdev%2Fchar%2F4%3A21%2Fsubsystem%2Ftty46%2Fsubsystem%2Ftty36 HTTP/1.1" 200 3075 "-" "Amazon CloudFront"
64.252.75.236 - - [27/Aug/2026:22:28:18 +0000] "GET /index.html?fileloc=%2F%2Fproc%2Fself%2Froot%2Fbin%2Ftroff&path=%2F%2Fproc%2Fself%2Froot%2Fbin HTTP/1.1" 200 2568 "-" "Amazon CloudFront"
64.252.75.236 - - [27/Aug/2026:22:28:18 +0000] "GET /assets/vendor/glightbox/css/glightbox.min.css?path=%2F%2Fsys%2Fdev%2Fchar%2F4%3A1%2Fsubsystem%2Ftty37%2Fsubsystem%2Ftty29%2Fsubsystem%2Ftty5 HTTP/1.1" 200 3098 "-" "Amazon CloudFront"
64.252.75.236 - - [27/Aug/2026:22:28:18 +0000] "GET /assets/vendor/glightbox/css/glightbox.min.css?path=%2F%2Fsys%2Fdev%2Fchar%2F4%3A1%2Fsubsystem%2Ftty63%2Fsubsystem%2Ftty5%2Fsubsystem%2Ftty17 HTTP/1.1" 200 3098 "-" "Amazon CloudFront"
64.252.74.195 - - [27/Aug/2026:22:28:19 +0000] "GET /assets/vendor/glightbox/css/glightbox.min.css?path=%2F%2Fsys%2Fdev%2Fchar%2F4%3A1%2Fsubsystem%2Ftty29%2Fsubsystem%2Ftty37%2Fsubsystem%2Ftty5 HTTP/1.1" 200 3097 "-" "Amazon CloudFront"
64.252.75.236 - - [27/Aug/2026:22:28:19 +0000] "GET /assets/css/main.css?path=%2F%2Fproc%2F17903%2Froot%2Fproc%2F22%2Fnet%2Fnfsfs HTTP/1.1" 200 2642 "-" "Amazon CloudFront"
64.252.74.195 - - [27/Aug/2026:22:28:19 +0000] "GET /assets/vendor/glightbox/css/glightbox.min.css?path=%2F%2Fsys%2Fdev%2Fchar%2F4%3A1%2Fsubsystem%2FttyS1%2Fsubsystem%2Ftty55%2Fsubsystem%2Ftty3 HTTP/1.1" 200 3097 "-" "Amazon CloudFront"
64.252.75.236 - - [27/Aug/2026:22:28:19 +0000] "GET /assets/vendor/glightbox/css/glightbox.min.css?path=%2F%2Fsys%2Fdev%2Fchar%2F5%3A1%2Fsubsystem%2Ftty31%2Fsubsystem%2Ftty5%2Fsubsystem%2Ftty5 HTTP/1.1" 200 3087 "-" "Amazon CloudFront"
64.252.76.137 - - [27/Aug/2026:22:28:19 +0000] "GET /assets/vendor/glightbox/css/glightbox.min.css?path=%2F%2Fsys%2Fdev%2Fchar%2F4%3A46%2Fsubsystem%2Ftty35%2Fsubsystem%2Ftty46%2Fsubsystem%2Ftty20 HTTP/1.1" 200 3094 "-" "Amazon CloudFront"
64.252.75.236 - - [27/Aug/2026:22:28:19 +0000] "GET /assets/vendor/glightbox/css/glightbox.min.css?path=%2F%2Fsys%2Fdev%2Fchar%2F4%3A21%2Fsubsystem%2Ftty6%2Fsubsystem%2FttyS3 HTTP/1.1" 200 3623 "-" "Amazon CloudFront"
64.252.75.204 - - [27/Aug/2026:22:28:19 +0000] "GET /assets/vendor/glightbox/css/glightbox.min.css?path=%2F%2Fsys%2Fdev%2Fchar%2F4%3A1%2Fsubsystem%2Ftty28%2Fsubsystem%2Ftty6%2Fsubsystem%2Ftty22 HTTP/1.1" 200 3095 "-" "Amazon CloudFront"
64.252.75.204 - - [27/Aug/2026:22:28:19 +0000] "GET /assets/css/modal.css?fileloc=%2F%2Fusr%2Fshare%2Fmime%2Fapplication%2Fvnd.oasis.opendocument.spreadsheet-template.xml&path=%2F%2Fusr%2Fshare%2Fmime%2Fapplication HTTP/1.1" 200 3492 "-" "Amazon CloudFront"
64.252.74.195 - - [27/Aug/2026:22:28:19 +0000] "GET /assets/js/main.js?fileloc=%2F%2Fusr%2Fshare%2Fdoc%2Fgit-2.23.1%2FRelNotes%2F2.9.1.txt&path=%2F%2Fusr%2Fshare%2Fdoc%2Fgit-2.23.1%2FRelNotes HTTP/1.1" 200 5015 "-" "Amazon CloudFront"
64.252.75.204 - - [27/Aug/2026:22:28:19 +0000] "GET /assets/css/main.css?path=%2F%2Fsys%2Fclass%2Fblock%2Fnvme1n1%2Fsubsystem%2Fnvme2n1 HTTP/1.1" 200 3785 "-" "Amazon CloudFront"
64.252.74.195 - - [27/Aug/2026:22:28:19 +0000] "GET /assets/vendor/glightbox/css/glightbox.min.css?path=%2F%2Fsys%2Fdev%2Fchar%2F5%3A1%2Fsubsystem%2Ftty14%2Fsubsystem%2Ftty4%2Fsubsystem%2Ftty45 HTTP/1.1" 200 3095 "-" "Amazon CloudFront"
64.252.74.195 - - [27/Aug/2026:22:28:19 +0000] "GET /assets/vendor/glightbox/css/glightbox.min.css?path=%2F%2Fsys%2Fdev%2Fchar%2F4%3A1%2Fsubsystem%2Ftty9%2Fsubsystem%2Ftty0%2Fsubsystem%2FttyS0 HTTP/1.1" 200 3690 "-" "Amazon CloudFront"
64.252.75.236 - - [27/Aug/2026:22:28:20 +0000] "GET /assets/vendor/glightbox/css/glightbox.min.css?path=%2F%2Fsys%2Fdev%2Fchar%2F4%3A46%2Fsubsystem%2Ftty63%2Fsubsystem%2FttyS0%2Fsubsystem%2Ftty45 HTTP/1.1" 200 3096 "-" "Amazon CloudFront"
64.252.74.195 - - [27/Aug/2026:22:28:20 +0000] "GET /assets/vendor/glightbox/css/glightbox.min.css?path=%2F%2Fsys%2Fdev%2Fchar%2F5%3A1%2Fsubsystem%2Ftty3%2Fsubsystem%2FttyS0%2Fsubsystem%2Ftty53 HTTP/1.1" 200 3096 "-" "Amazon CloudFront"
64.252.74.195 - - [27/Aug/2026:22:28:20 +0000] "GET /assets/vendor/glightbox/css/glightbox.min.css?path=%2F%2Fsys%2Fdev%2Fchar%2F4%3A1%2Fsubsystem%2Ftty1%2Fsubsystem%2Ftty47%2Fsubsystem%2Ftty22 HTTP/1.1" 200 3097 "-" "Amazon CloudFront"
64.252.75.236 - - [27/Aug/2026:22:28:20 +0000] "GET /assets/css/modal.css?path=%2F%2Fsys%2Fdevices%2Fpci0000%3A00%2Ffirmware_node%2Fdevice%3A0b%2Fsubsystem%2Fdevices HTTP/1.1" 200 4657 "-" "Amazon CloudFront"
64.252.74.195 - - [27/Aug/2026:22:28:20 +0000] "GET /assets/vendor/glightbox/css/glightbox.min.css?path=%2F%2Fsys%2Fdev%2Fchar%2F5%3A1%2Fsubsystem%2Ftty8%2Fsubsystem%2Ftty41%2Fsubsystem%2Ftty57 HTTP/1.1" 200 3098 "-" "Amazon CloudFront"
64.252.74.195 - - [27/Aug/2026:22:28:20 +0000] "GET /assets/vendor/glightbox/css/glightbox.min.css?path=%2F%2Fsys%2Fdev%2Fchar%2F4%3A1%2Fsubsystem%2Ftty41%2Fsubsystem%2FttyS0%2Fsubsystem%2Ftty53 HTTP/1.1" 200 3094 "-" "Amazon CloudFront"
64.252.75.204 - - [27/Aug/2026:22:28:20 +0000] "GET /assets/css/modal.css?path=%2F%2Fproc%2Fself%2Froot%2Fusr%2Fshare%2Flocale%2Fmag%2FLC_MESSAGES HTTP/1.1" 200 2944 "-" "Amazon CloudFront"
64.252.75.204 - - [27/Aug/2026:22:28:20 +0000] "GET /assets/vendor/glightbox/css/glightbox.min.css?path=%2F%2Fsys%2Fdev%2Fchar%2F4%3A1%2Fsubsystem%2Ftty6%2Fsubsystem%2Ftty28%2Fsubsystem%2Ftty22 HTTP/1.1" 200 3095 "-" "Amazon CloudFront"
64.252.75.204 - - [27/Aug/2026:22:28:20 +0000] "GET /assets/vendor/glightbox/css/glightbox.min.css?path=%2F%2Fsys%2Fdev%2Fchar%2F4%3A1%2Fsubsystem%2Ftty9%2Fsubsystem%2FttyS0%2Fsubsystem%2Ftty0 HTTP/1.1" 200 3134 "-" "Amazon CloudFront"
64.252.75.204 - - [27/Aug/2026:22:28:20 +0000] "GET /assets/vendor/bootstrap-icons/bootstrap-icons.css?fileloc=%2F%2Fusr%2Flib64%2Fpython3.7%2Flib2to3%2Fpatcomp.py&path=%2F%2Fusr%2Flib64%2Fpython3.7%2Flib2to3 HTTP/1.1" 200 4725 "-" "Amazon CloudFront"
64.252.75.204 - - [27/Aug/2026:22:28:21 +0000] "GET /assets/vendor/bootstrap/js/bootstrap.bundle.min.js?fileloc=%2F%2Flib%2Fpython2.7%2Fsite-packages%2Fbabel%2Flocaledata%2Fsa.dat&path=%2F%2Flib%2Fpython2.7%2Fsite-packages%2Fbabel%2Flocaledata HTTP/1.1" 200 2592 "-" "Amazon CloudFront"
64.252.74.195 - - [27/Aug/2026:22:28:21 +0000] "GET /assets/vendor/bootstrap-icons/bootstrap-icons.css?fileloc=%2F%2Fusr%2Flib%2Fpython2.7%2Fsite-packages%2Fcfnbootstrap%2Fservice_tools.pyo&path=%2F%2Fusr%2Flib%2Fpython2.7%2Fsite-packages%2Fcfnbootstrap HTTP/1.1" 200 2605 "-" "Amazon CloudFront"
64.252.74.195 - - [27/Aug/2026:22:28:21 +0000] "GET /assets/vendor/glightbox/css/glightbox.min.css?path=%2F%2Fsys%2Fdev%2Fchar%2F4%3A1%2Fsubsystem%2Ftty48%2Fsubsystem%2Ftty8%2Fsubsystem%2Ftty47 HTTP/1.1" 200 3095 "-" "Amazon CloudFront"
64.252.75.236 - - [27/Aug/2026:22:28:21 +0000] "GET /assets/css/modal.css?fileloc=%2F%2Fsys%2Fmodule%2Fnfsd%2Ftaint&path=%2F%2Fsys%2Fmodule%2Fnfsd HTTP/1.1" 200 2561 "-" "Amazon CloudFront"
64.252.75.204 - - [27/Aug/2026:22:28:21 +0000] "GET /assets/vendor/glightbox/css/glightbox.min.css?path=%2F%2Fsys%2Fdev%2Fchar%2F4%3A39%2Fsubsystem%2Ftty46%2Fsubsystem%2Ftty43%2Fsubsystem%2Ftty38 HTTP/1.1" 200 3094 "-" "Amazon CloudFront"
64.252.75.204 - - [27/Aug/2026:22:28:21 +0000] "GET /assets/vendor/glightbox/css/glightbox.min.css?path=%2F%2Fsys%2Fdev%2Fchar%2F4%3A46%2Fsubsystem%2Ftty28%2Fsubsystem%2Ftty1%2Fsubsystem%2Ftty55 HTTP/1.1" 200 3094 "-" "Amazon CloudFront"
64.252.75.236 - - [27/Aug/2026:22:28:21 +0000] "GET /assets/vendor/glightbox/css/glightbox.min.css?path=%2F%2Fsys%2Fdev%2Fchar%2F4%3A1%2Fsubsystem%2Ftty63%2Fsubsystem%2Ftty0%2Fsubsystem%2Ftty4%2Fsubsystem%2Ftty8 HTTP/1.1" 200 3106 "-" "Amazon CloudFront"
64.252.75.236 - - [27/Aug/2026:22:28:21 +0000] "GET /assets/vendor/glightbox/css/glightbox.min.css?fileloc=%2F%2Fsys%2Fdev%2Fchar%2F10%3A231%2Fsubsystem%2Fmemory_bandwidth%2Fsubsystem%2Fnetwork_throughput%2Fuevent&path=%2F%2Fsys%2Fdev%2Fchar%2F10%3A231%2Fsubsystem%2Fmemory_bandwidth%2Fsubsystem%2Fnetwork_throughput HTTP/1.1" 200 2656 "-" "Amazon CloudFront"
64.252.75.204 - - [27/Aug/2026:22:28:21 +0000] "GET /assets/vendor/glightbox/css/glightbox.min.css?fileloc=%2F%2Fsys%2Fkernel%2Fslab%2Ffiles_cache%2Fshrink&path=%2F%2Fsys%2Fkernel%2Fslab%2Ffiles_cache HTTP/1.1" 200 2573 "-" "Amazon CloudFront"
64.252.75.236 - - [27/Aug/2026:22:28:21 +0000] "GET /assets/vendor/glightbox/css/glightbox.min.css?path=%2F%2Fsys%2Fdev%2Fchar%2F5%3A1%2Fsubsystem%2Ftty32%2Fsubsystem%2Ftty8%2Fsubsystem%2Ftty49 HTTP/1.1" 200 3097 "-" "Amazon CloudFront"
64.252.75.204 - - [27/Aug/2026:22:28:21 +0000] "GET /assets/vendor/glightbox/css/glightbox.min.css?path=%2F%2Fsys%2Fclass%2Ftty%2Ftty8%2Fsubsystem%2Ftty3%2Fsubsystem%2Ftty23 HTTP/1.1" 200 3070 "-" "Amazon CloudFront"
64.252.75.236 - - [27/Aug/2026:22:28:21 +0000] "GET /assets/vendor/glightbox/css/glightbox.min.css?path=%2F%2Fsys%2Fdev%2Fchar%2F4%3A1%2Fsubsystem%2Ftty52%2Fsubsystem%2Ftty60%2Fsubsystem%2Ftty45 HTTP/1.1" 200 3094 "-" "Amazon CloudFront"
64.252.75.204 - - [27/Aug/2026:22:28:22 +0000] "GET /assets/css/modal.css?fileloc=%2F%2Fproc%2Fself%2Froot%2Fusr%2Fshare%2Fzoneinfo%2FIsrael&path=%2F%2Fproc%2Fself%2Froot%2Fusr%2Fshare%2Fzoneinfo HTTP/1.1" 200 2593 "-" "Amazon CloudFront"
64.252.74.195 - - [27/Aug/2026:22:28:22 +0000] "GET /assets/vendor/bootstrap-icons/bootstrap-icons.css?path=%2F%2Flib%2Fpython3.6%2Fsite-packages%2Fbotocore%2Fdata%2Fmediapackage HTTP/1.1" 200 2908 "-" "Amazon CloudFront"
64.252.67.164 - - [27/Aug/2026:22:28:22 +0000] "GET /?path=//sys/class/thermal/cooling_device3/device/physical_node/node0/memory29/node0/cpu4/driver/cpu2/driver/cpu1/firmware_node/subsystem/devices/device:10/subsystem/devices/LNXSYSTM:00/LNXSYBUS:00/PNP0A03:00/device:20/physical_node/nvme/nvme1/nvme1n1/holders/md0/slaves/nvme2n1/holders/md0/md/rd0/block/queue HTTP/1.1" 200 4815 "-" "Amazon CloudFront"
64.252.75.236 - - [27/Aug/2026:22:28:22 +0000] "GET /assets/vendor/glightbox/css/glightbox.min.css?path=%2F%2Fsys%2Fdev%2Fchar%2F5%3A1%2Fsubsystem%2Ftty8%2Fsubsystem%2Ftty32%2Fsubsystem%2Ftty49 HTTP/1.1" 200 3097 "-" "Amazon CloudFront"
64.252.75.236 - - [27/Aug/2026:22:28:23 +0000] "GET /assets/vendor/glightbox/css/glightbox.min.css?path=%2F%2Fsys%2Fdev%2Fchar%2F5%3A1%2Fsubsystem%2Ftty62%2Fsubsystem%2Ftty36%2Fsubsystem%2Ftty4 HTTP/1.1" 200 3097 "-" "Amazon CloudFront"
64.252.75.236 - - [27/Aug/2026:22:28:23 +0000] "GET /assets/vendor/glightbox/css/glightbox.min.css?path=%2F%2Fsys%2Fdev%2Fchar%2F4%3A41%2Fsubsystem%2Ftty38%2Fsubsystem%2Fptmx HTTP/1.1" 200 3076 "-" "Amazon CloudFront"
64.252.74.195 - - [27/Aug/2026:22:28:23 +0000] "GET /assets/vendor/glightbox/css/glightbox.min.css?path=%2F%2Fsys%2Fdev%2Fchar%2F4%3A46%2Fsubsystem%2Ftty49%2Fsubsystem%2Ftty41%2Fsubsystem%2Ftty25 HTTP/1.1" 200 3094 "-" "Amazon CloudFront"
64.252.75.236 - - [27/Aug/2026:22:28:24 +0000] "GET /assets/vendor/glightbox/css/glightbox.min.css?path=%2F%2Fsys%2Fdev%2Fchar%2F4%3A46%2Fsubsystem%2Ftty35%2Fsubsystem%2FttyS3%2Fsubsystem%2Ftty29 HTTP/1.1" 200 3096 "-" "Amazon CloudFront"
64.252.75.204 - - [27/Aug/2026:22:28:24 +0000] "GET /assets/vendor/glightbox/css/glightbox.min.css?path=%2F%2Fsys%2Fdev%2Fchar%2F4%3A46%2Fsubsystem%2Ftty32%2Fsubsystem%2Ftty17%2Fsubsystem%2Ftty45 HTTP/1.1" 200 3096 "-" "Amazon CloudFront"
64.252.68.74 - - [27/Aug/2026:22:28:25 +0000] "GET /?path=//sys/bus/node/devices/node0/memory2/node0/cpu7/driver/cpu1/firmware_node/subsystem/devices/PNP0A03:00/physical_node/0000:00:04.0/firmware_node/physical_node/nvme/nvme0/device/driver/0000:00:1f.0/nvme/nvme2/subsystem/nvme2/nvme2n1/holders/md0/md/rd1/block/holders/md0/md/rd1/block/device/nvme2n1/queue HTTP/1.1" 200 4796 "-" "Amazon CloudFront"
64.252.75.204 - - [27/Aug/2026:22:28:25 +0000] "GET /assets/css/modal.css?fileloc=%2F%2Fusr%2Fshare%2Fmime%2Fapplication%2Fx-sqlite3.xml&path=%2F%2Fusr%2Fshare%2Fmime%2Fapplication HTTP/1.1" 200 3527 "-" "Amazon CloudFront"
64.252.75.204 - - [27/Aug/2026:22:28:25 +0000] "GET /assets/css/modal.css?fileloc=%2F%2Fproc%2Fself%2Froot%2Fsys%2Fdevices%2Fsystem%2Fcpu%2Fcpu3%2Fdriver%2Fcpu0%2Fpower%2Fautosuspend_delay_ms&path=%2F%2Fproc%2Fself%2Froot%2Fsys%2Fdevices%2Fsystem%2Fcpu%2Fcpu3%2Fdriver%2Fcpu0%2Fpower HTTP/1.1" 200 2645 "-" "Amazon CloudFront"
64.252.75.204 - - [27/Aug/2026:22:28:26 +0000] "GET /assets/vendor/glightbox/css/glightbox.min.css?path=%2F%2Fsys%2Fclass%2Ftty%2Ftty0%2Fsubsystem%2Ftty61%2Fsubsystem%2FttyS2 HTTP/1.1" 200 3636 "-" "Amazon CloudFront"
64.252.75.236 - - [27/Aug/2026:22:28:26 +0000] "GET /assets/vendor/glightbox/css/glightbox.min.css?path=%2F%2Fsys%2Fclass%2Ftty%2Ftty0%2Fsubsystem%2Ftty30%2Fsubsystem%2Ftty0 HTTP/1.1" 200 3110 "-" "Amazon CloudFront"
64.252.75.236 - - [27/Aug/2026:22:28:26 +0000] "GET /assets/css/main.css?fileloc=%2F%2Fproc%2Fself%2Froot%2Fproc%2F52%2Fnet%2Fdev_mcast&path=%2F%2Fproc%2Fself%2Froot%2Fproc%2F52%2Fnet HTTP/1.1" 200 2621 "-" "Amazon CloudFront"
64.252.75.204 - - [27/Aug/2026:22:28:26 +0000] "GET /assets/vendor/glightbox/css/glightbox.min.css?path=%2F%2Fsys%2Fdev%2Fchar%2F4%3A1%2Fsubsystem%2Ftty48%2Fsubsystem%2Ftty57%2Fsubsystem%2Ftty7 HTTP/1.1" 200 3096 "-" "Amazon CloudFront"
64.252.75.236 - - [27/Aug/2026:22:28:27 +0000] "GET /assets/vendor/glightbox/css/glightbox.min.css?path=%2F%2Fsys%2Fdev%2Fchar%2F4%3A1%2Fsubsystem%2Ftty9%2Fsubsystem%2Ftty1%2Fsubsystem%2Ftty38 HTTP/1.1" 200 3094 "-" "Amazon CloudFront"
64.252.75.204 - - [27/Aug/2026:22:28:27 +0000] "GET /assets/vendor/glightbox/css/glightbox.min.css?path=%2F%2Fsys%2Fdev%2Fchar%2F4%3A46%2Fsubsystem%2FttyS3%2Fsubsystem%2Ftty7%2Fsubsystem%2Ftty50 HTTP/1.1" 200 3094 "-" "Amazon CloudFront"
64.252.75.204 - - [27/Aug/2026:22:28:27 +0000] "GET /assets/vendor/glightbox/css/glightbox.min.css?path=%2F%2Fsys%2Fdev%2Fchar%2F5%3A1%2Fsubsystem%2Ftty33%2Fsubsystem%2Ftty56%2Fsubsystem%2Ftty8 HTTP/1.1" 200 3097 "-" "Amazon CloudFront"
64.252.74.195 - - [27/Aug/2026:22:28:28 +0000] "GET /assets/vendor/glightbox/css/glightbox.min.css?path=%2F%2Fsys%2Fdev%2Fchar%2F4%3A46%2Fsubsystem%2Ftty45%2Fsubsystem%2Ftty7%2Fsubsystem%2Ftty26 HTTP/1.1" 200 3094 "-" "Amazon CloudFront"
64.252.75.204 - - [27/Aug/2026:22:28:28 +0000] "GET /assets/vendor/glightbox/css/glightbox.min.css?path=%2F%2Fsys%2Fdev%2Fchar%2F4%3A46%2Fsubsystem%2Ftty28%2Fsubsystem%2Ftty33%2Fsubsystem%2FttyS0 HTTP/1.1" 200 3690 "-" "Amazon CloudFront"
64.252.75.236 - - [27/Aug/2026:22:28:28 +0000] "GET /assets/vendor/glightbox/css/glightbox.min.css?path=%2F%2Fsys%2Fdev%2Fchar%2F4%3A46%2Fsubsystem%2FttyS3%2Fsubsystem%2Ftty35%2Fsubsystem%2Ftty29 HTTP/1.1" 200 3095 "-" "Amazon CloudFront"
64.252.75.236 - - [27/Aug/2026:22:28:28 +0000] "GET /assets/vendor/glightbox/css/glightbox.min.css?path=%2F%2Fsys%2Fclass%2Ftty%2Ftty41%2Fsubsystem%2Ftty29%2Fsubsystem%2Ftty8 HTTP/1.1" 200 3073 "-" "Amazon CloudFront"
64.252.74.195 - - [27/Aug/2026:22:28:28 +0000] "GET /assets/vendor/glightbox/css/glightbox.min.css?path=%2F%2Fsys%2Fdev%2Fchar%2F4%3A46%2Fsubsystem%2Ftty40%2Fsubsystem%2Ftty49%2Fsubsystem%2Ftty47 HTTP/1.1" 200 3092 "-" "Amazon CloudFront"
64.252.74.195 - - [27/Aug/2026:22:28:29 +0000] "GET /assets/vendor/glightbox/css/glightbox.min.css?path=%2F%2Fsys%2Fdev%2Fchar%2F4%3A46%2Fsubsystem%2Ftty7%2Fsubsystem%2FttyS3%2Fsubsystem%2Ftty50 HTTP/1.1" 200 3095 "-" "Amazon CloudFront"
64.252.75.204 - - [27/Aug/2026:22:28:29 +0000] "GET /assets/vendor/glightbox/css/glightbox.min.css?fileloc=%2F%2Fproc%2Fthread-self%2Froot%2Fproc%2Fself%2Fcwd%2Fwp-includes%2Fcapabilities.php&path=%2F%2Fproc%2Fthread-self%2Froot%2Fproc%2Fself%2Fcwd%2Fwp-includes HTTP/1.1" 200 8297 "-" "Amazon CloudFront"
64.252.75.204 - - [27/Aug/2026:22:28:29 +0000] "GET /assets/css/main.css?fileloc=%2F%2Fsys%2Fclass%2Ftty%2Ftty7%2Fsubsystem%2Ftty19%2Fsubsystem%2Ftty55%2Fdev&path=%2F%2Fsys%2Fclass%2Ftty%2Ftty7%2Fsubsystem%2Ftty19%2Fsubsystem%2Ftty55 HTTP/1.1" 200 2603 "-" "Amazon CloudFront"
64.252.68.74 - - [27/Aug/2026:22:28:29 +0000] "GET /?path=//sys/class/thermal/cooling_device3/device/physical_node/node0/memory28/node0/cpu5/firmware_node/subsystem/devices/PNP0A03:00/physical_node/pci_bus/0000:00/device/0000:00:03.0/subsystem/drivers/ena/0000:00:05.0/firmware_node HTTP/1.1" 200 3470 "-" "Amazon CloudFront"
64.252.75.236 - - [27/Aug/2026:22:28:29 +0000] "GET /assets/css/modal.css?fileloc=%2F%2Fproc%2Fself%2Froot%2Fsys%2Fdevices%2Fsystem%2Fcpu%2Fcpu0%2Fdriver%2Fcpu3%2Fpower%2Fautosuspend_delay_ms&path=%2F%2Fproc%2Fself%2Froot%2Fsys%2Fdevices%2Fsystem%2Fcpu%2Fcpu0%2Fdriver%2Fcpu3%2Fpower HTTP/1.1" 200 2645 "-" "Amazon CloudFront"
64.252.74.195 - - [27/Aug/2026:22:28:29 +0000] "GET /assets/vendor/glightbox/css/glightbox.min.css?path=%2F%2Fsys%2Fdev%2Fchar%2F4%3A46%2Fsubsystem%2Ftty63%2Fsubsystem%2Ftty16%2Fsubsystem%2Ftty40 HTTP/1.1" 200 3097 "-" "Amazon CloudFront"
64.252.74.195 - - [27/Aug/2026:22:28:30 +0000] "GET /assets/vendor/glightbox/css/glightbox.min.css?path=%2F%2Fsys%2Fdev%2Fchar%2F5%3A1%2Fsubsystem%2Ftty35%2Fsubsystem%2Ftty43%2Fsubsystem%2Ftty63 HTTP/1.1" 200 3093 "-" "Amazon CloudFront"
64.252.75.204 - - [27/Aug/2026:22:28:30 +0000] "GET /assets/js/main.js?fileloc=%2F%2Fproc%2Fthread-self%2Froot%2Fbin%2Fdbus-send&path=%2F%2Fproc%2Fthread-self%2Froot%2Fbin HTTP/1.1" 200 2574 "-" "Amazon CloudFront"
64.252.74.195 - - [27/Aug/2026:22:28:30 +0000] "GET /assets/vendor/glightbox/css/glightbox.min.css?path=%2F%2Fsys%2Fdev%2Fchar%2F4%3A46%2Fsubsystem%2Ftty63%2Fsubsystem%2Ftty62%2Fsubsystem%2Ftty35 HTTP/1.1" 200 3093 "-" "Amazon CloudFront"
64.252.74.195 - - [27/Aug/2026:22:28:30 +0000] "GET /assets/vendor/glightbox/css/glightbox.min.css?path=%2F%2Fsys%2Fdev%2Fchar%2F4%3A1%2Fsubsystem%2Ftty44%2Fsubsystem%2Ftty19%2Fsubsystem%2Ftty45 HTTP/1.1" 200 3093 "-" "Amazon CloudFront"
64.252.74.195 - - [27/Aug/2026:22:28:30 +0000] "GET /assets/vendor/glightbox/css/glightbox.min.css?path=%2F%2Fsys%2Fdev%2Fchar%2F4%3A46%2Fsubsystem%2Ftty49%2Fsubsystem%2Ftty7%2Fsubsystem%2Ftty37 HTTP/1.1" 200 3092 "-" "Amazon CloudFront"
64.252.75.204 - - [27/Aug/2026:22:28:30 +0000] "GET /assets/vendor/glightbox/css/glightbox.min.css?path=%2F%2Fsys%2Fdev%2Fchar%2F5%3A1%2Fsubsystem%2Ftty0%2Fsubsystem%2Ftty5%2Fsubsystem%2Ftty42 HTTP/1.1" 200 3093 "-" "Amazon CloudFront"
64.252.74.195 - - [27/Aug/2026:22:28:30 +0000] "GET /assets/vendor/glightbox/css/glightbox.min.css?path=%2F%2Fsys%2Fdev%2Fchar%2F5%3A1%2Fsubsystem%2Ftty35%2Fsubsystem%2Ftty8%2Fsubsystem%2Ftty50 HTTP/1.1" 200 3098 "-" "Amazon CloudFront"
64.252.75.236 - - [27/Aug/2026:22:28:31 +0000] "GET /assets/vendor/glightbox/css/glightbox.min.css?path=%2F%2Fsys%2Fdev%2Fchar%2F4%3A1%2Fsubsystem%2Ftty63%2Fsubsystem%2Ftty7%2Fsubsystem%2Ftty18 HTTP/1.1" 200 3097 "-" "Amazon CloudFront"
64.252.75.236 - - [27/Aug/2026:22:28:31 +0000] "GET /assets/vendor/glightbox/css/glightbox.min.css?path=%2F%2Fsys%2Fdev%2Fchar%2F4%3A1%2Fsubsystem%2Ftty22%2Fsubsystem%2Ftty38%2Fsubsystem%2Ftty8 HTTP/1.1" 200 3095 "-" "Amazon CloudFront"
64.252.75.236 - - [27/Aug/2026:22:28:31 +0000] "GET /assets/vendor/glightbox/css/glightbox.min.css?path=%2F%2Fsys%2Fdev%2Fchar%2F4%3A46%2Fsubsystem%2Ftty6%2Fsubsystem%2Ftty31%2Fsubsystem%2Ftty45 HTTP/1.1" 200 3093 "-" "Amazon CloudFront"
64.252.74.195 - - [27/Aug/2026:22:28:31 +0000] "GET /assets/css/main.css?fileloc=%2F%2Fsys%2Fkernel%2Fslab%2Fdentry%2Fsanity_checks&path=%2F%2Fsys%2Fkernel%2Fslab%2Fdentry HTTP/1.1" 200 2575 "-" "Amazon CloudFront"
64.252.74.195 - - [27/Aug/2026:22:28:31 +0000] "GET /assets/vendor/glightbox/css/glightbox.min.css?path=%2F%2Fproc%2Fthread-self%2Froot%2Fproc%2F1266%2Ftask%2F1266%2Ffd HTTP/1.1" 200 2649 "-" "Amazon CloudFront"
64.252.123.235 - - [27/Aug/2026:22:28:31 +0000] "GET /?fileloc=//usr/lib64/python3.7/collections/__init__.py&path=//usr/lib64/python3.7/collections HTTP/1.1" 200 14039 "-" "Amazon CloudFront"
64.252.75.236 - - [27/Aug/2026:22:28:31 +0000] "GET /assets/vendor/glightbox/css/glightbox.min.css?path=%2F%2Fsys%2Fdev%2Fchar%2F5%3A1%2Fsubsystem%2Ftty32%2Fsubsystem%2Ftty43%2Fsubsystem%2Ftty32 HTTP/1.1" 200 3088 "-" "Amazon CloudFront"
64.252.75.204 - - [27/Aug/2026:22:28:31 +0000] "GET /assets/vendor/glightbox/css/glightbox.min.css?path=%2F%2Fsys%2Fdev%2Fchar%2F4%3A46%2Fsubsystem%2Ftty1%2Fsubsystem%2Ftty43%2Fsubsystem%2Ftty58 HTTP/1.1" 200 3095 "-" "Amazon CloudFront"
64.252.75.204 - - [27/Aug/2026:22:28:31 +0000] "GET /assets/css/main.css?fileloc=%2F%2Fproc%2Fself%2Froot%2Fproc%2Fself%2Froot%2Fetc%2Faliases.db&path=%2F%2Fproc%2Fself%2Froot%2Fproc%2Fself%2Froot%2Fetc HTTP/1.1" 200 2583 "-" "Amazon CloudFront"
64.252.75.204 - - [27/Aug/2026:22:28:32 +0000] "GET /assets/vendor/glightbox/css/glightbox.min.css?path=%2F%2Fsys%2Fdev%2Fchar%2F4%3A46%2Fsubsystem%2Ftty44%2Fsubsystem%2Ftty1%2Fsubsystem%2Ftty12 HTTP/1.1" 200 3092 "-" "Amazon CloudFront"
64.252.75.204 - - [27/Aug/2026:22:28:32 +0000] "GET /assets/vendor/glightbox/css/glightbox.min.css?path=%2F%2Fsys%2Fdev%2Fchar%2F5%3A1%2Fsubsystem%2Ftty5%2Fsubsystem%2Ftty0%2Fsubsystem%2Ftty42 HTTP/1.1" 200 3038 "-" "Amazon CloudFront"
64.252.74.195 - - [27/Aug/2026:22:28:32 +0000] "GET /index.html?fileloc=%2F%2Fproc%2Fthread-self%2Froot%2Fproc%2F39%2Fnet%2Fsockstat&path=%2F%2Fproc%2Fthread-self%2Froot%2Fproc%2F39%2Fnet HTTP/1.1" 200 2673 "-" "Amazon CloudFront"
64.252.75.236 - - [27/Aug/2026:22:28:32 +0000] "GET /index.html?fileloc=%2F%2Fsys%2Fclass%2Ftty%2Ftty29%2Fsubsystem%2Ftty35%2Fdev&path=%2F%2Fsys%2Fclass%2Ftty%2Ftty29%2Fsubsystem%2Ftty35 HTTP/1.1" 200 2592 "-" "Amazon CloudFront"
64.252.75.204 - - [27/Aug/2026:22:28:32 +0000] "GET /assets/vendor/glightbox/css/glightbox.min.css?fileloc=%2F%2Fproc%2Fthread-self%2Froot%2Fproc%2Fthread-self%2Froot%2Flib64%2Flibmemusage.so&path=%2F%2Fproc%2Fthread-self%2Froot%2Fproc%2Fthread-self%2Froot%2Flib64 HTTP/1.1" 200 2592 "-" "Amazon CloudFront"
64.252.75.236 - - [27/Aug/2026:22:28:32 +0000] "GET /assets/vendor/glightbox/css/glightbox.min.css?path=%2F%2Fsys%2Fdev%2Fchar%2F4%3A1%2Fsubsystem%2Ftty28%2Fsubsystem%2Ftty46%2Fsubsystem%2FttyS0 HTTP/1.1" 200 3690 "-" "Amazon CloudFront"
64.252.75.236 - - [27/Aug/2026:22:28:32 +0000] "GET /assets/vendor/glightbox/css/glightbox.min.css?path=%2F%2Fsys%2Fdev%2Fchar%2F4%3A1%2Fsubsystem%2Ftty1%2Fsubsystem%2Ftty53%2Fsubsystem%2Ftty60 HTTP/1.1" 200 3097 "-" "Amazon CloudFront"
64.252.74.195 - - [27/Aug/2026:22:28:32 +0000] "GET /assets/css/main.css?fileloc=%2F%2Fsys%2Fclass%2Ftty%2Ftty56%2Fsubsystem%2Ftty44%2Fsubsystem%2Ftty36%2Fdev&path=%2F%2Fsys%2Fclass%2Ftty%2Ftty56%2Fsubsystem%2Ftty44%2Fsubsystem%2Ftty36 HTTP/1.1" 200 2604 "-" "Amazon CloudFront"
64.252.74.195 - - [27/Aug/2026:22:28:32 +0000] "GET /assets/vendor/glightbox/css/glightbox.min.css?path=%2F%2Fsys%2Fdev%2Fchar%2F4%3A5%2Fsubsystem%2Ftty24%2Fsubsystem%2Ftty51 HTTP/1.1" 200 3075 "-" "Amazon CloudFront"
64.252.75.204 - - [27/Aug/2026:22:28:33 +0000] "GET /assets/vendor/glightbox/css/glightbox.min.css?path=%2F%2Fsys%2Fdev%2Fchar%2F5%3A1%2Fsubsystem%2Ftty3%2Fsubsystem%2Ftty18%2Fsubsystem%2Ftty60 HTTP/1.1" 200 3098 "-" "Amazon CloudFront"
64.252.74.195 - - [27/Aug/2026:22:28:33 +0000] "GET /assets/vendor/glightbox/css/glightbox.min.css?path=%2F%2Fsys%2Fdev%2Fchar%2F5%3A1%2Fsubsystem%2Ftty8%2Fsubsystem%2Ftty35%2Fsubsystem%2Ftty50 HTTP/1.1" 200 3097 "-" "Amazon CloudFront"
64.252.75.204 - - [27/Aug/2026:22:28:33 +0000] "GET /assets/css/main.css?fileloc=%2F%2Fsys%2Fclass%2Ftty%2Ftty44%2Fsubsystem%2Ftty56%2Fsubsystem%2Ftty36%2Fdev&path=%2F%2Fsys%2Fclass%2Ftty%2Ftty44%2Fsubsystem%2Ftty56%2Fsubsystem%2Ftty36 HTTP/1.1" 200 2603 "-" "Amazon CloudFront"
64.252.68.74 - - [27/Aug/2026:22:28:33 +0000] "GET /products/detail/208628339?path=//sys/bus/node/devices/node0/cpu1/driver/cpu7/driver/cpu2/node0/cpu4/firmware_node/thermal_cooling/device/thermal_cooling/device/subsystem/devices/device:21/physical_node/firmware_node/physical_node/subsystem/drivers/nvme/0000:00:04.0/nvme/nvme0/nvme0n1/nvme0n1p1/holders HTTP/1.1" 200 2890 "-" "Amazon CloudFront"
64.252.74.195 - - [27/Aug/2026:22:28:33 +0000] "GET /assets/vendor/glightbox/css/glightbox.min.css?path=%2F%2Fsys%2Fdev%2Fchar%2F4%3A0%2Fsubsystem%2Ftty54%2Fsubsystem%2Ftty51 HTTP/1.1" 200 3073 "-" "Amazon CloudFront"
64.252.74.195 - - [27/Aug/2026:22:28:33 +0000] "GET /assets/vendor/glightbox/css/glightbox.min.css?path=%2F%2Fsys%2Fdev%2Fchar%2F5%3A1%2Fsubsystem%2Ftty40%2Fsubsystem%2Ftty6%2Fsubsystem%2Ftty1 HTTP/1.1" 200 3092 "-" "Amazon CloudFront"
64.252.75.204 - - [27/Aug/2026:22:28:33 +0000] "GET /assets/vendor/glightbox/css/glightbox.min.css?path=%2F%2Fsys%2Fdev%2Fchar%2F4%3A1%2Fsubsystem%2Ftty55%2Fsubsystem%2Ftty31%2Fsubsystem%2Ftty7 HTTP/1.1" 200 3099 "-" "Amazon CloudFront"
64.252.75.204 - - [27/Aug/2026:22:28:33 +0000] "GET /assets/css/main.css?fileloc=%2F%2Fsys%2Fclass%2Ftty%2Ftty43%2Fsubsystem%2Ftty28%2Fsubsystem%2Ftty39%2Fdev&path=%2F%2Fsys%2Fclass%2Ftty%2Ftty43%2Fsubsystem%2Ftty28%2Fsubsystem%2Ftty39 HTTP/1.1" 200 2605 "-" "Amazon CloudFront"
64.252.76.47 - - [27/Aug/2026:22:28:33 +0000] "GET /assets/vendor/glightbox/css/glightbox.min.css?path=%2F%2Fsys%2Fdev%2Fchar%2F4%3A1%2Fsubsystem%2Ftty55%2Fsubsystem%2Ftty1%2Fsubsystem%2Ftty49 HTTP/1.1" 200 3098 "-" "Amazon CloudFront"
64.252.74.195 - - [27/Aug/2026:22:28:33 +0000] "GET /assets/css/main.css?fileloc=%2F%2Fsys%2Fclass%2Ftty%2FttyS3%2Fsubsystem%2Ftty50%2Fsubsystem%2Ftty43%2Fdev&path=%2F%2Fsys%2Fclass%2Ftty%2FttyS3%2Fsubsystem%2Ftty50%2Fsubsystem%2Ftty43 HTTP/1.1" 200 2604 "-" "Amazon CloudFront"
64.252.75.204 - - [27/Aug/2026:22:28:33 +0000] "GET /assets/vendor/glightbox/css/glightbox.min.css?path=%2F%2Fsys%2Fdev%2Fchar%2F5%3A1%2Fsubsystem%2FttyS1%2Fsubsystem%2Ftty40%2Fsubsystem%2Ftty7 HTTP/1.1" 200 3093 "-" "Amazon CloudFront"
64.252.74.195 - - [27/Aug/2026:22:28:33 +0000] "GET /assets/vendor/glightbox/css/glightbox.min.css?path=%2F%2Fsys%2Fdev%2Fchar%2F5%3A1%2Fsubsystem%2Ftty45%2Fsubsystem%2Ftty30%2Fsubsystem%2Ftty40 HTTP/1.1" 200 3092 "-" "Amazon CloudFront"
64.252.74.195 - - [27/Aug/2026:22:28:33 +0000] "GET /index.html?fileloc=%2F%2Fsys%2Fclass%2Ftty%2Ftty0%2Fsubsystem%2Ftty12%2Fdev&path=%2F%2Fsys%2Fclass%2Ftty%2Ftty0%2Fsubsystem%2Ftty12 HTTP/1.1" 200 2590 "-" "Amazon CloudFront"
64.252.74.195 - - [27/Aug/2026:22:28:34 +0000] "GET /assets/vendor/glightbox/css/glightbox.min.css?path=%2F%2Fsys%2Fdev%2Fchar%2F5%3A1%2Fsubsystem%2Ftty48%2Fsubsystem%2Ftty33%2Fsubsystem%2Ftty32 HTTP/1.1" 200 3093 "-" "Amazon CloudFront"
64.252.75.204 - - [27/Aug/2026:22:28:34 +0000] "GET /assets/vendor/glightbox/css/glightbox.min.css?path=%2F%2Fsys%2Fdev%2Fchar%2F4%3A46%2Fsubsystem%2Ftty60%2Fsubsystem%2Ftty14%2Fsubsystem%2Ftty4 HTTP/1.1" 200 3092 "-" "Amazon CloudFront"
64.252.75.204 - - [27/Aug/2026:22:28:34 +0000] "GET /assets/vendor/glightbox/css/glightbox.min.css?path=%2F%2Fsys%2Fdev%2Fchar%2F5%3A1%2Fsubsystem%2Ftty33%2Fsubsystem%2Ftty48%2Fsubsystem%2Ftty32 HTTP/1.1" 200 3093 "-" "Amazon CloudFront"
64.252.75.204 - - [27/Aug/2026:22:28:34 +0000] "GET /assets/css/main.css?fileloc=%2F%2Fsys%2Fclass%2Ftty%2Ftty28%2Fsubsystem%2Ftty43%2Fsubsystem%2Ftty39%2Fdev&path=%2F%2Fsys%2Fclass%2Ftty%2Ftty28%2Fsubsystem%2Ftty43%2Fsubsystem%2Ftty39 HTTP/1.1" 200 2605 "-" "Amazon CloudFront"
64.252.75.236 - - [27/Aug/2026:22:28:34 +0000] "GET /assets/vendor/glightbox/css/glightbox.min.css?path=%2F%2Fsys%2Fdev%2Fchar%2F4%3A46%2Fsubsystem%2Ftty0%2Fsubsystem%2Ftty30%2Fsubsystem%2FttyS0 HTTP/1.1" 200 3689 "-" "Amazon CloudFront"
64.252.74.195 - - [27/Aug/2026:22:28:34 +0000] "GET /assets/vendor/glightbox/css/glightbox.min.css?path=%2F%2Fsys%2Fdev%2Fchar%2F5%3A1%2Fsubsystem%2Ftty51%2Fsubsystem%2Ftty28 HTTP/1.1" 200 3074 "-" "Amazon CloudFront"
64.252.74.195 - - [27/Aug/2026:22:28:34 +0000] "GET /assets/vendor/glightbox/css/glightbox.min.css?path=%2F%2Fsys%2Fdev%2Fchar%2F4%3A1%2Fsubsystem%2Ftty40%2Fsubsystem%2Ftty41%2Fsubsystem%2Ftty9%2Fsubsystem%2Ftty3 HTTP/1.1" 200 3108 "-" "Amazon CloudFront"
64.252.74.195 - - [27/Aug/2026:22:28:34 +0000] "GET /assets/css/main.css?fileloc=%2F%2Fsys%2Fclass%2Ftty%2Ftty19%2Fsubsystem%2Ftty33%2Fsubsystem%2Ftty59%2Fdev&path=%2F%2Fsys%2Fclass%2Ftty%2Ftty19%2Fsubsystem%2Ftty33%2Fsubsystem%2Ftty59 HTTP/1.1" 200 2603 "-" "Amazon CloudFront"
64.252.75.204 - - [27/Aug/2026:22:28:34 +0000] "GET /assets/vendor/glightbox/css/glightbox.min.css?path=%2F%2Fsys%2Fdev%2Fchar%2F4%3A46%2Fsubsystem%2Ftty32%2Fsubsystem%2Ftty7%2Fsubsystem%2Ftty39 HTTP/1.1" 200 3093 "-" "Amazon CloudFront"
64.252.74.195 - - [27/Aug/2026:22:28:34 +0000] "GET /assets/vendor/glightbox/css/glightbox.min.css?path=%2F%2Fsys%2Fclass%2Ftty%2Ftty33%2Fsubsystem%2Ftty28%2Fsubsystem%2Ftty0 HTTP/1.1" 200 3094 "-" "Amazon CloudFront"
64.252.75.236 - - [27/Aug/2026:22:28:35 +0000] "GET /assets/vendor/glightbox/css/glightbox.min.css?path=%2F%2Fsys%2Fdev%2Fchar%2F4%3A46%2Fsubsystem%2Ftty7%2Fsubsystem%2Ftty7%2Fsubsystem%2FttyS0 HTTP/1.1" 200 3691 "-" "Amazon CloudFront"
64.252.74.195 - - [27/Aug/2026:22:28:35 +0000] "GET /assets/vendor/bootstrap-icons/bootstrap-icons.css?path=%2F%2Fusr%2Finclude%2Fnfs HTTP/1.1" 200 2880 "-" "Amazon CloudFront"
64.252.75.204 - - [27/Aug/2026:22:28:35 +0000] "GET /assets/css/main.css?fileloc=%2F%2Fsys%2Fclass%2Ftty%2Ftty50%2Fsubsystem%2FttyS3%2Fsubsystem%2Ftty43%2Fdev&path=%2F%2Fsys%2Fclass%2Ftty%2Ftty50%2Fsubsystem%2FttyS3%2Fsubsystem%2Ftty43 HTTP/1.1" 200 2604 "-" "Amazon CloudFront"
64.252.75.204 - - [27/Aug/2026:22:28:35 +0000] "GET /assets/vendor/glightbox/css/glightbox.min.css?path=%2F%2Fsys%2Fdev%2Fchar%2F4%3A1%2Fsubsystem%2Ftty1%2Fsubsystem%2Ftty8%2Fsubsystem%2Ftty4%2Fsubsystem%2Ftty9 HTTP/1.1" 200 3103 "-" "Amazon CloudFront"
64.252.75.236 - - [27/Aug/2026:22:28:35 +0000] "GET /assets/vendor/glightbox/css/glightbox.min.css?path=%2F%2Fsys%2Fdev%2Fchar%2F5%3A1%2Fsubsystem%2Ftty40%2Fsubsystem%2FttyS1%2Fsubsystem%2Ftty7 HTTP/1.1" 200 3099 "-" "Amazon CloudFront"
64.252.75.236 - - [27/Aug/2026:22:28:35 +0000] "GET /assets/vendor/bootstrap-icons/bootstrap-icons.css?path=%2F%2Fsys%2Fdev%2Fchar%2F202%3A5 HTTP/1.1" 200 3034 "-" "Amazon CloudFront"
64.252.75.236 - - [27/Aug/2026:22:28:35 +0000] "GET /assets/vendor/glightbox/css/glightbox.min.css?path=%2F%2Fsys%2Fdev%2Fchar%2F4%3A46%2Fsubsystem%2Ftty60%2Fsubsystem%2Ftty33%2Fsubsystem%2Ftty49 HTTP/1.1" 200 3096 "-" "Amazon CloudFront"
64.252.75.204 - - [27/Aug/2026:22:28:35 +0000] "GET /assets/vendor/glightbox/css/glightbox.min.css?path=%2F%2Fsys%2Fdev%2Fchar%2F4%3A1%2Fsubsystem%2Ftty6%2Fsubsystem%2Ftty5%2Fsubsystem%2Ftty40%2Fsubsystem%2Ftty4 HTTP/1.1" 200 3105 "-" "Amazon CloudFront"
64.252.75.236 - - [27/Aug/2026:22:28:35 +0000] "GET /assets/vendor/glightbox/css/glightbox.min.css?path=%2F%2Fsys%2Fdev%2Fchar%2F4%3A46%2Fsubsystem%2Ftty63%2Fsubsystem%2Ftty38%2Fsubsystem%2Ftty35 HTTP/1.1" 200 3094 "-" "Amazon CloudFront"
64.252.75.236 - - [27/Aug/2026:22:28:35 +0000] "GET /assets/vendor/glightbox/css/glightbox.min.css?path=%2F%2Fsys%2Fdev%2Fchar%2F5%3A1%2Fsubsystem%2Ftty52%2Fsubsystem%2Ftty12%2Fsubsystem%2Ftty4 HTTP/1.1" 200 3097 "-" "Amazon CloudFront"
64.252.74.195 - - [27/Aug/2026:22:28:35 +0000] "GET /assets/css/main.css?fileloc=%2F%2Fproc%2F3603%2Ftask%2F25582%2Fsetgroups&path=%2F%2Fproc%2F3603%2Ftask%2F25582 HTTP/1.1" 200 2577 "-" "Amazon CloudFront"
64.252.74.195 - - [27/Aug/2026:22:28:36 +0000] "GET /assets/vendor/glightbox/css/glightbox.min.css?path=%2F%2Fsys%2Fdev%2Fchar%2F4%3A1%2Fsubsystem%2Ftty35%2Fsubsystem%2Ftty47%2Fsubsystem%2Ftty1 HTTP/1.1" 200 3097 "-" "Amazon CloudFront"
64.252.75.204 - - [27/Aug/2026:22:28:36 +0000] "GET /assets/vendor/glightbox/css/glightbox.min.css?path=%2F%2Fsys%2Fdev%2Fchar%2F4%3A1%2Fsubsystem%2Ftty53%2Fsubsystem%2Ftty41%2Fsubsystem%2Ftty17 HTTP/1.1" 200 3096 "-" "Amazon CloudFront"
64.252.74.195 - - [27/Aug/2026:22:28:36 +0000] "GET /assets/css/main.css?fileloc=%2F%2Fsys%2Fclass%2Ftty%2Ftty49%2Fsubsystem%2Ftty50%2Fsubsystem%2Ftty48%2Fdev&path=%2F%2Fsys%2Fclass%2Ftty%2Ftty49%2Fsubsystem%2Ftty50%2Fsubsystem%2Ftty48 HTTP/1.1" 200 2604 "-" "Amazon CloudFront"
64.252.75.204 - - [27/Aug/2026:22:28:36 +0000] "GET /assets/vendor/glightbox/css/glightbox.min.css?path=%2F%2Fsys%2Fdev%2Fchar%2F4%3A46%2Fsubsystem%2Ftty6%2Fsubsystem%2Ftty30%2Fsubsystem%2Ftty37 HTTP/1.1" 200 3089 "-" "Amazon CloudFront"
64.252.75.204 - - [27/Aug/2026:22:28:36 +0000] "GET /assets/vendor/glightbox/css/glightbox.min.css?path=%2F%2Fsys%2Fdev%2Fchar%2F4%3A46%2Fsubsystem%2Ftty33%2Fsubsystem%2Ftty36%2Fsubsystem%2Ftty60 HTTP/1.1" 200 3096 "-" "Amazon CloudFront"
64.252.75.236 - - [27/Aug/2026:22:28:36 +0000] "GET /assets/vendor/glightbox/css/glightbox.min.css?path=%2F%2Fsys%2Fdev%2Fchar%2F4%3A46%2Fsubsystem%2Ftty28%2Fsubsystem%2Ftty48%2Fsubsystem%2Ftty52 HTTP/1.1" 200 3096 "-" "Amazon CloudFront"
64.252.75.236 - - [27/Aug/2026:22:28:36 +0000] "GET /assets/vendor/glightbox/css/glightbox.min.css?path=%2F%2Fsys%2Fdev%2Fchar%2F4%3A1%2Fsubsystem%2Ftty45%2Fsubsystem%2Ftty39%2Fsubsystem%2Ftty52 HTTP/1.1" 200 3095 "-" "Amazon CloudFront"
64.252.75.236 - - [27/Aug/2026:22:28:36 +0000] "GET /assets/vendor/glightbox/css/glightbox.min.css?path=%2F%2Fsys%2Fdev%2Fchar%2F4%3A1%2Fsubsystem%2Ftty53%2Fsubsystem%2Ftty16%2Fsubsystem%2Ftty0 HTTP/1.1" 200 3140 "-" "Amazon CloudFront"
64.252.75.236 - - [27/Aug/2026:22:28:36 +0000] "GET /assets/vendor/glightbox/css/glightbox.min.css?path=%2F%2Fsys%2Fdev%2Fchar%2F4%3A61%2Fsubsystem%2Ftty5%2Fsubsystem%2Ftty42 HTTP/1.1" 200 3074 "-" "Amazon CloudFront"
64.252.75.236 - - [27/Aug/2026:22:28:36 +0000] "GET /assets/vendor/glightbox/css/glightbox.min.css?path=%2F%2Fsys%2Fdev%2Fchar%2F4%3A1%2Fsubsystem%2Ftty22%2Fsubsystem%2Ftty45%2Fsubsystem%2Ftty29 HTTP/1.1" 200 3093 "-" "Amazon CloudFront"
64.252.74.195 - - [27/Aug/2026:22:28:36 +0000] "GET /assets/vendor/glightbox/css/glightbox.min.css?path=%2F%2Fsys%2Fdev%2Fchar%2F4%3A1%2Fsubsystem%2Ftty22%2Fsubsystem%2Ftty49%2Fsubsystem%2Ftty44 HTTP/1.1" 200 3093 "-" "Amazon CloudFront"
64.252.74.195 - - [27/Aug/2026:22:28:37 +0000] "GET /assets/vendor/glightbox/css/glightbox.min.css?path=%2F%2Fproc%2Fthread-self%2Froot%2Fvar%2Frun%2Fuser%2F1000 HTTP/1.1" 200 2649 "-" "Amazon CloudFront"
64.252.74.195 - - [27/Aug/2026:22:28:37 +0000] "GET /assets/vendor/glightbox/css/glightbox.min.css?path=%2F%2Fsys%2Fdev%2Fchar%2F5%3A1%2Fsubsystem%2Ftty33%2Fsubsystem%2Ftty41%2Fsubsystem%2Ftty14 HTTP/1.1" 200 3096 "-" "Amazon CloudFront"
64.252.75.236 - - [27/Aug/2026:22:28:37 +0000] "GET /assets/css/main.css?fileloc=%2F%2Fsys%2Fclass%2Ftty%2Ftty32%2Fsubsystem%2FttyS3%2Fsubsystem%2FttyS2%2Ftype&path=%2F%2Fsys%2Fclass%2Ftty%2Ftty32%2Fsubsystem%2FttyS3%2Fsubsystem%2FttyS2 HTTP/1.1" 200 2598 "-" "Amazon CloudFront"
64.252.68.80 - - [27/Aug/2026:22:28:37 +0000] "GET /?path=//sys/bus/node/devices/node0/memory2/node0/cpu7/driver/cpu1/firmware_node/subsystem/devices/PNP0A03:00/physical_node/0000:00:04.0/firmware_node/physical_node/nvme/nvme0/device/driver/0000:00:1e.0/nvme/nvme1/nvme1n1/holders/md0/md/rd1/block/holders/md0/slaves/nvme1n1/subsystem/nvme0n1/nvme0n1p128/power HTTP/1.1" 200 3492 "-" "Amazon CloudFront"
64.252.75.236 - - [27/Aug/2026:22:28:37 +0000] "GET /assets/css/main.css?fileloc=%2F%2Fsys%2Fclass%2Ftty%2Ftty50%2Fsubsystem%2Ftty49%2Fsubsystem%2Ftty48%2Fdev&path=%2F%2Fsys%2Fclass%2Ftty%2Ftty50%2Fsubsystem%2Ftty49%2Fsubsystem%2Ftty48 HTTP/1.1" 200 2603 "-" "Amazon CloudFront"
64.252.75.204 - - [27/Aug/2026:22:28:37 +0000] "GET /assets/vendor/glightbox/css/glightbox.min.css?path=%2F%2Fsys%2Fclass%2Ftty%2Ftty56%2Fsubsystem%2Ftty4%2Fsubsystem%2Ftty0 HTTP/1.1" 200 3113 "-" "Amazon CloudFront"
64.252.75.204 - - [27/Aug/2026:22:28:37 +0000] "GET /assets/vendor/glightbox/css/glightbox.min.css?path=%2F%2Fsys%2Fdev%2Fchar%2F4%3A4%2Fsubsystem%2Ftty13%2Fsubsystem%2Ftty51 HTTP/1.1" 200 3075 "-" "Amazon CloudFront"
64.252.74.195 - - [27/Aug/2026:22:28:37 +0000] "GET /assets/js/main.js?fileloc=%2F%2Fproc%2Fthread-self%2Froot%2Fbin%2Frpm&path=%2F%2Fproc%2Fthread-self%2Froot%2Fbin HTTP/1.1" 200 2571 "-" "Amazon CloudFront"
64.252.75.236 - - [27/Aug/2026:22:28:37 +0000] "GET /assets/css/main.css?fileloc=%2F%2Fproc%2F17903%2Froot%2Fproc%2Fself%2Fcwd%2Fwp-admin%2Fcss%2Fcommon-rtl.css&path=%2F%2Fproc%2F17903%2Froot%2Fproc%2Fself%2Fcwd%2Fwp-admin%2Fcss HTTP/1.1" 200 2611 "-" "Amazon CloudFront"
64.252.75.236 - - [27/Aug/2026:22:28:37 +0000] "GET /assets/css/main.css?fileloc=%2F%2Fsys%2Fclass%2Ftty%2Ftty8%2Fsubsystem%2Ftty38%2Fsubsystem%2Ftty26%2Fdev&path=%2F%2Fsys%2Fclass%2Ftty%2Ftty8%2Fsubsystem%2Ftty38%2Fsubsystem%2Ftty26 HTTP/1.1" 200 2603 "-" "Amazon CloudFront"
64.252.74.195 - - [27/Aug/2026:22:28:37 +0000] "GET /assets/vendor/glightbox/css/glightbox.min.css?path=%2F%2Fsys%2Fdev%2Fchar%2F4%3A1%2Fsubsystem%2Ftty49%2Fsubsystem%2Ftty22%2Fsubsystem%2Ftty44 HTTP/1.1" 200 3092 "-" "Amazon CloudFront"
64.252.74.195 - - [27/Aug/2026:22:28:37 +0000] "GET /assets/vendor/glightbox/css/glightbox.min.css?path=%2F%2Fsys%2Fdev%2Fchar%2F4%3A1%2Fsubsystem%2Ftty22%2Fsubsystem%2Ftty60%2Fsubsystem%2Ftty45 HTTP/1.1" 200 3076 "-" "Amazon CloudFront"
64.252.75.236 - - [27/Aug/2026:22:28:39 +0000] "GET /assets/vendor/glightbox/css/glightbox.min.css?path=%2F%2Fsys%2Fdev%2Fchar%2F5%3A1%2Fsubsystem%2Ftty0%2Fsubsystem%2Ftty32%2Fsubsystem%2Ftty50 HTTP/1.1" 200 3097 "-" "Amazon CloudFront"
64.252.75.204 - - [27/Aug/2026:22:28:39 +0000] "GET /assets/vendor/glightbox/css/glightbox.min.css?fileloc=%2F%2Fproc%2Fthread-self%2Froot%2Fproc%2Fthread-self%2Froot%2Fproc%2F16872%2Flimits&path=%2F%2Fproc%2Fthread-self%2Froot%2Fproc%2Fthread-self%2Froot%2Fproc%2F16872 HTTP/1.1" 200 2591 "-" "Amazon CloudFront"
64.252.75.204 - - [27/Aug/2026:22:28:39 +0000] "GET /assets/vendor/glightbox/css/glightbox.min.css?path=%2F%2Fsys%2Fdev%2Fchar%2F4%3A46%2Fsubsystem%2FttyS3%2Fsubsystem%2Ftty0%2Fsubsystem%2Ftty19 HTTP/1.1" 200 3094 "-" "Amazon CloudFront"
64.252.74.195 - - [27/Aug/2026:22:28:39 +0000] "GET /assets/css/main.css?fileloc=%2F%2Fsys%2Fclass%2Ftty%2Ftty41%2Fsubsystem%2Ftty44%2Fsubsystem%2Fptmx%2Fdev&path=%2F%2Fsys%2Fclass%2Ftty%2Ftty41%2Fsubsystem%2Ftty44%2Fsubsystem%2Fptmx HTTP/1.1" 200 2603 "-" "Amazon CloudFront"
64.252.74.195 - - [27/Aug/2026:22:28:39 +0000] "GET /assets/vendor/glightbox/css/glightbox.min.css?path=%2F%2Fsys%2Fdev%2Fchar%2F4%3A46%2Fsubsystem%2Ftty22%2Fsubsystem%2Ftty33%2Fsubsystem%2Ftty29 HTTP/1.1" 200 3094 "-" "Amazon CloudFront"
64.252.75.236 - - [27/Aug/2026:22:28:39 +0000] "GET /assets/css/main.css?fileloc=%2F%2Fsys%2Fclass%2Ftty%2Ftty44%2Fsubsystem%2Ftty36%2Fsubsystem%2Ftty20%2Fdev&path=%2F%2Fsys%2Fclass%2Ftty%2Ftty44%2Fsubsystem%2Ftty36%2Fsubsystem%2Ftty20 HTTP/1.1" 200 2605 "-" "Amazon CloudFront"
64.252.74.195 - - [27/Aug/2026:22:28:39 +0000] "GET /assets/vendor/glightbox/css/glightbox.min.css?path=%2F%2Fsys%2Fdev%2Fchar%2F4%3A46%2Fsubsystem%2Ftty28%2Fsubsystem%2FttyS0%2Fsubsystem%2Ftty8 HTTP/1.1" 200 3093 "-" "Amazon CloudFront"
64.252.75.236 - - [27/Aug/2026:22:28:39 +0000] "GET /assets/vendor/glightbox/css/glightbox.min.css?path=%2F%2Fsys%2Fdev%2Fchar%2F4%3A1%2Fsubsystem%2Ftty55%2Fsubsystem%2Ftty46%2Fsubsystem%2Ftty36 HTTP/1.1" 200 3093 "-" "Amazon CloudFront"
64.252.75.204 - - [27/Aug/2026:22:28:39 +0000] "GET /assets/vendor/glightbox/css/glightbox.min.css?path=%2F%2Fsys%2Fdev%2Fchar%2F4%3A1%2Fsubsystem%2Ftty32%2Fsubsystem%2Ftty1%2Fsubsystem%2Ftty38 HTTP/1.1" 200 3097 "-" "Amazon CloudFront"
64.252.74.195 - - [27/Aug/2026:22:28:39 +0000] "GET /assets/vendor/glightbox/css/glightbox.min.css?path=%2F%2Fsys%2Fdev%2Fchar%2F4%3A1%2Fsubsystem%2Ftty35%2Fsubsystem%2Ftty47%2Fsubsystem%2Ftty48 HTTP/1.1" 200 3093 "-" "Amazon CloudFront"
64.252.75.236 - - [27/Aug/2026:22:28:40 +0000] "GET /assets/vendor/glightbox/css/glightbox.min.css?path=%2F%2Fsys%2Fdev%2Fchar%2F5%3A1%2Fsubsystem%2Ftty35%2Fsubsystem%2Ftty43%2Fsubsystem%2Ftty45 HTTP/1.1" 200 3093 "-" "Amazon CloudFront"
64.252.75.236 - - [27/Aug/2026:22:28:40 +0000] "GET /assets/vendor/glightbox/css/glightbox.min.css?path=%2F%2Fsys%2Fdev%2Fchar%2F4%3A46%2Fsubsystem%2Ftty44%2Fsubsystem%2Ftty22%2Fsubsystem%2Ftty1 HTTP/1.1" 200 3092 "-" "Amazon CloudFront"
64.252.75.204 - - [27/Aug/2026:22:28:40 +0000] "GET /assets/css/modal.css?fileloc=%2F%2Fproc%2Fself%2Froot%2Fsys%2Fdevices%2Fvirtual%2Ftty%2Ftty12%2Fsubsystem%2Ftty9%2Fdev&path=%2F%2Fproc%2Fself%2Froot%2Fsys%2Fdevices%2Fvirtual%2Ftty%2Ftty12%2Fsubsystem%2Ftty9 HTTP/1.1" 200 2629 "-" "Amazon CloudFront"
64.252.75.204 - - [27/Aug/2026:22:28:40 +0000] "GET /assets/vendor/glightbox/css/glightbox.min.css?path=%2F%2Fsys%2Fdev%2Fchar%2F4%3A1%2Fsubsystem%2Ftty35%2Fsubsystem%2Ftty33%2Fsubsystem%2Ftty18 HTTP/1.1" 200 3093 "-" "Amazon CloudFront"
64.252.75.236 - - [27/Aug/2026:22:28:40 +0000] "GET /assets/css/main.css?fileloc=%2F%2Fsys%2Fclass%2Ftty%2Ftty16%2Fsubsystem%2Ftty8%2Fsubsystem%2Ftty39%2Fdev&path=%2F%2Fsys%2Fclass%2Ftty%2Ftty16%2Fsubsystem%2Ftty8%2Fsubsystem%2Ftty39 HTTP/1.1" 200 2603 "-" "Amazon CloudFront"
64.252.75.204 - - [27/Aug/2026:22:28:40 +0000] "GET /assets/vendor/glightbox/css/glightbox.min.css?path=%2F%2Fsys%2Fdev%2Fchar%2F4%3A46%2Fsubsystem%2Ftty44%2Fsubsystem%2Ftty45%2Fsubsystem%2FttyS0 HTTP/1.1" 200 3688 "-" "Amazon CloudFront"
64.252.75.204 - - [27/Aug/2026:22:28:40 +0000] "GET /assets/vendor/glightbox/css/glightbox.min.css?path=%2F%2Fsys%2Fdev%2Fchar%2F4%3A1%2Fsubsystem%2Ftty55%2Fsubsystem%2Ftty56%2Fsubsystem%2Ftty7 HTTP/1.1" 200 3095 "-" "Amazon CloudFront"
64.252.75.236 - - [27/Aug/2026:22:28:40 +0000] "GET /assets/css/main.css?fileloc=%2F%2Fsys%2Fclass%2Ftty%2Ftty47%2Fsubsystem%2Ftty60%2Fsubsystem%2Ftty53%2Fdev&path=%2F%2Fsys%2Fclass%2Ftty%2Ftty47%2Fsubsystem%2Ftty60%2Fsubsystem%2Ftty53 HTTP/1.1" 200 2605 "-" "Amazon CloudFront"
64.252.74.195 - - [27/Aug/2026:22:28:40 +0000] "GET /assets/css/modal.css?fileloc=%2F%2Fproc%2Fself%2Froot%2Fsys%2Fdevices%2Fvirtual%2Ftty%2Ftty37%2Fsubsystem%2Ftty23%2Fdev&path=%2F%2Fproc%2Fself%2Froot%2Fsys%2Fdevices%2Fvirtual%2Ftty%2Ftty37%2Fsubsystem%2Ftty23 HTTP/1.1" 200 2631 "-" "Amazon CloudFront"
64.252.75.236 - - [27/Aug/2026:22:28:40 +0000] "GET /assets/vendor/glightbox/css/glightbox.min.css?path=%2F%2Fsys%2Fdev%2Fchar%2F4%3A1%2Fsubsystem%2Ftty36%2Fsubsystem%2Ftty0%2Fsubsystem%2Ftty29 HTTP/1.1" 200 3097 "-" "Amazon CloudFront"
64.252.75.204 - - [27/Aug/2026:22:28:40 +0000] "GET /assets/css/modal.css?fileloc=%2F%2Fproc%2Fself%2Froot%2Fproc%2F352%2Fstatus&path=%2F%2Fproc%2Fself%2Froot%2Fproc%2F352 HTTP/1.1" 200 2864 "-" "Amazon CloudFront"
64.252.75.204 - - [27/Aug/2026:22:28:40 +0000] "GET /assets/vendor/glightbox/css/glightbox.min.css?path=%2F%2Fsys%2Fdev%2Fchar%2F4%3A1%2Fsubsystem%2Ftty1%2Fsubsystem%2FttyS3%2Fsubsystem%2Ftty29 HTTP/1.1" 200 3093 "-" "Amazon CloudFront"
64.252.74.195 - - [27/Aug/2026:22:28:41 +0000] "GET /assets/vendor/glightbox/css/glightbox.min.css?path=%2F%2Fsys%2Fdev%2Fchar%2F4%3A1%2Fsubsystem%2Ftty1%2Fsubsystem%2Ftty39%2Fsubsystem%2Ftty33 HTTP/1.1" 200 3092 "-" "Amazon CloudFront"
64.252.74.195 - - [27/Aug/2026:22:28:41 +0000] "GET /assets/js/main.js?fileloc=%2F%2Fproc%2Fthread-self%2Froot%2Fbin%2Fteamdctl&path=%2F%2Fproc%2Fthread-self%2Froot%2Fbin HTTP/1.1" 200 2574 "-" "Amazon CloudFront"
64.252.74.195 - - [27/Aug/2026:22:28:41 +0000] "GET /assets/css/modal.css?fileloc=%2F%2Fproc%2Fself%2Froot%2Fsys%2Fdevices%2Fvirtual%2Ftty%2Ftty23%2Fsubsystem%2Ftty36%2Fdev&path=%2F%2Fproc%2Fself%2Froot%2Fsys%2Fdevices%2Fvirtual%2Ftty%2Ftty23%2Fsubsystem%2Ftty36 HTTP/1.1" 200 2632 "-" "Amazon CloudFront"
64.252.68.74 - - [27/Aug/2026:22:28:41 +0000] "GET /products/detail/208628339?path=//sys/bus/node/devices/node0/cpu1/driver/cpu7/driver/cpu2/node0/cpu4/firmware_node/thermal_cooling/device/physical_node/firmware_node/thermal_cooling/device/subsystem/devices/LNXSYSTM:00/LNXSYBUS:00/PNP0A03:00/device:21/physical_node/nvme/nvme2/nvme2n1/mq/0 HTTP/1.1" 200 3354 "-" "Amazon CloudFront"
64.252.75.236 - - [27/Aug/2026:22:28:41 +0000] "GET /assets/vendor/glightbox/css/glightbox.min.css?path=%2F%2Fsys%2Fdev%2Fchar%2F4%3A1%2Fsubsystem%2FttyS3%2Fsubsystem%2Ftty1%2Fsubsystem%2Ftty29 HTTP/1.1" 200 3099 "-" "Amazon CloudFront"
64.252.75.236 - - [27/Aug/2026:22:28:41 +0000] "GET /assets/vendor/glightbox/css/glightbox.min.css?path=%2F%2Fsys%2Fdev%2Fchar%2F4%3A46%2Fsubsystem%2Ftty9%2Fsubsystem%2Ftty60%2Fsubsystem%2Ftty33 HTTP/1.1" 200 3094 "-" "Amazon CloudFront"
64.252.75.236 - - [27/Aug/2026:22:28:41 +0000] "GET /assets/vendor/glightbox/css/glightbox.min.css?path=%2F%2Fsys%2Fdev%2Fchar%2F4%3A46%2Fsubsystem%2Ftty60%2Fsubsystem%2Ftty9%2Fsubsystem%2Ftty33 HTTP/1.1" 200 3094 "-" "Amazon CloudFront"
64.252.74.195 - - [27/Aug/2026:22:28:41 +0000] "GET /assets/vendor/glightbox/css/glightbox.min.css?path=%2F%2Fsys%2Fdev%2Fchar%2F4%3A46%2Fsubsystem%2Ftty29%2Fsubsystem%2Ftty1%2Fsubsystem%2Ftty28 HTTP/1.1" 200 3092 "-" "Amazon CloudFront"
