64.252.74.195 - - [27/Aug/2026:22:26:44 +0000] "GET /assets/vendor/glightbox/css/glightbox.min.css?path=%2F%2Fsys%2Fdev%2Fchar%2F4%3A1%2Fsubsystem%2Ftty22%2Fsubsystem%2Ftty41%2Fsubsystem%2Ftty38 HTTP/1.1" 200 3096 "-" "Amazon CloudFront"
64.252.75.204 - - [27/Aug/2026:22:26:44 +0000] "GET /assets/vendor/glightbox/css/glightbox.min.css?path=%2F%2Fsys%2Fdev%2Fchar%2F4%3A46%2Fsubsystem%2Ftty40%2Fsubsystem%2Ftty46%2Fsubsystem%2Ftty39 HTTP/1.1" 200 3096 "-" "Amazon CloudFront"
64.252.75.204 - - [27/Aug/2026:22:26:44 +0000] "GET /assets/vendor/glightbox/css/glightbox.min.css?path=%2F%2Fsys%2Fdev%2Fchar%2F4%3A46%2Fsubsystem%2Ftty29%2Fsubsystem%2Ftty17%2Fsubsystem%2Ftty3 HTTP/1.1" 200 3094 "-" "Amazon CloudFront"
64.252.75.204 - - [27/Aug/2026:22:26:44 +0000] "GET /assets/vendor/glightbox/css/glightbox.min.css?path=%2F%2Fsys%2Fdev%2Fchar%2F4%3A46%2Fsubsystem%2Ftty28%2Fsubsystem%2Ftty5%2Fsubsystem%2Ftty39 HTTP/1.1" 200 3094 "-" "Amazon CloudFront"
64.252.74.195 - - [27/Aug/2026:22:26:44 +0000] "GET /assets/css/main.css?fileloc=%2F%2Fproc%2Fself%2Froot%2Fproc%2F9%2Fnet%2Fip6_mr_cache&path=%2F%2Fproc%2Fself%2Froot%2Fproc%2F9%2Fnet HTTP/1.1" 200 2624 "-" "Amazon CloudFront"
64.252.75.236 - - [27/Aug/2026:22:26:44 +0000] "GET /assets/vendor/glightbox/css/glightbox.min.css?path=%2F%2Fsys%2Fdev%2Fchar%2F5%3A1%2Fsubsystem%2Ftty24%2Fsubsystem%2Ftty35%2Fsubsystem%2FttyS2 HTTP/1.1" 200 3646 "-" "Amazon CloudFront"
64.252.75.204 - - [27/Aug/2026:22:26:44 +0000] "GET /assets/vendor/glightbox/css/glightbox.min.css?path=%2F%2Fsys%2Fdev%2Fchar%2F5%3A1%2Fsubsystem%2Ftty35%2Fsubsystem%2Ftty24%2Fsubsystem%2FttyS2 HTTP/1.1" 200 3647 "-" "Amazon CloudFront"
64.252.74.195 - - [27/Aug/2026:22:26:44 +0000] "GET /assets/vendor/glightbox/css/glightbox.min.css?path=%2F%2Fsys%2Fclass%2Ftty%2Ftty39%2Fsubsystem%2Ftty34 HTTP/1.1" 200 3057 "-" "Amazon CloudFront"
64.252.75.204 - - [27/Aug/2026:22:26:44 +0000] "GET /assets/vendor/glightbox/css/glightbox.min.css?path=%2F%2Fsys%2Fdev%2Fchar%2F5%3A1%2Fsubsystem%2Ftty4%2Fsubsystem%2Ftty50%2Fsubsystem%2Ftty1 HTTP/1.1" 200 3093 "-" "Amazon CloudFront"
64.252.74.195 - - [27/Aug/2026:22:26:44 +0000] "GET /assets/vendor/glightbox/css/glightbox.min.css?path=%2F%2Fsys%2Fdev%2Fchar%2F4%3A46%2Fsubsystem%2Ftty7%2Fsubsystem%2Ftty28%2Fsubsystem%2Ftty1 HTTP/1.1" 200 3097 "-" "Amazon CloudFront"
64.252.74.195 - - [27/Aug/2026:22:26:44 +0000] "GET /assets/vendor/glightbox/css/glightbox.min.css?path=%2F%2Fsys%2Fdev%2Fchar%2F4%3A1%2Fsubsystem%2Ftty63%2Fsubsystem%2FttyS1%2Fsubsystem%2Ftty5 HTTP/1.1" 200 3099 "-" "Amazon CloudFront"
64.252.74.195 - - [27/Aug/2026:22:26:45 +0000] "GET /assets/vendor/glightbox/css/glightbox.min.css?path=%2F%2Fsys%2Fdev%2Fchar%2F4%3A1%2Fsubsystem%2Ftty1%2Fsubsystem%2Ftty63%2Fsubsystem%2Ftty34 HTTP/1.1" 200 3097 "-" "Amazon CloudFront"
64.252.74.195 - - [27/Aug/2026:22:26:45 +0000] "GET /assets/vendor/glightbox/css/glightbox.min.css?path=%2F%2Fsys%2Fdev%2Fchar%2F4%3A46%2Fsubsystem%2Ftty28%2Fsubsystem%2Ftty7%2Fsubsystem%2Ftty1 HTTP/1.1" 200 3096 "-" "Amazon CloudFront"
64.252.68.80 - - [27/Aug/2026:22:26:45 +0000] "GET /?path=//sys/class/thermal/cooling_device3/device/physical_node/node0/memory28/node0/cpu3/driver/cpu0/firmware_node/subsystem/devices/LNXSYSTM:00/LNXPWRBN:00/subsystem/devices/LNXSYSTM:00/LNXSYBUS:00/PNP0A03:00/device:21/physical_node/nvme/nvme2/device/nvme/nvme2/nvme2n1/holders/md0/md/dev-nvme1n1/block/holders/md0/md/rd0 HTTP/1.1" 200 3878 "-" "Amazon CloudFront"
64.252.75.204 - - [27/Aug/2026:22:26:45 +0000] "GET /assets/vendor/glightbox/css/glightbox.min.css?path=%2F%2Fsys%2Fdev%2Fchar%2F4%3A1%2Fsubsystem%2Ftty36%2Fsubsystem%2Ftty8%2Fsubsystem%2Ftty37 HTTP/1.1" 200 3096 "-" "Amazon CloudFront"
64.252.75.236 - - [27/Aug/2026:22:26:45 +0000] "GET /assets/css/main.css?fileloc=%2F%2Fproc%2F17903%2Froot%2Fusr%2Fbin%2Fmsgcomm&path=%2F%2Fproc%2F17903%2Froot%2Fusr%2Fbin HTTP/1.1" 200 2578 "-" "Amazon CloudFront"
64.252.75.204 - - [27/Aug/2026:22:26:45 +0000] "GET /assets/vendor/glightbox/css/glightbox.min.css?path=%2F%2Fsys%2Fdev%2Fchar%2F4%3A46%2Fsubsystem%2Ftty40%2Fsubsystem%2Ftty34%2Fsubsystem%2Ftty45 HTTP/1.1" 200 3094 "-" "Amazon CloudFront"
64.252.75.236 - - [27/Aug/2026:22:26:45 +0000] "GET /assets/css/main.css?fileloc=%2F%2Fsys%2Fclass%2Ftty%2Ftty63%2Fsubsystem%2Ftty31%2Fsubsystem%2FttyS3%2Fdev&path=%2F%2Fsys%2Fclass%2Ftty%2Ftty63%2Fsubsystem%2Ftty31%2Fsubsystem%2FttyS3 HTTP/1.1" 200 2603 "-" "Amazon CloudFront"
64.252.75.236 - - [27/Aug/2026:22:26:45 +0000] "GET /assets/vendor/bootstrap-icons/bootstrap-icons.css?fileloc=%2F%2Flib64%2Fpython2.7%2Flib2to3%2Ffixes%2Ffix_except.py&path=%2F%2Flib64%2Fpython2.7%2Flib2to3%2Ffixes HTTP/1.1" 200 3750 "-" "Amazon CloudFront"
64.252.74.195 - - [27/Aug/2026:22:26:45 +0000] "GET /assets/vendor/glightbox/css/glightbox.min.css?fileloc=%2F%2Fsys%2Fclass%2Finput%2Fevent1%2Fsubsystem%2Finput4%2Fcapabilities%2Fff&path=%2F%2Fsys%2Fclass%2Finput%2Fevent1%2Fsubsystem%2Finput4%2Fcapabilities HTTP/1.1" 200 2604 "-" "Amazon CloudFront"
64.252.75.204 - - [27/Aug/2026:22:26:45 +0000] "GET /assets/css/modal.css?fileloc=%2F%2Fproc%2Fself%2Froot%2Fsys%2Fdevices%2Fvirtual%2Ftty%2Ftty2%2Fsubsystem%2FttyS2%2Fiomem_reg_shift&path=%2F%2Fproc%2Fself%2Froot%2Fsys%2Fdevices%2Fvirtual%2Ftty%2Ftty2%2Fsubsystem%2FttyS2 HTTP/1.1" 200 2635 "-" "Amazon CloudFront"
64.252.75.236 - - [27/Aug/2026:22:26:45 +0000] "GET /assets/vendor/glightbox/css/glightbox.min.css?path=%2F%2Fsys%2Fdev%2Fchar%2F4%3A39%2Fsubsystem%2Ftty21%2Fsubsystem%2Ftty58 HTTP/1.1" 200 3077 "-" "Amazon CloudFront"
64.252.74.195 - - [27/Aug/2026:22:26:45 +0000] "GET /assets/vendor/glightbox/css/glightbox.min.css?path=%2F%2Fsys%2Fdev%2Fchar%2F4%3A46%2Fsubsystem%2Ftty28%2Fsubsystem%2Ftty28%2Fsubsystem%2Ftty35 HTTP/1.1" 200 3089 "-" "Amazon CloudFront"
64.252.74.195 - - [27/Aug/2026:22:26:46 +0000] "GET /index.html?fileloc=%2F%2Fusr%2Flib%2Fpython2.7%2Fsite-packages%2Fjinja2%2F_compat.pyo&path=%2F%2Fusr%2Flib%2Fpython2.7%2Fsite-packages%2Fjinja2 HTTP/1.1" 200 2597 "-" "Amazon CloudFront"
64.252.75.204 - - [27/Aug/2026:22:26:46 +0000] "GET /assets/vendor/glightbox/css/glightbox.min.css?path=%2F%2Fsys%2Fdev%2Fchar%2F4%3A46%2Fsubsystem%2Ftty22%2Fsubsystem%2Ftty6%2Fsubsystem%2Ftty46 HTTP/1.1" 200 3093 "-" "Amazon CloudFront"
64.252.75.236 - - [27/Aug/2026:22:26:46 +0000] "GET /assets/css/main.css?fileloc=%2F%2Fproc%2Fself%2Froot%2Fusr%2Fshare%2Fzoneinfo%2Fleapseconds&path=%2F%2Fproc%2Fself%2Froot%2Fusr%2Fshare%2Fzoneinfo HTTP/1.1" 200 3782 "-" "Amazon CloudFront"
64.252.74.195 - - [27/Aug/2026:22:26:46 +0000] "GET /assets/vendor/glightbox/css/glightbox.min.css?path=%2F%2Fsys%2Fdev%2Fchar%2F5%3A1%2Fsubsystem%2Ftty4%2Fsubsystem%2Ftty50%2Fsubsystem%2Ftty46 HTTP/1.1" 200 3096 "-" "Amazon CloudFront"
64.252.74.195 - - [27/Aug/2026:22:26:46 +0000] "GET /assets/vendor/glightbox/css/glightbox.min.css?path=%2F%2Fsys%2Fdev%2Fchar%2F4%3A1%2Fsubsystem%2Ftty32%2Fsubsystem%2Ftty17%2Fsubsystem%2Ftty5 HTTP/1.1" 200 3097 "-" "Amazon CloudFront"
64.252.75.236 - - [27/Aug/2026:22:26:46 +0000] "GET /assets/vendor/glightbox/css/glightbox.min.css?path=%2F%2Fsys%2Fclass%2Ftty%2Ftty63%2Fsubsystem%2Ftty4%2Fsubsystem%2Ftty1 HTTP/1.1" 200 3071 "-" "Amazon CloudFront"
64.252.75.204 - - [27/Aug/2026:22:26:46 +0000] "GET /assets/vendor/glightbox/css/glightbox.min.css?path=%2F%2Fsys%2Fdev%2Fchar%2F4%3A46%2Fsubsystem%2Ftty6%2Fsubsystem%2Ftty22%2Fsubsystem%2Ftty46 HTTP/1.1" 200 3092 "-" "Amazon CloudFront"
64.252.75.204 - - [27/Aug/2026:22:26:46 +0000] "GET /assets/vendor/glightbox/css/glightbox.min.css?path=%2F%2Fsys%2Fdev%2Fchar%2F4%3A46%2Fsubsystem%2Ftty47%2Fsubsystem%2Ftty45%2Fsubsystem%2Ftty47 HTTP/1.1" 200 3087 "-" "Amazon CloudFront"
64.252.76.137 - - [27/Aug/2026:22:26:46 +0000] "GET /index.html?fileloc=%2F%2Fproc%2Fthread-self%2Froot%2Fproc%2F18%2Fio&path=%2F%2Fproc%2Fthread-self%2Froot%2Fproc%2F18 HTTP/1.1" 200 2575 "-" "Amazon CloudFront"
64.252.74.195 - - [27/Aug/2026:22:26:46 +0000] "GET /index.html?fileloc=%2F%2Fproc%2Fself%2Froot%2Fproc%2F9939%2Ftask%2F9939%2Fpatch_state&path=%2F%2Fproc%2Fself%2Froot%2Fproc%2F9939%2Ftask%2F9939 HTTP/1.1" 200 2591 "-" "Amazon CloudFront"
64.252.75.236 - - [27/Aug/2026:22:26:46 +0000] "GET /assets/vendor/glightbox/css/glightbox.min.css?path=%2F%2Fsys%2Fdev%2Fchar%2F4%3A46%2Fsubsystem%2Ftty1%2Fsubsystem%2Ftty63%2Fsubsystem%2Ftty38 HTTP/1.1" 200 3095 "-" "Amazon CloudFront"
64.252.75.204 - - [27/Aug/2026:22:26:46 +0000] "GET /assets/vendor/glightbox/css/glightbox.min.css?path=%2F%2Fsys%2Fdev%2Fchar%2F4%3A1%2Fsubsystem%2Ftty1%2Fsubsystem%2Ftty47%2Fsubsystem%2Ftty46 HTTP/1.1" 200 3091 "-" "Amazon CloudFront"
64.252.74.195 - - [27/Aug/2026:22:26:47 +0000] "GET /assets/vendor/glightbox/css/glightbox.min.css?path=%2F%2Fsys%2Fdev%2Fchar%2F4%3A1%2Fsubsystem%2FttyS1%2Fsubsystem%2Ftty63%2Fsubsystem%2Ftty5 HTTP/1.1" 200 3096 "-" "Amazon CloudFront"
64.252.75.204 - - [27/Aug/2026:22:26:47 +0000] "GET /assets/vendor/glightbox/css/glightbox.min.css?path=%2F%2Fsys%2Fdev%2Fchar%2F4%3A1%2Fsubsystem%2Ftty6%2Fsubsystem%2Ftty1%2Fsubsystem%2Ftty43 HTTP/1.1" 200 3094 "-" "Amazon CloudFront"
64.252.74.195 - - [27/Aug/2026:22:26:47 +0000] "GET /assets/vendor/glightbox/css/glightbox.min.css?path=%2F%2Fsys%2Fdev%2Fchar%2F4%3A21%2Fsubsystem%2Ftty5%2Fsubsystem%2FttyS2%2Fsubsystem%2Ftty33 HTTP/1.1" 200 3095 "-" "Amazon CloudFront"
64.252.75.236 - - [27/Aug/2026:22:26:47 +0000] "GET /assets/vendor/glightbox/css/glightbox.min.css?path=%2F%2Fsys%2Fdev%2Fchar%2F4%3A46%2Fsubsystem%2Ftty32%2Fsubsystem%2Ftty8%2Fsubsystem%2Ftty12 HTTP/1.1" 200 3093 "-" "Amazon CloudFront"
64.252.74.195 - - [27/Aug/2026:22:26:47 +0000] "GET /assets/vendor/glightbox/css/glightbox.min.css?path=%2F%2Fsys%2Fdev%2Fchar%2F4%3A46%2Fsubsystem%2Ftty63%2Fsubsystem%2Ftty1%2Fsubsystem%2Ftty38 HTTP/1.1" 200 3094 "-" "Amazon CloudFront"
64.252.75.204 - - [27/Aug/2026:22:26:47 +0000] "GET /assets/vendor/bootstrap/js/bootstrap.bundle.min.js?fileloc=%2F%2Fsys%2Fdevices%2Fsystem%2Fmemory%2Fmemory0%2Fsubsystem%2Fdevices%2Fmemory13%2Fvalid_zones&path=%2F%2Fsys%2Fdevices%2Fsystem%2Fmemory%2Fmemory0%2Fsubsystem%2Fdevices%2Fmemory13 HTTP/1.1" 200 2615 "-" "Amazon CloudFront"
64.252.74.195 - - [27/Aug/2026:22:26:47 +0000] "GET /assets/vendor/glightbox/css/glightbox.min.css?fileloc=%2F%2Fsys%2Fclass%2Finput%2Fevent1%2Fsubsystem%2Finput3%2Funiq&path=%2F%2Fsys%2Fclass%2Finput%2Fevent1%2Fsubsystem%2Finput3 HTTP/1.1" 200 2591 "-" "Amazon CloudFront"
64.252.74.195 - - [27/Aug/2026:22:26:47 +0000] "GET /assets/vendor/glightbox/css/glightbox.min.css?path=%2F%2Fsys%2Fdev%2Fchar%2F4%3A46%2Fsubsystem%2Ftty50%2Fsubsystem%2Ftty8%2Fsubsystem%2Ftty22 HTTP/1.1" 200 3093 "-" "Amazon CloudFront"
64.252.75.204 - - [27/Aug/2026:22:26:47 +0000] "GET /assets/vendor/glightbox/css/glightbox.min.css?path=%2F%2Fsys%2Fclass%2Ftty%2Ftty39%2Fsubsystem%2Ftty5%2Fsubsystem%2Ftty4 HTTP/1.1" 200 3071 "-" "Amazon CloudFront"
64.252.75.204 - - [27/Aug/2026:22:26:47 +0000] "GET /assets/vendor/glightbox/css/glightbox.min.css?path=%2F%2Fsys%2Fdev%2Fchar%2F4%3A1%2Fsubsystem%2Ftty40%2Fsubsystem%2Ftty44%2Fsubsystem%2Ftty36 HTTP/1.1" 200 3093 "-" "Amazon CloudFront"
64.252.75.236 - - [27/Aug/2026:22:26:48 +0000] "GET /assets/vendor/glightbox/css/glightbox.min.css?path=%2F%2Fsys%2Fclass%2Ftty%2Ftty41%2Fsubsystem%2Ftty48%2Fsubsystem%2Ftty5 HTTP/1.1" 200 3072 "-" "Amazon CloudFront"
64.252.74.195 - - [27/Aug/2026:22:26:48 +0000] "GET /assets/vendor/glightbox/css/glightbox.min.css?path=%2F%2Fsys%2Fdev%2Fchar%2F4%3A46%2Fsubsystem%2Ftty6%2Fsubsystem%2Ftty6%2Fsubsystem%2Ftty34 HTTP/1.1" 200 3087 "-" "Amazon CloudFront"
64.252.74.195 - - [27/Aug/2026:22:26:48 +0000] "GET /assets/vendor/glightbox/css/glightbox.min.css?path=%2F%2Fsys%2Fdev%2Fchar%2F4%3A42%2Fsubsystem%2Ftty31%2Fsubsystem%2Ftty0 HTTP/1.1" 200 3115 "-" "Amazon CloudFront"
64.252.75.204 - - [27/Aug/2026:22:26:48 +0000] "GET /assets/vendor/glightbox/css/glightbox.min.css?path=%2F%2Fsys%2Fdev%2Fchar%2F4%3A46%2Fsubsystem%2Ftty9%2Fsubsystem%2Ftty46%2Fsubsystem%2Ftty18 HTTP/1.1" 200 3093 "-" "Amazon CloudFront"
64.252.74.195 - - [27/Aug/2026:22:26:48 +0000] "GET /assets/vendor/glightbox/css/glightbox.min.css?fileloc=%2F%2Fproc%2Fthread-self%2Froot%2Fproc%2Fself%2Fcwd%2Fwp-includes%2Fblocks.php&path=%2F%2Fproc%2Fthread-self%2Froot%2Fproc%2Fself%2Fcwd%2Fwp-includes HTTP/1.1" 200 6902 "-" "Amazon CloudFront"
64.252.74.195 - - [27/Aug/2026:22:26:48 +0000] "GET /assets/css/main.css?fileloc=%2F%2Fsys%2Fclass%2Ftty%2Ftty35%2Fsubsystem%2Ftty20%2Fsubsystem%2Ftty48%2Fdev&path=%2F%2Fsys%2Fclass%2Ftty%2Ftty35%2Fsubsystem%2Ftty20%2Fsubsystem%2Ftty48 HTTP/1.1" 200 2604 "-" "Amazon CloudFront"
64.252.75.236 - - [27/Aug/2026:22:26:48 +0000] "GET /assets/vendor/glightbox/css/glightbox.min.css?path=%2F%2Fsys%2Fdev%2Fchar%2F5%3A1%2Fsubsystem%2Ftty40%2Fsubsystem%2Ftty0%2Fsubsystem%2Ftty49 HTTP/1.1" 200 3096 "-" "Amazon CloudFront"
64.252.75.236 - - [27/Aug/2026:22:26:48 +0000] "GET /assets/vendor/bootstrap/js/bootstrap.bundle.min.js?fileloc=%2F%2Fsys%2Fmodule%2Fmousedev%2Fparameters%2Ftap_time&path=%2F%2Fsys%2Fmodule%2Fmousedev%2Fparameters HTTP/1.1" 200 2583 "-" "Amazon CloudFront"
64.252.74.195 - - [27/Aug/2026:22:26:48 +0000] "GET /assets/vendor/glightbox/css/glightbox.min.css?path=%2F%2Fsys%2Fdev%2Fchar%2F4%3A46%2Fsubsystem%2Ftty44%2Fsubsystem%2Ftty31%2Fsubsystem%2Ftty5 HTTP/1.1" 200 3094 "-" "Amazon CloudFront"
64.252.75.236 - - [27/Aug/2026:22:26:48 +0000] "GET /assets/vendor/swiper/swiper-bundle.min.css?fileloc=%2F%2Fusr%2Flib64%2Fpython2.7%2Fsite-packages%2FPIL%2FMspImagePlugin.pyc&path=%2F%2Fusr%2Flib64%2Fpython2.7%2Fsite-packages%2FPIL HTTP/1.1" 200 2604 "-" "Amazon CloudFront"
64.252.74.195 - - [27/Aug/2026:22:26:48 +0000] "GET /assets/css/modal.css?fileloc=%2F%2Fusr%2Fshare%2Fgtk-doc%2Fhtml%2Flibxml2%2Flibxml2-valid.html&path=%2F%2Fusr%2Fshare%2Fgtk-doc%2Fhtml%2Flibxml2 HTTP/1.1" 200 12594 "-" "Amazon CloudFront"
64.252.75.204 - - [27/Aug/2026:22:26:48 +0000] "GET /assets/vendor/glightbox/css/glightbox.min.css?path=%2F%2Fsys%2Fclass%2Ftty%2Ftty63%2Fsubsystem%2FttyS2%2Fsubsystem%2FttyS0 HTTP/1.1" 200 3673 "-" "Amazon CloudFront"
64.252.75.204 - - [27/Aug/2026:22:26:49 +0000] "GET /assets/vendor/glightbox/css/glightbox.min.css?path=%2F%2Fsys%2Fdev%2Fchar%2F4%3A1%2Fsubsystem%2Ftty50%2Fsubsystem%2Ftty57%2Fsubsystem%2FttyS2 HTTP/1.1" 200 3646 "-" "Amazon CloudFront"
64.252.75.236 - - [27/Aug/2026:22:26:49 +0000] "GET /index.html?fileloc=%2F%2Fproc%2Fself%2Froot%2Fsys%2Fpower%2Fdisk&path=%2F%2Fproc%2Fself%2Froot%2Fsys%2Fpower HTTP/1.1" 200 2607 "-" "Amazon CloudFront"
64.252.68.74 - - [27/Aug/2026:22:26:49 +0000] "GET /products/detail/272703723?path=//sys/devices/pci0000:00/firmware_node/physical_node/pci_bus/0000:00/device/firmware_node/physical_node/0000:00:00.0/subsystem/drivers/nvme/module/drivers/pci:nvme/0000:00:04.0/driver/0000:00:1e.0/nvme/nvme1/nvme1n1/holders/md0/md/dev-nvme1n1/block/subsystem/md0/slaves/nvme1n1/mq HTTP/1.1" 200 3418 "-" "Amazon CloudFront"
64.252.74.195 - - [27/Aug/2026:22:26:49 +0000] "GET /assets/css/main.css?fileloc=%2F%2Fsys%2Fclass%2Ftty%2Ftty41%2Fsubsystem%2Fconsole%2Fsubsystem%2Ftty52%2Fuevent&path=%2F%2Fsys%2Fclass%2Ftty%2Ftty41%2Fsubsystem%2Fconsole%2Fsubsystem%2Ftty52 HTTP/1.1" 200 2634 "-" "Amazon CloudFront"
64.252.75.236 - - [27/Aug/2026:22:26:49 +0000] "GET /assets/css/main.css?fileloc=%2F%2Fproc%2F17903%2Froot%2Fproc%2Fself%2Froot%2Fsbin%2Fnew-kernel-pkg&path=%2F%2Fproc%2F17903%2Froot%2Fproc%2Fself%2Froot%2Fsbin HTTP/1.1" 200 2597 "-" "Amazon CloudFront"
64.252.74.195 - - [27/Aug/2026:22:26:49 +0000] "GET /assets/css/modal.css?fileloc=%2F%2Fproc%2Fself%2Froot%2Fproc%2F3441%2Fstat&path=%2F%2Fproc%2Fself%2Froot%2Fproc%2F3441 HTTP/1.1" 200 2681 "-" "Amazon CloudFront"
64.252.74.195 - - [27/Aug/2026:22:26:49 +0000] "GET /assets/vendor/glightbox/css/glightbox.min.css?path=%2F%2Fsys%2Fdev%2Fchar%2F4%3A1%2Fsubsystem%2Ftty48%2Fsubsystem%2Ftty0%2Fsubsystem%2Ftty49 HTTP/1.1" 200 3095 "-" "Amazon CloudFront"
64.252.75.236 - - [27/Aug/2026:22:26:49 +0000] "GET /assets/css/main.css?fileloc=%2F%2Fsys%2Fclass%2Ftty%2Ftty9%2Fsubsystem%2Ftty18%2Fsubsystem%2Ftty47%2Fdev&path=%2F%2Fsys%2Fclass%2Ftty%2Ftty9%2Fsubsystem%2Ftty18%2Fsubsystem%2Ftty47 HTTP/1.1" 200 2603 "-" "Amazon CloudFront"
64.252.74.195 - - [27/Aug/2026:22:26:49 +0000] "GET /assets/vendor/glightbox/css/glightbox.min.css?path=%2F%2Fsys%2Fdev%2Fchar%2F4%3A46%2Fsubsystem%2Ftty9%2Fsubsystem%2Ftty46%2Fsubsystem%2Ftty16 HTTP/1.1" 200 3092 "-" "Amazon CloudFront"
64.252.75.204 - - [27/Aug/2026:22:26:49 +0000] "GET /assets/vendor/glightbox/css/glightbox.min.css?path=%2F%2Fsys%2Fdev%2Fchar%2F4%3A1%2Fsubsystem%2Ftty7%2Fsubsystem%2Ftty46%2Fsubsystem%2Ftty20 HTTP/1.1" 200 3097 "-" "Amazon CloudFront"
64.252.75.204 - - [27/Aug/2026:22:26:49 +0000] "GET /assets/vendor/glightbox/css/glightbox.min.css?path=%2F%2Fsys%2Fdev%2Fchar%2F4%3A46%2Fsubsystem%2Ftty63%2Fsubsystem%2Ftty46%2Fsubsystem%2Ftty56 HTTP/1.1" 200 3092 "-" "Amazon CloudFront"
64.252.75.236 - - [27/Aug/2026:22:26:49 +0000] "GET /assets/vendor/glightbox/css/glightbox.min.css?path=%2F%2Fsys%2Fdev%2Fchar%2F4%3A46%2Fsubsystem%2Ftty7%2Fsubsystem%2Ftty28%2Fsubsystem%2Ftty46 HTTP/1.1" 200 3093 "-" "Amazon CloudFront"
64.252.75.204 - - [27/Aug/2026:22:26:50 +0000] "GET /assets/vendor/glightbox/css/glightbox.min.css?path=%2F%2Fsys%2Fdev%2Fchar%2F4%3A46%2Fsubsystem%2Ftty53%2Fsubsystem%2Ftty46%2Fsubsystem%2Ftty30 HTTP/1.1" 200 3094 "-" "Amazon CloudFront"
64.252.74.195 - - [27/Aug/2026:22:26:50 +0000] "GET /assets/vendor/glightbox/css/glightbox.min.css?path=%2F%2Fsys%2Fclass%2Ftty%2Ftty5%2Fsubsystem%2Ftty4%2Fsubsystem%2FttyS0 HTTP/1.1" 200 3672 "-" "Amazon CloudFront"
64.252.75.204 - - [27/Aug/2026:22:26:50 +0000] "GET /assets/vendor/glightbox/css/glightbox.min.css?path=%2F%2Fsys%2Fdev%2Fchar%2F4%3A46%2Fsubsystem%2Ftty63%2Fsubsystem%2FttyS3%2Fsubsystem%2Ftty37 HTTP/1.1" 200 3096 "-" "Amazon CloudFront"
64.252.75.236 - - [27/Aug/2026:22:26:50 +0000] "GET /assets/css/modal.css?fileloc=%2F%2Fproc%2Fself%2Froot%2Fsys%2Fkernel%2Firq%2F24%2Ftype&path=%2F%2Fproc%2Fself%2Froot%2Fsys%2Fkernel%2Firq%2F24 HTTP/1.1" 200 2599 "-" "Amazon CloudFront"
64.252.74.195 - - [27/Aug/2026:22:26:50 +0000] "GET /assets/vendor/glightbox/css/glightbox.min.css?path=%2F%2Fsys%2Fdev%2Fchar%2F4%3A1%2Fsubsystem%2Ftty52%2Fsubsystem%2Ftty5%2Fsubsystem%2Ftty4%2Fsubsystem%2Ftty8 HTTP/1.1" 200 3104 "-" "Amazon CloudFront"
64.252.75.236 - - [27/Aug/2026:22:26:50 +0000] "GET /assets/vendor/glightbox/css/glightbox.min.css?path=%2F%2Fsys%2Fclass%2Ftty%2Ftty39%2Fsubsystem%2Ftty58 HTTP/1.1" 200 3059 "-" "Amazon CloudFront"
64.252.74.195 - - [27/Aug/2026:22:26:50 +0000] "GET /assets/vendor/bootstrap/js/bootstrap.bundle.min.js?path=%2F%2Fsys%2Fkernel%2Fslab%2F%3A0000512 HTTP/1.1" 200 4050 "-" "Amazon CloudFront"
64.252.75.236 - - [27/Aug/2026:22:26:50 +0000] "GET /assets/vendor/glightbox/css/glightbox.min.css?path=%2F%2Fsys%2Fdev%2Fchar%2F4%3A1%2Fsubsystem%2Ftty33%2Fsubsystem%2Ftty53%2Fsubsystem%2Ftty37 HTTP/1.1" 200 3093 "-" "Amazon CloudFront"
64.252.74.195 - - [27/Aug/2026:22:26:50 +0000] "GET /assets/vendor/glightbox/css/glightbox.min.css?path=%2F%2Fsys%2Fdev%2Fchar%2F4%3A46%2Fsubsystem%2Ftty28%2Fsubsystem%2Ftty7%2Fsubsystem%2Ftty46 HTTP/1.1" 200 3093 "-" "Amazon CloudFront"
64.252.74.195 - - [27/Aug/2026:22:26:50 +0000] "GET /assets/vendor/glightbox/css/glightbox.min.css?path=%2F%2Fsys%2Fdev%2Fchar%2F4%3A22%2Fsubsystem%2Ftty49%2Fsubsystem%2Ftty7 HTTP/1.1" 200 3074 "-" "Amazon CloudFront"
64.252.75.236 - - [27/Aug/2026:22:26:50 +0000] "GET /assets/vendor/glightbox/css/glightbox.min.css?path=%2F%2Fsys%2Fdev%2Fchar%2F4%3A46%2Fsubsystem%2FttyS3%2Fsubsystem%2Ftty63%2Fsubsystem%2Ftty37 HTTP/1.1" 200 3096 "-" "Amazon CloudFront"
64.252.74.195 - - [27/Aug/2026:22:26:51 +0000] "GET /assets/vendor/glightbox/css/glightbox.min.css?fileloc=%2F%2Fproc%2Fthread-self%2Froot%2Fsys%2Fdev%2Fchar%2F4%3A19%2Fsubsystem%2FttyS3%2Fflags&path=%2F%2Fproc%2Fthread-self%2Froot%2Fsys%2Fdev%2Fchar%2F4%3A19%2Fsubsystem%2FttyS3 HTTP/1.1" 200 2623 "-" "Amazon CloudFront"
64.252.75.236 - - [27/Aug/2026:22:26:51 +0000] "GET /assets/css/main.css?fileloc=%2F%2Fsys%2Fclass%2Ftty%2Ftty37%2Fsubsystem%2Ftty30%2Fsubsystem%2Ftty47%2Fdev&path=%2F%2Fsys%2Fclass%2Ftty%2Ftty37%2Fsubsystem%2Ftty30%2Fsubsystem%2Ftty47 HTTP/1.1" 200 2602 "-" "Amazon CloudFront"
64.252.75.204 - - [27/Aug/2026:22:26:51 +0000] "GET /assets/vendor/glightbox/css/glightbox.min.css?path=%2F%2Fsys%2Fdev%2Fchar%2F5%3A1%2Fsubsystem%2Ftty35%2Fsubsystem%2Ftty46%2Fsubsystem%2Ftty1 HTTP/1.1" 200 3096 "-" "Amazon CloudFront"
64.252.74.195 - - [27/Aug/2026:22:26:51 +0000] "GET /assets/css/main.css?fileloc=%2F%2Fsys%2Fclass%2Ftty%2Ftty52%2Fsubsystem%2Ftty10%2Fsubsystem%2Ftty53%2Fdev&path=%2F%2Fsys%2Fclass%2Ftty%2Ftty52%2Fsubsystem%2Ftty10%2Fsubsystem%2Ftty53 HTTP/1.1" 200 2604 "-" "Amazon CloudFront"
64.252.75.236 - - [27/Aug/2026:22:26:51 +0000] "GET /assets/vendor/glightbox/css/glightbox.min.css?path=%2F%2Fsys%2Fdev%2Fchar%2F4%3A1%2Fsubsystem%2Ftty53%2Fsubsystem%2Ftty41%2Fsubsystem%2Ftty23 HTTP/1.1" 200 3095 "-" "Amazon CloudFront"
64.252.75.204 - - [27/Aug/2026:22:26:51 +0000] "GET /assets/vendor/glightbox/css/glightbox.min.css?path=%2F%2Fsys%2Fclass%2Ftty%2Ftty10%2Fsubsystem%2Ftty5%2Fsubsystem%2Ftty4 HTTP/1.1" 200 3071 "-" "Amazon CloudFront"
64.252.74.195 - - [27/Aug/2026:22:26:51 +0000] "GET /assets/vendor/swiper/swiper-bundle.min.css?path=%2F%2Fsys%2Fclass%2Ftty HTTP/1.1" 200 4548 "-" "Amazon CloudFront"
64.252.75.204 - - [27/Aug/2026:22:26:51 +0000] "GET /assets/vendor/glightbox/css/glightbox.min.css?path=%2F%2Fsys%2Fdev%2Fchar%2F4%3A46%2Fsubsystem%2Ftty22%2Fsubsystem%2Ftty1%2Fsubsystem%2Ftty37 HTTP/1.1" 200 3094 "-" "Amazon CloudFront"
64.252.74.195 - - [27/Aug/2026:22:26:51 +0000] "GET /assets/js/main.js?fileloc=%2F%2Fproc%2Fthread-self%2Froot%2Fproc%2F3602%2Fmountinfo&path=%2F%2Fproc%2Fthread-self%2Froot%2Fproc%2F3602 HTTP/1.1" 200 27544 "-" "Amazon CloudFront"
64.252.75.204 - - [27/Aug/2026:22:26:51 +0000] "GET /assets/vendor/glightbox/css/glightbox.min.css?path=%2F%2Fsys%2Fdev%2Fchar%2F4%3A1%2Fsubsystem%2Ftty9%2Fsubsystem%2Ftty40%2Fsubsystem%2Ftty1 HTTP/1.1" 200 3092 "-" "Amazon CloudFront"
64.252.75.236 - - [27/Aug/2026:22:26:51 +0000] "GET /assets/css/modal.css?fileloc=%2F%2Fproc%2Fself%2Froot%2Fsys%2Fdevices%2Fvirtual%2Ftty%2Ftty26%2Fsubsystem%2Ftty35%2Fdev&path=%2F%2Fproc%2Fself%2Froot%2Fsys%2Fdevices%2Fvirtual%2Ftty%2Ftty26%2Fsubsystem%2Ftty35 HTTP/1.1" 200 2631 "-" "Amazon CloudFront"
64.252.75.204 - - [27/Aug/2026:22:26:52 +0000] "GET /assets/css/main.css?fileloc=%2F%2Fsys%2Fclass%2Ftty%2Ftty30%2Fsubsystem%2Ftty37%2Fsubsystem%2Ftty47%2Fdev&path=%2F%2Fsys%2Fclass%2Ftty%2Ftty30%2Fsubsystem%2Ftty37%2Fsubsystem%2Ftty47 HTTP/1.1" 200 2602 "-" "Amazon CloudFront"
64.252.75.204 - - [27/Aug/2026:22:26:52 +0000] "GET /assets/vendor/glightbox/css/glightbox.min.css?path=%2F%2Fsys%2Fdev%2Fchar%2F4%3A46%2Fsubsystem%2Ftty32%2Fsubsystem%2Ftty7%2Fsubsystem%2Ftty60 HTTP/1.1" 200 3094 "-" "Amazon CloudFront"
64.252.75.236 - - [27/Aug/2026:22:26:52 +0000] "GET /assets/vendor/glightbox/css/glightbox.min.css?path=%2F%2Fsys%2Fdev%2Fchar%2F4%3A1%2Fsubsystem%2Ftty40%2Fsubsystem%2Ftty9%2Fsubsystem%2Ftty1 HTTP/1.1" 200 3092 "-" "Amazon CloudFront"
64.252.74.195 - - [27/Aug/2026:22:26:52 +0000] "GET /assets/vendor/glightbox/css/glightbox.min.css?path=%2F%2Fsys%2Fdev%2Fchar%2F5%3A1%2Fsubsystem%2Ftty33%2Fsubsystem%2Ftty41%2Fsubsystem%2Ftty4%2Fsubsystem%2Ftty0 HTTP/1.1" 200 3151 "-" "Amazon CloudFront"
64.252.75.204 - - [27/Aug/2026:22:26:52 +0000] "GET /assets/vendor/glightbox/css/glightbox.min.css?path=%2F%2Fsys%2Fdev%2Fchar%2F4%3A1%2Fsubsystem%2Ftty63%2Fsubsystem%2Ftty57%2Fsubsystem%2Ftty5 HTTP/1.1" 200 3096 "-" "Amazon CloudFront"
64.252.75.204 - - [27/Aug/2026:22:26:52 +0000] "GET /assets/vendor/glightbox/css/glightbox.min.css?path=%2F%2Fsys%2Fdev%2Fchar%2F4%3A1%2Fsubsystem%2Ftty22%2Fsubsystem%2Ftty47%2Fsubsystem%2Ftty45 HTTP/1.1" 200 3093 "-" "Amazon CloudFront"
64.252.75.204 - - [27/Aug/2026:22:26:52 +0000] "GET /assets/vendor/glightbox/css/glightbox.min.css?path=%2F%2Fsys%2Fdev%2Fchar%2F4%3A46%2Fsubsystem%2Ftty49%2Fsubsystem%2Ftty58%2Fsubsystem%2Ftty5 HTTP/1.1" 200 3093 "-" "Amazon CloudFront"
64.252.75.204 - - [27/Aug/2026:22:26:52 +0000] "GET /assets/css/modal.css?fileloc=%2F%2Fproc%2Fself%2Froot%2Fsys%2Fdevices%2Fvirtual%2Ftty%2Ftty14%2Fsubsystem%2Ftty%2Fsubsystem%2Ftty63%2Fdev&path=%2F%2Fproc%2Fself%2Froot%2Fsys%2Fdevices%2Fvirtual%2Ftty%2Ftty14%2Fsubsystem%2Ftty%2Fsubsystem%2Ftty63 HTTP/1.1" 200 2641 "-" "Amazon CloudFront"
64.252.74.195 - - [27/Aug/2026:22:26:52 +0000] "GET /assets/vendor/glightbox/css/glightbox.min.css?path=%2F%2Fsys%2Fdev%2Fchar%2F4%3A1%2Fsubsystem%2Ftty9%2Fsubsystem%2Ftty6%2Fsubsystem%2Ftty36 HTTP/1.1" 200 3092 "-" "Amazon CloudFront"
64.252.74.195 - - [27/Aug/2026:22:26:52 +0000] "GET /assets/vendor/glightbox/css/glightbox.min.css?fileloc=%2F%2Fproc%2Fthread-self%2Froot%2Fproc%2Fthread-self%2Froot%2Fbin%2Fmyisamlog&path=%2F%2Fproc%2Fthread-self%2Froot%2Fproc%2Fthread-self%2Froot%2Fbin HTTP/1.1" 200 2589 "-" "Amazon CloudFront"
64.252.75.236 - - [27/Aug/2026:22:26:52 +0000] "GET /assets/vendor/glightbox/css/glightbox.min.css?path=%2F%2Fsys%2Fdev%2Fchar%2F4%3A1%2Fsubsystem%2Ftty28%2Fsubsystem%2Ftty20%2Fsubsystem%2Ftty41 HTTP/1.1" 200 3092 "-" "Amazon CloudFront"
64.252.75.204 - - [27/Aug/2026:22:26:53 +0000] "GET /assets/vendor/bootstrap/js/bootstrap.bundle.min.js?fileloc=%2F%2Flib%2Fpython2.7%2Fsite-packages%2Fbabel%2Flocaledata%2Ftr.dat&path=%2F%2Flib%2Fpython2.7%2Fsite-packages%2Fbabel%2Flocaledata HTTP/1.1" 200 2592 "-" "Amazon CloudFront"
64.252.75.236 - - [27/Aug/2026:22:26:53 +0000] "GET /assets/css/main.css?fileloc=%2F%2Fsys%2Fclass%2Ftty%2Ftty41%2Fsubsystem%2Ftty13%2Fsubsystem%2Ftty48%2Fdev&path=%2F%2Fsys%2Fclass%2Ftty%2Ftty41%2Fsubsystem%2Ftty13%2Fsubsystem%2Ftty48 HTTP/1.1" 200 2603 "-" "Amazon CloudFront"
64.252.75.204 - - [27/Aug/2026:22:26:53 +0000] "GET /assets/vendor/glightbox/css/glightbox.min.css?path=%2F%2Fsys%2Fdev%2Fchar%2F4%3A46%2Fsubsystem%2Ftty44%2Fsubsystem%2Ftty5%2Fsubsystem%2Ftty31 HTTP/1.1" 200 3094 "-" "Amazon CloudFront"
64.252.75.236 - - [27/Aug/2026:22:26:53 +0000] "GET /assets/vendor/glightbox/css/glightbox.min.css?path=%2F%2Fsys%2Fdev%2Fchar%2F4%3A46%2Fsubsystem%2FttyS3%2Fsubsystem%2Ftty52%2Fsubsystem%2Ftty1 HTTP/1.1" 200 3094 "-" "Amazon CloudFront"
64.252.67.164 - - [27/Aug/2026:22:26:53 +0000] "GET /?path=//sys/bus/node/devices/node0/memory2/node0/cpu7/driver/cpu1/firmware_node/subsystem/devices/LNXSYSTM:00/LNXSYBUS:00/PNP0A03:00/physical_node/0000:00:1e.0/driver/0000:00:1f.0/nvme/nvme2/device/nvme/nvme2/nvme2n1/holders/md0/slaves/nvme1n1/holders/md0/slaves/nvme2n1/device/subsystem/nvme1/nvme1n1/mq/7 HTTP/1.1" 200 3449 "-" "Amazon CloudFront"
64.252.75.204 - - [27/Aug/2026:22:26:53 +0000] "GET /assets/vendor/glightbox/css/glightbox.min.css?path=%2F%2Fsys%2Fdev%2Fchar%2F4%3A46%2Fsubsystem%2Ftty29%2Fsubsystem%2Ftty11%2Fsubsystem%2Ftty4 HTTP/1.1" 200 3093 "-" "Amazon CloudFront"
64.252.75.236 - - [27/Aug/2026:22:26:53 +0000] "GET /assets/vendor/glightbox/css/glightbox.min.css?path=%2F%2Fsys%2Fdev%2Fchar%2F4%3A46%2Fsubsystem%2Ftty1%2Fsubsystem%2Ftty36%2Fsubsystem%2Ftty22 HTTP/1.1" 200 3096 "-" "Amazon CloudFront"
64.252.74.195 - - [27/Aug/2026:22:26:53 +0000] "GET /assets/vendor/glightbox/css/glightbox.min.css?path=%2F%2Fsys%2Fdev%2Fchar%2F4%3A1%2Fsubsystem%2Ftty32%2Fsubsystem%2Ftty5%2Fsubsystem%2Ftty25 HTTP/1.1" 200 3096 "-" "Amazon CloudFront"
64.252.75.236 - - [27/Aug/2026:22:26:53 +0000] "GET /assets/css/main.css?fileloc=%2F%2Fsys%2Fclass%2Ftty%2Ftty4%2Fsubsystem%2Fconsole%2Fsubsystem%2Ftty47%2Fuevent&path=%2F%2Fsys%2Fclass%2Ftty%2Ftty4%2Fsubsystem%2Fconsole%2Fsubsystem%2Ftty47 HTTP/1.1" 200 2631 "-" "Amazon CloudFront"
64.252.75.236 - - [27/Aug/2026:22:26:53 +0000] "GET /assets/vendor/glightbox/css/glightbox.min.css?path=%2F%2Fsys%2Fdev%2Fchar%2F4%3A1%2Fsubsystem%2Ftty1%2Fsubsystem%2Ftty47%2Fsubsystem%2Ftty53 HTTP/1.1" 200 3097 "-" "Amazon CloudFront"
64.252.74.195 - - [27/Aug/2026:22:26:53 +0000] "GET /assets/vendor/glightbox/css/glightbox.min.css?path=%2F%2Fsys%2Fdev%2Fchar%2F4%3A46%2Fsubsystem%2Ftty35%2Fsubsystem%2Ftty25%2Fsubsystem%2Ftty7 HTTP/1.1" 200 3094 "-" "Amazon CloudFront"
64.252.75.236 - - [27/Aug/2026:22:26:54 +0000] "GET /assets/vendor/glightbox/css/glightbox.min.css?path=%2F%2Fsys%2Fdev%2Fchar%2F4%3A1%2Fsubsystem%2Ftty1%2Fsubsystem%2Ftty25%2Fsubsystem%2Ftty41 HTTP/1.1" 200 3092 "-" "Amazon CloudFront"
64.252.74.195 - - [27/Aug/2026:22:26:54 +0000] "GET /assets/vendor/glightbox/css/glightbox.min.css?path=%2F%2Fsys%2Fclass%2Ftty%2Ftty4%2Fsubsystem%2Ftty32%2Fsubsystem%2Ftty53 HTTP/1.1" 200 3073 "-" "Amazon CloudFront"
64.252.74.195 - - [27/Aug/2026:22:26:54 +0000] "GET /assets/css/main.css?fileloc=%2F%2Fproc%2Fself%2Froot%2Fproc%2Fthread-self%2Froot%2Ftmp%2Fsess_t83bc43cc67h07e964e3cse3o5&path=%2F%2Fproc%2Fself%2Froot%2Fproc%2Fthread-self%2Froot%2Ftmp HTTP/1.1" 200 2606 "-" "Amazon CloudFront"
64.252.75.204 - - [27/Aug/2026:22:26:54 +0000] "GET /assets/vendor/glightbox/css/glightbox.min.css?path=%2F%2Fsys%2Fdev%2Fchar%2F4%3A1%2Fsubsystem%2Ftty6%2Fsubsystem%2Ftty28%2Fsubsystem%2Ftty46 HTTP/1.1" 200 3096 "-" "Amazon CloudFront"
64.252.74.195 - - [27/Aug/2026:22:26:54 +0000] "GET /assets/vendor/glightbox/css/glightbox.min.css?path=%2F%2Fsys%2Fdev%2Fchar%2F5%3A1%2Fsubsystem%2Ftty8%2Fsubsystem%2Ftty44%2Fsubsystem%2Ftty36 HTTP/1.1" 200 3098 "-" "Amazon CloudFront"
64.252.74.195 - - [27/Aug/2026:22:26:54 +0000] "GET /assets/vendor/glightbox/css/glightbox.min.css?path=%2F%2Fsys%2Fdev%2Fchar%2F4%3A46%2Fsubsystem%2Ftty0%2Fsubsystem%2Ftty59%2Fsubsystem%2Ftty22 HTTP/1.1" 200 3095 "-" "Amazon CloudFront"
64.252.75.204 - - [27/Aug/2026:22:26:54 +0000] "GET /assets/vendor/glightbox/css/glightbox.min.css?path=%2F%2Fsys%2Fdev%2Fchar%2F4%3A1%2Fsubsystem%2Ftty35%2Fsubsystem%2Ftty7%2Fsubsystem%2Ftty36 HTTP/1.1" 200 3096 "-" "Amazon CloudFront"
64.252.75.204 - - [27/Aug/2026:22:26:54 +0000] "GET /assets/vendor/glightbox/css/glightbox.min.css?path=%2F%2Fsys%2Fdev%2Fchar%2F4%3A1%2Fsubsystem%2Ftty6%2Fsubsystem%2Ftty31%2Fsubsystem%2Ftty5 HTTP/1.1" 200 3093 "-" "Amazon CloudFront"
64.252.74.195 - - [27/Aug/2026:22:26:54 +0000] "GET /assets/css/main.css?fileloc=%2F%2Fsys%2Fclass%2Ftty%2Ftty47%2Fsubsystem%2Ftty29%2Fsubsystem%2Ftty48%2Fdev&path=%2F%2Fsys%2Fclass%2Ftty%2Ftty47%2Fsubsystem%2Ftty29%2Fsubsystem%2Ftty48 HTTP/1.1" 200 2603 "-" "Amazon CloudFront"
64.252.75.236 - - [27/Aug/2026:22:26:54 +0000] "GET /assets/vendor/glightbox/css/glightbox.min.css?path=%2F%2Fsys%2Fdev%2Fchar%2F4%3A46%2Fsubsystem%2Ftty1%2Fsubsystem%2Ftty6%2Fsubsystem%2Ftty20 HTTP/1.1" 200 3098 "-" "Amazon CloudFront"
64.252.75.236 - - [27/Aug/2026:22:26:54 +0000] "GET /assets/css/main.css?fileloc=%2F%2Fsys%2Fclass%2Ftty%2Ftty60%2Fsubsystem%2Ftty22%2Fsubsystem%2Ftty48%2Fdev&path=%2F%2Fsys%2Fclass%2Ftty%2Ftty60%2Fsubsystem%2Ftty22%2Fsubsystem%2Ftty48 HTTP/1.1" 200 2604 "-" "Amazon CloudFront"
64.252.75.204 - - [27/Aug/2026:22:26:55 +0000] "GET /assets/css/main.css?fileloc=%2F%2Fproc%2Fself%2Froot%2Fproc%2Fthread-self%2Froot%2Ftmp%2Fsess_a1264666pfmg09umqs7oellms3&path=%2F%2Fproc%2Fself%2Froot%2Fproc%2Fthread-self%2Froot%2Ftmp HTTP/1.1" 200 2608 "-" "Amazon CloudFront"
64.252.75.236 - - [27/Aug/2026:22:26:55 +0000] "GET /assets/vendor/glightbox/css/glightbox.min.css?path=%2F%2Fsys%2Fdev%2Fchar%2F4%3A1%2Fsubsystem%2Ftty7%2Fsubsystem%2Ftty35%2Fsubsystem%2Ftty36 HTTP/1.1" 200 3096 "-" "Amazon CloudFront"
64.252.75.204 - - [27/Aug/2026:22:26:55 +0000] "GET /assets/css/modal.css?path=%2F%2Fproc%2F20%2Ftask%2F20%2Fnet%2Frpc%2Fauth.unix.gid HTTP/1.1" 200 3009 "-" "Amazon CloudFront"
64.252.74.195 - - [27/Aug/2026:22:26:55 +0000] "GET /assets/vendor/glightbox/css/glightbox.min.css?path=%2F%2Fsys%2Fdev%2Fchar%2F4%3A1%2Fsubsystem%2Ftty50%2Fsubsystem%2FttyS0%2Fsubsystem%2Ftty4 HTTP/1.1" 200 3097 "-" "Amazon CloudFront"
64.252.75.204 - - [27/Aug/2026:22:26:55 +0000] "GET /assets/vendor/glightbox/css/glightbox.min.css?path=%2F%2Fsys%2Fdev%2Fchar%2F4%3A1%2Fsubsystem%2Ftty29%2Fsubsystem%2Ftty33%2Fsubsystem%2Ftty48 HTTP/1.1" 200 3095 "-" "Amazon CloudFront"
64.252.75.236 - - [27/Aug/2026:22:26:55 +0000] "GET /assets/vendor/glightbox/css/glightbox.min.css?path=%2F%2Fsys%2Fdev%2Fchar%2F4%3A1%2Fsubsystem%2Ftty48%2Fsubsystem%2Ftty17%2Fsubsystem%2Ftty3 HTTP/1.1" 200 3097 "-" "Amazon CloudFront"
64.252.74.195 - - [27/Aug/2026:22:26:55 +0000] "GET /assets/vendor/glightbox/css/glightbox.min.css?path=%2F%2Fsys%2Fdev%2Fchar%2F5%3A1%2Fsubsystem%2Ftty35%2Fsubsystem%2Ftty46%2Fsubsystem%2Ftty53 HTTP/1.1" 200 3094 "-" "Amazon CloudFront"
64.252.74.195 - - [27/Aug/2026:22:26:55 +0000] "GET /assets/vendor/glightbox/css/glightbox.min.css?path=%2F%2Fsys%2Fdev%2Fchar%2F5%3A1%2Fsubsystem%2Ftty44%2Fsubsystem%2Ftty8%2Fsubsystem%2Ftty36 HTTP/1.1" 200 3097 "-" "Amazon CloudFront"
64.252.75.204 - - [27/Aug/2026:22:26:55 +0000] "GET /assets/js/main.js?path=%2F%2Fproc%2F2846%2Ftask%2F2854%2Ffd HTTP/1.1" 200 2628 "-" "Amazon CloudFront"
64.252.75.236 - - [27/Aug/2026:22:26:55 +0000] "GET /assets/vendor/glightbox/css/glightbox.min.css?path=%2F%2Fsys%2Fdev%2Fchar%2F4%3A1%2Fsubsystem%2Ftty28%2Fsubsystem%2Ftty6%2Fsubsystem%2Ftty46 HTTP/1.1" 200 3095 "-" "Amazon CloudFront"
64.252.75.204 - - [27/Aug/2026:22:26:55 +0000] "GET /assets/vendor/glightbox/css/glightbox.min.css?path=%2F%2Fsys%2Fdev%2Fchar%2F5%3A1%2Fsubsystem%2Ftty33%2Fsubsystem%2Ftty1%2Fsubsystem%2Ftty55 HTTP/1.1" 200 3099 "-" "Amazon CloudFront"
64.252.75.236 - - [27/Aug/2026:22:26:56 +0000] "GET /assets/css/main.css?fileloc=%2F%2Fsys%2Fclass%2Ftty%2Ftty52%2Fsubsystem%2Ftty38%2Fsubsystem%2Ftty47%2Fdev&path=%2F%2Fsys%2Fclass%2Ftty%2Ftty52%2Fsubsystem%2Ftty38%2Fsubsystem%2Ftty47 HTTP/1.1" 200 2604 "-" "Amazon CloudFront"
64.252.75.204 - - [27/Aug/2026:22:26:56 +0000] "GET /assets/vendor/glightbox/css/glightbox.min.css?path=%2F%2Fsys%2Fdev%2Fchar%2F4%3A46%2Fsubsystem%2Ftty63%2Fsubsystem%2Ftty46%2Fsubsystem%2Ftty19 HTTP/1.1" 200 3094 "-" "Amazon CloudFront"
64.252.75.204 - - [27/Aug/2026:22:26:56 +0000] "GET /assets/vendor/glightbox/css/glightbox.min.css?path=%2F%2Fsys%2Fdev%2Fchar%2F5%3A1%2Fsubsystem%2Ftty35%2Fsubsystem%2Ftty17%2Fsubsystem%2Ftty3 HTTP/1.1" 200 3096 "-" "Amazon CloudFront"
64.252.75.204 - - [27/Aug/2026:22:26:56 +0000] "GET /assets/vendor/glightbox/css/glightbox.min.css?path=%2F%2Fsys%2Fdev%2Fchar%2F4%3A46%2Fsubsystem%2Ftty6%2Fsubsystem%2Ftty1%2Fsubsystem%2Ftty20 HTTP/1.1" 200 3092 "-" "Amazon CloudFront"
64.252.74.195 - - [27/Aug/2026:22:26:56 +0000] "GET /assets/vendor/bootstrap/js/bootstrap.bundle.min.js?path=%2F%2Fsys%2Fdevices%2Fvirtual%2Ftty%2Ftty62%2Fsubsystem%2Ftty59%2Fpower HTTP/1.1" 200 3126 "-" "Amazon CloudFront"
64.252.74.195 - - [27/Aug/2026:22:26:56 +0000] "GET /assets/vendor/bootstrap/js/bootstrap.bundle.min.js?path=%2F%2Fsys%2Fclass%2Fmsr%2Fmsr7%2Fsubsystem%2Fmsr2 HTTP/1.1" 200 3050 "-" "Amazon CloudFront"
64.252.74.195 - - [27/Aug/2026:22:26:56 +0000] "GET /assets/css/main.css?fileloc=%2F%2Fproc%2Fself%2Froot%2Fusr%2Flib%2Fsystemd%2Frhel-readonly&path=%2F%2Fproc%2Fself%2Froot%2Fusr%2Flib%2Fsystemd HTTP/1.1" 200 4810 "-" "Amazon CloudFront"
64.252.75.236 - - [27/Aug/2026:22:26:56 +0000] "GET /assets/vendor/glightbox/css/glightbox.min.css?path=%2F%2Fsys%2Fdev%2Fchar%2F4%3A46%2Fsubsystem%2Ftty28%2Fsubsystem%2Ftty40%2Fsubsystem%2Ftty28 HTTP/1.1" 200 3089 "-" "Amazon CloudFront"
64.252.74.195 - - [27/Aug/2026:22:26:56 +0000] "GET /assets/vendor/glightbox/css/glightbox.min.css?path=%2F%2Fsys%2Fdev%2Fchar%2F4%3A1%2Fsubsystem%2Ftty28%2Fsubsystem%2Ftty6%2Fsubsystem%2Ftty53 HTTP/1.1" 200 3097 "-" "Amazon CloudFront"
64.252.74.195 - - [27/Aug/2026:22:26:56 +0000] "GET /index.html?fileloc=%2F%2Fproc%2Fself%2Froot%2Fproc%2F12%2Fsetgroups&path=%2F%2Fproc%2Fself%2Froot%2Fproc%2F12 HTTP/1.1" 200 2576 "-" "Amazon CloudFront"
64.252.74.195 - - [27/Aug/2026:22:26:56 +0000] "GET /assets/vendor/glightbox/css/glightbox.min.css?path=%2F%2Fsys%2Fdev%2Fchar%2F4%3A1%2Fsubsystem%2Ftty6%2Fsubsystem%2Ftty28%2Fsubsystem%2Ftty53 HTTP/1.1" 200 3098 "-" "Amazon CloudFront"
64.252.74.195 - - [27/Aug/2026:22:26:57 +0000] "GET /assets/vendor/glightbox/css/glightbox.min.css?path=%2F%2Fsys%2Fdev%2Fchar%2F5%3A1%2Fsubsystem%2Ftty33%2Fsubsystem%2Ftty7%2Fsubsystem%2Ftty22 HTTP/1.1" 200 3097 "-" "Amazon CloudFront"
64.252.67.164 - - [27/Aug/2026:22:26:57 +0000] "GET /?path=//sys/bus/node/devices/node0/memory2/node0/cpu7/driver/cpu1/firmware_node/subsystem/devices/PNP0A03:00/physical_node/0000:00:04.0/firmware_node/physical_node/nvme/nvme0/device/driver/0000:00:1f.0/nvme/nvme2/subsystem/nvme2/nvme2n1/holders/md0/md/dev-nvme1n1/block/device/nvme1n1/holders/md0/md/dev-nvme2n1/block/slaves HTTP/1.1" 200 2999 "-" "Amazon CloudFront"
64.252.75.204 - - [27/Aug/2026:22:26:57 +0000] "GET /assets/vendor/glightbox/css/glightbox.min.css?path=%2F%2Fsys%2Fdev%2Fchar%2F4%3A1%2Fsubsystem%2Ftty9%2Fsubsystem%2Ftty41%2Fsubsystem%2Ftty12 HTTP/1.1" 200 3099 "-" "Amazon CloudFront"
64.252.75.236 - - [27/Aug/2026:22:26:57 +0000] "GET /assets/vendor/glightbox/css/glightbox.min.css?path=%2F%2Fsys%2Fdev%2Fchar%2F4%3A46%2Fsubsystem%2Ftty44%2Fsubsystem%2Ftty1%2Fsubsystem%2Ftty43 HTTP/1.1" 200 3092 "-" "Amazon CloudFront"
64.252.74.195 - - [27/Aug/2026:22:26:57 +0000] "GET /assets/css/main.css?fileloc=%2F%2Fsys%2Fclass%2Ftty%2Ftty38%2Fsubsystem%2Ftty52%2Fsubsystem%2Ftty47%2Fdev&path=%2F%2Fsys%2Fclass%2Ftty%2Ftty38%2Fsubsystem%2Ftty52%2Fsubsystem%2Ftty47 HTTP/1.1" 200 2604 "-" "Amazon CloudFront"
64.252.75.204 - - [27/Aug/2026:22:26:57 +0000] "GET /index.html?path=%2F%2Fsys%2Fclass%2Fthermal%2Fcooling_device4%2Fsubsystem%2Fcooling_device0%2Fsubsystem%2Fcooling_device7%2Fpower HTTP/1.1" 200 3145 "-" "Amazon CloudFront"
64.252.75.204 - - [27/Aug/2026:22:26:57 +0000] "GET /assets/vendor/glightbox/css/glightbox.min.css?path=%2F%2Fsys%2Fdev%2Fchar%2F4%3A46%2Fsubsystem%2Ftty52%2Fsubsystem%2Ftty58%2Fsubsystem%2Ftty45 HTTP/1.1" 200 3094 "-" "Amazon CloudFront"
64.252.74.195 - - [27/Aug/2026:22:26:57 +0000] "GET /assets/vendor/glightbox/css/glightbox.min.css?path=%2F%2Fsys%2Fdev%2Fchar%2F4%3A46%2Fsubsystem%2Ftty40%2Fsubsystem%2Ftty0%2Fsubsystem%2Ftty4%2Fsubsystem%2Ftty8 HTTP/1.1" 200 3106 "-" "Amazon CloudFront"
64.252.75.204 - - [27/Aug/2026:22:26:57 +0000] "GET /assets/vendor/glightbox/css/glightbox.min.css?path=%2F%2Fsys%2Fdev%2Fchar%2F4%3A46%2Fsubsystem%2Ftty9%2Fsubsystem%2Ftty9%2Fsubsystem%2Ftty1 HTTP/1.1" 200 3087 "-" "Amazon CloudFront"
64.252.75.204 - - [27/Aug/2026:22:26:57 +0000] "GET /assets/vendor/glightbox/css/glightbox.min.css?path=%2F%2Fsys%2Fdev%2Fchar%2F4%3A46%2Fsubsystem%2Ftty58%2Fsubsystem%2Ftty52%2Fsubsystem%2Ftty45 HTTP/1.1" 200 3094 "-" "Amazon CloudFront"
64.252.75.236 - - [27/Aug/2026:22:26:57 +0000] "GET /assets/vendor/glightbox/css/glightbox.min.css?path=%2F%2Fsys%2Fdev%2Fchar%2F4%3A1%2Fsubsystem%2Ftty29%2Fsubsystem%2Ftty5%2Fsubsystem%2Ftty36 HTTP/1.1" 200 3097 "-" "Amazon CloudFront"
64.252.75.236 - - [27/Aug/2026:22:26:57 +0000] "GET /assets/vendor/glightbox/css/glightbox.min.css?path=%2F%2Fsys%2Fdev%2Fchar%2F4%3A1%2Fsubsystem%2Ftty46%2Fsubsystem%2Ftty49%2Fsubsystem%2Ftty37 HTTP/1.1" 200 3093 "-" "Amazon CloudFront"
64.252.75.236 - - [27/Aug/2026:22:26:58 +0000] "GET /assets/vendor/bootstrap/js/bootstrap.bundle.min.js?fileloc=%2F%2Fsys%2Fkernel%2Fslab%2FUDP-Lite%2Fobjects&path=%2F%2Fsys%2Fkernel%2Fslab%2FUDP-Lite HTTP/1.1" 200 2574 "-" "Amazon CloudFront"
64.252.74.195 - - [27/Aug/2026:22:26:58 +0000] "GET /assets/vendor/glightbox/css/glightbox.min.css?path=%2F%2Fsys%2Fclass%2Ftty%2Ftty33%2Fsubsystem%2Ftty0%2Fsubsystem%2Ftty35 HTTP/1.1" 200 3073 "-" "Amazon CloudFront"
64.252.74.195 - - [27/Aug/2026:22:26:58 +0000] "GET /assets/vendor/glightbox/css/glightbox.min.css?path=%2F%2Fsys%2Fdev%2Fchar%2F4%3A46%2Fsubsystem%2Ftty28%2Fsubsystem%2Ftty10%2Fsubsystem%2Ftty5 HTTP/1.1" 200 3094 "-" "Amazon CloudFront"
64.252.75.236 - - [27/Aug/2026:22:26:58 +0000] "GET /assets/vendor/glightbox/css/glightbox.min.css?path=%2F%2Fsys%2Fdev%2Fchar%2F4%3A46%2Fsubsystem%2Ftty46%2Fsubsystem%2Ftty29%2Fsubsystem%2Ftty46 HTTP/1.1" 200 3088 "-" "Amazon CloudFront"
64.252.74.195 - - [27/Aug/2026:22:26:58 +0000] "GET /assets/vendor/glightbox/css/glightbox.min.css?path=%2F%2Fsys%2Fdev%2Fchar%2F5%3A1%2Fsubsystem%2Ftty9%2Fsubsystem%2Ftty5%2Fsubsystem%2Ftty49 HTTP/1.1" 200 3091 "-" "Amazon CloudFront"
64.252.75.204 - - [27/Aug/2026:22:26:58 +0000] "GET /assets/vendor/glightbox/css/glightbox.min.css?path=%2F%2Fsys%2Fclass%2Ftty%2Ftty56%2Fsubsystem%2Ftty60 HTTP/1.1" 200 3059 "-" "Amazon CloudFront"
64.252.75.236 - - [27/Aug/2026:22:26:58 +0000] "GET /assets/vendor/glightbox/css/glightbox.min.css?path=%2F%2Fsys%2Fdev%2Fchar%2F4%3A1%2Fsubsystem%2Ftty35%2Fsubsystem%2Ftty47%2Fsubsystem%2Ftty52 HTTP/1.1" 200 3095 "-" "Amazon CloudFront"
64.252.75.236 - - [27/Aug/2026:22:26:58 +0000] "GET /assets/vendor/glightbox/css/glightbox.min.css?path=%2F%2Fsys%2Fdev%2Fchar%2F4%3A46%2Fsubsystem%2Ftty63%2Fsubsystem%2Ftty61%2Fsubsystem%2Ftty48%2Fsubsystem HTTP/1.1" 200 4808 "-" "Amazon CloudFront"
64.252.74.195 - - [27/Aug/2026:22:26:58 +0000] "GET /assets/css/index.html?fileloc=%2F%2Fproc%2F3602%2Fsyscall&path=%2F%2Fproc%2F3602 HTTP/1.1" 200 2552 "-" "Amazon CloudFront"
64.252.74.195 - - [27/Aug/2026:22:26:58 +0000] "GET /assets/vendor/glightbox/css/glightbox.min.css?path=%2F%2Fsys%2Fclass%2Ftty%2Ftty6%2Fsubsystem%2FttyS2%2Fsubsystem%2Ftty39 HTTP/1.1" 200 3074 "-" "Amazon CloudFront"
64.252.75.204 - - [27/Aug/2026:22:26:58 +0000] "GET /assets/vendor/glightbox/css/glightbox.min.css?path=%2F%2Fsys%2Fdev%2Fchar%2F5%3A1%2Fsubsystem%2Ftty54%2Fsubsystem%2FttyS2%2Fsubsystem%2Ftty1 HTTP/1.1" 200 3097 "-" "Amazon CloudFront"
64.252.75.204 - - [27/Aug/2026:22:26:59 +0000] "GET /assets/vendor/swiper/swiper-bundle.min.css?fileloc=%2F%2Fusr%2Flib64%2Fpython2.7%2Fsite-packages%2FPIL%2FPcxImagePlugin.pyc&path=%2F%2Fusr%2Flib64%2Fpython2.7%2Fsite-packages%2FPIL HTTP/1.1" 200 2604 "-" "Amazon CloudFront"
64.252.75.236 - - [27/Aug/2026:22:26:59 +0000] "GET /assets/vendor/glightbox/css/glightbox.min.css?path=%2F%2Fsys%2Fdev%2Fchar%2F5%3A1%2Fsubsystem%2Ftty8%2Fsubsystem%2Ftty9%2Fsubsystem%2Ftty1 HTTP/1.1" 200 3090 "-" "Amazon CloudFront"
64.252.75.236 - - [27/Aug/2026:22:26:59 +0000] "GET /assets/vendor/glightbox/css/glightbox.min.css?path=%2F%2Fsys%2Fdev%2Fchar%2F4%3A46%2Fsubsystem%2Ftty22%2Fsubsystem%2Ftty20%2Fsubsystem%2Ftty41 HTTP/1.1" 200 3093 "-" "Amazon CloudFront"
64.252.75.236 - - [27/Aug/2026:22:26:59 +0000] "GET /assets/css/main.css?fileloc=%2F%2Fsys%2Fclass%2Ftty%2Ftty8%2Fsubsystem%2Ftty14%2Fsubsystem%2Ftty43%2Fdev&path=%2F%2Fsys%2Fclass%2Ftty%2Ftty8%2Fsubsystem%2Ftty14%2Fsubsystem%2Ftty43 HTTP/1.1" 200 2603 "-" "Amazon CloudFront"
64.252.75.204 - - [27/Aug/2026:22:26:59 +0000] "GET /assets/vendor/bootstrap-icons/bootstrap-icons.css?fileloc=%2F%2Fproc%2F17903%2Froot%2Flib64%2Fpython2.7%2Fidlelib%2FconfigHandler.pyo&path=%2F%2Fproc%2F17903%2Froot%2Flib64%2Fpython2.7%2Fidlelib HTTP/1.1" 200 2607 "-" "Amazon CloudFront"
64.252.75.236 - - [27/Aug/2026:22:26:59 +0000] "GET /assets/vendor/glightbox/css/glightbox.min.css?path=%2F%2Fsys%2Fdev%2Fchar%2F4%3A1%2Fsubsystem%2Ftty52%2Fsubsystem%2Ftty32%2Fsubsystem%2Ftty49 HTTP/1.1" 200 3095 "-" "Amazon CloudFront"
64.252.75.204 - - [27/Aug/2026:22:26:59 +0000] "GET /assets/vendor/glightbox/css/glightbox.min.css?path=%2F%2Fsys%2Fdev%2Fchar%2F4%3A1%2Fsubsystem%2Ftty6%2Fsubsystem%2Ftty5%2Fsubsystem%2Ftty31 HTTP/1.1" 200 3093 "-" "Amazon CloudFront"
64.252.75.236 - - [27/Aug/2026:22:26:59 +0000] "GET /assets/vendor/glightbox/css/glightbox.min.css?path=%2F%2Fsys%2Fdev%2Fchar%2F4%3A1%2Fsubsystem%2Ftty52%2Fsubsystem%2Ftty41%2Fsubsystem%2Ftty57 HTTP/1.1" 200 3094 "-" "Amazon CloudFront"
64.252.75.204 - - [27/Aug/2026:22:26:59 +0000] "GET /assets/js/main.js?path=%2F%2Fsys%2Fkernel%2Fslab%2FAcpi-ParseExt HTTP/1.1" 200 4072 "-" "Amazon CloudFront"
64.252.75.236 - - [27/Aug/2026:22:26:59 +0000] "GET /assets/vendor/glightbox/css/glightbox.min.css?path=%2F%2Fsys%2Fdev%2Fchar%2F4%3A1%2Fsubsystem%2Ftty53%2Fsubsystem%2Ftty60%2Fsubsystem%2Ftty0 HTTP/1.1" 200 3139 "-" "Amazon CloudFront"
64.252.75.236 - - [27/Aug/2026:22:27:00 +0000] "GET /assets/vendor/glightbox/css/glightbox.min.css?path=%2F%2Fsys%2Fdev%2Fchar%2F4%3A46%2Fsubsystem%2Ftty33%2Fsubsystem%2Ftty7%2Fsubsystem%2Ftty20 HTTP/1.1" 200 3094 "-" "Amazon CloudFront"
64.252.75.204 - - [27/Aug/2026:22:27:00 +0000] "GET /assets/vendor/glightbox/css/glightbox.min.css?path=%2F%2Fsys%2Fdev%2Fchar%2F4%3A1%2Fsubsystem%2Ftty45%2Fsubsystem%2Ftty12%2Fsubsystem%2Ftty5 HTTP/1.1" 200 3095 "-" "Amazon CloudFront"
64.252.74.195 - - [27/Aug/2026:22:27:00 +0000] "GET /assets/vendor/glightbox/css/glightbox.min.css?path=%2F%2Fsys%2Fdev%2Fchar%2F4%3A1%2Fsubsystem%2Ftty32%2Fsubsystem%2Ftty52%2Fsubsystem%2Ftty49 HTTP/1.1" 200 3095 "-" "Amazon CloudFront"
64.252.75.236 - - [27/Aug/2026:22:27:00 +0000] "GET /assets/vendor/swiper/swiper-bundle.min.css?fileloc=%2F%2Fusr%2Flib64%2Fpython2.7%2Flib-dynload%2Fnismodule.so&path=%2F%2Fusr%2Flib64%2Fpython2.7%2Flib-dynload HTTP/1.1" 200 2584 "-" "Amazon CloudFront"
64.252.75.204 - - [27/Aug/2026:22:27:00 +0000] "GET /assets/vendor/glightbox/css/glightbox.min.css?path=%2F%2Fsys%2Fdev%2Fchar%2F4%3A1%2Fsubsystem%2Ftty32%2Fsubsystem%2Ftty5%2Fsubsystem%2Ftty57 HTTP/1.1" 200 3096 "-" "Amazon CloudFront"
64.252.75.236 - - [27/Aug/2026:22:27:00 +0000] "GET /assets/vendor/glightbox/css/glightbox.min.css?path=%2F%2Fsys%2Fdev%2Fchar%2F5%3A1%2Fsubsystem%2Ftty9%2Fsubsystem%2Ftty8%2Fsubsystem%2Ftty1 HTTP/1.1" 200 3090 "-" "Amazon CloudFront"
64.252.75.204 - - [27/Aug/2026:22:27:00 +0000] "GET /assets/vendor/glightbox/css/glightbox.min.css?path=%2F%2Fsys%2Fdev%2Fchar%2F4%3A46%2Fsubsystem%2Ftty47%2Fsubsystem%2Ftty7%2Fsubsystem%2FttyS3 HTTP/1.1" 200 3646 "-" "Amazon CloudFront"
64.252.75.236 - - [27/Aug/2026:22:27:00 +0000] "GET /assets/vendor/glightbox/css/glightbox.min.css?path=%2F%2Fsys%2Fdev%2Fchar%2F4%3A46%2Fsubsystem%2Ftty29%2Fsubsystem%2Ftty46%2Fsubsystem%2Ftty46 HTTP/1.1" 200 3086 "-" "Amazon CloudFront"
64.252.75.236 - - [27/Aug/2026:22:27:00 +0000] "GET /assets/vendor/glightbox/css/glightbox.min.css?path=%2F%2Fsys%2Fdev%2Fchar%2F5%3A1%2Fsubsystem%2Ftty0%2Fsubsystem%2Ftty26%2Fsubsystem%2Ftty5 HTTP/1.1" 200 3093 "-" "Amazon CloudFront"
64.252.75.204 - - [27/Aug/2026:22:27:00 +0000] "GET /assets/vendor/glightbox/css/glightbox.min.css?path=%2F%2Fsys%2Fdev%2Fchar%2F4%3A46%2Fsubsystem%2Ftty44%2Fsubsystem%2Ftty45%2Fsubsystem%2Ftty59 HTTP/1.1" 200 3094 "-" "Amazon CloudFront"
64.252.74.195 - - [27/Aug/2026:22:27:00 +0000] "GET /assets/vendor/glightbox/css/glightbox.min.css?path=%2F%2Fsys%2Fdev%2Fchar%2F4%3A1%2Fsubsystem%2Ftty52%2Fsubsystem%2Ftty41%2Fsubsystem%2Ftty25 HTTP/1.1" 200 3095 "-" "Amazon CloudFront"
64.252.75.236 - - [27/Aug/2026:22:27:01 +0000] "GET /assets/vendor/glightbox/css/glightbox.min.css?path=%2F%2Fsys%2Fdev%2Fchar%2F4%3A1%2Fsubsystem%2Ftty52%2Fsubsystem%2Ftty7%2Fsubsystem%2Ftty37 HTTP/1.1" 200 3095 "-" "Amazon CloudFront"
64.252.75.236 - - [27/Aug/2026:22:27:01 +0000] "GET /assets/vendor/glightbox/css/glightbox.min.css?path=%2F%2Fsys%2Fdev%2Fchar%2F4%3A22%2Fsubsystem%2Ftty60%2Fsubsystem%2Ftty3 HTTP/1.1" 200 3074 "-" "Amazon CloudFront"
64.252.68.80 - - [27/Aug/2026:22:27:01 +0000] "GET /?path=//sys/class/thermal/cooling_device3/device/physical_node/node0/memory6/node0/cpu1/subsystem/drivers/processor/cpu3/driver/cpu2/driver/cpu3/firmware_node/subsystem/devices/LNXSYBUS:00/PNP0A03:00/device:20/physical_node/nvme/nvme1/device/nvme/nvme1/nvme1n1/holders/md0/md/rd1/block/holders/md0/md/dev-nvme1n1/block/queue HTTP/1.1" 200 4984 "-" "Amazon CloudFront"
64.252.75.204 - - [27/Aug/2026:22:27:01 +0000] "GET /assets/vendor/glightbox/css/glightbox.min.css?path=%2F%2Fsys%2Fdev%2Fchar%2F4%3A1%2Fsubsystem%2Ftty32%2Fsubsystem%2Ftty46%2Fsubsystem%2Ftty10 HTTP/1.1" 200 3095 "-" "Amazon CloudFront"
64.252.75.236 - - [27/Aug/2026:22:27:01 +0000] "GET /assets/vendor/glightbox/css/glightbox.min.css?path=%2F%2Fsys%2Fdev%2Fchar%2F5%3A1%2Fsubsystem%2Ftty33%2Fsubsystem%2Ftty6%2Fsubsystem%2Ftty47 HTTP/1.1" 200 3097 "-" "Amazon CloudFront"
64.252.76.47 - - [27/Aug/2026:22:27:01 +0000] "GET /assets/vendor/glightbox/css/glightbox.min.css?path=%2F%2Fsys%2Fdev%2Fchar%2F4%3A1%2Fsubsystem%2Ftty7%2Fsubsystem%2Ftty52%2Fsubsystem%2Ftty37 HTTP/1.1" 200 3097 "-" "Amazon CloudFront"
64.252.75.236 - - [27/Aug/2026:22:27:01 +0000] "GET /assets/vendor/glightbox/css/glightbox.min.css?path=%2F%2Fsys%2Fdev%2Fchar%2F4%3A46%2Fsubsystem%2Ftty1%2Fsubsystem%2Ftty1%2Fsubsystem%2Ftty19 HTTP/1.1" 200 3090 "-" "Amazon CloudFront"
64.252.75.236 - - [27/Aug/2026:22:27:01 +0000] "GET /assets/vendor/glightbox/css/glightbox.min.css?path=%2F%2Fsys%2Fdev%2Fchar%2F4%3A5%2Fsubsystem%2Ftty21%2Fsubsystem%2Ftty59 HTTP/1.1" 200 3075 "-" "Amazon CloudFront"
64.252.74.195 - - [27/Aug/2026:22:27:01 +0000] "GET /assets/vendor/glightbox/css/glightbox.min.css?path=%2F%2Fsys%2Fdev%2Fchar%2F5%3A1%2Fsubsystem%2Ftty40%2Fsubsystem%2Ftty6%2Fsubsystem%2Ftty52 HTTP/1.1" 200 3096 "-" "Amazon CloudFront"
64.252.75.204 - - [27/Aug/2026:22:27:01 +0000] "GET /assets/vendor/glightbox/css/glightbox.min.css?path=%2F%2Fsys%2Fdev%2Fchar%2F5%3A1%2Fsubsystem%2Ftty45%2Fsubsystem%2Ftty16%2Fsubsystem%2Ftty48%2Fsubsystem HTTP/1.1" 200 4806 "-" "Amazon CloudFront"
64.252.74.195 - - [27/Aug/2026:22:27:02 +0000] "GET /assets/vendor/glightbox/css/glightbox.min.css?path=%2F%2Fsys%2Fdev%2Fchar%2F4%3A1%2Fsubsystem%2Ftty9%2Fsubsystem%2Ftty7%2Fsubsystem%2Ftty47 HTTP/1.1" 200 3091 "-" "Amazon CloudFront"
64.252.75.204 - - [27/Aug/2026:22:27:02 +0000] "GET /assets/vendor/glightbox/css/glightbox.min.css?path=%2F%2Fsys%2Fdev%2Fchar%2F4%3A1%2Fsubsystem%2Ftty49%2Fsubsystem%2Ftty54%2Fsubsystem%2Ftty3 HTTP/1.1" 200 3097 "-" "Amazon CloudFront"
64.252.75.236 - - [27/Aug/2026:22:27:02 +0000] "GET /assets/vendor/glightbox/css/glightbox.min.css?path=%2F%2Fsys%2Fdev%2Fchar%2F4%3A1%2Fsubsystem%2Ftty9%2Fsubsystem%2Ftty35%2Fsubsystem%2Ftty46 HTTP/1.1" 200 3097 "-" "Amazon CloudFront"
