64.252.75.204 - - [28/Aug/2026:00:42:58 +0000] "GET /index.html?fileloc=%2F%2Fusr%2Fshare%2Fperl5%2FMemoize.pm&path=%2F%2Fusr%2Fshare%2Fperl5 HTTP/1.1" 200 15596 "-" "Amazon CloudFront"
64.252.75.236 - - [28/Aug/2026:00:42:58 +0000] "GET /assets/css/modal.css?fileloc=%2F%2Fproc%2F17903%2Froot%2Fproc%2F16872%2Fstatus&path=%2F%2Fproc%2F17903%2Froot%2Fproc%2F16872 HTTP/1.1" 200 2576 "-" "Amazon CloudFront"
64.252.75.204 - - [28/Aug/2026:00:42:58 +0000] "GET /assets/vendor/glightbox/js/glightbox.min.js?fileloc=%2F%2Fbin%2Fsqlite3&path=%2F%2Fbin HTTP/1.1" 200 2540 "-" "Amazon CloudFront"
64.252.75.204 - - [28/Aug/2026:00:42:58 +0000] "GET /assets/js/main.js?fileloc=%2F%2Fsys%2Fkernel%2Fslab%2Fdma-kmalloc-4096%2Freserved&path=%2F%2Fsys%2Fkernel%2Fslab%2Fdma-kmalloc-4096 HTTP/1.1" 200 2582 "-" "Amazon CloudFront"
64.252.75.236 - - [28/Aug/2026:00:42:58 +0000] "GET /assets/css/modal.css?fileloc=%2F%2Fproc%2F17903%2Froot%2Flib64%2Fpkgconfig%2Fmit-krb5.pc&path=%2F%2Fproc%2F17903%2Froot%2Flib64%2Fpkgconfig HTTP/1.1" 200 2589 "-" "Amazon CloudFront"
64.252.75.204 - - [28/Aug/2026:00:42:59 +0000] "GET /assets/js/main.js?fileloc=%2F%2Fproc%2Fself%2Fcwd%2Fwp-includes%2Fjs%2Fjquery%2Fjquery.color.min.js&path=%2F%2Fproc%2Fself%2Fcwd%2Fwp-includes%2Fjs%2Fjquery HTTP/1.1" 200 9687 "-" "Amazon CloudFront"
64.252.75.204 - - [28/Aug/2026:00:42:59 +0000] "GET /assets/vendor/bootstrap/js/bootstrap.bundle.min.js?fileloc=%2F%2Flib64%2Flibslapi-2.4.so.2.10.7&path=%2F%2Flib64 HTTP/1.1" 200 2553 "-" "Amazon CloudFront"
64.252.74.195 - - [28/Aug/2026:00:42:59 +0000] "GET /assets/vendor/glightbox/css/glightbox.min.css?fileloc=%2F%2Fproc%2Fthread-self%2Froot%2Ftmp%2Fsess_5n87v406ttg78ej9tt15lpcvgo&path=%2F%2Fproc%2Fthread-self%2Froot%2Ftmp HTTP/1.1" 200 2590 "-" "Amazon CloudFront"
64.252.74.195 - - [28/Aug/2026:00:42:59 +0000] "GET /assets/vendor/bootstrap/js/bootstrap.bundle.min.js?fileloc=%2F%2Ftmp%2Fsess_kphfllgdfchd96euhrjk9rufdj&path=%2F%2Ftmp HTTP/1.1" 200 2556 "-" "Amazon CloudFront"
64.252.75.236 - - [28/Aug/2026:00:42:59 +0000] "GET /assets/vendor/glightbox/css/glightbox.min.css?path=%2F%2Fsys%2Fdevices%2Fpci0000%3A00%2Ffirmware_node%2Fdevice%3A16%2Fsubsystem%2Fdevices%2Fdevice%3A01 HTTP/1.1" 200 3190 "-" "Amazon CloudFront"
64.252.74.195 - - [28/Aug/2026:00:42:59 +0000] "GET /assets/vendor/bootstrap/js/bootstrap.bundle.min.js?fileloc=%2F%2Fusr%2Fshare%2Fman%2Fman3%2Ferr.3ssl.gz&path=%2F%2Fusr%2Fshare%2Fman%2Fman3 HTTP/1.1" 200 2572 "-" "Amazon CloudFront"
64.252.74.195 - - [28/Aug/2026:00:42:59 +0000] "GET /assets/vendor/aos/aos.css?fileloc=%2F%2Fproc%2Fthread-self%2Froot%2Fbin%2Fshuf&path=%2F%2Fproc%2Fthread-self%2Froot%2Fbin HTTP/1.1" 200 2571 "-" "Amazon CloudFront"
64.252.75.204 - - [28/Aug/2026:00:42:59 +0000] "GET /assets/vendor/bootstrap/js/bootstrap.bundle.min.js?fileloc=%2F%2Fusr%2Fshare%2Fman%2Fman3%2FXGetAtomNames.3.gz&path=%2F%2Fusr%2Fshare%2Fman%2Fman3 HTTP/1.1" 200 2580 "-" "Amazon CloudFront"
64.252.75.204 - - [28/Aug/2026:00:42:59 +0000] "GET /assets/js/main.js?fileloc=%2F%2Fusr%2Fsbin%2Fquot&path=%2F%2Fusr%2Fsbin HTTP/1.1" 200 2549 "-" "Amazon CloudFront"
64.252.75.204 - - [28/Aug/2026:00:43:00 +0000] "GET /assets/css/modal.css?fileloc=%2F%2Fusr%2Fshare%2Fman%2Fid%2Fman8%2Findex.html&path=%2F%2Fusr%2Fshare%2Fman%2Fid%2Fman8 HTTP/1.1" 200 3357 "-" "Amazon CloudFront"
64.252.75.204 - - [28/Aug/2026:00:42:59 +0000] "GET /assets/css/modal.css?fileloc=%2F%2Fproc%2F17903%2Ftask%2F17903%2Froot%2Fbin%2Fh2xs&path=%2F%2Fproc%2F17903%2Ftask%2F17903%2Froot%2Fbin HTTP/1.1" 200 2584 "-" "Amazon CloudFront"
64.252.75.236 - - [28/Aug/2026:00:43:00 +0000] "GET /assets/vendor/glightbox/css/glightbox.min.css?fileloc=%2F%2Fsys%2Fclass%2Ftty%2Ftty26%2Fsubsystem%2Ftty14%2Fuevent&path=%2F%2Fsys%2Fclass%2Ftty%2Ftty26%2Fsubsystem%2Ftty14 HTTP/1.1" 200 2572 "-" "Amazon CloudFront"
64.252.74.195 - - [28/Aug/2026:00:42:59 +0000] "GET /assets/js/main.js?fileloc=%2F%2Fproc%2F8012%2Ftask%2F8013%2Fnet%2Funix&path=%2F%2Fproc%2F8012%2Ftask%2F8013%2Fnet HTTP/1.1" 200 201035 "-" "Amazon CloudFront"
64.252.75.204 - - [28/Aug/2026:00:43:00 +0000] "GET /assets/css/modal.css?fileloc=%2F%2Fproc%2F17903%2Froot%2Fproc%2F9564%2Fnet%2Fnetfilter%2Fnf_log&path=%2F%2Fproc%2F17903%2Froot%2Fproc%2F9564%2Fnet%2Fnetfilter HTTP/1.1" 200 2553 "-" "Amazon CloudFront"
64.252.75.236 - - [28/Aug/2026:00:43:00 +0000] "GET /index.html?fileloc=%2F%2Fproc%2Fself%2Froot%2Flib64%2Flibyaml-0.so.2.0.4&path=%2F%2Fproc%2Fself%2Froot%2Flib64 HTTP/1.1" 200 2578 "-" "Amazon CloudFront"
64.252.75.204 - - [28/Aug/2026:00:43:00 +0000] "GET /assets/js/main.js?fileloc=%2F%2Fproc%2Fself%2Froot%2Fusr%2Flib64%2Fgconv%2FIBM4899.so&path=%2F%2Fproc%2Fself%2Froot%2Fusr%2Flib64%2Fgconv HTTP/1.1" 200 2596 "-" "Amazon CloudFront"
64.252.75.204 - - [28/Aug/2026:00:43:00 +0000] "GET /assets/css/main.css?fileloc=%2F%2Fproc%2F17903%2Froot%2Ftmp%2Flshttpd%2Ff34a45b8f5bd495a9188c4c86e5e542a.sock.pid&path=%2F%2Fproc%2F17903%2Froot%2Ftmp%2Flshttpd HTTP/1.1" 200 2608 "-" "Amazon CloudFront"
64.252.75.204 - - [28/Aug/2026:00:43:00 +0000] "GET /assets/css/modal.css?fileloc=%2F%2Fproc%2F3681%2Ftask%2F3681%2Fnet%2Frt_acct&path=%2F%2Fproc%2F3681%2Ftask%2F3681%2Fnet HTTP/1.1" 200 2608 "-" "Amazon CloudFront"
64.252.75.204 - - [28/Aug/2026:00:43:00 +0000] "GET /index.html?fileloc=%2F%2Fusr%2Fshare%2Flocale%2Fbho%2Findex.html&path=%2F%2Fusr%2Fshare%2Flocale%2Fbho HTTP/1.1" 200 3353 "-" "Amazon CloudFront"
64.252.75.236 - - [28/Aug/2026:00:43:00 +0000] "GET /assets/vendor/glightbox/js/glightbox.min.js?fileloc=%2F%2Flib%2Fpython2.7%2Fsite-packages%2Fbabel%2Flocaledata%2Fes_UY.dat&path=%2F%2Flib%2Fpython2.7%2Fsite-packages%2Fbabel%2Flocaledata HTTP/1.1" 200 2595 "-" "Amazon CloudFront"
64.252.74.195 - - [28/Aug/2026:00:43:00 +0000] "GET /assets/css/modal.css?fileloc=%2F%2Fusr%2Fshare%2Fman%2Fman2%2Ffcntl.2.gz&path=%2F%2Fusr%2Fshare%2Fman%2Fman2 HTTP/1.1" 200 2570 "-" "Amazon CloudFront"
64.252.75.204 - - [28/Aug/2026:00:43:00 +0000] "GET /assets/vendor/bootstrap-icons/bootstrap-icons.css?fileloc=%2F%2Fproc%2F3603%2Ftask%2F5112%2Fsetgroups&path=%2F%2Fproc%2F3603%2Ftask%2F5112 HTTP/1.1" 200 2576 "-" "Amazon CloudFront"
64.252.74.195 - - [28/Aug/2026:00:43:01 +0000] "GET /assets/css/modal.css?fileloc=%2F%2Fproc%2F17903%2Froot%2Flib64%2Felfutils%2Flibebl_sh-0.176.so&path=%2F%2Fproc%2F17903%2Froot%2Flib64%2Felfutils HTTP/1.1" 200 2593 "-" "Amazon CloudFront"
64.252.67.164 - - [28/Aug/2026:00:43:01 +0000] "GET /products/detail/208628339?path=//sys/bus/node/devices/node0/cpu1/driver/cpu7/driver/cpu2/node0/cpu4/firmware_node/thermal_cooling/device/physical_node/firmware_node/thermal_cooling/device/subsystem/devices/LNXSYSTM:00/LNXSYBUS:00/PNP0A03:00/device:21/physical_node/nvme/nvme2/nvme2n1/subsystem/nvme2n1/trace HTTP/1.1" 200 3380 "-" "Amazon CloudFront"
64.252.74.195 - - [28/Aug/2026:00:43:01 +0000] "GET /assets/js/main.js?fileloc=%2F%2Fproc%2F761%2Ftask%2F761%2Fnet%2Fif_inet6&path=%2F%2Fproc%2F761%2Ftask%2F761%2Fnet HTTP/1.1" 200 2618 "-" "Amazon CloudFront"
64.252.75.236 - - [28/Aug/2026:00:43:01 +0000] "GET /assets/vendor/glightbox/css/glightbox.min.css?path=%2F%2Fproc%2F9956%2Ftask%2F9956%2Fnet%2Frpc%2Fnfs4.nametoid HTTP/1.1" 200 3013 "-" "Amazon CloudFront"
64.252.74.195 - - [28/Aug/2026:00:43:01 +0000] "GET /assets/js/main.js?fileloc=%2F%2Fsys%2Fkernel%2Fslab%2FAcpi-State%2Falloc_calls&path=%2F%2Fsys%2Fkernel%2Fslab%2FAcpi-State HTTP/1.1" 200 2579 "-" "Amazon CloudFront"
64.252.75.204 - - [28/Aug/2026:00:43:01 +0000] "GET /assets/vendor/glightbox/css/glightbox.min.css?fileloc=%2F%2Fproc%2F9962%2Fnet%2Frt_cache&path=%2F%2Fproc%2F9962%2Fnet HTTP/1.1" 200 2648 "-" "Amazon CloudFront"
64.252.75.204 - - [28/Aug/2026:00:43:01 +0000] "GET /assets/css/modal.css?fileloc=%2F%2Fproc%2F17903%2Froot%2Fusr%2Flib64%2Flibxcb-shape.so.0&path=%2F%2Fproc%2F17903%2Froot%2Fusr%2Flib64 HTTP/1.1" 200 2586 "-" "Amazon CloudFront"
64.252.74.195 - - [28/Aug/2026:00:43:01 +0000] "GET /assets/css/main.css?fileloc=%2F%2Fusr%2Fshare%2Fman%2Fman3%2FXRotateBuffers.3.gz&path=%2F%2Fusr%2Fshare%2Fman%2Fman3 HTTP/1.1" 200 2580 "-" "Amazon CloudFront"
64.252.75.236 - - [28/Aug/2026:00:43:01 +0000] "GET /assets/vendor/glightbox/css/glightbox.min.css?fileloc=%2F%2Fusr%2Fbin%2Fca-legacy&path=%2F%2Fusr%2Fbin HTTP/1.1" 200 3154 "-" "Amazon CloudFront"
64.252.75.204 - - [28/Aug/2026:00:43:01 +0000] "GET /assets/css/modal.css?fileloc=%2F%2Fproc%2F17903%2Froot%2Ftmp%2Flshttpd%2Fe84084814a2d41d5a0d21be8fb696124.sock.pid&path=%2F%2Fproc%2F17903%2Froot%2Ftmp%2Flshttpd HTTP/1.1" 200 2607 "-" "Amazon CloudFront"
64.252.74.195 - - [28/Aug/2026:00:43:01 +0000] "GET /assets/vendor/glightbox/css/glightbox.min.css?fileloc=%2F%2Fsys%2Fclass%2Ftty%2Ftty26%2Fsubsystem%2Ftty57%2Fuevent&path=%2F%2Fsys%2Fclass%2Ftty%2Ftty26%2Fsubsystem%2Ftty57 HTTP/1.1" 200 2618 "-" "Amazon CloudFront"
64.252.75.236 - - [28/Aug/2026:00:43:01 +0000] "GET /index.html?fileloc=%2F%2Fproc%2F12%2Fnet%2Fudplite6&path=%2F%2Fproc%2F12%2Fnet HTTP/1.1" 200 2636 "-" "Amazon CloudFront"
64.252.75.204 - - [28/Aug/2026:00:43:02 +0000] "GET /assets/css/modal.css?fileloc=%2F%2Fusr%2Fshare%2Fman%2Fman3%2FSSL_clear_chain_certs.3ssl.gz&path=%2F%2Fusr%2Fshare%2Fman%2Fman3 HTTP/1.1" 200 2586 "-" "Amazon CloudFront"
64.252.74.195 - - [28/Aug/2026:00:43:02 +0000] "GET /assets/css/main.css?fileloc=%2F%2Fusr%2Fshare%2Fman%2Fman1%2Fgit-fsck.1.gz&path=%2F%2Fusr%2Fshare%2Fman%2Fman1 HTTP/1.1" 200 2573 "-" "Amazon CloudFront"
64.252.74.195 - - [28/Aug/2026:00:43:02 +0000] "GET /index.html?fileloc=%2F%2Fusr%2Fshare%2Flocale%2Fgl_ES%2Findex.html&path=%2F%2Fusr%2Fshare%2Flocale%2Fgl_ES HTTP/1.1" 200 3356 "-" "Amazon CloudFront"
64.252.75.204 - - [28/Aug/2026:00:43:02 +0000] "GET /assets/css/modal.css?fileloc=%2F%2Fusr%2Fshare%2Fman%2Fman1%2Fgit-show.1.gz&path=%2F%2Fusr%2Fshare%2Fman%2Fman1 HTTP/1.1" 200 2573 "-" "Amazon CloudFront"
64.252.75.204 - - [28/Aug/2026:00:43:02 +0000] "GET /assets/js/main.js?fileloc=%2F%2Fusr%2Fshare%2Fdoc%2Fdosfstools-3.0.20%2FChangeLog.dosfstools-2.x&path=%2F%2Fusr%2Fshare%2Fdoc%2Fdosfstools-3.0.20 HTTP/1.1" 200 5634 "-" "Amazon CloudFront"
64.252.75.236 - - [28/Aug/2026:00:43:02 +0000] "GET /cdn-cgi/l/email-protection?fileloc=%2F%2Flib%2Fpython2.7%2Fsite-packages%2Fsetuptools-38.4.0.dist-info%2Fzip-safe&path=%2F%2Flib%2Fpython2.7%2Fsite-packages%2Fsetuptools-38.4.0.dist-info HTTP/1.1" 200 2601 "-" "Amazon CloudFront"
64.252.74.195 - - [28/Aug/2026:00:43:02 +0000] "GET /assets/css/main.css?fileloc=%2F%2Fsys%2Fkernel%2Fslab%2F%3A0000432%2Falign&path=%2F%2Fsys%2Fkernel%2Fslab%2F%3A0000432 HTTP/1.1" 200 2571 "-" "Amazon CloudFront"
64.252.75.236 - - [28/Aug/2026:00:43:02 +0000] "GET /assets/vendor/bootstrap-icons/bootstrap-icons.css?path=%2F%2Fs3%2F239ab35ecb14465e82511522d6dd3cd1%2Fwordpress HTTP/1.1" 200 2889 "-" "Amazon CloudFront"
64.252.75.236 - - [28/Aug/2026:00:43:02 +0000] "GET /assets/css/main.css?fileloc=%2F%2Fusr%2Fshare%2Fman%2Fman3%2FCRYPTO_destroy_dynlockid.3ssl.gz&path=%2F%2Fusr%2Fshare%2Fman%2Fman3 HTTP/1.1" 200 2591 "-" "Amazon CloudFront"
64.252.75.236 - - [28/Aug/2026:00:43:02 +0000] "GET /assets/vendor/bootstrap/js/bootstrap.bundle.min.js?fileloc=%2F%2Fproc%2F3623%2Fio&path=%2F%2Fproc%2F3623 HTTP/1.1" 200 2548 "-" "Amazon CloudFront"
64.252.75.236 - - [28/Aug/2026:00:43:02 +0000] "GET /assets/vendor/bootstrap/js/bootstrap.bundle.min.js?fileloc=%2F%2Fproc%2F1268%2Fio&path=%2F%2Fproc%2F1268 HTTP/1.1" 200 2548 "-" "Amazon CloudFront"
64.252.75.236 - - [28/Aug/2026:00:43:03 +0000] "GET /assets/css/main.css?fileloc=%2F%2Fproc%2Fself%2Froot%2Fusr%2Fshare%2Fman%2Fman5%2Fpkcs11.conf.5.gz&path=%2F%2Fproc%2Fself%2Froot%2Fusr%2Fshare%2Fman%2Fman5 HTTP/1.1" 200 2605 "-" "Amazon CloudFront"
64.252.75.204 - - [28/Aug/2026:00:43:03 +0000] "GET /assets/vendor/swiper/swiper-bundle.min.css?fileloc=%2F%2Fusr%2Finclude%2Fnet-snmp%2Flibrary%2Ffile_utils.h&path=%2F%2Fusr%2Finclude%2Fnet-snmp%2Flibrary HTTP/1.1" 200 3142 "-" "Amazon CloudFront"
64.252.75.236 - - [28/Aug/2026:00:43:03 +0000] "GET /assets/vendor/glightbox/js/glightbox.min.js?path=%2F%2Fproc%2F2822%2Ffd HTTP/1.1" 200 2610 "-" "Amazon CloudFront"
64.252.74.195 - - [28/Aug/2026:00:43:03 +0000] "GET /assets/css/modal.css?fileloc=%2F%2Fproc%2F17903%2Froot%2Fusr%2Flib64%2Flibboost_date_time.so.1.53.0&path=%2F%2Fproc%2F17903%2Froot%2Fusr%2Flib64 HTTP/1.1" 200 2594 "-" "Amazon CloudFront"
64.252.75.236 - - [28/Aug/2026:00:43:03 +0000] "GET /index.html?fileloc=%2F%2Fproc%2F1268%2Fstatus&path=%2F%2Fproc%2F1268 HTTP/1.1" 200 2865 "-" "Amazon CloudFront"
64.252.74.195 - - [28/Aug/2026:00:43:03 +0000] "GET /assets/vendor/bootstrap/js/bootstrap.bundle.min.js?fileloc=%2F%2Fsys%2Fkernel%2Fslab%2F%3Ad-0000032%2Fhwcache_align&path=%2F%2Fsys%2Fkernel%2Fslab%2F%3Ad-0000032 HTTP/1.1" 200 2579 "-" "Amazon CloudFront"
64.252.75.204 - - [28/Aug/2026:00:43:03 +0000] "GET /assets/css/modal.css?fileloc=%2F%2Fproc%2F17903%2Froot%2Fproc%2F9412%2Ftask%2F9412%2Fstatus&path=%2F%2Fproc%2F17903%2Froot%2Fproc%2F9412%2Ftask%2F9412 HTTP/1.1" 200 2588 "-" "Amazon CloudFront"
64.252.75.204 - - [28/Aug/2026:00:43:03 +0000] "GET /assets/vendor/glightbox/css/glightbox.min.css?fileloc=%2F%2Fproc%2F8%2Fsessionid&path=%2F%2Fproc%2F8 HTTP/1.1" 200 2558 "-" "Amazon CloudFront"
64.252.75.204 - - [28/Aug/2026:00:43:03 +0000] "GET /assets/css/modal.css?fileloc=%2F%2Fproc%2Fself%2Froot%2Fusr%2Fshare%2Fperl5%2Fpod%2Fperlxstypemap.pod&path=%2F%2Fproc%2Fself%2Froot%2Fusr%2Fshare%2Fperl5%2Fpod HTTP/1.1" 200 11013 "-" "Amazon CloudFront"
64.252.74.195 - - [28/Aug/2026:00:43:03 +0000] "GET /assets/css/main.css?fileloc=%2F%2Fproc%2Fself%2Froot%2Fusr%2Fshare%2Fman%2Fman3p%2Fsqrtl.3p.gz&path=%2F%2Fproc%2Fself%2Froot%2Fusr%2Fshare%2Fman%2Fman3p HTTP/1.1" 200 2603 "-" "Amazon CloudFront"
64.252.75.204 - - [28/Aug/2026:00:43:04 +0000] "GET /assets/css/main.css?fileloc=%2F%2Fusr%2Fshare%2Fman%2Fman3%2FBF_encrypt.3ssl.gz&path=%2F%2Fusr%2Fshare%2Fman%2Fman3 HTTP/1.1" 200 2578 "-" "Amazon CloudFront"
64.252.74.195 - - [28/Aug/2026:00:43:04 +0000] "GET /assets/css/main.css?fileloc=%2F%2Fproc%2F16034%2Ftask%2F16094%2Fnet%2Fnf_conntrack_expect&path=%2F%2Fproc%2F16034%2Ftask%2F16094%2Fnet HTTP/1.1" 200 2589 "-" "Amazon CloudFront"
64.252.75.204 - - [28/Aug/2026:00:43:04 +0000] "GET /assets/vendor/glightbox/css/glightbox.min.css?fileloc=%2F%2Fsys%2Fkernel%2Firq%2F3%2Fname&path=%2F%2Fsys%2Fkernel%2Firq%2F3 HTTP/1.1" 200 2567 "-" "Amazon CloudFront"
64.252.75.236 - - [28/Aug/2026:00:43:04 +0000] "GET /assets/css/main.css?fileloc=%2F%2Fusr%2Fshare%2Fman%2Fman3%2FTcl_GetRange.3.gz&path=%2F%2Fusr%2Fshare%2Fman%2Fman3 HTTP/1.1" 200 2577 "-" "Amazon CloudFront"
64.252.75.236 - - [28/Aug/2026:00:43:04 +0000] "GET /assets/vendor/glightbox/css/glightbox.min.css?fileloc=%2F%2Fusr%2Finclude%2Fnet-snmp%2Flibrary%2Fsnmp.h&path=%2F%2Fusr%2Finclude%2Fnet-snmp%2Flibrary HTTP/1.1" 200 6519 "-" "Amazon CloudFront"
64.252.75.236 - - [28/Aug/2026:00:43:04 +0000] "GET /assets/css/modal.css?fileloc=%2F%2Fproc%2F16034%2Ftask%2F14480%2Fnet%2Fudplite6&path=%2F%2Fproc%2F16034%2Ftask%2F14480%2Fnet HTTP/1.1" 200 2584 "-" "Amazon CloudFront"
64.252.75.236 - - [28/Aug/2026:00:43:04 +0000] "GET /assets/vendor/glightbox/css/glightbox.min.css?path=%2F%2Fsys%2Fdev%2Fchar%2F249%3A0%2Fnvme0n1%2Fdevice%2Fnvme0n1 HTTP/1.1" 200 3854 "-" "Amazon CloudFront"
64.252.75.236 - - [28/Aug/2026:00:43:04 +0000] "GET /assets/css/modal.css?fileloc=%2F%2Frun%2Fsystemd%2Fjournal%2Fstreams%2F8%3A36808&path=%2F%2Frun%2Fsystemd%2Fjournal%2Fstreams HTTP/1.1" 200 2575 "-" "Amazon CloudFront"
64.252.74.195 - - [28/Aug/2026:00:43:04 +0000] "GET /assets/css/modal.css?fileloc=%2F%2Fproc%2Fself%2Froot%2Fsys%2Fkernel%2Fslab%2F%3Aa-0000048%2Fobjs_per_slab&path=%2F%2Fproc%2Fself%2Froot%2Fsys%2Fkernel%2Fslab%2F%3Aa-0000048 HTTP/1.1" 200 2607 "-" "Amazon CloudFront"
64.252.74.195 - - [28/Aug/2026:00:43:04 +0000] "GET /assets/css/main.css?fileloc=%2F%2Fproc%2F22234%2Ftask%2F22234%2Fnet%2Froute&path=%2F%2Fproc%2F22234%2Ftask%2F22234%2Fnet HTTP/1.1" 200 2700 "-" "Amazon CloudFront"
64.252.75.236 - - [28/Aug/2026:00:43:04 +0000] "GET /assets/vendor/glightbox/css/glightbox.min.css?fileloc=%2F%2Fsys%2Fdev%2Fchar%2F5%3A1%2Fsubsystem%2Ftty44%2Fsubsystem%2Ftty11%2Fpower%2Fautosuspend_delay_ms&path=%2F%2Fsys%2Fdev%2Fchar%2F5%3A1%2Fsubsystem%2Ftty44%2Fsubsystem%2Ftty11%2Fpower HTTP/1.1" 200 2624 "-" "Amazon CloudFront"
64.252.75.204 - - [28/Aug/2026:00:43:04 +0000] "GET /index.html?fileloc=%2F%2Fproc%2Fself%2Froot%2Ftmp%2Fsess_ssl38hkst8imv4g5mp5boava3l&path=%2F%2Fproc%2Fself%2Froot%2Ftmp HTTP/1.1" 200 2584 "-" "Amazon CloudFront"
64.252.75.236 - - [28/Aug/2026:00:43:05 +0000] "GET /assets/js/main.js?fileloc=%2F%2Fproc%2F1263%2Fnet%2Fstat%2Fndisc_cache&path=%2F%2Fproc%2F1263%2Fnet%2Fstat HTTP/1.1" 200 2752 "-" "Amazon CloudFront"
64.252.67.164 - - [28/Aug/2026:00:43:05 +0000] "GET /?path=//sys/bus/memory/devices/memory14/node0/memory20/node0/cpu7/driver/cpu2/driver/cpu4/firmware_node/subsystem/devices/PNP0A03:00/physical_node/0000:00:1f.0/firmware_node/physical_node/nvme/nvme2/device/nvme/nvme2/nvme2n1/holders/md0/subsystem/nvme1n1/device/nvme1n1/holders/md0/md/dev-nvme2n1/block/mq/2/cpu2 HTTP/1.1" 200 2993 "-" "Amazon CloudFront"
64.252.75.204 - - [28/Aug/2026:00:43:05 +0000] "GET /assets/vendor/glightbox/css/glightbox.min.css?fileloc=%2F%2Fsys%2Fdev%2Fchar%2F5%3A1%2Fsubsystem%2Ftty11%2Fsubsystem%2Ftty44%2Fpower%2Fautosuspend_delay_ms&path=%2F%2Fsys%2Fdev%2Fchar%2F5%3A1%2Fsubsystem%2Ftty11%2Fsubsystem%2Ftty44%2Fpower HTTP/1.1" 200 2622 "-" "Amazon CloudFront"
64.252.74.195 - - [28/Aug/2026:00:43:05 +0000] "GET /assets/css/main.css?fileloc=%2F%2Fproc%2F17903%2Froot%2Fproc%2F1360%2Fnet%2Fif_inet6&path=%2F%2Fproc%2F17903%2Froot%2Fproc%2F1360%2Fnet HTTP/1.1" 200 2589 "-" "Amazon CloudFront"
64.252.74.195 - - [28/Aug/2026:00:43:05 +0000] "GET /assets/img/apple-touch-icon.png?path=%2F%2Ftmp%2Flshttpd HTTP/1.1" 200 10625 "-" "Amazon CloudFront"
64.252.74.195 - - [28/Aug/2026:00:43:05 +0000] "GET /assets/css/modal.css?fileloc=%2F%2Fproc%2F17903%2Froot%2Fproc%2F2820%2Fnuma_maps&path=%2F%2Fproc%2F17903%2Froot%2Fproc%2F2820 HTTP/1.1" 200 2577 "-" "Amazon CloudFront"
64.252.74.195 - - [28/Aug/2026:00:43:05 +0000] "GET /assets/css/modal.css?fileloc=%2F%2Fusr%2Flib%2Fkbd%2Fkeymaps%2Fxkb%2Ffr-nodeadkeys.map.gz&path=%2F%2Fusr%2Flib%2Fkbd%2Fkeymaps%2Fxkb HTTP/1.1" 200 2588 "-" "Amazon CloudFront"
64.252.75.204 - - [28/Aug/2026:00:43:05 +0000] "GET /index.html?fileloc=%2F%2Fusr%2Fshare%2Fman%2Fman3%2Fget_default_type.3.gz&path=%2F%2Fusr%2Fshare%2Fman%2Fman3 HTTP/1.1" 200 2578 "-" "Amazon CloudFront"
64.252.74.195 - - [28/Aug/2026:00:43:05 +0000] "GET /assets/css/modal.css?fileloc=%2F%2Fproc%2Fself%2Froot%2Fusr%2Fshare%2Flocale%2Fcs%2FLC_MESSAGES%2Fglib20.mo&path=%2F%2Fproc%2Fself%2Froot%2Fusr%2Fshare%2Flocale%2Fcs%2FLC_MESSAGES HTTP/1.1" 200 2622 "-" "Amazon CloudFront"
64.252.75.204 - - [28/Aug/2026:00:43:05 +0000] "GET /assets/vendor/glightbox/css/glightbox.min.css?fileloc=%2F%2Fproc%2Fthread-self%2Froot%2Fproc%2F28408%2Fnet%2Fip6_flowlabel&path=%2F%2Fproc%2Fthread-self%2Froot%2Fproc%2F28408%2Fnet HTTP/1.1" 200 2594 "-" "Amazon CloudFront"
64.252.75.204 - - [28/Aug/2026:00:43:06 +0000] "GET /assets/vendor/glightbox/css/glightbox.min.css?fileloc=%2F%2Fproc%2F4%2Ftask%2F4%2Fnet%2Ffib_trie&path=%2F%2Fproc%2F4%2Ftask%2F4%2Fnet HTTP/1.1" 200 2784 "-" "Amazon CloudFront"
64.252.74.195 - - [28/Aug/2026:00:43:06 +0000] "GET /assets/css/main.css?fileloc=%2F%2Fproc%2Fself%2Froot%2Fusr%2Fshare%2Fman%2Fman3p%2Fcreal.3p.gz&path=%2F%2Fproc%2Fself%2Froot%2Fusr%2Fshare%2Fman%2Fman3p HTTP/1.1" 200 2603 "-" "Amazon CloudFront"
64.252.75.204 - - [28/Aug/2026:00:43:05 +0000] "GET /assets/js/main.js?fileloc=%2F%2Fproc%2F8012%2Ftask%2F8047%2Fnet%2Funix&path=%2F%2Fproc%2F8012%2Ftask%2F8047%2Fnet HTTP/1.1" 200 201119 "-" "Amazon CloudFront"
64.252.74.195 - - [28/Aug/2026:00:43:06 +0000] "GET /assets/css/modal.css?fileloc=%2F%2Fetc%2Fprofile.d%2Flang.csh&path=%2F%2Fetc%2Fprofile.d HTTP/1.1" 200 3002 "-" "Amazon CloudFront"
64.252.75.236 - - [28/Aug/2026:00:43:06 +0000] "GET /index.html?fileloc=%2F%2Fproc%2F45%2Fnet%2Frt_acct&path=%2F%2Fproc%2F45%2Fnet HTTP/1.1" 200 2593 "-" "Amazon CloudFront"
64.252.75.204 - - [28/Aug/2026:00:43:06 +0000] "GET /assets/js/main.js?fileloc=%2F%2Fproc%2Fself%2Froot%2Fproc%2F16770%2Fstatm&path=%2F%2Fproc%2Fself%2Froot%2Fproc%2F16770 HTTP/1.1" 200 2579 "-" "Amazon CloudFront"
64.252.75.236 - - [28/Aug/2026:00:43:06 +0000] "GET /assets/vendor/glightbox/css/glightbox.min.css?fileloc=%2F%2Fsys%2Fclass%2Ftty%2Ftty57%2Fsubsystem%2Ftty31%2Fuevent&path=%2F%2Fsys%2Fclass%2Ftty%2Ftty57%2Fsubsystem%2Ftty31 HTTP/1.1" 200 2618 "-" "Amazon CloudFront"
64.252.74.195 - - [28/Aug/2026:00:43:06 +0000] "GET /assets/css/modal.css?fileloc=%2F%2Fusr%2Fshare%2Fman%2Fman3%2Fform_request_name.3x.gz&path=%2F%2Fusr%2Fshare%2Fman%2Fman3 HTTP/1.1" 200 2578 "-" "Amazon CloudFront"
64.252.75.236 - - [28/Aug/2026:00:43:06 +0000] "GET /index.html?fileloc=%2F%2Fproc%2Fself%2Froot%2Ftmp%2Fsess_fkqnhvae7jq88rrd65u4ngd6ig&path=%2F%2Fproc%2Fself%2Froot%2Ftmp HTTP/1.1" 200 2585 "-" "Amazon CloudFront"
64.252.75.236 - - [28/Aug/2026:00:43:06 +0000] "GET /assets/vendor/glightbox/js/glightbox.min.js?fileloc=%2F%2Fproc%2F4%2Ftask%2F4%2Fnet%2Fdev&path=%2F%2Fproc%2F4%2Ftask%2F4%2Fnet HTTP/1.1" 200 2741 "-" "Amazon CloudFront"
64.252.74.195 - - [28/Aug/2026:00:43:06 +0000] "GET /assets/css/modal.css?fileloc=%2F%2Fproc%2F17903%2Froot%2Fproc%2F17903%2Froot%2Fproc%2F360%2Fpagemap&path=%2F%2Fproc%2F17903%2Froot%2Fproc%2F17903%2Froot%2Fproc%2F360 HTTP/1.1" 200 2587 "-" "Amazon CloudFront"
64.252.75.236 - - [28/Aug/2026:00:43:06 +0000] "GET /assets/css/main.css?fileloc=%2F%2Fproc%2Fself%2Froot%2Fusr%2Fshare%2Fdoc%2Flibtirpc-0.2.4%2FAUTHORS&path=%2F%2Fproc%2Fself%2Froot%2Fusr%2Fshare%2Fdoc%2Flibtirpc-0.2.4 HTTP/1.1" 200 2667 "-" "Amazon CloudFront"
64.252.75.204 - - [28/Aug/2026:00:43:07 +0000] "GET /assets/vendor/glightbox/css/glightbox.min.css?fileloc=%2F%2Fproc%2Fthread-self%2Froot%2Ftmp%2Fsess_oqnnkt0cghsvfosnern1rufnt8&path=%2F%2Fproc%2Fthread-self%2Froot%2Ftmp HTTP/1.1" 200 2590 "-" "Amazon CloudFront"
64.252.75.204 - - [28/Aug/2026:00:43:07 +0000] "GET /assets/css/main.css?fileloc=%2F%2Fproc%2F17903%2Froot%2Fproc%2F15%2Fauxv&path=%2F%2Fproc%2F17903%2Froot%2Fproc%2F15 HTTP/1.1" 200 2573 "-" "Amazon CloudFront"
64.252.74.195 - - [28/Aug/2026:00:43:07 +0000] "GET /assets/css/modal.css?fileloc=%2F%2Fproc%2F17903%2Froot%2Fproc%2F25367%2Fnet%2Frt6_stats&path=%2F%2Fproc%2F17903%2Froot%2Fproc%2F25367%2Fnet HTTP/1.1" 200 2589 "-" "Amazon CloudFront"
64.252.74.195 - - [28/Aug/2026:00:43:07 +0000] "GET /assets/vendor/bootstrap/js/bootstrap.bundle.min.js?fileloc=%2F%2Fproc%2F15%2Fwchan&path=%2F%2Fproc%2F15 HTTP/1.1" 200 2551 "-" "Amazon CloudFront"
64.252.75.204 - - [28/Aug/2026:00:43:07 +0000] "GET /index.html?fileloc=%2F%2Fusr%2Fshare%2Fman%2Fman3%2FExtUtils%3A%3AMkbootstrap.3pm.gz&path=%2F%2Fusr%2Fshare%2Fman%2Fman3 HTTP/1.1" 200 2587 "-" "Amazon CloudFront"
64.252.74.195 - - [28/Aug/2026:00:43:07 +0000] "GET /assets/vendor/bootstrap/js/bootstrap.bundle.min.js?fileloc=%2F%2Fproc%2F3624%2Fio&path=%2F%2Fproc%2F3624 HTTP/1.1" 200 2548 "-" "Amazon CloudFront"
64.252.74.195 - - [28/Aug/2026:00:43:07 +0000] "GET /assets/js/main.js?fileloc=%2F%2Fproc%2Fself%2Froot%2Fproc%2Firq%2F0%2Feffective_affinity_list&path=%2F%2Fproc%2Fself%2Froot%2Fproc%2Firq%2F0 HTTP/1.1" 200 2596 "-" "Amazon CloudFront"
64.252.75.204 - - [28/Aug/2026:00:43:07 +0000] "GET /assets/css/modal.css?fileloc=%2F%2Fproc%2F13104%2Ftask%2F13111%2Fnet%2Fip_tables_names&path=%2F%2Fproc%2F13104%2Ftask%2F13111%2Fnet HTTP/1.1" 200 2584 "-" "Amazon CloudFront"
64.252.75.236 - - [28/Aug/2026:00:43:07 +0000] "GET /assets/js/main.js?fileloc=%2F%2Fproc%2Fself%2Froot%2Fproc%2F2790%2Ftask%2F2790%2Fcpuset&path=%2F%2Fproc%2Fself%2Froot%2Fproc%2F2790%2Ftask%2F2790 HTTP/1.1" 200 2589 "-" "Amazon CloudFront"
64.252.75.236 - - [28/Aug/2026:00:43:07 +0000] "GET /assets/css/main.css?fileloc=%2F%2Fsys%2Fmodule%2Faes_x86_64%2Fholders%2Faesni_intel%2Ftaint&path=%2F%2Fsys%2Fmodule%2Faes_x86_64%2Fholders%2Faesni_intel HTTP/1.1" 200 2588 "-" "Amazon CloudFront"
64.252.75.204 - - [28/Aug/2026:00:43:07 +0000] "GET /assets/css/main.css?fileloc=%2F%2Fproc%2F17903%2Ftask%2F17903%2Froot%2Flib64%2Flibstdc++.so.6&path=%2F%2Fproc%2F17903%2Ftask%2F17903%2Froot%2Flib64 HTTP/1.1" 200 2591 "-" "Amazon CloudFront"
64.252.75.204 - - [28/Aug/2026:00:43:08 +0000] "GET /assets/vendor/bootstrap/js/bootstrap.bundle.min.js?fileloc=%2F%2Fusr%2Finclude%2Fsepol%2Fpolicydb%2Flink.h&path=%2F%2Fusr%2Finclude%2Fsepol%2Fpolicydb HTTP/1.1" 200 2838 "-" "Amazon CloudFront"
64.252.74.195 - - [28/Aug/2026:00:43:08 +0000] "GET /assets/css/main.css?fileloc=%2F%2Fproc%2F16034%2Ftask%2F16119%2Fnet%2Farp&path=%2F%2Fproc%2F16034%2Ftask%2F16119%2Fnet HTTP/1.1" 200 2578 "-" "Amazon CloudFront"
64.252.75.236 - - [28/Aug/2026:00:43:08 +0000] "GET /assets/vendor/glightbox/css/glightbox.min.css?fileloc=%2F%2Fsys%2Fdev%2Fchar%2F4%3A1%2Fsubsystem%2Ftty49%2Fsubsystem%2Ftty24%2Fpower%2Fautosuspend_delay_ms&path=%2F%2Fsys%2Fdev%2Fchar%2F4%3A1%2Fsubsystem%2Ftty49%2Fsubsystem%2Ftty24%2Fpower HTTP/1.1" 200 2622 "-" "Amazon CloudFront"
64.252.74.195 - - [28/Aug/2026:00:43:08 +0000] "GET /assets/vendor/bootstrap-icons/bootstrap-icons.css?path=%2F%2Fusr%2Fshare%2Flocale%2Fko_KR HTTP/1.1" 200 2978 "-" "Amazon CloudFront"
64.252.75.236 - - [28/Aug/2026:00:43:08 +0000] "GET /assets/vendor/glightbox/css/glightbox.min.css?fileloc=%2F%2Fproc%2F13104%2Ftask%2F13110%2Fpatch_state&path=%2F%2Fproc%2F13104%2Ftask%2F13110 HTTP/1.1" 200 2575 "-" "Amazon CloudFront"
64.252.74.195 - - [28/Aug/2026:00:43:08 +0000] "GET /assets/css/main.css?fileloc=%2F%2Fproc%2F16034%2Ftask%2F14345%2Fnet%2Ficmp&path=%2F%2Fproc%2F16034%2Ftask%2F14345%2Fnet HTTP/1.1" 200 2580 "-" "Amazon CloudFront"
64.252.76.137 - - [28/Aug/2026:00:43:08 +0000] "GET /assets/vendor/glightbox/css/glightbox.min.css?fileloc=%2F%2Fproc%2F3603%2Ftask%2F12983%2Fclear_refs&path=%2F%2Fproc%2F3603%2Ftask%2F12983 HTTP/1.1" 200 2573 "-" "Amazon CloudFront"
64.252.75.204 - - [28/Aug/2026:00:43:08 +0000] "GET /assets/js/main.js?fileloc=%2F%2Fproc%2Fthread-self%2Froot%2Ftmp%2Fsess_8hm3l1374reeosjtuhvv5ek7lj&path=%2F%2Fproc%2Fthread-self%2Froot%2Ftmp HTTP/1.1" 200 2590 "-" "Amazon CloudFront"
64.252.75.204 - - [28/Aug/2026:00:43:08 +0000] "GET /assets/css/modal.css?fileloc=%2F%2Fproc%2F17903%2Froot%2Fproc%2F17903%2Froot%2Fsbin%2Fpwck&path=%2F%2Fproc%2F17903%2Froot%2Fproc%2F17903%2Froot%2Fsbin HTTP/1.1" 200 2583 "-" "Amazon CloudFront"
64.252.75.236 - - [28/Aug/2026:00:43:08 +0000] "GET /index.html?fileloc=%2F%2Fproc%2F18%2Fpersonality&path=%2F%2Fproc%2F18 HTTP/1.1" 200 2553 "-" "Amazon CloudFront"
64.252.75.204 - - [28/Aug/2026:00:43:08 +0000] "GET /assets/js/main.js?fileloc=%2F%2Fproc%2F508%2Fsessionid&path=%2F%2Fproc%2F508 HTTP/1.1" 200 2560 "-" "Amazon CloudFront"
64.252.74.195 - - [28/Aug/2026:00:43:09 +0000] "GET /assets/js/main.js?fileloc=%2F%2Fusr%2Fbin%2Fsecret-tool&path=%2F%2Fusr%2Fbin HTTP/1.1" 200 2552 "-" "Amazon CloudFront"
64.252.74.195 - - [28/Aug/2026:00:43:09 +0000] "GET /assets/css/main.css?fileloc=%2F%2Fusr%2Fshare%2Fman%2Fman3p%2Fexpl.3p.gz&path=%2F%2Fusr%2Fshare%2Fman%2Fman3p HTTP/1.1" 200 2572 "-" "Amazon CloudFront"
64.252.74.195 - - [28/Aug/2026:00:43:09 +0000] "GET /index.html?fileloc=%2F%2Fproc%2F38%2Fnet%2Fsnmp&path=%2F%2Fproc%2F38%2Fnet HTTP/1.1" 200 3173 "-" "Amazon CloudFront"
64.252.74.195 - - [28/Aug/2026:00:43:09 +0000] "GET /assets/vendor/glightbox/css/glightbox.min.css?fileloc=%2F%2Fsys%2Fdev%2Fchar%2F4%3A1%2Fsubsystem%2Ftty50%2Fsubsystem%2Ftty59%2Fpower%2Fautosuspend_delay_ms&path=%2F%2Fsys%2Fdev%2Fchar%2F4%3A1%2Fsubsystem%2Ftty50%2Fsubsystem%2Ftty59%2Fpower HTTP/1.1" 200 2621 "-" "Amazon CloudFront"
64.252.74.195 - - [28/Aug/2026:00:43:09 +0000] "GET /index.html?fileloc=%2F%2Fproc%2Fsys%2Fnet%2Fipv4%2Ftcp_app_win&path=%2F%2Fproc%2Fsys%2Fnet%2Fipv4 HTTP/1.1" 200 2574 "-" "Amazon CloudFront"
64.252.74.195 - - [28/Aug/2026:00:43:09 +0000] "GET /assets/js/main.js?path=%2F%2Fproc%2Fself%2Froot%2Fproc%2F17903%2Froot%2Fs3%2F61d5830126fa4469b4a3595b51c08e8d HTTP/1.1" 200 2670 "-" "Amazon CloudFront"
64.252.74.195 - - [28/Aug/2026:00:43:09 +0000] "GET /assets/js/main.js?fileloc=%2F%2Fproc%2F17903%2Froot%2Fproc%2F3602%2Fsmaps&path=%2F%2Fproc%2F17903%2Froot%2Fproc%2F3602 HTTP/1.1" 200 2575 "-" "Amazon CloudFront"
64.252.75.204 - - [28/Aug/2026:00:43:09 +0000] "GET /index.html?fileloc=%2F%2Fproc%2F9958%2Ftask%2F9958%2Fnet%2Frt6_stats&path=%2F%2Fproc%2F9958%2Ftask%2F9958%2Fnet HTTP/1.1" 200 2586 "-" "Amazon CloudFront"
64.252.75.236 - - [28/Aug/2026:00:43:09 +0000] "GET /assets/vendor/swiper/swiper-bundle.min.css?path=%2F%2Flib64%2Flibnfsidmap HTTP/1.1" 200 2988 "-" "Amazon CloudFront"
64.252.75.236 - - [28/Aug/2026:00:43:09 +0000] "GET /assets/js/main.js?fileloc=%2F%2Fusr%2Finclude%2Fsepol%2Fcil%2Fcil.h&path=%2F%2Fusr%2Finclude%2Fsepol%2Fcil HTTP/1.1" 200 3863 "-" "Amazon CloudFront"
64.252.75.236 - - [28/Aug/2026:00:43:10 +0000] "GET /index.html?fileloc=%2F%2Fproc%2F51%2Fsmaps_rollup&path=%2F%2Fproc%2F51 HTTP/1.1" 200 2555 "-" "Amazon CloudFront"
64.252.74.195 - - [28/Aug/2026:00:43:10 +0000] "GET /assets/css/main.css?fileloc=%2F%2Fproc%2Fself%2Froot%2Flib%2Fgrub%2Fi386-pc%2Ftar.mod&path=%2F%2Fproc%2Fself%2Froot%2Flib%2Fgrub%2Fi386-pc HTTP/1.1" 200 2591 "-" "Amazon CloudFront"
64.252.75.236 - - [28/Aug/2026:00:43:10 +0000] "GET /assets/css/main.css?fileloc=%2F%2Fsys%2Fkernel%2Fslab%2F%3A0000200%2Fctor&path=%2F%2Fsys%2Fkernel%2Fslab%2F%3A0000200 HTTP/1.1" 200 2571 "-" "Amazon CloudFront"
64.252.74.195 - - [28/Aug/2026:00:43:10 +0000] "GET /index.html?fileloc=%2F%2Fproc%2Fthread-self%2Froot%2Ftmp%2Fsess_o6t4j9jkf1k5ni0gjatt5co9vg&path=%2F%2Fproc%2Fthread-self%2Froot%2Ftmp HTTP/1.1" 200 2591 "-" "Amazon CloudFront"
64.252.75.204 - - [28/Aug/2026:00:43:10 +0000] "GET /assets/js/main.js?fileloc=%2F%2Fproc%2Fself%2Froot%2Flib64%2Flibboost_random.so.1.53.0&path=%2F%2Fproc%2Fself%2Froot%2Flib64 HTTP/1.1" 200 2583 "-" "Amazon CloudFront"
64.252.76.137 - - [28/Aug/2026:00:43:10 +0000] "GET /index.html?fileloc=%2F%2Fproc%2F39%2Fnet%2Fudp&path=%2F%2Fproc%2F39%2Fnet HTTP/1.1" 200 3032 "-" "Amazon CloudFront"
64.252.75.204 - - [28/Aug/2026:00:43:10 +0000] "GET /assets/css/modal.css?fileloc=%2F%2Fproc%2Fself%2Froot%2Fusr%2Fshare%2Fman%2Fman7%2FDROP_EXTENSION.7.gz&path=%2F%2Fproc%2Fself%2Froot%2Fusr%2Fshare%2Fman%2Fman7 HTTP/1.1" 200 2613 "-" "Amazon CloudFront"
64.252.75.236 - - [28/Aug/2026:00:43:10 +0000] "GET /assets/vendor/glightbox/js/glightbox.min.js?fileloc=%2F%2Fbin%2Fbzdiff&path=%2F%2Fbin HTTP/1.1" 200 3426 "-" "Amazon CloudFront"
64.252.74.195 - - [28/Aug/2026:00:43:10 +0000] "GET /index.html?fileloc=%2F%2Fusr%2Fshare%2Fman%2Fman1%2Fgit-push.1.gz&path=%2F%2Fusr%2Fshare%2Fman%2Fman1 HTTP/1.1" 200 2573 "-" "Amazon CloudFront"
64.252.75.204 - - [28/Aug/2026:00:43:10 +0000] "GET /assets/js/main.js?fileloc=%2F%2Fproc%2Fself%2Froot%2Fopt%2Faws%2Fbin%2Feic_curl_authorized_keys&path=%2F%2Fproc%2Fself%2Froot%2Fopt%2Faws%2Fbin HTTP/1.1" 200 4671 "-" "Amazon CloudFront"
64.252.68.74 - - [28/Aug/2026:00:43:10 +0000] "GET /products/detail/208628339?path=//sys/bus/node/devices/node0/cpu1/driver/cpu7/driver/cpu2/node0/cpu4/firmware_node/thermal_cooling/device/physical_node/firmware_node/thermal_cooling/device/subsystem/devices/LNXSYSTM:00/LNXSYBUS:00/PNP0A03:00/device:21/physical_node/nvme/nvme2/nvme2n1/subsystem/nvme2n1/slaves HTTP/1.1" 200 2908 "-" "Amazon CloudFront"
64.252.74.195 - - [28/Aug/2026:00:43:10 +0000] "GET /assets/vendor/glightbox/js/glightbox.min.js?path=%2F%2Fproc%2F9959 HTTP/1.1" 200 4564 "-" "Amazon CloudFront"
64.252.74.195 - - [28/Aug/2026:00:43:11 +0000] "GET /assets/vendor/glightbox/css/glightbox.min.css?fileloc=%2F%2Fproc%2Fthread-self%2Froot%2Fproc%2Fself%2Froot%2Ftmp%2Fsess_phj9amsmu8930h6sqk5lru1l8g&path=%2F%2Fproc%2Fthread-self%2Froot%2Fproc%2Fself%2Froot%2Ftmp HTTP/1.1" 200 2609 "-" "Amazon CloudFront"
64.252.74.195 - - [28/Aug/2026:00:43:11 +0000] "GET /index.html?fileloc=%2F%2Fusr%2Fshare%2Fman%2Fman3%2FTcl_DeleteHashTable.3.gz&path=%2F%2Fusr%2Fshare%2Fman%2Fman3 HTTP/1.1" 200 2580 "-" "Amazon CloudFront"
64.252.75.236 - - [28/Aug/2026:00:43:11 +0000] "GET /assets/css/main.css?fileloc=%2F%2Fusr%2Fshare%2Fzoneinfo%2Fposix%2FGB-Eire&path=%2F%2Fusr%2Fshare%2Fzoneinfo%2Fposix HTTP/1.1" 200 2576 "-" "Amazon CloudFront"
64.252.75.204 - - [28/Aug/2026:00:43:11 +0000] "GET /assets/css/modal.css?fileloc=%2F%2Fproc%2Fself%2Froot%2Fusr%2Fshare%2Fman%2Fman3%2FBIO_new_bio_pair.3ssl.gz&path=%2F%2Fproc%2Fself%2Froot%2Fusr%2Fshare%2Fman%2Fman3 HTTP/1.1" 200 2614 "-" "Amazon CloudFront"
64.252.75.204 - - [28/Aug/2026:00:43:11 +0000] "GET /assets/vendor/bootstrap-icons/bootstrap-icons.css?fileloc=%2F%2Fusr%2Flocal%2Fbin%2Frst2html5.py&path=%2F%2Fusr%2Flocal%2Fbin HTTP/1.1" 200 3200 "-" "Amazon CloudFront"
64.252.74.195 - - [28/Aug/2026:00:43:11 +0000] "GET /assets/css/main.css?fileloc=%2F%2Fsys%2Fkernel%2Fslab%2F%3Ad-0000032%2Forder&path=%2F%2Fsys%2Fkernel%2Fslab%2F%3Ad-0000032 HTTP/1.1" 200 2572 "-" "Amazon CloudFront"
64.252.74.195 - - [28/Aug/2026:00:43:11 +0000] "GET /assets/css/modal.css?fileloc=%2F%2Fetc%2Fppp%2Fipv6-down&path=%2F%2Fetc%2Fppp HTTP/1.1" 200 3397 "-" "Amazon CloudFront"
64.252.75.236 - - [28/Aug/2026:00:43:11 +0000] "GET /assets/css/main.css?fileloc=%2F%2Fproc%2F3504%2Ftask%2F3504%2Fpagemap&path=%2F%2Fproc%2F3504%2Ftask%2F3504 HTTP/1.1" 200 2564 "-" "Amazon CloudFront"
64.252.75.204 - - [28/Aug/2026:00:43:11 +0000] "GET /index.html?fileloc=%2F%2Fproc%2F8427%2Ftask%2F8479%2Foom_adj&path=%2F%2Fproc%2F8427%2Ftask%2F8479 HTTP/1.1" 200 2573 "-" "Amazon CloudFront"
64.252.75.204 - - [28/Aug/2026:00:43:11 +0000] "GET /assets/js/main.js?fileloc=%2F%2Flib%2Fsystemd%2Fsystem%2Fsshd.service&path=%2F%2Flib%2Fsystemd%2Fsystem HTTP/1.1" 200 2795 "-" "Amazon CloudFront"
64.252.75.236 - - [28/Aug/2026:00:43:11 +0000] "GET /assets/css/main.css?fileloc=%2F%2Fproc%2F28408%2Fnet%2Frpc%2Fnfsd.export%2Fchannel&path=%2F%2Fproc%2F28408%2Fnet%2Frpc%2Fnfsd.export HTTP/1.1" 200 2583 "-" "Amazon CloudFront"
64.252.75.236 - - [28/Aug/2026:00:43:12 +0000] "GET /assets/css/main.css?fileloc=%2F%2Fproc%2F8427%2Ftask%2F8473%2Fnet%2Fconnector&path=%2F%2Fproc%2F8427%2Ftask%2F8473%2Fnet HTTP/1.1" 200 2598 "-" "Amazon CloudFront"
64.252.75.204 - - [28/Aug/2026:00:43:12 +0000] "GET /assets/vendor/glightbox/css/glightbox.min.css?fileloc=%2F%2Fproc%2F1265%2Ftask%2F1265%2Fnet%2Fstat%2Farp_cache&path=%2F%2Fproc%2F1265%2Ftask%2F1265%2Fnet%2Fstat HTTP/1.1" 200 2833 "-" "Amazon CloudFront"
64.252.75.204 - - [28/Aug/2026:00:43:12 +0000] "GET /assets/vendor/glightbox/css/glightbox.min.css?fileloc=%2F%2Fproc%2F9956%2Ftask%2F9956%2Fnet%2Fstat%2Fndisc_cache&path=%2F%2Fproc%2F9956%2Ftask%2F9956%2Fnet%2Fstat HTTP/1.1" 200 2768 "-" "Amazon CloudFront"
64.252.75.204 - - [28/Aug/2026:00:43:12 +0000] "GET /assets/css/modal.css?fileloc=%2F%2Fproc%2F17903%2Froot%2Fbin%2Fnl-classid-lookup&path=%2F%2Fproc%2F17903%2Froot%2Fbin HTTP/1.1" 200 2576 "-" "Amazon CloudFront"
64.252.74.195 - - [28/Aug/2026:00:43:12 +0000] "GET /assets/css/main.css?fileloc=%2F%2Fproc%2Fself%2Froot%2Fusr%2Fshare%2Fman%2Fman3p%2Ffrexpf.3p.gz&path=%2F%2Fproc%2Fself%2Froot%2Fusr%2Fshare%2Fman%2Fman3p HTTP/1.1" 200 2603 "-" "Amazon CloudFront"
64.252.75.236 - - [28/Aug/2026:00:43:12 +0000] "GET /assets/vendor/glightbox/css/glightbox.min.css?fileloc=%2F%2Fproc%2F9963%2Fnet%2Fstat%2Fndisc_cache&path=%2F%2Fproc%2F9963%2Fnet%2Fstat HTTP/1.1" 200 2753 "-" "Amazon CloudFront"
64.252.75.236 - - [28/Aug/2026:00:43:12 +0000] "GET /assets/css/modal.css?fileloc=%2F%2Fproc%2Fself%2Froot%2Fsys%2Fkernel%2Fslab%2Fbiovec-128%2Faliases&path=%2F%2Fproc%2Fself%2Froot%2Fsys%2Fkernel%2Fslab%2Fbiovec-128 HTTP/1.1" 200 2602 "-" "Amazon CloudFront"
64.252.75.204 - - [28/Aug/2026:00:43:12 +0000] "GET /index.html?fileloc=%2F%2Fsys%2Fclass%2Fthermal%2Fcooling_device6%2Fpower%2Fruntime_status&path=%2F%2Fsys%2Fclass%2Fthermal%2Fcooling_device6%2Fpower HTTP/1.1" 200 2604 "-" "Amazon CloudFront"
64.252.75.236 - - [28/Aug/2026:00:43:12 +0000] "GET /index.html?fileloc=%2Fvar%2Flog%2Fsa%2Fsar02&path=%2Fvar%2Flog%2Fsa HTTP/1.1" 200 54692 "-" "Amazon CloudFront"
64.252.74.195 - - [28/Aug/2026:00:43:12 +0000] "GET /assets/css/main.css?fileloc=%2F%2Fusr%2Fshare%2Fman%2Fman2%2Fsched_yield.2.gz&path=%2F%2Fusr%2Fshare%2Fman%2Fman2 HTTP/1.1" 200 2575 "-" "Amazon CloudFront"
64.252.74.195 - - [28/Aug/2026:00:43:12 +0000] "GET /index.html?fileloc=%2F%2Fusr%2Fshare%2Fmime%2Ftext%2Fx-install.xml&path=%2F%2Fusr%2Fshare%2Fmime%2Ftext HTTP/1.1" 200 3783 "-" "Amazon CloudFront"
64.252.74.195 - - [28/Aug/2026:00:43:13 +0000] "GET /assets/css/modal.css?fileloc=%2F%2Fproc%2F2793%2Ftask%2F2794%2Fnet%2Fconnector&path=%2F%2Fproc%2F2793%2Ftask%2F2794%2Fnet HTTP/1.1" 200 2597 "-" "Amazon CloudFront"
64.252.74.195 - - [28/Aug/2026:00:43:13 +0000] "GET /assets/css/main.css?fileloc=%2F%2Fproc%2F17903%2Froot%2Ftmp%2Fsess_claaeshs1454ioeuehspbltssq&path=%2F%2Fproc%2F17903%2Froot%2Ftmp HTTP/1.1" 200 2588 "-" "Amazon CloudFront"
64.252.75.236 - - [28/Aug/2026:00:43:13 +0000] "GET /assets/vendor/glightbox/css/glightbox.min.css?fileloc=%2F%2Fproc%2Fthread-self%2Froot%2Fproc%2F1258%2Fnet%2Fip_mr_vif&path=%2F%2Fproc%2Fthread-self%2Froot%2Fproc%2F1258%2Fnet HTTP/1.1" 200 2637 "-" "Amazon CloudFront"
64.252.75.236 - - [28/Aug/2026:00:43:13 +0000] "GET /assets/css/modal.css?fileloc=%2F%2Fproc%2F17903%2Froot%2Fproc%2F3681%2Fnet%2Fpacket&path=%2F%2Fproc%2F17903%2Froot%2Fproc%2F3681%2Fnet HTTP/1.1" 200 2586 "-" "Amazon CloudFront"
64.252.67.164 - - [28/Aug/2026:00:43:13 +0000] "GET /?path=//sys/bus/memory/devices/memory14/node0/memory16/node0/cpu1/driver/cpu4/firmware_node/physical_node/subsystem/drivers/processor/cpu2/firmware_node/subsystem/devices/PNP0A03:00/physical_node/pci_bus/0000:00/device/0000:00:04.0/driver/module/drivers/pci:nvme/0000:00:1f.0/nvme/nvme2/nvme2n1/holders/md0/md/dev-nvme1n1/block/device/nvme1n1/mq/3 HTTP/1.1" 200 3530 "-" "Amazon CloudFront"
64.252.75.236 - - [28/Aug/2026:00:43:13 +0000] "GET /index.html?fileloc=%2F%2Fproc%2F9959%2Ftask%2F9959%2Fnet%2Frt6_stats&path=%2F%2Fproc%2F9959%2Ftask%2F9959%2Fnet HTTP/1.1" 200 2586 "-" "Amazon CloudFront"
64.252.75.236 - - [28/Aug/2026:00:43:13 +0000] "GET /assets/css/modal.css?fileloc=%2F%2Fproc%2F16034%2Ftask%2F16074%2Fchildren&path=%2F%2Fproc%2F16034%2Ftask%2F16074 HTTP/1.1" 200 2572 "-" "Amazon CloudFront"
64.252.74.195 - - [28/Aug/2026:00:43:13 +0000] "GET /assets/js/main.js?fileloc=%2F%2Fproc%2F5403%2Fnet%2Fip6_mr_cache&path=%2F%2Fproc%2F5403%2Fnet HTTP/1.1" 200 2603 "-" "Amazon CloudFront"
64.252.75.204 - - [28/Aug/2026:00:43:13 +0000] "GET /assets/css/modal.css?fileloc=%2F%2Fproc%2Fself%2Froot%2Flib%2Fkbd%2Fconsolefonts%2F928.cp.gz&path=%2F%2Fproc%2Fself%2Froot%2Flib%2Fkbd%2Fconsolefonts HTTP/1.1" 200 2596 "-" "Amazon CloudFront"
64.252.74.195 - - [28/Aug/2026:00:43:13 +0000] "GET /assets/vendor/glightbox/css/glightbox.min.css?fileloc=%2F%2Fsys%2Fdev%2Fchar%2F4%3A46%2Fsubsystem%2Ftty50%2Fsubsystem%2Ftty59%2Fpower%2Fautosuspend_delay_ms&path=%2F%2Fsys%2Fdev%2Fchar%2F4%3A46%2Fsubsystem%2Ftty50%2Fsubsystem%2Ftty59%2Fpower HTTP/1.1" 200 2622 "-" "Amazon CloudFront"
64.252.75.236 - - [28/Aug/2026:00:43:13 +0000] "GET /assets/css/main.css?fileloc=%2F%2Fproc%2F17903%2Froot%2Fproc%2F25367%2Floginuid&path=%2F%2Fproc%2F17903%2Froot%2Fproc%2F25367 HTTP/1.1" 200 2578 "-" "Amazon CloudFront"
64.252.74.195 - - [28/Aug/2026:00:43:14 +0000] "GET /assets/vendor/bootstrap/js/bootstrap.bundle.min.js?fileloc=%2F%2Fsys%2Fmodule%2Fghash_clmulni_intel%2Frefcnt&path=%2F%2Fsys%2Fmodule%2Fghash_clmulni_intel HTTP/1.1" 200 2573 "-" "Amazon CloudFront"
64.252.75.236 - - [28/Aug/2026:00:43:14 +0000] "GET /assets/css/main.css?fileloc=%2F%2Fproc%2F1266%2Fnet%2Fudp6&path=%2F%2Fproc%2F1266%2Fnet HTTP/1.1" 200 2857 "-" "Amazon CloudFront"
64.252.75.236 - - [28/Aug/2026:00:43:14 +0000] "GET /assets/vendor/glightbox/css/glightbox.min.css?fileloc=%2F%2Fsys%2Fdev%2Fchar%2F5%3A1%2Fsubsystem%2Ftty40%2Fsubsystem%2Ftty11%2Fpower%2Fautosuspend_delay_ms&path=%2F%2Fsys%2Fdev%2Fchar%2F5%3A1%2Fsubsystem%2Ftty40%2Fsubsystem%2Ftty11%2Fpower HTTP/1.1" 200 2624 "-" "Amazon CloudFront"
64.252.75.204 - - [28/Aug/2026:00:43:14 +0000] "GET /assets/vendor/glightbox/css/glightbox.min.css?fileloc=%2F%2Fsys%2Fdev%2Fchar%2F5%3A1%2Fsubsystem%2Ftty11%2Fsubsystem%2Ftty40%2Fpower%2Fautosuspend_delay_ms&path=%2F%2Fsys%2Fdev%2Fchar%2F5%3A1%2Fsubsystem%2Ftty11%2Fsubsystem%2Ftty40%2Fpower HTTP/1.1" 200 2622 "-" "Amazon CloudFront"
64.252.75.236 - - [28/Aug/2026:00:43:14 +0000] "GET /assets/vendor/glightbox/css/glightbox.min.css?fileloc=%2F%2Fusr%2Fshare%2Fbash-completion%2Fcompletions%2Fipcs&path=%2F%2Fusr%2Fshare%2Fbash-completion%2Fcompletions HTTP/1.1" 200 2846 "-" "Amazon CloudFront"
64.252.75.236 - - [28/Aug/2026:00:43:14 +0000] "GET /assets/css/modal.css?fileloc=%2F%2Fproc%2Fself%2Froot%2Fusr%2Fshare%2Fman%2Fman3%2FMath%3A%3ABigFloat.3pm.gz&path=%2F%2Fproc%2Fself%2Froot%2Fusr%2Fshare%2Fman%2Fman3 HTTP/1.1" 200 2611 "-" "Amazon CloudFront"
64.252.74.195 - - [28/Aug/2026:00:43:14 +0000] "GET /assets/css/main.css?fileloc=%2F%2Fproc%2F17903%2Froot%2Flib64%2FScrt1.o&path=%2F%2Fproc%2F17903%2Froot%2Flib64 HTTP/1.1" 200 2572 "-" "Amazon CloudFront"
64.252.75.204 - - [28/Aug/2026:00:43:14 +0000] "GET /assets/vendor/aos/aos.css?fileloc=%2F%2Fproc%2Fthread-self%2Froot%2Fsbin%2Fosd_login&path=%2F%2Fproc%2Fthread-self%2Froot%2Fsbin HTTP/1.1" 200 3901 "-" "Amazon CloudFront"
64.252.75.204 - - [28/Aug/2026:00:43:14 +0000] "GET /assets/vendor/glightbox/css/glightbox.min.css?fileloc=%2F%2Fproc%2F3603%2Ftask%2F3739%2Fnet%2Fnetlink&path=%2F%2Fproc%2F3603%2Ftask%2F3739%2Fnet HTTP/1.1" 200 2877 "-" "Amazon CloudFront"
64.252.74.195 - - [28/Aug/2026:00:43:14 +0000] "GET /assets/css/main.css?fileloc=%2F%2Fusr%2Flib64%2Fperl5%2Farybase.pm&path=%2F%2Fusr%2Flib64%2Fperl5 HTTP/1.1" 200 3902 "-" "Amazon CloudFront"
64.252.74.195 - - [28/Aug/2026:00:43:14 +0000] "GET /assets/css/modal.css?fileloc=%2F%2Fusr%2Fshare%2Fzoneinfo%2Fposix%2FEgypt&path=%2F%2Fusr%2Fshare%2Fzoneinfo%2Fposix HTTP/1.1" 200 2574 "-" "Amazon CloudFront"
64.252.74.195 - - [28/Aug/2026:00:43:14 +0000] "GET /assets/css/index.html?fileloc=%2F%2Fusr%2Flib64%2Flibncurses.so.6.0&path=%2F%2Fusr%2Flib64 HTTP/1.1" 200 2559 "-" "Amazon CloudFront"
64.252.75.204 - - [28/Aug/2026:00:43:15 +0000] "GET /assets/css/index.html?fileloc=%2F%2Fsbin%2Fera_restore&path=%2F%2Fsbin HTTP/1.1" 200 2545 "-" "Amazon CloudFront"
64.252.74.195 - - [28/Aug/2026:00:43:15 +0000] "GET /assets/css/main.css?fileloc=%2F%2Fusr%2Fshare%2Fman%2Fman8%2Fsetsebool.8.gz&path=%2F%2Fusr%2Fshare%2Fman%2Fman8 HTTP/1.1" 200 2574 "-" "Amazon CloudFront"
64.252.75.236 - - [28/Aug/2026:00:43:15 +0000] "GET /assets/vendor/glightbox/css/glightbox.min.css?fileloc=%2F%2Fproc%2F761%2Fnet%2Fip_mr_cache&path=%2F%2Fproc%2F761%2Fnet HTTP/1.1" 200 2601 "-" "Amazon CloudFront"
64.252.75.236 - - [28/Aug/2026:00:43:15 +0000] "GET /assets/css/modal.css?fileloc=%2F%2Fproc%2F17903%2Froot%2Fproc%2F8427%2Ftask%2F8473%2Fmountinfo&path=%2F%2Fproc%2F17903%2Froot%2Fproc%2F8427%2Ftask%2F8473 HTTP/1.1" 200 2596 "-" "Amazon CloudFront"
64.252.75.204 - - [28/Aug/2026:00:43:15 +0000] "GET /assets/vendor/bootstrap-icons/bootstrap-icons.css?fileloc=%2F%2Fproc%2F25%2Ftask%2F25%2Flimits&path=%2F%2Fproc%2F25%2Ftask%2F25 HTTP/1.1" 200 2830 "-" "Amazon CloudFront"
64.252.75.236 - - [28/Aug/2026:00:43:15 +0000] "GET /assets/vendor/glightbox/css/glightbox.min.css?fileloc=%2F%2Fproc%2Fthread-self%2Froot%2Fproc%2F22234%2Fnet%2Figmp6&path=%2F%2Fproc%2Fthread-self%2Froot%2Fproc%2F22234%2Fnet HTTP/1.1" 200 2646 "-" "Amazon CloudFront"
64.252.74.195 - - [28/Aug/2026:00:43:15 +0000] "GET /assets/vendor/glightbox/css/glightbox.min.css?path=%2F%2Fproc%2F1265%2Ftask%2F1265%2Fnet%2Frpc%2Fnfs4.nametoid HTTP/1.1" 200 3012 "-" "Amazon CloudFront"
64.252.75.204 - - [28/Aug/2026:00:43:15 +0000] "GET /assets/vendor/bootstrap/js/bootstrap.bundle.min.js?fileloc=%2F%2Fsys%2Fkernel%2Fslab%2F%3A0001088%2Fremote_node_defrag_ratio&path=%2F%2Fsys%2Fkernel%2Fslab%2F%3A0001088 HTTP/1.1" 200 2586 "-" "Amazon CloudFront"
64.252.75.236 - - [28/Aug/2026:00:43:15 +0000] "GET /index.html?fileloc=%2F%2Fproc%2F6%2Floginuid&path=%2F%2Fproc%2F6 HTTP/1.1" 200 2559 "-" "Amazon CloudFront"
64.252.75.204 - - [28/Aug/2026:00:43:15 +0000] "GET /assets/css/modal.css?fileloc=%2F%2Fusr%2Fshare%2Flocale%2Fbal%2FLC_MESSAGES%2Finitscripts.mo&path=%2F%2Fusr%2Fshare%2Flocale%2Fbal%2FLC_MESSAGES HTTP/1.1" 200 2598 "-" "Amazon CloudFront"
64.252.75.204 - - [28/Aug/2026:00:43:16 +0000] "GET /assets/css/modal.css?fileloc=%2F%2Fproc%2F1155%2Ftask%2F1155%2Fnet%2Ftcp6&path=%2F%2Fproc%2F1155%2Ftask%2F1155%2Fnet HTTP/1.1" 200 2831 "-" "Amazon CloudFront"
64.252.75.204 - - [28/Aug/2026:00:43:16 +0000] "GET /assets/vendor/glightbox/css/glightbox.min.css?fileloc=%2F%2Fproc%2F20%2Ftask%2F20%2Fnet%2Fsockstat6&path=%2F%2Fproc%2F20%2Ftask%2F20%2Fnet HTTP/1.1" 200 2620 "-" "Amazon CloudFront"
64.252.74.195 - - [28/Aug/2026:00:43:16 +0000] "GET /assets/css/main.css?fileloc=%2F%2Fusr%2Fshare%2Fmime%2Fmultipart%2Fappledouble.xml&path=%2F%2Fusr%2Fshare%2Fmime%2Fmultipart HTTP/1.1" 200 3865 "-" "Amazon CloudFront"
64.252.75.236 - - [28/Aug/2026:00:43:16 +0000] "GET /index.html?fileloc=%2F%2Fproc%2F42%2Ftask%2F42%2Fnet%2Ftcp6&path=%2F%2Fproc%2F42%2Ftask%2F42%2Fnet HTTP/1.1" 200 2829 "-" "Amazon CloudFront"
64.252.75.204 - - [28/Aug/2026:00:43:16 +0000] "GET /assets/css/main.css?fileloc=%2F%2Fproc%2F34%2Fnet%2Fip6_mr_vif&path=%2F%2Fproc%2F34%2Fnet HTTP/1.1" 200 2596 "-" "Amazon CloudFront"
64.252.75.204 - - [28/Aug/2026:00:43:16 +0000] "GET /index.html?fileloc=%2F%2Fusr%2Fshare%2Fman%2Fman3%2FCURLOPT_RESOLVER_START_DATA.3.gz&path=%2F%2Fusr%2Fshare%2Fman%2Fman3 HTTP/1.1" 200 2596 "-" "Amazon CloudFront"
64.252.75.236 - - [28/Aug/2026:00:43:16 +0000] "GET /index.html?fileloc=%2F%2Fusr%2Fshare%2Fman%2Fman3p%2Ftimer_settime.3p.gz&path=%2F%2Fusr%2Fshare%2Fman%2Fman3p HTTP/1.1" 200 2578 "-" "Amazon CloudFront"
64.252.75.204 - - [28/Aug/2026:00:43:16 +0000] "GET /assets/js/main.js?fileloc=%2F%2Flib%2Fsysctl.d%2F10-default-yama-scope.conf&path=%2F%2Flib%2Fsysctl.d HTTP/1.1" 200 3483 "-" "Amazon CloudFront"
64.252.75.236 - - [28/Aug/2026:00:43:16 +0000] "GET /assets/vendor/bootstrap/js/bootstrap.bundle.min.js?fileloc=%2F%2Fusr%2Fshare%2Fman%2Fman2%2Fphys.2.gz&path=%2F%2Fusr%2Fshare%2Fman%2Fman2 HTTP/1.1" 200 2569 "-" "Amazon CloudFront"
64.252.75.236 - - [28/Aug/2026:00:43:16 +0000] "GET /assets/css/main.css?fileloc=%2F%2Fproc%2F17903%2Froot%2Fusr%2Fbin%2Faclocal-1.13&path=%2F%2Fproc%2F17903%2Froot%2Fusr%2Fbin HTTP/1.1" 200 2582 "-" "Amazon CloudFront"
64.252.75.236 - - [28/Aug/2026:00:43:16 +0000] "GET /assets/vendor/glightbox/css/glightbox.min.css?fileloc=%2F%2Fusr%2Fshare%2Fman%2Fman1%2Fgit-replace.1.gz&path=%2F%2Fusr%2Fshare%2Fman%2Fman1 HTTP/1.1" 200 2574 "-" "Amazon CloudFront"
64.252.75.236 - - [28/Aug/2026:00:43:17 +0000] "GET /assets/css/modal.css?fileloc=%2F%2Fproc%2F11%2Ftask%2F11%2Fnet%2Frpc%2Fauth.unix.ip%2Fcontent&path=%2F%2Fproc%2F11%2Ftask%2F11%2Fnet%2Frpc%2Fauth.unix.ip HTTP/1.1" 200 2594 "-" "Amazon CloudFront"
64.252.75.204 - - [28/Aug/2026:00:43:17 +0000] "GET /assets/css/modal.css?fileloc=%2F%2Fproc%2Fself%2Froot%2Fusr%2Fshare%2Fman%2Fman1%2Fshuf.1.gz&path=%2F%2Fproc%2Fself%2Froot%2Fusr%2Fshare%2Fman%2Fman1 HTTP/1.1" 200 2599 "-" "Amazon CloudFront"
64.252.74.195 - - [28/Aug/2026:00:43:17 +0000] "GET /assets/css/main.css?fileloc=%2F%2Fusr%2Fshare%2Fman%2Fja%2Fman8%2Findex.html&path=%2F%2Fusr%2Fshare%2Fman%2Fja%2Fman8 HTTP/1.1" 200 3358 "-" "Amazon CloudFront"
64.252.68.80 - - [28/Aug/2026:00:43:17 +0000] "GET /?path=//sys/bus/memory/devices/memory8/node0/cpu1/node0/cpu3/driver/cpu4/driver/cpu6/firmware_node/subsystem/devices/LNXSYSTM:00/LNXSYBUS:00/PNP0A03:00/device:06/physical_node/subsystem/drivers/nvme/0000:00:1e.0/firmware_node/physical_node/nvme/nvme1/nvme1n1/holders/md0/md/dev-nvme1n1/block/holders/md0/md/dev-nvme2n1/block/device/nvme2n1/power HTTP/1.1" 200 3570 "-" "Amazon CloudFront"
64.252.75.236 - - [28/Aug/2026:00:43:17 +0000] "GET /assets/css/main.css?fileloc=%2F%2Fproc%2F5403%2Fnet%2Ffib_triestat&path=%2F%2Fproc%2F5403%2Fnet HTTP/1.1" 200 2710 "-" "Amazon CloudFront"
64.252.74.195 - - [28/Aug/2026:00:43:17 +0000] "GET /assets/css/main.css?fileloc=%2F%2Fproc%2F16034%2Ftask%2F2740%2Fauxv&path=%2F%2Fproc%2F16034%2Ftask%2F2740 HTTP/1.1" 200 2570 "-" "Amazon CloudFront"
64.252.75.236 - - [28/Aug/2026:00:43:17 +0000] "GET /assets/vendor/glightbox/css/glightbox.min.css?fileloc=%2F%2Fproc%2Fthread-self%2Froot%2Ftmp%2Fsess_l19nrifqulvmlc6rn836edcl8r&path=%2F%2Fproc%2Fthread-self%2Froot%2Ftmp HTTP/1.1" 200 2590 "-" "Amazon CloudFront"
64.252.75.236 - - [28/Aug/2026:00:43:17 +0000] "GET /assets/css/modal.css?fileloc=%2F%2Flib64%2FlibXext.so.6.4.0&path=%2F%2Flib64 HTTP/1.1" 200 2548 "-" "Amazon CloudFront"
64.252.75.204 - - [28/Aug/2026:00:43:17 +0000] "GET /assets/vendor/glightbox/css/glightbox.min.css?fileloc=%2F%2Fsys%2Fdev%2Fchar%2F4%3A17%2Fpower%2Fautosuspend_delay_ms&path=%2F%2Fsys%2Fdev%2Fchar%2F4%3A17%2Fpower HTTP/1.1" 200 2588 "-" "Amazon CloudFront"
64.252.75.236 - - [28/Aug/2026:00:43:17 +0000] "GET /assets/css/modal.css?fileloc=%2F%2Fproc%2F17903%2Froot%2Fproc%2F1262%2Fnet%2Fmcfilter6&path=%2F%2Fproc%2F17903%2Froot%2Fproc%2F1262%2Fnet HTTP/1.1" 200 2588 "-" "Amazon CloudFront"
64.252.74.195 - - [28/Aug/2026:00:43:17 +0000] "GET /assets/vendor/glightbox/css/glightbox.min.css?fileloc=%2F%2Fsys%2Fdev%2Fchar%2F4%3A1%2Fsubsystem%2Ftty49%2Fsubsystem%2Ftty12%2Fpower%2Fautosuspend_delay_ms&path=%2F%2Fsys%2Fdev%2Fchar%2F4%3A1%2Fsubsystem%2Ftty49%2Fsubsystem%2Ftty12%2Fpower HTTP/1.1" 200 2622 "-" "Amazon CloudFront"
64.252.74.195 - - [28/Aug/2026:00:43:17 +0000] "GET /index.html?fileloc=%2F%2Fusr%2Flib64%2Fxtables%2Flibebt_802_3.so&path=%2F%2Fusr%2Flib64%2Fxtables HTTP/1.1" 200 2567 "-" "Amazon CloudFront"
64.252.75.204 - - [28/Aug/2026:00:43:18 +0000] "GET /assets/vendor/glightbox/css/glightbox.min.css?fileloc=%2F%2Fsys%2Fmodule%2Fwatchdog%2Fuevent&path=%2F%2Fsys%2Fmodule%2Fwatchdog HTTP/1.1" 200 2566 "-" "Amazon CloudFront"
